148.251.241.12 - - [30/Aug/2026:05:03:45 +0200] "GET /hr/o-nama HTTP/1.1" 200 11983 "-" "serpstatbot/2.1 (advanced backlink tracking bot; https://serpstatbot.com/; abuse@serpstatbot.com)"
148.251.241.12 - - [30/Aug/2026:05:03:58 +0200] "GET /hr/novosti/zasto-i-kada-se-odluciti-na-izbjeljivanje-zubi HTTP/1.1" 200 12029 "-" "serpstatbot/2.1 (advanced backlink tracking bot; https://serpstatbot.com/; abuse@serpstatbot.com)"
148.251.241.12 - - [30/Aug/2026:05:04:12 +0200] "GET /hr/novosti/sve-sto-trebate-znati-o-zubnim-krunicama-i-mostovima HTTP/1.1" 200 11985 "-" "serpstatbot/2.1 (advanced backlink tracking bot; https://serpstatbot.com/; abuse@serpstatbot.com)"
54.36.234.7 - - [30/Aug/2026:05:04:21 +0200] "HEAD / HTTP/1.1" 301 - "-" "Zabbix 6.0.46"
148.251.241.12 - - [30/Aug/2026:05:04:27 +0200] "GET /hr/novosti/sve-o-invisalign-zubnom-aparaticu HTTP/1.1" 200 11889 "-" "serpstatbot/2.1 (advanced backlink tracking bot; https://serpstatbot.com/; abuse@serpstatbot.com)"
148.251.241.12 - - [30/Aug/2026:05:04:41 +0200] "GET /hr/novosti HTTP/1.1" 200 11914 "-" "serpstatbot/2.1 (advanced backlink tracking bot; https://serpstatbot.com/; abuse@serpstatbot.com)"
148.251.241.12 - - [30/Aug/2026:05:04:56 +0200] "GET /hr/kontakt HTTP/1.1" 200 11898 "-" "serpstatbot/2.1 (advanced backlink tracking bot; https://serpstatbot.com/; abuse@serpstatbot.com)"
148.251.241.12 - - [30/Aug/2026:05:05:13 +0200] "GET /hr/galerija HTTP/1.1" 200 11965 "-" "serpstatbot/2.1 (advanced backlink tracking bot; https://serpstatbot.com/; abuse@serpstatbot.com)"
54.36.234.7 - - [30/Aug/2026:05:05:21 +0200] "HEAD / HTTP/1.1" 301 - "-" "Zabbix 6.0.46"
148.251.241.12 - - [30/Aug/2026:05:05:29 +0200] "GET /hr HTTP/1.1" 200 11924 "-" "serpstatbot/2.1 (advanced backlink tracking bot; https://serpstatbot.com/; abuse@serpstatbot.com)"
148.251.241.12 - - [30/Aug/2026:05:05:44 +0200] "GET /galerija HTTP/1.1" 200 11996 "-" "serpstatbot/2.1 (advanced backlink tracking bot; https://serpstatbot.com/; abuse@serpstatbot.com)"
148.251.241.12 - - [30/Aug/2026:05:05:59 +0200] "GET /en/services/teeth-whitening HTTP/1.1" 200 11899 "-" "serpstatbot/2.1 (advanced backlink tracking bot; https://serpstatbot.com/; abuse@serpstatbot.com)"
148.251.241.12 - - [30/Aug/2026:05:06:16 +0200] "GET /en/services/restorative-dentistry-and-endodontics HTTP/1.1" 200 11960 "-" "serpstatbot/2.1 (advanced backlink tracking bot; https://serpstatbot.com/; abuse@serpstatbot.com)"
54.36.234.7 - - [30/Aug/2026:05:06:21 +0200] "HEAD / HTTP/1.1" 301 - "-" "Zabbix 6.0.46"
148.251.241.12 - - [30/Aug/2026:05:06:31 +0200] "GET /en/services/prosthetics HTTP/1.1" 200 11995 "-" "serpstatbot/2.1 (advanced backlink tracking bot; https://serpstatbot.com/; abuse@serpstatbot.com)"
148.251.241.12 - - [30/Aug/2026:05:06:46 +0200] "GET /en/services/orthodontics HTTP/1.1" 200 11886 "-" "serpstatbot/2.1 (advanced backlink tracking bot; https://serpstatbot.com/; abuse@serpstatbot.com)"
148.251.241.12 - - [30/Aug/2026:05:07:02 +0200] "GET /en/services/oral-surgery HTTP/1.1" 200 11946 "-" "serpstatbot/2.1 (advanced backlink tracking bot; https://serpstatbot.com/; abuse@serpstatbot.com)"
148.251.241.12 - - [30/Aug/2026:05:07:17 +0200] "GET /en/services/non-prep-flakes HTTP/1.1" 200 11949 "-" "serpstatbot/2.1 (advanced backlink tracking bot; https://serpstatbot.com/; abuse@serpstatbot.com)"
54.36.234.7 - - [30/Aug/2026:05:07:21 +0200] "HEAD / HTTP/1.1" 301 - "-" "Zabbix 6.0.46"
148.251.241.12 - - [30/Aug/2026:05:07:31 +0200] "GET /en/services/implant HTTP/1.1" 200 11956 "-" "serpstatbot/2.1 (advanced backlink tracking bot; https://serpstatbot.com/; abuse@serpstatbot.com)"
148.251.241.12 - - [30/Aug/2026:05:07:47 +0200] "GET /en/services/flakes HTTP/1.1" 200 11884 "-" "serpstatbot/2.1 (advanced backlink tracking bot; https://serpstatbot.com/; abuse@serpstatbot.com)"
148.251.241.12 - - [30/Aug/2026:05:08:02 +0200] "GET /en/services/dental-hygiene-at-the-earliest-age HTTP/1.1" 200 11967 "-" "serpstatbot/2.1 (advanced backlink tracking bot; https://serpstatbot.com/; abuse@serpstatbot.com)"
148.251.241.12 - - [30/Aug/2026:05:08:18 +0200] "GET /en/services/all-on-4 HTTP/1.1" 200 11876 "-" "serpstatbot/2.1 (advanced backlink tracking bot; https://serpstatbot.com/; abuse@serpstatbot.com)"
54.36.234.7 - - [30/Aug/2026:05:08:21 +0200] "HEAD / HTTP/1.1" 301 - "-" "Zabbix 6.0.46"
148.251.241.12 - - [30/Aug/2026:05:08:32 +0200] "GET /en/privacy-policy HTTP/1.1" 200 12037 "-" "serpstatbot/2.1 (advanced backlink tracking bot; https://serpstatbot.com/; abuse@serpstatbot.com)"
148.251.241.12 - - [30/Aug/2026:05:08:38 +0200] "GET /en/news/all-about-invisalign-dental-braces HTTP/1.1" 200 12019 "-" "serpstatbot/2.1 (advanced backlink tracking bot; https://serpstatbot.com/; abuse@serpstatbot.com)"
148.251.241.12 - - [30/Aug/2026:05:08:59 +0200] "GET /en/news HTTP/1.1" 200 11931 "-" "serpstatbot/2.1 (advanced backlink tracking bot; https://serpstatbot.com/; abuse@serpstatbot.com)"
148.251.241.12 - - [30/Aug/2026:05:09:07 +0200] "GET /en/gallery HTTP/1.1" 200 11950 "-" "serpstatbot/2.1 (advanced backlink tracking bot; https://serpstatbot.com/; abuse@serpstatbot.com)"
148.251.241.12 - - [30/Aug/2026:05:09:16 +0200] "GET /en/contact HTTP/1.1" 200 11859 "-" "serpstatbot/2.1 (advanced backlink tracking bot; https://serpstatbot.com/; abuse@serpstatbot.com)"
54.36.234.7 - - [30/Aug/2026:05:09:21 +0200] "HEAD / HTTP/1.1" 301 - "-" "Zabbix 6.0.46"
148.251.241.12 - - [30/Aug/2026:05:09:23 +0200] "GET /en/about-us HTTP/1.1" 200 11941 "-" "serpstatbot/2.1 (advanced backlink tracking bot; https://serpstatbot.com/; abuse@serpstatbot.com)"
148.251.241.12 - - [30/Aug/2026:05:09:45 +0200] "GET /en HTTP/1.1" 200 11930 "-" "serpstatbot/2.1 (advanced backlink tracking bot; https://serpstatbot.com/; abuse@serpstatbot.com)"
148.251.241.12 - - [30/Aug/2026:05:10:05 +0200] "GET /de/uber-uns HTTP/1.1" 200 11905 "-" "serpstatbot/2.1 (advanced backlink tracking bot; https://serpstatbot.com/; abuse@serpstatbot.com)"
54.36.234.7 - - [30/Aug/2026:05:10:21 +0200] "HEAD / HTTP/1.1" 301 - "-" "Zabbix 6.0.46"
148.251.241.12 - - [30/Aug/2026:05:10:24 +0200] "GET /de/neuigkeiten/alles-ueber-die-invisaling-zahnspange HTTP/1.1" 200 11913 "-" "serpstatbot/2.1 (advanced backlink tracking bot; https://serpstatbot.com/; abuse@serpstatbot.com)"
148.251.241.12 - - [30/Aug/2026:05:10:42 +0200] "GET /de/neuigkeiten HTTP/1.1" 200 11964 "-" "serpstatbot/2.1 (advanced backlink tracking bot; https://serpstatbot.com/; abuse@serpstatbot.com)"
148.251.241.12 - - [30/Aug/2026:05:11:00 +0200] "GET /de/leistungen/zahnimplantate HTTP/1.1" 200 11846 "-" "serpstatbot/2.1 (advanced backlink tracking bot; https://serpstatbot.com/; abuse@serpstatbot.com)"
148.251.241.12 - - [30/Aug/2026:05:11:18 +0200] "GET /de/leistungen/zahnbleaching HTTP/1.1" 200 12003 "-" "serpstatbot/2.1 (advanced backlink tracking bot; https://serpstatbot.com/; abuse@serpstatbot.com)"
54.36.234.7 - - [30/Aug/2026:05:11:21 +0200] "HEAD / HTTP/1.1" 301 - "-" "Zabbix 6.0.46"
148.251.241.12 - - [30/Aug/2026:05:11:35 +0200] "GET /de/leistungen/prothetik HTTP/1.1" 200 11994 "-" "serpstatbot/2.1 (advanced backlink tracking bot; https://serpstatbot.com/; abuse@serpstatbot.com)"
148.251.241.12 - - [30/Aug/2026:05:11:53 +0200] "GET /de/leistungen/oralchirurgie HTTP/1.1" 200 12007 "-" "serpstatbot/2.1 (advanced backlink tracking bot; https://serpstatbot.com/; abuse@serpstatbot.com)"
148.251.241.12 - - [30/Aug/2026:05:12:09 +0200] "GET /de/leistungen/non-prep-veneers HTTP/1.1" 200 12057 "-" "serpstatbot/2.1 (advanced backlink tracking bot; https://serpstatbot.com/; abuse@serpstatbot.com)"
54.36.234.7 - - [30/Aug/2026:05:12:21 +0200] "HEAD / HTTP/1.1" 301 - "-" "Zabbix 6.0.46"
148.251.241.12 - - [30/Aug/2026:05:12:25 +0200] "GET /de/leistungen/konservative-zahnbehandlung-und-endodontie HTTP/1.1" 200 12008 "-" "serpstatbot/2.1 (advanced backlink tracking bot; https://serpstatbot.com/; abuse@serpstatbot.com)"
148.251.241.12 - - [30/Aug/2026:05:12:39 +0200] "GET /de/leistungen/kieferorthopadie HTTP/1.1" 200 11861 "-" "serpstatbot/2.1 (advanced backlink tracking bot; https://serpstatbot.com/; abuse@serpstatbot.com)"
148.251.241.12 - - [30/Aug/2026:05:12:55 +0200] "GET /de/leistungen/keramikschalen-veneers HTTP/1.1" 200 12012 "-" "serpstatbot/2.1 (advanced backlink tracking bot; https://serpstatbot.com/; abuse@serpstatbot.com)"
146.190.158.49 - - [30/Aug/2026:05:13:10 +0200] "GET / HTTP/1.1" 301 288 "-" "Mozilla/5.0 (X11; Linux x86_64) AppleWebKit/537.36 (KHTML, like Gecko) Chrome/142.0.0.0 Safari/537.36"
148.251.241.12 - - [30/Aug/2026:05:13:11 +0200] "GET /de/leistungen/die-zahnpflege-im-fruhesten-alter HTTP/1.1" 200 11962 "-" "serpstatbot/2.1 (advanced backlink tracking bot; https://serpstatbot.com/; abuse@serpstatbot.com)"
146.190.158.49 - - [30/Aug/2026:05:13:14 +0200] "GET /favicon.ico HTTP/1.1" 301 299 "https://ftp.villa-astra-croatia.com/" "Mozilla/5.0 (X11; Linux x86_64) AppleWebKit/537.36 (KHTML, like Gecko) Chrome/142.0.0.0 Safari/537.36"
54.36.234.7 - - [30/Aug/2026:05:13:21 +0200] "HEAD / HTTP/1.1" 301 - "-" "Zabbix 6.0.46"
148.251.241.12 - - [30/Aug/2026:05:13:25 +0200] "GET /de/leistungen/all-on-4 HTTP/1.1" 200 11853 "-" "serpstatbot/2.1 (advanced backlink tracking bot; https://serpstatbot.com/; abuse@serpstatbot.com)"
148.251.241.12 - - [30/Aug/2026:05:13:42 +0200] "GET /de/kontakt HTTP/1.1" 200 11889 "-" "serpstatbot/2.1 (advanced backlink tracking bot; https://serpstatbot.com/; abuse@serpstatbot.com)"
148.251.241.12 - - [30/Aug/2026:05:13:52 +0200] "GET /de/galerie HTTP/1.1" 200 12000 "-" "serpstatbot/2.1 (advanced backlink tracking bot; https://serpstatbot.com/; abuse@serpstatbot.com)"
148.251.241.12 - - [30/Aug/2026:05:14:01 +0200] "GET /de/datenschutz HTTP/1.1" 200 11826 "-" "serpstatbot/2.1 (advanced backlink tracking bot; https://serpstatbot.com/; abuse@serpstatbot.com)"
148.251.241.12 - - [30/Aug/2026:05:14:10 +0200] "GET /de HTTP/1.1" 200 11964 "-" "serpstatbot/2.1 (advanced backlink tracking bot; https://serpstatbot.com/; abuse@serpstatbot.com)"
148.251.241.12 - - [30/Aug/2026:05:14:18 +0200] "GET / HTTP/1.1" 200 11892 "-" "serpstatbot/2.1 (advanced backlink tracking bot; https://serpstatbot.com/; abuse@serpstatbot.com)"
54.36.234.7 - - [30/Aug/2026:05:14:21 +0200] "HEAD / HTTP/1.1" 301 - "-" "Zabbix 6.0.46"
148.251.241.12 - - [30/Aug/2026:05:14:33 +0200] "GET / HTTP/1.1" 200 11934 "-" "serpstatbot/2.1 (advanced backlink tracking bot; https://serpstatbot.com/; abuse@serpstatbot.com)"
54.36.234.7 - - [30/Aug/2026:05:15:21 +0200] "HEAD / HTTP/1.1" 301 - "-" "Zabbix 6.0.46"
54.36.234.7 - - [30/Aug/2026:05:16:21 +0200] "HEAD / HTTP/1.1" 301 - "-" "Zabbix 6.0.46"
54.36.234.7 - - [30/Aug/2026:05:17:21 +0200] "HEAD / HTTP/1.1" 301 - "-" "Zabbix 6.0.46"
172.236.228.115 - - [30/Aug/2026:05:17:28 +0200] "GET / HTTP/1.0" 301 270 "-" "-"
172.236.228.115 - - [30/Aug/2026:05:17:28 +0200] "GET / HTTP/1.1" 200 11907 "-" "Mozilla/5.0 (Macintosh; Intel Mac OS X 13_1) AppleWebKit/537.36 (KHTML, like Gecko) Chrome/108.0.0.0 Safari/537.36"
34.17.59.8 - - [30/Aug/2026:05:18:08 +0200] "-" 408 - "-" "-"
54.36.234.7 - - [30/Aug/2026:05:18:21 +0200] "HEAD / HTTP/1.1" 301 - "-" "Zabbix 6.0.46"
54.36.234.7 - - [30/Aug/2026:05:19:21 +0200] "HEAD / HTTP/1.1" 301 - "-" "Zabbix 6.0.46"
54.36.234.7 - - [30/Aug/2026:05:20:21 +0200] "HEAD / HTTP/1.1" 301 - "-" "Zabbix 6.0.46"
54.36.234.7 - - [30/Aug/2026:05:21:21 +0200] "HEAD / HTTP/1.1" 301 - "-" "Zabbix 6.0.46"
103.168.66.101 - - [30/Aug/2026:05:22:08 +0200] "POST /?rest_route=/batch/v1 HTTP/1.1" 200 11893 "-" "Mozilla/5.0 (Windows NT 10.0; Win64; x64) AppleWebKit/537.36 (KHTML, like Gecko) Chrome/120.0.0.0 Safari/537.36"
103.168.66.101 - - [30/Aug/2026:05:22:09 +0200] "POST /index.php?rest_route=/batch/v1 HTTP/1.1" 200 11928 "-" "Mozilla/5.0 (Windows NT 10.0; Win64; x64) AppleWebKit/537.36 (KHTML, like Gecko) Chrome/120.0.0.0 Safari/537.36"
103.168.66.101 - - [30/Aug/2026:05:22:10 +0200] "POST /index.php?rest_route=%2Fbatch%2Fv1 HTTP/1.1" 200 11992 "-" "Mozilla/5.0 (Windows NT 10.0; Win64; x64) AppleWebKit/537.36 (KHTML, like Gecko) Chrome/120.0.0.0 Safari/537.36"
103.168.66.101 - - [30/Aug/2026:05:22:10 +0200] "POST /?rest_route=%2Fbatch%2Fv1 HTTP/1.1" 200 11983 "-" "Mozilla/5.0 (Windows NT 10.0; Win64; x64) AppleWebKit/537.36 (KHTML, like Gecko) Chrome/120.0.0.0 Safari/537.36"
103.168.66.101 - - [30/Aug/2026:05:22:11 +0200] "POST /?rest_route=/batch%2Fv1 HTTP/1.1" 200 11835 "-" "Mozilla/5.0 (Windows NT 10.0; Win64; x64) AppleWebKit/537.36 (KHTML, like Gecko) Chrome/120.0.0.0 Safari/537.36"
103.168.66.101 - - [30/Aug/2026:05:22:11 +0200] "POST /?rest_route=/batch/v1 HTTP/1.1" 200 11833 "-" "Mozilla/5.0 (Windows NT 10.0; Win64; x64) AppleWebKit/537.36 (KHTML, like Gecko) Chrome/120.0.0.0 Safari/537.36"
103.168.66.101 - - [30/Aug/2026:05:22:12 +0200] "POST /wp-json/batch/v1 HTTP/1.1" 200 11925 "-" "Mozilla/5.0 (Windows NT 10.0; Win64; x64) AppleWebKit/537.36 (KHTML, like Gecko) Chrome/120.0.0.0 Safari/537.36"
103.168.66.101 - - [30/Aug/2026:05:22:13 +0200] "POST /wp-json/Batch/v1 HTTP/1.1" 200 11910 "-" "Mozilla/5.0 (Windows NT 10.0; Win64; x64) AppleWebKit/537.36 (KHTML, like Gecko) Chrome/120.0.0.0 Safari/537.36"
103.168.66.101 - - [30/Aug/2026:05:22:19 +0200] "POST //wp-json/batch/v1 HTTP/1.1" 200 11962 "-" "Mozilla/5.0 (Windows NT 10.0; Win64; x64) AppleWebKit/537.36 (KHTML, like Gecko) Chrome/120.0.0.0 Safari/537.36"
54.36.234.7 - - [30/Aug/2026:05:22:21 +0200] "HEAD / HTTP/1.1" 301 - "-" "Zabbix 6.0.46"
103.168.66.101 - - [30/Aug/2026:05:22:25 +0200] "POST /wp-json/batch/v1/ HTTP/1.1" 200 12063 "-" "Mozilla/5.0 (Windows NT 10.0; Win64; x64) AppleWebKit/537.36 (KHTML, like Gecko) Chrome/120.0.0.0 Safari/537.36"
103.168.66.101 - - [30/Aug/2026:05:22:25 +0200] "POST /blog/wp-json/batch/v1 HTTP/1.1" 200 12067 "-" "Mozilla/5.0 (Windows NT 10.0; Win64; x64) AppleWebKit/537.36 (KHTML, like Gecko) Chrome/120.0.0.0 Safari/537.36"
103.168.66.101 - - [30/Aug/2026:05:22:26 +0200] "POST /wordpress/wp-json/batch/v1 HTTP/1.1" 200 12042 "-" "Mozilla/5.0 (Windows NT 10.0; Win64; x64) AppleWebKit/537.36 (KHTML, like Gecko) Chrome/120.0.0.0 Safari/537.36"
103.168.66.101 - - [30/Aug/2026:05:22:27 +0200] "POST /index.php?rest_route=/batch/v1 HTTP/1.1" 200 11886 "https://185.58.73.83/wp-admin/" "Mozilla/5.0 (Windows NT 10.0; Win64; x64) AppleWebKit/537.36 (KHTML, like Gecko) Chrome/120.0.0.0 Safari/537.36"
103.168.66.101 - - [30/Aug/2026:05:22:28 +0200] "POST /index.php?rest_route=%2Fbatch%2Fv1 HTTP/1.1" 200 11850 "https://185.58.73.83/wp-admin/" "Mozilla/5.0 (Windows NT 10.0; Win64; x64) AppleWebKit/537.36 (KHTML, like Gecko) Chrome/120.0.0.0 Safari/537.36"
103.168.66.101 - - [30/Aug/2026:05:22:29 +0200] "POST /?rest_route=%2Fbatch%2Fv1 HTTP/1.1" 200 12063 "https://185.58.73.83/wp-admin/" "Mozilla/5.0 (Windows NT 10.0; Win64; x64) AppleWebKit/537.36 (KHTML, like Gecko) Chrome/120.0.0.0 Safari/537.36"
103.168.66.101 - - [30/Aug/2026:05:22:29 +0200] "POST /?rest_route=/batch%2Fv1 HTTP/1.1" 200 12061 "https://185.58.73.83/wp-admin/" "Mozilla/5.0 (Windows NT 10.0; Win64; x64) AppleWebKit/537.36 (KHTML, like Gecko) Chrome/120.0.0.0 Safari/537.36"
103.168.66.101 - - [30/Aug/2026:05:22:32 +0200] "POST /?rest_route=/batch/v1 HTTP/1.1" 200 11860 "https://185.58.73.83/wp-admin/" "Mozilla/5.0 (Windows NT 10.0; Win64; x64) AppleWebKit/537.36 (KHTML, like Gecko) Chrome/120.0.0.0 Safari/537.36"
103.168.66.101 - - [30/Aug/2026:05:22:34 +0200] "POST /wp-json/batch/v1 HTTP/1.1" 200 11984 "https://185.58.73.83/wp-admin/" "Mozilla/5.0 (Windows NT 10.0; Win64; x64) AppleWebKit/537.36 (KHTML, like Gecko) Chrome/120.0.0.0 Safari/537.36"
103.168.66.101 - - [30/Aug/2026:05:22:34 +0200] "POST /wp-json/Batch/v1 HTTP/1.1" 200 11984 "https://185.58.73.83/wp-admin/" "Mozilla/5.0 (Windows NT 10.0; Win64; x64) AppleWebKit/537.36 (KHTML, like Gecko) Chrome/120.0.0.0 Safari/537.36"
103.168.66.101 - - [30/Aug/2026:05:22:43 +0200] "POST /wp-json/batch/v1/ HTTP/1.1" 200 11938 "https://185.58.73.83/wp-admin/" "Mozilla/5.0 (Windows NT 10.0; Win64; x64) AppleWebKit/537.36 (KHTML, like Gecko) Chrome/120.0.0.0 Safari/537.36"
103.168.66.101 - - [30/Aug/2026:05:22:44 +0200] "POST /blog/wp-json/batch/v1 HTTP/1.1" 200 11921 "https://185.58.73.83/wp-admin/" "Mozilla/5.0 (Windows NT 10.0; Win64; x64) AppleWebKit/537.36 (KHTML, like Gecko) Chrome/120.0.0.0 Safari/537.36"
103.168.66.101 - - [30/Aug/2026:05:22:45 +0200] "POST /wordpress/wp-json/batch/v1 HTTP/1.1" 200 11976 "https://185.58.73.83/wp-admin/" "Mozilla/5.0 (Windows NT 10.0; Win64; x64) AppleWebKit/537.36 (KHTML, like Gecko) Chrome/120.0.0.0 Safari/537.36"
103.168.66.101 - - [30/Aug/2026:05:22:46 +0200] "POST /index.php?rest_route=/batch/v1 HTTP/1.1" 200 11943 "https://185.58.73.83/wp-admin/" "Mozilla/5.0 (Windows NT 10.0; Win64; x64) AppleWebKit/537.36 (KHTML, like Gecko) Chrome/120.0.0.0 Safari/537.36"
103.168.66.101 - - [30/Aug/2026:05:22:46 +0200] "POST /index.php?rest_route=%2Fbatch%2Fv1 HTTP/1.1" 200 11947 "https://185.58.73.83/wp-admin/" "Mozilla/5.0 (Windows NT 10.0; Win64; x64) AppleWebKit/537.36 (KHTML, like Gecko) Chrome/120.0.0.0 Safari/537.36"
103.168.66.101 - - [30/Aug/2026:05:22:47 +0200] "POST /?rest_route=%2Fbatch%2Fv1 HTTP/1.1" 200 11972 "https://185.58.73.83/wp-admin/" "Mozilla/5.0 (Windows NT 10.0; Win64; x64) AppleWebKit/537.36 (KHTML, like Gecko) Chrome/120.0.0.0 Safari/537.36"
103.168.66.101 - - [30/Aug/2026:05:22:47 +0200] "POST /?rest_route=/batch%2Fv1 HTTP/1.1" 200 11970 "https://185.58.73.83/wp-admin/" "Mozilla/5.0 (Windows NT 10.0; Win64; x64) AppleWebKit/537.36 (KHTML, like Gecko) Chrome/120.0.0.0 Safari/537.36"
103.168.66.101 - - [30/Aug/2026:05:22:48 +0200] "POST /?rest_route=/batch/v1 HTTP/1.1" 200 11968 "https://185.58.73.83/wp-admin/" "Mozilla/5.0 (Windows NT 10.0; Win64; x64) AppleWebKit/537.36 (KHTML, like Gecko) Chrome/120.0.0.0 Safari/537.36"
103.168.66.101 - - [30/Aug/2026:05:22:49 +0200] "POST /wp-json/batch/v1 HTTP/1.1" 200 11885 "https://185.58.73.83/wp-admin/" "Mozilla/5.0 (Windows NT 10.0; Win64; x64) AppleWebKit/537.36 (KHTML, like Gecko) Chrome/120.0.0.0 Safari/537.36"
103.168.66.101 - - [30/Aug/2026:05:22:49 +0200] "POST /wp-json/Batch/v1 HTTP/1.1" 200 11885 "https://185.58.73.83/wp-admin/" "Mozilla/5.0 (Windows NT 10.0; Win64; x64) AppleWebKit/537.36 (KHTML, like Gecko) Chrome/120.0.0.0 Safari/537.36"
103.168.66.101 - - [30/Aug/2026:05:22:49 +0200] "POST //wp-json/batch/v1 HTTP/1.1" 200 11888 "https://185.58.73.83/wp-admin/" "Mozilla/5.0 (Windows NT 10.0; Win64; x64) AppleWebKit/537.36 (KHTML, like Gecko) Chrome/120.0.0.0 Safari/537.36"
103.168.66.101 - - [30/Aug/2026:05:22:50 +0200] "POST /wp-json/batch/v1/ HTTP/1.1" 200 11887 "https://185.58.73.83/wp-admin/" "Mozilla/5.0 (Windows NT 10.0; Win64; x64) AppleWebKit/537.36 (KHTML, like Gecko) Chrome/120.0.0.0 Safari/537.36"
103.168.66.101 - - [30/Aug/2026:05:22:51 +0200] "POST /blog/wp-json/batch/v1 HTTP/1.1" 200 11900 "https://185.58.73.83/wp-admin/" "Mozilla/5.0 (Windows NT 10.0; Win64; x64) AppleWebKit/537.36 (KHTML, like Gecko) Chrome/120.0.0.0 Safari/537.36"
103.168.66.101 - - [30/Aug/2026:05:22:52 +0200] "POST /wordpress/wp-json/batch/v1 HTTP/1.1" 200 11907 "https://185.58.73.83/wp-admin/" "Mozilla/5.0 (Windows NT 10.0; Win64; x64) AppleWebKit/537.36 (KHTML, like Gecko) Chrome/120.0.0.0 Safari/537.36"
103.168.66.101 - - [30/Aug/2026:05:22:53 +0200] "POST /index.php?rest_route=/batch/v1 HTTP/1.1" 200 11922 "https://185.58.73.83/wp-admin/" "Mozilla/5.0 (Windows NT 10.0; Win64; x64) AppleWebKit/537.36 (KHTML, like Gecko) Chrome/120.0.0.0 Safari/537.36"
103.168.66.101 - - [30/Aug/2026:05:22:53 +0200] "GET /wp-json/gravitysmtp/v1/tests/mock-data?page=gravitysmtp-settings HTTP/1.1" 403 107 "-" "Mozilla/5.0 (Windows NT 10.0; Win64; x64) AppleWebKit/537.36 (KHTML, like Gecko) Chrome/120.0.0.0 Safari/537.36"
103.168.66.101 - - [30/Aug/2026:05:22:53 +0200] "GET / HTTP/1.1" 200 11957 "-" "Mozilla/5.0 (Windows NT 10.0; Win64; x64) AppleWebKit/537.36 (KHTML, like Gecko) Chrome/131.0.0.0 Safari/537.36"
103.168.66.101 - - [30/Aug/2026:05:22:54 +0200] "GET /?rest_route=/gravitysmtp/v1/tests/mock-data&page=gravitysmtp-settings HTTP/1.1" 403 107 "-" "Mozilla/5.0 (Macintosh; Intel Mac OS X 10_15_7) AppleWebKit/605.1.15 (KHTML, like Gecko) Version/17.0 Safari/605.1.15"
103.168.66.101 - - [30/Aug/2026:05:22:54 +0200] "GET /livewire/update HTTP/1.1" 200 11971 "-" "Mozilla/5.0"
103.168.66.101 - - [30/Aug/2026:05:22:54 +0200] "GET /wp-json/gravitysmtp/v1/tests/mock-data?page=gravitysmtp-connections HTTP/1.1" 403 107 "-" "Mozilla/5.0 (X11; Linux x86_64; rv:121.0) Gecko/20100101 Firefox/121.0"
103.168.66.101 - - [30/Aug/2026:05:22:55 +0200] "POST / HTTP/1.1" 200 11946 "-" "Mozilla/5.0 (Windows NT 10.0; Win64; x64) Chrome/120.0.0.0"
103.168.66.101 - - [30/Aug/2026:05:22:57 +0200] "GET /?rest_route=/gravitysmtp/v1/tests/mock-data&page=gravitysmtp-connections HTTP/1.1" 403 107 "-" "Mozilla/5.0 (Windows NT 10.0; Win64; x64; rv:121.0) Gecko/20100101 Firefox/121.0"
103.168.66.101 - - [30/Aug/2026:05:23:00 +0200] "GET /index.php?rest_route=/gravitysmtp/v1/tests/mock-data&page=gravitysmtp-settings HTTP/1.1" 403 107 "-" "Mozilla/5.0 (iPhone; CPU iPhone OS 17_0 like Mac OS X) AppleWebKit/605.1.15 (KHTML, like Gecko) Version/17.0 Mobile/15E148 Safari/604.1"
103.168.66.101 - - [30/Aug/2026:05:23:00 +0200] "GET /wp-json/gravitysmtp/v1/tests/mock-data HTTP/1.1" 403 107 "-" "Mozilla/5.0 (Linux; Android 13; SM-S918B) AppleWebKit/537.36 (KHTML, like Gecko) Chrome/120.0.0.0 Mobile Safari/537.36"
103.168.66.101 - - [30/Aug/2026:05:23:01 +0200] "POST / HTTP/1.1" 200 11870 "-" "Mozilla/5.0 (Windows NT 10.0; Win64; x64) Chrome/120.0.0.0"
103.168.66.101 - - [30/Aug/2026:05:23:05 +0200] "POST / HTTP/1.1" 200 11902 "-" "Mozilla/5.0 (Windows NT 10.0; Win64; x64) Chrome/120.0.0.0"
103.168.66.101 - - [30/Aug/2026:05:23:07 +0200] "POST / HTTP/1.1" 200 11916 "-" "Mozilla/5.0 (Windows NT 10.0; Win64; x64) Chrome/120.0.0.0"
103.168.66.101 - - [30/Aug/2026:05:23:08 +0200] "POST / HTTP/1.1" 200 11982 "-" "Mozilla/5.0 (Windows NT 10.0; Win64; x64) Chrome/120.0.0.0"
103.168.66.101 - - [30/Aug/2026:05:23:11 +0200] "POST / HTTP/1.1" 200 11854 "-" "Mozilla/5.0 (Windows NT 10.0; Win64; x64) Chrome/120.0.0.0"
103.168.66.101 - - [30/Aug/2026:05:23:13 +0200] "POST / HTTP/1.1" 200 11905 "-" "Mozilla/5.0 (Windows NT 10.0; Win64; x64) Chrome/120.0.0.0"
103.168.66.101 - - [30/Aug/2026:05:23:15 +0200] "POST / HTTP/1.1" 200 11841 "-" "Mozilla/5.0 (Windows NT 10.0; Win64; x64) Chrome/120.0.0.0"
103.168.66.101 - - [30/Aug/2026:05:23:16 +0200] "POST / HTTP/1.1" 200 11912 "-" "Mozilla/5.0 (Windows NT 10.0; Win64; x64) Chrome/120.0.0.0"
54.36.234.7 - - [30/Aug/2026:05:23:21 +0200] "HEAD / HTTP/1.1" 301 - "-" "Zabbix 6.0.46"
103.168.66.101 - - [30/Aug/2026:05:23:28 +0200] "POST /login HTTP/1.1" 200 11964 "-" "Mozilla/5.0 (Windows NT 10.0; Win64; x64) Chrome/120.0.0.0"
103.168.66.101 - - [30/Aug/2026:05:23:31 +0200] "POST /login HTTP/1.1" 200 11858 "-" "Mozilla/5.0 (Windows NT 10.0; Win64; x64) Chrome/120.0.0.0"
103.168.66.101 - - [30/Aug/2026:05:23:38 +0200] "POST /signin HTTP/1.1" 200 11871 "-" "Mozilla/5.0 (Windows NT 10.0; Win64; x64) Chrome/120.0.0.0"
103.168.66.101 - - [30/Aug/2026:05:23:49 +0200] "POST /signup HTTP/1.1" 200 11909 "-" "Mozilla/5.0 (Windows NT 10.0; Win64; x64) Chrome/120.0.0.0"
65.49.1.192 - - [30/Aug/2026:05:24:08 +0200] "GET / HTTP/1.1" 200 11852 "-" "Mozilla/5.0 (Macintosh; Intel Mac OS X 10_15_7) AppleWebKit/605.1.15 (KHTML, like Gecko) Version/15.4 Safari/605.1.15"
103.168.66.101 - - [30/Aug/2026:05:24:09 +0200] "POST /api/auth/signin HTTP/1.1" 200 11924 "-" "Mozilla/5.0 (Windows NT 10.0; Win64; x64) Chrome/120.0.0.0"
103.168.66.101 - - [30/Aug/2026:05:24:12 +0200] "POST /api/auth/signin HTTP/1.1" 200 11868 "-" "Mozilla/5.0 (Windows NT 10.0; Win64; x64) Chrome/120.0.0.0"
103.168.66.101 - - [30/Aug/2026:05:24:19 +0200] "POST /dashboard HTTP/1.1" 200 11964 "-" "Mozilla/5.0 (Windows NT 10.0; Win64; x64) Chrome/120.0.0.0"
54.36.234.7 - - [30/Aug/2026:05:24:21 +0200] "HEAD / HTTP/1.1" 301 - "-" "Zabbix 6.0.46"
103.168.66.101 - - [30/Aug/2026:05:24:22 +0200] "POST /dashboard HTTP/1.1" 200 11944 "-" "Mozilla/5.0 (Windows NT 10.0; Win64; x64) Chrome/120.0.0.0"
103.168.66.101 - - [30/Aug/2026:05:24:23 +0200] "POST /dashboard HTTP/1.1" 200 11887 "-" "Mozilla/5.0 (Windows NT 10.0; Win64; x64) Chrome/120.0.0.0"
94.154.43.74 - - [30/Aug/2026:05:24:29 +0200] "GET /.env HTTP/1.1" 403 239 "-" "Mozilla/5.0 (Windows NT 10.0; Win64; x64) AppleWebKit/537.36 (KHTML, like Gecko) Chrome/147.0.0.0 Safari/537.36"
103.168.66.101 - - [30/Aug/2026:05:24:40 +0200] "POST /account HTTP/1.1" 200 11977 "-" "Mozilla/5.0 (Windows NT 10.0; Win64; x64) Chrome/120.0.0.0"
103.168.66.101 - - [30/Aug/2026:05:25:07 +0200] "GET / HTTP/1.1" 200 11957 "-" "Mozilla/5.0 (Windows NT 10.0; Win64; x64) AppleWebKit/537.36 (KHTML, like Gecko) Chrome/120.0.0.0 Safari/537.36"
54.36.234.7 - - [30/Aug/2026:05:25:21 +0200] "HEAD / HTTP/1.1" 301 - "-" "Zabbix 6.0.46"
54.36.234.7 - - [30/Aug/2026:05:26:21 +0200] "HEAD / HTTP/1.1" 301 - "-" "Zabbix 6.0.46"
45.148.10.120 - - [30/Aug/2026:05:27:10 +0200] "GET /.git/config HTTP/1.1" 403 239 "-" "Mozilla/5.0 (Kubuntu; Linux x86_64) AppleWebKit/537.36 (KHTML, like Gecko) Chrome/128.0.0.0 Safari/537.36"
54.36.234.7 - - [30/Aug/2026:05:27:21 +0200] "HEAD / HTTP/1.1" 301 - "-" "Zabbix 6.0.46"
54.36.234.7 - - [30/Aug/2026:05:28:21 +0200] "HEAD / HTTP/1.1" 301 - "-" "Zabbix 6.0.46"
54.36.234.7 - - [30/Aug/2026:05:29:21 +0200] "HEAD / HTTP/1.1" 301 - "-" "Zabbix 6.0.46"
54.36.234.7 - - [30/Aug/2026:05:30:21 +0200] "HEAD / HTTP/1.1" 301 - "-" "Zabbix 6.0.46"
65.49.1.196 - - [30/Aug/2026:05:30:45 +0200] "HEAD /owa/ HTTP/1.1" 200 - "-" "Mozilla/5.0 (Windows NT 10.0; Win64; x64) AppleWebKit/537.36 (KHTML, like Gecko) Chrome/108.0.0.0 Safari/537.36 OPR/94.0.0.0 (Edition Yx GX)"
65.49.1.195 - - [30/Aug/2026:05:31:18 +0200] "GET /owa/ HTTP/1.1" 200 11901 "-" "Mozilla/5.0 (Windows NT 10.0; Win64; x64; rv:143.0) Gecko/20100101 Firefox/143.0"
54.36.234.7 - - [30/Aug/2026:05:31:21 +0200] "HEAD / HTTP/1.1" 301 - "-" "Zabbix 6.0.46"
54.36.234.7 - - [30/Aug/2026:05:32:22 +0200] "HEAD / HTTP/1.1" 301 - "-" "Zabbix 6.0.46"
54.36.234.7 - - [30/Aug/2026:05:33:20 +0200] "HEAD / HTTP/1.1" 301 - "-" "Zabbix 6.0.46"
54.36.234.7 - - [30/Aug/2026:05:34:20 +0200] "HEAD / HTTP/1.1" 301 - "-" "Zabbix 6.0.46"
54.36.234.7 - - [30/Aug/2026:05:35:20 +0200] "HEAD / HTTP/1.1" 301 - "-" "Zabbix 6.0.46"
54.36.234.7 - - [30/Aug/2026:05:36:20 +0200] "HEAD / HTTP/1.1" 301 - "-" "Zabbix 6.0.46"
54.36.234.7 - - [30/Aug/2026:05:37:21 +0200] "HEAD / HTTP/1.1" 301 - "-" "Zabbix 6.0.46"
65.49.1.201 - - [30/Aug/2026:05:37:32 +0200] "GET /owa/auth/x.js HTTP/1.1" 200 11959 "-" "Mozilla/5.0 (Windows NT 10.0; Win64; x64) AppleWebKit/537.36 (KHTML, like Gecko) Chrome/122.0.0.0 Safari/537.36"
35.252.3.223 - - [30/Aug/2026:05:37:34 +0200] "-" 408 - "-" "-"
54.36.234.7 - - [30/Aug/2026:05:38:21 +0200] "HEAD / HTTP/1.1" 301 - "-" "Zabbix 6.0.46"
185.191.171.9 - - [30/Aug/2026:05:38:43 +0200] "GET /robots.txt HTTP/1.1" 403 239 "-" "Mozilla/5.0 (compatible; SemrushBot/7~bl; +http://www.semrush.com/bot.html)"
85.208.96.199 - - [30/Aug/2026:05:38:43 +0200] "GET /usluge/dentalni-implantati HTTP/1.1" 403 239 "-" "Mozilla/5.0 (compatible; SemrushBot/7~bl; +http://www.semrush.com/bot.html)"
54.36.234.7 - - [30/Aug/2026:05:39:20 +0200] "HEAD / HTTP/1.1" 301 - "-" "Zabbix 6.0.46"
54.36.234.7 - - [30/Aug/2026:05:40:21 +0200] "HEAD / HTTP/1.1" 301 - "-" "Zabbix 6.0.46"
65.49.1.194 - - [30/Aug/2026:05:41:01 +0200] "GET /favicon.ico HTTP/1.1" 200 11824 "-" "Mozilla/5.0 (X11; Linux x86_64) AppleWebKit/537.36 (KHTML, like Gecko) Chrome/126.0.0.0 Safari/537.36"
54.36.234.7 - - [30/Aug/2026:05:41:20 +0200] "HEAD / HTTP/1.1" 301 - "-" "Zabbix 6.0.46"
43.157.172.39 - - [30/Aug/2026:05:41:24 +0200] "GET / HTTP/1.0" 301 270 "-" "-"
54.36.234.7 - - [30/Aug/2026:05:42:21 +0200] "HEAD / HTTP/1.1" 301 - "-" "Zabbix 6.0.46"
34.78.163.84 - - [30/Aug/2026:05:42:46 +0200] "-" 408 - "-" "-"
54.36.234.7 - - [30/Aug/2026:05:43:20 +0200] "HEAD / HTTP/1.1" 301 - "-" "Zabbix 6.0.46"
54.36.234.7 - - [30/Aug/2026:05:44:20 +0200] "HEAD / HTTP/1.1" 301 - "-" "Zabbix 6.0.46"
54.36.234.7 - - [30/Aug/2026:05:45:21 +0200] "HEAD / HTTP/1.1" 301 - "-" "Zabbix 6.0.46"
54.36.234.7 - - [30/Aug/2026:05:46:21 +0200] "HEAD / HTTP/1.1" 301 - "-" "Zabbix 6.0.46"
54.36.234.7 - - [30/Aug/2026:05:47:21 +0200] "HEAD / HTTP/1.1" 301 - "-" "Zabbix 6.0.46"
54.36.234.7 - - [30/Aug/2026:05:48:21 +0200] "HEAD / HTTP/1.1" 301 - "-" "Zabbix 6.0.46"
204.76.203.43 - - [30/Aug/2026:05:48:50 +0200] "GET / HTTP/1.1" 200 11796 "-" "python-requests/2.31.0"
54.36.234.7 - - [30/Aug/2026:05:49:21 +0200] "HEAD / HTTP/1.1" 301 - "-" "Zabbix 6.0.46"
54.36.234.7 - - [30/Aug/2026:05:50:21 +0200] "HEAD / HTTP/1.1" 301 - "-" "Zabbix 6.0.46"
216.73.216.219 - - [30/Aug/2026:05:50:53 +0200] "GET /robots.txt HTTP/2.0" 200 28 "-" "Mozilla/5.0 AppleWebKit/537.36 (KHTML, like Gecko; compatible; ClaudeBot/1.0; +claudebot@anthropic.com)"
216.73.216.219 - - [30/Aug/2026:05:50:54 +0200] "GET /sitemap.xml HTTP/2.0" 404 326 "-" "Mozilla/5.0 AppleWebKit/537.36 (KHTML, like Gecko; compatible; ClaudeBot/1.0; +claudebot@anthropic.com)"
54.36.234.7 - - [30/Aug/2026:05:51:21 +0200] "HEAD / HTTP/1.1" 301 - "-" "Zabbix 6.0.46"
54.36.234.7 - - [30/Aug/2026:05:52:21 +0200] "HEAD / HTTP/1.1" 301 - "-" "Zabbix 6.0.46"
54.36.234.7 - - [30/Aug/2026:05:53:21 +0200] "HEAD / HTTP/1.1" 301 - "-" "Zabbix 6.0.46"
54.36.234.7 - - [30/Aug/2026:05:54:21 +0200] "HEAD / HTTP/1.1" 301 - "-" "Zabbix 6.0.46"
54.36.234.7 - - [30/Aug/2026:05:55:21 +0200] "HEAD / HTTP/1.1" 301 - "-" "Zabbix 6.0.46"
65.49.1.192 - - [30/Aug/2026:05:55:22 +0200] "GET /geoserver/web/ HTTP/1.1" 200 11851 "-" "Mozilla/5.0 (Windows NT 10.0; Win64; x64) AppleWebKit/537.36 (KHTML, like Gecko) Chrome/108.0.0.0 Safari/537.36 OPR/94.0.0.0 (Edition Yx GX)"
54.36.234.7 - - [30/Aug/2026:05:56:21 +0200] "HEAD / HTTP/1.1" 301 - "-" "Zabbix 6.0.46"
54.36.234.7 - - [30/Aug/2026:05:57:21 +0200] "HEAD / HTTP/1.1" 301 - "-" "Zabbix 6.0.46"
54.36.234.7 - - [30/Aug/2026:05:58:21 +0200] "HEAD / HTTP/1.1" 301 - "-" "Zabbix 6.0.46"
65.49.1.192 - - [30/Aug/2026:05:58:23 +0200] "GET /_layouts/15/start.aspx HTTP/1.1" 200 11897 "-" "Mozilla/5.0 (Windows NT 10.0; Win64; x64) AppleWebKit/537.36 (KHTML, like Gecko) Chrome/117.0.5938.132 Safari/537.36"
65.49.1.192 - - [30/Aug/2026:05:58:38 +0200] "GET /_layouts/15/spinstall0.aspx HTTP/1.1" 200 12012 "-" "Mozilla/5.0 (Macintosh; Intel Mac OS X 10_15_7) AppleWebKit/605.1.15 (KHTML, like Gecko) Version/15.4 Safari/605.1.15"
65.49.1.192 - - [30/Aug/2026:05:59:01 +0200] "GET /_layouts/15/debug_dev.js HTTP/1.1" 200 12000 "-" "Mozilla/5.0 (iPhone; CPU iPhone OS 15_1 like Mac OS X) AppleWebKit/605.1.15 (KHTML, like Gecko) Mobile/15E148 OPT/3.2.13"
65.49.1.192 - - [30/Aug/2026:05:59:01 +0200] "GET /_layouts/15/spinstall1.aspx HTTP/1.1" 200 11998 "-" "Mozilla/5.0 (Linux; Android 11; Mi A3 Build/RKQ1.200903.002; wv) AppleWebKit/537.36 (KHTML, like Gecko) Version/4.0 Chrome/101.0.4951.41 YaBrowser/22.1.0.194 (lite) Mobile Safari/537.36"
65.49.1.192 - - [30/Aug/2026:05:59:02 +0200] "GET /_layouts/15/spinstall0.aspx HTTP/1.1" 200 11986 "-" "Mozilla/5.0 (OS/2; Warp 4.5; rv:10.0.12) Gecko/20130108 Firefox/10.0.12 SeaMonkey/2.7.2"
54.36.234.7 - - [30/Aug/2026:05:59:21 +0200] "HEAD / HTTP/1.1" 301 - "-" "Zabbix 6.0.46"
54.36.234.7 - - [30/Aug/2026:06:00:22 +0200] "HEAD / HTTP/1.1" 301 - "-" "Zabbix 6.0.46"
54.36.234.7 - - [30/Aug/2026:06:01:21 +0200] "HEAD / HTTP/1.1" 301 - "-" "Zabbix 6.0.46"
65.49.1.192 - - [30/Aug/2026:06:01:37 +0200] "POST / HTTP/1.1" 200 11917 "-" "Mozilla/5.0 (X11; Ubuntu; Linux x86_64; rv:109.0) Gecko/20100101 Firefox/110.0"
54.36.234.7 - - [30/Aug/2026:06:02:21 +0200] "HEAD / HTTP/1.1" 301 - "-" "Zabbix 6.0.46"
65.49.1.192 - - [30/Aug/2026:06:02:36 +0200] "GET /.git/config HTTP/1.1" 403 239 "-" "Mozilla/5.0 (Windows NT 10.0; Win64; x64) AppleWebKit/537.36 (KHTML, like Gecko) Chrome/99.0.4844.84 Safari/537.36"
54.36.234.7 - - [30/Aug/2026:06:03:21 +0200] "HEAD / HTTP/1.1" 301 - "-" "Zabbix 6.0.46"
54.36.234.7 - - [30/Aug/2026:06:04:21 +0200] "HEAD / HTTP/1.1" 301 - "-" "Zabbix 6.0.46"
54.36.234.7 - - [30/Aug/2026:06:05:21 +0200] "HEAD / HTTP/1.1" 301 - "-" "Zabbix 6.0.46"
54.36.234.7 - - [30/Aug/2026:06:06:21 +0200] "HEAD / HTTP/1.1" 301 - "-" "Zabbix 6.0.46"
54.36.234.7 - - [30/Aug/2026:06:07:21 +0200] "HEAD / HTTP/1.1" 301 - "-" "Zabbix 6.0.46"
54.36.234.7 - - [30/Aug/2026:06:08:21 +0200] "HEAD / HTTP/1.1" 301 - "-" "Zabbix 6.0.46"
54.36.234.7 - - [30/Aug/2026:06:09:21 +0200] "HEAD / HTTP/1.1" 301 - "-" "Zabbix 6.0.46"
54.36.234.7 - - [30/Aug/2026:06:10:21 +0200] "HEAD / HTTP/1.1" 301 - "-" "Zabbix 6.0.46"
54.36.234.7 - - [30/Aug/2026:06:11:21 +0200] "HEAD / HTTP/1.1" 301 - "-" "Zabbix 6.0.46"
194.180.49.37 - - [30/Aug/2026:06:11:42 +0200] "GET /.git/config HTTP/1.1" 403 239 "-" "Go-http-client/1.1"
54.36.234.7 - - [30/Aug/2026:06:12:21 +0200] "HEAD / HTTP/1.1" 301 - "-" "Zabbix 6.0.46"
18.235.110.182 - - [30/Aug/2026:06:12:51 +0200] "GET / HTTP/1.1" 200 11899 "-" "RecordedFuture Global Inventory Crawler"
54.36.234.7 - - [30/Aug/2026:06:13:21 +0200] "HEAD / HTTP/1.1" 301 - "-" "Zabbix 6.0.46"
43.173.187.87 - - [30/Aug/2026:06:13:41 +0200] "GET /robots.txt HTTP/2.0" 301 280 "-" "Mozilla/5.0 (Macintosh; Intel Mac OS X 10_15_7) AppleWebKit/537.36 (KHTML, like Gecko) Chrome/129.0.0.0 Safari/537.36"
43.173.132.98 - - [30/Aug/2026:06:13:43 +0200] "GET /robots.txt HTTP/2.0" 200 28 "-" "Mozilla/5.0 (Macintosh; Intel Mac OS X 10_15_7) AppleWebKit/537.36 (KHTML, like Gecko) Chrome/129.0.0.0 Safari/537.36"
54.36.234.7 - - [30/Aug/2026:06:14:21 +0200] "HEAD / HTTP/1.1" 301 - "-" "Zabbix 6.0.46"
147.182.219.29 - - [30/Aug/2026:06:14:40 +0200] "GET /img/slides/3.jpg HTTP/1.1" 301 286 "https://a-dent.hr/" "Mozilla/5.0 (Windows NT 10.0; Win64; x64) AppleWebKit/537.36 (KHTML, like Gecko) Chrome/109.0.0.0 Safari/537.36"
147.182.219.29 - - [30/Aug/2026:06:14:41 +0200] "GET /img/slides/3.jpg HTTP/1.1" 200 231638 "https://a-dent.hr/" "Mozilla/5.0 (Windows NT 10.0; Win64; x64) AppleWebKit/537.36 (KHTML, like Gecko) Chrome/109.0.0.0 Safari/537.36"
54.36.234.7 - - [30/Aug/2026:06:15:21 +0200] "HEAD / HTTP/1.1" 301 - "-" "Zabbix 6.0.46"
54.36.234.7 - - [30/Aug/2026:06:16:21 +0200] "HEAD / HTTP/1.1" 301 - "-" "Zabbix 6.0.46"
54.36.234.7 - - [30/Aug/2026:06:17:21 +0200] "HEAD / HTTP/1.1" 301 - "-" "Zabbix 6.0.46"
54.36.234.7 - - [30/Aug/2026:06:18:21 +0200] "HEAD / HTTP/1.1" 301 - "-" "Zabbix 6.0.46"
54.36.234.7 - - [30/Aug/2026:06:19:21 +0200] "HEAD / HTTP/1.1" 301 - "-" "Zabbix 6.0.46"
54.36.234.7 - - [30/Aug/2026:06:20:21 +0200] "HEAD / HTTP/1.1" 301 - "-" "Zabbix 6.0.46"
54.36.234.7 - - [30/Aug/2026:06:21:21 +0200] "HEAD / HTTP/1.1" 301 - "-" "Zabbix 6.0.46"
54.36.234.7 - - [30/Aug/2026:06:22:21 +0200] "HEAD / HTTP/1.1" 301 - "-" "Zabbix 6.0.46"
54.36.234.7 - - [30/Aug/2026:06:23:21 +0200] "HEAD / HTTP/1.1" 301 - "-" "Zabbix 6.0.46"
54.36.234.7 - - [30/Aug/2026:06:24:21 +0200] "HEAD / HTTP/1.1" 301 - "-" "Zabbix 6.0.46"
54.36.234.7 - - [30/Aug/2026:06:25:21 +0200] "HEAD / HTTP/1.1" 301 - "-" "Zabbix 6.0.46"
54.36.234.7 - - [30/Aug/2026:06:26:21 +0200] "HEAD / HTTP/1.1" 301 - "-" "Zabbix 6.0.46"
54.36.234.7 - - [30/Aug/2026:06:27:21 +0200] "HEAD / HTTP/1.1" 301 - "-" "Zabbix 6.0.46"
54.36.234.7 - - [30/Aug/2026:06:28:21 +0200] "HEAD / HTTP/1.1" 301 - "-" "Zabbix 6.0.46"
207.228.29.147 - - [30/Aug/2026:06:28:56 +0200] "-" 408 - "-" "-"
54.36.234.7 - - [30/Aug/2026:06:29:21 +0200] "HEAD / HTTP/1.1" 301 - "-" "Zabbix 6.0.46"
54.36.234.7 - - [30/Aug/2026:06:30:22 +0200] "HEAD / HTTP/1.1" 301 - "-" "Zabbix 6.0.46"
54.36.234.7 - - [30/Aug/2026:06:31:21 +0200] "HEAD / HTTP/1.1" 301 - "-" "Zabbix 6.0.46"
54.36.234.7 - - [30/Aug/2026:06:32:21 +0200] "HEAD / HTTP/1.1" 301 - "-" "Zabbix 6.0.46"
54.36.234.7 - - [30/Aug/2026:06:33:21 +0200] "HEAD / HTTP/1.1" 301 - "-" "Zabbix 6.0.46"
54.36.234.7 - - [30/Aug/2026:06:34:21 +0200] "HEAD / HTTP/1.1" 301 - "-" "Zabbix 6.0.46"
54.36.234.7 - - [30/Aug/2026:06:35:21 +0200] "HEAD / HTTP/1.1" 301 - "-" "Zabbix 6.0.46"
54.36.234.7 - - [30/Aug/2026:06:36:21 +0200] "HEAD / HTTP/1.1" 301 - "-" "Zabbix 6.0.46"
54.36.234.7 - - [30/Aug/2026:06:37:21 +0200] "HEAD / HTTP/1.1" 301 - "-" "Zabbix 6.0.46"
54.36.234.7 - - [30/Aug/2026:06:38:21 +0200] "HEAD / HTTP/1.1" 301 - "-" "Zabbix 6.0.46"
54.36.234.7 - - [30/Aug/2026:06:39:21 +0200] "HEAD / HTTP/1.1" 301 - "-" "Zabbix 6.0.46"
54.36.234.7 - - [30/Aug/2026:06:40:21 +0200] "HEAD / HTTP/1.1" 301 - "-" "Zabbix 6.0.46"
185.191.171.9 - - [30/Aug/2026:06:41:04 +0200] "GET /robots.txt HTTP/1.1" 403 239 "-" "Mozilla/5.0 (compatible; SemrushBot/7~bl; +http://www.semrush.com/bot.html)"
185.191.171.13 - - [30/Aug/2026:06:41:07 +0200] "GET /usluge/protetika HTTP/1.1" 403 239 "-" "Mozilla/5.0 (compatible; SemrushBot/7~bl; +http://www.semrush.com/bot.html)"
54.36.234.7 - - [30/Aug/2026:06:41:21 +0200] "HEAD / HTTP/1.1" 301 - "-" "Zabbix 6.0.46"
54.36.234.7 - - [30/Aug/2026:06:42:21 +0200] "HEAD / HTTP/1.1" 301 - "-" "Zabbix 6.0.46"
54.36.234.7 - - [30/Aug/2026:06:43:21 +0200] "HEAD / HTTP/1.1" 301 - "-" "Zabbix 6.0.46"
54.36.234.7 - - [30/Aug/2026:06:44:21 +0200] "HEAD / HTTP/1.1" 301 - "-" "Zabbix 6.0.46"
54.36.234.7 - - [30/Aug/2026:06:45:21 +0200] "HEAD / HTTP/1.1" 301 - "-" "Zabbix 6.0.46"
54.36.234.7 - - [30/Aug/2026:06:46:21 +0200] "HEAD / HTTP/1.1" 301 - "-" "Zabbix 6.0.46"
54.36.234.7 - - [30/Aug/2026:06:47:21 +0200] "HEAD / HTTP/1.1" 301 - "-" "Zabbix 6.0.46"
54.36.234.7 - - [30/Aug/2026:06:48:21 +0200] "HEAD / HTTP/1.1" 301 - "-" "Zabbix 6.0.46"
54.36.234.7 - - [30/Aug/2026:06:49:21 +0200] "HEAD / HTTP/1.1" 301 - "-" "Zabbix 6.0.46"
54.36.234.7 - - [30/Aug/2026:06:50:21 +0200] "HEAD / HTTP/1.1" 301 - "-" "Zabbix 6.0.46"
54.36.234.7 - - [30/Aug/2026:06:51:21 +0200] "HEAD / HTTP/1.1" 301 - "-" "Zabbix 6.0.46"
54.36.234.7 - - [30/Aug/2026:06:52:21 +0200] "HEAD / HTTP/1.1" 301 - "-" "Zabbix 6.0.46"
35.161.55.221 - - [30/Aug/2026:06:52:27 +0200] "GET / HTTP/1.1" 200 11901 "-" "python-requests/2.32.3"
54.36.234.7 - - [30/Aug/2026:06:53:21 +0200] "HEAD / HTTP/1.1" 301 - "-" "Zabbix 6.0.46"
54.36.234.7 - - [30/Aug/2026:06:54:21 +0200] "HEAD / HTTP/1.1" 301 - "-" "Zabbix 6.0.46"
54.36.234.7 - - [30/Aug/2026:06:55:21 +0200] "HEAD / HTTP/1.1" 301 - "-" "Zabbix 6.0.46"
54.36.234.7 - - [30/Aug/2026:06:56:21 +0200] "HEAD / HTTP/1.1" 301 - "-" "Zabbix 6.0.46"
54.36.234.7 - - [30/Aug/2026:06:57:21 +0200] "HEAD / HTTP/1.1" 301 - "-" "Zabbix 6.0.46"
43.166.1.243 - - [30/Aug/2026:06:57:21 +0200] "GET / HTTP/1.1" 200 33250 "http://a-dent.hr" "Mozilla/5.0 (iPhone; CPU iPhone OS 13_2_3 like Mac OS X) AppleWebKit/605.1.15 (KHTML, like Gecko) Version/13.0.3 Mobile/15E148 Safari/604.1"
54.36.234.7 - - [30/Aug/2026:06:58:21 +0200] "HEAD / HTTP/1.1" 301 - "-" "Zabbix 6.0.46"
54.36.234.7 - - [30/Aug/2026:06:59:21 +0200] "HEAD / HTTP/1.1" 301 - "-" "Zabbix 6.0.46"
54.36.234.7 - - [30/Aug/2026:07:00:21 +0200] "HEAD / HTTP/1.1" 301 - "-" "Zabbix 6.0.46"
54.36.234.7 - - [30/Aug/2026:07:01:21 +0200] "HEAD / HTTP/1.1" 301 - "-" "Zabbix 6.0.46"
54.36.234.7 - - [30/Aug/2026:07:02:21 +0200] "HEAD / HTTP/1.1" 301 - "-" "Zabbix 6.0.46"
54.36.234.7 - - [30/Aug/2026:07:03:21 +0200] "HEAD / HTTP/1.1" 301 - "-" "Zabbix 6.0.46"
43.134.54.246 - - [30/Aug/2026:07:03:46 +0200] "GET / HTTP/1.0" 301 270 "-" "-"
54.36.234.7 - - [30/Aug/2026:07:04:21 +0200] "HEAD / HTTP/1.1" 301 - "-" "Zabbix 6.0.46"
54.36.234.7 - - [30/Aug/2026:07:05:21 +0200] "HEAD / HTTP/1.1" 301 - "-" "Zabbix 6.0.46"
54.36.234.7 - - [30/Aug/2026:07:06:21 +0200] "HEAD / HTTP/1.1" 301 - "-" "Zabbix 6.0.46"
54.36.234.7 - - [30/Aug/2026:07:07:21 +0200] "HEAD / HTTP/1.1" 301 - "-" "Zabbix 6.0.46"
54.36.234.7 - - [30/Aug/2026:07:08:22 +0200] "HEAD / HTTP/1.1" 301 - "-" "Zabbix 6.0.46"
54.36.234.7 - - [30/Aug/2026:07:09:21 +0200] "HEAD / HTTP/1.1" 301 - "-" "Zabbix 6.0.46"
54.36.234.7 - - [30/Aug/2026:07:10:21 +0200] "HEAD / HTTP/1.1" 301 - "-" "Zabbix 6.0.46"
54.36.234.7 - - [30/Aug/2026:07:11:21 +0200] "HEAD / HTTP/1.1" 301 - "-" "Zabbix 6.0.46"
31.134.11.131 - - [30/Aug/2026:07:12:09 +0200] "GET /kontakt HTTP/1.1" 200 11920 "-" "Mozilla/5.0 (Windows NT 10.0; Win64; x64) AppleWebKit/537.36 (KHTML, like Gecko) obsidian/1.8.10 Chrome/132.0.6834.196 Electron/34.2.0 Safari/537.36"
31.134.11.131 - - [30/Aug/2026:07:12:10 +0200] "GET / HTTP/1.1" 200 11853 "-" "Mozilla/5.0 (Windows NT 10.0; Win64; x64) AppleWebKit/537.36 (KHTML, like Gecko) obsidian/1.8.10 Chrome/132.0.6834.196 Electron/34.2.0 Safari/537.36"
54.36.234.7 - - [30/Aug/2026:07:12:21 +0200] "HEAD / HTTP/1.1" 301 - "-" "Zabbix 6.0.46"
54.36.234.7 - - [30/Aug/2026:07:13:21 +0200] "HEAD / HTTP/1.1" 301 - "-" "Zabbix 6.0.46"
54.36.234.7 - - [30/Aug/2026:07:14:21 +0200] "HEAD / HTTP/1.1" 301 - "-" "Zabbix 6.0.46"