54.36.234.7 - - [30/Aug/2026:03:08:21 +0200] "HEAD / HTTP/1.1" 301 - "-" "Zabbix 6.0.46"
54.36.234.7 - - [30/Aug/2026:03:09:21 +0200] "HEAD / HTTP/1.1" 301 - "-" "Zabbix 6.0.46"
54.36.234.7 - - [30/Aug/2026:03:10:21 +0200] "HEAD / HTTP/1.1" 301 - "-" "Zabbix 6.0.46"
54.36.234.7 - - [30/Aug/2026:03:11:21 +0200] "HEAD / HTTP/1.1" 301 - "-" "Zabbix 6.0.46"
54.36.234.7 - - [30/Aug/2026:03:12:21 +0200] "HEAD / HTTP/1.1" 301 - "-" "Zabbix 6.0.46"
54.36.234.7 - - [30/Aug/2026:03:13:21 +0200] "HEAD / HTTP/1.1" 301 - "-" "Zabbix 6.0.46"
54.36.234.7 - - [30/Aug/2026:03:14:21 +0200] "HEAD / HTTP/1.1" 301 - "-" "Zabbix 6.0.46"
54.36.234.7 - - [30/Aug/2026:03:15:21 +0200] "HEAD / HTTP/1.1" 301 - "-" "Zabbix 6.0.46"
54.36.234.7 - - [30/Aug/2026:03:16:21 +0200] "HEAD / HTTP/1.1" 301 - "-" "Zabbix 6.0.46"
54.36.234.7 - - [30/Aug/2026:03:17:21 +0200] "HEAD / HTTP/1.1" 301 - "-" "Zabbix 6.0.46"
54.36.234.7 - - [30/Aug/2026:03:18:21 +0200] "HEAD / HTTP/1.1" 301 - "-" "Zabbix 6.0.46"
46.232.235.134 - - [30/Aug/2026:03:18:31 +0200] "GET / HTTP/1.1" 403 107 "-" "Mozilla/5.0 (Windows NT 10.0; Win64; x64) AppleWebKit/537.36 (KHTML, like Gecko) Chrome/126.0.0.0 Safari/537.36"
54.36.234.7 - - [30/Aug/2026:03:19:21 +0200] "HEAD / HTTP/1.1" 301 - "-" "Zabbix 6.0.46"
54.36.234.7 - - [30/Aug/2026:03:20:21 +0200] "HEAD / HTTP/1.1" 301 - "-" "Zabbix 6.0.46"
66.249.68.33 - - [30/Aug/2026:03:20:24 +0200] "GET /kontakt HTTP/1.1" 200 4268 "-" "Mozilla/5.0 (Linux; Android 6.0.1; Nexus 5X Build/MMB29P) AppleWebKit/537.36 (KHTML, like Gecko) Chrome/151.0.7922.173 Mobile Safari/537.36 (compatible; Googlebot/2.1; +http://www.google.com/bot.html)"
66.249.68.32 - - [30/Aug/2026:03:20:44 +0200] "GET /vendor/rs-plugin/css/navigation.css HTTP/1.1" 200 7308 "https://www.a-dent.hr/kontakt" "Mozilla/5.0 (Linux; Android 6.0.1; Nexus 5X Build/MMB29P) AppleWebKit/537.36 (KHTML, like Gecko) Chrome/151.0.7922.173 Mobile Safari/537.36 (compatible; Googlebot/2.1; +http://www.google.com/bot.html)"
66.249.68.34 - - [30/Aug/2026:03:20:44 +0200] "GET /css/theme-elements.css?v=3 HTTP/1.1" 200 21765 "https://www.a-dent.hr/kontakt" "Mozilla/5.0 (Linux; Android 6.0.1; Nexus 5X Build/MMB29P) AppleWebKit/537.36 (KHTML, like Gecko) Chrome/151.0.7922.173 Mobile Safari/537.36 (compatible; Googlebot/2.1; +http://www.google.com/bot.html)"
66.249.68.33 - - [30/Aug/2026:03:20:45 +0200] "GET /vendor/font-awesome/css/font-awesome.min.css HTTP/1.1" 200 6295 "https://www.a-dent.hr/kontakt" "Mozilla/5.0 (Linux; Android 6.0.1; Nexus 5X Build/MMB29P) AppleWebKit/537.36 (KHTML, like Gecko) Chrome/151.0.7922.173 Mobile Safari/537.36 (compatible; Googlebot/2.1; +http://www.google.com/bot.html)"
66.249.68.34 - - [30/Aug/2026:03:20:45 +0200] "GET /vendor/rs-plugin/js/jquery.themepunch.revolution.min.js HTTP/1.1" 200 47037 "https://www.a-dent.hr/kontakt" "Mozilla/5.0 (Linux; Android 6.0.1; Nexus 5X Build/MMB29P) AppleWebKit/537.36 (KHTML, like Gecko) Chrome/151.0.7922.173 Mobile Safari/537.36 (compatible; Googlebot/2.1; +http://www.google.com/bot.html)"
66.249.68.34 - - [30/Aug/2026:03:20:46 +0200] "GET /js/demos/demo-medical.js HTTP/1.1" 200 723 "https://www.a-dent.hr/kontakt" "Mozilla/5.0 (Linux; Android 6.0.1; Nexus 5X Build/MMB29P) AppleWebKit/537.36 (KHTML, like Gecko) Chrome/151.0.7922.173 Mobile Safari/537.36 (compatible; Googlebot/2.1; +http://www.google.com/bot.html)"
138.226.236.0 - - [30/Aug/2026:03:20:52 +0200] "-" 408 - "-" "-"
54.36.234.7 - - [30/Aug/2026:03:21:21 +0200] "HEAD / HTTP/1.1" 301 - "-" "Zabbix 6.0.46"
54.36.234.7 - - [30/Aug/2026:03:22:21 +0200] "HEAD / HTTP/1.1" 301 - "-" "Zabbix 6.0.46"
54.36.234.7 - - [30/Aug/2026:03:23:21 +0200] "HEAD / HTTP/1.1" 301 - "-" "Zabbix 6.0.46"
54.36.234.7 - - [30/Aug/2026:03:24:21 +0200] "HEAD / HTTP/1.1" 301 - "-" "Zabbix 6.0.46"
114.119.157.3 - - [30/Aug/2026:03:24:39 +0200] "GET /robots.txt HTTP/1.1" 200 12013 "https://www.madhousephotography.com.au/robots.txt" "Mozilla/5.0 (compatible;PetalBot;+https://webmaster.petalsearch.com/site/petalbot)"
54.36.234.7 - - [30/Aug/2026:03:25:21 +0200] "HEAD / HTTP/1.1" 301 - "-" "Zabbix 6.0.46"
54.36.234.7 - - [30/Aug/2026:03:26:21 +0200] "HEAD / HTTP/1.1" 301 - "-" "Zabbix 6.0.46"
54.36.234.7 - - [30/Aug/2026:03:27:21 +0200] "HEAD / HTTP/1.1" 301 - "-" "Zabbix 6.0.46"
54.36.234.7 - - [30/Aug/2026:03:28:21 +0200] "HEAD / HTTP/1.1" 301 - "-" "Zabbix 6.0.46"
54.36.234.7 - - [30/Aug/2026:03:29:21 +0200] "HEAD / HTTP/1.1" 301 - "-" "Zabbix 6.0.46"
54.36.234.7 - - [30/Aug/2026:03:30:21 +0200] "HEAD / HTTP/1.1" 301 - "-" "Zabbix 6.0.46"
54.36.234.7 - - [30/Aug/2026:03:31:21 +0200] "HEAD / HTTP/1.1" 301 - "-" "Zabbix 6.0.46"
54.36.234.7 - - [30/Aug/2026:03:32:21 +0200] "HEAD / HTTP/1.1" 301 - "-" "Zabbix 6.0.46"
54.36.234.7 - - [30/Aug/2026:03:33:21 +0200] "HEAD / HTTP/1.1" 301 - "-" "Zabbix 6.0.46"
54.36.234.7 - - [30/Aug/2026:03:34:21 +0200] "HEAD / HTTP/1.1" 301 - "-" "Zabbix 6.0.46"
54.36.234.7 - - [30/Aug/2026:03:35:21 +0200] "HEAD / HTTP/1.1" 301 - "-" "Zabbix 6.0.46"
54.36.234.7 - - [30/Aug/2026:03:36:21 +0200] "HEAD / HTTP/1.1" 301 - "-" "Zabbix 6.0.46"
54.36.234.7 - - [30/Aug/2026:03:37:21 +0200] "HEAD / HTTP/1.1" 301 - "-" "Zabbix 6.0.46"
54.36.234.7 - - [30/Aug/2026:03:38:21 +0200] "HEAD / HTTP/1.1" 301 - "-" "Zabbix 6.0.46"
54.36.234.7 - - [30/Aug/2026:03:39:21 +0200] "HEAD / HTTP/1.1" 301 - "-" "Zabbix 6.0.46"
54.36.234.7 - - [30/Aug/2026:03:40:21 +0200] "HEAD / HTTP/1.1" 301 - "-" "Zabbix 6.0.46"
54.36.234.7 - - [30/Aug/2026:03:41:21 +0200] "HEAD / HTTP/1.1" 301 - "-" "Zabbix 6.0.46"
54.36.234.7 - - [30/Aug/2026:03:42:21 +0200] "HEAD / HTTP/1.1" 301 - "-" "Zabbix 6.0.46"
54.36.234.7 - - [30/Aug/2026:03:43:21 +0200] "HEAD / HTTP/1.1" 301 - "-" "Zabbix 6.0.46"
216.73.216.219 - - [30/Aug/2026:03:43:31 +0200] "GET /robots.txt HTTP/2.0" 200 28 "-" "Mozilla/5.0 AppleWebKit/537.36 (KHTML, like Gecko; compatible; ClaudeBot/1.0; +claudebot@anthropic.com)"
216.73.216.219 - - [30/Aug/2026:03:43:31 +0200] "GET /sitemap.xml HTTP/2.0" 404 326 "-" "Mozilla/5.0 AppleWebKit/537.36 (KHTML, like Gecko; compatible; ClaudeBot/1.0; +claudebot@anthropic.com)"
54.36.234.7 - - [30/Aug/2026:03:44:21 +0200] "HEAD / HTTP/1.1" 301 - "-" "Zabbix 6.0.46"
79.127.144.105 - - [30/Aug/2026:03:44:25 +0200] "GET /en HTTP/2.0" 200 5914 "https://www.google.com/" "Mozilla/5.0 (Linux; Android 10; K) AppleWebKit/537.36 (KHTML, like Gecko) Chrome/151.0.0.0 Mobile Safari/537.36"
79.127.144.105 - - [30/Aug/2026:03:44:27 +0200] "GET /assets/css/cookieconsent.min.css HTTP/2.0" 200 1037 "https://www.a-dent.hr/en" "Mozilla/5.0 (Linux; Android 10; K) AppleWebKit/537.36 (KHTML, like Gecko) Chrome/151.0.0.0 Mobile Safari/537.36"
79.127.144.105 - - [30/Aug/2026:03:44:28 +0200] "GET /vendor/bootstrap/css/bootstrap.min.css HTTP/2.0" 200 18167 "https://www.a-dent.hr/en" "Mozilla/5.0 (Linux; Android 10; K) AppleWebKit/537.36 (KHTML, like Gecko) Chrome/151.0.0.0 Mobile Safari/537.36"
79.127.144.105 - - [30/Aug/2026:03:44:30 +0200] "GET /vendor/font-awesome/css/font-awesome.min.css HTTP/2.0" 200 6295 "https://www.a-dent.hr/en" "Mozilla/5.0 (Linux; Android 10; K) AppleWebKit/537.36 (KHTML, like Gecko) Chrome/151.0.0.0 Mobile Safari/537.36"
79.127.144.105 - - [30/Aug/2026:03:44:30 +0200] "GET /vendor/animate/animate.min.css HTTP/2.0" 200 3731 "https://www.a-dent.hr/en" "Mozilla/5.0 (Linux; Android 10; K) AppleWebKit/537.36 (KHTML, like Gecko) Chrome/151.0.0.0 Mobile Safari/537.36"
79.127.144.105 - - [30/Aug/2026:03:44:30 +0200] "GET /vendor/simple-line-icons/css/simple-line-icons.min.css HTTP/2.0" 200 2257 "https://www.a-dent.hr/en" "Mozilla/5.0 (Linux; Android 10; K) AppleWebKit/537.36 (KHTML, like Gecko) Chrome/151.0.0.0 Mobile Safari/537.36"
79.127.144.105 - - [30/Aug/2026:03:44:30 +0200] "GET /vendor/owl.carousel/assets/owl.carousel.min.css HTTP/2.0" 200 797 "https://www.a-dent.hr/en" "Mozilla/5.0 (Linux; Android 10; K) AppleWebKit/537.36 (KHTML, like Gecko) Chrome/151.0.0.0 Mobile Safari/537.36"
79.127.144.105 - - [30/Aug/2026:03:44:31 +0200] "GET /vendor/magnific-popup/magnific-popup.min.css HTTP/2.0" 200 1424 "https://www.a-dent.hr/en" "Mozilla/5.0 (Linux; Android 10; K) AppleWebKit/537.36 (KHTML, like Gecko) Chrome/151.0.0.0 Mobile Safari/537.36"
79.127.144.105 - - [30/Aug/2026:03:44:31 +0200] "GET /vendor/owl.carousel/assets/owl.theme.default.min.css HTTP/2.0" 200 374 "https://www.a-dent.hr/en" "Mozilla/5.0 (Linux; Android 10; K) AppleWebKit/537.36 (KHTML, like Gecko) Chrome/151.0.0.0 Mobile Safari/537.36"
79.127.144.105 - - [30/Aug/2026:03:44:31 +0200] "GET /css/theme.css?v=4 HTTP/2.0" 200 12922 "https://www.a-dent.hr/en" "Mozilla/5.0 (Linux; Android 10; K) AppleWebKit/537.36 (KHTML, like Gecko) Chrome/151.0.0.0 Mobile Safari/537.36"
79.127.144.105 - - [30/Aug/2026:03:44:31 +0200] "GET /css/theme-elements.css?v=3 HTTP/2.0" 200 21765 "https://www.a-dent.hr/en" "Mozilla/5.0 (Linux; Android 10; K) AppleWebKit/537.36 (KHTML, like Gecko) Chrome/151.0.0.0 Mobile Safari/537.36"
79.127.144.105 - - [30/Aug/2026:03:44:31 +0200] "GET /css/theme-blog.css HTTP/2.0" 200 1333 "https://www.a-dent.hr/en" "Mozilla/5.0 (Linux; Android 10; K) AppleWebKit/537.36 (KHTML, like Gecko) Chrome/151.0.0.0 Mobile Safari/537.36"
79.127.144.105 - - [30/Aug/2026:03:44:31 +0200] "GET /css/theme-shop.css HTTP/2.0" 200 2376 "https://www.a-dent.hr/en" "Mozilla/5.0 (Linux; Android 10; K) AppleWebKit/537.36 (KHTML, like Gecko) Chrome/151.0.0.0 Mobile Safari/537.36"
79.127.144.105 - - [30/Aug/2026:03:44:32 +0200] "GET /vendor/rs-plugin/css/settings.css HTTP/2.0" 200 7389 "https://www.a-dent.hr/en" "Mozilla/5.0 (Linux; Android 10; K) AppleWebKit/537.36 (KHTML, like Gecko) Chrome/151.0.0.0 Mobile Safari/537.36"
79.127.144.105 - - [30/Aug/2026:03:44:32 +0200] "GET /vendor/rs-plugin/css/layers.css HTTP/2.0" 200 9657 "https://www.a-dent.hr/en" "Mozilla/5.0 (Linux; Android 10; K) AppleWebKit/537.36 (KHTML, like Gecko) Chrome/151.0.0.0 Mobile Safari/537.36"
79.127.144.105 - - [30/Aug/2026:03:44:32 +0200] "GET /vendor/rs-plugin/css/navigation.css HTTP/2.0" 200 7308 "https://www.a-dent.hr/en" "Mozilla/5.0 (Linux; Android 10; K) AppleWebKit/537.36 (KHTML, like Gecko) Chrome/151.0.0.0 Mobile Safari/537.36"
79.127.144.105 - - [30/Aug/2026:03:44:32 +0200] "GET /css/demos/demo-medical.css HTTP/2.0" 200 2232 "https://www.a-dent.hr/en" "Mozilla/5.0 (Linux; Android 10; K) AppleWebKit/537.36 (KHTML, like Gecko) Chrome/151.0.0.0 Mobile Safari/537.36"
79.127.144.105 - - [30/Aug/2026:03:44:32 +0200] "GET /css/skins/skin-medical.css?v=2 HTTP/2.0" 200 11212 "https://www.a-dent.hr/en" "Mozilla/5.0 (Linux; Android 10; K) AppleWebKit/537.36 (KHTML, like Gecko) Chrome/151.0.0.0 Mobile Safari/537.36"
79.127.144.105 - - [30/Aug/2026:03:44:33 +0200] "GET /css/custom.css HTTP/2.0" 200 48 "https://www.a-dent.hr/en" "Mozilla/5.0 (Linux; Android 10; K) AppleWebKit/537.36 (KHTML, like Gecko) Chrome/151.0.0.0 Mobile Safari/537.36"
79.127.144.105 - - [30/Aug/2026:03:44:33 +0200] "GET /vendor/modernizr/modernizr.min.js HTTP/2.0" 200 4268 "https://www.a-dent.hr/en" "Mozilla/5.0 (Linux; Android 10; K) AppleWebKit/537.36 (KHTML, like Gecko) Chrome/151.0.0.0 Mobile Safari/537.36"
79.127.144.105 - - [30/Aug/2026:03:44:33 +0200] "GET /img/a-dent-logo.png?v=2 HTTP/2.0" 200 15962 "https://www.a-dent.hr/en" "Mozilla/5.0 (Linux; Android 10; K) AppleWebKit/537.36 (KHTML, like Gecko) Chrome/151.0.0.0 Mobile Safari/537.36"
79.127.144.105 - - [30/Aug/2026:03:44:33 +0200] "GET /img/blank.gif HTTP/2.0" 200 49 "https://www.a-dent.hr/en" "Mozilla/5.0 (Linux; Android 10; K) AppleWebKit/537.36 (KHTML, like Gecko) Chrome/151.0.0.0 Mobile Safari/537.36"
79.127.144.105 - - [30/Aug/2026:03:44:33 +0200] "GET /vendor/jquery.appear/jquery.appear.min.js HTTP/2.0" 200 705 "https://www.a-dent.hr/en" "Mozilla/5.0 (Linux; Android 10; K) AppleWebKit/537.36 (KHTML, like Gecko) Chrome/151.0.0.0 Mobile Safari/537.36"
79.127.144.105 - - [30/Aug/2026:03:44:33 +0200] "GET /vendor/jquery.easing/jquery.easing.min.js HTTP/2.0" 200 1691 "https://www.a-dent.hr/en" "Mozilla/5.0 (Linux; Android 10; K) AppleWebKit/537.36 (KHTML, like Gecko) Chrome/151.0.0.0 Mobile Safari/537.36"
79.127.144.105 - - [30/Aug/2026:03:44:33 +0200] "GET /vendor/jquery/jquery.min.js HTTP/2.0" 200 29510 "https://www.a-dent.hr/en" "Mozilla/5.0 (Linux; Android 10; K) AppleWebKit/537.36 (KHTML, like Gecko) Chrome/151.0.0.0 Mobile Safari/537.36"
79.127.144.105 - - [30/Aug/2026:03:44:34 +0200] "GET /vendor/jquery-cookie/jquery-cookie.min.js HTTP/2.0" 200 695 "https://www.a-dent.hr/en" "Mozilla/5.0 (Linux; Android 10; K) AppleWebKit/537.36 (KHTML, like Gecko) Chrome/151.0.0.0 Mobile Safari/537.36"
79.127.144.105 - - [30/Aug/2026:03:44:34 +0200] "GET /vendor/common/common.min.js HTTP/2.0" 200 5508 "https://www.a-dent.hr/en" "Mozilla/5.0 (Linux; Android 10; K) AppleWebKit/537.36 (KHTML, like Gecko) Chrome/151.0.0.0 Mobile Safari/537.36"
79.127.144.105 - - [30/Aug/2026:03:44:34 +0200] "GET /vendor/bootstrap/js/bootstrap.min.js HTTP/2.0" 200 9522 "https://www.a-dent.hr/en" "Mozilla/5.0 (Linux; Android 10; K) AppleWebKit/537.36 (KHTML, like Gecko) Chrome/151.0.0.0 Mobile Safari/537.36"
79.127.144.105 - - [30/Aug/2026:03:44:34 +0200] "GET /vendor/jquery.validation/jquery.validation.min.js HTTP/2.0" 200 7321 "https://www.a-dent.hr/en" "Mozilla/5.0 (Linux; Android 10; K) AppleWebKit/537.36 (KHTML, like Gecko) Chrome/151.0.0.0 Mobile Safari/537.36"
79.127.144.105 - - [30/Aug/2026:03:44:34 +0200] "GET /vendor/jquery.easy-pie-chart/jquery.easy-pie-chart.min.js HTTP/2.0" 200 1579 "https://www.a-dent.hr/en" "Mozilla/5.0 (Linux; Android 10; K) AppleWebKit/537.36 (KHTML, like Gecko) Chrome/151.0.0.0 Mobile Safari/537.36"
79.127.144.105 - - [30/Aug/2026:03:44:34 +0200] "GET /vendor/jquery.lazyload/jquery.lazyload.min.js HTTP/2.0" 200 1287 "https://www.a-dent.hr/en" "Mozilla/5.0 (Linux; Android 10; K) AppleWebKit/537.36 (KHTML, like Gecko) Chrome/151.0.0.0 Mobile Safari/537.36"
79.127.144.105 - - [30/Aug/2026:03:44:35 +0200] "GET /vendor/isotope/jquery.isotope.min.js HTTP/2.0" 200 9438 "https://www.a-dent.hr/en" "Mozilla/5.0 (Linux; Android 10; K) AppleWebKit/537.36 (KHTML, like Gecko) Chrome/151.0.0.0 Mobile Safari/537.36"
79.127.144.105 - - [30/Aug/2026:03:44:35 +0200] "GET /vendor/magnific-popup/jquery.magnific-popup.min.js HTTP/2.0" 200 7055 "https://www.a-dent.hr/en" "Mozilla/5.0 (Linux; Android 10; K) AppleWebKit/537.36 (KHTML, like Gecko) Chrome/151.0.0.0 Mobile Safari/537.36"
79.127.144.105 - - [30/Aug/2026:03:44:35 +0200] "GET /vendor/owl.carousel/owl.carousel.min.js HTTP/2.0" 200 10707 "https://www.a-dent.hr/en" "Mozilla/5.0 (Linux; Android 10; K) AppleWebKit/537.36 (KHTML, like Gecko) Chrome/151.0.0.0 Mobile Safari/537.36"
79.127.144.105 - - [30/Aug/2026:03:44:35 +0200] "GET /vendor/vide/vide.min.js HTTP/2.0" 200 1801 "https://www.a-dent.hr/en" "Mozilla/5.0 (Linux; Android 10; K) AppleWebKit/537.36 (KHTML, like Gecko) Chrome/151.0.0.0 Mobile Safari/537.36"
79.127.144.105 - - [30/Aug/2026:03:44:35 +0200] "GET /js/theme.js HTTP/2.0" 200 9980 "https://www.a-dent.hr/en" "Mozilla/5.0 (Linux; Android 10; K) AppleWebKit/537.36 (KHTML, like Gecko) Chrome/151.0.0.0 Mobile Safari/537.36"
79.127.144.105 - - [30/Aug/2026:03:44:35 +0200] "GET /vendor/rs-plugin/js/jquery.themepunch.tools.min.js HTTP/2.0" 200 35546 "https://www.a-dent.hr/en" "Mozilla/5.0 (Linux; Android 10; K) AppleWebKit/537.36 (KHTML, like Gecko) Chrome/151.0.0.0 Mobile Safari/537.36"
79.127.144.105 - - [30/Aug/2026:03:44:36 +0200] "GET /vendor/rs-plugin/js/jquery.themepunch.revolution.min.js HTTP/2.0" 200 47037 "https://www.a-dent.hr/en" "Mozilla/5.0 (Linux; Android 10; K) AppleWebKit/537.36 (KHTML, like Gecko) Chrome/151.0.0.0 Mobile Safari/537.36"
79.127.144.105 - - [30/Aug/2026:03:44:36 +0200] "GET /js/demos/demo-medical.js HTTP/2.0" 200 723 "https://www.a-dent.hr/en" "Mozilla/5.0 (Linux; Android 10; K) AppleWebKit/537.36 (KHTML, like Gecko) Chrome/151.0.0.0 Mobile Safari/537.36"
79.127.144.105 - - [30/Aug/2026:03:44:36 +0200] "GET /js/custom.js?v=2 HTTP/2.0" 200 116 "https://www.a-dent.hr/en" "Mozilla/5.0 (Linux; Android 10; K) AppleWebKit/537.36 (KHTML, like Gecko) Chrome/151.0.0.0 Mobile Safari/537.36"
79.127.144.105 - - [30/Aug/2026:03:44:36 +0200] "GET /img/flags.png HTTP/2.0" 200 79881 "https://www.a-dent.hr/css/theme-elements.css?v=3" "Mozilla/5.0 (Linux; Android 10; K) AppleWebKit/537.36 (KHTML, like Gecko) Chrome/151.0.0.0 Mobile Safari/537.36"
79.127.144.105 - - [30/Aug/2026:03:44:36 +0200] "GET /img/slides/3.jpg HTTP/2.0" 200 231638 "https://www.a-dent.hr/en" "Mozilla/5.0 (Linux; Android 10; K) AppleWebKit/537.36 (KHTML, like Gecko) Chrome/151.0.0.0 Mobile Safari/537.36"
79.127.144.105 - - [30/Aug/2026:03:44:37 +0200] "GET /img/slides/2.jpg HTTP/2.0" 200 397286 "https://www.a-dent.hr/en" "Mozilla/5.0 (Linux; Android 10; K) AppleWebKit/537.36 (KHTML, like Gecko) Chrome/151.0.0.0 Mobile Safari/537.36"
79.127.144.105 - - [30/Aug/2026:03:44:37 +0200] "GET /js/theme.init.js HTTP/2.0" 200 953 "https://www.a-dent.hr/en" "Mozilla/5.0 (Linux; Android 10; K) AppleWebKit/537.36 (KHTML, like Gecko) Chrome/151.0.0.0 Mobile Safari/537.36"
79.127.144.105 - - [30/Aug/2026:03:44:37 +0200] "GET /assets/js/cookieconsent.min.js HTTP/2.0" 200 6532 "https://www.a-dent.hr/en" "Mozilla/5.0 (Linux; Android 10; K) AppleWebKit/537.36 (KHTML, like Gecko) Chrome/151.0.0.0 Mobile Safari/537.36"
79.127.144.105 - - [30/Aug/2026:03:44:42 +0200] "GET /img/demos/medical/icons/medical-icon-heart.png HTTP/2.0" 200 1850 "https://www.a-dent.hr/en" "Mozilla/5.0 (Linux; Android 10; K) AppleWebKit/537.36 (KHTML, like Gecko) Chrome/151.0.0.0 Mobile Safari/537.36"
79.127.144.105 - - [30/Aug/2026:03:44:42 +0200] "GET /img/about-us.jpg HTTP/2.0" 200 96820 "https://www.a-dent.hr/en" "Mozilla/5.0 (Linux; Android 10; K) AppleWebKit/537.36 (KHTML, like Gecko) Chrome/151.0.0.0 Mobile Safari/537.36"
79.127.144.105 - - [30/Aug/2026:03:44:42 +0200] "GET /img/demos/medical/icons/damaged-tooth.png HTTP/2.0" 200 2562 "https://www.a-dent.hr/en" "Mozilla/5.0 (Linux; Android 10; K) AppleWebKit/537.36 (KHTML, like Gecko) Chrome/151.0.0.0 Mobile Safari/537.36"
79.127.144.105 - - [30/Aug/2026:03:44:42 +0200] "GET /img/demos/medical/icons/dental-review.png HTTP/2.0" 200 2794 "https://www.a-dent.hr/en" "Mozilla/5.0 (Linux; Android 10; K) AppleWebKit/537.36 (KHTML, like Gecko) Chrome/151.0.0.0 Mobile Safari/537.36"
79.127.144.105 - - [30/Aug/2026:03:44:43 +0200] "GET /img/demos/medical/icons/dental-prosthesis.png HTTP/2.0" 200 2069 "https://www.a-dent.hr/en" "Mozilla/5.0 (Linux; Android 10; K) AppleWebKit/537.36 (KHTML, like Gecko) Chrome/151.0.0.0 Mobile Safari/537.36"
79.127.144.105 - - [30/Aug/2026:03:44:43 +0200] "GET /img/demos/medical/icons/smiling-lips.png HTTP/2.0" 200 2126 "https://www.a-dent.hr/en" "Mozilla/5.0 (Linux; Android 10; K) AppleWebKit/537.36 (KHTML, like Gecko) Chrome/151.0.0.0 Mobile Safari/537.36"
79.127.144.105 - - [30/Aug/2026:03:44:43 +0200] "GET /img/demos/medical/icons/pair-of-molars.png HTTP/2.0" 200 2441 "https://www.a-dent.hr/en" "Mozilla/5.0 (Linux; Android 10; K) AppleWebKit/537.36 (KHTML, like Gecko) Chrome/151.0.0.0 Mobile Safari/537.36"
79.127.144.105 - - [30/Aug/2026:03:44:44 +0200] "GET /img/demos/medical/icons/dental-device.png HTTP/2.0" 200 2674 "https://www.a-dent.hr/en" "Mozilla/5.0 (Linux; Android 10; K) AppleWebKit/537.36 (KHTML, like Gecko) Chrome/151.0.0.0 Mobile Safari/537.36"
79.127.144.105 - - [30/Aug/2026:03:44:44 +0200] "GET /img/doctor-2.png?v=2 HTTP/2.0" 200 365147 "https://www.a-dent.hr/en" "Mozilla/5.0 (Linux; Android 10; K) AppleWebKit/537.36 (KHTML, like Gecko) Chrome/151.0.0.0 Mobile Safari/537.36"
79.127.144.105 - - [30/Aug/2026:03:44:44 +0200] "GET /img/doctor-1.png?v=2 HTTP/2.0" 200 430058 "https://www.a-dent.hr/en" "Mozilla/5.0 (Linux; Android 10; K) AppleWebKit/537.36 (KHTML, like Gecko) Chrome/151.0.0.0 Mobile Safari/537.36"
79.127.144.105 - - [30/Aug/2026:03:44:48 +0200] "GET /img/doctor-3.jpg?v=2 HTTP/2.0" 200 128856 "https://www.a-dent.hr/en" "Mozilla/5.0 (Linux; Android 10; K) AppleWebKit/537.36 (KHTML, like Gecko) Chrome/151.0.0.0 Mobile Safari/537.36"
79.127.144.105 - - [30/Aug/2026:03:44:50 +0200] "GET /img/doctor-4.jpg HTTP/2.0" 200 241036 "https://www.a-dent.hr/en" "Mozilla/5.0 (Linux; Android 10; K) AppleWebKit/537.36 (KHTML, like Gecko) Chrome/151.0.0.0 Mobile Safari/537.36"
79.127.144.105 - - [30/Aug/2026:03:44:51 +0200] "GET /uploads/thumbnails/4f0c8084554ff7b7294ef45a15fcd6cd.jpg HTTP/2.0" 200 35486 "https://www.a-dent.hr/en" "Mozilla/5.0 (Linux; Android 10; K) AppleWebKit/537.36 (KHTML, like Gecko) Chrome/151.0.0.0 Mobile Safari/537.36"
79.127.144.105 - - [30/Aug/2026:03:44:51 +0200] "GET /img/logos/invisalign.png HTTP/2.0" 200 17596 "https://www.a-dent.hr/en" "Mozilla/5.0 (Linux; Android 10; K) AppleWebKit/537.36 (KHTML, like Gecko) Chrome/151.0.0.0 Mobile Safari/537.36"
79.127.144.105 - - [30/Aug/2026:03:44:54 +0200] "GET /img/logos/3m.jpg HTTP/2.0" 200 15030 "https://www.a-dent.hr/en" "Mozilla/5.0 (Linux; Android 10; K) AppleWebKit/537.36 (KHTML, like Gecko) Chrome/151.0.0.0 Mobile Safari/537.36"
79.127.144.105 - - [30/Aug/2026:03:44:54 +0200] "GET /img/logos/ivoclar.png HTTP/2.0" 200 14288 "https://www.a-dent.hr/en" "Mozilla/5.0 (Linux; Android 10; K) AppleWebKit/537.36 (KHTML, like Gecko) Chrome/151.0.0.0 Mobile Safari/537.36"
79.127.144.105 - - [30/Aug/2026:03:44:54 +0200] "GET /img/logos/dental-tribune.jpg HTTP/2.0" 200 15714 "https://www.a-dent.hr/en" "Mozilla/5.0 (Linux; Android 10; K) AppleWebKit/537.36 (KHTML, like Gecko) Chrome/151.0.0.0 Mobile Safari/537.36"
79.127.144.105 - - [30/Aug/2026:03:44:55 +0200] "GET /img/logos/nobel.png HTTP/2.0" 200 14269 "https://www.a-dent.hr/en" "Mozilla/5.0 (Linux; Android 10; K) AppleWebKit/537.36 (KHTML, like Gecko) Chrome/151.0.0.0 Mobile Safari/537.36"
79.127.144.105 - - [30/Aug/2026:03:44:55 +0200] "GET /img/logos/avinent.jpg HTTP/2.0" 200 18977 "https://www.a-dent.hr/en" "Mozilla/5.0 (Linux; Android 10; K) AppleWebKit/537.36 (KHTML, like Gecko) Chrome/151.0.0.0 Mobile Safari/537.36"
79.127.144.105 - - [30/Aug/2026:03:44:58 +0200] "GET /vendor/simple-line-icons/fonts/Simple-Line-Icons.woff2?v=2.3.2 HTTP/2.0" 200 29264 "https://www.a-dent.hr/vendor/simple-line-icons/css/simple-line-icons.min.css" "Mozilla/5.0 (Linux; Android 10; K) AppleWebKit/537.36 (KHTML, like Gecko) Chrome/151.0.0.0 Mobile Safari/537.36"
79.127.144.105 - - [30/Aug/2026:03:45:01 +0200] "GET /vendor/font-awesome/fonts/fontawesome-webfont.woff2?v=4.6.3 HTTP/2.0" 200 71901 "https://www.a-dent.hr/vendor/font-awesome/css/font-awesome.min.css" "Mozilla/5.0 (Linux; Android 10; K) AppleWebKit/537.36 (KHTML, like Gecko) Chrome/151.0.0.0 Mobile Safari/537.36"
79.127.144.105 - - [30/Aug/2026:03:45:06 +0200] "GET /img/apple-touch-icon.png HTTP/2.0" 200 6268 "https://www.a-dent.hr/en" "Mozilla/5.0 (Linux; Android 10; K) AppleWebKit/537.36 (KHTML, like Gecko) Chrome/151.0.0.0 Mobile Safari/537.36"
79.127.144.105 - - [30/Aug/2026:03:45:06 +0200] "GET /img/favicon.ico HTTP/2.0" 200 626 "https://www.a-dent.hr/en" "Mozilla/5.0 (Linux; Android 10; K) AppleWebKit/537.36 (KHTML, like Gecko) Chrome/151.0.0.0 Mobile Safari/537.36"
54.36.234.7 - - [30/Aug/2026:03:45:21 +0200] "HEAD / HTTP/1.1" 301 - "-" "Zabbix 6.0.46"
79.127.144.105 - - [30/Aug/2026:03:45:59 +0200] "GET /doctor-2-en.html?v=2 HTTP/2.0" 200 529 "https://www.a-dent.hr/en" "Mozilla/5.0 (Linux; Android 10; K) AppleWebKit/537.36 (KHTML, like Gecko) Chrome/151.0.0.0 Mobile Safari/537.36"
79.127.144.105 - - [30/Aug/2026:03:46:00 +0200] "GET /img/doctor-2.png HTTP/2.0" 200 365147 "https://www.a-dent.hr/en" "Mozilla/5.0 (Linux; Android 10; K) AppleWebKit/537.36 (KHTML, like Gecko) Chrome/151.0.0.0 Mobile Safari/537.36"
79.127.144.105 - - [30/Aug/2026:03:46:07 +0200] "GET /en HTTP/2.0" 200 5914 "-" "Mozilla/5.0 (X11; Linux x86_64) AppleWebKit/537.36 (KHTML, like Gecko) Chrome/151.0.0.0 Safari/537.36"
79.127.144.105 - - [30/Aug/2026:03:46:08 +0200] "GET /assets/css/cookieconsent.min.css HTTP/2.0" 200 1037 "https://www.a-dent.hr/en" "Mozilla/5.0 (X11; Linux x86_64) AppleWebKit/537.36 (KHTML, like Gecko) Chrome/151.0.0.0 Safari/537.36"
79.127.144.105 - - [30/Aug/2026:03:46:08 +0200] "GET /vendor/animate/animate.min.css HTTP/2.0" 200 3731 "https://www.a-dent.hr/en" "Mozilla/5.0 (X11; Linux x86_64) AppleWebKit/537.36 (KHTML, like Gecko) Chrome/151.0.0.0 Safari/537.36"
79.127.144.105 - - [30/Aug/2026:03:46:08 +0200] "GET /vendor/font-awesome/css/font-awesome.min.css HTTP/2.0" 200 6295 "https://www.a-dent.hr/en" "Mozilla/5.0 (X11; Linux x86_64) AppleWebKit/537.36 (KHTML, like Gecko) Chrome/151.0.0.0 Safari/537.36"
79.127.144.105 - - [30/Aug/2026:03:46:08 +0200] "GET /vendor/bootstrap/css/bootstrap.min.css HTTP/2.0" 200 18167 "https://www.a-dent.hr/en" "Mozilla/5.0 (X11; Linux x86_64) AppleWebKit/537.36 (KHTML, like Gecko) Chrome/151.0.0.0 Safari/537.36"
79.127.144.105 - - [30/Aug/2026:03:46:08 +0200] "GET /vendor/simple-line-icons/css/simple-line-icons.min.css HTTP/2.0" 200 2257 "https://www.a-dent.hr/en" "Mozilla/5.0 (X11; Linux x86_64) AppleWebKit/537.36 (KHTML, like Gecko) Chrome/151.0.0.0 Safari/537.36"
79.127.144.105 - - [30/Aug/2026:03:46:08 +0200] "GET /vendor/owl.carousel/assets/owl.theme.default.min.css HTTP/2.0" 200 374 "https://www.a-dent.hr/en" "Mozilla/5.0 (X11; Linux x86_64) AppleWebKit/537.36 (KHTML, like Gecko) Chrome/151.0.0.0 Safari/537.36"
79.127.144.105 - - [30/Aug/2026:03:46:08 +0200] "GET /vendor/owl.carousel/assets/owl.carousel.min.css HTTP/2.0" 200 797 "https://www.a-dent.hr/en" "Mozilla/5.0 (X11; Linux x86_64) AppleWebKit/537.36 (KHTML, like Gecko) Chrome/151.0.0.0 Safari/537.36"
79.127.144.105 - - [30/Aug/2026:03:46:08 +0200] "GET /vendor/magnific-popup/magnific-popup.min.css HTTP/2.0" 200 1424 "https://www.a-dent.hr/en" "Mozilla/5.0 (X11; Linux x86_64) AppleWebKit/537.36 (KHTML, like Gecko) Chrome/151.0.0.0 Safari/537.36"
54.36.234.7 - - [30/Aug/2026:03:46:21 +0200] "HEAD / HTTP/1.1" 301 - "-" "Zabbix 6.0.46"
54.36.234.7 - - [30/Aug/2026:03:47:21 +0200] "HEAD / HTTP/1.1" 301 - "-" "Zabbix 6.0.46"
54.36.234.7 - - [30/Aug/2026:03:48:21 +0200] "HEAD / HTTP/1.1" 301 - "-" "Zabbix 6.0.46"
40.77.167.51 - - [30/Aug/2026:03:48:30 +0200] "GET /img/slides/3.jpg HTTP/2.0" 200 231638 "-" "Mozilla/5.0 AppleWebKit/537.36 (KHTML, like Gecko; compatible; bingbot/2.0; +http://www.bing.com/bingbot.htm) Chrome/116.0.1938.76 Safari/537.36"
54.36.234.7 - - [30/Aug/2026:03:49:21 +0200] "HEAD / HTTP/1.1" 301 - "-" "Zabbix 6.0.46"
54.36.234.7 - - [30/Aug/2026:03:50:21 +0200] "HEAD / HTTP/1.1" 301 - "-" "Zabbix 6.0.46"
194.180.49.37 - - [30/Aug/2026:03:50:47 +0200] "GET /.git/config HTTP/1.1" 403 239 "-" "Go-http-client/1.1"
97.107.137.233 - - [30/Aug/2026:03:51:18 +0200] "GET / HTTP/2.0" 301 287 "-" "Mozilla/5.0 (Windows NT 10.0; Win64; x64) AppleWebKit/537.36 (KHTML, like Gecko) Chrome/120.0.0.0 Safari/537.36"
97.107.137.233 - - [30/Aug/2026:03:51:19 +0200] "GET / HTTP/2.0" 200 6562 "https://madhousephotography.com.au" "Mozilla/5.0 (Windows NT 10.0; Win64; x64) AppleWebKit/537.36 (KHTML, like Gecko) Chrome/120.0.0.0 Safari/537.36"
54.36.234.7 - - [30/Aug/2026:03:51:21 +0200] "HEAD / HTTP/1.1" 301 - "-" "Zabbix 6.0.46"
45.79.207.252 - - [30/Aug/2026:03:52:06 +0200] "GET / HTTP/1.0" 301 270 "-" "-"
54.36.234.7 - - [30/Aug/2026:03:52:21 +0200] "HEAD / HTTP/1.1" 301 - "-" "Zabbix 6.0.46"
54.36.234.7 - - [30/Aug/2026:03:53:21 +0200] "HEAD / HTTP/1.1" 301 - "-" "Zabbix 6.0.46"
54.36.234.7 - - [30/Aug/2026:03:54:21 +0200] "HEAD / HTTP/1.1" 301 - "-" "Zabbix 6.0.46"
77.90.185.230 - - [30/Aug/2026:03:55:13 +0200] "GET / HTTP/2.0" 200 11887 "-" "Mozilla/5.0 (X11; U; Linux i686; pl-PL; rv:1.9.0.7) Gecko/2009030503 Fedora/3.0.7-1.fc10 Firefox/3.0.7"
77.90.185.230 - - [30/Aug/2026:03:55:13 +0200] "GET /.env HTTP/2.0" 403 239 "-" "Mozilla/5.0 (X11; U; Linux i686; pl-PL; rv:1.9.0.7) Gecko/2009030503 Fedora/3.0.7-1.fc10 Firefox/3.0.7"
77.90.185.230 - - [30/Aug/2026:03:55:13 +0200] "GET /api/.env HTTP/2.0" 403 239 "-" "Mozilla/5.0 (X11; U; Linux i686; pl-PL; rv:1.9.0.7) Gecko/2009030503 Fedora/3.0.7-1.fc10 Firefox/3.0.7"
77.90.185.230 - - [30/Aug/2026:03:55:13 +0200] "GET /backend/.env HTTP/2.0" 403 239 "-" "Mozilla/5.0 (X11; U; Linux i686; pl-PL; rv:1.9.0.7) Gecko/2009030503 Fedora/3.0.7-1.fc10 Firefox/3.0.7"
77.90.185.230 - - [30/Aug/2026:03:55:13 +0200] "GET /phpinfo.php HTTP/2.0" 200 11901 "-" "Mozilla/5.0 (X11; U; Linux i686; pl-PL; rv:1.9.0.7) Gecko/2009030503 Fedora/3.0.7-1.fc10 Firefox/3.0.7"
77.90.185.230 - - [30/Aug/2026:03:55:13 +0200] "GET /admin/.env HTTP/2.0" 403 239 "-" "Mozilla/5.0 (X11; U; Linux i686; pl-PL; rv:1.9.0.7) Gecko/2009030503 Fedora/3.0.7-1.fc10 Firefox/3.0.7"
77.90.185.230 - - [30/Aug/2026:03:55:13 +0200] "GET /phpinfo/ HTTP/2.0" 200 11900 "-" "Mozilla/5.0 (X11; U; Linux i686; pl-PL; rv:1.9.0.7) Gecko/2009030503 Fedora/3.0.7-1.fc10 Firefox/3.0.7"
77.90.185.230 - - [30/Aug/2026:03:55:13 +0200] "GET /laravel/.env HTTP/2.0" 403 239 "-" "Mozilla/5.0 (X11; U; Linux i686; pl-PL; rv:1.9.0.7) Gecko/2009030503 Fedora/3.0.7-1.fc10 Firefox/3.0.7"
54.36.234.7 - - [30/Aug/2026:03:55:21 +0200] "HEAD / HTTP/1.1" 301 - "-" "Zabbix 6.0.46"
54.36.234.7 - - [30/Aug/2026:03:56:21 +0200] "HEAD / HTTP/1.1" 301 - "-" "Zabbix 6.0.46"
54.36.234.7 - - [30/Aug/2026:03:57:21 +0200] "HEAD / HTTP/1.1" 301 - "-" "Zabbix 6.0.46"
54.36.234.7 - - [30/Aug/2026:03:58:21 +0200] "HEAD / HTTP/1.1" 301 - "-" "Zabbix 6.0.46"
54.36.234.7 - - [30/Aug/2026:03:59:21 +0200] "HEAD / HTTP/1.1" 301 - "-" "Zabbix 6.0.46"
45.133.173.145 - - [30/Aug/2026:03:59:22 +0200] "GET / HTTP/1.0" 301 270 "-" "-"
45.133.173.67 - - [30/Aug/2026:03:59:22 +0200] "GET / HTTP/1.0" 301 270 "-" "-"
154.16.44.186 - - [30/Aug/2026:03:59:22 +0200] "GET / HTTP/1.0" 301 270 "-" "-"
45.133.173.133 - - [30/Aug/2026:03:59:22 +0200] "GET / HTTP/1.0" 301 270 "-" "-"
2.57.17.223 - - [30/Aug/2026:03:59:22 +0200] "GET / HTTP/1.0" 301 270 "-" "-"
154.16.44.179 - - [30/Aug/2026:03:59:22 +0200] "GET / HTTP/1.0" 301 270 "-" "-"
5.252.83.50 - - [30/Aug/2026:03:59:22 +0200] "GET / HTTP/1.0" 301 270 "-" "-"
154.16.44.248 - - [30/Aug/2026:03:59:22 +0200] "GET / HTTP/1.0" 301 270 "-" "-"
54.36.234.7 - - [30/Aug/2026:04:00:21 +0200] "HEAD / HTTP/1.1" 301 - "-" "Zabbix 6.0.46"
54.36.234.7 - - [30/Aug/2026:04:01:21 +0200] "HEAD / HTTP/1.1" 301 - "-" "Zabbix 6.0.46"
54.36.234.7 - - [30/Aug/2026:04:02:21 +0200] "HEAD / HTTP/1.1" 301 - "-" "Zabbix 6.0.46"
170.106.180.153 - - [30/Aug/2026:04:02:30 +0200] "GET / HTTP/1.0" 301 270 "-" "-"
54.36.234.7 - - [30/Aug/2026:04:03:21 +0200] "HEAD / HTTP/1.1" 301 - "-" "Zabbix 6.0.46"
54.36.234.7 - - [30/Aug/2026:04:04:21 +0200] "HEAD / HTTP/1.1" 301 - "-" "Zabbix 6.0.46"
103.153.183.69 - - [30/Aug/2026:04:04:22 +0200] "-" 408 - "-" "-"
18.235.110.182 - - [30/Aug/2026:04:04:47 +0200] "GET / HTTP/1.1" 200 11873 "-" "RecordedFuture Global Inventory Crawler"
54.36.234.7 - - [30/Aug/2026:04:05:21 +0200] "HEAD / HTTP/1.1" 301 - "-" "Zabbix 6.0.46"
54.36.234.7 - - [30/Aug/2026:04:06:21 +0200] "HEAD / HTTP/1.1" 301 - "-" "Zabbix 6.0.46"
54.36.234.7 - - [30/Aug/2026:04:07:21 +0200] "HEAD / HTTP/1.1" 301 - "-" "Zabbix 6.0.46"
54.36.234.7 - - [30/Aug/2026:04:08:21 +0200] "HEAD / HTTP/1.1" 301 - "-" "Zabbix 6.0.46"
54.36.234.7 - - [30/Aug/2026:04:09:21 +0200] "HEAD / HTTP/1.1" 301 - "-" "Zabbix 6.0.46"
103.153.183.69 - - [30/Aug/2026:04:09:39 +0200] "-" 408 - "-" "-"
172.235.41.110 - - [30/Aug/2026:04:09:46 +0200] "GET / HTTP/1.0" 301 270 "-" "-"
172.235.41.110 - - [30/Aug/2026:04:09:49 +0200] "GET / HTTP/1.1" 200 11851 "-" "Mozilla/5.0 (Macintosh; Intel Mac OS X 13_1) AppleWebKit/537.36 (KHTML, like Gecko) Chrome/108.0.0.0 Safari/537.36"
54.36.234.7 - - [30/Aug/2026:04:10:21 +0200] "HEAD / HTTP/1.1" 301 - "-" "Zabbix 6.0.46"
54.36.234.7 - - [30/Aug/2026:04:11:21 +0200] "HEAD / HTTP/1.1" 301 - "-" "Zabbix 6.0.46"
54.36.234.7 - - [30/Aug/2026:04:12:21 +0200] "HEAD / HTTP/1.1" 301 - "-" "Zabbix 6.0.46"
54.36.234.7 - - [30/Aug/2026:04:13:21 +0200] "HEAD / HTTP/1.1" 301 - "-" "Zabbix 6.0.46"
54.36.234.7 - - [30/Aug/2026:04:14:21 +0200] "HEAD / HTTP/1.1" 301 - "-" "Zabbix 6.0.46"
54.36.234.7 - - [30/Aug/2026:04:15:21 +0200] "HEAD / HTTP/1.1" 301 - "-" "Zabbix 6.0.46"
54.36.234.7 - - [30/Aug/2026:04:16:21 +0200] "HEAD / HTTP/1.1" 301 - "-" "Zabbix 6.0.46"
54.36.234.7 - - [30/Aug/2026:04:17:21 +0200] "HEAD / HTTP/1.1" 301 - "-" "Zabbix 6.0.46"
54.36.234.7 - - [30/Aug/2026:04:18:21 +0200] "HEAD / HTTP/1.1" 301 - "-" "Zabbix 6.0.46"
45.78.195.69 - - [30/Aug/2026:04:18:57 +0200] "GET /img/gallery/thumbs/5.jpg HTTP/1.1" 200 63132 "-" "Mozilla/5.0 (Macintosh; Intel Mac OS X 10_15_7) AppleWebKit/537.36 (KHTML, like Gecko) Chrome/150.0.0.0 Safari/537.36"
54.36.234.7 - - [30/Aug/2026:04:19:21 +0200] "HEAD / HTTP/1.1" 301 - "-" "Zabbix 6.0.46"
54.36.234.7 - - [30/Aug/2026:04:20:21 +0200] "HEAD / HTTP/1.1" 301 - "-" "Zabbix 6.0.46"
85.208.96.212 - - [30/Aug/2026:04:20:54 +0200] "GET /robots.txt HTTP/1.1" 403 239 "-" "Mozilla/5.0 (compatible; SemrushBot/7~bl; +http://www.semrush.com/bot.html)"
185.191.171.15 - - [30/Aug/2026:04:20:55 +0200] "GET /en HTTP/1.1" 403 239 "-" "Mozilla/5.0 (compatible; SemrushBot/7~bl; +http://www.semrush.com/bot.html)"
62.60.130.198 - - [30/Aug/2026:04:21:12 +0200] "POST /?rest_route=/batch/v1 HTTP/1.1" 200 11987 "-" "wp2shell"
54.36.234.7 - - [30/Aug/2026:04:21:21 +0200] "HEAD / HTTP/1.1" 301 - "-" "Zabbix 6.0.46"
185.170.167.18 - - [30/Aug/2026:04:21:43 +0200] "GET /robots.txt HTTP/1.1" 200 24 "-" "Mozilla/5.0 (compatible; BacklinksExtendedBot)"
185.170.167.18 - - [30/Aug/2026:04:21:44 +0200] "GET /en HTTP/1.1" 200 32379 "-" "Mozilla/5.0 (compatible; BacklinksExtendedBot)"
194.180.49.37 - - [30/Aug/2026:04:22:00 +0200] "GET /.git/config HTTP/1.1" 403 239 "-" "Go-http-client/1.1"
72.48.74.49 - - [30/Aug/2026:04:22:13 +0200] "GET /robots.txt HTTP/2.0" 200 24 "-" "Mozilla/5.0 (Linux; Android 14; SM-S928B) AppleWebKit/537.36 (KHTML, like Gecko) SamsungBrowser/25.0 Chrome/121.0.6167.178 Mobile Safari/537.36"
54.36.234.7 - - [30/Aug/2026:04:22:21 +0200] "HEAD / HTTP/1.1" 301 - "-" "Zabbix 6.0.46"
104.28.196.77 - - [30/Aug/2026:04:22:47 +0200] "GET / HTTP/1.1" 200 11827 "-" "Mozilla/5.0 (Windows NT 10.0; Win64; x64; rv:137.0) Gecko/20100101 Firefox/137.0"
104.28.228.78 - - [30/Aug/2026:04:22:52 +0200] "GET / HTTP/1.1" 200 11918 "https://www.google.com/search?q=www.host2.aspekt.co" "Mozilla/5.0 (Windows NT 10.0; Win64; x64) AppleWebKit/537.36 (KHTML, like Gecko) Chrome/135.0.0.0 Safari/537.36"
54.36.234.7 - - [30/Aug/2026:04:23:21 +0200] "HEAD / HTTP/1.1" 301 - "-" "Zabbix 6.0.46"
54.36.234.7 - - [30/Aug/2026:04:24:21 +0200] "HEAD / HTTP/1.1" 301 - "-" "Zabbix 6.0.46"
54.36.234.7 - - [30/Aug/2026:04:25:21 +0200] "HEAD / HTTP/1.1" 301 - "-" "Zabbix 6.0.46"
54.36.234.7 - - [30/Aug/2026:04:26:21 +0200] "HEAD / HTTP/1.1" 301 - "-" "Zabbix 6.0.46"
54.36.234.7 - - [30/Aug/2026:04:27:21 +0200] "HEAD / HTTP/1.1" 301 - "-" "Zabbix 6.0.46"
54.36.234.7 - - [30/Aug/2026:04:28:21 +0200] "HEAD / HTTP/1.1" 301 - "-" "Zabbix 6.0.46"
54.36.234.7 - - [30/Aug/2026:04:29:21 +0200] "HEAD / HTTP/1.1" 301 - "-" "Zabbix 6.0.46"
54.36.234.7 - - [30/Aug/2026:04:30:21 +0200] "HEAD / HTTP/1.1" 301 - "-" "Zabbix 6.0.46"
54.36.234.7 - - [30/Aug/2026:04:31:21 +0200] "HEAD / HTTP/1.1" 301 - "-" "Zabbix 6.0.46"
69.171.230.3 - - [30/Aug/2026:04:31:55 +0200] "GET /robots.txt HTTP/2.0" 301 280 "-" "facebookexternalhit/1.1 (+http://www.facebook.com/externalhit_uatext.php)"
69.171.230.39 - - [30/Aug/2026:04:31:55 +0200] "GET /robots.txt HTTP/2.0" 206 24 "-" "facebookexternalhit/1.1 (+http://www.facebook.com/externalhit_uatext.php)"
54.36.234.7 - - [30/Aug/2026:04:32:21 +0200] "HEAD / HTTP/1.1" 301 - "-" "Zabbix 6.0.46"
54.36.234.7 - - [30/Aug/2026:04:33:21 +0200] "HEAD / HTTP/1.1" 301 - "-" "Zabbix 6.0.46"
54.36.234.7 - - [30/Aug/2026:04:34:21 +0200] "HEAD / HTTP/1.1" 301 - "-" "Zabbix 6.0.46"
54.36.234.7 - - [30/Aug/2026:04:35:21 +0200] "HEAD / HTTP/1.1" 301 - "-" "Zabbix 6.0.46"
54.36.234.7 - - [30/Aug/2026:04:36:21 +0200] "HEAD / HTTP/1.1" 301 - "-" "Zabbix 6.0.46"
54.36.234.7 - - [30/Aug/2026:04:37:21 +0200] "HEAD / HTTP/1.1" 301 - "-" "Zabbix 6.0.46"
54.36.234.7 - - [30/Aug/2026:04:38:21 +0200] "HEAD / HTTP/1.1" 301 - "-" "Zabbix 6.0.46"
54.36.234.7 - - [30/Aug/2026:04:39:21 +0200] "HEAD / HTTP/1.1" 301 - "-" "Zabbix 6.0.46"
104.28.222.46 - - [30/Aug/2026:04:39:48 +0200] "-" 408 - "-" "-"
54.36.234.7 - - [30/Aug/2026:04:40:21 +0200] "HEAD / HTTP/1.1" 301 - "-" "Zabbix 6.0.46"
54.36.234.7 - - [30/Aug/2026:04:41:21 +0200] "HEAD / HTTP/1.1" 301 - "-" "Zabbix 6.0.46"
204.168.224.111 - - [30/Aug/2026:04:42:15 +0200] "GET / HTTP/2.0" 301 270 "-" "MerchantResearchBot/1.0 (+https://example.org/crawler; contact: abuse@example.org)"
54.36.234.7 - - [30/Aug/2026:04:42:21 +0200] "HEAD / HTTP/1.1" 301 - "-" "Zabbix 6.0.46"
204.168.224.111 - - [30/Aug/2026:04:42:24 +0200] "GET / HTTP/2.0" 200 6534 "-" "MerchantResearchBot/1.0 (+https://example.org/crawler; contact: abuse@example.org)"
54.36.234.7 - - [30/Aug/2026:04:43:21 +0200] "HEAD / HTTP/1.1" 301 - "-" "Zabbix 6.0.46"
54.36.234.7 - - [30/Aug/2026:04:44:21 +0200] "HEAD / HTTP/1.1" 301 - "-" "Zabbix 6.0.46"
3.85.196.206 - - [30/Aug/2026:04:44:53 +0200] "GET / HTTP/1.1" 301 270 "-" "Mozilla/5.0 (X11; Linux x86_64) AppleWebKit/537.36 (KHTML, like Gecko) Chrome/132.0.0.0 Safari/537.36"
34.230.146.223 - - [30/Aug/2026:04:44:54 +0200] "GET / HTTP/1.1" 200 33250 "-" "Mozilla/5.0 (X11; Linux x86_64) AppleWebKit/537.36 (KHTML, like Gecko) Chrome/132.0.0.0 Safari/537.36"
54.36.234.7 - - [30/Aug/2026:04:45:21 +0200] "HEAD / HTTP/1.1" 301 - "-" "Zabbix 6.0.46"
54.36.234.7 - - [30/Aug/2026:04:46:21 +0200] "HEAD / HTTP/1.1" 301 - "-" "Zabbix 6.0.46"
54.36.234.7 - - [30/Aug/2026:04:47:21 +0200] "HEAD / HTTP/1.1" 301 - "-" "Zabbix 6.0.46"
54.36.234.7 - - [30/Aug/2026:04:48:21 +0200] "HEAD / HTTP/1.1" 301 - "-" "Zabbix 6.0.46"
54.36.234.7 - - [30/Aug/2026:04:49:21 +0200] "HEAD / HTTP/1.1" 301 - "-" "Zabbix 6.0.46"
129.211.229.121 - - [30/Aug/2026:04:50:02 +0200] "GET / HTTP/1.1" 200 33250 "http://www.a-dent.hr" "Mozilla/5.0 (iPhone; CPU iPhone OS 13_2_3 like Mac OS X) AppleWebKit/605.1.15 (KHTML, like Gecko) Version/13.0.3 Mobile/15E148 Safari/604.1"
54.36.234.7 - - [30/Aug/2026:04:50:21 +0200] "HEAD / HTTP/1.1" 301 - "-" "Zabbix 6.0.46"
54.36.234.7 - - [30/Aug/2026:04:51:22 +0200] "HEAD / HTTP/1.1" 301 - "-" "Zabbix 6.0.46"
20.84.124.149 - - [30/Aug/2026:04:51:57 +0200] "GET /owa/auth/x.js HTTP/2.0" 200 11971 "-" "Mozilla/5.0 zgrab/0.x"
45.79.5.11 - - [30/Aug/2026:04:52:19 +0200] "GET / HTTP/1.0" 301 270 "-" "-"
54.36.234.7 - - [30/Aug/2026:04:52:22 +0200] "HEAD / HTTP/1.1" 301 - "-" "Zabbix 6.0.46"
54.36.234.7 - - [30/Aug/2026:04:53:21 +0200] "HEAD / HTTP/1.1" 301 - "-" "Zabbix 6.0.46"
74.7.175.175 - - [30/Aug/2026:04:54:00 +0200] "GET /robots.txt HTTP/1.1" 200 28 "-" "Mozilla/5.0 (Macintosh; Intel Mac OS X 10_15_7) AppleWebKit/537.36 (KHTML, like Gecko) Chrome/131.0.0.0 Safari/537.36; compatible; OAI-SearchBot/1.4; robots.txt; +https://openai.com/searchbot"
54.36.234.7 - - [30/Aug/2026:04:54:21 +0200] "HEAD / HTTP/1.1" 301 - "-" "Zabbix 6.0.46"
148.251.241.12 - - [30/Aug/2026:04:54:38 +0200] "GET /robots.txt HTTP/1.1" 200 11902 "-" "serpstatbot/2.1 (advanced backlink tracking bot; https://serpstatbot.com/; abuse@serpstatbot.com)"
148.251.241.12 - - [30/Aug/2026:04:54:38 +0200] "GET /usluge/restaurativna-stomatologija-i-endodoncija HTTP/1.1" 200 11942 "-" "serpstatbot/2.1 (advanced backlink tracking bot; https://serpstatbot.com/; abuse@serpstatbot.com)"
148.251.241.12 - - [30/Aug/2026:04:55:06 +0200] "GET /usluge/protetika HTTP/1.1" 200 11899 "-" "serpstatbot/2.1 (advanced backlink tracking bot; https://serpstatbot.com/; abuse@serpstatbot.com)"
54.36.234.7 - - [30/Aug/2026:04:55:21 +0200] "HEAD / HTTP/1.1" 301 - "-" "Zabbix 6.0.46"
148.251.241.12 - - [30/Aug/2026:04:55:21 +0200] "GET /usluge/ortodoncija HTTP/1.1" 200 11958 "-" "serpstatbot/2.1 (advanced backlink tracking bot; https://serpstatbot.com/; abuse@serpstatbot.com)"
148.251.241.12 - - [30/Aug/2026:04:55:30 +0200] "GET /usluge/oralna-kirurgija HTTP/1.1" 200 12033 "-" "serpstatbot/2.1 (advanced backlink tracking bot; https://serpstatbot.com/; abuse@serpstatbot.com)"
148.251.241.12 - - [30/Aug/2026:04:55:40 +0200] "GET /usluge/non-prep-ljuskice HTTP/1.1" 200 11943 "-" "serpstatbot/2.1 (advanced backlink tracking bot; https://serpstatbot.com/; abuse@serpstatbot.com)"
148.251.241.12 - - [30/Aug/2026:04:55:49 +0200] "GET /usluge/ljuskice HTTP/1.1" 200 11910 "-" "serpstatbot/2.1 (advanced backlink tracking bot; https://serpstatbot.com/; abuse@serpstatbot.com)"
148.251.241.12 - - [30/Aug/2026:04:56:01 +0200] "GET /usluge/izbjeljivanje-zubi HTTP/1.1" 200 11923 "-" "serpstatbot/2.1 (advanced backlink tracking bot; https://serpstatbot.com/; abuse@serpstatbot.com)"
148.251.241.12 - - [30/Aug/2026:04:56:11 +0200] "GET /usluge/dentalni-implantati HTTP/1.1" 200 12071 "-" "serpstatbot/2.1 (advanced backlink tracking bot; https://serpstatbot.com/; abuse@serpstatbot.com)"
148.251.241.12 - - [30/Aug/2026:04:56:21 +0200] "GET /usluge/dentalna-higijena-u-najranijoj-dobi HTTP/1.1" 200 11961 "-" "serpstatbot/2.1 (advanced backlink tracking bot; https://serpstatbot.com/; abuse@serpstatbot.com)"
54.36.234.7 - - [30/Aug/2026:04:56:21 +0200] "HEAD / HTTP/1.1" 301 - "-" "Zabbix 6.0.46"
148.251.241.12 - - [30/Aug/2026:04:56:32 +0200] "GET /usluge/all-on-4 HTTP/1.1" 200 11869 "-" "serpstatbot/2.1 (advanced backlink tracking bot; https://serpstatbot.com/; abuse@serpstatbot.com)"
148.251.241.12 - - [30/Aug/2026:04:56:44 +0200] "GET /pravila-privatnosti HTTP/1.1" 200 11962 "-" "serpstatbot/2.1 (advanced backlink tracking bot; https://serpstatbot.com/; abuse@serpstatbot.com)"
148.251.241.12 - - [30/Aug/2026:04:56:55 +0200] "GET /o-nama HTTP/1.1" 200 11968 "-" "serpstatbot/2.1 (advanced backlink tracking bot; https://serpstatbot.com/; abuse@serpstatbot.com)"
148.251.241.12 - - [30/Aug/2026:04:57:06 +0200] "GET /novosti/zasto-i-kada-se-odluciti-na-izbjeljivanje-zubi HTTP/1.1" 200 11962 "-" "serpstatbot/2.1 (advanced backlink tracking bot; https://serpstatbot.com/; abuse@serpstatbot.com)"
148.251.241.12 - - [30/Aug/2026:04:57:15 +0200] "GET /novosti/sve-sto-trebate-znati-o-zubnim-krunicama-i-mostovima HTTP/1.1" 200 11984 "-" "serpstatbot/2.1 (advanced backlink tracking bot; https://serpstatbot.com/; abuse@serpstatbot.com)"
54.36.234.7 - - [30/Aug/2026:04:57:21 +0200] "HEAD / HTTP/1.1" 301 - "-" "Zabbix 6.0.46"
148.251.241.12 - - [30/Aug/2026:04:57:26 +0200] "GET /novosti/sve-o-invisalign-zubnom-aparaticu HTTP/1.1" 200 11925 "-" "serpstatbot/2.1 (advanced backlink tracking bot; https://serpstatbot.com/; abuse@serpstatbot.com)"
148.251.241.12 - - [30/Aug/2026:04:57:38 +0200] "GET /novosti HTTP/1.1" 200 11919 "-" "serpstatbot/2.1 (advanced backlink tracking bot; https://serpstatbot.com/; abuse@serpstatbot.com)"
148.251.241.12 - - [30/Aug/2026:04:57:52 +0200] "GET /kontakt HTTP/1.1" 200 11919 "-" "serpstatbot/2.1 (advanced backlink tracking bot; https://serpstatbot.com/; abuse@serpstatbot.com)"
148.251.241.12 - - [30/Aug/2026:04:58:01 +0200] "GET /it/trattamenti/sbiancamento-dei-denti HTTP/1.1" 200 11897 "-" "serpstatbot/2.1 (advanced backlink tracking bot; https://serpstatbot.com/; abuse@serpstatbot.com)"
148.251.241.12 - - [30/Aug/2026:04:58:11 +0200] "GET /it/trattamenti/ortodonzia HTTP/1.1" 200 11931 "-" "serpstatbot/2.1 (advanced backlink tracking bot; https://serpstatbot.com/; abuse@serpstatbot.com)"
148.251.241.12 - - [30/Aug/2026:04:58:21 +0200] "GET /it/trattamenti/odontoiatria-restaurativa-ed-endodonzia HTTP/1.1" 200 11979 "-" "serpstatbot/2.1 (advanced backlink tracking bot; https://serpstatbot.com/; abuse@serpstatbot.com)"
54.36.234.7 - - [30/Aug/2026:04:58:21 +0200] "HEAD / HTTP/1.1" 301 - "-" "Zabbix 6.0.46"
148.251.241.12 - - [30/Aug/2026:04:58:32 +0200] "GET /it/trattamenti/odontoiatria-protesica HTTP/1.1" 200 11899 "-" "serpstatbot/2.1 (advanced backlink tracking bot; https://serpstatbot.com/; abuse@serpstatbot.com)"
148.251.241.12 - - [30/Aug/2026:04:58:43 +0200] "GET /it/trattamenti/non-prep-faccette HTTP/1.1" 200 12019 "-" "serpstatbot/2.1 (advanced backlink tracking bot; https://serpstatbot.com/; abuse@serpstatbot.com)"
148.251.241.12 - - [30/Aug/2026:04:58:55 +0200] "GET /it/trattamenti/le-faccette HTTP/1.1" 200 11918 "-" "serpstatbot/2.1 (advanced backlink tracking bot; https://serpstatbot.com/; abuse@serpstatbot.com)"
148.251.241.12 - - [30/Aug/2026:04:59:05 +0200] "GET /it/trattamenti/impianti-dentali HTTP/1.1" 200 11917 "-" "serpstatbot/2.1 (advanced backlink tracking bot; https://serpstatbot.com/; abuse@serpstatbot.com)"
148.251.241.12 - - [30/Aug/2026:04:59:16 +0200] "GET /it/trattamenti/igene-orale-nei-bambini HTTP/1.1" 200 11989 "-" "serpstatbot/2.1 (advanced backlink tracking bot; https://serpstatbot.com/; abuse@serpstatbot.com)"
54.36.234.7 - - [30/Aug/2026:04:59:21 +0200] "HEAD / HTTP/1.1" 301 - "-" "Zabbix 6.0.46"
148.251.241.12 - - [30/Aug/2026:04:59:28 +0200] "GET /it/trattamenti/chirurgia-orale HTTP/1.1" 200 12002 "-" "serpstatbot/2.1 (advanced backlink tracking bot; https://serpstatbot.com/; abuse@serpstatbot.com)"
148.251.241.12 - - [30/Aug/2026:04:59:39 +0200] "GET /it/trattamenti/all-on-4 HTTP/1.1" 200 11995 "-" "serpstatbot/2.1 (advanced backlink tracking bot; https://serpstatbot.com/; abuse@serpstatbot.com)"
148.251.241.12 - - [30/Aug/2026:04:59:51 +0200] "GET /it/politica-di-privacy HTTP/1.1" 200 11970 "-" "serpstatbot/2.1 (advanced backlink tracking bot; https://serpstatbot.com/; abuse@serpstatbot.com)"
148.251.241.12 - - [30/Aug/2026:05:00:04 +0200] "GET /it/novita/invisalign-apparecchio-ortodontico HTTP/1.1" 200 11970 "-" "serpstatbot/2.1 (advanced backlink tracking bot; https://serpstatbot.com/; abuse@serpstatbot.com)"
148.251.241.12 - - [30/Aug/2026:05:00:20 +0200] "GET /it/novita HTTP/1.1" 200 11898 "-" "serpstatbot/2.1 (advanced backlink tracking bot; https://serpstatbot.com/; abuse@serpstatbot.com)"
54.36.234.7 - - [30/Aug/2026:05:00:21 +0200] "HEAD / HTTP/1.1" 301 - "-" "Zabbix 6.0.46"
185.191.171.2 - - [30/Aug/2026:05:00:30 +0200] "GET /o-nama HTTP/1.1" 403 239 "-" "Mozilla/5.0 (compatible; SemrushBot/7~bl; +http://www.semrush.com/bot.html)"
148.251.241.12 - - [30/Aug/2026:05:00:34 +0200] "GET /it/galleria HTTP/1.1" 200 11848 "-" "serpstatbot/2.1 (advanced backlink tracking bot; https://serpstatbot.com/; abuse@serpstatbot.com)"
185.170.167.18 - - [30/Aug/2026:05:00:34 +0200] "GET /o-nama HTTP/1.1" 200 22437 "-" "Mozilla/5.0 (compatible; BacklinksExtendedBot)"
148.251.241.12 - - [30/Aug/2026:05:00:47 +0200] "GET /it/contatti HTTP/1.1" 200 11921 "-" "serpstatbot/2.1 (advanced backlink tracking bot; https://serpstatbot.com/; abuse@serpstatbot.com)"
148.251.241.12 - - [30/Aug/2026:05:01:00 +0200] "GET /it/chi-siamo HTTP/1.1" 200 11941 "-" "serpstatbot/2.1 (advanced backlink tracking bot; https://serpstatbot.com/; abuse@serpstatbot.com)"
148.251.241.12 - - [30/Aug/2026:05:01:14 +0200] "GET /it HTTP/1.1" 200 11923 "-" "serpstatbot/2.1 (advanced backlink tracking bot; https://serpstatbot.com/; abuse@serpstatbot.com)"
54.36.234.7 - - [30/Aug/2026:05:01:21 +0200] "HEAD / HTTP/1.1" 301 - "-" "Zabbix 6.0.46"
148.251.241.12 - - [30/Aug/2026:05:01:27 +0200] "GET /hr/usluge/restaurativna-stomatologija-i-endodoncija HTTP/1.1" 200 12001 "-" "serpstatbot/2.1 (advanced backlink tracking bot; https://serpstatbot.com/; abuse@serpstatbot.com)"
148.251.241.12 - - [30/Aug/2026:05:01:39 +0200] "GET /hr/usluge/protetika HTTP/1.1" 200 11956 "-" "serpstatbot/2.1 (advanced backlink tracking bot; https://serpstatbot.com/; abuse@serpstatbot.com)"
148.251.241.12 - - [30/Aug/2026:05:01:52 +0200] "GET /hr/usluge/ortodoncija HTTP/1.1" 200 11864 "-" "serpstatbot/2.1 (advanced backlink tracking bot; https://serpstatbot.com/; abuse@serpstatbot.com)"
148.251.241.12 - - [30/Aug/2026:05:02:04 +0200] "GET /hr/usluge/oralna-kirurgija HTTP/1.1" 200 12033 "-" "serpstatbot/2.1 (advanced backlink tracking bot; https://serpstatbot.com/; abuse@serpstatbot.com)"
148.251.241.12 - - [30/Aug/2026:05:02:16 +0200] "GET /hr/usluge/non-prep-ljuskice HTTP/1.1" 200 11973 "-" "serpstatbot/2.1 (advanced backlink tracking bot; https://serpstatbot.com/; abuse@serpstatbot.com)"
54.36.234.7 - - [30/Aug/2026:05:02:21 +0200] "HEAD / HTTP/1.1" 301 - "-" "Zabbix 6.0.46"
148.251.241.12 - - [30/Aug/2026:05:02:28 +0200] "GET /hr/usluge/ljuskice HTTP/1.1" 200 11933 "-" "serpstatbot/2.1 (advanced backlink tracking bot; https://serpstatbot.com/; abuse@serpstatbot.com)"
148.251.241.12 - - [30/Aug/2026:05:02:40 +0200] "GET /hr/usluge/izbjeljivanje-zubi HTTP/1.1" 200 11929 "-" "serpstatbot/2.1 (advanced backlink tracking bot; https://serpstatbot.com/; abuse@serpstatbot.com)"
148.251.241.12 - - [30/Aug/2026:05:02:52 +0200] "GET /hr/usluge/dentalni-implantati HTTP/1.1" 200 11984 "-" "serpstatbot/2.1 (advanced backlink tracking bot; https://serpstatbot.com/; abuse@serpstatbot.com)"
148.251.241.12 - - [30/Aug/2026:05:03:04 +0200] "GET /hr/usluge/dentalna-higijena-u-najranijoj-dobi HTTP/1.1" 200 11984 "-" "serpstatbot/2.1 (advanced backlink tracking bot; https://serpstatbot.com/; abuse@serpstatbot.com)"
148.251.241.12 - - [30/Aug/2026:05:03:18 +0200] "GET /hr/usluge/all-on-4 HTTP/1.1" 200 11935 "-" "serpstatbot/2.1 (advanced backlink tracking bot; https://serpstatbot.com/; abuse@serpstatbot.com)"
54.36.234.7 - - [30/Aug/2026:05:03:21 +0200] "HEAD / HTTP/1.1" 301 - "-" "Zabbix 6.0.46"
64.23.172.56 - - [30/Aug/2026:05:03:25 +0200] "GET / HTTP/1.1" 200 33736 "-" "Mozilla/5.0 (X11; Linux x86_64) AppleWebKit/537.36 (KHTML, like Gecko) Chrome/142.0.0.0 Safari/537.36"
64.23.172.56 - - [30/Aug/2026:05:03:30 +0200] "GET /img/favicon.ico HTTP/1.1" 200 1150 "https://www.host2.aspekt.co/" "Mozilla/5.0 (X11; Linux x86_64) AppleWebKit/537.36 (KHTML, like Gecko) Chrome/142.0.0.0 Safari/537.36"
148.251.241.12 - - [30/Aug/2026:05:03:32 +0200] "GET /hr/pravila-privatnosti HTTP/1.1" 200 11946 "-" "serpstatbot/2.1 (advanced backlink tracking bot; https://serpstatbot.com/; abuse@serpstatbot.com)"
