82.80.249.164 - - [27/Jun/2019:15:16:59 +0000] "GET /assets/plugins/flag/flags/1x1/pg.svg HTTP/1.1" 200 4562 "-" "Mozilla/5.0 (Windows NT 6.3; WOW64) AppleWebKit/537.36 (KHTML, like Gecko) Chrome/32.0.1700.72 Safari/537.36"
82.80.230.228 - - [27/Jun/2019:15:16:59 +0000] "GET /assets/plugins/flag/flags/4x3/er.svg HTTP/1.1" 200 4833 "-" "Mozilla/5.0 (Windows NT 6.1; WOW64; rv:26.0) Gecko/20100101 Firefox/26.0"
82.80.249.164 - - [27/Jun/2019:15:17:00 +0000] "GET /assets/plugins/flag/flags/4x3/vn.svg HTTP/1.1" 301 278 "-" "Mozilla/5.0 (Windows NT 6.0; rv:26.0) Gecko/20100101 Firefox/26.0"
82.80.249.164 - - [27/Jun/2019:15:17:00 +0000] "GET /assets/plugins/flag/flags/1x1/fj.svg HTTP/1.1" 301 278 "-" "Mozilla/5.0 (Windows NT 6.0) AppleWebKit/537.36 (KHTML, like Gecko) Chrome/31.0.1650.63 Safari/537.36"
82.80.249.164 - - [27/Jun/2019:15:17:01 +0000] "GET /assets/plugins/flag/flags/1x1/fj.svg HTTP/1.1" 200 23443 "-" "Mozilla/5.0 (Windows NT 6.0) AppleWebKit/537.36 (KHTML, like Gecko) Chrome/31.0.1650.63 Safari/537.36"
82.80.249.164 - - [27/Jun/2019:15:17:01 +0000] "GET /assets/plugins/flag/flags/4x3/vn.svg HTTP/1.1" 200 1180 "-" "Mozilla/5.0 (Windows NT 6.0; rv:26.0) Gecko/20100101 Firefox/26.0"
82.80.230.228 - - [27/Jun/2019:15:17:01 +0000] "GET /assets/plugins/flag/flags/4x3/si.svg HTTP/1.1" 301 278 "-" "Mozilla/5.0 (Windows NT 6.3; WOW64; rv:26.0) Gecko/20100101 Firefox/26.0"
82.80.230.228 - - [27/Jun/2019:15:17:01 +0000] "GET /assets/plugins/flag/flags/4x3/si.svg HTTP/1.1" 200 4066 "-" "Mozilla/5.0 (Windows NT 6.3; WOW64; rv:26.0) Gecko/20100101 Firefox/26.0"
82.80.230.228 - - [27/Jun/2019:15:17:01 +0000] "GET /assets/plugins/flag/flags/1x1/bl.svg HTTP/1.1" 200 350 "-" "Mozilla/5.0 (Macintosh; Intel Mac OS X 10_6_8) AppleWebKit/534.59.10 (KHTML, like Gecko) Version/5.1.9 Safari/534.59.10"
82.80.249.194 - - [27/Jun/2019:15:17:02 +0000] "GET /assets/plugins/flag/flags/1x1/us.svg HTTP/1.1" 301 278 "-" "Mozilla/5.0 (Windows NT 6.1; WOW64; rv:28.0) Gecko/20100101 Firefox/28.0"
82.80.230.228 - - [27/Jun/2019:15:17:02 +0000] "GET /unitegallery/skins/default/tile_bullets_green.png HTTP/1.1" 200 369 "-" "Mozilla/5.0 (Macintosh; Intel Mac OS X 10.6; rv:26.0) Gecko/20100101 Firefox/26.0"
82.80.230.228 - - [27/Jun/2019:15:17:02 +0000] "GET /assets/plugins/flag/flags/4x3/gm.svg HTTP/1.1" 200 591 "-" "Mozilla/5.0 (Macintosh; Intel Mac OS X 10_7_5) AppleWebKit/537.73.11 (KHTML, like Gecko) Version/6.1.1 Safari/537.73.11"
82.80.249.194 - - [27/Jun/2019:15:17:02 +0000] "GET /assets/plugins/flag/flags/1x1/us.svg HTTP/1.1" 200 23404 "-" "Mozilla/5.0 (Windows NT 6.1; WOW64; rv:28.0) Gecko/20100101 Firefox/28.0"
82.80.249.204 - - [27/Jun/2019:15:17:02 +0000] "GET /assets/plugins/flag/flags/1x1/mn.svg HTTP/1.1" 200 2104 "-" "Mozilla/5.0 (X11; Linux x86_64) AppleWebKit/537.36 (KHTML, like Gecko) Chrome/31.0.1650.57 Safari/537.36"
82.80.249.164 - - [27/Jun/2019:15:17:02 +0000] "GET /assets/plugins/flag/flags/1x1/mg.svg HTTP/1.1" 301 278 "-" "Mozilla/5.0 (X11; Linux i686) AppleWebKit/537.36 (KHTML, like Gecko) Chrome/31.0.1650.63 Safari/537.36"
82.80.230.228 - - [27/Jun/2019:15:17:03 +0000] "GET /images/icons/email.png HTTP/1.1" 301 264 "-" "Mozilla/5.0 (compatible; MSIE 9.0; Windows NT 6.1; Trident/5.0)"
82.80.249.164 - - [27/Jun/2019:15:17:03 +0000] "GET /assets/plugins/flag/flags/1x1/mg.svg HTTP/1.1" 200 902 "-" "Mozilla/5.0 (X11; Linux i686) AppleWebKit/537.36 (KHTML, like Gecko) Chrome/31.0.1650.63 Safari/537.36"
82.80.230.228 - - [27/Jun/2019:15:17:03 +0000] "GET /images/icons/email.png HTTP/1.1" 200 447 "-" "Mozilla/5.0 (compatible; MSIE 9.0; Windows NT 6.1; Trident/5.0)"
82.80.230.228 - - [27/Jun/2019:15:17:04 +0000] "GET /assets/plugins/flag/flags/4x3/tj.svg HTTP/1.1" 301 278 "-" "Mozilla/5.0 (compatible; MSIE 9.0; Windows NT 6.1; WOW64; Trident/5.0)"
82.80.249.227 - - [27/Jun/2019:15:17:04 +0000] "GET /assets/plugins/flag/flags/1x1/sx.svg HTTP/1.1" 301 278 "-" "Mozilla/5.0 (X11; Ubuntu; Linux x86_64; rv:26.0) Gecko/20100101 Firefox/26.0"
82.80.230.228 - - [27/Jun/2019:15:17:04 +0000] "GET /assets/plugins/flag/flags/1x1/je.svg HTTP/1.1" 301 278 "-" "Mozilla/5.0 (X11; Linux x86_64) AppleWebKit/537.36 (KHTML, like Gecko) Chrome/31.0.1650.57 Safari/537.36"
82.80.230.228 - - [27/Jun/2019:15:17:04 +0000] "GET /assets/plugins/flag/flags/4x3/tj.svg HTTP/1.1" 200 6151 "-" "Mozilla/5.0 (compatible; MSIE 9.0; Windows NT 6.1; WOW64; Trident/5.0)"
82.80.249.227 - - [27/Jun/2019:15:17:04 +0000] "GET /assets/plugins/flag/flags/1x1/sx.svg HTTP/1.1" 200 27980 "-" "Mozilla/5.0 (X11; Ubuntu; Linux x86_64; rv:26.0) Gecko/20100101 Firefox/26.0"
82.80.230.228 - - [27/Jun/2019:15:17:04 +0000] "GET /assets/plugins/flag/flags/1x1/je.svg HTTP/1.1" 200 11021 "-" "Mozilla/5.0 (X11; Linux x86_64) AppleWebKit/537.36 (KHTML, like Gecko) Chrome/31.0.1650.57 Safari/537.36"
82.80.230.228 - - [27/Jun/2019:15:17:05 +0000] "GET /assets/plugins/flag/flags/4x3/co.svg HTTP/1.1" 301 278 "-" "Mozilla/5.0 (Macintosh; Intel Mac OS X 10.8; rv:26.0) Gecko/20100101 Firefox/26.0"
82.80.249.157 - - [27/Jun/2019:15:17:05 +0000] "GET /assets/plugins/flag/flags/4x3/gg.svg HTTP/1.1" 301 278 "-" "Mozilla/5.0 (X11; Linux x86_64) AppleWebKit/537.36 (KHTML, like Gecko) Chrome/31.0.1650.57 Safari/537.36"
82.80.230.228 - - [27/Jun/2019:15:17:05 +0000] "GET /assets/plugins/flag/flags/4x3/sn.svg HTTP/1.1" 200 1121 "-" "Mozilla/5.0 (Windows NT 5.1) AppleWebKit/537.36 (KHTML, like Gecko) Chrome/31.0.1650.63 Safari/537.36"
82.80.249.157 - - [27/Jun/2019:15:17:05 +0000] "GET /assets/plugins/flag/flags/4x3/gg.svg HTTP/1.1" 200 885 "-" "Mozilla/5.0 (X11; Linux x86_64) AppleWebKit/537.36 (KHTML, like Gecko) Chrome/31.0.1650.57 Safari/537.36"
82.80.230.228 - - [27/Jun/2019:15:17:05 +0000] "GET /assets/plugins/flag/flags/4x3/co.svg HTTP/1.1" 200 337 "-" "Mozilla/5.0 (Macintosh; Intel Mac OS X 10.8; rv:26.0) Gecko/20100101 Firefox/26.0"
82.80.230.228 - - [27/Jun/2019:15:17:05 +0000] "GET /assets/plugins/flag/flags/1x1/bb.svg HTTP/1.1" 301 278 "-" "Mozilla/5.0 (X11; Ubuntu; Linux i686; rv:26.0) Gecko/20100101 Firefox/26.0"
82.80.249.155 - - [27/Jun/2019:15:17:05 +0000] "GET /assets/plugins/flag/flags/1x1/co.svg HTTP/1.1" 200 353 "-" "Mozilla/6.0 (compatible)"
82.80.230.228 - - [27/Jun/2019:15:17:05 +0000] "GET /assets/plugins/flag/flags/1x1/bb.svg HTTP/1.1" 200 1739 "-" "Mozilla/5.0 (X11; Ubuntu; Linux i686; rv:26.0) Gecko/20100101 Firefox/26.0"
82.80.249.164 - - [27/Jun/2019:15:17:05 +0000] "GET /assets/plugins/flag/flags/4x3/hr.svg HTTP/1.1" 200 80697 "-" "Mozilla/5.0 (Windows NT 6.1; WOW64; rv:33.0) Gecko/20100101 Firefox/33.0"
82.80.249.164 - - [27/Jun/2019:15:17:06 +0000] "GET /unitegallery/images/loader-black3.gif HTTP/1.1" 200 10333 "-" "Mozilla/5.0 (Macintosh; Intel Mac OS X 10.7; rv:26.0) Gecko/20100101 Firefox/26.0"
82.80.230.228 - - [27/Jun/2019:15:17:06 +0000] "GET /assets/plugins/flag/flags/4x3/ec.svg HTTP/1.1" 301 278 "-" "Mozilla/5.0 (Windows NT 6.1; WOW64) AppleWebKit/537.36 (KHTML, like Gecko) Chrome/41.0.2227.0 Safari/537.36"
82.80.230.228 - - [27/Jun/2019:15:17:06 +0000] "GET /assets/plugins/flag/flags/4x3/be.svg HTTP/1.1" 301 278 "-" "Mozilla/5.0 (X11; Linux x86_64) AppleWebKit/537.36 (KHTML, like Gecko) Chrome/31.0.1650.57 Safari/537.36"
82.80.230.228 - - [27/Jun/2019:15:17:06 +0000] "GET /assets/plugins/flag/flags/4x3/ec.svg HTTP/1.1" 200 38870 "-" "Mozilla/5.0 (Windows NT 6.1; WOW64) AppleWebKit/537.36 (KHTML, like Gecko) Chrome/41.0.2227.0 Safari/537.36"
82.80.230.228 - - [27/Jun/2019:15:17:06 +0000] "GET /assets/plugins/flag/flags/4x3/be.svg HTTP/1.1" 200 351 "-" "Mozilla/5.0 (X11; Linux x86_64) AppleWebKit/537.36 (KHTML, like Gecko) Chrome/31.0.1650.57 Safari/537.36"
82.80.230.228 - - [27/Jun/2019:15:17:06 +0000] "GET /assets/plugins/flag/flags/4x3/jm.svg HTTP/1.1" 200 1017 "-" "Mozilla/5.0 (X11; Ubuntu; Linux x86_64; rv:25.0) Gecko/20100101 Firefox/25.0"
82.80.249.157 - - [27/Jun/2019:15:17:07 +0000] "GET /unitegallery/skins/default/arrows_strip_left.png HTTP/1.1" 200 195 "-" "Mozilla/5.0 (Windows NT 6.1; WOW64; rv:28.0) Gecko/20100101 Firefox/28.0"
82.80.249.164 - - [27/Jun/2019:15:17:07 +0000] "GET /assets/plugins/flag/flags/1x1/gu.svg HTTP/1.1" 301 278 "-" "Mozilla/5.0 (compatible, MSIE 11, Windows NT 6.3; Trident/7.0; rv:11.0) like Gecko"
82.80.249.164 - - [27/Jun/2019:15:17:07 +0000] "GET /assets/plugins/flag/flags/1x1/gu.svg HTTP/1.1" 200 6099 "-" "Mozilla/5.0 (compatible, MSIE 11, Windows NT 6.3; Trident/7.0; rv:11.0) like Gecko"
82.80.230.228 - - [27/Jun/2019:15:17:07 +0000] "GET /uploads/images/b3570d21ba58ee24f697076171b546aa.jpg HTTP/1.1" 200 135160 "-" "Mozilla/5.0 (Macintosh; Intel Mac OS X 10_9_1) AppleWebKit/537.36 (KHTML, like Gecko) Chrome/31.0.1650.63 Safari/537.36"
82.80.249.143 - - [27/Jun/2019:15:17:07 +0000] "GET /assets/plugins/flag/flags/4x3/be.svg HTTP/1.1" 200 351 "-" "Mozilla/5.0 (X11; Linux x86_64) AppleWebKit/537.36 (KHTML, like Gecko) Ubuntu Chromium/31.0.1650.63 Chrome/31.0.1650.63 Safari/537.36"
82.80.230.228 - - [27/Jun/2019:15:17:08 +0000] "GET /assets/plugins/flag/flags/1x1/li.svg HTTP/1.1" 200 17374 "-" "Mozilla/5.0 (compatible; MSIE 9.0; Windows NT 6.1; Trident/5.0)"
82.80.230.228 - - [27/Jun/2019:15:17:08 +0000] "GET /assets/plugins/flag/flags/1x1/kz.svg HTTP/1.1" 200 20846 "-" "Mozilla/5.0 (compatible; MSIE 10.0; Windows NT 6.1; Trident/6.0)"
82.80.230.228 - - [27/Jun/2019:15:17:08 +0000] "GET /assets/plugins/flag/flags/1x1/aq.svg HTTP/1.1" 301 278 "-" "Mozilla/5.0 (Macintosh; Intel Mac OS X 10_9) AppleWebKit/537.71 (KHTML, like Gecko) Version/7.0 Safari/537.71"
82.80.230.228 - - [27/Jun/2019:15:17:08 +0000] "GET /assets/plugins/flag/flags/1x1/aq.svg HTTP/1.1" 200 4652 "-" "Mozilla/5.0 (Macintosh; Intel Mac OS X 10_9) AppleWebKit/537.71 (KHTML, like Gecko) Version/7.0 Safari/537.71"
82.80.249.163 - - [27/Jun/2019:15:17:09 +0000] "GET /assets/plugins/flag/flags/1x1/cr.svg HTTP/1.1" 200 353 "-" "Mozilla/5.0 (Macintosh; Intel Mac OS X 10.9; rv:25.0) Gecko/20100101 Firefox/25.0"
82.80.249.164 - - [27/Jun/2019:15:17:09 +0000] "GET /assets/plugins/flag/flags/1x1/kr.svg HTTP/1.1" 301 278 "-" "Mozilla/5.0 (Macintosh; Intel Mac OS X 10_9_0) AppleWebKit/537.36 (KHTML, like Gecko) Chrome/31.0.1650.57 Safari/537.36"
82.80.249.143 - - [27/Jun/2019:15:17:09 +0000] "GET /assets/plugins/flag/flags/1x1/am.svg HTTP/1.1" 200 332 "-" "Mozilla/5.0 (Windows NT 6.1; WOW64) AppleWebKit/537.36 (KHTML, like Gecko) Chrome/41.0.2227.0 Safari/537.36"
82.80.244.51 - - [27/Jun/2019:15:17:09 +0000] "GET /assets/plugins/flag/flags/4x3/bs.svg HTTP/1.1" 200 646 "-" "Mozilla/5.0 (Windows NT 6.3; WOW64) AppleWebKit/537.36 (KHTML, like Gecko) Chrome/31.0.1650.63 Safari/537.36"
82.80.249.164 - - [27/Jun/2019:15:17:10 +0000] "GET /assets/plugins/flag/flags/1x1/kr.svg HTTP/1.1" 200 4125 "-" "Mozilla/5.0 (Macintosh; Intel Mac OS X 10_9_0) AppleWebKit/537.36 (KHTML, like Gecko) Chrome/31.0.1650.57 Safari/537.36"
82.80.230.228 - - [27/Jun/2019:15:17:10 +0000] "GET /assets/plugins/flag/flags/4x3/sa.svg HTTP/1.1" 301 278 "-" "Mozilla/5.0 (Windows NT 6.0; WOW64) AppleWebKit/534.30 (KHTML, like Gecko) Chrome/12.0.742.91 Safari/534.30"
82.80.230.228 - - [27/Jun/2019:15:17:10 +0000] "GET /images/apartments/studio3/studio3-5.jpg HTTP/1.1" 200 235893 "-" "Mozilla/5.0 (Macintosh; Intel Mac OS X 10_9) AppleWebKit/537.71 (KHTML, like Gecko) Version/7.0 Safari/537.71"
82.80.230.228 - - [27/Jun/2019:15:17:10 +0000] "GET /assets/plugins/flag/flags/4x3/sa.svg HTTP/1.1" 200 21576 "-" "Mozilla/5.0 (Windows NT 6.0; WOW64) AppleWebKit/534.30 (KHTML, like Gecko) Chrome/12.0.742.91 Safari/534.30"
82.80.249.133 - - [27/Jun/2019:15:17:10 +0000] "GET /assets/plugins/flag/flags/4x3/uz.svg HTTP/1.1" 200 6908 "-" "Mozilla/5.0 (compatible; MSIE 10.0; Windows NT 6.1; WOW64; Trident/6.0)"
82.80.230.228 - - [27/Jun/2019:15:17:11 +0000] "GET /assets/plugins/flag/flags/1x1/ne.svg HTTP/1.1" 301 278 "-" "Mozilla/5.0 (Windows NT 6.1; WOW64; rv:25.0) Gecko/20100101 Firefox/25.0"
82.80.230.228 - - [27/Jun/2019:15:17:11 +0000] "GET /assets/plugins/flag/flags/1x1/li.svg HTTP/1.1" 301 278 "-" "Mozilla/5.0 (Windows NT 6.1; WOW64; rv:27.3) Gecko/20100101 Firefox/27.3"
82.80.249.164 - - [27/Jun/2019:15:17:11 +0000] "GET /assets/plugins/flag/flags/1x1/si.svg HTTP/1.1" 301 278 "-" "Mozilla/5.0 (Windows NT 6.0; WOW64) AppleWebKit/534.30 (KHTML, like Gecko) Chrome/12.0.742.91 Safari/534.30"
82.80.230.228 - - [27/Jun/2019:15:17:11 +0000] "GET /assets/plugins/flag/flags/4x3/kw.svg HTTP/1.1" 200 1187 "-" "Mozilla/5.0 (Windows NT 5.1; rv:25.0) Gecko/20100101 Firefox/25.0"
82.80.230.228 - - [27/Jun/2019:15:17:11 +0000] "GET /assets/plugins/flag/flags/1x1/ne.svg HTTP/1.1" 200 1507 "-" "Mozilla/5.0 (Windows NT 6.1; WOW64; rv:25.0) Gecko/20100101 Firefox/25.0"
82.80.230.228 - - [27/Jun/2019:15:17:11 +0000] "GET /assets/plugins/flag/flags/1x1/li.svg HTTP/1.1" 200 17374 "-" "Mozilla/5.0 (Windows NT 6.1; WOW64; rv:27.3) Gecko/20100101 Firefox/27.3"
82.80.249.164 - - [27/Jun/2019:15:17:11 +0000] "GET /assets/plugins/flag/flags/1x1/si.svg HTTP/1.1" 200 4210 "-" "Mozilla/5.0 (Windows NT 6.0; WOW64) AppleWebKit/534.30 (KHTML, like Gecko) Chrome/12.0.742.91 Safari/534.30"
82.80.249.157 - - [27/Jun/2019:15:17:11 +0000] "GET /assets/plugins/flag/flags/4x3/ls.svg HTTP/1.1" 301 278 "-" "Mozilla/5.0 (compatible; MSIE 9.0; Windows NT 6.1; WOW64; Trident/5.0)"
82.80.249.204 - - [27/Jun/2019:15:17:12 +0000] "GET /assets/plugins/flag/flags/1x1/mx.svg HTTP/1.1" 200 72289 "-" "Mozilla/5.0 (X11; Linux x86_64) AppleWebKit/537.36 (KHTML, like Gecko) Chrome/31.0.1650.57 Safari/537.36"
82.80.249.157 - - [27/Jun/2019:15:17:12 +0000] "GET /assets/plugins/flag/flags/4x3/ls.svg HTTP/1.1" 200 6169 "-" "Mozilla/5.0 (compatible; MSIE 9.0; Windows NT 6.1; WOW64; Trident/5.0)"
82.80.249.143 - - [27/Jun/2019:15:17:12 +0000] "GET /assets/plugins/flag/flags/4x3/kh.svg HTTP/1.1" 200 19733 "-" "Mozilla/5.0 (Windows NT 6.1; WOW64) AppleWebKit/537.36 (KHTML, like Gecko) Chrome/31.0.1650.57 Safari/537.36"
82.80.249.143 - - [27/Jun/2019:15:17:12 +0000] "GET /assets/plugins/flag/flags/4x3/cg.svg HTTP/1.1" 301 278 "-" "Mozilla/5.0 (compatible, MSIE 11, Windows NT 6.3; Trident/7.0; rv:11.0) like Gecko"
82.80.230.228 - - [27/Jun/2019:15:17:12 +0000] "GET /assets/plugins/flag/flags/4x3/gy.svg HTTP/1.1" 200 606 "-" "Mozilla/5.0 (Windows NT 6.1; Trident/7.0; rv:11.0) like Gecko"
82.80.249.143 - - [27/Jun/2019:15:17:12 +0000] "GET /assets/plugins/flag/flags/4x3/cg.svg HTTP/1.1" 200 525 "-" "Mozilla/5.0 (compatible, MSIE 11, Windows NT 6.3; Trident/7.0; rv:11.0) like Gecko"
82.80.249.157 - - [27/Jun/2019:15:17:13 +0000] "GET /assets/plugins/flag/flags/4x3/mu.svg HTTP/1.1" 200 960 "-" "Mozilla/5.0 (Windows NT 6.0; rv:26.0) Gecko/20100101 Firefox/26.0"
82.80.249.143 - - [27/Jun/2019:15:17:13 +0000] "GET /assets/plugins/flag/flags/1x1/lt.svg HTTP/1.1" 200 1016 "-" "Mozilla/5.0 (compatible)"
82.80.249.143 - - [27/Jun/2019:15:17:13 +0000] "GET /images/apartman-a.jpg HTTP/1.1" 301 263 "-" "Mozilla/5.0 (Windows NT 6.3; WOW64) AppleWebKit/537.36 (KHTML, like Gecko) Chrome/32.0.1700.72 Safari/537.36"
82.80.230.228 - - [27/Jun/2019:15:17:13 +0000] "GET /assets/plugins/flag/flags/1x1/co.svg HTTP/1.1" 301 278 "-" "Mozilla/5.0 (Windows NT 6.1) AppleWebKit/537.36 (KHTML, like Gecko) Chrome/31.0.1650.63 Safari/537.36"
82.80.249.143 - - [27/Jun/2019:15:17:13 +0000] "GET /images/apartman-a.jpg HTTP/1.1" 200 28618 "-" "Mozilla/5.0 (Windows NT 6.3; WOW64) AppleWebKit/537.36 (KHTML, like Gecko) Chrome/32.0.1700.72 Safari/537.36"
82.80.230.228 - - [27/Jun/2019:15:17:13 +0000] "GET /assets/plugins/flag/flags/1x1/co.svg HTTP/1.1" 200 353 "-" "Mozilla/5.0 (Windows NT 6.1) AppleWebKit/537.36 (KHTML, like Gecko) Chrome/31.0.1650.63 Safari/537.36"
82.80.230.228 - - [27/Jun/2019:15:17:14 +0000] "GET /unitegallery/images/lightbox-icon-close-compact2.png HTTP/1.1" 200 3295 "-" "Mozilla/5.0 (Windows NT 6.1; rv:25.0) Gecko/20100101 Firefox/25.0"
82.80.230.228 - - [27/Jun/2019:15:17:14 +0000] "GET /assets/plugins/flag/flags/4x3/sx.svg HTTP/1.1" 200 28018 "-" "Mozilla/5.0 (Windows NT 6.1) AppleWebKit/537.36 (KHTML, like Gecko) Chrome/32.0.1700.72 Safari/537.36"
82.80.249.164 - - [27/Jun/2019:15:17:14 +0000] "GET /images/sali-3.jpg HTTP/1.1" 200 41832 "-" "Mozilla/5.0 (Macintosh; Intel Mac OS X 10_8_5) AppleWebKit/537.71 (KHTML, like Gecko) Version/6.1 Safari/537.71"
82.80.249.164 - - [27/Jun/2019:15:17:14 +0000] "GET /assets/plugins/flag/flags/1x1/mv.svg HTTP/1.1" 301 278 "-" "Mozilla/5.0 (Macintosh; Intel Mac OS X 10_9_0) AppleWebKit/537.36 (KHTML, like Gecko) Chrome/31.0.1650.63 Safari/537.36"
82.80.230.228 - - [27/Jun/2019:15:17:14 +0000] "GET /images/Restaurants/Restaurants-47.jpg HTTP/1.1" 404 1104 "-" "Opera/9.80 (Windows NT 6.1; WOW64) Presto/2.12.388 Version/12.16"
82.80.249.164 - - [27/Jun/2019:15:17:15 +0000] "GET /assets/plugins/flag/flags/1x1/mv.svg HTTP/1.1" 200 1359 "-" "Mozilla/5.0 (Macintosh; Intel Mac OS X 10_9_0) AppleWebKit/537.36 (KHTML, like Gecko) Chrome/31.0.1650.63 Safari/537.36"
82.80.249.164 - - [27/Jun/2019:15:17:15 +0000] "GET /assets/plugins/flag/flags/4x3/pr.svg HTTP/1.1" 200 1509 "-" "Mozilla/5.0 (Windows NT 6.1) AppleWebKit/537.36 (KHTML, like Gecko) Chrome/32.0.1700.72 Safari/537.36"
82.80.230.228 - - [27/Jun/2019:15:17:15 +0000] "GET /images/gvline.jpg HTTP/1.1" 301 259 "-" "Mozilla/5.0 (Macintosh; Intel Mac OS X 10_9_1) AppleWebKit/537.36 (KHTML, like Gecko) Chrome/32.0.1700.68 Safari/537.36"
82.80.230.228 - - [27/Jun/2019:15:17:15 +0000] "GET /images/gvline.jpg HTTP/1.1" 200 4850 "-" "Mozilla/5.0 (Macintosh; Intel Mac OS X 10_9_1) AppleWebKit/537.36 (KHTML, like Gecko) Chrome/32.0.1700.68 Safari/537.36"
82.80.230.228 - - [27/Jun/2019:15:17:15 +0000] "GET /images/icons/bbq.png HTTP/1.1" 301 262 "-" "Mozilla/5.0 (Macintosh; Intel Mac OS X 10_8_5) AppleWebKit/536.30.1 (KHTML, like Gecko) Version/6.0.5 Safari/536.30.1"
82.80.230.228 - - [27/Jun/2019:15:17:15 +0000] "GET /images/icons/bbq.png HTTP/1.1" 200 824 "-" "Mozilla/5.0 (Macintosh; Intel Mac OS X 10_8_5) AppleWebKit/536.30.1 (KHTML, like Gecko) Version/6.0.5 Safari/536.30.1"
82.80.249.164 - - [27/Jun/2019:15:17:16 +0000] "GET /assets/plugins/flag/flags/1x1/by.svg HTTP/1.1" 301 278 "-" "Mozilla/5.0 (Windows NT 6.1) AppleWebKit/537.36 (KHTML, like Gecko) Chrome/32.0.1700.72 Safari/537.36"
82.80.249.164 - - [27/Jun/2019:15:17:16 +0000] "GET /assets/plugins/flag/flags/1x1/by.svg HTTP/1.1" 200 9435 "-" "Mozilla/5.0 (Windows NT 6.1) AppleWebKit/537.36 (KHTML, like Gecko) Chrome/32.0.1700.72 Safari/537.36"
82.80.230.228 - - [27/Jun/2019:15:17:16 +0000] "GET /assets/plugins/flag/flags/1x1/um.svg HTTP/1.1" 301 278 "-" "Mozilla/5.0 (Windows NT 6.1; WOW64) AppleWebKit/537.36 (KHTML, like Gecko) Chrome/31.0.1650.63 Safari/537.36"
82.80.249.155 - - [27/Jun/2019:15:17:16 +0000] "GET /assets/plugins/flag/flags/1x1/sz.svg HTTP/1.1" 200 13213 "-" "Mozilla/5.0 (Windows NT 6.3; WOW64) AppleWebKit/537.36 (KHTML, like Gecko) Chrome/32.0.1700.72 Safari/537.36"
82.80.230.228 - - [27/Jun/2019:15:17:16 +0000] "GET /assets/plugins/flag/flags/1x1/um.svg HTTP/1.1" 200 23399 "-" "Mozilla/5.0 (Windows NT 6.1; WOW64) AppleWebKit/537.36 (KHTML, like Gecko) Chrome/31.0.1650.63 Safari/537.36"
82.80.230.228 - - [27/Jun/2019:15:17:17 +0000] "GET /assets/plugins/flag/flags/1x1/mw.svg HTTP/1.1" 200 9960 "-" "Mozilla/5.0 (compatible; MSIE 9.0; Windows NT 6.1; WOW64; Trident/5.0)"
82.80.249.143 - - [27/Jun/2019:15:17:17 +0000] "GET /assets/plugins/flag/flags/4x3/az.svg HTTP/1.1" 301 278 "-" "Mozilla/5.0 (Windows NT 6.3; WOW64; rv:26.0) Gecko/20100101 Firefox/26.0"
82.80.230.228 - - [27/Jun/2019:15:17:17 +0000] "GET /assets/plugins/flag/flags/4x3/mu.svg HTTP/1.1" 301 278 "-" "Mozilla/5.0 (Windows NT 6.1; WOW64; rv:24.0) Gecko/20100101 Firefox/24.0"
82.80.249.143 - - [27/Jun/2019:15:17:17 +0000] "GET /assets/plugins/flag/flags/4x3/az.svg HTTP/1.1" 200 1050 "-" "Mozilla/5.0 (Windows NT 6.3; WOW64; rv:26.0) Gecko/20100101 Firefox/26.0"
82.80.230.228 - - [27/Jun/2019:15:17:17 +0000] "GET /assets/plugins/flag/flags/4x3/mu.svg HTTP/1.1" 200 960 "-" "Mozilla/5.0 (Windows NT 6.1; WOW64; rv:24.0) Gecko/20100101 Firefox/24.0"
82.80.230.228 - - [27/Jun/2019:15:17:17 +0000] "GET /assets/plugins/flag/flags/4x3/kg.svg HTTP/1.1" 200 6156 "-" "Mozilla/5.0 (X11; Ubuntu; Linux i686; rv:26.0) Gecko/20100101 Firefox/26.0"
82.80.249.155 - - [27/Jun/2019:15:17:18 +0000] "GET /images/icon-croatia.png HTTP/1.1" 200 1664 "-" "Mozilla/5.0 (Windows NT 6.1; WOW64; rv:36.0) Gecko/20100101 Firefox/36.0"
82.80.249.143 - - [27/Jun/2019:15:17:18 +0000] "GET /assets/plugins/flag/flags/4x3/er.svg HTTP/1.1" 301 278 "-" "Mozilla/5.0 (Windows NT 6.3; WOW64) AppleWebKit/537.36 (KHTML, like Gecko) Chrome/31.0.1650.63 Safari/537.36"
82.80.249.143 - - [27/Jun/2019:15:17:18 +0000] "GET /assets/plugins/flag/flags/4x3/er.svg HTTP/1.1" 200 4833 "-" "Mozilla/5.0 (Windows NT 6.3; WOW64) AppleWebKit/537.36 (KHTML, like Gecko) Chrome/31.0.1650.63 Safari/537.36"
82.80.230.228 - - [27/Jun/2019:15:17:19 +0000] "GET /unitegallery/images/loader-white7.gif HTTP/1.1" 200 2851 "-" "Mozilla/5.0 (Windows NT 5.1; rv:25.0) Gecko/20100101 Firefox/25.0"
82.80.249.143 - - [27/Jun/2019:15:17:19 +0000] "GET /assets/plugins/flag/flags/1x1/sa.svg HTTP/1.1" 301 278 "-" "Mozilla/5.0 (Windows NT 6.1; WOW64; rv:27.0) Gecko/20100101 Firefox/27.0"
82.80.230.228 - - [27/Jun/2019:15:17:19 +0000] "GET /assets/plugins/flag/flags/4x3/li.svg HTTP/1.1" 200 17731 "-" "Mozilla/5.0 (Windows NT 6.1; WOW64; rv:25.0) Gecko/20100101 Firefox/25.0"
82.80.249.143 - - [27/Jun/2019:15:17:19 +0000] "GET /assets/plugins/flag/flags/1x1/sa.svg HTTP/1.1" 200 19021 "-" "Mozilla/5.0 (Windows NT 6.1; WOW64; rv:27.0) Gecko/20100101 Firefox/27.0"
82.80.230.228 - - [27/Jun/2019:15:17:20 +0000] "GET /assets/plugins/flag/flags/1x1/mh.svg HTTP/1.1" 200 1572 "-" "Mozilla/5.0 (Windows NT 6.3; WOW64; Trident/7.0; rv:11.0) like Gecko"
82.80.230.228 - - [27/Jun/2019:15:17:20 +0000] "GET /assets/plugins/flag/flags/1x1/la.svg HTTP/1.1" 301 278 "-" "Mozilla/5.0 (Windows NT 6.0) AppleWebKit/537.36 (KHTML, like Gecko) Chrome/31.0.1650.63 Safari/537.36"
82.80.249.204 - - [27/Jun/2019:15:17:20 +0000] "GET /assets/plugins/flag/flags/1x1/mh.svg HTTP/1.1" 301 278 "-" "Mozilla/5.0 (Windows NT 6.1; WOW64; rv:27.3) Gecko/20100101 Firefox/27.3"
82.80.230.228 - - [27/Jun/2019:15:17:20 +0000] "GET /assets/plugins/flag/flags/1x1/la.svg HTTP/1.1" 200 1301 "-" "Mozilla/5.0 (Windows NT 6.0) AppleWebKit/537.36 (KHTML, like Gecko) Chrome/31.0.1650.63 Safari/537.36"
82.80.249.204 - - [27/Jun/2019:15:17:20 +0000] "GET /assets/plugins/flag/flags/1x1/mh.svg HTTP/1.1" 200 1572 "-" "Mozilla/5.0 (Windows NT 6.1; WOW64; rv:27.3) Gecko/20100101 Firefox/27.3"
82.80.249.143 - - [27/Jun/2019:15:17:20 +0000] "GET /images/apartments/apartment-b/apartman-b-6.jpg HTTP/1.1" 200 143187 "-" "Mozilla/5.0 (Windows NT 6.0) AppleWebKit/537.36 (KHTML, like Gecko) Chrome/31.0.1650.63 Safari/537.36"
82.80.249.143 - - [27/Jun/2019:15:17:21 +0000] "GET /assets/plugins/flag/flags/4x3/al.svg HTTP/1.1" 301 278 "-" "Mozilla/5.0 (Windows NT 6.1; WOW64; rv:31.0) Gecko/20100101 Firefox/31.0"
82.80.230.228 - - [27/Jun/2019:15:17:21 +0000] "GET /images/testimonials.jpg HTTP/1.1" 301 265 "-" "Mozilla/5.0 (Windows NT 6.1; WOW64; Trident/7.0; rv:11.0) like Gecko"
82.80.249.143 - - [27/Jun/2019:15:17:21 +0000] "GET /assets/plugins/flag/flags/4x3/al.svg HTTP/1.1" 200 5413 "-" "Mozilla/5.0 (Windows NT 6.1; WOW64; rv:31.0) Gecko/20100101 Firefox/31.0"
82.80.249.143 - - [27/Jun/2019:15:17:21 +0000] "GET /assets/plugins/flag/flags/4x3/me.svg HTTP/1.1" 200 156702 "-" "Mozilla/5.0 (Macintosh; Intel Mac OS X 10.6; rv:26.0) Gecko/20100101 Firefox/26.0"
82.80.230.228 - - [27/Jun/2019:15:17:21 +0000] "GET /images/testimonials.jpg HTTP/1.1" 200 383473 "-" "Mozilla/5.0 (Windows NT 6.1; WOW64; Trident/7.0; rv:11.0) like Gecko"
82.80.249.133 - - [27/Jun/2019:15:17:21 +0000] "GET /assets/plugins/flag/flags/4x3/sh.svg HTTP/1.1" 200 78845 "-" "Mozilla/5.0 (Windows NT 6.1; WOW64; rv:33.0) Gecko/20100101 Firefox/33.0"
82.80.230.228 - - [27/Jun/2019:15:17:22 +0000] "GET /assets/plugins/flag/flags/1x1/hr.svg HTTP/1.1" 200 81031 "-" "Mozilla/5.0 (X11; Ubuntu; Linux i686; rv:26.0) Gecko/20100101 Firefox/26.0"
82.80.249.143 - - [27/Jun/2019:15:17:22 +0000] "GET /assets/plugins/flag/flags/4x3/gh.svg HTTP/1.1" 301 278 "-" "Mozilla/5.0 (Windows NT 6.1; WOW64; Trident/7.0; rv:11.0) like Gecko"
82.80.249.143 - - [27/Jun/2019:15:17:22 +0000] "GET /assets/plugins/flag/flags/4x3/gh.svg HTTP/1.1" 200 620 "-" "Mozilla/5.0 (Windows NT 6.1; WOW64; Trident/7.0; rv:11.0) like Gecko"
82.80.249.164 - - [27/Jun/2019:15:17:22 +0000] "GET /assets/plugins/flag/flags/1x1/cg.svg HTTP/1.1" 301 278 "-" "Mozilla/5.0 (Macintosh; Intel Mac OS X 10_7_5) AppleWebKit/537.36 (KHTML, like Gecko) Chrome/31.0.1650.63 Safari/537.36"
82.80.230.228 - - [27/Jun/2019:15:17:22 +0000] "GET /assets/plugins/flag/flags/4x3/ms.svg HTTP/1.1" 200 10765 "-" "Mozilla/5.0 (X11; Ubuntu; Linux i686; rv:26.0) Gecko/20100101 Firefox/26.0"
82.80.249.164 - - [27/Jun/2019:15:17:23 +0000] "GET /assets/plugins/flag/flags/1x1/cg.svg HTTP/1.1" 200 540 "-" "Mozilla/5.0 (Macintosh; Intel Mac OS X 10_7_5) AppleWebKit/537.36 (KHTML, like Gecko) Chrome/31.0.1650.63 Safari/537.36"
82.80.230.228 - - [27/Jun/2019:15:17:23 +0000] "GET /assets/plugins/flag/flags/1x1/tt.svg HTTP/1.1" 200 1169 "-" "Mozilla/5.0 (X11; Ubuntu; Linux x86_64; rv:25.0) Gecko/20100101 Firefox/25.0"
82.80.249.163 - - [27/Jun/2019:15:17:23 +0000] "GET /assets/plugins/flag/flags/1x1/to.svg HTTP/1.1" 301 278 "-" "Mozilla/5.0 (Windows NT 6.1; WOW64) AppleWebKit/537.36 (KHTML, like Gecko) Chrome/31.0.1650.57 Safari/537.36"
82.80.249.163 - - [27/Jun/2019:15:17:23 +0000] "GET /assets/plugins/flag/flags/1x1/to.svg HTTP/1.1" 200 1077 "-" "Mozilla/5.0 (Windows NT 6.1; WOW64) AppleWebKit/537.36 (KHTML, like Gecko) Chrome/31.0.1650.57 Safari/537.36"
82.80.230.228 - - [27/Jun/2019:15:17:24 +0000] "GET /images/icons/sea.png HTTP/1.1" 200 797 "-" "Mozilla/5.0 (X11; Linux x86_64) AppleWebKit/537.36 (KHTML, like Gecko) Chrome/31.0.1650.57 Safari/537.36"
82.80.249.204 - - [27/Jun/2019:15:17:24 +0000] "GET /assets/plugins/flag/flags/4x3/cn.svg HTTP/1.1" 200 1005 "-" "Mozilla/5.0 (Macintosh; Intel Mac OS X 10_6_8) AppleWebKit/534.59.10 (KHTML, like Gecko) Version/5.1.9 Safari/534.59.10"
82.80.230.228 - - [27/Jun/2019:15:17:24 +0000] "GET /assets/plugins/flag/flags/1x1/pg.svg HTTP/1.1" 301 278 "-" "Mozilla/5.0 (Windows NT 6.1; WOW64) AppleWebKit/537.36 (KHTML, like Gecko) Chrome/32.0.1700.41 Safari/537.36"
82.80.230.228 - - [27/Jun/2019:15:17:25 +0000] "GET /assets/plugins/flag/flags/4x3/ky.svg HTTP/1.1" 301 278 "-" "Mozilla/5.0 (Windows NT 6.0) AppleWebKit/537.36 (KHTML, like Gecko) Chrome/31.0.1650.63 Safari/537.36"
82.80.230.228 - - [27/Jun/2019:15:17:25 +0000] "GET /assets/plugins/flag/flags/1x1/fm.svg HTTP/1.1" 200 976 "-" "Mozilla/5.0 (Macintosh; Intel Mac OS X 10_9) AppleWebKit/537.71 (KHTML, like Gecko) Version/7.0 Safari/537.71"
82.80.230.228 - - [27/Jun/2019:15:17:25 +0000] "GET /assets/plugins/flag/flags/1x1/pg.svg HTTP/1.1" 200 4562 "-" "Mozilla/5.0 (Windows NT 6.1; WOW64) AppleWebKit/537.36 (KHTML, like Gecko) Chrome/32.0.1700.41 Safari/537.36"
82.80.230.228 - - [27/Jun/2019:15:17:25 +0000] "GET /assets/plugins/flag/flags/4x3/ky.svg HTTP/1.1" 200 45253 "-" "Mozilla/5.0 (Windows NT 6.0) AppleWebKit/537.36 (KHTML, like Gecko) Chrome/31.0.1650.63 Safari/537.36"
82.80.249.204 - - [27/Jun/2019:15:17:25 +0000] "GET /assets/plugins/flag/flags/4x3/cv.svg HTTP/1.1" 301 278 "-" "Mozilla/5.0 (compatible; MSIE 10.0; Windows NT 6.2; WOW64; Trident/6.0)"
82.80.249.204 - - [27/Jun/2019:15:17:25 +0000] "GET /assets/plugins/flag/flags/4x3/cv.svg HTTP/1.1" 200 1832 "-" "Mozilla/5.0 (compatible; MSIE 10.0; Windows NT 6.2; WOW64; Trident/6.0)"
82.80.230.228 - - [27/Jun/2019:15:17:26 +0000] "GET /assets/plugins/flag/flags/4x3/lt.svg HTTP/1.1" 200 1014 "-" "Mozilla/5.0 (Windows NT 6.1; WOW64; Trident/7.0; rv:11.0) like Gecko"
82.80.249.133 - - [27/Jun/2019:15:17:26 +0000] "GET /assets/plugins/flag/flags/1x1/sj.svg HTTP/1.1" 200 1764 "-" "Mozilla/5.0 (compatible, MSIE 11, Windows NT 6.3; Trident/7.0; rv:11.0) like Gecko"
82.80.230.228 - - [27/Jun/2019:15:17:26 +0000] "GET /assets/plugins/flag/flags/1x1/mg.svg HTTP/1.1" 200 902 "-" "Mozilla/5.0 (X11; Linux x86_64) AppleWebKit/537.36 (KHTML, like Gecko) Ubuntu Chromium/31.0.1650.63 Chrome/31.0.1650.63 Safari/537.36"
82.80.230.228 - - [27/Jun/2019:15:17:27 +0000] "GET /images/icons/wifi.png HTTP/1.1" 200 1126 "-" "Mozilla/5.0 (Windows NT 6.1; WOW64) AppleWebKit/537.36 (KHTML, like Gecko) Chrome/41.0.2227.0 Safari/537.36"
82.80.249.164 - - [27/Jun/2019:15:17:27 +0000] "GET /assets/plugins/flag/flags/4x3/ar.svg HTTP/1.1" 301 278 "-" "Mozilla/5.0 (compatible)"
82.80.230.228 - - [27/Jun/2019:15:17:27 +0000] "GET /assets/plugins/flag/flags/4x3/dj.svg HTTP/1.1" 301 278 "-" "Mozilla/5.0 (Macintosh; Intel Mac OS X 10.6; rv:26.0) Gecko/20100101 Firefox/26.0"
82.80.230.228 - - [27/Jun/2019:15:17:27 +0000] "GET /assets/plugins/flag/flags/1x1/bq.svg HTTP/1.1" 301 278 "-" "Mozilla/5.0 (Windows NT 6.1; WOW64; rv:24.0) Gecko/20100101 Firefox/24.0"
82.80.230.228 - - [27/Jun/2019:15:17:27 +0000] "GET /assets/plugins/flag/flags/1x1/bq.svg HTTP/1.1" 200 292 "-" "Mozilla/5.0 (Windows NT 6.1; WOW64; rv:24.0) Gecko/20100101 Firefox/24.0"
82.80.230.228 - - [27/Jun/2019:15:17:27 +0000] "GET /assets/plugins/flag/flags/4x3/dj.svg HTTP/1.1" 200 674 "-" "Mozilla/5.0 (Macintosh; Intel Mac OS X 10.6; rv:26.0) Gecko/20100101 Firefox/26.0"
82.80.230.228 - - [27/Jun/2019:15:17:27 +0000] "GET /assets/plugins/flag/flags/1x1/jp.svg HTTP/1.1" 200 1338 "-" "Mozilla/5.0 (Macintosh; Intel Mac OS X 10_8_5) AppleWebKit/537.36 (KHTML, like Gecko) Chrome/31.0.1650.63 Safari/537.36"
82.80.249.164 - - [27/Jun/2019:15:17:27 +0000] "GET /assets/plugins/flag/flags/4x3/ar.svg HTTP/1.1" 200 34382 "-" "Mozilla/5.0 (compatible)"
82.80.230.228 - - [27/Jun/2019:15:17:27 +0000] "GET /assets/plugins/flag/flags/4x3/sg.svg HTTP/1.1" 200 2742 "-" "Mozilla/5.0 (Macintosh; Intel Mac OS X 10_9_1) AppleWebKit/537.36 (KHTML, like Gecko) Chrome/31.0.1650.63 Safari/537.36"
82.80.230.228 - - [27/Jun/2019:15:17:28 +0000] "GET /assets/plugins/flag/flags/4x3/al.svg HTTP/1.1" 200 5413 "-" "Mozilla/5.0 (Macintosh; Intel Mac OS X 10_9_1) AppleWebKit/537.36 (KHTML, like Gecko) Chrome/32.0.1700.68 Safari/537.36"
82.80.230.228 - - [27/Jun/2019:15:17:28 +0000] "GET /images/icons/cruise.png HTTP/1.1" 200 2142 "-" "Mozilla/5.0 (Macintosh; Intel Mac OS X 10_8_5) AppleWebKit/537.36 (KHTML, like Gecko) Chrome/31.0.1650.63 Safari/537.36"
82.80.249.163 - - [27/Jun/2019:15:17:28 +0000] "GET /assets/plugins/flag/flags/1x1/ke.svg HTTP/1.1" 200 2953 "-" "Mozilla/5.0 (compatible; MSIE 9.0; Windows NT 6.1; WOW64; Trident/5.0)"
82.80.230.228 - - [27/Jun/2019:15:17:28 +0000] "GET /assets/plugins/flag/flags/4x3/lt.svg HTTP/1.1" 301 278 "-" "Mozilla/5.0 (Windows NT 6.1; WOW64) AppleWebKit/537.36 (KHTML, like Gecko) Chrome/31.0.1650.57 Safari/537.36"
82.80.230.228 - - [27/Jun/2019:15:17:28 +0000] "GET /assets/plugins/flag/flags/4x3/nf.svg HTTP/1.1" 200 14865 "-" "Mozilla/5.0 (Macintosh; Intel Mac OS X 10_8_4) AppleWebKit/537.36 (KHTML, like Gecko) Chrome/31.0.1650.63 Safari/537.36"
82.80.230.228 - - [27/Jun/2019:15:17:29 +0000] "GET /assets/plugins/flag/flags/4x3/lt.svg HTTP/1.1" 200 1014 "-" "Mozilla/5.0 (Windows NT 6.1; WOW64) AppleWebKit/537.36 (KHTML, like Gecko) Chrome/31.0.1650.57 Safari/537.36"
82.80.230.228 - - [27/Jun/2019:15:17:29 +0000] "GET /unitegallery/skins/default/arrow_grid_up.png HTTP/1.1" 200 369 "-" "Mozilla/5.0 (X11; Linux x86_64) AppleWebKit/537.36 (KHTML, like Gecko) Chrome/31.0.1650.63 Safari/537.36"
82.80.230.228 - - [27/Jun/2019:15:17:29 +0000] "GET /assets/plugins/flag/flags/4x3/ad.svg HTTP/1.1" 301 278 "-" "Mozilla/5.0 (X11; Ubuntu; Linux x86_64; rv:25.0) Gecko/20100101 Firefox/25.0"
82.80.230.228 - - [27/Jun/2019:15:17:29 +0000] "GET /assets/plugins/flag/flags/4x3/ad.svg HTTP/1.1" 200 29656 "-" "Mozilla/5.0 (X11; Ubuntu; Linux x86_64; rv:25.0) Gecko/20100101 Firefox/25.0"
82.80.249.194 - - [27/Jun/2019:15:17:29 +0000] "GET /assets/plugins/flag/flags/4x3/mo.svg HTTP/1.1" 301 278 "-" "Mozilla/5.0 (X11; Ubuntu; Linux x86_64; rv:25.0) Gecko/20100101 Firefox/25.0"
82.80.230.228 - - [27/Jun/2019:15:17:30 +0000] "GET /assets/plugins/flag/flags/4x3/ch.svg HTTP/1.1" 301 278 "-" "Mozilla/5.0 (Macintosh; Intel Mac OS X 10_9_1) AppleWebKit/537.36 (KHTML, like Gecko) Chrome/31.0.1650.57 Safari/537.36"
82.80.249.194 - - [27/Jun/2019:15:17:30 +0000] "GET /assets/plugins/flag/flags/4x3/mo.svg HTTP/1.1" 200 5512 "-" "Mozilla/5.0 (X11; Ubuntu; Linux x86_64; rv:25.0) Gecko/20100101 Firefox/25.0"
82.80.249.143 - - [27/Jun/2019:15:17:30 +0000] "GET /assets/plugins/flag/flags/1x1/pr.svg HTTP/1.1" 200 1520 "-" "Mozilla/5.0 (Windows NT 6.2; WOW64) AppleWebKit/537.36 (KHTML, like Gecko) Chrome/31.0.1650.63 Safari/537.36"
82.80.230.228 - - [27/Jun/2019:15:17:30 +0000] "GET /assets/plugins/flag/flags/4x3/ch.svg HTTP/1.1" 200 369 "-" "Mozilla/5.0 (Macintosh; Intel Mac OS X 10_9_1) AppleWebKit/537.36 (KHTML, like Gecko) Chrome/31.0.1650.57 Safari/537.36"
82.80.230.228 - - [27/Jun/2019:15:17:30 +0000] "GET /assets/plugins/flag/flags/1x1/gg.svg HTTP/1.1" 301 278 "-" "Mozilla/5.0 (Windows NT 6.3; WOW64; Trident/7.0; Touch; rv:11.0) like Gecko"
82.80.230.228 - - [27/Jun/2019:15:17:30 +0000] "GET /assets/plugins/flag/flags/1x1/gg.svg HTTP/1.1" 200 794 "-" "Mozilla/5.0 (Windows NT 6.3; WOW64; Trident/7.0; Touch; rv:11.0) like Gecko"
82.80.230.228 - - [27/Jun/2019:15:17:31 +0000] "GET /assets/plugins/flag/flags/4x3/us.svg HTTP/1.1" 200 23520 "-" "Mozilla/5.0 (Windows NT 6.1; WOW64; rv:29.0) Gecko/20100101 Firefox/29.0"
82.80.230.228 - - [27/Jun/2019:15:17:31 +0000] "GET /images/icons/date-icon.png HTTP/1.1" 301 268 "-" "Mozilla/5.0 (Windows NT 6.3; WOW64) AppleWebKit/537.36 (KHTML, like Gecko) Chrome/32.0.1700.72 Safari/537.36"
82.80.230.228 - - [27/Jun/2019:15:17:31 +0000] "GET /images/icons/date-icon.png HTTP/1.1" 200 503 "-" "Mozilla/5.0 (Windows NT 6.3; WOW64) AppleWebKit/537.36 (KHTML, like Gecko) Chrome/32.0.1700.72 Safari/537.36"
82.80.249.163 - - [27/Jun/2019:15:17:31 +0000] "GET /assets/plugins/flag/flags/4x3/gb-eng.svg HTTP/1.1" 301 282 "-" "Mozilla/5.0 (Windows NT 6.2; Win64; x64; rv:36.0) Gecko/20100101 Firefox/36.0"
82.80.249.163 - - [27/Jun/2019:15:17:31 +0000] "GET /assets/plugins/flag/flags/4x3/gb-eng.svg HTTP/1.1" 200 231 "-" "Mozilla/5.0 (Windows NT 6.2; Win64; x64; rv:36.0) Gecko/20100101 Firefox/36.0"
82.80.230.228 - - [27/Jun/2019:15:17:32 +0000] "GET /images/apartments/studio3/studio3-2.jpg HTTP/1.1" 200 157612 "-" "Mozilla/5.0 (Macintosh; Intel Mac OS X 10_7_5) AppleWebKit/537.36 (KHTML, like Gecko) Chrome/31.0.1650.63 Safari/537.36"
82.80.249.163 - - [27/Jun/2019:15:17:32 +0000] "GET /assets/plugins/flag/flags/4x3/py.svg HTTP/1.1" 301 278 "-" "Mozilla/5.0 (X11; Linux x86_64) AppleWebKit/537.36 (KHTML, like Gecko) Chrome/31.0.1650.57 Safari/537.36"
82.80.249.163 - - [27/Jun/2019:15:17:32 +0000] "GET /assets/plugins/flag/flags/4x3/py.svg HTTP/1.1" 200 52552 "-" "Mozilla/5.0 (X11; Linux x86_64) AppleWebKit/537.36 (KHTML, like Gecko) Chrome/31.0.1650.57 Safari/537.36"
82.80.230.228 - - [27/Jun/2019:15:17:32 +0000] "GET /images/Home-3/news.jpg HTTP/1.1" 200 1240 "-" "Mozilla/5.0 (Windows NT 6.1) AppleWebKit/537.36 (KHTML, like Gecko) Chrome/32.0.1700.72 Safari/537.36"
82.80.230.228 - - [27/Jun/2019:15:17:33 +0000] "GET /assets/plugins/flag/flags/4x3/hm.svg HTTP/1.1" 301 278 "-" "Mozilla/5.0 (Windows NT 6.1; rv:26.0) Gecko/20100101 Firefox/26.0"
82.80.230.228 - - [27/Jun/2019:15:17:33 +0000] "GET /assets/plugins/flag/flags/4x3/hm.svg HTTP/1.1" 200 1918 "-" "Mozilla/5.0 (Windows NT 6.1; rv:26.0) Gecko/20100101 Firefox/26.0"
82.80.249.164 - - [27/Jun/2019:15:17:33 +0000] "GET /assets/plugins/flag/flags/4x3/cx.svg HTTP/1.1" 200 3939 "-" "Mozilla/5.0 (Windows NT 6.1; WOW64; rv:24.0) Gecko/20100101 Firefox/24.0"
82.80.230.228 - - [27/Jun/2019:15:17:34 +0000] "GET /assets/plugins/flag/flags/1x1/tg.svg HTTP/1.1" 301 278 "-" "Mozilla/5.0 (Windows NT 6.1; WOW64; rv:24.0) Gecko/20100101 Firefox/24.0"
82.80.249.194 - - [27/Jun/2019:15:17:34 +0000] "GET /assets/plugins/flag/flags/4x3/vu.svg HTTP/1.1" 301 278 "-" "Mozilla/5.0 (X11; Ubuntu; Linux x86_64; rv:26.0) Gecko/20100101 Firefox/26.0"
82.80.230.228 - - [27/Jun/2019:15:17:34 +0000] "GET /images/Home-2/Testimonials-bg.jpg HTTP/1.1" 200 6666 "-" "Mozilla/5.0 (Macintosh; Intel Mac OS X 10_8_5) AppleWebKit/537.71 (KHTML, like Gecko) Version/6.1 Safari/537.71"
82.80.230.228 - - [27/Jun/2019:15:17:34 +0000] "GET /assets/plugins/flag/flags/1x1/tg.svg HTTP/1.1" 200 1658 "-" "Mozilla/5.0 (Windows NT 6.1; WOW64; rv:24.0) Gecko/20100101 Firefox/24.0"
82.80.249.194 - - [27/Jun/2019:15:17:34 +0000] "GET /assets/plugins/flag/flags/4x3/vu.svg HTTP/1.1" 200 6946 "-" "Mozilla/5.0 (X11; Ubuntu; Linux x86_64; rv:26.0) Gecko/20100101 Firefox/26.0"
82.80.230.228 - - [27/Jun/2019:15:17:34 +0000] "GET /assets/plugins/flag/flags/4x3/bn.svg HTTP/1.1" 301 278 "-" "Mozilla/5.0 (Macintosh; Intel Mac OS X 10.9; rv:25.0) Gecko/20100101 Firefox/25.0"
82.80.230.228 - - [27/Jun/2019:15:17:34 +0000] "GET /assets/plugins/flag/flags/1x1/vc.svg HTTP/1.1" 301 278 "-" "Mozilla/5.0 (Macintosh; Intel Mac OS X 10_7_5) AppleWebKit/537.36 (KHTML, like Gecko) Chrome/31.0.1650.63 Safari/537.36"
82.80.230.228 - - [27/Jun/2019:15:17:34 +0000] "GET /assets/plugins/flag/flags/1x1/fk.svg HTTP/1.1" 200 45065 "-" "Mozilla/5.0 (Windows NT 6.1; WOW64) AppleWebKit/537.36 (KHTML, like Gecko) Chrome/31.0.1650.63 Safari/537.36"
82.80.230.228 - - [27/Jun/2019:15:17:34 +0000] "GET /assets/plugins/flag/flags/4x3/bn.svg HTTP/1.1" 200 22880 "-" "Mozilla/5.0 (Macintosh; Intel Mac OS X 10.9; rv:25.0) Gecko/20100101 Firefox/25.0"
82.80.230.228 - - [27/Jun/2019:15:17:35 +0000] "GET /assets/plugins/flag/flags/1x1/vc.svg HTTP/1.1" 200 1276 "-" "Mozilla/5.0 (Macintosh; Intel Mac OS X 10_7_5) AppleWebKit/537.36 (KHTML, like Gecko) Chrome/31.0.1650.63 Safari/537.36"
82.80.249.133 - - [27/Jun/2019:15:17:35 +0000] "GET /images/icons/sunset.png HTTP/1.1" 200 899 "-" "Opera/9.80 (Windows NT 6.1; WOW64) Presto/2.12.388 Version/12.16"
82.80.249.227 - - [27/Jun/2019:15:17:35 +0000] "GET /assets/plugins/flag/flags/1x1/iq.svg HTTP/1.1" 200 5268 "-" "Mozilla/5.0 (Macintosh; Intel Mac OS X 10_8_5) AppleWebKit/537.71 (KHTML, like Gecko) Version/6.1 Safari/537.71"
82.80.249.143 - - [27/Jun/2019:15:17:35 +0000] "GET /assets/plugins/flag/flags/1x1/az.svg HTTP/1.1" 301 278 "-" "Mozilla/5.0 (Windows NT 6.2; Win64; x64; rv:36.0) Gecko/20100101 Firefox/36.0"
82.80.230.228 - - [27/Jun/2019:15:17:36 +0000] "GET /assets/plugins/flag/flags/4x3/ni.svg HTTP/1.1" 301 278 "-" "Mozilla/5.0 (X11; Ubuntu; Linux x86_64; rv:25.0) Gecko/20100101 Firefox/25.0"
82.80.249.143 - - [27/Jun/2019:15:17:36 +0000] "GET /assets/plugins/flag/flags/1x1/az.svg HTTP/1.1" 200 1029 "-" "Mozilla/5.0 (Windows NT 6.2; Win64; x64; rv:36.0) Gecko/20100101 Firefox/36.0"
82.80.230.228 - - [27/Jun/2019:15:17:36 +0000] "GET /assets/plugins/flag/flags/4x3/ni.svg HTTP/1.1" 200 30195 "-" "Mozilla/5.0 (X11; Ubuntu; Linux x86_64; rv:25.0) Gecko/20100101 Firefox/25.0"
82.80.249.227 - - [27/Jun/2019:15:17:36 +0000] "GET /assets/plugins/flag/flags/1x1/ug.svg HTTP/1.1" 200 6796 "-" "Mozilla/5.0 (Macintosh; Intel Mac OS X 10.8; rv:26.0) Gecko/20100101 Firefox/26.0"
82.80.230.228 - - [27/Jun/2019:15:17:36 +0000] "GET /assets/plugins/flag/flags/1x1/cv.svg HTTP/1.1" 301 278 "-" "Mozilla/5.0 (compatible; MSIE 10.0; Windows NT 6.2; WOW64; Trident/6.0)"
82.80.249.152 - - [27/Jun/2019:15:17:36 +0000] "GET /images/About/about-2.jpg HTTP/1.1" 301 266 "-" "Mozilla/5.0 (compatible)"
82.80.230.228 - - [27/Jun/2019:15:17:37 +0000] "GET /assets/plugins/flag/flags/1x1/cv.svg HTTP/1.1" 200 1776 "-" "Mozilla/5.0 (compatible; MSIE 10.0; Windows NT 6.2; WOW64; Trident/6.0)"
82.80.249.152 - - [27/Jun/2019:15:17:37 +0000] "GET /images/About/about-2.jpg HTTP/1.1" 404 1104 "-" "Mozilla/5.0 (compatible)"
82.80.230.228 - - [27/Jun/2019:15:17:37 +0000] "GET /assets/plugins/flag/flags/4x3/bm.svg HTTP/1.1" 200 56707 "-" "Mozilla/5.0 (Windows NT 6.1; WOW64; Trident/7.0; rv:11.0) like Gecko"
82.80.230.228 - - [27/Jun/2019:15:17:37 +0000] "GET /assets/plugins/flag/flags/4x3/tt.svg HTTP/1.1" 200 1046 "-" "Mozilla/5.0 (Macintosh; Intel Mac OS X 10.8; rv:26.0) Gecko/20100101 Firefox/26.0"
82.80.230.228 - - [27/Jun/2019:15:17:37 +0000] "GET /assets/plugins/flag/flags/4x3/ht.svg HTTP/1.1" 301 278 "-" "Mozilla/5.0 (Windows NT 6.3; WOW64; Trident/7.0; Touch; rv:11.0) like Gecko"
82.80.230.228 - - [27/Jun/2019:15:17:37 +0000] "GET /assets/plugins/flag/flags/4x3/ht.svg HTTP/1.1" 200 296 "-" "Mozilla/5.0 (Windows NT 6.3; WOW64; Trident/7.0; Touch; rv:11.0) like Gecko"
82.80.230.228 - - [27/Jun/2019:15:17:37 +0000] "GET /assets/plugins/flag/flags/1x1/gl.svg HTTP/1.1" 200 544 "-" "Mozilla/5.0 (X11; Linux x86_64) AppleWebKit/537.36 (KHTML, like Gecko) Chrome/31.0.1650.57 Safari/537.36"
82.80.249.133 - - [27/Jun/2019:15:17:38 +0000] "GET /assets/plugins/flag/flags/4x3/sj.svg HTTP/1.1" 301 278 "-" "Mozilla/5.0 (compatible, MSIE 11, Windows NT 6.3; Trident/7.0; rv:11.0) like Gecko"
82.80.249.133 - - [27/Jun/2019:15:17:38 +0000] "GET /assets/plugins/flag/flags/4x3/sj.svg HTTP/1.1" 200 1814 "-" "Mozilla/5.0 (compatible, MSIE 11, Windows NT 6.3; Trident/7.0; rv:11.0) like Gecko"
82.80.230.228 - - [27/Jun/2019:15:17:38 +0000] "GET /assets/plugins/flag/flags/1x1/cz.svg HTTP/1.1" 200 539 "-" "Mozilla/5.0 (Macintosh; Intel Mac OS X 10_7_5) AppleWebKit/537.71 (KHTML, like Gecko) Version/6.1 Safari/537.71"
82.80.230.228 - - [27/Jun/2019:15:17:39 +0000] "GET /unitegallery/skins/default/grid_arrow_left.png HTTP/1.1" 200 2992 "-" "Mozilla/5.0 (Windows NT 6.3; WOW64; Trident/7.0; rv:11.0) like Gecko"
82.80.230.228 - - [27/Jun/2019:15:17:39 +0000] "GET /assets/plugins/flag/flags/4x3/np.svg HTTP/1.1" 301 278 "-" "Mozilla/5.0 (Windows NT 5.1; rv:26.0) Gecko/20100101 Firefox/26.0"
82.80.230.228 - - [27/Jun/2019:15:17:39 +0000] "GET /assets/plugins/flag/flags/4x3/np.svg HTTP/1.1" 200 2768 "-" "Mozilla/5.0 (Windows NT 5.1; rv:26.0) Gecko/20100101 Firefox/26.0"
82.80.244.51 - - [27/Jun/2019:15:17:39 +0000] "GET /assets/plugins/flag/flags/4x3/np.svg HTTP/1.1" 200 2768 "-" "Mozilla/5.0 (compatible, MSIE 11, Windows NT 6.3; Trident/7.0; rv:11.0) like Gecko"
82.80.230.228 - - [27/Jun/2019:15:17:39 +0000] "GET /assets/plugins/flag/flags/1x1/bv.svg HTTP/1.1" 200 680 "-" "Mozilla/5.0 (X11; Linux x86_64) AppleWebKit/537.36 (KHTML, like Gecko) Chrome/31.0.1650.57 Safari/537.36"
82.80.230.228 - - [27/Jun/2019:15:17:39 +0000] "GET /assets/plugins/flag/flags/1x1/se.svg HTTP/1.1" 200 1538 "-" "Mozilla/5.0 (Windows NT 6.3; WOW64) AppleWebKit/537.36 (KHTML, like Gecko) Chrome/32.0.1700.72 Safari/537.36"
82.80.249.164 - - [27/Jun/2019:15:17:40 +0000] "GET /assets/plugins/flag/flags/4x3/cw.svg HTTP/1.1" 200 751 "-" "Mozilla/5.0 (X11; Linux i686) AppleWebKit/537.36 (KHTML, like Gecko) Chrome/31.0.1650.63 Safari/537.36"
82.80.230.228 - - [27/Jun/2019:15:17:40 +0000] "GET /assets/plugins/flag/flags/1x1/ec.svg HTTP/1.1" 301 278 "-" "Mozilla/5.0 (Windows NT 5.1) AppleWebKit/537.36 (KHTML, like Gecko) Chrome/31.0.1650.63 Safari/537.36"
82.80.230.228 - - [27/Jun/2019:15:17:40 +0000] "GET /assets/plugins/flag/flags/1x1/ec.svg HTTP/1.1" 200 39279 "-" "Mozilla/5.0 (Windows NT 5.1) AppleWebKit/537.36 (KHTML, like Gecko) Chrome/31.0.1650.63 Safari/537.36"
82.80.249.227 - - [27/Jun/2019:15:17:40 +0000] "GET /assets/plugins/flag/flags/4x3/io.svg HTTP/1.1" 301 278 "-" "Mozilla/5.0 (Macintosh; Intel Mac OS X 10_6_8) AppleWebKit/537.36 (KHTML, like Gecko) Chrome/31.0.1650.63 Safari/537.36"
82.80.230.228 - - [27/Jun/2019:15:17:40 +0000] "GET /assets/plugins/flag/flags/1x1/al.svg HTTP/1.1" 301 278 "-" "Mozilla/5.0 (Macintosh; Intel Mac OS X 10.6; rv:26.0) Gecko/20100101 Firefox/26.0"
82.80.249.227 - - [27/Jun/2019:15:17:41 +0000] "GET /assets/plugins/flag/flags/4x3/io.svg HTTP/1.1" 200 39015 "-" "Mozilla/5.0 (Macintosh; Intel Mac OS X 10_6_8) AppleWebKit/537.36 (KHTML, like Gecko) Chrome/31.0.1650.63 Safari/537.36"
82.80.230.228 - - [27/Jun/2019:15:17:41 +0000] "GET /images/Restaurants/Restaurants.jpg HTTP/1.1" 404 1104 "-" "Mozilla/5.0 (Windows NT 6.1; WOW64; rv:28.0) Gecko/20100101 Firefox/28.0"
82.80.230.228 - - [27/Jun/2019:15:17:41 +0000] "GET /assets/plugins/flag/flags/1x1/al.svg HTTP/1.1" 200 5438 "-" "Mozilla/5.0 (Macintosh; Intel Mac OS X 10.6; rv:26.0) Gecko/20100101 Firefox/26.0"
82.80.230.228 - - [27/Jun/2019:15:17:41 +0000] "GET /assets/plugins/flag/flags/1x1/ss.svg HTTP/1.1" 200 1254 "-" "Opera/9.80 (Windows NT 6.1; WOW64) Presto/2.12.388 Version/12.16"
82.80.249.157 - - [27/Jun/2019:15:17:41 +0000] "GET /assets/plugins/flag/flags/1x1/ch.svg HTTP/1.1" 301 278 "-" "Mozilla/5.0 (Macintosh; Intel Mac OS X 10_9) AppleWebKit/537.71 (KHTML, like Gecko) Version/7.0 Safari/537.71"
82.80.249.157 - - [27/Jun/2019:15:17:41 +0000] "GET /assets/plugins/flag/flags/1x1/ch.svg HTTP/1.1" 200 387 "-" "Mozilla/5.0 (Macintosh; Intel Mac OS X 10_9) AppleWebKit/537.71 (KHTML, like Gecko) Version/7.0 Safari/537.71"
82.80.230.228 - - [27/Jun/2019:15:17:42 +0000] "GET /assets/plugins/flag/flags/1x1/zw.svg HTTP/1.1" 200 5259 "-" "Mozilla/5.0 (Windows NT 6.1; WOW64; rv:33.0) Gecko/20100101 Firefox/33.0"
82.80.230.228 - - [27/Jun/2019:15:17:42 +0000] "GET /assets/plugins/flag/flags/4x3/ru.svg HTTP/1.1" 301 278 "-" "Mozilla/5.0 (Windows NT 6.1; WOW64; rv:27.3) Gecko/20100101 Firefox/27.3"
82.80.230.228 - - [27/Jun/2019:15:17:42 +0000] "GET /assets/plugins/flag/flags/4x3/ru.svg HTTP/1.1" 200 879 "-" "Mozilla/5.0 (Windows NT 6.1; WOW64; rv:27.3) Gecko/20100101 Firefox/27.3"
82.80.230.228 - - [27/Jun/2019:15:17:42 +0000] "GET /unitegallery/skins/default/icon_zoom_back.png HTTP/1.1" 200 368 "-" "Mozilla/5.0 (Windows NT 6.1; Trident/7.0; rv:11.0) like Gecko"
82.80.249.204 - - [27/Jun/2019:15:17:43 +0000] "GET /assets/plugins/flag/flags/4x3/mg.svg HTTP/1.1" 301 278 "-" "Mozilla/5.0 (Windows NT 6.1; WOW64; rv:25.0) Gecko/20100101 Firefox/25.0"
82.80.249.204 - - [27/Jun/2019:15:17:43 +0000] "GET /assets/plugins/flag/flags/4x3/mg.svg HTTP/1.1" 200 841 "-" "Mozilla/5.0 (Windows NT 6.1; WOW64; rv:25.0) Gecko/20100101 Firefox/25.0"
82.80.249.163 - - [27/Jun/2019:15:17:43 +0000] "GET /images/apartments/apartment-a/apartman-a-2.jpg HTTP/1.1" 200 258126 "-" "Mozilla/5.0 (Windows NT 6.3; WOW64) AppleWebKit/537.36 (KHTML, like Gecko) Chrome/31.0.1650.63 Safari/537.36"
82.80.244.51 - - [27/Jun/2019:15:17:44 +0000] "GET /images/veli-rat-1.jpg HTTP/1.1" 200 150373 "-" "Mozilla/5.0 (Windows NT 6.1; WOW64; rv:33.0) Gecko/20100101 Firefox/33.0"
82.80.249.143 - - [27/Jun/2019:15:17:44 +0000] "GET /assets/plugins/flag/flags/4x3/ch.svg HTTP/1.1" 200 369 "-" "Mozilla/5.0 (Windows NT 6.2; Win64; x64; rv:27.0) Gecko/20100101 Firefox/27.0"
82.80.249.143 - - [27/Jun/2019:15:17:45 +0000] "GET /unitegallery/images/loader-black4.gif HTTP/1.1" 200 10277 "-" "Mozilla/5.0 (compatible; MSIE 9.0; Windows NT 6.1; WOW64; Trident/5.0)"
82.80.249.164 - - [27/Jun/2019:15:17:45 +0000] "GET /unitegallery/images/play-button-round.png HTTP/1.1" 200 1423 "-" "Mozilla/5.0 (Windows NT 6.0; rv:26.0) Gecko/20100101 Firefox/26.0"
82.80.249.157 - - [27/Jun/2019:15:17:46 +0000] "GET /assets/plugins/flag/flags/4x3/id.svg HTTP/1.1" 200 297 "-" "Mozilla/5.0 (Macintosh; Intel Mac OS X 10.7; rv:26.0) Gecko/20100101 Firefox/26.0"
82.80.230.228 - - [27/Jun/2019:15:17:46 +0000] "GET /assets/plugins/flag/flags/1x1/ph.svg HTTP/1.1" 301 278 "-" "Mozilla/5.0 (Windows NT 6.1; WOW64; rv:25.0) Gecko/20100101 Firefox/25.0"
82.80.230.228 - - [27/Jun/2019:15:17:47 +0000] "GET /assets/plugins/flag/flags/1x1/ph.svg HTTP/1.1" 200 5011 "-" "Mozilla/5.0 (Windows NT 6.1; WOW64; rv:25.0) Gecko/20100101 Firefox/25.0"
82.80.230.228 - - [27/Jun/2019:15:17:47 +0000] "GET /assets/plugins/flag/flags/4x3/eu.svg HTTP/1.1" 200 1269 "-" "Mozilla/5.0 (compatible; MSIE 9.0; Windows NT 6.1; Trident/5.0)"
82.80.230.228 - - [27/Jun/2019:15:17:47 +0000] "GET /assets/plugins/flag/flags/4x3/bf.svg HTTP/1.1" 301 278 "-" "Mozilla/5.0 (compatible)"
82.80.249.163 - - [27/Jun/2019:15:17:48 +0000] "GET /assets/plugins/flag/flags/4x3/na.svg HTTP/1.1" 301 278 "-" "Mozilla/5.0 (Windows NT 5.1; rv:26.0) Gecko/20100101 Firefox/26.0"
82.80.230.228 - - [27/Jun/2019:15:17:48 +0000] "GET /assets/plugins/flag/flags/4x3/bf.svg HTTP/1.1" 200 480 "-" "Mozilla/5.0 (compatible)"
82.80.249.227 - - [27/Jun/2019:15:17:48 +0000] "GET /assets/plugins/flag/flags/1x1/ar.svg HTTP/1.1" 301 278 "-" "Mozilla/5.0 (X11; Linux x86_64; rv:26.0) Gecko/20100101 Firefox/26.0"
82.80.249.227 - - [27/Jun/2019:15:17:48 +0000] "GET /assets/plugins/flag/flags/1x1/ar.svg HTTP/1.1" 200 34301 "-" "Mozilla/5.0 (X11; Linux x86_64; rv:26.0) Gecko/20100101 Firefox/26.0"
82.80.249.163 - - [27/Jun/2019:15:17:48 +0000] "GET /assets/plugins/flag/flags/4x3/na.svg HTTP/1.1" 200 2753 "-" "Mozilla/5.0 (Windows NT 5.1; rv:26.0) Gecko/20100101 Firefox/26.0"
82.80.230.228 - - [27/Jun/2019:15:17:48 +0000] "GET /assets/plugins/flag/flags/4x3/jp.svg HTTP/1.1" 301 278 "-" "Mozilla/5.0 (Windows NT 6.1; WOW64; rv:27.3) Gecko/20100101 Firefox/27.3"
82.80.230.228 - - [27/Jun/2019:15:17:48 +0000] "GET /assets/plugins/flag/flags/1x1/tv.svg HTTP/1.1" 301 278 "-" "Mozilla/5.0 (compatible; MSIE 9.0; Windows NT 6.1; Trident/5.0)"
82.80.230.228 - - [27/Jun/2019:15:17:49 +0000] "GET /assets/plugins/flag/flags/4x3/jp.svg HTTP/1.1" 200 1301 "-" "Mozilla/5.0 (Windows NT 6.1; WOW64; rv:27.3) Gecko/20100101 Firefox/27.3"
82.80.230.228 - - [27/Jun/2019:15:17:49 +0000] "GET /assets/plugins/flag/flags/1x1/tv.svg HTTP/1.1" 200 4991 "-" "Mozilla/5.0 (compatible; MSIE 9.0; Windows NT 6.1; Trident/5.0)"
82.80.230.228 - - [27/Jun/2019:15:17:49 +0000] "GET /assets/plugins/flag/flags/4x3/sb.svg HTTP/1.1" 301 278 "-" "Mozilla/5.0 (X11; Linux x86_64) AppleWebKit/537.36 (KHTML, like Gecko) Ubuntu Chromium/31.0.1650.63 Chrome/31.0.1650.63 Safari/537.36"
