82.80.249.204 - - [27/Jun/2019:15:18:43 +0000] "GET /images/icons/sunset.png HTTP/1.1" 200 899 "-" "Mozilla/5.0 (Windows NT 6.1; WOW64; rv:33.0) Gecko/20100101 Firefox/33.0"
82.80.249.194 - - [27/Jun/2019:15:18:43 +0000] "GET /assets/plugins/flag/flags/4x3/sc.svg HTTP/1.1" 200 1257 "-" "Mozilla/5.0 (Windows NT 6.1; WOW64; rv:24.0) Gecko/20100101 Firefox/24.0"
82.80.230.228 - - [27/Jun/2019:15:18:43 +0000] "GET /assets/plugins/flag/flags/1x1/lk.svg HTTP/1.1" 301 278 "-" "Mozilla/5.0 (X11; Linux i686) AppleWebKit/537.36 (KHTML, like Gecko) Chrome/31.0.1650.63 Safari/537.36"
82.80.249.152 - - [27/Jun/2019:15:18:43 +0000] "GET /assets/plugins/flag/flags/1x1/ng.svg HTTP/1.1" 301 278 "-" "Mozilla/5.0 (Windows NT 6.3; WOW64) AppleWebKit/537.36 (KHTML, like Gecko) Chrome/31.0.1650.63 Safari/537.36"
82.80.230.228 - - [27/Jun/2019:15:18:43 +0000] "GET /assets/plugins/flag/flags/1x1/lk.svg HTTP/1.1" 200 10823 "-" "Mozilla/5.0 (X11; Linux i686) AppleWebKit/537.36 (KHTML, like Gecko) Chrome/31.0.1650.63 Safari/537.36"
82.80.230.228 - - [27/Jun/2019:15:18:43 +0000] "GET /assets/plugins/flag/flags/4x3/gi.svg HTTP/1.1" 200 21306 "-" "Mozilla/5.0 (Macintosh; Intel Mac OS X 10.9; rv:25.0) Gecko/20100101 Firefox/25.0"
82.80.249.152 - - [27/Jun/2019:15:18:44 +0000] "GET /assets/plugins/flag/flags/1x1/ng.svg HTTP/1.1" 200 957 "-" "Mozilla/5.0 (Windows NT 6.3; WOW64) AppleWebKit/537.36 (KHTML, like Gecko) Chrome/31.0.1650.63 Safari/537.36"
82.80.230.228 - - [27/Jun/2019:15:18:44 +0000] "GET /assets/plugins/flag/flags/1x1/sk.svg HTTP/1.1" 301 278 "-" "Mozilla/5.0 (compatible, MSIE 11, Windows NT 6.3; Trident/7.0; rv:11.0) like Gecko"
82.80.249.143 - - [27/Jun/2019:15:18:44 +0000] "GET /assets/plugins/flag/flags/4x3/lu.svg HTTP/1.1" 301 278 "-" "Mozilla/5.0 (X11; Ubuntu; Linux i686; rv:26.0) Gecko/20100101 Firefox/26.0"
82.80.230.228 - - [27/Jun/2019:15:18:44 +0000] "GET /unitegallery/skins/default/tile_button_left.png HTTP/1.1" 200 640 "-" "Mozilla/5.0 (Windows NT 6.1) AppleWebKit/537.36 (KHTML, like Gecko) Chrome/32.0.1700.72 Safari/537.36"
82.80.230.228 - - [27/Jun/2019:15:18:45 +0000] "GET /assets/plugins/flag/flags/1x1/sk.svg HTTP/1.1" 200 2274 "-" "Mozilla/5.0 (compatible, MSIE 11, Windows NT 6.3; Trident/7.0; rv:11.0) like Gecko"
82.80.249.143 - - [27/Jun/2019:15:18:45 +0000] "GET /assets/plugins/flag/flags/4x3/lu.svg HTTP/1.1" 200 913 "-" "Mozilla/5.0 (X11; Ubuntu; Linux i686; rv:26.0) Gecko/20100101 Firefox/26.0"
82.80.230.228 - - [27/Jun/2019:15:18:45 +0000] "GET /assets/plugins/flag/flags/4x3/pm.svg HTTP/1.1" 200 856 "-" "Mozilla/5.0 (Windows NT 6.1; WOW64; Trident/7.0; rv:11.0) like Gecko"
82.80.230.228 - - [27/Jun/2019:15:18:46 +0000] "GET /assets/plugins/flag/flags/1x1/uz.svg HTTP/1.1" 200 7020 "-" "Mozilla/5.0 (Windows NT 5.1; rv:25.0) Gecko/20100101 Firefox/25.0"
82.80.230.228 - - [27/Jun/2019:15:18:46 +0000] "GET /assets/plugins/flag/flags/4x3/hk.svg HTTP/1.1" 200 4728 "-" "Mozilla/5.0 (Macintosh; Intel Mac OS X 10.7; rv:26.0) Gecko/20100101 Firefox/26.0"
82.80.230.228 - - [27/Jun/2019:15:18:46 +0000] "GET /assets/plugins/flag/flags/1x1/ma.svg HTTP/1.1" 301 278 "-" "Mozilla/5.0 (Windows NT 6.0; WOW64) AppleWebKit/534.30 (KHTML, like Gecko) Chrome/12.0.742.91 Safari/534.30"
82.80.230.228 - - [27/Jun/2019:15:18:47 +0000] "GET /assets/plugins/flag/flags/4x3/sz.svg HTTP/1.1" 301 278 "-" "Mozilla/5.0 (Windows NT 6.1; WOW64; Trident/7.0; rv:11.0) like Gecko"
82.80.230.228 - - [27/Jun/2019:15:18:47 +0000] "GET /assets/plugins/flag/flags/1x1/ma.svg HTTP/1.1" 200 1202 "-" "Mozilla/5.0 (Windows NT 6.0; WOW64) AppleWebKit/534.30 (KHTML, like Gecko) Chrome/12.0.742.91 Safari/534.30"
82.80.230.228 - - [27/Jun/2019:15:18:47 +0000] "GET /assets/plugins/flag/flags/4x3/sz.svg HTTP/1.1" 200 13613 "-" "Mozilla/5.0 (Windows NT 6.1; WOW64; Trident/7.0; rv:11.0) like Gecko"
82.80.230.228 - - [27/Jun/2019:15:18:48 +0000] "GET /assets/plugins/flag/flags/4x3/ci.svg HTTP/1.1" 301 278 "-" "Mozilla/5.0 (Windows NT 6.1) AppleWebKit/537.36 (KHTML, like Gecko) Chrome/32.0.1700.72 Safari/537.36"
82.80.230.228 - - [27/Jun/2019:15:18:48 +0000] "GET /assets/plugins/flag/flags/4x3/ci.svg HTTP/1.1" 200 379 "-" "Mozilla/5.0 (Windows NT 6.1) AppleWebKit/537.36 (KHTML, like Gecko) Chrome/32.0.1700.72 Safari/537.36"
82.80.230.228 - - [27/Jun/2019:15:18:48 +0000] "GET /assets/plugins/flag/flags/4x3/sj.svg HTTP/1.1" 200 1814 "-" "Mozilla/5.0 (Windows NT 6.1; rv:26.0) Gecko/20100101 Firefox/26.0"
82.80.230.228 - - [27/Jun/2019:15:18:48 +0000] "GET /assets/plugins/flag/flags/1x1/bh.svg HTTP/1.1" 200 722 "-" "Mozilla/5.0 (Macintosh; Intel Mac OS X 10_8_5) AppleWebKit/537.73.11 (KHTML, like Gecko) Version/6.1.1 Safari/537.73.11"
82.80.230.228 - - [27/Jun/2019:15:18:49 +0000] "GET /assets/plugins/flag/flags/4x3/ae.svg HTTP/1.1" 301 278 "-" "Mozilla/5.0 (Windows NT 6.1; WOW64; Trident/7.0; rv:11.0) like Gecko"
82.80.230.228 - - [27/Jun/2019:15:18:49 +0000] "GET /assets/plugins/flag/flags/1x1/ck.svg HTTP/1.1" 200 2591 "-" "Mozilla/5.0 (Windows NT 6.1; WOW64; rv:31.0) Gecko/20100101 Firefox/31.0"
82.80.230.228 - - [27/Jun/2019:15:18:49 +0000] "GET /assets/plugins/flag/flags/4x3/ae.svg HTTP/1.1" 200 438 "-" "Mozilla/5.0 (Windows NT 6.1; WOW64; Trident/7.0; rv:11.0) like Gecko"
82.80.249.194 - - [27/Jun/2019:15:18:49 +0000] "GET /assets/plugins/flag/flags/1x1/tv.svg HTTP/1.1" 200 4991 "-" "Mozilla/5.0 (Macintosh; Intel Mac OS X 10_7_5) AppleWebKit/537.73.11 (KHTML, like Gecko) Version/6.1.1 Safari/537.73.11"
82.80.230.228 - - [27/Jun/2019:15:18:50 +0000] "GET /assets/plugins/flag/flags/1x1/vi.svg HTTP/1.1" 200 12570 "-" "Mozilla/5.0 (compatible)"
82.80.230.228 - - [27/Jun/2019:15:18:50 +0000] "GET /assets/plugins/flag/flags/4x3/ga.svg HTTP/1.1" 301 278 "-" "Mozilla/5.0 (Macintosh; Intel Mac OS X 10_7_5) AppleWebKit/537.73.11 (KHTML, like Gecko) Version/6.1.1 Safari/537.73.11"
82.80.249.163 - - [27/Jun/2019:15:18:50 +0000] "GET /assets/plugins/flag/flags/1x1/es.svg HTTP/1.1" 301 278 "-" "Mozilla/5.0 (Windows NT 6.1) AppleWebKit/537.36 (KHTML, like Gecko) Chrome/31.0.1650.63 Safari/537.36"
82.80.230.228 - - [27/Jun/2019:15:18:50 +0000] "GET /assets/plugins/flag/flags/4x3/ga.svg HTTP/1.1" 200 330 "-" "Mozilla/5.0 (Macintosh; Intel Mac OS X 10_7_5) AppleWebKit/537.73.11 (KHTML, like Gecko) Version/6.1.1 Safari/537.73.11"
82.80.249.163 - - [27/Jun/2019:15:18:50 +0000] "GET /assets/plugins/flag/flags/1x1/jo.svg HTTP/1.1" 200 1436 "-" "Mozilla/5.0 (Macintosh; Intel Mac OS X 10_7_5) AppleWebKit/537.73.11 (KHTML, like Gecko) Version/6.1.1 Safari/537.73.11"
82.80.249.163 - - [27/Jun/2019:15:18:50 +0000] "GET /assets/plugins/flag/flags/1x1/cy.svg HTTP/1.1" 200 22497 "-" "Mozilla/5.0 (Windows NT 6.1; WOW64; rv:36.0) Gecko/20100101 Firefox/36.0"
82.80.249.163 - - [27/Jun/2019:15:18:50 +0000] "GET /assets/plugins/flag/flags/1x1/es.svg HTTP/1.1" 200 147377 "-" "Mozilla/5.0 (Windows NT 6.1) AppleWebKit/537.36 (KHTML, like Gecko) Chrome/31.0.1650.63 Safari/537.36"
82.80.249.155 - - [27/Jun/2019:15:18:51 +0000] "GET /assets/plugins/flag/flags/4x3/ba.svg HTTP/1.1" 200 1557 "-" "Mozilla/5.0 (Macintosh; Intel Mac OS X 10.9; rv:26.0) Gecko/20100101 Firefox/26.0"
82.80.230.228 - - [27/Jun/2019:15:18:51 +0000] "GET /assets/plugins/flag/flags/4x3/gt.svg HTTP/1.1" 200 31564 "-" "Mozilla/5.0 (Windows NT 6.1; WOW64) AppleWebKit/537.36 (KHTML, like Gecko) Chrome/35.0.1916.153 Safari/537.36"
82.80.249.164 - - [27/Jun/2019:15:18:51 +0000] "GET /assets/plugins/flag/flags/1x1/bg.svg HTTP/1.1" 200 342 "-" "Mozilla/5.0 (Windows NT 6.2; Win64; x64; rv:27.0) Gecko/20100101 Firefox/27.0"
82.80.249.227 - - [27/Jun/2019:15:18:51 +0000] "GET /assets/plugins/flag/flags/1x1/mu.svg HTTP/1.1" 200 944 "-" "Mozilla/5.0 (Macintosh; Intel Mac OS X 10.8; rv:26.0) Gecko/20100101 Firefox/26.0"
82.80.249.227 - - [27/Jun/2019:15:18:51 +0000] "GET /unitegallery/skins/default/slider_arrow_left.png HTTP/1.1" 200 470 "-" "Mozilla/5.0 (Windows NT 6.0; rv:26.0) Gecko/20100101 Firefox/26.0"
82.80.230.228 - - [27/Jun/2019:15:18:52 +0000] "GET /assets/plugins/flag/flags/4x3/lv.svg HTTP/1.1" 200 890 "-" "Mozilla/5.0 (Macintosh; Intel Mac OS X 10_9_1) AppleWebKit/537.36 (KHTML, like Gecko) Chrome/31.0.1650.57 Safari/537.36"
82.80.230.228 - - [27/Jun/2019:15:18:52 +0000] "GET /assets/plugins/flag/flags/1x1/cx.svg HTTP/1.1" 301 278 "-" "Mozilla/5.0 (Windows NT 6.1; WOW64; rv:26.0) Gecko/20100101 Firefox/26.0"
82.80.249.164 - - [27/Jun/2019:15:18:52 +0000] "GET /images/rostilj.jpg HTTP/1.1" 200 223554 "-" "Mozilla/5.0 (Macintosh; Intel Mac OS X 10_7_5) AppleWebKit/537.36 (KHTML, like Gecko) Chrome/31.0.1650.63 Safari/537.36"
82.80.249.143 - - [27/Jun/2019:15:18:52 +0000] "GET /assets/plugins/flag/flags/4x3/ke.svg HTTP/1.1" 200 3102 "-" "Mozilla/5.0 (Macintosh; Intel Mac OS X 10.9; rv:25.0) Gecko/20100101 Firefox/25.0"
82.80.230.228 - - [27/Jun/2019:15:18:52 +0000] "GET /assets/plugins/flag/flags/1x1/cx.svg HTTP/1.1" 200 3799 "-" "Mozilla/5.0 (Windows NT 6.1; WOW64; rv:26.0) Gecko/20100101 Firefox/26.0"
82.80.249.227 - - [27/Jun/2019:15:18:52 +0000] "GET /assets/plugins/flag/flags/1x1/ai.svg HTTP/1.1" 200 59968 "-" "Mozilla/5.0 (X11; Ubuntu; Linux x86_64; rv:25.0) Gecko/20100101 Firefox/25.0"
82.80.230.228 - - [27/Jun/2019:15:18:53 +0000] "GET /assets/plugins/flag/flags/4x3/mw.svg HTTP/1.1" 301 278 "-" "Mozilla/5.0 (Macintosh; Intel Mac OS X 10_9) AppleWebKit/537.71 (KHTML, like Gecko) Version/7.0 Safari/537.71"
82.80.230.228 - - [27/Jun/2019:15:18:53 +0000] "GET /assets/plugins/flag/flags/4x3/mw.svg HTTP/1.1" 200 8450 "-" "Mozilla/5.0 (Macintosh; Intel Mac OS X 10_9) AppleWebKit/537.71 (KHTML, like Gecko) Version/7.0 Safari/537.71"
82.80.230.228 - - [27/Jun/2019:15:18:53 +0000] "GET /assets/plugins/flag/flags/1x1/lc.svg HTTP/1.1" 301 278 "-" "Mozilla/5.0 (Macintosh; Intel Mac OS X 10_8_5) AppleWebKit/536.30.1 (KHTML, like Gecko) Version/6.0.5 Safari/536.30.1"
82.80.230.228 - - [27/Jun/2019:15:18:53 +0000] "GET /assets/plugins/flag/flags/4x3/hu.svg HTTP/1.1" 301 278 "-" "Mozilla/5.0 (Macintosh; Intel Mac OS X 10.7; rv:26.0) Gecko/20100101 Firefox/26.0"
82.80.249.163 - - [27/Jun/2019:15:18:53 +0000] "GET /assets/plugins/flag/flags/1x1/hm.svg HTTP/1.1" 200 1874 "-" "Mozilla/5.0 (Macintosh; Intel Mac OS X 10.6; rv:26.0) Gecko/20100101 Firefox/26.0"
82.80.230.228 - - [27/Jun/2019:15:18:54 +0000] "GET /assets/plugins/flag/flags/1x1/lc.svg HTTP/1.1" 200 899 "-" "Mozilla/5.0 (Macintosh; Intel Mac OS X 10_8_5) AppleWebKit/536.30.1 (KHTML, like Gecko) Version/6.0.5 Safari/536.30.1"
82.80.230.228 - - [27/Jun/2019:15:18:54 +0000] "GET /assets/plugins/flag/flags/4x3/hu.svg HTTP/1.1" 200 361 "-" "Mozilla/5.0 (Macintosh; Intel Mac OS X 10.7; rv:26.0) Gecko/20100101 Firefox/26.0"
82.80.230.228 - - [27/Jun/2019:15:18:54 +0000] "GET /assets/plugins/flag/flags/4x3/bv.svg HTTP/1.1" 301 278 "-" "Mozilla/5.0 (Windows NT 6.1; WOW64) AppleWebKit/537.36 (KHTML, like Gecko) Chrome/31.0.1650.63 Safari/537.36"
82.80.230.228 - - [27/Jun/2019:15:18:54 +0000] "GET /assets/plugins/flag/flags/4x3/bv.svg HTTP/1.1" 200 680 "-" "Mozilla/5.0 (Windows NT 6.1; WOW64) AppleWebKit/537.36 (KHTML, like Gecko) Chrome/31.0.1650.63 Safari/537.36"
82.80.249.164 - - [27/Jun/2019:15:18:54 +0000] "GET /assets/plugins/flag/flags/4x3/mc.svg HTTP/1.1" 200 778 "-" "Mozilla/5.0 (Macintosh; Intel Mac OS X 10_9_1) AppleWebKit/537.36 (KHTML, like Gecko) Chrome/32.0.1700.68 Safari/537.36"
82.80.230.228 - - [27/Jun/2019:15:18:54 +0000] "GET /assets/plugins/flag/flags/1x1/sc.svg HTTP/1.1" 301 278 "-" "Mozilla/5.0 (Windows NT 6.1; WOW64; rv:29.0) Gecko/20100101 Firefox/29.0"
82.80.230.228 - - [27/Jun/2019:15:18:54 +0000] "GET /uploads/thumbnails/b3570d21ba58ee24f697076171b546aa.jpg HTTP/1.1" 200 49552 "-" "Mozilla/5.0 (Windows NT 5.1; rv:26.0) Gecko/20100101 Firefox/26.0"
82.80.230.228 - - [27/Jun/2019:15:18:55 +0000] "GET /assets/plugins/flag/flags/1x1/sc.svg HTTP/1.1" 200 1464 "-" "Mozilla/5.0 (Windows NT 6.1; WOW64; rv:29.0) Gecko/20100101 Firefox/29.0"
82.80.249.227 - - [27/Jun/2019:15:18:55 +0000] "GET /assets/plugins/flag/flags/1x1/td.svg HTTP/1.1" 200 1786 "-" "Mozilla/5.0 (Macintosh; Intel Mac OS X 10.8; rv:26.0) Gecko/20100101 Firefox/26.0"
82.80.230.228 - - [27/Jun/2019:15:18:55 +0000] "GET /assets/plugins/flag/flags/4x3/pk.svg HTTP/1.1" 200 1604 "-" "Mozilla/5.0 (Windows NT 6.2; Win64; x64; rv:27.0) Gecko/20100101 Firefox/27.0"
82.80.230.228 - - [27/Jun/2019:15:18:56 +0000] "GET /assets/plugins/flag/flags/4x3/sr.svg HTTP/1.1" 301 278 "-" "Mozilla/5.0 (Windows NT 6.1; WOW64) AppleWebKit/537.36 (KHTML, like Gecko) Chrome/35.0.1916.153 Safari/537.36"
82.80.230.228 - - [27/Jun/2019:15:18:56 +0000] "GET /assets/plugins/flag/flags/4x3/mq.svg HTTP/1.1" 200 813 "-" "Mozilla/5.0 (Windows NT 6.1; WOW64) AppleWebKit/537.36 (KHTML, like Gecko) Chrome/31.0.1650.57 Safari/537.36"
82.80.230.228 - - [27/Jun/2019:15:18:56 +0000] "GET /assets/plugins/flag/flags/4x3/sr.svg HTTP/1.1" 200 1540 "-" "Mozilla/5.0 (Windows NT 6.1; WOW64) AppleWebKit/537.36 (KHTML, like Gecko) Chrome/35.0.1916.153 Safari/537.36"
82.80.230.228 - - [27/Jun/2019:15:18:56 +0000] "GET /assets/plugins/flag/flags/1x1/am.svg HTTP/1.1" 301 278 "-" "Mozilla/5.0 (Macintosh; Intel Mac OS X 10_8_5) AppleWebKit/536.30.1 (KHTML, like Gecko) Version/6.0.5 Safari/536.30.1"
82.80.230.228 - - [27/Jun/2019:15:18:56 +0000] "GET /assets/plugins/flag/flags/4x3/py.svg HTTP/1.1" 200 52552 "-" "Mozilla/5.0 (Windows NT 6.1; WOW64) AppleWebKit/537.36 (KHTML, like Gecko) Chrome/31.0.1650.63 Safari/537.36"
82.80.230.228 - - [27/Jun/2019:15:18:57 +0000] "GET /assets/plugins/flag/flags/1x1/am.svg HTTP/1.1" 200 332 "-" "Mozilla/5.0 (Macintosh; Intel Mac OS X 10_8_5) AppleWebKit/536.30.1 (KHTML, like Gecko) Version/6.0.5 Safari/536.30.1"
82.80.249.163 - - [27/Jun/2019:15:18:57 +0000] "GET /assets/plugins/flag/flags/4x3/ca.svg HTTP/1.1" 301 278 "-" "Mozilla/5.0 (Windows NT 6.2; WOW64) AppleWebKit/537.36 (KHTML, like Gecko) Chrome/31.0.1650.63 Safari/537.36"
82.80.249.133 - - [27/Jun/2019:15:18:57 +0000] "GET /assets/plugins/flag/flags/1x1/tf.svg HTTP/1.1" 200 875 "-" "Mozilla/5.0 (Macintosh; Intel Mac OS X 10_6_8) AppleWebKit/537.36 (KHTML, like Gecko) Chrome/31.0.1650.63 Safari/537.36"
82.80.249.163 - - [27/Jun/2019:15:18:57 +0000] "GET /assets/plugins/flag/flags/4x3/ca.svg HTTP/1.1" 200 1176 "-" "Mozilla/5.0 (Windows NT 6.2; WOW64) AppleWebKit/537.36 (KHTML, like Gecko) Chrome/31.0.1650.63 Safari/537.36"
82.80.249.152 - - [27/Jun/2019:15:18:57 +0000] "GET /assets/plugins/flag/flags/1x1/sz.svg HTTP/1.1" 301 278 "-" "Mozilla/5.0 (compatible; MSIE 10.0; Windows NT 6.1; WOW64; Trident/6.0)"
82.80.230.228 - - [27/Jun/2019:15:18:58 +0000] "GET /unitegallery/images/icon-link32.png HTTP/1.1" 200 909 "-" "Mozilla/5.0 (Windows NT 6.1; WOW64; rv:27.3) Gecko/20100101 Firefox/27.3"
82.80.249.152 - - [27/Jun/2019:15:18:58 +0000] "GET /assets/plugins/flag/flags/1x1/sz.svg HTTP/1.1" 200 13213 "-" "Mozilla/5.0 (compatible; MSIE 10.0; Windows NT 6.1; WOW64; Trident/6.0)"
82.80.249.143 - - [27/Jun/2019:15:18:58 +0000] "GET /assets/plugins/flag/flags/1x1/kn.svg HTTP/1.1" 301 278 "-" "Mozilla/5.0 (Windows NT 6.2; WOW64; rv:26.0) Gecko/20100101 Firefox/26.0"
82.80.230.228 - - [27/Jun/2019:15:18:58 +0000] "GET /assets/plugins/flag/flags/1x1/at.svg HTTP/1.1" 200 294 "-" "Mozilla/5.0 (Windows NT 6.1; WOW64) AppleWebKit/537.36 (KHTML, like Gecko) Chrome/32.0.1700.41 Safari/537.36"
82.80.249.143 - - [27/Jun/2019:15:18:58 +0000] "GET /assets/plugins/flag/flags/1x1/kn.svg HTTP/1.1" 200 1871 "-" "Mozilla/5.0 (Windows NT 6.2; WOW64; rv:26.0) Gecko/20100101 Firefox/26.0"
82.80.249.194 - - [27/Jun/2019:15:18:58 +0000] "GET /assets/plugins/flag/flags/1x1/ci.svg HTTP/1.1" 301 278 "-" "Mozilla/5.0 (Windows NT 6.1; WOW64; rv:33.0) Gecko/20100101 Firefox/33.0"
82.80.230.228 - - [27/Jun/2019:15:18:59 +0000] "GET /images/Home-3/icon1.png HTTP/1.1" 301 265 "-" "Mozilla/5.0 (Macintosh; Intel Mac OS X 10_9_1) AppleWebKit/537.73.11 (KHTML, like Gecko) Version/7.0.1 Safari/537.73.11"
82.80.249.194 - - [27/Jun/2019:15:18:59 +0000] "GET /assets/plugins/flag/flags/1x1/ci.svg HTTP/1.1" 200 338 "-" "Mozilla/5.0 (Windows NT 6.1; WOW64; rv:33.0) Gecko/20100101 Firefox/33.0"
82.80.230.228 - - [27/Jun/2019:15:18:59 +0000] "GET /unitegallery/images/loader-white5.gif HTTP/1.1" 200 8400 "-" "Mozilla/5.0 (Windows NT 6.1) AppleWebKit/537.36 (KHTML, like Gecko) Chrome/31.0.1650.63 Safari/537.36"
82.80.230.228 - - [27/Jun/2019:15:18:59 +0000] "GET /assets/plugins/flag/flags/1x1/gb-sct.svg HTTP/1.1" 301 282 "-" "Mozilla/5.0 (Windows NT 6.1; Trident/7.0; rv:11.0) like Gecko"
82.80.249.227 - - [27/Jun/2019:15:18:59 +0000] "GET /assets/plugins/flag/flags/1x1/hr.svg HTTP/1.1" 301 278 "-" "Mozilla/5.0 (Windows NT 6.1; WOW64) AppleWebKit/537.36 (KHTML, like Gecko) Chrome/31.0.1650.57 Safari/537.36"
82.80.230.228 - - [27/Jun/2019:15:18:59 +0000] "GET /images/Home-3/icon1.png HTTP/1.1" 200 2057 "-" "Mozilla/5.0 (Macintosh; Intel Mac OS X 10_9_1) AppleWebKit/537.73.11 (KHTML, like Gecko) Version/7.0.1 Safari/537.73.11"
82.80.230.228 - - [27/Jun/2019:15:18:59 +0000] "GET /assets/plugins/flag/flags/1x1/gb-sct.svg HTTP/1.1" 200 228 "-" "Mozilla/5.0 (Windows NT 6.1; Trident/7.0; rv:11.0) like Gecko"
82.80.249.227 - - [27/Jun/2019:15:18:59 +0000] "GET /assets/plugins/flag/flags/1x1/hr.svg HTTP/1.1" 200 81031 "-" "Mozilla/5.0 (Windows NT 6.1; WOW64) AppleWebKit/537.36 (KHTML, like Gecko) Chrome/31.0.1650.57 Safari/537.36"
82.80.230.228 - - [27/Jun/2019:15:19:00 +0000] "GET /assets/plugins/flag/flags/4x3/bh.svg HTTP/1.1" 301 278 "-" "Mozilla/5.0 (Macintosh; Intel Mac OS X 10_8_5) AppleWebKit/537.36 (KHTML, like Gecko) Chrome/31.0.1650.63 Safari/537.36"
82.80.230.228 - - [27/Jun/2019:15:19:00 +0000] "GET /assets/plugins/flag/flags/1x1/me.svg HTTP/1.1" 200 130959 "-" "Mozilla/5.0 (Windows NT 5.1) AppleWebKit/537.36 (KHTML, like Gecko) Chrome/31.0.1650.63 Safari/537.36"
82.80.230.228 - - [27/Jun/2019:15:19:00 +0000] "GET /assets/plugins/flag/flags/4x3/bh.svg HTTP/1.1" 200 655 "-" "Mozilla/5.0 (Macintosh; Intel Mac OS X 10_8_5) AppleWebKit/537.36 (KHTML, like Gecko) Chrome/31.0.1650.63 Safari/537.36"
82.80.249.157 - - [27/Jun/2019:15:19:00 +0000] "GET /assets/plugins/flag/flags/1x1/at.svg HTTP/1.1" 301 278 "-" "Mozilla/5.0 (Windows NT 6.1; WOW64) AppleWebKit/537.36 (KHTML, like Gecko) Chrome/35.0.1916.153 Safari/537.36"
82.80.244.51 - - [27/Jun/2019:15:19:00 +0000] "GET /assets/plugins/flag/flags/4x3/cz.svg HTTP/1.1" 200 534 "-" "Mozilla/5.0 (Macintosh; Intel Mac OS X 10_8_5) AppleWebKit/537.73.11 (KHTML, like Gecko) Version/6.1.1 Safari/537.73.11"
82.80.249.157 - - [27/Jun/2019:15:19:00 +0000] "GET /assets/plugins/flag/flags/1x1/at.svg HTTP/1.1" 200 294 "-" "Mozilla/5.0 (Windows NT 6.1; WOW64) AppleWebKit/537.36 (KHTML, like Gecko) Chrome/35.0.1916.153 Safari/537.36"
82.80.230.228 - - [27/Jun/2019:15:19:01 +0000] "GET /unitegallery/images/loader-black5.gif HTTP/1.1" 200 8400 "-" "Mozilla/5.0 (Windows NT 6.1; WOW64; rv:26.0) Gecko/20100101 Firefox/26.0"
82.80.249.163 - - [27/Jun/2019:15:19:01 +0000] "GET /assets/plugins/flag/flags/1x1/ms.svg HTTP/1.1" 200 10765 "-" "Mozilla/5.0 (Macintosh; Intel Mac OS X 10_9_1) AppleWebKit/537.36 (KHTML, like Gecko) Chrome/32.0.1700.68 Safari/537.36"
82.80.249.143 - - [27/Jun/2019:15:19:01 +0000] "GET /assets/plugins/flag/flags/1x1/re.svg HTTP/1.1" 301 278 "-" "Mozilla/5.0 (Macintosh; Intel Mac OS X 10.8; rv:26.0) Gecko/20100101 Firefox/26.0"
82.80.249.143 - - [27/Jun/2019:15:19:01 +0000] "GET /assets/plugins/flag/flags/4x3/tv.svg HTTP/1.1" 200 4948 "-" "Mozilla/5.0 (X11; Linux x86_64) AppleWebKit/537.36 (KHTML, like Gecko) Chrome/31.0.1650.57 Safari/537.36"
82.80.249.143 - - [27/Jun/2019:15:19:01 +0000] "GET /assets/plugins/flag/flags/1x1/re.svg HTTP/1.1" 200 875 "-" "Mozilla/5.0 (Macintosh; Intel Mac OS X 10.8; rv:26.0) Gecko/20100101 Firefox/26.0"
82.80.230.228 - - [27/Jun/2019:15:19:02 +0000] "GET /assets/plugins/flag/flags/1x1/bs.svg HTTP/1.1" 301 278 "-" "Mozilla/5.0 (Macintosh; Intel Mac OS X 10.9; rv:25.0) Gecko/20100101 Firefox/25.0"
82.80.249.152 - - [27/Jun/2019:15:19:02 +0000] "GET /assets/plugins/flag/flags/1x1/ug.svg HTTP/1.1" 301 278 "-" "Mozilla/5.0 (Windows NT 6.1; WOW64) AppleWebKit/537.36 (KHTML, like Gecko) Chrome/35.0.1916.153 Safari/537.36"
82.80.230.228 - - [27/Jun/2019:15:19:02 +0000] "GET /assets/plugins/flag/flags/1x1/bs.svg HTTP/1.1" 200 696 "-" "Mozilla/5.0 (Macintosh; Intel Mac OS X 10.9; rv:25.0) Gecko/20100101 Firefox/25.0"
82.80.230.228 - - [27/Jun/2019:15:19:02 +0000] "GET /assets/plugins/flag/flags/4x3/sd.svg HTTP/1.1" 301 278 "-" "Mozilla/5.0 (Windows NT 6.1; WOW64) AppleWebKit/537.36 (KHTML, like Gecko) Chrome/35.0.1916.153 Safari/537.36"
82.80.249.152 - - [27/Jun/2019:15:19:02 +0000] "GET /assets/plugins/flag/flags/1x1/ug.svg HTTP/1.1" 200 6796 "-" "Mozilla/5.0 (Windows NT 6.1; WOW64) AppleWebKit/537.36 (KHTML, like Gecko) Chrome/35.0.1916.153 Safari/537.36"
82.80.249.157 - - [27/Jun/2019:15:19:02 +0000] "GET /assets/plugins/flag/flags/4x3/se.svg HTTP/1.1" 200 1547 "-" "Mozilla/5.0 (X11; Ubuntu; Linux x86_64; rv:26.0) Gecko/20100101 Firefox/26.0"
82.80.230.228 - - [27/Jun/2019:15:19:03 +0000] "GET /assets/plugins/flag/flags/4x3/sd.svg HTTP/1.1" 200 1176 "-" "Mozilla/5.0 (Windows NT 6.1; WOW64) AppleWebKit/537.36 (KHTML, like Gecko) Chrome/35.0.1916.153 Safari/537.36"
82.80.249.155 - - [27/Jun/2019:15:19:03 +0000] "GET /assets/plugins/flag/flags/4x3/no.svg HTTP/1.1" 200 1779 "-" "Mozilla/5.0 (Windows NT 6.1; WOW64; rv:29.0) Gecko/20100101 Firefox/29.0"
82.80.249.204 - - [27/Jun/2019:15:19:03 +0000] "GET /assets/plugins/flag/flags/1x1/gn.svg HTTP/1.1" 200 347 "-" "Mozilla/5.0 (Windows NT 6.1; Trident/7.0; rv:11.0) like Gecko"
82.80.230.228 - - [27/Jun/2019:15:19:04 +0000] "GET /assets/plugins/flag/flags/4x3/ss.svg HTTP/1.1" 200 1234 "-" "Mozilla/6.0 (compatible)"
82.80.230.228 - - [27/Jun/2019:15:19:04 +0000] "GET /assets/plugins/flag/flags/1x1/pm.svg HTTP/1.1" 200 875 "-" "Mozilla/5.0 (Macintosh; Intel Mac OS X 10.8; rv:26.0) Gecko/20100101 Firefox/26.0"
82.80.230.228 - - [27/Jun/2019:15:19:04 +0000] "GET /assets/plugins/flag/flags/4x3/gb-sct.svg HTTP/1.1" 301 282 "-" "Mozilla/5.0 (Macintosh; Intel Mac OS X 10.9; rv:25.0) Gecko/20100101 Firefox/25.0"
82.80.230.228 - - [27/Jun/2019:15:19:04 +0000] "GET /assets/plugins/flag/flags/1x1/hk.svg HTTP/1.1" 200 4711 "-" "Mozilla/5.0 (Windows NT 6.1; Trident/7.0; rv:11.0) like Gecko"
82.80.230.228 - - [27/Jun/2019:15:19:04 +0000] "GET /assets/plugins/flag/flags/4x3/gb-sct.svg HTTP/1.1" 200 220 "-" "Mozilla/5.0 (Macintosh; Intel Mac OS X 10.9; rv:25.0) Gecko/20100101 Firefox/25.0"
82.80.249.152 - - [27/Jun/2019:15:19:05 +0000] "GET /images/Blog/Shape-1101.png HTTP/1.1" 301 268 "-" "Mozilla/5.0 (Windows NT 6.2; Win64; x64; rv:36.0) Gecko/20100101 Firefox/36.0"
82.80.230.228 - - [27/Jun/2019:15:19:05 +0000] "GET /assets/plugins/flag/flags/1x1/ro.svg HTTP/1.1" 200 890 "-" "Mozilla/5.0 (X11; Ubuntu; Linux x86_64; rv:26.0) Gecko/20100101 Firefox/26.0"
82.80.249.163 - - [27/Jun/2019:15:19:05 +0000] "GET /assets/plugins/flag/flags/4x3/ax.svg HTTP/1.1" 200 614 "-" "Mozilla/5.0 (Macintosh; Intel Mac OS X 10_8_5) AppleWebKit/537.71 (KHTML, like Gecko) Version/6.1 Safari/537.71"
82.80.249.152 - - [27/Jun/2019:15:19:05 +0000] "GET /images/Blog/Shape-1101.png HTTP/1.1" 404 1104 "-" "Mozilla/5.0 (Windows NT 6.2; Win64; x64; rv:36.0) Gecko/20100101 Firefox/36.0"
82.80.249.157 - - [27/Jun/2019:15:19:05 +0000] "GET /assets/plugins/flag/flags/4x3/zm.svg HTTP/1.1" 301 278 "-" "Mozilla/5.0 (Windows NT 6.1; WOW64) AppleWebKit/537.36 (KHTML, like Gecko) Chrome/40.0.2214.111 Safari/537.36"
82.80.249.157 - - [27/Jun/2019:15:19:05 +0000] "GET /assets/plugins/flag/flags/4x3/zm.svg HTTP/1.1" 200 10818 "-" "Mozilla/5.0 (Windows NT 6.1; WOW64) AppleWebKit/537.36 (KHTML, like Gecko) Chrome/40.0.2214.111 Safari/537.36"
82.80.249.204 - - [27/Jun/2019:15:19:05 +0000] "GET /assets/plugins/flag/flags/4x3/nr.svg HTTP/1.1" 200 1956 "-" "Mozilla/5.0 (X11; Ubuntu; Linux x86_64; rv:26.0) Gecko/20100101 Firefox/26.0"
82.80.249.133 - - [27/Jun/2019:15:19:05 +0000] "GET /images/apartments/apartment-b/apartman-b-2.jpg HTTP/1.1" 200 123550 "-" "Mozilla/5.0 (compatible, MSIE 11, Windows NT 6.3; Trident/7.0; rv:11.0) like Gecko"
82.80.249.143 - - [27/Jun/2019:15:19:06 +0000] "GET /unitegallery/skins/default/arrows_strip_right.png HTTP/1.1" 200 199 "-" "Mozilla/5.0 (compatible; MSIE 9.0; Windows NT 6.1; Trident/5.0)"
82.80.230.228 - - [27/Jun/2019:15:19:06 +0000] "GET /assets/plugins/flag/flags/4x3/ma.svg HTTP/1.1" 200 1435 "-" "Mozilla/5.0 (Macintosh; Intel Mac OS X 10_7_5) AppleWebKit/537.73.11 (KHTML, like Gecko) Version/6.1.1 Safari/537.73.11"
82.80.230.228 - - [27/Jun/2019:15:19:07 +0000] "GET /assets/plugins/flag/flags/1x1/il.svg HTTP/1.1" 200 1042 "-" "Mozilla/5.0 (Windows NT 6.1; WOW64; rv:28.0) Gecko/20100101 Firefox/28.0"
82.80.249.155 - - [27/Jun/2019:15:19:07 +0000] "GET /images/icon-zadar-region.png HTTP/1.1" 200 1523 "-" "Mozilla/5.0 (Windows NT 6.2; Win64; x64; rv:36.0) Gecko/20100101 Firefox/36.0"
82.80.249.133 - - [27/Jun/2019:15:19:07 +0000] "GET /assets/plugins/flag/flags/1x1/gi.svg HTTP/1.1" 301 278 "-" "Mozilla/5.0 (Windows NT 6.3; WOW64) AppleWebKit/537.36 (KHTML, like Gecko) Chrome/32.0.1700.72 Safari/537.36"
82.80.249.143 - - [27/Jun/2019:15:19:07 +0000] "GET /assets/plugins/flag/flags/1x1/lr.svg HTTP/1.1" 301 278 "-" "Mozilla/5.0 (Macintosh; Intel Mac OS X 10_9_1) AppleWebKit/537.73.11 (KHTML, like Gecko) Version/7.0.1 Safari/537.73.11"
82.80.249.133 - - [27/Jun/2019:15:19:07 +0000] "GET /assets/plugins/flag/flags/1x1/gi.svg HTTP/1.1" 200 21316 "-" "Mozilla/5.0 (Windows NT 6.3; WOW64) AppleWebKit/537.36 (KHTML, like Gecko) Chrome/32.0.1700.72 Safari/537.36"
82.80.249.143 - - [27/Jun/2019:15:19:08 +0000] "GET /assets/plugins/flag/flags/1x1/lr.svg HTTP/1.1" 200 1955 "-" "Mozilla/5.0 (Macintosh; Intel Mac OS X 10_9_1) AppleWebKit/537.73.11 (KHTML, like Gecko) Version/7.0.1 Safari/537.73.11"
82.80.230.228 - - [27/Jun/2019:15:19:08 +0000] "GET /assets/plugins/flag/flags/1x1/ae.svg HTTP/1.1" 301 278 "-" "Mozilla/5.0 (Windows NT 6.1; WOW64; rv:31.0) Gecko/20100101 Firefox/31.0"
82.80.230.228 - - [27/Jun/2019:15:19:08 +0000] "GET /assets/plugins/flag/flags/1x1/sr.svg HTTP/1.1" 301 278 "-" "Mozilla/5.0 (Macintosh; Intel Mac OS X 10_8_4) AppleWebKit/537.36 (KHTML, like Gecko) Chrome/31.0.1650.63 Safari/537.36"
82.80.230.228 - - [27/Jun/2019:15:19:08 +0000] "GET /assets/plugins/flag/flags/1x1/ae.svg HTTP/1.1" 200 373 "-" "Mozilla/5.0 (Windows NT 6.1; WOW64; rv:31.0) Gecko/20100101 Firefox/31.0"
82.80.230.228 - - [27/Jun/2019:15:19:08 +0000] "GET /assets/plugins/flag/flags/1x1/sr.svg HTTP/1.1" 200 1518 "-" "Mozilla/5.0 (Macintosh; Intel Mac OS X 10_8_4) AppleWebKit/537.36 (KHTML, like Gecko) Chrome/31.0.1650.63 Safari/537.36"
82.80.249.204 - - [27/Jun/2019:15:19:08 +0000] "GET /assets/plugins/flag/flags/4x3/td.svg HTTP/1.1" 200 843 "-" "Mozilla/5.0 (Windows NT 6.1; WOW64; rv:36.0) Gecko/20100101 Firefox/36.0"
82.80.230.228 - - [27/Jun/2019:15:19:09 +0000] "GET /assets/plugins/flag/flags/1x1/fi.svg HTTP/1.1" 200 995 "-" "Mozilla/5.0 (Windows NT 6.1) AppleWebKit/537.36 (KHTML, like Gecko) Chrome/32.0.1700.72 Safari/537.36"
82.80.230.228 - - [27/Jun/2019:15:19:09 +0000] "GET /assets/plugins/flag/flags/1x1/et.svg HTTP/1.1" 301 278 "-" "Mozilla/5.0 (Windows NT 6.1; WOW64; rv:33.0) Gecko/20100101 Firefox/33.0"
82.80.249.143 - - [27/Jun/2019:15:19:09 +0000] "GET /images/Home-1/even-r-icon.png HTTP/1.1" 301 271 "-" "Mozilla/5.0 (Windows NT 6.1; WOW64; rv:28.0) Gecko/20100101 Firefox/28.0"
82.80.230.228 - - [27/Jun/2019:15:19:09 +0000] "GET /assets/plugins/flag/flags/1x1/et.svg HTTP/1.1" 200 1628 "-" "Mozilla/5.0 (Windows NT 6.1; WOW64; rv:33.0) Gecko/20100101 Firefox/33.0"
82.80.249.143 - - [27/Jun/2019:15:19:09 +0000] "GET /images/Home-1/even-r-icon.png HTTP/1.1" 200 234 "-" "Mozilla/5.0 (Windows NT 6.1; WOW64; rv:28.0) Gecko/20100101 Firefox/28.0"
82.80.249.164 - - [27/Jun/2019:15:19:09 +0000] "GET /assets/plugins/flag/flags/1x1/ca.svg HTTP/1.1" 301 278 "-" "Opera/9.80 (Windows NT 6.1; WOW64) Presto/2.12.388 Version/12.16"
82.80.230.228 - - [27/Jun/2019:15:19:10 +0000] "GET /unitegallery/images/button-close.png HTTP/1.1" 200 7155 "-" "Mozilla/5.0 (Macintosh; Intel Mac OS X 10_9_0) AppleWebKit/537.36 (KHTML, like Gecko) Chrome/31.0.1650.57 Safari/537.36"
82.80.249.164 - - [27/Jun/2019:15:19:10 +0000] "GET /assets/plugins/flag/flags/1x1/ca.svg HTTP/1.1" 200 1118 "-" "Opera/9.80 (Windows NT 6.1; WOW64) Presto/2.12.388 Version/12.16"
82.80.249.227 - - [27/Jun/2019:15:19:10 +0000] "GET /assets/plugins/flag/flags/1x1/ve.svg HTTP/1.1" 301 278 "-" "Mozilla/5.0 (compatible, MSIE 11, Windows NT 6.3; Trident/7.0; rv:11.0) like Gecko"
82.80.249.227 - - [27/Jun/2019:15:19:10 +0000] "GET /assets/plugins/flag/flags/1x1/ve.svg HTTP/1.1" 200 1271 "-" "Mozilla/5.0 (compatible, MSIE 11, Windows NT 6.3; Trident/7.0; rv:11.0) like Gecko"
82.80.230.228 - - [27/Jun/2019:15:19:11 +0000] "GET /images/404page/404page.jpg HTTP/1.1" 301 268 "-" "Mozilla/5.0 (Windows NT 6.1; rv:25.0) Gecko/20100101 Firefox/25.0"
82.80.230.228 - - [27/Jun/2019:15:19:11 +0000] "GET /assets/plugins/flag/flags/4x3/aw.svg HTTP/1.1" 200 14758 "-" "Mozilla/5.0 (Macintosh; Intel Mac OS X 10_9_1) AppleWebKit/537.73.11 (KHTML, like Gecko) Version/7.0.1 Safari/537.73.11"
82.80.230.228 - - [27/Jun/2019:15:19:11 +0000] "GET /images/404page/404page.jpg HTTP/1.1" 404 1104 "-" "Mozilla/5.0 (Windows NT 6.1; rv:25.0) Gecko/20100101 Firefox/25.0"
82.80.230.228 - - [27/Jun/2019:15:19:11 +0000] "GET /assets/plugins/flag/flags/4x3/tf.svg HTTP/1.1" 200 893 "-" "Mozilla/5.0 (Windows NT 6.1; rv:24.0) Gecko/20100101 Firefox/24.0"
82.80.249.163 - - [27/Jun/2019:15:19:12 +0000] "GET /assets/plugins/flag/flags/1x1/pa.svg HTTP/1.1" 301 278 "-" "Mozilla/5.0 (compatible; MSIE 10.0; Windows NT 6.1; WOW64; Trident/6.0)"
82.80.249.163 - - [27/Jun/2019:15:19:12 +0000] "GET /assets/plugins/flag/flags/1x1/pa.svg HTTP/1.1" 200 1540 "-" "Mozilla/5.0 (compatible; MSIE 10.0; Windows NT 6.1; WOW64; Trident/6.0)"
82.80.230.228 - - [27/Jun/2019:15:19:12 +0000] "GET /images/Home-1/icon-slider-l.png HTTP/1.1" 301 273 "-" "Mozilla/5.0 (Windows NT 6.1; WOW64; rv:28.0) Gecko/20100101 Firefox/28.0"
82.80.230.228 - - [27/Jun/2019:15:19:12 +0000] "GET /images/Home-1/icon-slider-l.png HTTP/1.1" 200 489 "-" "Mozilla/5.0 (Windows NT 6.1; WOW64; rv:28.0) Gecko/20100101 Firefox/28.0"
82.80.230.228 - - [27/Jun/2019:15:19:13 +0000] "GET /assets/plugins/flag/flags/1x1/gp.svg HTTP/1.1" 301 278 "-" "Mozilla/5.0 (X11; Linux i686) AppleWebKit/537.36 (KHTML, like Gecko) Chrome/31.0.1650.63 Safari/537.36"
82.80.230.228 - - [27/Jun/2019:15:19:13 +0000] "GET /assets/plugins/flag/flags/1x1/gp.svg HTTP/1.1" 200 350 "-" "Mozilla/5.0 (X11; Linux i686) AppleWebKit/537.36 (KHTML, like Gecko) Chrome/31.0.1650.63 Safari/537.36"
82.80.230.228 - - [27/Jun/2019:15:19:13 +0000] "GET /assets/plugins/flag/flags/1x1/us.svg HTTP/1.1" 200 23404 "-" "Mozilla/5.0 (Windows NT 6.2; Win64; x64; rv:27.0) Gecko/20100101 Firefox/27.0"
82.80.249.163 - - [27/Jun/2019:15:19:13 +0000] "GET /assets/plugins/flag/flags/4x3/mx.svg HTTP/1.1" 301 278 "-" "Mozilla/5.0 (Windows NT 6.1; WOW64) AppleWebKit/537.36 (KHTML, like Gecko) Chrome/31.0.1650.57 Safari/537.36"
82.80.230.228 - - [27/Jun/2019:15:19:13 +0000] "GET /images/studio-3-1.jpg HTTP/1.1" 200 31720 "-" "Mozilla/5.0 (Macintosh; Intel Mac OS X 10_9_1) AppleWebKit/537.73.11 (KHTML, like Gecko) Version/7.0.1 Safari/537.73.11"
82.80.249.163 - - [27/Jun/2019:15:19:13 +0000] "GET /assets/plugins/flag/flags/4x3/mx.svg HTTP/1.1" 200 78505 "-" "Mozilla/5.0 (Windows NT 6.1; WOW64) AppleWebKit/537.36 (KHTML, like Gecko) Chrome/31.0.1650.57 Safari/537.36"
82.80.249.152 - - [27/Jun/2019:15:19:14 +0000] "GET /assets/plugins/flag/flags/1x1/sd.svg HTTP/1.1" 301 278 "-" "Mozilla/5.0 (Windows NT 6.3; WOW64) AppleWebKit/537.36 (KHTML, like Gecko) Chrome/32.0.1700.72 Safari/537.36"
82.80.249.152 - - [27/Jun/2019:15:19:14 +0000] "GET /assets/plugins/flag/flags/1x1/sd.svg HTTP/1.1" 200 1185 "-" "Mozilla/5.0 (Windows NT 6.3; WOW64) AppleWebKit/537.36 (KHTML, like Gecko) Chrome/32.0.1700.72 Safari/537.36"
82.80.249.227 - - [27/Jun/2019:15:19:15 +0000] "GET /assets/plugins/flag/flags/1x1/sc.svg HTTP/1.1" 200 1464 "-" "Mozilla/5.0 (Macintosh; Intel Mac OS X 10_7_5) AppleWebKit/537.71 (KHTML, like Gecko) Version/6.1 Safari/537.71"
82.80.230.228 - - [27/Jun/2019:15:19:15 +0000] "GET /images/icons/email.png HTTP/1.1" 200 447 "-" "Mozilla/5.0 (Macintosh; Intel Mac OS X 10.7; rv:26.0) Gecko/20100101 Firefox/26.0"
82.80.249.163 - - [27/Jun/2019:15:19:16 +0000] "GET /unitegallery/skins/default/grid_handle_black_left.png HTTP/1.1" 200 1281 "-" "Mozilla/5.0 (Macintosh; Intel Mac OS X 10_7_5) AppleWebKit/537.36 (KHTML, like Gecko) Chrome/31.0.1650.63 Safari/537.36"
82.80.230.228 - - [27/Jun/2019:15:19:16 +0000] "GET /assets/plugins/flag/flags/4x3/cu.svg HTTP/1.1" 200 717 "-" "Mozilla/5.0 (Windows NT 6.2; Win64; x64; rv:36.0) Gecko/20100101 Firefox/36.0"
82.80.230.228 - - [27/Jun/2019:15:19:16 +0000] "GET /assets/plugins/flag/flags/1x1/py.svg HTTP/1.1" 200 52125 "-" "Mozilla/5.0 (Macintosh; Intel Mac OS X 10_9_0) AppleWebKit/537.36 (KHTML, like Gecko) Chrome/31.0.1650.63 Safari/537.36"
82.80.230.228 - - [27/Jun/2019:15:19:16 +0000] "GET /assets/plugins/flag/flags/1x1/pk.svg HTTP/1.1" 200 1527 "-" "Mozilla/5.0 (X11; Linux i686) AppleWebKit/537.36 (KHTML, like Gecko) Chrome/31.0.1650.63 Safari/537.36"
82.80.249.163 - - [27/Jun/2019:15:19:16 +0000] "GET /images/zadar-airport.png HTTP/1.1" 301 266 "-" "Mozilla/5.0 (Macintosh; Intel Mac OS X 10_8_5) AppleWebKit/537.73.11 (KHTML, like Gecko) Version/6.1.1 Safari/537.73.11"
82.80.249.163 - - [27/Jun/2019:15:19:17 +0000] "GET /images/zadar-airport.png HTTP/1.1" 200 2235 "-" "Mozilla/5.0 (Macintosh; Intel Mac OS X 10_8_5) AppleWebKit/537.73.11 (KHTML, like Gecko) Version/6.1.1 Safari/537.73.11"
82.80.249.133 - - [27/Jun/2019:15:19:17 +0000] "GET /assets/plugins/flag/flags/1x1/ee.svg HTTP/1.1" 301 278 "-" "Mozilla/5.0 (Windows NT 6.1; WOW64; rv:27.3) Gecko/20100101 Firefox/27.3"
82.80.249.227 - - [27/Jun/2019:15:19:17 +0000] "GET /assets/plugins/flag/flags/1x1/ga.svg HTTP/1.1" 301 278 "-" "Mozilla/5.0 (Windows NT 6.0) AppleWebKit/537.36 (KHTML, like Gecko) Chrome/31.0.1650.63 Safari/537.36"
82.80.249.133 - - [27/Jun/2019:15:19:17 +0000] "GET /assets/plugins/flag/flags/1x1/ee.svg HTTP/1.1" 200 413 "-" "Mozilla/5.0 (Windows NT 6.1; WOW64; rv:27.3) Gecko/20100101 Firefox/27.3"
82.80.249.227 - - [27/Jun/2019:15:19:17 +0000] "GET /assets/plugins/flag/flags/1x1/ga.svg HTTP/1.1" 200 361 "-" "Mozilla/5.0 (Windows NT 6.0) AppleWebKit/537.36 (KHTML, like Gecko) Chrome/31.0.1650.63 Safari/537.36"
82.80.230.228 - - [27/Jun/2019:15:19:17 +0000] "GET /assets/plugins/flag/flags/4x3/ua.svg HTTP/1.1" 200 800 "-" "Mozilla/5.0 (Macintosh; Intel Mac OS X 10_7_5) AppleWebKit/537.36 (KHTML, like Gecko) Chrome/31.0.1650.63 Safari/537.36"
82.80.249.157 - - [27/Jun/2019:15:19:18 +0000] "GET /assets/plugins/flag/flags/4x3/om.svg HTTP/1.1" 301 278 "-" "Mozilla/5.0 (Macintosh; Intel Mac OS X 10_9_1) AppleWebKit/537.36 (KHTML, like Gecko) Chrome/31.0.1650.57 Safari/537.36"
82.80.230.228 - - [27/Jun/2019:15:19:18 +0000] "GET /unitegallery/skins/default/tile_bullets_blue.png HTTP/1.1" 200 388 "-" "Mozilla/5.0 (X11; Ubuntu; Linux x86_64; rv:26.0) Gecko/20100101 Firefox/26.0"
82.80.249.157 - - [27/Jun/2019:15:19:18 +0000] "GET /assets/plugins/flag/flags/4x3/om.svg HTTP/1.1" 200 52962 "-" "Mozilla/5.0 (Macintosh; Intel Mac OS X 10_9_1) AppleWebKit/537.36 (KHTML, like Gecko) Chrome/31.0.1650.57 Safari/537.36"
82.80.230.228 - - [27/Jun/2019:15:19:18 +0000] "GET /images/Home-3/icon-color.png HTTP/1.1" 301 270 "-" "Mozilla/5.0 (Windows NT 6.2; WOW64) AppleWebKit/537.36 (KHTML, like Gecko) Chrome/31.0.1650.63 Safari/537.36"
82.80.230.228 - - [27/Jun/2019:15:19:18 +0000] "GET /assets/plugins/flag/flags/4x3/rw.svg HTTP/1.1" 301 278 "-" "Mozilla/5.0 (Windows NT 6.1; WOW64; rv:27.0) Gecko/20100101 Firefox/27.0"
82.80.230.228 - - [27/Jun/2019:15:19:19 +0000] "GET /images/Home-3/icon-color.png HTTP/1.1" 200 1940 "-" "Mozilla/5.0 (Windows NT 6.2; WOW64) AppleWebKit/537.36 (KHTML, like Gecko) Chrome/31.0.1650.63 Safari/537.36"
82.80.230.228 - - [27/Jun/2019:15:19:19 +0000] "GET /assets/plugins/flag/flags/4x3/rw.svg HTTP/1.1" 200 3318 "-" "Mozilla/5.0 (Windows NT 6.1; WOW64; rv:27.0) Gecko/20100101 Firefox/27.0"
82.80.230.228 - - [27/Jun/2019:15:19:19 +0000] "GET /assets/plugins/flag/flags/1x1/gw.svg HTTP/1.1" 200 644 "-" "Mozilla/5.0 (Windows NT 6.2; Win64; x64; rv:36.0) Gecko/20100101 Firefox/36.0"
82.80.230.228 - - [27/Jun/2019:15:19:19 +0000] "GET /assets/plugins/flag/flags/4x3/io.svg HTTP/1.1" 200 39015 "-" "Mozilla/5.0 (Macintosh; Intel Mac OS X 10_8_4) AppleWebKit/537.36 (KHTML, like Gecko) Chrome/31.0.1650.63 Safari/537.36"
82.80.249.155 - - [27/Jun/2019:15:19:20 +0000] "GET /assets/plugins/flag/flags/4x3/ps.svg HTTP/1.1" 301 278 "-" "Mozilla/5.0 (Windows NT 5.1) AppleWebKit/537.36 (KHTML, like Gecko) Chrome/31.0.1650.63 Safari/537.36"
82.80.249.155 - - [27/Jun/2019:15:19:20 +0000] "GET /assets/plugins/flag/flags/4x3/ps.svg HTTP/1.1" 200 1212 "-" "Mozilla/5.0 (Windows NT 5.1) AppleWebKit/537.36 (KHTML, like Gecko) Chrome/31.0.1650.63 Safari/537.36"
82.80.230.228 - - [27/Jun/2019:15:19:21 +0000] "GET /assets/plugins/flag/flags/1x1/bm.svg HTTP/1.1" 301 278 "-" "Mozilla/5.0 (X11; Ubuntu; Linux x86_64; rv:26.0) Gecko/20100101 Firefox/26.0"
82.80.230.228 - - [27/Jun/2019:15:19:21 +0000] "GET /assets/plugins/flag/flags/1x1/bm.svg HTTP/1.1" 200 56400 "-" "Mozilla/5.0 (X11; Ubuntu; Linux x86_64; rv:26.0) Gecko/20100101 Firefox/26.0"
82.80.230.228 - - [27/Jun/2019:15:19:22 +0000] "GET /assets/plugins/flag/flags/1x1/bt.svg HTTP/1.1" 301 278 "-" "Mozilla/5.0 (Windows NT 6.1; WOW64; rv:27.3) Gecko/20100101 Firefox/27.3"
82.80.230.228 - - [27/Jun/2019:15:19:22 +0000] "GET /assets/plugins/flag/flags/1x1/bt.svg HTTP/1.1" 200 89658 "-" "Mozilla/5.0 (Windows NT 6.1; WOW64; rv:27.3) Gecko/20100101 Firefox/27.3"
82.80.230.228 - - [27/Jun/2019:15:19:22 +0000] "GET /assets/plugins/flag/flags/4x3/nc.svg HTTP/1.1" 301 278 "-" "Mozilla/6.0 (compatible)"
82.80.230.228 - - [27/Jun/2019:15:19:23 +0000] "GET /assets/plugins/flag/flags/4x3/nc.svg HTTP/1.1" 200 853 "-" "Mozilla/6.0 (compatible)"
82.80.230.228 - - [27/Jun/2019:15:19:23 +0000] "GET /images/Login/login.jpg HTTP/1.1" 301 264 "-" "Mozilla/5.0 (Windows NT 6.1; WOW64; Trident/7.0; rv:11.0) like Gecko"
82.80.230.228 - - [27/Jun/2019:15:19:23 +0000] "GET /assets/plugins/flag/flags/4x3/ag.svg HTTP/1.1" 200 935 "-" "Mozilla/5.0 (compatible; MSIE 10.0; Windows NT 6.2; WOW64; Trident/6.0)"
82.80.249.227 - - [27/Jun/2019:15:19:23 +0000] "GET /images/apartman-b.jpg HTTP/1.1" 200 29741 "-" "Mozilla/5.0 (Windows NT 5.1; rv:26.0) Gecko/20100101 Firefox/26.0"
82.80.230.228 - - [27/Jun/2019:15:19:23 +0000] "GET /images/slider1.jpg HTTP/1.1" 200 306224 "-" "Mozilla/5.0 (Windows NT 6.2; WOW64; rv:26.0) Gecko/20100101 Firefox/26.0"
82.80.230.228 - - [27/Jun/2019:15:19:23 +0000] "GET /images/Login/login.jpg HTTP/1.1" 404 1104 "-" "Mozilla/5.0 (Windows NT 6.1; WOW64; Trident/7.0; rv:11.0) like Gecko"
82.80.249.164 - - [27/Jun/2019:15:19:23 +0000] "GET /assets/plugins/flag/flags/4x3/bi.svg HTTP/1.1" 200 1366 "-" "Mozilla/5.0 (Windows NT 5.1) AppleWebKit/537.36 (KHTML, like Gecko) Chrome/31.0.1650.63 Safari/537.36"
82.80.249.163 - - [27/Jun/2019:15:19:24 +0000] "GET /assets/plugins/flag/flags/1x1/gh.svg HTTP/1.1" 200 678 "-" "Mozilla/5.0 (Macintosh; Intel Mac OS X 10_6_8) AppleWebKit/534.59.10 (KHTML, like Gecko) Version/5.1.9 Safari/534.59.10"
82.80.249.227 - - [27/Jun/2019:15:19:24 +0000] "GET /assets/plugins/flag/flags/1x1/bo.svg HTTP/1.1" 200 320 "-" "Mozilla/5.0 (Windows NT 6.0; WOW64) AppleWebKit/534.30 (KHTML, like Gecko) Chrome/12.0.742.91 Safari/534.30"
82.80.249.157 - - [27/Jun/2019:15:19:24 +0000] "GET /assets/plugins/flag/flags/4x3/mp.svg HTTP/1.1" 301 278 "-" "Mozilla/5.0 (Windows NT 6.2; WOW64; rv:26.0) Gecko/20100101 Firefox/26.0"
82.80.249.155 - - [27/Jun/2019:15:19:25 +0000] "GET /assets/plugins/flag/flags/4x3/ir.svg HTTP/1.1" 200 46903 "-" "Mozilla/5.0 (Windows NT 6.1; WOW64) AppleWebKit/537.36 (KHTML, like Gecko) Chrome/41.0.2227.0 Safari/537.36"
82.80.249.157 - - [27/Jun/2019:15:19:25 +0000] "GET /assets/plugins/flag/flags/4x3/mp.svg HTTP/1.1" 200 50081 "-" "Mozilla/5.0 (Windows NT 6.2; WOW64; rv:26.0) Gecko/20100101 Firefox/26.0"
82.80.249.204 - - [27/Jun/2019:15:19:25 +0000] "GET /assets/plugins/flag/flags/4x3/km.svg HTTP/1.1" 200 3248 "-" "Mozilla/5.0 (Windows NT 6.3; WOW64) AppleWebKit/537.36 (KHTML, like Gecko) Chrome/31.0.1650.63 Safari/537.36"
82.80.230.228 - - [27/Jun/2019:15:19:26 +0000] "GET /assets/plugins/flag/flags/1x1/sa.svg HTTP/1.1" 200 19021 "-" "Mozilla/5.0 (Windows NT 6.3; WOW64; rv:26.0) Gecko/20100101 Firefox/26.0"
82.80.230.228 - - [27/Jun/2019:15:19:26 +0000] "GET /assets/plugins/flag/flags/1x1/nl.svg HTTP/1.1" 200 900 "-" "Mozilla/5.0 (Macintosh; Intel Mac OS X 10_6_8) AppleWebKit/537.36 (KHTML, like Gecko) Chrome/31.0.1650.63 Safari/537.36"
82.80.230.228 - - [27/Jun/2019:15:19:26 +0000] "GET /assets/plugins/flag/flags/4x3/nz.svg HTTP/1.1" 301 278 "-" "Mozilla/5.0 (Windows NT 6.1; WOW64; rv:36.0) Gecko/20100101 Firefox/36.0"
82.80.230.228 - - [27/Jun/2019:15:19:26 +0000] "GET /assets/plugins/flag/flags/4x3/nz.svg HTTP/1.1" 200 5597 "-" "Mozilla/5.0 (Windows NT 6.1; WOW64; rv:36.0) Gecko/20100101 Firefox/36.0"
82.80.230.228 - - [27/Jun/2019:15:19:27 +0000] "GET /assets/plugins/flag/flags/4x3/lv.svg HTTP/1.1" 301 278 "-" "Mozilla/5.0 (Macintosh; Intel Mac OS X 10_9) AppleWebKit/537.71 (KHTML, like Gecko) Version/7.0 Safari/537.71"
82.80.230.228 - - [27/Jun/2019:15:19:27 +0000] "GET /assets/plugins/flag/flags/4x3/lv.svg HTTP/1.1" 200 890 "-" "Mozilla/5.0 (Macintosh; Intel Mac OS X 10_9) AppleWebKit/537.71 (KHTML, like Gecko) Version/7.0 Safari/537.71"
82.80.249.204 - - [27/Jun/2019:15:19:27 +0000] "GET /assets/plugins/flag/flags/1x1/br.svg HTTP/1.1" 200 12291 "-" "Mozilla/5.0 (Windows NT 6.1; WOW64; rv:36.0) Gecko/20100101 Firefox/36.0"
82.80.230.228 - - [27/Jun/2019:15:19:27 +0000] "GET /assets/plugins/flag/flags/1x1/eu.svg HTTP/1.1" 200 1268 "-" "Mozilla/5.0 (Windows NT 6.1; WOW64; rv:29.0) Gecko/20100101 Firefox/29.0"
82.80.230.228 - - [27/Jun/2019:15:19:27 +0000] "GET /images/icon-zadar-region.png HTTP/1.1" 301 270 "-" "Mozilla/5.0 (Windows NT 6.1; WOW64; rv:29.0) Gecko/20100101 Firefox/29.0"
82.80.230.228 - - [27/Jun/2019:15:19:28 +0000] "GET /images/icon-zadar-region.png HTTP/1.1" 200 1523 "-" "Mozilla/5.0 (Windows NT 6.1; WOW64; rv:29.0) Gecko/20100101 Firefox/29.0"
82.80.249.143 - - [27/Jun/2019:15:19:28 +0000] "GET /assets/plugins/flag/flags/1x1/fm.svg HTTP/1.1" 301 278 "-" "Mozilla/5.0 (Windows NT 6.1; WOW64; Trident/7.0; rv:11.0) like Gecko"
82.80.230.228 - - [27/Jun/2019:15:19:28 +0000] "GET /images/about-1.jpg HTTP/1.1" 301 260 "-" "Mozilla/5.0 (compatible, MSIE 11, Windows NT 6.3; Trident/7.0; rv:11.0) like Gecko"
82.80.249.143 - - [27/Jun/2019:15:19:28 +0000] "GET /assets/plugins/flag/flags/1x1/fm.svg HTTP/1.1" 200 976 "-" "Mozilla/5.0 (Windows NT 6.1; WOW64; Trident/7.0; rv:11.0) like Gecko"
82.80.249.157 - - [27/Jun/2019:15:19:28 +0000] "GET /assets/plugins/flag/flags/4x3/km.svg HTTP/1.1" 301 278 "-" "Mozilla/5.0 (compatible; MSIE 10.0; Windows NT 6.1; WOW64; Trident/6.0)"
82.80.230.228 - - [27/Jun/2019:15:19:28 +0000] "GET /images/about-1.jpg HTTP/1.1" 200 22685 "-" "Mozilla/5.0 (compatible, MSIE 11, Windows NT 6.3; Trident/7.0; rv:11.0) like Gecko"
82.80.249.157 - - [27/Jun/2019:15:19:28 +0000] "GET /assets/plugins/flag/flags/4x3/km.svg HTTP/1.1" 200 3248 "-" "Mozilla/5.0 (compatible; MSIE 10.0; Windows NT 6.1; WOW64; Trident/6.0)"
82.80.230.228 - - [27/Jun/2019:15:19:28 +0000] "GET /assets/plugins/flag/flags/4x3/tm.svg HTTP/1.1" 301 278 "-" "Mozilla/5.0 (Macintosh; Intel Mac OS X 10_9_1) AppleWebKit/537.36 (KHTML, like Gecko) Chrome/31.0.1650.57 Safari/537.36"
82.80.230.228 - - [27/Jun/2019:15:19:29 +0000] "GET /assets/plugins/flag/flags/4x3/tm.svg HTTP/1.1" 200 74081 "-" "Mozilla/5.0 (Macintosh; Intel Mac OS X 10_9_1) AppleWebKit/537.36 (KHTML, like Gecko) Chrome/31.0.1650.57 Safari/537.36"
82.80.249.204 - - [27/Jun/2019:15:19:29 +0000] "GET /assets/plugins/flag/flags/4x3/ec.svg HTTP/1.1" 200 38870 "-" "Mozilla/5.0 (Windows NT 6.3; WOW64) AppleWebKit/537.36 (KHTML, like Gecko) Chrome/32.0.1700.72 Safari/537.36"
82.80.249.133 - - [27/Jun/2019:15:19:29 +0000] "GET /unitegallery/skins/default/arrows_strip_up.png HTTP/1.1" 200 147 "-" "Mozilla/5.0 (Windows NT 6.1; WOW64) AppleWebKit/537.36 (KHTML, like Gecko) Chrome/40.0.2214.111 Safari/537.36"
82.80.230.228 - - [27/Jun/2019:15:19:30 +0000] "GET /images/icons/parking.png HTTP/1.1" 301 266 "-" "Mozilla/5.0 (Macintosh; Intel Mac OS X 10.9; rv:25.0) Gecko/20100101 Firefox/25.0"
82.80.230.228 - - [27/Jun/2019:15:19:30 +0000] "GET /images/icons/parking.png HTTP/1.1" 200 540 "-" "Mozilla/5.0 (Macintosh; Intel Mac OS X 10.9; rv:25.0) Gecko/20100101 Firefox/25.0"
82.80.244.51 - - [27/Jun/2019:15:19:30 +0000] "GET /assets/plugins/flag/flags/1x1/be.svg HTTP/1.1" 301 278 "-" "Mozilla/5.0 (Macintosh; Intel Mac OS X 10.6; rv:26.0) Gecko/20100101 Firefox/26.0"
82.80.244.51 - - [27/Jun/2019:15:19:31 +0000] "GET /assets/plugins/flag/flags/1x1/be.svg HTTP/1.1" 200 351 "-" "Mozilla/5.0 (Macintosh; Intel Mac OS X 10.6; rv:26.0) Gecko/20100101 Firefox/26.0"
82.80.230.228 - - [27/Jun/2019:15:19:31 +0000] "GET /assets/plugins/flag/flags/4x3/bt.svg HTTP/1.1" 200 92452 "-" "Mozilla/5.0 (Macintosh; Intel Mac OS X 10_9_1) AppleWebKit/537.36 (KHTML, like Gecko) Chrome/32.0.1700.68 Safari/537.36"
82.80.230.228 - - [27/Jun/2019:15:19:31 +0000] "GET /assets/plugins/flag/flags/4x3/af.svg HTTP/1.1" 301 278 "-" "Mozilla/5.0 (Windows NT 5.1; rv:25.0) Gecko/20100101 Firefox/25.0"
82.80.230.228 - - [27/Jun/2019:15:19:31 +0000] "GET /assets/plugins/flag/flags/4x3/af.svg HTTP/1.1" 200 91189 "-" "Mozilla/5.0 (Windows NT 5.1; rv:25.0) Gecko/20100101 Firefox/25.0"
82.80.249.152 - - [27/Jun/2019:15:19:32 +0000] "GET /assets/plugins/flag/flags/1x1/tn.svg HTTP/1.1" 200 1936 "-" "Mozilla/5.0 (Macintosh; Intel Mac OS X 10.9; rv:25.0) Gecko/20100101 Firefox/25.0"
82.80.230.228 - - [27/Jun/2019:15:19:32 +0000] "GET /assets/plugins/flag/flags/4x3/ma.svg HTTP/1.1" 301 278 "-" "Mozilla/5.0 (Windows NT 6.1; WOW64) AppleWebKit/537.36 (KHTML, like Gecko) Chrome/35.0.1916.153 Safari/537.36"
82.80.230.228 - - [27/Jun/2019:15:19:32 +0000] "GET /assets/plugins/flag/flags/4x3/ma.svg HTTP/1.1" 200 1435 "-" "Mozilla/5.0 (Windows NT 6.1; WOW64) AppleWebKit/537.36 (KHTML, like Gecko) Chrome/35.0.1916.153 Safari/537.36"
82.80.230.228 - - [27/Jun/2019:15:19:32 +0000] "GET /assets/plugins/flag/flags/4x3/gb.svg HTTP/1.1" 301 278 "-" "Mozilla/5.0 (compatible, MSIE 11, Windows NT 6.3; Trident/7.0; rv:11.0) like Gecko"
82.80.230.228 - - [27/Jun/2019:15:19:32 +0000] "GET /assets/plugins/flag/flags/4x3/gb.svg HTTP/1.1" 200 989 "-" "Mozilla/5.0 (compatible, MSIE 11, Windows NT 6.3; Trident/7.0; rv:11.0) like Gecko"
82.80.230.228 - - [27/Jun/2019:15:19:32 +0000] "GET /assets/plugins/flag/flags/1x1/gg.svg HTTP/1.1" 200 794 "-" "Mozilla/5.0 (X11; Linux x86_64; rv:26.0) Gecko/20100101 Firefox/26.0"
82.80.249.152 - - [27/Jun/2019:15:19:33 +0000] "GET /assets/plugins/flag/flags/4x3/nl.svg HTTP/1.1" 301 278 "-" "Mozilla/5.0 (X11; Ubuntu; Linux i686; rv:26.0) Gecko/20100101 Firefox/26.0"
82.80.230.228 - - [27/Jun/2019:15:19:33 +0000] "GET /assets/plugins/flag/flags/4x3/tt.svg HTTP/1.1" 301 278 "-" "Mozilla/5.0 (Windows NT 6.2; Win64; x64; rv:36.0) Gecko/20100101 Firefox/36.0"
82.80.249.152 - - [27/Jun/2019:15:19:33 +0000] "GET /assets/plugins/flag/flags/4x3/nl.svg HTTP/1.1" 200 896 "-" "Mozilla/5.0 (X11; Ubuntu; Linux i686; rv:26.0) Gecko/20100101 Firefox/26.0"
82.80.230.228 - - [27/Jun/2019:15:19:33 +0000] "GET /assets/plugins/flag/flags/4x3/tt.svg HTTP/1.1" 200 1046 "-" "Mozilla/5.0 (Windows NT 6.2; Win64; x64; rv:36.0) Gecko/20100101 Firefox/36.0"
82.80.230.228 - - [27/Jun/2019:15:19:33 +0000] "GET /assets/plugins/flag/flags/4x3/gl.svg HTTP/1.1" 200 695 "-" "Mozilla/5.0 (X11; Linux i686) AppleWebKit/537.36 (KHTML, like Gecko) Chrome/31.0.1650.63 Safari/537.36"
82.80.249.143 - - [27/Jun/2019:15:19:34 +0000] "GET /assets/plugins/flag/flags/1x1/mm.svg HTTP/1.1" 200 3502 "-" "Mozilla/5.0 (Macintosh; Intel Mac OS X 10_6_8) AppleWebKit/534.59.10 (KHTML, like Gecko) Version/5.1.9 Safari/534.59.10"
82.80.230.228 - - [27/Jun/2019:15:19:34 +0000] "GET /assets/plugins/flag/flags/1x1/ee.svg HTTP/1.1" 200 413 "-" "Mozilla/5.0 (Macintosh; Intel Mac OS X 10_7_5) AppleWebKit/537.36 (KHTML, like Gecko) Chrome/31.0.1650.63 Safari/537.36"
82.80.249.227 - - [27/Jun/2019:15:19:34 +0000] "GET /assets/plugins/flag/flags/4x3/sm.svg HTTP/1.1" 200 36562 "-" "Mozilla/5.0 (Windows NT 6.0) AppleWebKit/537.36 (KHTML, like Gecko) Chrome/31.0.1650.63 Safari/537.36"
82.80.249.143 - - [27/Jun/2019:15:19:34 +0000] "GET /assets/plugins/flag/flags/1x1/es.svg HTTP/1.1" 200 147377 "-" "Mozilla/5.0 (Windows NT 6.0; rv:26.0) Gecko/20100101 Firefox/26.0"
82.80.249.163 - - [27/Jun/2019:15:19:34 +0000] "GET /assets/plugins/flag/flags/1x1/bb.svg HTTP/1.1" 200 1739 "-" "Mozilla/5.0 (Macintosh; Intel Mac OS X 10_7_5) AppleWebKit/537.71 (KHTML, like Gecko) Version/6.1 Safari/537.71"
82.80.230.228 - - [27/Jun/2019:15:19:35 +0000] "GET /unitegallery/images/loader-white4.gif HTTP/1.1" 200 9136 "-" "Mozilla/5.0 (Windows NT 6.1; WOW64) AppleWebKit/537.36 (KHTML, like Gecko) Chrome/31.0.1650.63 Safari/537.36"
82.80.230.228 - - [27/Jun/2019:15:19:35 +0000] "GET /assets/plugins/flag/flags/4x3/fo.svg HTTP/1.1" 200 683 "-" "Mozilla/5.0 (X11; Linux i686) AppleWebKit/537.36 (KHTML, like Gecko) Chrome/31.0.1650.63 Safari/537.36"
82.80.249.194 - - [27/Jun/2019:15:19:35 +0000] "GET /assets/plugins/flag/flags/4x3/nr.svg HTTP/1.1" 301 278 "-" "Mozilla/5.0 (Windows NT 6.2; WOW64; rv:26.0) Gecko/20100101 Firefox/26.0"
