82.80.249.137 - - [27/Jun/2019:15:13:58 +0000] "GET /hr/izleti/nacionalni-park-plitvicka-jezera HTTP/1.1" 200 21847 "https://www.apartmanisostaric.com/hr" "Mozilla/5.0 (Windows NT 5.1; rv:26.0) Gecko/20100101 Firefox/26.0"
82.80.249.137 - - [27/Jun/2019:15:14:02 +0000] "GET /hr/izleti/nacionali-park-krka HTTP/1.1" 200 21754 "https://www.apartmanisostaric.com/hr" "Mozilla/5.0 (Macintosh; Intel Mac OS X 10_9_1) AppleWebKit/537.36 (KHTML, like Gecko) Chrome/32.0.1700.68 Safari/537.36"
82.80.249.137 - - [27/Jun/2019:15:14:02 +0000] "GET /hr/izleti/opg-jagic HTTP/1.1" 200 21725 "https://www.apartmanisostaric.com/hr" "Mozilla/5.0 (X11; Ubuntu; Linux x86_64; rv:25.0) Gecko/20100101 Firefox/25.0"
82.80.249.137 - - [27/Jun/2019:15:14:03 +0000] "GET /hr/izleti/nacionalni-park-paklenica HTTP/1.1" 200 21686 "https://www.apartmanisostaric.com/hr" "Mozilla/6.0 (compatible)"
82.80.249.137 - - [27/Jun/2019:15:14:04 +0000] "GET /hr/izleti/izletiste-krsovica HTTP/1.1" 200 21886 "https://www.apartmanisostaric.com/hr" "Mozilla/5.0 (Windows NT 6.0) AppleWebKit/537.36 (KHTML, like Gecko) Chrome/31.0.1650.63 Safari/537.36"
82.80.249.137 - - [27/Jun/2019:15:14:05 +0000] "GET /hr/kontakt HTTP/1.1" 200 23139 "https://www.apartmanisostaric.com/hr" "Mozilla/5.0 (Windows NT 6.3; WOW64) AppleWebKit/537.36 (KHTML, like Gecko) Chrome/32.0.1700.72 Safari/537.36"
82.80.249.137 - - [27/Jun/2019:15:14:09 +0000] "GET /hr/pravila-privatnosti HTTP/1.1" 200 24215 "https://www.apartmanisostaric.com/hr" "Mozilla/5.0 (X11; Linux i686) AppleWebKit/537.36 (KHTML, like Gecko) Chrome/31.0.1650.63 Safari/537.36"
82.80.249.137 - - [27/Jun/2019:15:14:12 +0000] "GET /en/+38523377050 HTTP/1.1" 404 1104 "https://www.apartmanisostaric.com/en/about-us" "Mozilla/5.0 (Macintosh; Intel Mac OS X 10_7_5) AppleWebKit/537.73.11 (KHTML, like Gecko) Version/6.1.1 Safari/537.73.11"
82.80.249.137 - - [27/Jun/2019:15:14:14 +0000] "GET /en/+385915793291 HTTP/1.1" 404 1104 "https://www.apartmanisostaric.com/en/about-us" "Mozilla/5.0 (Macintosh; Intel Mac OS X 10_6_8) AppleWebKit/537.36 (KHTML, like Gecko) Chrome/31.0.1650.63 Safari/537.36"
82.80.249.137 - - [27/Jun/2019:15:14:16 +0000] "GET /en/apartments/+38523377050 HTTP/1.1" 404 1104 "https://www.apartmanisostaric.com/en/apartments/studio-for-3-persons-2-1" "Mozilla/5.0 (Windows NT 6.1; WOW64; rv:29.0) Gecko/20100101 Firefox/29.0"
82.80.249.137 - - [27/Jun/2019:15:14:18 +0000] "GET /en/apartments/+385915793291 HTTP/1.1" 404 1104 "https://www.apartmanisostaric.com/en/apartments/studio-for-3-persons-2-1" "Mozilla/5.0 (Windows NT 6.3; WOW64; Trident/7.0; Touch; rv:11.0) like Gecko"
82.80.249.137 - - [27/Jun/2019:15:14:18 +0000] "GET /en/tours/+38523377050 HTTP/1.1" 404 1104 "https://www.apartmanisostaric.com/en/tours/nature-park-telascica" "Mozilla/5.0 (Windows NT 6.1; rv:26.0) Gecko/20100101 Firefox/26.0"
82.80.249.137 - - [27/Jun/2019:15:14:20 +0000] "GET /en/tours/+385915793291 HTTP/1.1" 404 1104 "https://www.apartmanisostaric.com/en/tours/nature-park-telascica" "Mozilla/5.0 (Macintosh; Intel Mac OS X 10_8_5) AppleWebKit/537.36 (KHTML, like Gecko) Chrome/31.0.1650.63 Safari/537.36"
82.80.249.137 - - [27/Jun/2019:15:14:23 +0000] "GET /en/tours/filip.vulic@gmail.com HTTP/1.1" 404 1104 "https://www.apartmanisostaric.com/en/tours/brbiscica-sakarun-velirat" "Mozilla/5.0 (Macintosh; Intel Mac OS X 10.9; rv:26.0) Gecko/20100101 Firefox/26.0"
82.80.249.137 - - [27/Jun/2019:15:14:23 +0000] "GET /de/+38523377050 HTTP/1.1" 404 1104 "https://www.apartmanisostaric.com/de/uber-uns" "Mozilla/5.0 (Macintosh; Intel Mac OS X 10_9_1) AppleWebKit/537.73.11 (KHTML, like Gecko) Version/7.0.1 Safari/537.73.11"
82.80.249.137 - - [27/Jun/2019:15:14:23 +0000] "GET /de/appartements/+38523377050 HTTP/1.1" 404 1104 "https://www.apartmanisostaric.com/de/appartements/studio-fur-2-personen-2-0" "Mozilla/5.0 (Windows NT 6.1; WOW64) AppleWebKit/537.36 (KHTML, like Gecko) Chrome/35.0.1916.153 Safari/537.36"
82.80.249.137 - - [27/Jun/2019:15:14:23 +0000] "GET /de/+385915793291 HTTP/1.1" 404 1104 "https://www.apartmanisostaric.com/de/uber-uns" "Mozilla/5.0 (Macintosh; Intel Mac OS X 10_7_5) AppleWebKit/537.73.11 (KHTML, like Gecko) Version/6.1.1 Safari/537.73.11"
82.80.249.137 - - [27/Jun/2019:15:14:25 +0000] "GET /de/appartements/+385915793291 HTTP/1.1" 404 1104 "https://www.apartmanisostaric.com/de/appartements/studio-fur-2-personen-2-0" "Mozilla/5.0 (X11; Ubuntu; Linux x86_64; rv:26.0) Gecko/20100101 Firefox/26.0"
82.80.249.137 - - [27/Jun/2019:15:14:26 +0000] "GET /de/ausfluge/filip.vulic@gmail.com HTTP/1.1" 404 1104 "https://www.apartmanisostaric.com/de/ausfluge/brbiscica-sakarun-velirat" "Mozilla/5.0 (compatible; MSIE 9.0; Windows NT 6.1; WOW64; Trident/5.0)"
82.80.249.137 - - [27/Jun/2019:15:14:26 +0000] "GET /de/ausfluge/+38523377050 HTTP/1.1" 404 1104 "https://www.apartmanisostaric.com/de/ausfluge/brbiscica-sakarun-velirat" "Mozilla/5.0 (Macintosh; Intel Mac OS X 10_7_5) AppleWebKit/537.36 (KHTML, like Gecko) Chrome/31.0.1650.63 Safari/537.36"
82.80.249.137 - - [27/Jun/2019:15:14:27 +0000] "GET /de/ausfluge/+385915793291 HTTP/1.1" 404 1104 "https://www.apartmanisostaric.com/de/ausfluge/brbiscica-sakarun-velirat" "Mozilla/5.0 (X11; Ubuntu; Linux x86_64; rv:26.0) Gecko/20100101 Firefox/26.0"
82.80.249.137 - - [27/Jun/2019:15:14:28 +0000] "GET /de/www.apartmanisostaric.com HTTP/1.1" 404 1104 "https://www.apartmanisostaric.com/de/datenschutz" "Mozilla/5.0 (Macintosh; Intel Mac OS X 10_6_8) AppleWebKit/534.59.10 (KHTML, like Gecko) Version/5.1.9 Safari/534.59.10"
82.80.249.137 - - [27/Jun/2019:15:14:28 +0000] "GET /it/+38523377050 HTTP/1.1" 404 1104 "https://www.apartmanisostaric.com/it/chi-siamo" "Mozilla/5.0 (Windows NT 6.3; WOW64; rv:26.0) Gecko/20100101 Firefox/26.0"
82.80.249.137 - - [27/Jun/2019:15:14:29 +0000] "GET /it/+385915793291 HTTP/1.1" 404 1104 "https://www.apartmanisostaric.com/it/chi-siamo" "Mozilla/5.0 (Macintosh; Intel Mac OS X 10_9_1) AppleWebKit/537.36 (KHTML, like Gecko) Chrome/32.0.1700.68 Safari/537.36"
82.80.249.137 - - [27/Jun/2019:15:14:31 +0000] "GET /it/appartamenti/+38523377050 HTTP/1.1" 404 1104 "https://www.apartmanisostaric.com/it/appartamenti/studio-per-2-persone-2-0" "Mozilla/5.0 (Windows NT 6.3; WOW64) AppleWebKit/537.36 (KHTML, like Gecko) Chrome/31.0.1650.63 Safari/537.36"
82.80.249.137 - - [27/Jun/2019:15:14:32 +0000] "GET /it/appartamenti/+385915793291 HTTP/1.1" 404 1104 "https://www.apartmanisostaric.com/it/appartamenti/studio-per-2-persone-2-0" "Mozilla/5.0 (Windows NT 6.1; WOW64; rv:24.0) Gecko/20100101 Firefox/24.0"
82.80.249.137 - - [27/Jun/2019:15:14:32 +0000] "GET /it/escursioni/filip.vulic@gmail.com HTTP/1.1" 404 1104 "https://www.apartmanisostaric.com/it/escursioni/brbiscica-sakarun-velirat" "Mozilla/5.0 (Macintosh; Intel Mac OS X 10_7_5) AppleWebKit/537.73.11 (KHTML, like Gecko) Version/6.1.1 Safari/537.73.11"
82.80.249.137 - - [27/Jun/2019:15:14:33 +0000] "GET /it/escursioni/+38523377050 HTTP/1.1" 404 1104 "https://www.apartmanisostaric.com/it/escursioni/brbiscica-sakarun-velirat" "Mozilla/5.0 (Macintosh; Intel Mac OS X 10_6_8) AppleWebKit/537.36 (KHTML, like Gecko) Chrome/31.0.1650.63 Safari/537.36"
82.80.249.137 - - [27/Jun/2019:15:14:33 +0000] "GET /it/escursioni/+385915793291 HTTP/1.1" 404 1104 "https://www.apartmanisostaric.com/it/escursioni/brbiscica-sakarun-velirat" "Mozilla/5.0 (Macintosh; Intel Mac OS X 10_8_5) AppleWebKit/537.73.11 (KHTML, like Gecko) Version/6.1.1 Safari/537.73.11"
82.80.249.137 - - [27/Jun/2019:15:14:33 +0000] "GET /hr/+38523377050 HTTP/1.1" 404 1104 "https://www.apartmanisostaric.com/hr/o-nama" "Mozilla/5.0 (Macintosh; Intel Mac OS X 10_9_1) AppleWebKit/537.73.11 (KHTML, like Gecko) Version/7.0.1 Safari/537.73.11"
82.80.249.137 - - [27/Jun/2019:15:14:33 +0000] "GET /hr/+385915793291 HTTP/1.1" 404 1104 "https://www.apartmanisostaric.com/hr/o-nama" "Mozilla/5.0 (Windows NT 6.1; WOW64; rv:29.0) Gecko/20100101 Firefox/29.0"
82.80.249.137 - - [27/Jun/2019:15:14:33 +0000] "GET /hr/apartmani/+38523377050 HTTP/1.1" 404 1104 "https://www.apartmanisostaric.com/hr/apartmani/studio-za-2-osobe-2-0" "Mozilla/5.0 (Windows NT 6.2; Win64; x64; rv:27.0) Gecko/20100101 Firefox/27.0"
82.80.249.137 - - [27/Jun/2019:15:14:35 +0000] "GET /hr/izleti/+38523377050 HTTP/1.1" 404 1104 "https://www.apartmanisostaric.com/hr/izleti/nacionalni-park-kornati" "Mozilla/5.0 (Windows NT 6.3; WOW64; Trident/7.0; Touch; rv:11.0) like Gecko"
82.80.249.137 - - [27/Jun/2019:15:14:35 +0000] "GET /hr/apartmani/+385915793291 HTTP/1.1" 404 1104 "https://www.apartmanisostaric.com/hr/apartmani/studio-za-2-osobe-2-0" "Mozilla/5.0 (Windows NT 6.1; rv:25.0) Gecko/20100101 Firefox/25.0"
82.80.249.137 - - [27/Jun/2019:15:14:37 +0000] "GET /hr/izleti/+385915793291 HTTP/1.1" 404 1104 "https://www.apartmanisostaric.com/hr/izleti/nacionalni-park-kornati" "Mozilla/5.0 (Windows NT 6.1; WOW64) AppleWebKit/537.36 (KHTML, like Gecko) Chrome/40.0.2214.111 Safari/537.36"
82.80.249.137 - - [27/Jun/2019:15:14:37 +0000] "GET /hr/izleti/filip.vulic@gmail.com HTTP/1.1" 404 1104 "https://www.apartmanisostaric.com/hr/izleti/brbiscica-sakarun-velirat" "Mozilla/5.0 (Macintosh; Intel Mac OS X 10_7_5) AppleWebKit/537.36 (KHTML, like Gecko) Chrome/31.0.1650.63 Safari/537.36"
82.80.249.164 - - [27/Jun/2019:15:14:45 +0000] "GET /assets/plugins/flag/flags/4x3/ne.svg HTTP/1.1" 301 278 "-" "Mozilla/5.0 (Macintosh; Intel Mac OS X 10_8_4) AppleWebKit/537.36 (KHTML, like Gecko) Chrome/31.0.1650.63 Safari/537.36"
82.80.249.227 - - [27/Jun/2019:15:14:45 +0000] "GET /assets/plugins/flag/flags/4x3/bj.svg HTTP/1.1" 301 278 "-" "Mozilla/5.0 (Windows NT 6.3; WOW64) AppleWebKit/537.36 (KHTML, like Gecko) Chrome/31.0.1650.63 Safari/537.36"
82.80.230.228 - - [27/Jun/2019:15:14:45 +0000] "GET /assets/plugins/flag/flags/4x3/zw.svg HTTP/1.1" 200 5898 "-" "Mozilla/5.0 (Windows NT 6.1; WOW64; rv:27.0) Gecko/20100101 Firefox/27.0"
82.80.249.164 - - [27/Jun/2019:15:14:45 +0000] "GET /assets/plugins/flag/flags/4x3/ne.svg HTTP/1.1" 200 1126 "-" "Mozilla/5.0 (Macintosh; Intel Mac OS X 10_8_4) AppleWebKit/537.36 (KHTML, like Gecko) Chrome/31.0.1650.63 Safari/537.36"
82.80.249.227 - - [27/Jun/2019:15:14:45 +0000] "GET /assets/plugins/flag/flags/4x3/bj.svg HTTP/1.1" 200 536 "-" "Mozilla/5.0 (Windows NT 6.3; WOW64) AppleWebKit/537.36 (KHTML, like Gecko) Chrome/31.0.1650.63 Safari/537.36"
82.80.230.228 - - [27/Jun/2019:15:14:46 +0000] "GET /assets/plugins/flag/flags/1x1/bm.svg HTTP/1.1" 200 56400 "-" "Mozilla/5.0 (X11; Linux i686) AppleWebKit/537.36 (KHTML, like Gecko) Chrome/31.0.1650.63 Safari/537.36"
82.80.230.228 - - [27/Jun/2019:15:14:46 +0000] "GET /assets/plugins/flag/flags/4x3/gn.svg HTTP/1.1" 200 343 "-" "Mozilla/5.0 (Macintosh; Intel Mac OS X 10_9_1) AppleWebKit/537.73.11 (KHTML, like Gecko) Version/7.0.1 Safari/537.73.11"
82.80.230.228 - - [27/Jun/2019:15:14:46 +0000] "GET /assets/plugins/flag/flags/4x3/la.svg HTTP/1.1" 301 278 "-" "Mozilla/5.0 (Windows NT 6.1; WOW64; rv:33.0) Gecko/20100101 Firefox/33.0"
82.80.230.228 - - [27/Jun/2019:15:14:46 +0000] "GET /images/Restaurants/Restaurants-60.jpg HTTP/1.1" 404 1104 "-" "Mozilla/5.0 (Windows NT 6.1; WOW64) AppleWebKit/537.36 (KHTML, like Gecko) Chrome/41.0.2227.0 Safari/537.36"
82.80.230.228 - - [27/Jun/2019:15:14:46 +0000] "GET /assets/plugins/flag/flags/4x3/la.svg HTTP/1.1" 200 1119 "-" "Mozilla/5.0 (Windows NT 6.1; WOW64; rv:33.0) Gecko/20100101 Firefox/33.0"
82.80.230.228 - - [27/Jun/2019:15:14:47 +0000] "GET /assets/plugins/flag/flags/4x3/cc.svg HTTP/1.1" 200 1871 "-" "Mozilla/5.0 (X11; Linux x86_64) AppleWebKit/537.36 (KHTML, like Gecko) Chrome/31.0.1650.57 Safari/537.36"
82.80.230.228 - - [27/Jun/2019:15:14:47 +0000] "GET /assets/plugins/flag/flags/1x1/cr.svg HTTP/1.1" 301 278 "-" "Mozilla/5.0 (compatible; MSIE 9.0; Windows NT 6.1; WOW64; Trident/5.0)"
82.80.230.228 - - [27/Jun/2019:15:14:47 +0000] "GET /assets/plugins/flag/flags/4x3/ye.svg HTTP/1.1" 301 278 "-" "Mozilla/5.0 (Windows NT 6.1; WOW64) AppleWebKit/537.36 (KHTML, like Gecko) Chrome/35.0.1916.153 Safari/537.36"
82.80.230.228 - - [27/Jun/2019:15:14:47 +0000] "GET /assets/plugins/flag/flags/1x1/tz.svg HTTP/1.1" 301 278 "-" "Mozilla/5.0 (Windows NT 6.1; WOW64) AppleWebKit/537.36 (KHTML, like Gecko) Chrome/41.0.2227.0 Safari/537.36"
82.80.249.164 - - [27/Jun/2019:15:14:47 +0000] "GET /images/icons/wifi.png HTTP/1.1" 301 263 "-" "Mozilla/5.0 (Windows NT 6.1) AppleWebKit/537.36 (KHTML, like Gecko) Chrome/31.0.1650.63 Safari/537.36"
82.80.230.228 - - [27/Jun/2019:15:14:47 +0000] "GET /assets/plugins/flag/flags/1x1/cr.svg HTTP/1.1" 200 353 "-" "Mozilla/5.0 (compatible; MSIE 9.0; Windows NT 6.1; WOW64; Trident/5.0)"
82.80.230.228 - - [27/Jun/2019:15:14:48 +0000] "GET /assets/plugins/flag/flags/4x3/ye.svg HTTP/1.1" 200 873 "-" "Mozilla/5.0 (Windows NT 6.1; WOW64) AppleWebKit/537.36 (KHTML, like Gecko) Chrome/35.0.1916.153 Safari/537.36"
82.80.249.164 - - [27/Jun/2019:15:14:48 +0000] "GET /images/icons/wifi.png HTTP/1.1" 200 1126 "-" "Mozilla/5.0 (Windows NT 6.1) AppleWebKit/537.36 (KHTML, like Gecko) Chrome/31.0.1650.63 Safari/537.36"
82.80.230.228 - - [27/Jun/2019:15:14:48 +0000] "GET /assets/plugins/flag/flags/1x1/tz.svg HTTP/1.1" 200 1378 "-" "Mozilla/5.0 (Windows NT 6.1; WOW64) AppleWebKit/537.36 (KHTML, like Gecko) Chrome/41.0.2227.0 Safari/537.36"
82.80.230.228 - - [27/Jun/2019:15:14:48 +0000] "GET /images/Home-1/even-l-icon-color.png HTTP/1.1" 301 277 "-" "Mozilla/5.0 (Windows NT 6.0; rv:26.0) Gecko/20100101 Firefox/26.0"
82.80.230.228 - - [27/Jun/2019:15:14:49 +0000] "GET /unitegallery/images/loader-white2.gif HTTP/1.1" 200 32494 "-" "Mozilla/5.0 (Windows NT 6.1; Trident/7.0; rv:11.0) like Gecko"
82.80.249.204 - - [27/Jun/2019:15:14:49 +0000] "GET /assets/plugins/flag/flags/1x1/vn.svg HTTP/1.1" 200 1214 "-" "Opera/9.80 (Windows NT 6.1; WOW64) Presto/2.12.388 Version/12.16"
82.80.230.228 - - [27/Jun/2019:15:14:49 +0000] "GET /images/Home-1/even-l-icon-color.png HTTP/1.1" 200 225 "-" "Mozilla/5.0 (Windows NT 6.0; rv:26.0) Gecko/20100101 Firefox/26.0"
82.80.230.228 - - [27/Jun/2019:15:14:49 +0000] "GET /assets/plugins/flag/flags/1x1/pr.svg HTTP/1.1" 301 278 "-" "Mozilla/5.0 (Macintosh; Intel Mac OS X 10_8_5) AppleWebKit/537.36 (KHTML, like Gecko) Chrome/31.0.1650.63 Safari/537.36"
82.80.249.157 - - [27/Jun/2019:15:14:50 +0000] "GET /assets/plugins/flag/flags/1x1/om.svg HTTP/1.1" 200 52376 "-" "Mozilla/5.0 (Windows NT 6.0) AppleWebKit/537.36 (KHTML, like Gecko) Chrome/31.0.1650.63 Safari/537.36"
82.80.244.51 - - [27/Jun/2019:15:14:50 +0000] "GET /assets/plugins/flag/flags/4x3/bd.svg HTTP/1.1" 200 365 "-" "Mozilla/5.0 (Windows NT 5.1; rv:26.0) Gecko/20100101 Firefox/26.0"
82.80.230.228 - - [27/Jun/2019:15:14:50 +0000] "GET /assets/plugins/flag/flags/1x1/pr.svg HTTP/1.1" 200 1520 "-" "Mozilla/5.0 (Macintosh; Intel Mac OS X 10_8_5) AppleWebKit/537.36 (KHTML, like Gecko) Chrome/31.0.1650.63 Safari/537.36"
82.80.230.228 - - [27/Jun/2019:15:14:50 +0000] "GET /assets/plugins/flag/flags/1x1/sn.svg HTTP/1.1" 301 278 "-" "Mozilla/5.0 (Windows NT 6.1) AppleWebKit/537.36 (KHTML, like Gecko) Chrome/32.0.1700.72 Safari/537.36"
82.80.230.228 - - [27/Jun/2019:15:14:50 +0000] "GET /assets/plugins/flag/flags/1x1/sn.svg HTTP/1.1" 200 1108 "-" "Mozilla/5.0 (Windows NT 6.1) AppleWebKit/537.36 (KHTML, like Gecko) Chrome/32.0.1700.72 Safari/537.36"
82.80.230.228 - - [27/Jun/2019:15:14:51 +0000] "GET /assets/plugins/flag/flags/1x1/gl.svg HTTP/1.1" 301 278 "-" "Mozilla/5.0 (Macintosh; Intel Mac OS X 10_8_5) AppleWebKit/537.73.11 (KHTML, like Gecko) Version/6.1.1 Safari/537.73.11"
82.80.249.164 - - [27/Jun/2019:15:14:51 +0000] "GET /assets/plugins/flag/flags/1x1/fo.svg HTTP/1.1" 301 278 "-" "Mozilla/5.0 (Windows NT 6.1; WOW64; rv:28.0) Gecko/20100101 Firefox/28.0"
82.80.230.228 - - [27/Jun/2019:15:14:51 +0000] "GET /images/Home-4/footer.jpg HTTP/1.1" 301 266 "-" "Mozilla/5.0 (Macintosh; Intel Mac OS X 10_7_5) AppleWebKit/537.71 (KHTML, like Gecko) Version/6.1 Safari/537.71"
82.80.230.228 - - [27/Jun/2019:15:14:51 +0000] "GET /assets/plugins/flag/flags/1x1/ge.svg HTTP/1.1" 200 1173 "-" "Mozilla/5.0 (Windows NT 6.2; Win64; x64; rv:27.0) Gecko/20100101 Firefox/27.0"
82.80.230.228 - - [27/Jun/2019:15:14:51 +0000] "GET /assets/plugins/flag/flags/1x1/gl.svg HTTP/1.1" 200 544 "-" "Mozilla/5.0 (Macintosh; Intel Mac OS X 10_8_5) AppleWebKit/537.73.11 (KHTML, like Gecko) Version/6.1.1 Safari/537.73.11"
82.80.230.228 - - [27/Jun/2019:15:14:51 +0000] "GET /images/Home-4/footer.jpg HTTP/1.1" 200 7324 "-" "Mozilla/5.0 (Macintosh; Intel Mac OS X 10_7_5) AppleWebKit/537.71 (KHTML, like Gecko) Version/6.1 Safari/537.71"
82.80.249.164 - - [27/Jun/2019:15:14:51 +0000] "GET /assets/plugins/flag/flags/1x1/fo.svg HTTP/1.1" 200 622 "-" "Mozilla/5.0 (Windows NT 6.1; WOW64; rv:28.0) Gecko/20100101 Firefox/28.0"
82.80.230.228 - - [27/Jun/2019:15:14:52 +0000] "GET /assets/plugins/flag/flags/4x3/to.svg HTTP/1.1" 301 278 "-" "Mozilla/5.0 (Windows NT 6.1) AppleWebKit/537.36 (KHTML, like Gecko) Chrome/32.0.1700.72 Safari/537.36"
82.80.230.228 - - [27/Jun/2019:15:14:52 +0000] "GET /assets/plugins/flag/flags/1x1/cd.svg HTTP/1.1" 301 278 "-" "Mozilla/5.0 (Macintosh; Intel Mac OS X 10.8; rv:26.0) Gecko/20100101 Firefox/26.0"
82.80.249.143 - - [27/Jun/2019:15:14:52 +0000] "GET /assets/plugins/flag/flags/4x3/bf.svg HTTP/1.1" 200 480 "-" "Mozilla/5.0 (Macintosh; Intel Mac OS X 10_9_0) AppleWebKit/537.36 (KHTML, like Gecko) Chrome/31.0.1650.57 Safari/537.36"
82.80.249.133 - - [27/Jun/2019:15:14:52 +0000] "GET /unitegallery/skins/default/tile_button_play_pause.png HTTP/1.1" 200 580 "-" "Mozilla/5.0 (Windows NT 6.1; WOW64; rv:28.0) Gecko/20100101 Firefox/28.0"
82.80.230.228 - - [27/Jun/2019:15:14:52 +0000] "GET /assets/plugins/flag/flags/4x3/to.svg HTTP/1.1" 200 1077 "-" "Mozilla/5.0 (Windows NT 6.1) AppleWebKit/537.36 (KHTML, like Gecko) Chrome/32.0.1700.72 Safari/537.36"
82.80.230.228 - - [27/Jun/2019:15:14:52 +0000] "GET /assets/plugins/flag/flags/1x1/cd.svg HTTP/1.1" 200 545 "-" "Mozilla/5.0 (Macintosh; Intel Mac OS X 10.8; rv:26.0) Gecko/20100101 Firefox/26.0"
82.80.230.228 - - [27/Jun/2019:15:14:53 +0000] "GET /assets/plugins/flag/flags/1x1/bg.svg HTTP/1.1" 301 278 "-" "Mozilla/5.0 (Macintosh; Intel Mac OS X 10_6_8) AppleWebKit/534.59.10 (KHTML, like Gecko) Version/5.1.9 Safari/534.59.10"
82.80.230.228 - - [27/Jun/2019:15:14:53 +0000] "GET /assets/plugins/flag/flags/1x1/tl.svg HTTP/1.1" 301 278 "-" "Mozilla/5.0 (Windows NT 6.1; WOW64) AppleWebKit/537.36 (KHTML, like Gecko) Chrome/32.0.1700.41 Safari/537.36"
82.80.230.228 - - [27/Jun/2019:15:14:53 +0000] "GET /assets/plugins/flag/flags/1x1/gs.svg HTTP/1.1" 200 47440 "-" "Mozilla/5.0 (Windows NT 5.1; rv:25.0) Gecko/20100101 Firefox/25.0"
82.80.230.228 - - [27/Jun/2019:15:14:53 +0000] "GET /assets/plugins/flag/flags/1x1/bg.svg HTTP/1.1" 200 342 "-" "Mozilla/5.0 (Macintosh; Intel Mac OS X 10_6_8) AppleWebKit/534.59.10 (KHTML, like Gecko) Version/5.1.9 Safari/534.59.10"
82.80.230.228 - - [27/Jun/2019:15:14:53 +0000] "GET /assets/plugins/flag/flags/1x1/tl.svg HTTP/1.1" 200 1338 "-" "Mozilla/5.0 (Windows NT 6.1; WOW64) AppleWebKit/537.36 (KHTML, like Gecko) Chrome/32.0.1700.41 Safari/537.36"
82.80.230.228 - - [27/Jun/2019:15:14:54 +0000] "GET /assets/plugins/flag/flags/4x3/je.svg HTTP/1.1" 301 278 "-" "Mozilla/5.0 (Macintosh; Intel Mac OS X 10_7_5) AppleWebKit/537.36 (KHTML, like Gecko) Chrome/31.0.1650.63 Safari/537.36"
82.80.249.227 - - [27/Jun/2019:15:14:54 +0000] "GET /assets/plugins/flag/flags/4x3/mc.svg HTTP/1.1" 301 278 "-" "Mozilla/5.0 (Macintosh; Intel Mac OS X 10_7_5) AppleWebKit/537.36 (KHTML, like Gecko) Chrome/31.0.1650.63 Safari/537.36"
82.80.230.228 - - [27/Jun/2019:15:14:54 +0000] "GET /assets/plugins/flag/flags/1x1/tz.svg HTTP/1.1" 200 1378 "-" "Mozilla/5.0 (Windows NT 6.1; WOW64) AppleWebKit/537.36 (KHTML, like Gecko) Chrome/40.0.2214.111 Safari/537.36"
82.80.230.228 - - [27/Jun/2019:15:14:54 +0000] "GET /assets/plugins/flag/flags/4x3/je.svg HTTP/1.1" 200 11038 "-" "Mozilla/5.0 (Macintosh; Intel Mac OS X 10_7_5) AppleWebKit/537.36 (KHTML, like Gecko) Chrome/31.0.1650.63 Safari/537.36"
82.80.249.227 - - [27/Jun/2019:15:14:54 +0000] "GET /assets/plugins/flag/flags/4x3/mc.svg HTTP/1.1" 200 778 "-" "Mozilla/5.0 (Macintosh; Intel Mac OS X 10_7_5) AppleWebKit/537.36 (KHTML, like Gecko) Chrome/31.0.1650.63 Safari/537.36"
82.80.249.227 - - [27/Jun/2019:15:14:54 +0000] "GET /assets/plugins/flag/flags/4x3/do.svg HTTP/1.1" 200 467464 "-" "Mozilla/5.0 (X11; Ubuntu; Linux x86_64; rv:26.0) Gecko/20100101 Firefox/26.0"
82.80.230.228 - - [27/Jun/2019:15:14:55 +0000] "GET /images/Home-3/icon1-color.png HTTP/1.1" 301 271 "-" "Mozilla/5.0 (compatible; MSIE 9.0; Windows NT 6.1; WOW64; Trident/5.0)"
82.80.230.228 - - [27/Jun/2019:15:14:55 +0000] "GET /assets/plugins/flag/flags/4x3/uy.svg HTTP/1.1" 301 278 "-" "Mozilla/5.0 (Macintosh; Intel Mac OS X 10_6_8) AppleWebKit/534.59.10 (KHTML, like Gecko) Version/5.1.9 Safari/534.59.10"
82.80.230.228 - - [27/Jun/2019:15:14:55 +0000] "GET /images/Home-3/icon1-color.png HTTP/1.1" 200 2011 "-" "Mozilla/5.0 (compatible; MSIE 9.0; Windows NT 6.1; WOW64; Trident/5.0)"
82.80.230.228 - - [27/Jun/2019:15:14:55 +0000] "GET /assets/plugins/flag/flags/1x1/ec.svg HTTP/1.1" 200 39279 "-" "Mozilla/5.0 (Macintosh; Intel Mac OS X 10_7_5) AppleWebKit/537.36 (KHTML, like Gecko) Chrome/31.0.1650.63 Safari/537.36"
82.80.249.155 - - [27/Jun/2019:15:14:55 +0000] "GET /images/apartments/apartment-a/apartman-a-4.jpg HTTP/1.1" 200 209806 "-" "Mozilla/5.0 (Macintosh; Intel Mac OS X 10_9_1) AppleWebKit/537.36 (KHTML, like Gecko) Chrome/32.0.1700.68 Safari/537.36"
82.80.230.228 - - [27/Jun/2019:15:14:55 +0000] "GET /assets/plugins/flag/flags/4x3/uy.svg HTTP/1.1" 200 11703 "-" "Mozilla/5.0 (Macintosh; Intel Mac OS X 10_6_8) AppleWebKit/534.59.10 (KHTML, like Gecko) Version/5.1.9 Safari/534.59.10"
82.80.230.228 - - [27/Jun/2019:15:14:56 +0000] "GET /assets/plugins/flag/flags/4x3/bb.svg HTTP/1.1" 301 278 "-" "Mozilla/5.0 (Macintosh; Intel Mac OS X 10.8; rv:26.0) Gecko/20100101 Firefox/26.0"
82.80.230.228 - - [27/Jun/2019:15:14:56 +0000] "GET /assets/plugins/flag/flags/4x3/bb.svg HTTP/1.1" 200 1745 "-" "Mozilla/5.0 (Macintosh; Intel Mac OS X 10.8; rv:26.0) Gecko/20100101 Firefox/26.0"
82.80.230.228 - - [27/Jun/2019:15:14:56 +0000] "GET /assets/plugins/flag/flags/1x1/gr.svg HTTP/1.1" 301 278 "-" "Mozilla/5.0 (Macintosh; Intel Mac OS X 10_9) AppleWebKit/537.71 (KHTML, like Gecko) Version/7.0 Safari/537.71"
82.80.230.228 - - [27/Jun/2019:15:14:56 +0000] "GET /images/about-2.jpg HTTP/1.1" 200 23855 "-" "Mozilla/5.0 (Windows NT 5.1; rv:26.0) Gecko/20100101 Firefox/26.0"
82.80.230.228 - - [27/Jun/2019:15:14:57 +0000] "GET /assets/plugins/flag/flags/1x1/gr.svg HTTP/1.1" 200 909 "-" "Mozilla/5.0 (Macintosh; Intel Mac OS X 10_9) AppleWebKit/537.71 (KHTML, like Gecko) Version/7.0 Safari/537.71"
82.80.230.228 - - [27/Jun/2019:15:14:57 +0000] "GET /images/icon-dugi-otok.png HTTP/1.1" 200 2337 "-" "Mozilla/5.0 (Windows NT 6.1; WOW64) AppleWebKit/537.36 (KHTML, like Gecko) Chrome/32.0.1700.41 Safari/537.36"
82.80.230.228 - - [27/Jun/2019:15:14:57 +0000] "GET /assets/plugins/flag/flags/4x3/ki.svg HTTP/1.1" 200 9215 "-" "Mozilla/5.0 (Windows NT 6.1; WOW64; rv:25.0) Gecko/20100101 Firefox/25.0"
82.80.230.228 - - [27/Jun/2019:15:14:57 +0000] "GET /assets/plugins/flag/flags/4x3/mz.svg HTTP/1.1" 301 278 "-" "Mozilla/5.0 (Macintosh; Intel Mac OS X 10_9_1) AppleWebKit/537.36 (KHTML, like Gecko) Chrome/31.0.1650.57 Safari/537.36"
82.80.230.228 - - [27/Jun/2019:15:14:58 +0000] "GET /assets/plugins/flag/flags/1x1/by.svg HTTP/1.1" 200 9435 "-" "Mozilla/5.0 (X11; Linux i686) AppleWebKit/537.36 (KHTML, like Gecko) Chrome/31.0.1650.63 Safari/537.36"
82.80.249.194 - - [27/Jun/2019:15:14:58 +0000] "GET /assets/plugins/flag/flags/4x3/ca.svg HTTP/1.1" 200 1176 "-" "Mozilla/5.0 (Windows NT 5.1) AppleWebKit/537.36 (KHTML, like Gecko) Chrome/31.0.1650.63 Safari/537.36"
82.80.230.228 - - [27/Jun/2019:15:14:58 +0000] "GET /assets/plugins/flag/flags/4x3/mz.svg HTTP/1.1" 200 5147 "-" "Mozilla/5.0 (Macintosh; Intel Mac OS X 10_9_1) AppleWebKit/537.36 (KHTML, like Gecko) Chrome/31.0.1650.57 Safari/537.36"
82.80.249.157 - - [27/Jun/2019:15:14:58 +0000] "GET /assets/plugins/flag/flags/1x1/tr.svg HTTP/1.1" 301 278 "-" "Mozilla/5.0 (Windows NT 6.1; WOW64) AppleWebKit/537.36 (KHTML, like Gecko) Chrome/32.0.1700.41 Safari/537.36"
82.80.249.133 - - [27/Jun/2019:15:14:58 +0000] "GET /assets/plugins/flag/flags/1x1/lu.svg HTTP/1.1" 200 861 "-" "Mozilla/5.0 (Windows NT 6.1; WOW64) AppleWebKit/537.36 (KHTML, like Gecko) Chrome/31.0.1650.57 Safari/537.36"
82.80.249.204 - - [27/Jun/2019:15:14:59 +0000] "GET /assets/plugins/flag/flags/1x1/kw.svg HTTP/1.1" 301 278 "-" "Mozilla/5.0 (X11; Linux x86_64) AppleWebKit/537.36 (KHTML, like Gecko) Chrome/31.0.1650.57 Safari/537.36"
82.80.249.157 - - [27/Jun/2019:15:14:59 +0000] "GET /assets/plugins/flag/flags/1x1/tr.svg HTTP/1.1" 200 723 "-" "Mozilla/5.0 (Windows NT 6.1; WOW64) AppleWebKit/537.36 (KHTML, like Gecko) Chrome/32.0.1700.41 Safari/537.36"
82.80.230.228 - - [27/Jun/2019:15:14:59 +0000] "GET /assets/plugins/flag/flags/4x3/fm.svg HTTP/1.1" 200 971 "-" "Mozilla/5.0 (Windows NT 6.2; Win64; x64; rv:27.0) Gecko/20100101 Firefox/27.0"
82.80.230.228 - - [27/Jun/2019:15:14:59 +0000] "GET /assets/plugins/flag/flags/1x1/cl.svg HTTP/1.1" 200 712 "-" "Mozilla/5.0 (X11; Linux x86_64; rv:26.0) Gecko/20100101 Firefox/26.0"
82.80.249.204 - - [27/Jun/2019:15:14:59 +0000] "GET /assets/plugins/flag/flags/1x1/kw.svg HTTP/1.1" 200 1198 "-" "Mozilla/5.0 (X11; Linux x86_64) AppleWebKit/537.36 (KHTML, like Gecko) Chrome/31.0.1650.57 Safari/537.36"
82.80.230.228 - - [27/Jun/2019:15:14:59 +0000] "GET /assets/plugins/flag/flags/4x3/mv.svg HTTP/1.1" 200 1112 "-" "Mozilla/5.0 (Macintosh; Intel Mac OS X 10_9_1) AppleWebKit/537.36 (KHTML, like Gecko) Chrome/31.0.1650.63 Safari/537.36"
82.80.230.228 - - [27/Jun/2019:15:15:00 +0000] "GET /assets/plugins/flag/flags/1x1/yt.svg HTTP/1.1" 301 278 "-" "Mozilla/5.0 (compatible)"
82.80.230.228 - - [27/Jun/2019:15:15:00 +0000] "GET /assets/plugins/flag/flags/1x1/za.svg HTTP/1.1" 200 1766 "-" "Mozilla/5.0 (Macintosh; Intel Mac OS X 10.9; rv:25.0) Gecko/20100101 Firefox/25.0"
82.80.230.228 - - [27/Jun/2019:15:15:00 +0000] "GET /assets/plugins/flag/flags/1x1/eh.svg HTTP/1.1" 301 278 "-" "Mozilla/5.0 (X11; Ubuntu; Linux i686; rv:26.0) Gecko/20100101 Firefox/26.0"
82.80.230.228 - - [27/Jun/2019:15:15:00 +0000] "GET /assets/plugins/flag/flags/1x1/dk.svg HTTP/1.1" 301 278 "-" "Mozilla/5.0 (Windows NT 6.3; WOW64; Trident/7.0; Touch; rv:11.0) like Gecko"
82.80.230.228 - - [27/Jun/2019:15:15:00 +0000] "GET /assets/plugins/flag/flags/1x1/yt.svg HTTP/1.1" 200 875 "-" "Mozilla/5.0 (compatible)"
82.80.230.228 - - [27/Jun/2019:15:15:00 +0000] "GET /assets/plugins/flag/flags/1x1/eh.svg HTTP/1.1" 200 1061 "-" "Mozilla/5.0 (X11; Ubuntu; Linux i686; rv:26.0) Gecko/20100101 Firefox/26.0"
82.80.230.228 - - [27/Jun/2019:15:15:00 +0000] "GET /assets/plugins/flag/flags/1x1/dk.svg HTTP/1.1" 200 531 "-" "Mozilla/5.0 (Windows NT 6.3; WOW64; Trident/7.0; Touch; rv:11.0) like Gecko"
82.80.230.228 - - [27/Jun/2019:15:15:01 +0000] "GET /assets/plugins/flag/flags/1x1/gd.svg HTTP/1.1" 301 278 "-" "Mozilla/5.0 (Macintosh; Intel Mac OS X 10.8; rv:26.0) Gecko/20100101 Firefox/26.0"
82.80.249.157 - - [27/Jun/2019:15:15:01 +0000] "GET /assets/plugins/flag/flags/4x3/kg.svg HTTP/1.1" 301 278 "-" "Opera/9.80 (Windows NT 6.1; WOW64) Presto/2.12.388 Version/12.16"
82.80.230.228 - - [27/Jun/2019:15:15:01 +0000] "GET /assets/plugins/flag/flags/1x1/gd.svg HTTP/1.1" 200 1906 "-" "Mozilla/5.0 (Macintosh; Intel Mac OS X 10.8; rv:26.0) Gecko/20100101 Firefox/26.0"
82.80.230.228 - - [27/Jun/2019:15:15:01 +0000] "GET /unitegallery/skins/default/tile_bullets_gray.png HTTP/1.1" 200 401 "-" "Mozilla/5.0 (compatible)"
82.80.249.157 - - [27/Jun/2019:15:15:01 +0000] "GET /assets/plugins/flag/flags/4x3/kg.svg HTTP/1.1" 200 6156 "-" "Opera/9.80 (Windows NT 6.1; WOW64) Presto/2.12.388 Version/12.16"
82.80.249.163 - - [27/Jun/2019:15:15:01 +0000] "GET /assets/plugins/flag/flags/4x3/tg.svg HTTP/1.1" 301 278 "-" "Mozilla/5.0 (Windows NT 6.1; rv:25.0) Gecko/20100101 Firefox/25.0"
82.80.230.228 - - [27/Jun/2019:15:15:01 +0000] "GET /assets/plugins/flag/flags/4x3/gw.svg HTTP/1.1" 200 698 "-" "Mozilla/5.0 (Macintosh; Intel Mac OS X 10.9; rv:26.0) Gecko/20100101 Firefox/26.0"
82.80.249.163 - - [27/Jun/2019:15:15:01 +0000] "GET /assets/plugins/flag/flags/4x3/tg.svg HTTP/1.1" 200 1692 "-" "Mozilla/5.0 (Windows NT 6.1; rv:25.0) Gecko/20100101 Firefox/25.0"
82.80.249.133 - - [27/Jun/2019:15:15:02 +0000] "GET /assets/plugins/flag/flags/1x1/td.svg HTTP/1.1" 301 278 "-" "Mozilla/5.0 (Macintosh; Intel Mac OS X 10_7_5) AppleWebKit/537.36 (KHTML, like Gecko) Chrome/31.0.1650.63 Safari/537.36"
82.80.249.133 - - [27/Jun/2019:15:15:02 +0000] "GET /assets/plugins/flag/flags/1x1/tj.svg HTTP/1.1" 200 5989 "-" "Mozilla/5.0 (X11; Ubuntu; Linux x86_64; rv:25.0) Gecko/20100101 Firefox/25.0"
82.80.244.51 - - [27/Jun/2019:15:15:02 +0000] "GET /assets/plugins/flag/flags/4x3/ml.svg HTTP/1.1" 301 278 "-" "Mozilla/5.0 (Macintosh; Intel Mac OS X 10_9_0) AppleWebKit/537.36 (KHTML, like Gecko) Chrome/31.0.1650.63 Safari/537.36"
82.80.249.133 - - [27/Jun/2019:15:15:02 +0000] "GET /assets/plugins/flag/flags/1x1/td.svg HTTP/1.1" 200 1786 "-" "Mozilla/5.0 (Macintosh; Intel Mac OS X 10_7_5) AppleWebKit/537.36 (KHTML, like Gecko) Chrome/31.0.1650.63 Safari/537.36"
82.80.230.228 - - [27/Jun/2019:15:15:02 +0000] "GET /images/slider3.jpg HTTP/1.1" 301 260 "-" "Mozilla/5.0 (X11; Linux x86_64) AppleWebKit/537.36 (KHTML, like Gecko) Chrome/31.0.1650.57 Safari/537.36"
82.80.249.157 - - [27/Jun/2019:15:15:02 +0000] "GET /assets/plugins/flag/flags/1x1/ng.svg HTTP/1.1" 200 957 "-" "Mozilla/5.0 (Macintosh; Intel Mac OS X 10_8_5) AppleWebKit/536.30.1 (KHTML, like Gecko) Version/6.0.5 Safari/536.30.1"
82.80.230.228 - - [27/Jun/2019:15:15:02 +0000] "GET /images/slider3.jpg HTTP/1.1" 200 191432 "-" "Mozilla/5.0 (X11; Linux x86_64) AppleWebKit/537.36 (KHTML, like Gecko) Chrome/31.0.1650.57 Safari/537.36"
82.80.244.51 - - [27/Jun/2019:15:15:03 +0000] "GET /assets/plugins/flag/flags/4x3/ml.svg HTTP/1.1" 200 875 "-" "Mozilla/5.0 (Macintosh; Intel Mac OS X 10_9_0) AppleWebKit/537.36 (KHTML, like Gecko) Chrome/31.0.1650.63 Safari/537.36"
82.80.249.155 - - [27/Jun/2019:15:15:03 +0000] "GET /assets/plugins/flag/flags/1x1/ax.svg HTTP/1.1" 200 584 "-" "Mozilla/5.0 (Windows NT 6.1) AppleWebKit/537.36 (KHTML, like Gecko) Chrome/32.0.1700.72 Safari/537.36"
82.80.230.228 - - [27/Jun/2019:15:15:03 +0000] "GET /assets/plugins/flag/flags/4x3/gh.svg HTTP/1.1" 200 620 "-" "Mozilla/5.0 (Macintosh; Intel Mac OS X 10.9; rv:25.0) Gecko/20100101 Firefox/25.0"
82.80.230.228 - - [27/Jun/2019:15:15:03 +0000] "GET /assets/plugins/flag/flags/4x3/md.svg HTTP/1.1" 200 19164 "-" "Mozilla/5.0 (Macintosh; Intel Mac OS X 10_9_1) AppleWebKit/537.36 (KHTML, like Gecko) Chrome/32.0.1700.68 Safari/537.36"
82.80.249.164 - - [27/Jun/2019:15:15:03 +0000] "GET /assets/plugins/flag/flags/4x3/pl.svg HTTP/1.1" 200 813 "-" "Mozilla/5.0 (Windows NT 6.1; WOW64; rv:33.0) Gecko/20100101 Firefox/33.0"
82.80.230.228 - - [27/Jun/2019:15:15:04 +0000] "GET /assets/plugins/flag/flags/1x1/ye.svg HTTP/1.1" 301 278 "-" "Mozilla/5.0 (Windows NT 6.1; WOW64; rv:29.0) Gecko/20100101 Firefox/29.0"
82.80.230.228 - - [27/Jun/2019:15:15:04 +0000] "GET /assets/plugins/flag/flags/1x1/bv.svg HTTP/1.1" 301 278 "-" "Mozilla/5.0 (Windows NT 6.1; WOW64) AppleWebKit/537.36 (KHTML, like Gecko) Chrome/31.0.1650.57 Safari/537.36"
82.80.249.227 - - [27/Jun/2019:15:15:04 +0000] "GET /images/Home-3/footer.jpg HTTP/1.1" 200 5116 "-" "Mozilla/5.0 (X11; Ubuntu; Linux x86_64; rv:26.0) Gecko/20100101 Firefox/26.0"
82.80.230.228 - - [27/Jun/2019:15:15:05 +0000] "GET /assets/plugins/flag/flags/1x1/ye.svg HTTP/1.1" 200 873 "-" "Mozilla/5.0 (Windows NT 6.1; WOW64; rv:29.0) Gecko/20100101 Firefox/29.0"
82.80.230.228 - - [27/Jun/2019:15:15:05 +0000] "GET /assets/plugins/flag/flags/1x1/bv.svg HTTP/1.1" 200 680 "-" "Mozilla/5.0 (Windows NT 6.1; WOW64) AppleWebKit/537.36 (KHTML, like Gecko) Chrome/31.0.1650.57 Safari/537.36"
82.80.230.228 - - [27/Jun/2019:15:15:05 +0000] "GET /assets/plugins/flag/flags/4x3/tz.svg HTTP/1.1" 200 1267 "-" "Opera/9.80 (Windows NT 6.1; WOW64) Presto/2.12.388 Version/12.16"
82.80.230.228 - - [27/Jun/2019:15:15:05 +0000] "GET /assets/plugins/flag/flags/4x3/si.svg HTTP/1.1" 200 4066 "-" "Mozilla/5.0 (X11; Ubuntu; Linux i686; rv:26.0) Gecko/20100101 Firefox/26.0"
82.80.230.228 - - [27/Jun/2019:15:15:05 +0000] "GET /assets/plugins/flag/flags/1x1/is.svg HTTP/1.1" 301 278 "-" "Mozilla/5.0 (Macintosh; Intel Mac OS X 10.8; rv:26.0) Gecko/20100101 Firefox/26.0"
82.80.230.228 - - [27/Jun/2019:15:15:05 +0000] "GET /assets/plugins/flag/flags/4x3/mr.svg HTTP/1.1" 301 278 "-" "Mozilla/5.0 (X11; Linux x86_64) AppleWebKit/537.36 (KHTML, like Gecko) Ubuntu Chromium/31.0.1650.63 Chrome/31.0.1650.63 Safari/537.36"
82.80.230.228 - - [27/Jun/2019:15:15:05 +0000] "GET /assets/plugins/flag/flags/1x1/is.svg HTTP/1.1" 200 1181 "-" "Mozilla/5.0 (Macintosh; Intel Mac OS X 10.8; rv:26.0) Gecko/20100101 Firefox/26.0"
82.80.249.155 - - [27/Jun/2019:15:15:06 +0000] "GET /assets/plugins/flag/flags/4x3/mf.svg HTTP/1.1" 200 868 "-" "Mozilla/5.0 (Windows NT 6.1; WOW64) AppleWebKit/537.36 (KHTML, like Gecko) Chrome/41.0.2227.0 Safari/537.36"
82.80.230.228 - - [27/Jun/2019:15:15:06 +0000] "GET /assets/plugins/flag/flags/1x1/wf.svg HTTP/1.1" 301 278 "-" "Mozilla/5.0 (Macintosh; Intel Mac OS X 10_8_5) AppleWebKit/537.36 (KHTML, like Gecko) Chrome/31.0.1650.63 Safari/537.36"
82.80.230.228 - - [27/Jun/2019:15:15:06 +0000] "GET /assets/plugins/flag/flags/4x3/mr.svg HTTP/1.1" 200 1292 "-" "Mozilla/5.0 (X11; Linux x86_64) AppleWebKit/537.36 (KHTML, like Gecko) Ubuntu Chromium/31.0.1650.63 Chrome/31.0.1650.63 Safari/537.36"
82.80.230.228 - - [27/Jun/2019:15:15:06 +0000] "GET /assets/plugins/flag/flags/1x1/wf.svg HTTP/1.1" 200 861 "-" "Mozilla/5.0 (Macintosh; Intel Mac OS X 10_8_5) AppleWebKit/537.36 (KHTML, like Gecko) Chrome/31.0.1650.63 Safari/537.36"
82.80.230.228 - - [27/Jun/2019:15:15:06 +0000] "GET /assets/plugins/flag/flags/4x3/by.svg HTTP/1.1" 301 278 "-" "Mozilla/5.0 (Macintosh; Intel Mac OS X 10_8_5) AppleWebKit/537.73.11 (KHTML, like Gecko) Version/6.1.1 Safari/537.73.11"
82.80.249.227 - - [27/Jun/2019:15:15:06 +0000] "GET /assets/plugins/flag/flags/1x1/ls.svg HTTP/1.1" 200 6184 "-" "Mozilla/5.0 (Windows NT 6.1; WOW64; rv:29.0) Gecko/20100101 Firefox/29.0"
82.80.249.194 - - [27/Jun/2019:15:15:07 +0000] "GET /assets/plugins/flag/flags/4x3/pg.svg HTTP/1.1" 301 278 "-" "Mozilla/5.0 (Windows NT 6.1; WOW64; rv:27.3) Gecko/20100101 Firefox/27.3"
82.80.249.157 - - [27/Jun/2019:15:15:07 +0000] "GET /assets/plugins/flag/flags/4x3/fk.svg HTTP/1.1" 200 44991 "-" "Mozilla/5.0 (Macintosh; Intel Mac OS X 10_9_1) AppleWebKit/537.36 (KHTML, like Gecko) Chrome/31.0.1650.57 Safari/537.36"
82.80.230.228 - - [27/Jun/2019:15:15:07 +0000] "GET /assets/plugins/flag/flags/1x1/aw.svg HTTP/1.1" 200 14646 "-" "Mozilla/5.0 (compatible; MSIE 10.0; Windows NT 6.1; Trident/6.0)"
82.80.230.228 - - [27/Jun/2019:15:15:07 +0000] "GET /assets/plugins/flag/flags/4x3/by.svg HTTP/1.1" 200 9559 "-" "Mozilla/5.0 (Macintosh; Intel Mac OS X 10_8_5) AppleWebKit/537.73.11 (KHTML, like Gecko) Version/6.1.1 Safari/537.73.11"
82.80.249.194 - - [27/Jun/2019:15:15:07 +0000] "GET /assets/plugins/flag/flags/4x3/pg.svg HTTP/1.1" 200 4403 "-" "Mozilla/5.0 (Windows NT 6.1; WOW64; rv:27.3) Gecko/20100101 Firefox/27.3"
82.80.230.228 - - [27/Jun/2019:15:15:07 +0000] "GET /assets/plugins/flag/flags/4x3/lu.svg HTTP/1.1" 200 913 "-" "Mozilla/5.0 (Windows NT 6.3; WOW64) AppleWebKit/537.36 (KHTML, like Gecko) Chrome/32.0.1700.72 Safari/537.36"
82.80.249.163 - - [27/Jun/2019:15:15:08 +0000] "GET /assets/plugins/flag/flags/4x3/il.svg HTTP/1.1" 301 278 "-" "Mozilla/5.0 (Windows NT 6.3; WOW64; rv:26.0) Gecko/20100101 Firefox/26.0"
82.80.249.157 - - [27/Jun/2019:15:15:08 +0000] "GET /images/icons/bbq.png HTTP/1.1" 200 824 "-" "Mozilla/5.0 (Macintosh; Intel Mac OS X 10_9_1) AppleWebKit/537.73.11 (KHTML, like Gecko) Version/7.0.1 Safari/537.73.11"
82.80.230.228 - - [27/Jun/2019:15:15:08 +0000] "GET /assets/plugins/flag/flags/4x3/gg.svg HTTP/1.1" 200 885 "-" "Mozilla/5.0 (Macintosh; Intel Mac OS X 10.9; rv:26.0) Gecko/20100101 Firefox/26.0"
82.80.249.163 - - [27/Jun/2019:15:15:08 +0000] "GET /assets/plugins/flag/flags/4x3/il.svg HTTP/1.1" 200 1095 "-" "Mozilla/5.0 (Windows NT 6.3; WOW64; rv:26.0) Gecko/20100101 Firefox/26.0"
82.80.249.152 - - [27/Jun/2019:15:15:08 +0000] "GET /assets/plugins/flag/flags/1x1/mt.svg HTTP/1.1" 200 20582 "-" "Mozilla/5.0 (Windows NT 5.1) AppleWebKit/537.36 (KHTML, like Gecko) Chrome/31.0.1650.63 Safari/537.36"
82.80.249.164 - - [27/Jun/2019:15:15:09 +0000] "GET /assets/plugins/flag/flags/4x3/vc.svg HTTP/1.1" 301 278 "-" "Mozilla/5.0 (X11; Linux x86_64) AppleWebKit/537.36 (KHTML, like Gecko) Ubuntu Chromium/31.0.1650.63 Chrome/31.0.1650.63 Safari/537.36"
82.80.249.194 - - [27/Jun/2019:15:15:09 +0000] "GET /assets/plugins/flag/flags/1x1/bh.svg HTTP/1.1" 301 278 "-" "Mozilla/5.0 (X11; Linux x86_64) AppleWebKit/537.36 (KHTML, like Gecko) Chrome/31.0.1650.63 Safari/537.36"
82.80.249.164 - - [27/Jun/2019:15:15:09 +0000] "GET /assets/plugins/flag/flags/4x3/vc.svg HTTP/1.1" 200 1203 "-" "Mozilla/5.0 (X11; Linux x86_64) AppleWebKit/537.36 (KHTML, like Gecko) Ubuntu Chromium/31.0.1650.63 Chrome/31.0.1650.63 Safari/537.36"
82.80.249.157 - - [27/Jun/2019:15:15:09 +0000] "GET /images/Home-3/icon.png HTTP/1.1" 200 471 "-" "Mozilla/5.0 (Windows NT 6.3; WOW64) AppleWebKit/537.36 (KHTML, like Gecko) Chrome/32.0.1700.72 Safari/537.36"
82.80.230.228 - - [27/Jun/2019:15:15:09 +0000] "GET /images/apartments/apartment-b/apartman-b-5.jpg HTTP/1.1" 200 110077 "-" "Mozilla/5.0 (Windows NT 6.3; WOW64; Trident/7.0; rv:11.0) like Gecko"
82.80.230.228 - - [27/Jun/2019:15:15:09 +0000] "GET /uploads/images/504896c8066fb78c7c4c6a721b19f0ce.jpg HTTP/1.1" 200 196793 "-" "Mozilla/5.0 (Macintosh; Intel Mac OS X 10_7_5) AppleWebKit/537.71 (KHTML, like Gecko) Version/6.1 Safari/537.71"
82.80.249.194 - - [27/Jun/2019:15:15:09 +0000] "GET /assets/plugins/flag/flags/1x1/bh.svg HTTP/1.1" 200 722 "-" "Mozilla/5.0 (X11; Linux x86_64) AppleWebKit/537.36 (KHTML, like Gecko) Chrome/31.0.1650.63 Safari/537.36"
82.80.230.228 - - [27/Jun/2019:15:15:10 +0000] "GET /assets/plugins/flag/flags/4x3/md.svg HTTP/1.1" 301 278 "-" "Mozilla/5.0 (Macintosh; Intel Mac OS X 10.6; rv:26.0) Gecko/20100101 Firefox/26.0"
82.80.230.228 - - [27/Jun/2019:15:15:10 +0000] "GET /assets/plugins/flag/flags/4x3/md.svg HTTP/1.1" 200 19164 "-" "Mozilla/5.0 (Macintosh; Intel Mac OS X 10.6; rv:26.0) Gecko/20100101 Firefox/26.0"
82.80.230.228 - - [27/Jun/2019:15:15:10 +0000] "GET /assets/plugins/flag/flags/4x3/st.svg HTTP/1.1" 200 1869 "-" "Mozilla/5.0 (Macintosh; Intel Mac OS X 10_7_5) AppleWebKit/537.71 (KHTML, like Gecko) Version/6.1 Safari/537.71"
82.80.230.228 - - [27/Jun/2019:15:15:10 +0000] "GET /assets/plugins/flag/flags/1x1/dz.svg HTTP/1.1" 301 278 "-" "Mozilla/5.0 (compatible; MSIE 10.0; Windows NT 6.2; WOW64; Trident/6.0)"
82.80.230.228 - - [27/Jun/2019:15:15:11 +0000] "GET /assets/plugins/flag/flags/1x1/vg.svg HTTP/1.1" 200 49996 "-" "Mozilla/5.0 (compatible; MSIE 9.0; Windows NT 6.1; Trident/5.0)"
82.80.230.228 - - [27/Jun/2019:15:15:11 +0000] "GET /assets/plugins/flag/flags/1x1/dz.svg HTTP/1.1" 200 821 "-" "Mozilla/5.0 (compatible; MSIE 10.0; Windows NT 6.2; WOW64; Trident/6.0)"
82.80.230.228 - - [27/Jun/2019:15:15:11 +0000] "GET /assets/plugins/flag/flags/4x3/am.svg HTTP/1.1" 200 338 "-" "Mozilla/5.0 (Windows NT 6.0; rv:26.0) Gecko/20100101 Firefox/26.0"
82.80.230.228 - - [27/Jun/2019:15:15:11 +0000] "GET /images/icons/sea.png HTTP/1.1" 301 262 "-" "Mozilla/5.0 (Windows NT 6.1) AppleWebKit/537.36 (KHTML, like Gecko) Chrome/32.0.1700.72 Safari/537.36"
82.80.230.228 - - [27/Jun/2019:15:15:12 +0000] "GET /images/icons/sea.png HTTP/1.1" 200 797 "-" "Mozilla/5.0 (Windows NT 6.1) AppleWebKit/537.36 (KHTML, like Gecko) Chrome/32.0.1700.72 Safari/537.36"
82.80.230.228 - - [27/Jun/2019:15:15:12 +0000] "GET /assets/plugins/flag/flags/1x1/hu.svg HTTP/1.1" 301 278 "-" "Mozilla/5.0 (X11; Linux x86_64) AppleWebKit/537.36 (KHTML, like Gecko) Ubuntu Chromium/31.0.1650.63 Chrome/31.0.1650.63 Safari/537.36"
82.80.249.157 - - [27/Jun/2019:15:15:12 +0000] "GET /unitegallery/skins/default/tile_bullets_brown.png HTTP/1.1" 200 374 "-" "Mozilla/5.0 (Windows NT 6.0; WOW64) AppleWebKit/534.30 (KHTML, like Gecko) Chrome/12.0.742.91 Safari/534.30"
82.80.230.228 - - [27/Jun/2019:15:15:12 +0000] "GET /assets/plugins/flag/flags/1x1/hu.svg HTTP/1.1" 200 360 "-" "Mozilla/5.0 (X11; Linux x86_64) AppleWebKit/537.36 (KHTML, like Gecko) Ubuntu Chromium/31.0.1650.63 Chrome/31.0.1650.63 Safari/537.36"
82.80.230.228 - - [27/Jun/2019:15:15:12 +0000] "GET /images/Home-1/bg-gallery.jpg HTTP/1.1" 301 270 "-" "Mozilla/5.0 (Windows NT 6.1; rv:26.0) Gecko/20100101 Firefox/26.0"
82.80.230.228 - - [27/Jun/2019:15:15:12 +0000] "GET /unitegallery/images/loader_bright.gif HTTP/1.1" 200 673 "-" "Mozilla/5.0 (Macintosh; Intel Mac OS X 10_6_8) AppleWebKit/534.59.10 (KHTML, like Gecko) Version/5.1.9 Safari/534.59.10"
82.80.230.228 - - [27/Jun/2019:15:15:12 +0000] "GET /assets/plugins/flag/flags/1x1/dz.svg HTTP/1.1" 200 821 "-" "Mozilla/5.0 (Windows NT 5.1) AppleWebKit/537.36 (KHTML, like Gecko) Chrome/31.0.1650.63 Safari/537.36"
82.80.230.228 - - [27/Jun/2019:15:15:12 +0000] "GET /images/Home-1/bg-gallery.jpg HTTP/1.1" 200 166731 "-" "Mozilla/5.0 (Windows NT 6.1; rv:26.0) Gecko/20100101 Firefox/26.0"
82.80.230.228 - - [27/Jun/2019:15:15:13 +0000] "GET /assets/plugins/flag/flags/4x3/tv.svg HTTP/1.1" 301 278 "-" "Mozilla/5.0 (X11; Linux i686) AppleWebKit/537.36 (KHTML, like Gecko) Chrome/31.0.1650.63 Safari/537.36"
82.80.230.228 - - [27/Jun/2019:15:15:13 +0000] "GET /assets/plugins/flag/flags/1x1/ms.svg HTTP/1.1" 301 278 "-" "Mozilla/5.0 (compatible; MSIE 9.0; Windows NT 6.1; WOW64; Trident/5.0)"
82.80.230.228 - - [27/Jun/2019:15:15:13 +0000] "GET /assets/plugins/flag/flags/4x3/tv.svg HTTP/1.1" 200 4948 "-" "Mozilla/5.0 (X11; Linux i686) AppleWebKit/537.36 (KHTML, like Gecko) Chrome/31.0.1650.63 Safari/537.36"
82.80.249.164 - - [27/Jun/2019:15:15:13 +0000] "GET /assets/plugins/flag/flags/4x3/tj.svg HTTP/1.1" 200 6151 "-" "Mozilla/5.0 (Macintosh; Intel Mac OS X 10_9_1) AppleWebKit/537.36 (KHTML, like Gecko) Chrome/31.0.1650.57 Safari/537.36"
82.80.230.228 - - [27/Jun/2019:15:15:13 +0000] "GET /assets/plugins/flag/flags/1x1/ms.svg HTTP/1.1" 200 10765 "-" "Mozilla/5.0 (compatible; MSIE 9.0; Windows NT 6.1; WOW64; Trident/5.0)"
82.80.249.143 - - [27/Jun/2019:15:15:13 +0000] "GET /assets/plugins/flag/flags/1x1/sv.svg HTTP/1.1" 200 140474 "-" "Mozilla/5.0 (Windows NT 6.1) AppleWebKit/537.36 (KHTML, like Gecko) Chrome/31.0.1650.63 Safari/537.36"
82.80.230.228 - - [27/Jun/2019:15:15:14 +0000] "GET /assets/plugins/flag/flags/4x3/aw.svg HTTP/1.1" 301 278 "-" "Mozilla/5.0 (compatible; MSIE 9.0; Windows NT 6.1; Trident/5.0)"
82.80.230.228 - - [27/Jun/2019:15:15:14 +0000] "GET /assets/plugins/flag/flags/4x3/ir.svg HTTP/1.1" 301 278 "-" "Mozilla/5.0 (X11; Linux x86_64) AppleWebKit/537.36 (KHTML, like Gecko) Chrome/31.0.1650.63 Safari/537.36"
82.80.249.163 - - [27/Jun/2019:15:15:14 +0000] "GET /assets/plugins/flag/flags/1x1/zm.svg HTTP/1.1" 301 278 "-" "Mozilla/5.0 (compatible; MSIE 10.0; Windows NT 6.2; WOW64; Trident/6.0)"
82.80.230.228 - - [27/Jun/2019:15:15:14 +0000] "GET /assets/plugins/flag/flags/4x3/aw.svg HTTP/1.1" 200 14758 "-" "Mozilla/5.0 (compatible; MSIE 9.0; Windows NT 6.1; Trident/5.0)"
82.80.230.228 - - [27/Jun/2019:15:15:14 +0000] "GET /assets/plugins/flag/flags/4x3/ir.svg HTTP/1.1" 200 46903 "-" "Mozilla/5.0 (X11; Linux x86_64) AppleWebKit/537.36 (KHTML, like Gecko) Chrome/31.0.1650.63 Safari/537.36"
82.80.230.228 - - [27/Jun/2019:15:15:14 +0000] "GET /assets/plugins/flag/flags/4x3/rw.svg HTTP/1.1" 200 3318 "-" "Mozilla/5.0 (Macintosh; Intel Mac OS X 10_9_0) AppleWebKit/537.36 (KHTML, like Gecko) Chrome/31.0.1650.57 Safari/537.36"
82.80.249.163 - - [27/Jun/2019:15:15:14 +0000] "GET /assets/plugins/flag/flags/1x1/zm.svg HTTP/1.1" 200 10769 "-" "Mozilla/5.0 (compatible; MSIE 10.0; Windows NT 6.2; WOW64; Trident/6.0)"
82.80.249.227 - - [27/Jun/2019:15:15:14 +0000] "GET /assets/plugins/flag/flags/4x3/mp.svg HTTP/1.1" 200 50081 "-" "Mozilla/5.0 (Macintosh; Intel Mac OS X 10_7_5) AppleWebKit/537.71 (KHTML, like Gecko) Version/6.1 Safari/537.71"
82.80.249.143 - - [27/Jun/2019:15:15:15 +0000] "GET /assets/plugins/flag/flags/4x3/do.svg HTTP/1.1" 301 278 "-" "Mozilla/6.0 (compatible)"
82.80.249.133 - - [27/Jun/2019:15:15:15 +0000] "GET /assets/plugins/flag/flags/4x3/gs.svg HTTP/1.1" 301 278 "-" "Mozilla/5.0 (Windows NT 6.1; WOW64; rv:27.3) Gecko/20100101 Firefox/27.3"
82.80.249.204 - - [27/Jun/2019:15:15:15 +0000] "GET /assets/plugins/flag/flags/1x1/io.svg HTTP/1.1" 200 39391 "-" "Mozilla/5.0 (Windows NT 6.2; WOW64; rv:26.0) Gecko/20100101 Firefox/26.0"
82.80.230.228 - - [27/Jun/2019:15:15:15 +0000] "GET /assets/plugins/flag/flags/4x3/bq.svg HTTP/1.1" 301 278 "-" "Mozilla/5.0 (Macintosh; Intel Mac OS X 10_8_5) AppleWebKit/537.73.11 (KHTML, like Gecko) Version/6.1.1 Safari/537.73.11"
82.80.230.228 - - [27/Jun/2019:15:15:16 +0000] "GET /assets/plugins/flag/flags/4x3/bq.svg HTTP/1.1" 200 282 "-" "Mozilla/5.0 (Macintosh; Intel Mac OS X 10_8_5) AppleWebKit/537.73.11 (KHTML, like Gecko) Version/6.1.1 Safari/537.73.11"
82.80.230.228 - - [27/Jun/2019:15:15:16 +0000] "GET /assets/plugins/flag/flags/1x1/ag.svg HTTP/1.1" 200 896 "-" "Mozilla/5.0 (Macintosh; Intel Mac OS X 10.8; rv:26.0) Gecko/20100101 Firefox/26.0"
82.80.249.133 - - [27/Jun/2019:15:15:16 +0000] "GET /assets/plugins/flag/flags/4x3/gs.svg HTTP/1.1" 200 46903 "-" "Mozilla/5.0 (Windows NT 6.1; WOW64; rv:27.3) Gecko/20100101 Firefox/27.3"
82.80.249.143 - - [27/Jun/2019:15:15:15 +0000] "GET /assets/plugins/flag/flags/4x3/do.svg HTTP/1.1" 200 467464 "-" "Mozilla/6.0 (compatible)"
82.80.230.228 - - [27/Jun/2019:15:15:16 +0000] "GET /images/Home-1/even-l-icon-color1.png HTTP/1.1" 301 278 "-" "Mozilla/5.0 (Windows NT 6.1; WOW64; rv:27.0) Gecko/20100101 Firefox/27.0"
82.80.249.143 - - [27/Jun/2019:15:15:16 +0000] "GET /assets/plugins/flag/flags/4x3/kh.svg HTTP/1.1" 301 278 "-" "Mozilla/5.0 (compatible; MSIE 10.0; Windows NT 6.2; WOW64; Trident/6.0)"
82.80.230.228 - - [27/Jun/2019:15:15:17 +0000] "GET /assets/plugins/flag/flags/4x3/id.svg HTTP/1.1" 301 278 "-" "Mozilla/5.0 (Windows NT 6.2; Win64; x64; rv:36.0) Gecko/20100101 Firefox/36.0"
82.80.230.228 - - [27/Jun/2019:15:15:17 +0000] "GET /images/Home-1/even-l-icon-color1.png HTTP/1.1" 200 221 "-" "Mozilla/5.0 (Windows NT 6.1; WOW64; rv:27.0) Gecko/20100101 Firefox/27.0"
82.80.249.143 - - [27/Jun/2019:15:15:17 +0000] "GET /assets/plugins/flag/flags/4x3/kh.svg HTTP/1.1" 200 19733 "-" "Mozilla/5.0 (compatible; MSIE 10.0; Windows NT 6.2; WOW64; Trident/6.0)"
82.80.249.164 - - [27/Jun/2019:15:15:17 +0000] "GET /assets/plugins/flag/flags/1x1/ir.svg HTTP/1.1" 200 46815 "-" "Mozilla/5.0 (X11; Ubuntu; Linux i686; rv:26.0) Gecko/20100101 Firefox/26.0"
82.80.230.228 - - [27/Jun/2019:15:15:17 +0000] "GET /assets/plugins/flag/flags/4x3/id.svg HTTP/1.1" 200 297 "-" "Mozilla/5.0 (Windows NT 6.2; Win64; x64; rv:36.0) Gecko/20100101 Firefox/36.0"
82.80.244.51 - - [27/Jun/2019:15:15:17 +0000] "GET /assets/plugins/flag/flags/4x3/th.svg HTTP/1.1" 301 278 "-" "Mozilla/5.0 (Windows NT 6.2; Win64; x64; rv:27.0) Gecko/20100101 Firefox/27.0"
82.80.230.228 - - [27/Jun/2019:15:15:18 +0000] "GET /uploads/images/0857011b0210f96bda3b0b87dbaddefd.jpg HTTP/1.1" 200 217522 "-" "Mozilla/5.0 (Windows NT 6.1; WOW64) AppleWebKit/537.36 (KHTML, like Gecko) Chrome/31.0.1650.57 Safari/537.36"
82.80.230.228 - - [27/Jun/2019:15:15:18 +0000] "GET /assets/plugins/flag/flags/1x1/gm.svg HTTP/1.1" 200 454 "-" "Mozilla/5.0 (Windows NT 6.3; WOW64) AppleWebKit/537.36 (KHTML, like Gecko) Chrome/31.0.1650.63 Safari/537.36"
82.80.244.51 - - [27/Jun/2019:15:15:18 +0000] "GET /assets/plugins/flag/flags/4x3/th.svg HTTP/1.1" 200 937 "-" "Mozilla/5.0 (Windows NT 6.2; Win64; x64; rv:27.0) Gecko/20100101 Firefox/27.0"
82.80.249.204 - - [27/Jun/2019:15:15:18 +0000] "GET /images/apartments/apartment-b/apartman-b-7.jpg HTTP/1.1" 200 167040 "-" "Mozilla/5.0 (Windows NT 6.0; rv:26.0) Gecko/20100101 Firefox/26.0"
82.80.249.155 - - [27/Jun/2019:15:15:19 +0000] "GET /assets/plugins/flag/flags/1x1/lu.svg HTTP/1.1" 301 278 "-" "Mozilla/5.0 (Macintosh; Intel Mac OS X 10_6_8) AppleWebKit/537.36 (KHTML, like Gecko) Chrome/31.0.1650.63 Safari/537.36"
82.80.230.228 - - [27/Jun/2019:15:15:19 +0000] "GET /assets/plugins/flag/flags/4x3/ls.svg HTTP/1.1" 200 6169 "-" "Mozilla/5.0 (Macintosh; Intel Mac OS X 10.9; rv:25.0) Gecko/20100101 Firefox/25.0"
82.80.249.155 - - [27/Jun/2019:15:15:19 +0000] "GET /assets/plugins/flag/flags/1x1/lu.svg HTTP/1.1" 200 861 "-" "Mozilla/5.0 (Macintosh; Intel Mac OS X 10_6_8) AppleWebKit/537.36 (KHTML, like Gecko) Chrome/31.0.1650.63 Safari/537.36"
82.80.249.155 - - [27/Jun/2019:15:15:19 +0000] "GET /assets/plugins/flag/flags/4x3/bn.svg HTTP/1.1" 200 22880 "-" "Mozilla/5.0 (compatible; MSIE 10.0; Windows NT 6.1; Trident/6.0)"
82.80.230.228 - - [27/Jun/2019:15:15:20 +0000] "GET /assets/plugins/flag/flags/1x1/im.svg HTTP/1.1" 301 278 "-" "Mozilla/5.0 (Windows NT 6.1; WOW64) AppleWebKit/537.36 (KHTML, like Gecko) Chrome/31.0.1650.57 Safari/537.36"
82.80.230.228 - - [27/Jun/2019:15:15:20 +0000] "GET /assets/plugins/flag/flags/4x3/nc.svg HTTP/1.1" 200 853 "-" "Mozilla/5.0 (X11; Linux x86_64) AppleWebKit/537.36 (KHTML, like Gecko) Ubuntu Chromium/31.0.1650.63 Chrome/31.0.1650.63 Safari/537.36"
82.80.230.228 - - [27/Jun/2019:15:15:20 +0000] "GET /assets/plugins/flag/flags/1x1/im.svg HTTP/1.1" 200 15764 "-" "Mozilla/5.0 (Windows NT 6.1; WOW64) AppleWebKit/537.36 (KHTML, like Gecko) Chrome/31.0.1650.57 Safari/537.36"
