82.80.249.164 - - [27/Jun/2019:15:15:20 +0000] "GET /assets/plugins/flag/flags/1x1/sd.svg HTTP/1.1" 200 1185 "-" "Mozilla/5.0 (Windows NT 6.1; WOW64; rv:29.0) Gecko/20100101 Firefox/29.0"
82.80.230.228 - - [27/Jun/2019:15:15:20 +0000] "GET /assets/plugins/flag/flags/1x1/ki.svg HTTP/1.1" 301 278 "-" "Mozilla/5.0 (compatible, MSIE 11, Windows NT 6.3; Trident/7.0; rv:11.0) like Gecko"
82.80.230.228 - - [27/Jun/2019:15:15:20 +0000] "GET /assets/plugins/flag/flags/1x1/ki.svg HTTP/1.1" 200 10516 "-" "Mozilla/5.0 (compatible, MSIE 11, Windows NT 6.3; Trident/7.0; rv:11.0) like Gecko"
82.80.249.227 - - [27/Jun/2019:15:15:21 +0000] "GET /assets/plugins/flag/flags/1x1/dj.svg HTTP/1.1" 200 691 "-" "Mozilla/5.0 (Windows NT 6.3; WOW64; Trident/7.0; rv:11.0) like Gecko"
82.80.230.228 - - [27/Jun/2019:15:15:21 +0000] "GET /unitegallery/images/lightbox-icon-close.png HTTP/1.1" 200 946 "-" "Mozilla/5.0 (X11; Ubuntu; Linux x86_64; rv:26.0) Gecko/20100101 Firefox/26.0"
82.80.230.228 - - [27/Jun/2019:15:15:21 +0000] "GET /assets/plugins/flag/flags/1x1/kp.svg HTTP/1.1" 200 1920 "-" "Mozilla/5.0 (Macintosh; Intel Mac OS X 10_9_1) AppleWebKit/537.36 (KHTML, like Gecko) Chrome/31.0.1650.57 Safari/537.36"
82.80.249.204 - - [27/Jun/2019:15:15:21 +0000] "GET /assets/plugins/flag/flags/4x3/nf.svg HTTP/1.1" 301 278 "-" "Mozilla/5.0 (compatible; MSIE 9.0; Windows NT 6.1; WOW64; Trident/5.0)"
82.80.249.204 - - [27/Jun/2019:15:15:21 +0000] "GET /assets/plugins/flag/flags/4x3/nf.svg HTTP/1.1" 200 14865 "-" "Mozilla/5.0 (compatible; MSIE 9.0; Windows NT 6.1; WOW64; Trident/5.0)"
82.80.230.228 - - [27/Jun/2019:15:15:21 +0000] "GET /assets/plugins/flag/flags/1x1/pl.svg HTTP/1.1" 200 783 "-" "Mozilla/5.0 (X11; Linux x86_64; rv:26.0) Gecko/20100101 Firefox/26.0"
82.80.230.228 - - [27/Jun/2019:15:15:22 +0000] "GET /assets/plugins/flag/flags/1x1/it.svg HTTP/1.1" 301 278 "-" "Mozilla/5.0 (Macintosh; Intel Mac OS X 10_6_8) AppleWebKit/534.59.10 (KHTML, like Gecko) Version/5.1.9 Safari/534.59.10"
82.80.249.143 - - [27/Jun/2019:15:15:22 +0000] "GET /assets/plugins/flag/flags/4x3/lb.svg HTTP/1.1" 301 278 "-" "Mozilla/5.0 (Macintosh; Intel Mac OS X 10_9_0) AppleWebKit/537.36 (KHTML, like Gecko) Chrome/31.0.1650.63 Safari/537.36"
82.80.230.228 - - [27/Jun/2019:15:15:22 +0000] "GET /assets/plugins/flag/flags/1x1/it.svg HTTP/1.1" 200 875 "-" "Mozilla/5.0 (Macintosh; Intel Mac OS X 10_6_8) AppleWebKit/534.59.10 (KHTML, like Gecko) Version/5.1.9 Safari/534.59.10"
82.80.249.194 - - [27/Jun/2019:15:15:22 +0000] "GET /assets/plugins/flag/flags/1x1/kp.svg HTTP/1.1" 301 278 "-" "Mozilla/5.0 (Windows NT 6.1; WOW64; rv:36.0) Gecko/20100101 Firefox/36.0"
82.80.230.228 - - [27/Jun/2019:15:15:22 +0000] "GET /assets/plugins/flag/flags/4x3/fk.svg HTTP/1.1" 301 278 "-" "Mozilla/5.0 (Macintosh; Intel Mac OS X 10.9; rv:25.0) Gecko/20100101 Firefox/25.0"
82.80.249.143 - - [27/Jun/2019:15:15:22 +0000] "GET /assets/plugins/flag/flags/4x3/lb.svg HTTP/1.1" 200 7803 "-" "Mozilla/5.0 (Macintosh; Intel Mac OS X 10_9_0) AppleWebKit/537.36 (KHTML, like Gecko) Chrome/31.0.1650.63 Safari/537.36"
82.80.249.143 - - [27/Jun/2019:15:15:22 +0000] "GET /images/studio-3-1.jpg HTTP/1.1" 301 263 "-" "Mozilla/5.0 (Macintosh; Intel Mac OS X 10_7_5) AppleWebKit/537.71 (KHTML, like Gecko) Version/6.1 Safari/537.71"
82.80.249.194 - - [27/Jun/2019:15:15:22 +0000] "GET /assets/plugins/flag/flags/1x1/kp.svg HTTP/1.1" 200 1920 "-" "Mozilla/5.0 (Windows NT 6.1; WOW64; rv:36.0) Gecko/20100101 Firefox/36.0"
82.80.230.228 - - [27/Jun/2019:15:15:22 +0000] "GET /assets/plugins/flag/flags/4x3/fk.svg HTTP/1.1" 200 44991 "-" "Mozilla/5.0 (Macintosh; Intel Mac OS X 10.9; rv:25.0) Gecko/20100101 Firefox/25.0"
82.80.249.143 - - [27/Jun/2019:15:15:22 +0000] "GET /images/studio-3-1.jpg HTTP/1.1" 200 31720 "-" "Mozilla/5.0 (Macintosh; Intel Mac OS X 10_7_5) AppleWebKit/537.71 (KHTML, like Gecko) Version/6.1 Safari/537.71"
82.80.230.228 - - [27/Jun/2019:15:15:23 +0000] "GET /assets/plugins/flag/flags/4x3/so.svg HTTP/1.1" 301 278 "-" "Mozilla/5.0 (Windows NT 6.1; WOW64; rv:31.0) Gecko/20100101 Firefox/31.0"
82.80.249.194 - - [27/Jun/2019:15:15:23 +0000] "GET /assets/plugins/flag/flags/4x3/dz.svg HTTP/1.1" 200 840 "-" "Mozilla/5.0 (compatible)"
82.80.249.157 - - [27/Jun/2019:15:15:23 +0000] "GET /assets/plugins/flag/flags/4x3/ph.svg HTTP/1.1" 301 278 "-" "Mozilla/5.0 (Windows NT 6.1; WOW64; rv:27.3) Gecko/20100101 Firefox/27.3"
82.80.230.228 - - [27/Jun/2019:15:15:23 +0000] "GET /assets/plugins/flag/flags/4x3/ci.svg HTTP/1.1" 200 379 "-" "Mozilla/5.0 (Windows NT 6.2; WOW64) AppleWebKit/537.36 (KHTML, like Gecko) Chrome/31.0.1650.63 Safari/537.36"
82.80.230.228 - - [27/Jun/2019:15:15:23 +0000] "GET /assets/plugins/flag/flags/4x3/so.svg HTTP/1.1" 200 1177 "-" "Mozilla/5.0 (Windows NT 6.1; WOW64; rv:31.0) Gecko/20100101 Firefox/31.0"
82.80.249.157 - - [27/Jun/2019:15:15:23 +0000] "GET /assets/plugins/flag/flags/4x3/ph.svg HTTP/1.1" 200 4541 "-" "Mozilla/5.0 (Windows NT 6.1; WOW64; rv:27.3) Gecko/20100101 Firefox/27.3"
82.80.230.228 - - [27/Jun/2019:15:15:23 +0000] "GET /uploads/thumbnails/1c53b192c98b7a0005c36b70cd3056c6.jpg HTTP/1.1" 200 37190 "-" "Mozilla/5.0 (Windows NT 6.2; WOW64) AppleWebKit/537.36 (KHTML, like Gecko) Chrome/31.0.1650.63 Safari/537.36"
82.80.230.228 - - [27/Jun/2019:15:15:24 +0000] "GET /images/Home-3/footer.jpg HTTP/1.1" 301 266 "-" "Mozilla/5.0 (Macintosh; Intel Mac OS X 10_9) AppleWebKit/537.71 (KHTML, like Gecko) Version/7.0 Safari/537.71"
82.80.230.228 - - [27/Jun/2019:15:15:24 +0000] "GET /assets/plugins/flag/flags/1x1/rw.svg HTTP/1.1" 301 278 "-" "Mozilla/5.0 (Windows NT 6.1; WOW64) AppleWebKit/537.36 (KHTML, like Gecko) Chrome/41.0.2227.0 Safari/537.36"
82.80.230.228 - - [27/Jun/2019:15:15:24 +0000] "GET /unitegallery/skins/default/grid_handle_black_bottom.png HTTP/1.1" 200 913 "-" "Mozilla/5.0 (X11; Linux x86_64) AppleWebKit/537.36 (KHTML, like Gecko) Chrome/31.0.1650.57 Safari/537.36"
82.80.230.228 - - [27/Jun/2019:15:15:24 +0000] "GET /assets/plugins/flag/flags/1x1/rw.svg HTTP/1.1" 200 3320 "-" "Mozilla/5.0 (Windows NT 6.1; WOW64) AppleWebKit/537.36 (KHTML, like Gecko) Chrome/41.0.2227.0 Safari/537.36"
82.80.230.228 - - [27/Jun/2019:15:15:24 +0000] "GET /images/Home-3/footer.jpg HTTP/1.1" 200 5116 "-" "Mozilla/5.0 (Macintosh; Intel Mac OS X 10_9) AppleWebKit/537.71 (KHTML, like Gecko) Version/7.0 Safari/537.71"
82.80.230.228 - - [27/Jun/2019:15:15:24 +0000] "GET /assets/plugins/flag/flags/1x1/uy.svg HTTP/1.1" 301 278 "-" "Mozilla/5.0 (Macintosh; Intel Mac OS X 10.9; rv:25.0) Gecko/20100101 Firefox/25.0"
82.80.230.228 - - [27/Jun/2019:15:15:24 +0000] "GET /assets/plugins/flag/flags/1x1/mm.svg HTTP/1.1" 301 278 "-" "Mozilla/5.0 (Macintosh; Intel Mac OS X 10_8_5) AppleWebKit/537.73.11 (KHTML, like Gecko) Version/6.1.1 Safari/537.73.11"
82.80.230.228 - - [27/Jun/2019:15:15:25 +0000] "GET /assets/plugins/flag/flags/1x1/uy.svg HTTP/1.1" 200 10059 "-" "Mozilla/5.0 (Macintosh; Intel Mac OS X 10.9; rv:25.0) Gecko/20100101 Firefox/25.0"
82.80.230.228 - - [27/Jun/2019:15:15:25 +0000] "GET /assets/plugins/flag/flags/1x1/mm.svg HTTP/1.1" 200 3502 "-" "Mozilla/5.0 (Macintosh; Intel Mac OS X 10_8_5) AppleWebKit/537.73.11 (KHTML, like Gecko) Version/6.1.1 Safari/537.73.11"
82.80.230.228 - - [27/Jun/2019:15:15:25 +0000] "GET /assets/plugins/flag/flags/1x1/ie.svg HTTP/1.1" 301 278 "-" "Mozilla/5.0 (compatible; MSIE 10.0; Windows NT 6.1; Trident/6.0)"
82.80.249.204 - - [27/Jun/2019:15:15:25 +0000] "GET /assets/plugins/flag/flags/4x3/vc.svg HTTP/1.1" 200 1203 "-" "Mozilla/5.0 (Windows NT 5.1; rv:25.0) Gecko/20100101 Firefox/25.0"
82.80.249.204 - - [27/Jun/2019:15:15:25 +0000] "GET /images/404page/404page.jpg HTTP/1.1" 404 1104 "-" "Mozilla/5.0 (Windows NT 6.1; WOW64) AppleWebKit/537.36 (KHTML, like Gecko) Chrome/40.0.2214.111 Safari/537.36"
82.80.230.228 - - [27/Jun/2019:15:15:25 +0000] "GET /assets/plugins/flag/flags/1x1/ie.svg HTTP/1.1" 200 362 "-" "Mozilla/5.0 (compatible; MSIE 10.0; Windows NT 6.1; Trident/6.0)"
82.80.249.133 - - [27/Jun/2019:15:15:26 +0000] "GET /assets/plugins/flag/flags/4x3/gm.svg HTTP/1.1" 301 278 "-" "Mozilla/5.0 (Macintosh; Intel Mac OS X 10.8; rv:26.0) Gecko/20100101 Firefox/26.0"
82.80.249.155 - - [27/Jun/2019:15:15:26 +0000] "GET /images/apartments/studio2/studio2-2.jpg HTTP/1.1" 200 179060 "-" "Mozilla/5.0 (Windows NT 6.1; WOW64; rv:27.3) Gecko/20100101 Firefox/27.3"
82.80.249.133 - - [27/Jun/2019:15:15:26 +0000] "GET /assets/plugins/flag/flags/4x3/gm.svg HTTP/1.1" 200 591 "-" "Mozilla/5.0 (Macintosh; Intel Mac OS X 10.8; rv:26.0) Gecko/20100101 Firefox/26.0"
82.80.249.194 - - [27/Jun/2019:15:15:26 +0000] "GET /assets/plugins/flag/flags/1x1/no.svg HTTP/1.1" 200 1761 "-" "Mozilla/5.0 (Macintosh; Intel Mac OS X 10.6; rv:26.0) Gecko/20100101 Firefox/26.0"
82.80.249.157 - - [27/Jun/2019:15:15:27 +0000] "GET /assets/plugins/flag/flags/4x3/na.svg HTTP/1.1" 200 2753 "-" "Mozilla/5.0 (Windows NT 6.1; Trident/7.0; rv:11.0) like Gecko"
82.80.249.133 - - [27/Jun/2019:15:15:27 +0000] "GET /assets/plugins/flag/flags/1x1/gy.svg HTTP/1.1" 200 606 "-" "Mozilla/5.0 (Windows NT 6.1; WOW64; rv:28.0) Gecko/20100101 Firefox/28.0"
82.80.244.51 - - [27/Jun/2019:15:15:27 +0000] "GET /assets/plugins/flag/flags/1x1/mt.svg HTTP/1.1" 301 278 "-" "Mozilla/5.0 (Windows NT 6.3; WOW64) AppleWebKit/537.36 (KHTML, like Gecko) Chrome/31.0.1650.63 Safari/537.36"
82.80.249.157 - - [27/Jun/2019:15:15:27 +0000] "GET /assets/plugins/flag/flags/4x3/uz.svg HTTP/1.1" 301 278 "-" "Mozilla/5.0 (Windows NT 6.1; WOW64; Trident/7.0; rv:11.0) like Gecko"
82.80.249.155 - - [27/Jun/2019:15:15:28 +0000] "GET /css/owl.video.play.png HTTP/1.1" 301 264 "-" "Mozilla/5.0 (Macintosh; Intel Mac OS X 10_9_0) AppleWebKit/537.36 (KHTML, like Gecko) Chrome/31.0.1650.57 Safari/537.36"
82.80.249.157 - - [27/Jun/2019:15:15:28 +0000] "GET /assets/plugins/flag/flags/4x3/uz.svg HTTP/1.1" 200 6908 "-" "Mozilla/5.0 (Windows NT 6.1; WOW64; Trident/7.0; rv:11.0) like Gecko"
82.80.244.51 - - [27/Jun/2019:15:15:28 +0000] "GET /assets/plugins/flag/flags/1x1/mt.svg HTTP/1.1" 200 20582 "-" "Mozilla/5.0 (Windows NT 6.3; WOW64) AppleWebKit/537.36 (KHTML, like Gecko) Chrome/31.0.1650.63 Safari/537.36"
82.80.230.228 - - [27/Jun/2019:15:15:28 +0000] "GET /assets/plugins/flag/flags/4x3/ax.svg HTTP/1.1" 301 278 "-" "Mozilla/5.0 (Macintosh; Intel Mac OS X 10_7_5) AppleWebKit/537.36 (KHTML, like Gecko) Chrome/31.0.1650.63 Safari/537.36"
82.80.230.228 - - [27/Jun/2019:15:15:28 +0000] "GET /assets/plugins/flag/flags/4x3/ax.svg HTTP/1.1" 200 614 "-" "Mozilla/5.0 (Macintosh; Intel Mac OS X 10_7_5) AppleWebKit/537.36 (KHTML, like Gecko) Chrome/31.0.1650.63 Safari/537.36"
82.80.249.155 - - [27/Jun/2019:15:15:28 +0000] "GET /css/owl.video.play.png HTTP/1.1" 404 1104 "-" "Mozilla/5.0 (Macintosh; Intel Mac OS X 10_9_0) AppleWebKit/537.36 (KHTML, like Gecko) Chrome/31.0.1650.57 Safari/537.36"
82.80.230.228 - - [27/Jun/2019:15:15:28 +0000] "GET /assets/plugins/flag/flags/1x1/aw.svg HTTP/1.1" 301 278 "-" "Mozilla/5.0 (Windows NT 6.1; WOW64; rv:33.0) Gecko/20100101 Firefox/33.0"
82.80.249.155 - - [27/Jun/2019:15:15:29 +0000] "GET /assets/plugins/flag/flags/4x3/gt.svg HTTP/1.1" 301 278 "-" "Mozilla/5.0 (Macintosh; Intel Mac OS X 10.8; rv:26.0) Gecko/20100101 Firefox/26.0"
82.80.230.228 - - [27/Jun/2019:15:15:29 +0000] "GET /assets/plugins/flag/flags/1x1/aw.svg HTTP/1.1" 200 14646 "-" "Mozilla/5.0 (Windows NT 6.1; WOW64; rv:33.0) Gecko/20100101 Firefox/33.0"
82.80.249.155 - - [27/Jun/2019:15:15:29 +0000] "GET /assets/plugins/flag/flags/4x3/gt.svg HTTP/1.1" 200 31564 "-" "Mozilla/5.0 (Macintosh; Intel Mac OS X 10.8; rv:26.0) Gecko/20100101 Firefox/26.0"
82.80.230.228 - - [27/Jun/2019:15:15:30 +0000] "GET /assets/plugins/flag/flags/4x3/dj.svg HTTP/1.1" 200 674 "-" "Mozilla/5.0 (Windows NT 6.1; WOW64; rv:27.0) Gecko/20100101 Firefox/27.0"
82.80.230.228 - - [27/Jun/2019:15:15:30 +0000] "GET /images/Home-3/icon-color.png HTTP/1.1" 200 1940 "-" "Mozilla/5.0 (Macintosh; Intel Mac OS X 10_7_5) AppleWebKit/537.36 (KHTML, like Gecko) Chrome/31.0.1650.63 Safari/537.36"
82.80.244.51 - - [27/Jun/2019:15:15:31 +0000] "GET /assets/plugins/flag/flags/4x3/sg.svg HTTP/1.1" 301 278 "-" "Mozilla/5.0 (Macintosh; Intel Mac OS X 10.7; rv:26.0) Gecko/20100101 Firefox/26.0"
82.80.249.152 - - [27/Jun/2019:15:15:31 +0000] "GET /assets/plugins/flag/flags/1x1/cv.svg HTTP/1.1" 200 1776 "-" "Mozilla/5.0 (Windows NT 6.1; rv:26.0) Gecko/20100101 Firefox/26.0"
82.80.230.228 - - [27/Jun/2019:15:15:31 +0000] "GET /assets/plugins/flag/flags/1x1/nr.svg HTTP/1.1" 200 1956 "-" "Mozilla/5.0 (Windows NT 6.2; Win64; x64; rv:36.0) Gecko/20100101 Firefox/36.0"
82.80.244.51 - - [27/Jun/2019:15:15:31 +0000] "GET /assets/plugins/flag/flags/4x3/sg.svg HTTP/1.1" 200 2742 "-" "Mozilla/5.0 (Macintosh; Intel Mac OS X 10.7; rv:26.0) Gecko/20100101 Firefox/26.0"
82.80.249.143 - - [27/Jun/2019:15:15:32 +0000] "GET /assets/plugins/flag/flags/4x3/mn.svg HTTP/1.1" 200 2014 "-" "Mozilla/5.0 (Macintosh; Intel Mac OS X 10_7_5) AppleWebKit/537.73.11 (KHTML, like Gecko) Version/6.1.1 Safari/537.73.11"
82.80.230.228 - - [27/Jun/2019:15:15:32 +0000] "GET /assets/plugins/flag/flags/4x3/bw.svg HTTP/1.1" 200 360 "-" "Mozilla/5.0 (Macintosh; Intel Mac OS X 10_6_8) AppleWebKit/537.36 (KHTML, like Gecko) Chrome/31.0.1650.63 Safari/537.36"
82.80.249.163 - - [27/Jun/2019:15:15:32 +0000] "GET /assets/plugins/flag/flags/1x1/de.svg HTTP/1.1" 200 347 "-" "Mozilla/5.0 (Macintosh; Intel Mac OS X 10_7_5) AppleWebKit/537.36 (KHTML, like Gecko) Chrome/31.0.1650.63 Safari/537.36"
82.80.249.155 - - [27/Jun/2019:15:15:33 +0000] "GET /assets/plugins/flag/flags/1x1/so.svg HTTP/1.1" 301 278 "-" "Mozilla/5.0 (compatible, MSIE 11, Windows NT 6.3; Trident/7.0; rv:11.0) like Gecko"
82.80.230.228 - - [27/Jun/2019:15:15:33 +0000] "GET /unitegallery/images/loader-white1.gif HTTP/1.1" 200 2545 "-" "Mozilla/5.0 (Windows NT 6.1; WOW64; rv:36.0) Gecko/20100101 Firefox/36.0"
82.80.249.227 - - [27/Jun/2019:15:15:33 +0000] "GET /assets/plugins/flag/flags/1x1/ps.svg HTTP/1.1" 301 278 "-" "Mozilla/5.0 (Windows NT 6.1; Trident/7.0; rv:11.0) like Gecko"
82.80.249.155 - - [27/Jun/2019:15:15:33 +0000] "GET /assets/plugins/flag/flags/1x1/so.svg HTTP/1.1" 200 1212 "-" "Mozilla/5.0 (compatible, MSIE 11, Windows NT 6.3; Trident/7.0; rv:11.0) like Gecko"
82.80.249.227 - - [27/Jun/2019:15:15:34 +0000] "GET /assets/plugins/flag/flags/1x1/ps.svg HTTP/1.1" 200 1183 "-" "Mozilla/5.0 (Windows NT 6.1; Trident/7.0; rv:11.0) like Gecko"
82.80.249.133 - - [27/Jun/2019:15:15:34 +0000] "GET /assets/plugins/flag/flags/4x3/iq.svg HTTP/1.1" 200 5451 "-" "Mozilla/5.0 (Macintosh; Intel Mac OS X 10.9; rv:25.0) Gecko/20100101 Firefox/25.0"
82.80.249.164 - - [27/Jun/2019:15:15:34 +0000] "GET /assets/plugins/flag/flags/1x1/me.svg HTTP/1.1" 301 278 "-" "Mozilla/5.0 (Windows NT 6.1; WOW64; rv:25.0) Gecko/20100101 Firefox/25.0"
82.80.249.164 - - [27/Jun/2019:15:15:35 +0000] "GET /assets/plugins/flag/flags/1x1/me.svg HTTP/1.1" 200 130959 "-" "Mozilla/5.0 (Windows NT 6.1; WOW64; rv:25.0) Gecko/20100101 Firefox/25.0"
82.80.230.228 - - [27/Jun/2019:15:15:35 +0000] "GET /assets/plugins/flag/flags/4x3/bh.svg HTTP/1.1" 200 655 "-" "Mozilla/5.0 (Windows NT 6.1; WOW64; Trident/7.0; rv:11.0) like Gecko"
82.80.249.227 - - [27/Jun/2019:15:15:36 +0000] "GET /assets/plugins/flag/flags/4x3/cm.svg HTTP/1.1" 301 278 "-" "Mozilla/5.0 (Windows NT 6.1; WOW64) AppleWebKit/537.36 (KHTML, like Gecko) Chrome/32.0.1700.41 Safari/537.36"
82.80.230.228 - - [27/Jun/2019:15:15:36 +0000] "GET /assets/plugins/flag/flags/4x3/ly.svg HTTP/1.1" 301 278 "-" "Mozilla/5.0 (Windows NT 6.3; WOW64) AppleWebKit/537.36 (KHTML, like Gecko) Chrome/31.0.1650.63 Safari/537.36"
82.80.249.227 - - [27/Jun/2019:15:15:36 +0000] "GET /assets/plugins/flag/flags/4x3/cm.svg HTTP/1.1" 200 673 "-" "Mozilla/5.0 (Windows NT 6.1; WOW64) AppleWebKit/537.36 (KHTML, like Gecko) Chrome/32.0.1700.41 Safari/537.36"
82.80.230.228 - - [27/Jun/2019:15:15:36 +0000] "GET /assets/plugins/flag/flags/4x3/ly.svg HTTP/1.1" 200 1143 "-" "Mozilla/5.0 (Windows NT 6.3; WOW64) AppleWebKit/537.36 (KHTML, like Gecko) Chrome/31.0.1650.63 Safari/537.36"
82.80.249.155 - - [27/Jun/2019:15:15:36 +0000] "GET /assets/plugins/flag/flags/1x1/et.svg HTTP/1.1" 200 1628 "-" "Mozilla/5.0 (Windows NT 6.2; Win64; x64; rv:27.0) Gecko/20100101 Firefox/27.0"
82.80.249.164 - - [27/Jun/2019:15:15:37 +0000] "GET /assets/plugins/flag/flags/4x3/zw.svg HTTP/1.1" 301 278 "-" "Mozilla/5.0 (compatible; MSIE 10.0; Windows NT 6.1; WOW64; Trident/6.0)"
82.80.249.143 - - [27/Jun/2019:15:15:37 +0000] "GET /images/Home-1/even-l-icon.png HTTP/1.1" 200 238 "-" "Mozilla/5.0 (X11; Linux x86_64) AppleWebKit/537.36 (KHTML, like Gecko) Chrome/31.0.1650.63 Safari/537.36"
82.80.249.164 - - [27/Jun/2019:15:15:37 +0000] "GET /assets/plugins/flag/flags/4x3/zw.svg HTTP/1.1" 200 5898 "-" "Mozilla/5.0 (compatible; MSIE 10.0; Windows NT 6.1; WOW64; Trident/6.0)"
82.80.230.228 - - [27/Jun/2019:15:15:37 +0000] "GET /assets/plugins/flag/flags/4x3/ai.svg HTTP/1.1" 301 278 "-" "Mozilla/5.0 (Macintosh; Intel Mac OS X 10_9_0) AppleWebKit/537.36 (KHTML, like Gecko) Chrome/31.0.1650.63 Safari/537.36"
82.80.230.228 - - [27/Jun/2019:15:15:37 +0000] "GET /assets/plugins/flag/flags/4x3/ai.svg HTTP/1.1" 200 57102 "-" "Mozilla/5.0 (Macintosh; Intel Mac OS X 10_9_0) AppleWebKit/537.36 (KHTML, like Gecko) Chrome/31.0.1650.63 Safari/537.36"
82.80.249.227 - - [27/Jun/2019:15:15:38 +0000] "GET /assets/plugins/flag/flags/4x3/ge.svg HTTP/1.1" 301 278 "-" "Mozilla/5.0 (Macintosh; Intel Mac OS X 10.9; rv:26.0) Gecko/20100101 Firefox/26.0"
82.80.230.228 - - [27/Jun/2019:15:15:38 +0000] "GET /assets/plugins/flag/flags/1x1/bq.svg HTTP/1.1" 200 292 "-" "Opera/9.80 (Windows NT 6.1; WOW64) Presto/2.12.388 Version/12.16"
82.80.249.227 - - [27/Jun/2019:15:15:38 +0000] "GET /assets/plugins/flag/flags/4x3/ge.svg HTTP/1.1" 200 1182 "-" "Mozilla/5.0 (Macintosh; Intel Mac OS X 10.9; rv:26.0) Gecko/20100101 Firefox/26.0"
82.80.230.228 - - [27/Jun/2019:15:15:38 +0000] "GET /assets/plugins/flag/flags/4x3/gr.svg HTTP/1.1" 200 852 "-" "Mozilla/5.0 (compatible; MSIE 9.0; Windows NT 6.1; WOW64; Trident/5.0)"
82.80.230.228 - - [27/Jun/2019:15:15:39 +0000] "GET /assets/plugins/flag/flags/4x3/va.svg HTTP/1.1" 200 124561 "-" "Mozilla/5.0 (Macintosh; Intel Mac OS X 10_8_4) AppleWebKit/537.36 (KHTML, like Gecko) Chrome/31.0.1650.63 Safari/537.36"
82.80.249.155 - - [27/Jun/2019:15:15:39 +0000] "GET /unitegallery/images/loader-black1.gif HTTP/1.1" 200 5855 "-" "Mozilla/5.0 (Macintosh; Intel Mac OS X 10_9_1) AppleWebKit/537.73.11 (KHTML, like Gecko) Version/7.0.1 Safari/537.73.11"
82.80.249.163 - - [27/Jun/2019:15:15:39 +0000] "GET /images/Home-3/news.jpg HTTP/1.1" 301 264 "-" "Mozilla/5.0 (Windows NT 6.3; WOW64; rv:26.0) Gecko/20100101 Firefox/26.0"
82.80.249.164 - - [27/Jun/2019:15:15:39 +0000] "GET /assets/plugins/flag/flags/1x1/cd.svg HTTP/1.1" 200 545 "-" "Mozilla/5.0 (Windows NT 6.1; WOW64) AppleWebKit/537.36 (KHTML, like Gecko) Chrome/35.0.1916.153 Safari/537.36"
82.80.249.163 - - [27/Jun/2019:15:15:39 +0000] "GET /images/Home-3/news.jpg HTTP/1.1" 200 1240 "-" "Mozilla/5.0 (Windows NT 6.3; WOW64; rv:26.0) Gecko/20100101 Firefox/26.0"
82.80.230.228 - - [27/Jun/2019:15:15:39 +0000] "GET /images/slider2.jpg HTTP/1.1" 301 260 "-" "Mozilla/5.0 (Windows NT 6.1) AppleWebKit/537.36 (KHTML, like Gecko) Chrome/32.0.1700.72 Safari/537.36"
82.80.249.157 - - [27/Jun/2019:15:15:40 +0000] "GET /assets/plugins/flag/flags/1x1/gs.svg HTTP/1.1" 301 278 "-" "Mozilla/5.0 (Windows NT 6.2; Win64; x64; rv:36.0) Gecko/20100101 Firefox/36.0"
82.80.230.228 - - [27/Jun/2019:15:15:40 +0000] "GET /images/slider2.jpg HTTP/1.1" 200 250482 "-" "Mozilla/5.0 (Windows NT 6.1) AppleWebKit/537.36 (KHTML, like Gecko) Chrome/32.0.1700.72 Safari/537.36"
82.80.249.157 - - [27/Jun/2019:15:15:40 +0000] "GET /assets/plugins/flag/flags/1x1/gs.svg HTTP/1.1" 200 47440 "-" "Mozilla/5.0 (Windows NT 6.2; Win64; x64; rv:36.0) Gecko/20100101 Firefox/36.0"
82.80.230.228 - - [27/Jun/2019:15:15:40 +0000] "GET /assets/plugins/flag/flags/1x1/kn.svg HTTP/1.1" 200 1871 "-" "Mozilla/5.0 (Windows NT 6.1; WOW64) AppleWebKit/537.36 (KHTML, like Gecko) Chrome/31.0.1650.57 Safari/537.36"
82.80.230.228 - - [27/Jun/2019:15:15:40 +0000] "GET /assets/plugins/flag/flags/4x3/jo.svg HTTP/1.1" 200 1468 "-" "Mozilla/5.0 (Windows NT 6.0; WOW64) AppleWebKit/534.30 (KHTML, like Gecko) Chrome/12.0.742.91 Safari/534.30"
82.80.230.228 - - [27/Jun/2019:15:15:40 +0000] "GET /assets/plugins/flag/flags/1x1/cf.svg HTTP/1.1" 200 712 "-" "Mozilla/5.0 (Macintosh; Intel Mac OS X 10_7_5) AppleWebKit/537.36 (KHTML, like Gecko) Chrome/31.0.1650.63 Safari/537.36"
82.80.249.143 - - [27/Jun/2019:15:15:41 +0000] "GET /assets/plugins/flag/flags/4x3/bg.svg HTTP/1.1" 200 338 "-" "Mozilla/5.0 (Macintosh; Intel Mac OS X 10.9; rv:25.0) Gecko/20100101 Firefox/25.0"
82.80.249.164 - - [27/Jun/2019:15:15:41 +0000] "GET /assets/plugins/flag/flags/1x1/tm.svg HTTP/1.1" 200 73847 "-" "Mozilla/5.0 (Windows NT 6.1; WOW64; rv:29.0) Gecko/20100101 Firefox/29.0"
82.80.230.228 - - [27/Jun/2019:15:15:41 +0000] "GET /assets/plugins/flag/flags/4x3/mx.svg HTTP/1.1" 200 78505 "-" "Mozilla/5.0 (Windows NT 6.1; WOW64; rv:25.0) Gecko/20100101 Firefox/25.0"
82.80.230.228 - - [27/Jun/2019:15:15:41 +0000] "GET /assets/plugins/flag/flags/1x1/lk.svg HTTP/1.1" 200 10823 "-" "Mozilla/5.0 (Macintosh; Intel Mac OS X 10_9_0) AppleWebKit/537.36 (KHTML, like Gecko) Chrome/31.0.1650.57 Safari/537.36"
82.80.249.157 - - [27/Jun/2019:15:15:42 +0000] "GET /unitegallery/skins/default/arrows_strip_down.png HTTP/1.1" 200 151 "-" "Mozilla/5.0 (X11; Ubuntu; Linux x86_64; rv:25.0) Gecko/20100101 Firefox/25.0"
82.80.230.228 - - [27/Jun/2019:15:15:42 +0000] "GET /assets/plugins/flag/flags/4x3/bz.svg HTTP/1.1" 301 278 "-" "Mozilla/5.0 (Windows NT 6.1) AppleWebKit/537.36 (KHTML, like Gecko) Chrome/32.0.1700.72 Safari/537.36"
82.80.230.228 - - [27/Jun/2019:15:15:42 +0000] "GET /assets/plugins/flag/flags/1x1/sg.svg HTTP/1.1" 301 278 "-" "Mozilla/5.0 (Windows NT 6.1; WOW64) AppleWebKit/537.36 (KHTML, like Gecko) Chrome/40.0.2214.111 Safari/537.36"
82.80.249.164 - - [27/Jun/2019:15:15:42 +0000] "GET /assets/plugins/flag/flags/4x3/nu.svg HTTP/1.1" 301 278 "-" "Mozilla/5.0 (Windows NT 6.1; WOW64; rv:28.0) Gecko/20100101 Firefox/28.0"
82.80.230.228 - - [27/Jun/2019:15:15:42 +0000] "GET /assets/plugins/flag/flags/4x3/bz.svg HTTP/1.1" 200 55569 "-" "Mozilla/5.0 (Windows NT 6.1) AppleWebKit/537.36 (KHTML, like Gecko) Chrome/32.0.1700.72 Safari/537.36"
82.80.230.228 - - [27/Jun/2019:15:15:42 +0000] "GET /assets/plugins/flag/flags/1x1/nc.svg HTTP/1.1" 301 278 "-" "Mozilla/5.0 (Macintosh; Intel Mac OS X 10_9_1) AppleWebKit/537.36 (KHTML, like Gecko) Chrome/31.0.1650.57 Safari/537.36"
82.80.230.228 - - [27/Jun/2019:15:15:42 +0000] "GET /assets/plugins/flag/flags/1x1/sg.svg HTTP/1.1" 200 2771 "-" "Mozilla/5.0 (Windows NT 6.1; WOW64) AppleWebKit/537.36 (KHTML, like Gecko) Chrome/40.0.2214.111 Safari/537.36"
82.80.249.164 - - [27/Jun/2019:15:15:42 +0000] "GET /assets/plugins/flag/flags/4x3/nu.svg HTTP/1.1" 200 3996 "-" "Mozilla/5.0 (Windows NT 6.1; WOW64; rv:28.0) Gecko/20100101 Firefox/28.0"
82.80.230.228 - - [27/Jun/2019:15:15:42 +0000] "GET /assets/plugins/flag/flags/1x1/nc.svg HTTP/1.1" 200 872 "-" "Mozilla/5.0 (Macintosh; Intel Mac OS X 10_9_1) AppleWebKit/537.36 (KHTML, like Gecko) Chrome/31.0.1650.57 Safari/537.36"
82.80.230.228 - - [27/Jun/2019:15:15:43 +0000] "GET /assets/plugins/flag/flags/1x1/ao.svg HTTP/1.1" 200 2294 "-" "Mozilla/5.0 (compatible)"
82.80.230.228 - - [27/Jun/2019:15:15:43 +0000] "GET /assets/plugins/flag/flags/1x1/ly.svg HTTP/1.1" 200 1168 "-" "Mozilla/5.0 (compatible; MSIE 10.0; Windows NT 6.1; WOW64; Trident/6.0)"
82.80.249.155 - - [27/Jun/2019:15:15:43 +0000] "GET /assets/plugins/flag/flags/4x3/fr.svg HTTP/1.1" 301 278 "-" "Mozilla/5.0 (Windows NT 6.2; Win64; x64; rv:36.0) Gecko/20100101 Firefox/36.0"
82.80.249.164 - - [27/Jun/2019:15:15:43 +0000] "GET /assets/plugins/flag/flags/1x1/ml.svg HTTP/1.1" 200 868 "-" "Mozilla/5.0 (Macintosh; Intel Mac OS X 10_6_8) AppleWebKit/534.59.10 (KHTML, like Gecko) Version/5.1.9 Safari/534.59.10"
82.80.249.133 - - [27/Jun/2019:15:15:43 +0000] "GET /assets/plugins/flag/flags/1x1/gb-sct.svg HTTP/1.1" 200 228 "-" "Mozilla/5.0 (X11; Ubuntu; Linux i686; rv:26.0) Gecko/20100101 Firefox/26.0"
82.80.249.155 - - [27/Jun/2019:15:15:44 +0000] "GET /assets/plugins/flag/flags/4x3/fr.svg HTTP/1.1" 200 346 "-" "Mozilla/5.0 (Windows NT 6.2; Win64; x64; rv:36.0) Gecko/20100101 Firefox/36.0"
82.80.249.164 - - [27/Jun/2019:15:15:44 +0000] "GET /assets/plugins/flag/flags/4x3/de.svg HTTP/1.1" 200 322 "-" "Mozilla/5.0 (Macintosh; Intel Mac OS X 10_7_5) AppleWebKit/537.73.11 (KHTML, like Gecko) Version/6.1.1 Safari/537.73.11"
82.80.249.204 - - [27/Jun/2019:15:15:44 +0000] "GET /assets/plugins/flag/flags/4x3/sv.svg HTTP/1.1" 301 278 "-" "Mozilla/5.0 (Windows NT 6.3; WOW64; rv:26.0) Gecko/20100101 Firefox/26.0"
82.80.230.228 - - [27/Jun/2019:15:15:44 +0000] "GET /images/Home-2/Testimonials-bg.jpg HTTP/1.1" 301 275 "-" "Mozilla/5.0 (X11; Ubuntu; Linux x86_64; rv:26.0) Gecko/20100101 Firefox/26.0"
82.80.249.204 - - [27/Jun/2019:15:15:44 +0000] "GET /assets/plugins/flag/flags/4x3/sv.svg HTTP/1.1" 200 139939 "-" "Mozilla/5.0 (Windows NT 6.3; WOW64; rv:26.0) Gecko/20100101 Firefox/26.0"
82.80.230.228 - - [27/Jun/2019:15:15:44 +0000] "GET /assets/plugins/flag/flags/1x1/ar.svg HTTP/1.1" 200 34301 "-" "Mozilla/5.0 (Windows NT 6.1; WOW64) AppleWebKit/537.36 (KHTML, like Gecko) Chrome/41.0.2227.0 Safari/537.36"
82.80.230.228 - - [27/Jun/2019:15:15:45 +0000] "GET /assets/plugins/flag/flags/1x1/ba.svg HTTP/1.1" 200 1576 "-" "Mozilla/5.0 (Windows NT 6.1; WOW64; rv:33.0) Gecko/20100101 Firefox/33.0"
82.80.230.228 - - [27/Jun/2019:15:15:45 +0000] "GET /images/Home-2/Testimonials-bg.jpg HTTP/1.1" 200 6666 "-" "Mozilla/5.0 (X11; Ubuntu; Linux x86_64; rv:26.0) Gecko/20100101 Firefox/26.0"
82.80.249.163 - - [27/Jun/2019:15:15:45 +0000] "GET /assets/plugins/flag/flags/1x1/nz.svg HTTP/1.1" 301 278 "-" "Mozilla/5.0 (Windows NT 5.1; rv:25.0) Gecko/20100101 Firefox/25.0"
82.80.249.163 - - [27/Jun/2019:15:15:45 +0000] "GET /assets/plugins/flag/flags/1x1/nz.svg HTTP/1.1" 200 5611 "-" "Mozilla/5.0 (Windows NT 5.1; rv:25.0) Gecko/20100101 Firefox/25.0"
82.80.249.163 - - [27/Jun/2019:15:15:45 +0000] "GET /assets/plugins/flag/flags/1x1/cm.svg HTTP/1.1" 301 278 "-" "Mozilla/5.0 (Macintosh; Intel Mac OS X 10.9; rv:25.0) Gecko/20100101 Firefox/25.0"
82.80.249.163 - - [27/Jun/2019:15:15:45 +0000] "GET /assets/plugins/flag/flags/1x1/cm.svg HTTP/1.1" 200 512 "-" "Mozilla/5.0 (Macintosh; Intel Mac OS X 10.9; rv:25.0) Gecko/20100101 Firefox/25.0"
82.80.230.228 - - [27/Jun/2019:15:15:46 +0000] "GET /assets/plugins/flag/flags/1x1/ye.svg HTTP/1.1" 200 873 "-" "Mozilla/5.0 (Windows NT 6.1; WOW64) AppleWebKit/537.36 (KHTML, like Gecko) Chrome/31.0.1650.57 Safari/537.36"
82.80.230.228 - - [27/Jun/2019:15:15:46 +0000] "GET /images/Home-1/icon-slider-l.png HTTP/1.1" 200 489 "-" "Mozilla/5.0 (Macintosh; Intel Mac OS X 10_7_5) AppleWebKit/537.73.11 (KHTML, like Gecko) Version/6.1.1 Safari/537.73.11"
82.80.230.228 - - [27/Jun/2019:15:15:46 +0000] "GET /assets/plugins/flag/flags/4x3/gb.svg HTTP/1.1" 200 989 "-" "Opera/9.80 (Windows NT 6.1; WOW64) Presto/2.12.388 Version/12.16"
82.80.249.164 - - [27/Jun/2019:15:15:47 +0000] "GET /unitegallery/images/not_loaded.png HTTP/1.1" 200 858 "-" "Mozilla/5.0 (Macintosh; Intel Mac OS X 10_6_8) AppleWebKit/534.59.10 (KHTML, like Gecko) Version/5.1.9 Safari/534.59.10"
82.80.230.228 - - [27/Jun/2019:15:15:47 +0000] "GET /assets/plugins/flag/flags/4x3/pf.svg HTTP/1.1" 200 10784 "-" "Mozilla/5.0 (X11; Linux x86_64) AppleWebKit/537.36 (KHTML, like Gecko) Ubuntu Chromium/31.0.1650.63 Chrome/31.0.1650.63 Safari/537.36"
82.80.230.228 - - [27/Jun/2019:15:15:47 +0000] "GET /assets/plugins/flag/flags/4x3/bl.svg HTTP/1.1" 301 278 "-" "Mozilla/5.0 (Macintosh; Intel Mac OS X 10_8_5) AppleWebKit/536.30.1 (KHTML, like Gecko) Version/6.0.5 Safari/536.30.1"
82.80.230.228 - - [27/Jun/2019:15:15:47 +0000] "GET /assets/plugins/flag/flags/1x1/pm.svg HTTP/1.1" 301 278 "-" "Mozilla/5.0 (X11; Linux x86_64) AppleWebKit/537.36 (KHTML, like Gecko) Chrome/31.0.1650.63 Safari/537.36"
82.80.230.228 - - [27/Jun/2019:15:15:47 +0000] "GET /assets/plugins/flag/flags/4x3/mw.svg HTTP/1.1" 200 8450 "-" "Mozilla/5.0 (Windows NT 6.1; WOW64; rv:27.3) Gecko/20100101 Firefox/27.3"
82.80.230.228 - - [27/Jun/2019:15:15:47 +0000] "GET /assets/plugins/flag/flags/4x3/bl.svg HTTP/1.1" 200 360 "-" "Mozilla/5.0 (Macintosh; Intel Mac OS X 10_8_5) AppleWebKit/536.30.1 (KHTML, like Gecko) Version/6.0.5 Safari/536.30.1"
82.80.230.228 - - [27/Jun/2019:15:15:47 +0000] "GET /assets/plugins/flag/flags/1x1/pm.svg HTTP/1.1" 200 875 "-" "Mozilla/5.0 (X11; Linux x86_64) AppleWebKit/537.36 (KHTML, like Gecko) Chrome/31.0.1650.63 Safari/537.36"
82.80.230.228 - - [27/Jun/2019:15:15:48 +0000] "GET /assets/plugins/flag/flags/1x1/bw.svg HTTP/1.1" 301 278 "-" "Mozilla/5.0 (Macintosh; Intel Mac OS X 10.6; rv:26.0) Gecko/20100101 Firefox/26.0"
82.80.230.228 - - [27/Jun/2019:15:15:48 +0000] "GET /assets/plugins/flag/flags/4x3/ro.svg HTTP/1.1" 200 875 "-" "Mozilla/5.0 (Windows NT 6.1; WOW64) AppleWebKit/537.36 (KHTML, like Gecko) Chrome/31.0.1650.63 Safari/537.36"
82.80.230.228 - - [27/Jun/2019:15:15:49 +0000] "GET /assets/plugins/flag/flags/1x1/ax.svg HTTP/1.1" 301 278 "-" "Mozilla/5.0 (Macintosh; Intel Mac OS X 10.9; rv:25.0) Gecko/20100101 Firefox/25.0"
82.80.230.228 - - [27/Jun/2019:15:15:49 +0000] "GET /assets/plugins/flag/flags/1x1/bw.svg HTTP/1.1" 200 318 "-" "Mozilla/5.0 (Macintosh; Intel Mac OS X 10.6; rv:26.0) Gecko/20100101 Firefox/26.0"
82.80.230.228 - - [27/Jun/2019:15:15:49 +0000] "GET /assets/plugins/flag/flags/4x3/mh.svg HTTP/1.1" 200 1616 "-" "Mozilla/5.0 (Macintosh; Intel Mac OS X 10_9_1) AppleWebKit/537.36 (KHTML, like Gecko) Chrome/31.0.1650.63 Safari/537.36"
82.80.230.228 - - [27/Jun/2019:15:15:49 +0000] "GET /assets/plugins/flag/flags/1x1/ax.svg HTTP/1.1" 200 584 "-" "Mozilla/5.0 (Macintosh; Intel Mac OS X 10.9; rv:25.0) Gecko/20100101 Firefox/25.0"
82.80.249.155 - - [27/Jun/2019:15:15:49 +0000] "GET /assets/plugins/flag/flags/4x3/sh.svg HTTP/1.1" 301 278 "-" "Mozilla/5.0 (Macintosh; Intel Mac OS X 10_9_0) AppleWebKit/537.36 (KHTML, like Gecko) Chrome/31.0.1650.63 Safari/537.36"
82.80.230.228 - - [27/Jun/2019:15:15:49 +0000] "GET /assets/plugins/flag/flags/1x1/sn.svg HTTP/1.1" 200 1108 "-" "Mozilla/5.0 (Macintosh; Intel Mac OS X 10_9_1) AppleWebKit/537.36 (KHTML, like Gecko) Chrome/32.0.1700.68 Safari/537.36"
82.80.230.228 - - [27/Jun/2019:15:15:49 +0000] "GET /assets/plugins/flag/flags/4x3/ms.svg HTTP/1.1" 301 278 "-" "Mozilla/5.0 (Macintosh; Intel Mac OS X 10_6_8) AppleWebKit/534.59.10 (KHTML, like Gecko) Version/5.1.9 Safari/534.59.10"
82.80.249.155 - - [27/Jun/2019:15:15:49 +0000] "GET /assets/plugins/flag/flags/4x3/sh.svg HTTP/1.1" 200 78845 "-" "Mozilla/5.0 (Macintosh; Intel Mac OS X 10_9_0) AppleWebKit/537.36 (KHTML, like Gecko) Chrome/31.0.1650.63 Safari/537.36"
82.80.230.228 - - [27/Jun/2019:15:15:50 +0000] "GET /assets/plugins/flag/flags/4x3/ms.svg HTTP/1.1" 200 10765 "-" "Mozilla/5.0 (Macintosh; Intel Mac OS X 10_6_8) AppleWebKit/534.59.10 (KHTML, like Gecko) Version/5.1.9 Safari/534.59.10"
82.80.249.157 - - [27/Jun/2019:15:15:50 +0000] "GET /assets/plugins/flag/flags/1x1/nl.svg HTTP/1.1" 301 278 "-" "Mozilla/5.0 (Windows NT 6.1; WOW64; Trident/7.0; rv:11.0) like Gecko"
82.80.249.157 - - [27/Jun/2019:15:15:50 +0000] "GET /assets/plugins/flag/flags/1x1/nl.svg HTTP/1.1" 200 900 "-" "Mozilla/5.0 (Windows NT 6.1; WOW64; Trident/7.0; rv:11.0) like Gecko"
82.80.249.152 - - [27/Jun/2019:15:15:50 +0000] "GET /assets/plugins/flag/flags/1x1/pt.svg HTTP/1.1" 301 278 "-" "Mozilla/5.0 (Windows NT 6.0; WOW64) AppleWebKit/534.30 (KHTML, like Gecko) Chrome/12.0.742.91 Safari/534.30"
82.80.249.152 - - [27/Jun/2019:15:15:50 +0000] "GET /assets/plugins/flag/flags/4x3/br.svg HTTP/1.1" 301 278 "-" "Mozilla/5.0 (Windows NT 6.1; rv:26.0) Gecko/20100101 Firefox/26.0"
82.80.249.227 - - [27/Jun/2019:15:15:50 +0000] "GET /assets/plugins/flag/flags/1x1/tk.svg HTTP/1.1" 200 1668 "-" "Mozilla/5.0 (X11; Linux x86_64) AppleWebKit/537.36 (KHTML, like Gecko) Ubuntu Chromium/31.0.1650.63 Chrome/31.0.1650.63 Safari/537.36"
82.80.249.152 - - [27/Jun/2019:15:15:50 +0000] "GET /assets/plugins/flag/flags/1x1/pt.svg HTTP/1.1" 200 55169 "-" "Mozilla/5.0 (Windows NT 6.0; WOW64) AppleWebKit/534.30 (KHTML, like Gecko) Chrome/12.0.742.91 Safari/534.30"
82.80.249.152 - - [27/Jun/2019:15:15:51 +0000] "GET /assets/plugins/flag/flags/4x3/br.svg HTTP/1.1" 200 12583 "-" "Mozilla/5.0 (Windows NT 6.1; rv:26.0) Gecko/20100101 Firefox/26.0"
82.80.230.228 - - [27/Jun/2019:15:15:51 +0000] "GET /images/Home-3/icon1-color.png HTTP/1.1" 200 2011 "-" "Mozilla/5.0 (Windows NT 6.1) AppleWebKit/537.36 (KHTML, like Gecko) Chrome/31.0.1650.63 Safari/537.36"
82.80.230.228 - - [27/Jun/2019:15:15:51 +0000] "GET /assets/plugins/flag/flags/4x3/qa.svg HTTP/1.1" 200 1273 "-" "Mozilla/5.0 (Macintosh; Intel Mac OS X 10_9_1) AppleWebKit/537.73.11 (KHTML, like Gecko) Version/7.0.1 Safari/537.73.11"
82.80.230.228 - - [27/Jun/2019:15:15:51 +0000] "GET /assets/plugins/flag/flags/4x3/lk.svg HTTP/1.1" 200 10822 "-" "Mozilla/5.0 (Windows NT 6.3; WOW64; Trident/7.0; rv:11.0) like Gecko"
82.80.249.163 - - [27/Jun/2019:15:15:52 +0000] "GET /assets/plugins/flag/flags/1x1/lv.svg HTTP/1.1" 301 278 "-" "Mozilla/5.0 (Windows NT 6.1; WOW64; rv:26.0) Gecko/20100101 Firefox/26.0"
82.80.230.228 - - [27/Jun/2019:15:15:52 +0000] "GET /images/gvline.jpg HTTP/1.1" 200 4850 "-" "Mozilla/5.0 (Windows NT 6.1; rv:25.0) Gecko/20100101 Firefox/25.0"
82.80.230.228 - - [27/Jun/2019:15:15:52 +0000] "GET /assets/plugins/flag/flags/4x3/tm.svg HTTP/1.1" 200 74081 "-" "Mozilla/5.0 (Macintosh; Intel Mac OS X 10_8_5) AppleWebKit/537.36 (KHTML, like Gecko) Chrome/31.0.1650.63 Safari/537.36"
82.80.230.228 - - [27/Jun/2019:15:15:52 +0000] "GET /assets/plugins/flag/flags/1x1/gm.svg HTTP/1.1" 301 278 "-" "Mozilla/5.0 (Windows NT 6.3; WOW64) AppleWebKit/537.36 (KHTML, like Gecko) Chrome/31.0.1650.63 Safari/537.36"
82.80.249.163 - - [27/Jun/2019:15:15:52 +0000] "GET /assets/plugins/flag/flags/1x1/lv.svg HTTP/1.1" 200 890 "-" "Mozilla/5.0 (Windows NT 6.1; WOW64; rv:26.0) Gecko/20100101 Firefox/26.0"
82.80.230.228 - - [27/Jun/2019:15:15:52 +0000] "GET /assets/plugins/flag/flags/1x1/gm.svg HTTP/1.1" 200 454 "-" "Mozilla/5.0 (Windows NT 6.3; WOW64) AppleWebKit/537.36 (KHTML, like Gecko) Chrome/31.0.1650.63 Safari/537.36"
82.80.249.133 - - [27/Jun/2019:15:15:53 +0000] "GET /assets/plugins/flag/flags/1x1/kw.svg HTTP/1.1" 200 1198 "-" "Mozilla/5.0 (compatible; MSIE 10.0; Windows NT 6.1; WOW64; Trident/6.0)"
82.80.249.155 - - [27/Jun/2019:15:15:53 +0000] "GET /assets/plugins/flag/flags/4x3/ly.svg HTTP/1.1" 200 1143 "-" "Mozilla/5.0 (Windows NT 6.1; WOW64) AppleWebKit/537.36 (KHTML, like Gecko) Chrome/31.0.1650.63 Safari/537.36"
82.80.249.164 - - [27/Jun/2019:15:15:53 +0000] "GET /assets/plugins/flag/flags/1x1/in.svg HTTP/1.1" 301 278 "-" "Mozilla/5.0 (compatible; MSIE 10.0; Windows NT 6.1; Trident/6.0)"
82.80.249.164 - - [27/Jun/2019:15:15:53 +0000] "GET /assets/plugins/flag/flags/1x1/in.svg HTTP/1.1" 200 10862 "-" "Mozilla/5.0 (compatible; MSIE 10.0; Windows NT 6.1; Trident/6.0)"
82.80.249.143 - - [27/Jun/2019:15:15:53 +0000] "GET /images/apartments/apartment-b/apartman-b-4.jpg HTTP/1.1" 200 137068 "-" "Mozilla/5.0 (Macintosh; Intel Mac OS X 10_9) AppleWebKit/537.71 (KHTML, like Gecko) Version/7.0 Safari/537.71"
82.80.230.228 - - [27/Jun/2019:15:15:54 +0000] "GET /assets/plugins/flag/flags/1x1/nr.svg HTTP/1.1" 301 278 "-" "Mozilla/5.0 (Macintosh; Intel Mac OS X 10.9; rv:26.0) Gecko/20100101 Firefox/26.0"
82.80.230.228 - - [27/Jun/2019:15:15:54 +0000] "GET /assets/plugins/flag/flags/1x1/ai.svg HTTP/1.1" 301 278 "-" "Mozilla/5.0 (compatible, MSIE 11, Windows NT 6.3; Trident/7.0; rv:11.0) like Gecko"
82.80.230.228 - - [27/Jun/2019:15:15:54 +0000] "GET /assets/plugins/flag/flags/1x1/nr.svg HTTP/1.1" 200 1956 "-" "Mozilla/5.0 (Macintosh; Intel Mac OS X 10.9; rv:26.0) Gecko/20100101 Firefox/26.0"
82.80.230.228 - - [27/Jun/2019:15:15:54 +0000] "GET /assets/plugins/flag/flags/4x3/mg.svg HTTP/1.1" 200 841 "-" "Mozilla/5.0 (Windows NT 6.1; WOW64; rv:27.3) Gecko/20100101 Firefox/27.3"
82.80.230.228 - - [27/Jun/2019:15:15:54 +0000] "GET /assets/plugins/flag/flags/1x1/ai.svg HTTP/1.1" 200 59968 "-" "Mozilla/5.0 (compatible, MSIE 11, Windows NT 6.3; Trident/7.0; rv:11.0) like Gecko"
82.80.249.163 - - [27/Jun/2019:15:15:54 +0000] "GET /assets/plugins/flag/flags/1x1/tm.svg HTTP/1.1" 301 278 "-" "Mozilla/5.0 (X11; Ubuntu; Linux x86_64; rv:26.0) Gecko/20100101 Firefox/26.0"
82.80.230.228 - - [27/Jun/2019:15:15:54 +0000] "GET /assets/plugins/flag/flags/1x1/sv.svg HTTP/1.1" 301 278 "-" "Mozilla/5.0 (compatible; MSIE 9.0; Windows NT 6.1; WOW64; Trident/5.0)"
82.80.249.163 - - [27/Jun/2019:15:15:55 +0000] "GET /assets/plugins/flag/flags/1x1/tm.svg HTTP/1.1" 200 73847 "-" "Mozilla/5.0 (X11; Ubuntu; Linux x86_64; rv:26.0) Gecko/20100101 Firefox/26.0"
82.80.230.228 - - [27/Jun/2019:15:15:55 +0000] "GET /assets/plugins/flag/flags/1x1/sv.svg HTTP/1.1" 200 140474 "-" "Mozilla/5.0 (compatible; MSIE 9.0; Windows NT 6.1; WOW64; Trident/5.0)"
82.80.230.228 - - [27/Jun/2019:15:15:55 +0000] "GET /assets/plugins/flag/flags/4x3/bd.svg HTTP/1.1" 301 278 "-" "Mozilla/5.0 (Windows NT 6.1; WOW64; rv:26.0) Gecko/20100101 Firefox/26.0"
82.80.249.204 - - [27/Jun/2019:15:15:55 +0000] "GET /assets/plugins/flag/flags/4x3/kw.svg HTTP/1.1" 301 278 "-" "Mozilla/5.0 (X11; Ubuntu; Linux x86_64; rv:25.0) Gecko/20100101 Firefox/25.0"
82.80.230.228 - - [27/Jun/2019:15:15:55 +0000] "GET /assets/plugins/flag/flags/4x3/bd.svg HTTP/1.1" 200 365 "-" "Mozilla/5.0 (Windows NT 6.1; WOW64; rv:26.0) Gecko/20100101 Firefox/26.0"
82.80.230.228 - - [27/Jun/2019:15:15:55 +0000] "GET /assets/plugins/flag/flags/1x1/gt.svg HTTP/1.1" 301 278 "-" "Mozilla/5.0 (Windows NT 6.1; WOW64; rv:28.0) Gecko/20100101 Firefox/28.0"
82.80.249.204 - - [27/Jun/2019:15:15:55 +0000] "GET /assets/plugins/flag/flags/4x3/kw.svg HTTP/1.1" 200 1187 "-" "Mozilla/5.0 (X11; Ubuntu; Linux x86_64; rv:25.0) Gecko/20100101 Firefox/25.0"
82.80.230.228 - - [27/Jun/2019:15:15:56 +0000] "GET /images/apartmani-sostaric-logo.png HTTP/1.1" 301 276 "-" "Mozilla/5.0 (Windows NT 6.1; WOW64; rv:28.0) Gecko/20100101 Firefox/28.0"
82.80.230.228 - - [27/Jun/2019:15:15:56 +0000] "GET /assets/plugins/flag/flags/1x1/gt.svg HTTP/1.1" 200 30609 "-" "Mozilla/5.0 (Windows NT 6.1; WOW64; rv:28.0) Gecko/20100101 Firefox/28.0"
82.80.249.155 - - [27/Jun/2019:15:15:56 +0000] "GET /assets/plugins/flag/flags/1x1/vi.svg HTTP/1.1" 301 278 "-" "Mozilla/5.0 (Windows NT 6.2; Win64; x64; rv:36.0) Gecko/20100101 Firefox/36.0"
82.80.230.228 - - [27/Jun/2019:15:15:56 +0000] "GET /images/apartmani-sostaric-logo.png HTTP/1.1" 200 3667 "-" "Mozilla/5.0 (Windows NT 6.1; WOW64; rv:28.0) Gecko/20100101 Firefox/28.0"
82.80.249.155 - - [27/Jun/2019:15:15:56 +0000] "GET /assets/plugins/flag/flags/1x1/vi.svg HTTP/1.1" 200 12570 "-" "Mozilla/5.0 (Windows NT 6.2; Win64; x64; rv:36.0) Gecko/20100101 Firefox/36.0"
82.80.249.204 - - [27/Jun/2019:15:15:56 +0000] "GET /assets/plugins/flag/flags/4x3/no.svg HTTP/1.1" 301 278 "-" "Mozilla/5.0 (Windows NT 6.0; rv:26.0) Gecko/20100101 Firefox/26.0"
82.80.230.228 - - [27/Jun/2019:15:15:56 +0000] "GET /assets/plugins/flag/flags/4x3/ni.svg HTTP/1.1" 200 30195 "-" "Mozilla/5.0 (Windows NT 6.1; rv:24.0) Gecko/20100101 Firefox/24.0"
82.80.249.157 - - [27/Jun/2019:15:15:56 +0000] "GET /assets/plugins/flag/flags/1x1/kh.svg HTTP/1.1" 200 19725 "-" "Mozilla/5.0 (Macintosh; Intel Mac OS X 10_9_0) AppleWebKit/537.36 (KHTML, like Gecko) Chrome/31.0.1650.63 Safari/537.36"
82.80.249.204 - - [27/Jun/2019:15:15:57 +0000] "GET /assets/plugins/flag/flags/4x3/no.svg HTTP/1.1" 200 1779 "-" "Mozilla/5.0 (Windows NT 6.0; rv:26.0) Gecko/20100101 Firefox/26.0"
82.80.249.163 - - [27/Jun/2019:15:15:57 +0000] "GET /assets/plugins/flag/flags/4x3/tw.svg HTTP/1.1" 301 278 "-" "Mozilla/5.0 (Windows NT 6.1; WOW64; rv:25.0) Gecko/20100101 Firefox/25.0"
82.80.249.157 - - [27/Jun/2019:15:15:57 +0000] "GET /assets/plugins/flag/flags/1x1/pe.svg HTTP/1.1" 301 278 "-" "Mozilla/5.0 (Macintosh; Intel Mac OS X 10_6_8) AppleWebKit/534.59.10 (KHTML, like Gecko) Version/5.1.9 Safari/534.59.10"
82.80.249.163 - - [27/Jun/2019:15:15:57 +0000] "GET /assets/plugins/flag/flags/4x3/tw.svg HTTP/1.1" 200 3045 "-" "Mozilla/5.0 (Windows NT 6.1; WOW64; rv:25.0) Gecko/20100101 Firefox/25.0"
82.80.249.157 - - [27/Jun/2019:15:15:57 +0000] "GET /assets/plugins/flag/flags/1x1/pe.svg HTTP/1.1" 200 867 "-" "Mozilla/5.0 (Macintosh; Intel Mac OS X 10_6_8) AppleWebKit/534.59.10 (KHTML, like Gecko) Version/5.1.9 Safari/534.59.10"
82.80.230.228 - - [27/Jun/2019:15:15:57 +0000] "GET /assets/plugins/flag/flags/4x3/is.svg HTTP/1.1" 301 278 "-" "Mozilla/5.0 (Windows NT 6.1; WOW64; rv:24.0) Gecko/20100101 Firefox/24.0"
82.80.249.143 - - [27/Jun/2019:15:15:57 +0000] "GET /assets/plugins/flag/flags/1x1/fo.svg HTTP/1.1" 200 622 "-" "Mozilla/5.0 (Macintosh; Intel Mac OS X 10_9) AppleWebKit/537.71 (KHTML, like Gecko) Version/7.0 Safari/537.71"
82.80.249.164 - - [27/Jun/2019:15:15:57 +0000] "GET /assets/plugins/flag/flags/4x3/yt.svg HTTP/1.1" 200 856 "-" "Mozilla/5.0 (Windows NT 6.1; WOW64; rv:36.0) Gecko/20100101 Firefox/36.0"
82.80.230.228 - - [27/Jun/2019:15:15:58 +0000] "GET /assets/plugins/flag/flags/4x3/is.svg HTTP/1.1" 200 1195 "-" "Mozilla/5.0 (Windows NT 6.1; WOW64; rv:24.0) Gecko/20100101 Firefox/24.0"
82.80.230.228 - - [27/Jun/2019:15:15:58 +0000] "GET /assets/plugins/flag/flags/1x1/tt.svg HTTP/1.1" 301 278 "-" "Mozilla/5.0 (Windows NT 6.1; WOW64; rv:31.0) Gecko/20100101 Firefox/31.0"
82.80.230.228 - - [27/Jun/2019:15:15:58 +0000] "GET /assets/plugins/flag/flags/1x1/tt.svg HTTP/1.1" 200 1169 "-" "Mozilla/5.0 (Windows NT 6.1; WOW64; rv:31.0) Gecko/20100101 Firefox/31.0"
82.80.249.164 - - [27/Jun/2019:15:15:58 +0000] "GET /assets/plugins/flag/flags/4x3/lk.svg HTTP/1.1" 301 278 "-" "Mozilla/5.0 (Windows NT 6.1; WOW64) AppleWebKit/537.36 (KHTML, like Gecko) Chrome/31.0.1650.57 Safari/537.36"
82.80.249.143 - - [27/Jun/2019:15:15:58 +0000] "GET /assets/plugins/flag/flags/1x1/sh.svg HTTP/1.1" 301 278 "-" "Mozilla/5.0 (Macintosh; Intel Mac OS X 10_7_5) AppleWebKit/537.71 (KHTML, like Gecko) Version/6.1 Safari/537.71"
82.80.230.228 - - [27/Jun/2019:15:15:59 +0000] "GET /assets/plugins/flag/flags/1x1/nz.svg HTTP/1.1" 200 5611 "-" "Mozilla/5.0 (compatible; MSIE 10.0; Windows NT 6.1; Trident/6.0)"
82.80.249.164 - - [27/Jun/2019:15:15:59 +0000] "GET /assets/plugins/flag/flags/4x3/lk.svg HTTP/1.1" 200 10822 "-" "Mozilla/5.0 (Windows NT 6.1; WOW64) AppleWebKit/537.36 (KHTML, like Gecko) Chrome/31.0.1650.57 Safari/537.36"
82.80.249.143 - - [27/Jun/2019:15:15:59 +0000] "GET /assets/plugins/flag/flags/1x1/sh.svg HTTP/1.1" 200 75185 "-" "Mozilla/5.0 (Macintosh; Intel Mac OS X 10_7_5) AppleWebKit/537.71 (KHTML, like Gecko) Version/6.1 Safari/537.71"
82.80.249.143 - - [27/Jun/2019:15:15:59 +0000] "GET /assets/plugins/flag/flags/1x1/fr.svg HTTP/1.1" 200 350 "-" "Mozilla/5.0 (Windows NT 6.1; WOW64; rv:26.0) Gecko/20100101 Firefox/26.0"
82.80.230.228 - - [27/Jun/2019:15:15:59 +0000] "GET /assets/plugins/flag/flags/1x1/sx.svg HTTP/1.1" 200 27980 "-" "Mozilla/5.0 (X11; Linux x86_64; rv:26.0) Gecko/20100101 Firefox/26.0"
82.80.249.204 - - [27/Jun/2019:15:16:00 +0000] "GET /assets/plugins/flag/flags/1x1/dm.svg HTTP/1.1" 200 20988 "-" "Mozilla/5.0 (Windows NT 6.1; WOW64) AppleWebKit/537.36 (KHTML, like Gecko) Chrome/35.0.1916.153 Safari/537.36"
82.80.249.133 - - [27/Jun/2019:15:16:00 +0000] "GET /assets/plugins/flag/flags/1x1/uz.svg HTTP/1.1" 301 278 "-" "Mozilla/5.0 (Macintosh; Intel Mac OS X 10.7; rv:26.0) Gecko/20100101 Firefox/26.0"
82.80.230.228 - - [27/Jun/2019:15:16:00 +0000] "GET /unitegallery/skins/default/button_playpause.png HTTP/1.1" 200 604 "-" "Mozilla/5.0 (X11; Linux x86_64) AppleWebKit/537.36 (KHTML, like Gecko) Chrome/31.0.1650.63 Safari/537.36"
82.80.249.133 - - [27/Jun/2019:15:16:00 +0000] "GET /assets/plugins/flag/flags/1x1/uz.svg HTTP/1.1" 200 7020 "-" "Mozilla/5.0 (Macintosh; Intel Mac OS X 10.7; rv:26.0) Gecko/20100101 Firefox/26.0"
82.80.249.164 - - [27/Jun/2019:15:16:00 +0000] "GET /assets/plugins/flag/flags/1x1/mn.svg HTTP/1.1" 301 278 "-" "Mozilla/5.0 (Windows NT 6.1; WOW64; rv:25.0) Gecko/20100101 Firefox/25.0"
82.80.249.164 - - [27/Jun/2019:15:16:00 +0000] "GET /assets/plugins/flag/flags/1x1/mn.svg HTTP/1.1" 200 2104 "-" "Mozilla/5.0 (Windows NT 6.1; WOW64; rv:25.0) Gecko/20100101 Firefox/25.0"
82.80.249.133 - - [27/Jun/2019:15:16:00 +0000] "GET /assets/plugins/flag/flags/1x1/kg.svg HTTP/1.1" 200 6032 "-" "Mozilla/5.0 (X11; Ubuntu; Linux x86_64; rv:25.0) Gecko/20100101 Firefox/25.0"
82.80.249.194 - - [27/Jun/2019:15:16:01 +0000] "GET /assets/plugins/flag/flags/1x1/ge.svg HTTP/1.1" 301 278 "-" "Mozilla/5.0 (Windows NT 6.1; WOW64) AppleWebKit/537.36 (KHTML, like Gecko) Chrome/35.0.1916.153 Safari/537.36"
82.80.249.204 - - [27/Jun/2019:15:16:01 +0000] "GET /images/pogled.jpg HTTP/1.1" 200 296542 "-" "Mozilla/5.0 (X11; Linux i686) AppleWebKit/537.36 (KHTML, like Gecko) Chrome/31.0.1650.63 Safari/537.36"
82.80.249.194 - - [27/Jun/2019:15:16:01 +0000] "GET /assets/plugins/flag/flags/4x3/tk.svg HTTP/1.1" 200 1637 "-" "Mozilla/5.0 (compatible)"
82.80.249.194 - - [27/Jun/2019:15:16:01 +0000] "GET /assets/plugins/flag/flags/1x1/ge.svg HTTP/1.1" 200 1173 "-" "Mozilla/5.0 (Windows NT 6.1; WOW64) AppleWebKit/537.36 (KHTML, like Gecko) Chrome/35.0.1916.153 Safari/537.36"
82.80.230.228 - - [27/Jun/2019:15:16:01 +0000] "GET /assets/plugins/flag/flags/4x3/gb-wls.svg HTTP/1.1" 301 282 "-" "Mozilla/5.0 (Windows NT 6.1) AppleWebKit/537.36 (KHTML, like Gecko) Chrome/32.0.1700.72 Safari/537.36"
82.80.230.228 - - [27/Jun/2019:15:16:01 +0000] "GET /assets/plugins/flag/flags/4x3/gb-wls.svg HTTP/1.1" 200 14537 "-" "Mozilla/5.0 (Windows NT 6.1) AppleWebKit/537.36 (KHTML, like Gecko) Chrome/32.0.1700.72 Safari/537.36"
82.80.230.228 - - [27/Jun/2019:15:16:01 +0000] "GET /unitegallery/skins/default/icon_zoom_minus.png HTTP/1.1" 200 285 "-" "Mozilla/5.0 (X11; Ubuntu; Linux x86_64; rv:25.0) Gecko/20100101 Firefox/25.0"
82.80.230.228 - - [27/Jun/2019:15:16:02 +0000] "GET /assets/plugins/flag/flags/4x3/mm.svg HTTP/1.1" 301 278 "-" "Mozilla/5.0 (Macintosh; Intel Mac OS X 10_9_0) AppleWebKit/537.36 (KHTML, like Gecko) Chrome/31.0.1650.57 Safari/537.36"
82.80.230.228 - - [27/Jun/2019:15:16:02 +0000] "GET /assets/plugins/flag/flags/4x3/aq.svg HTTP/1.1" 200 4386 "-" "Mozilla/5.0 (X11; Linux x86_64) AppleWebKit/537.36 (KHTML, like Gecko) Chrome/31.0.1650.63 Safari/537.36"
82.80.230.228 - - [27/Jun/2019:15:16:02 +0000] "GET /assets/plugins/flag/flags/4x3/mm.svg HTTP/1.1" 200 3264 "-" "Mozilla/5.0 (Macintosh; Intel Mac OS X 10_9_0) AppleWebKit/537.36 (KHTML, like Gecko) Chrome/31.0.1650.57 Safari/537.36"
82.80.230.228 - - [27/Jun/2019:15:16:02 +0000] "GET /assets/plugins/flag/flags/1x1/pf.svg HTTP/1.1" 200 10603 "-" "Mozilla/5.0 (Windows NT 6.3; WOW64; Trident/7.0; rv:11.0) like Gecko"
82.80.230.228 - - [27/Jun/2019:15:16:02 +0000] "GET /assets/plugins/flag/flags/4x3/jo.svg HTTP/1.1" 301 278 "-" "Mozilla/5.0 (Macintosh; Intel Mac OS X 10_9_1) AppleWebKit/537.36 (KHTML, like Gecko) Chrome/31.0.1650.57 Safari/537.36"
82.80.230.228 - - [27/Jun/2019:15:16:03 +0000] "GET /assets/plugins/flag/flags/4x3/jo.svg HTTP/1.1" 200 1468 "-" "Mozilla/5.0 (Macintosh; Intel Mac OS X 10_9_1) AppleWebKit/537.36 (KHTML, like Gecko) Chrome/31.0.1650.57 Safari/537.36"
82.80.230.228 - - [27/Jun/2019:15:16:03 +0000] "GET /assets/plugins/flag/flags/4x3/gn.svg HTTP/1.1" 301 278 "-" "Mozilla/5.0 (Windows NT 6.2; Win64; x64; rv:27.0) Gecko/20100101 Firefox/27.0"
82.80.249.155 - - [27/Jun/2019:15:16:03 +0000] "GET /assets/plugins/flag/flags/4x3/pw.svg HTTP/1.1" 301 278 "-" "Mozilla/5.0 (Windows NT 6.1; WOW64; rv:33.0) Gecko/20100101 Firefox/33.0"
82.80.249.155 - - [27/Jun/2019:15:16:03 +0000] "GET /assets/plugins/flag/flags/4x3/pw.svg HTTP/1.1" 200 1111 "-" "Mozilla/5.0 (Windows NT 6.1; WOW64; rv:33.0) Gecko/20100101 Firefox/33.0"
82.80.230.228 - - [27/Jun/2019:15:16:03 +0000] "GET /assets/plugins/flag/flags/4x3/gn.svg HTTP/1.1" 200 343 "-" "Mozilla/5.0 (Windows NT 6.2; Win64; x64; rv:27.0) Gecko/20100101 Firefox/27.0"
82.80.230.228 - - [27/Jun/2019:15:16:03 +0000] "GET /assets/plugins/flag/flags/4x3/ug.svg HTTP/1.1" 200 6844 "-" "Mozilla/5.0 (Macintosh; Intel Mac OS X 10_8_4) AppleWebKit/537.36 (KHTML, like Gecko) Chrome/31.0.1650.63 Safari/537.36"
82.80.249.155 - - [27/Jun/2019:15:16:03 +0000] "GET /images/dhmz.png HTTP/1.1" 301 257 "-" "Mozilla/5.0 (Windows NT 6.1; rv:25.0) Gecko/20100101 Firefox/25.0"
82.80.249.204 - - [27/Jun/2019:15:16:03 +0000] "GET /images/apartments/studio2/studio2-3.jpg HTTP/1.1" 200 156545 "-" "Mozilla/5.0 (Windows NT 6.1; WOW64) AppleWebKit/537.36 (KHTML, like Gecko) Chrome/40.0.2214.111 Safari/537.36"
82.80.249.155 - - [27/Jun/2019:15:16:04 +0000] "GET /images/dhmz.png HTTP/1.1" 200 3537 "-" "Mozilla/5.0 (Windows NT 6.1; rv:25.0) Gecko/20100101 Firefox/25.0"
82.80.249.133 - - [27/Jun/2019:15:16:04 +0000] "GET /assets/plugins/flag/flags/4x3/hk.svg HTTP/1.1" 301 278 "-" "Mozilla/5.0 (Windows NT 6.1) AppleWebKit/537.36 (KHTML, like Gecko) Chrome/32.0.1700.72 Safari/537.36"
82.80.230.228 - - [27/Jun/2019:15:16:04 +0000] "GET /assets/plugins/flag/flags/4x3/cl.svg HTTP/1.1" 200 668 "-" "Mozilla/5.0 (compatible; MSIE 10.0; Windows NT 6.1; Trident/6.0)"
82.80.249.133 - - [27/Jun/2019:15:16:04 +0000] "GET /assets/plugins/flag/flags/4x3/hk.svg HTTP/1.1" 200 4728 "-" "Mozilla/5.0 (Windows NT 6.1) AppleWebKit/537.36 (KHTML, like Gecko) Chrome/32.0.1700.72 Safari/537.36"
82.80.230.228 - - [27/Jun/2019:15:16:05 +0000] "GET /assets/plugins/flag/flags/1x1/va.svg HTTP/1.1" 301 278 "-" "Mozilla/5.0 (X11; Linux x86_64) AppleWebKit/537.36 (KHTML, like Gecko) Chrome/31.0.1650.57 Safari/537.36"
