82.80.230.228 - - [27/Jun/2019:15:16:05 +0000] "GET /assets/plugins/flag/flags/1x1/va.svg HTTP/1.1" 200 123563 "-" "Mozilla/5.0 (X11; Linux x86_64) AppleWebKit/537.36 (KHTML, like Gecko) Chrome/31.0.1650.57 Safari/537.36"
82.80.230.228 - - [27/Jun/2019:15:16:05 +0000] "GET /images/apartments/apartment-a/apartman-a-6.jpg HTTP/1.1" 200 123713 "-" "Mozilla/5.0 (Windows NT 6.1; WOW64) AppleWebKit/537.36 (KHTML, like Gecko) Chrome/40.0.2214.111 Safari/537.36"
82.80.249.155 - - [27/Jun/2019:15:16:05 +0000] "GET /assets/plugins/flag/flags/1x1/ie.svg HTTP/1.1" 200 362 "-" "Mozilla/5.0 (X11; Ubuntu; Linux x86_64; rv:26.0) Gecko/20100101 Firefox/26.0"
82.80.230.228 - - [27/Jun/2019:15:16:05 +0000] "GET /assets/plugins/flag/flags/4x3/ng.svg HTTP/1.1" 301 278 "-" "Mozilla/5.0 (Windows NT 6.3; WOW64; Trident/7.0; rv:11.0) like Gecko"
82.80.249.194 - - [27/Jun/2019:15:16:05 +0000] "GET /assets/plugins/flag/flags/4x3/vi.svg HTTP/1.1" 200 12593 "-" "Mozilla/5.0 (X11; Ubuntu; Linux x86_64; rv:26.0) Gecko/20100101 Firefox/26.0"
82.80.230.228 - - [27/Jun/2019:15:16:06 +0000] "GET /assets/plugins/flag/flags/4x3/ng.svg HTTP/1.1" 200 957 "-" "Mozilla/5.0 (Windows NT 6.3; WOW64; Trident/7.0; rv:11.0) like Gecko"
82.80.249.133 - - [27/Jun/2019:15:16:06 +0000] "GET /assets/plugins/flag/flags/1x1/sh.svg HTTP/1.1" 200 75185 "-" "Mozilla/5.0 (Macintosh; Intel Mac OS X 10_6_8) AppleWebKit/534.59.10 (KHTML, like Gecko) Version/5.1.9 Safari/534.59.10"
82.80.249.227 - - [27/Jun/2019:15:16:06 +0000] "GET /assets/plugins/flag/flags/4x3/hn.svg HTTP/1.1" 200 1141 "-" "Mozilla/5.0 (Windows NT 6.3; WOW64) AppleWebKit/537.36 (KHTML, like Gecko) Chrome/31.0.1650.63 Safari/537.36"
82.80.249.143 - - [27/Jun/2019:15:16:06 +0000] "GET /images/Restaurants/Restaurants-60.jpg HTTP/1.1" 301 279 "-" "Mozilla/5.0 (Macintosh; Intel Mac OS X 10_7_5) AppleWebKit/537.36 (KHTML, like Gecko) Chrome/31.0.1650.63 Safari/537.36"
82.80.249.163 - - [27/Jun/2019:15:16:06 +0000] "GET /assets/plugins/flag/flags/4x3/mt.svg HTTP/1.1" 301 278 "-" "Mozilla/5.0 (Windows NT 6.1) AppleWebKit/537.36 (KHTML, like Gecko) Chrome/32.0.1700.72 Safari/537.36"
82.80.249.143 - - [27/Jun/2019:15:16:07 +0000] "GET /images/Restaurants/Restaurants-60.jpg HTTP/1.1" 404 1104 "-" "Mozilla/5.0 (Macintosh; Intel Mac OS X 10_7_5) AppleWebKit/537.36 (KHTML, like Gecko) Chrome/31.0.1650.63 Safari/537.36"
82.80.249.164 - - [27/Jun/2019:15:16:07 +0000] "GET /unitegallery/images/play-button-square.png HTTP/1.1" 200 4591 "-" "Mozilla/5.0 (Windows NT 6.1; WOW64) AppleWebKit/537.36 (KHTML, like Gecko) Chrome/41.0.2227.0 Safari/537.36"
82.80.249.163 - - [27/Jun/2019:15:16:07 +0000] "GET /assets/plugins/flag/flags/4x3/mt.svg HTTP/1.1" 200 22052 "-" "Mozilla/5.0 (Windows NT 6.1) AppleWebKit/537.36 (KHTML, like Gecko) Chrome/32.0.1700.72 Safari/537.36"
82.80.230.228 - - [27/Jun/2019:15:16:07 +0000] "GET /assets/plugins/flag/flags/1x1/is.svg HTTP/1.1" 200 1181 "-" "Mozilla/5.0 (Windows NT 6.3; WOW64; rv:26.0) Gecko/20100101 Firefox/26.0"
82.80.230.228 - - [27/Jun/2019:15:16:07 +0000] "GET /assets/plugins/flag/flags/4x3/lc.svg HTTP/1.1" 301 278 "-" "Mozilla/5.0 (compatible; MSIE 10.0; Windows NT 6.2; WOW64; Trident/6.0)"
82.80.230.228 - - [27/Jun/2019:15:16:07 +0000] "GET /assets/plugins/flag/flags/4x3/lc.svg HTTP/1.1" 200 895 "-" "Mozilla/5.0 (compatible; MSIE 10.0; Windows NT 6.2; WOW64; Trident/6.0)"
82.80.249.143 - - [27/Jun/2019:15:16:08 +0000] "GET /assets/plugins/flag/flags/1x1/cn.svg HTTP/1.1" 200 1042 "-" "Mozilla/5.0 (Macintosh; Intel Mac OS X 10_9) AppleWebKit/537.71 (KHTML, like Gecko) Version/7.0 Safari/537.71"
82.80.230.228 - - [27/Jun/2019:15:16:08 +0000] "GET /assets/plugins/flag/flags/4x3/bo.svg HTTP/1.1" 200 328 "-" "Mozilla/5.0 (Windows NT 6.1; rv:25.0) Gecko/20100101 Firefox/25.0"
82.80.230.228 - - [27/Jun/2019:15:16:08 +0000] "GET /images/zadar-airport.png HTTP/1.1" 200 2235 "-" "Mozilla/5.0 (X11; Linux x86_64) AppleWebKit/537.36 (KHTML, like Gecko) Chrome/31.0.1650.57 Safari/537.36"
82.80.230.228 - - [27/Jun/2019:15:16:08 +0000] "GET /assets/plugins/flag/flags/4x3/ws.svg HTTP/1.1" 200 3032 "-" "Mozilla/5.0 (Macintosh; Intel Mac OS X 10_9) AppleWebKit/537.71 (KHTML, like Gecko) Version/7.0 Safari/537.71"
82.80.249.164 - - [27/Jun/2019:15:16:09 +0000] "GET /images/header.jpg HTTP/1.1" 200 112043 "-" "Mozilla/5.0 (Windows NT 6.0; WOW64) AppleWebKit/534.30 (KHTML, like Gecko) Chrome/12.0.742.91 Safari/534.30"
82.80.249.143 - - [27/Jun/2019:15:16:09 +0000] "GET /assets/plugins/flag/flags/4x3/za.svg HTTP/1.1" 301 278 "-" "Mozilla/5.0 (Windows NT 6.1) AppleWebKit/537.36 (KHTML, like Gecko) Chrome/32.0.1700.72 Safari/537.36"
82.80.230.228 - - [27/Jun/2019:15:16:09 +0000] "GET /assets/plugins/flag/flags/1x1/dk.svg HTTP/1.1" 200 531 "-" "Mozilla/5.0 (Macintosh; Intel Mac OS X 10.8; rv:26.0) Gecko/20100101 Firefox/26.0"
82.80.249.143 - - [27/Jun/2019:15:16:09 +0000] "GET /assets/plugins/flag/flags/4x3/za.svg HTTP/1.1" 200 1741 "-" "Mozilla/5.0 (Windows NT 6.1) AppleWebKit/537.36 (KHTML, like Gecko) Chrome/32.0.1700.72 Safari/537.36"
82.80.249.204 - - [27/Jun/2019:15:16:09 +0000] "GET /images/sali-2.jpg HTTP/1.1" 200 42888 "-" "Mozilla/5.0 (Windows NT 6.1; WOW64) AppleWebKit/537.36 (KHTML, like Gecko) Chrome/31.0.1650.57 Safari/537.36"
82.80.230.228 - - [27/Jun/2019:15:16:10 +0000] "GET /assets/plugins/flag/flags/1x1/mf.svg HTTP/1.1" 301 278 "-" "Mozilla/5.0 (Macintosh; Intel Mac OS X 10_6_8) AppleWebKit/534.59.10 (KHTML, like Gecko) Version/5.1.9 Safari/534.59.10"
82.80.230.228 - - [27/Jun/2019:15:16:10 +0000] "GET /assets/plugins/flag/flags/1x1/gq.svg HTTP/1.1" 200 17794 "-" "Mozilla/5.0 (Windows NT 6.1; WOW64; rv:27.3) Gecko/20100101 Firefox/27.3"
82.80.249.143 - - [27/Jun/2019:15:16:10 +0000] "GET /assets/plugins/flag/flags/4x3/im.svg HTTP/1.1" 301 278 "-" "Mozilla/5.0 (Macintosh; Intel Mac OS X 10_9_0) AppleWebKit/537.36 (KHTML, like Gecko) Chrome/31.0.1650.57 Safari/537.36"
82.80.230.228 - - [27/Jun/2019:15:16:10 +0000] "GET /assets/plugins/flag/flags/1x1/mf.svg HTTP/1.1" 200 873 "-" "Mozilla/5.0 (Macintosh; Intel Mac OS X 10_6_8) AppleWebKit/534.59.10 (KHTML, like Gecko) Version/5.1.9 Safari/534.59.10"
82.80.249.143 - - [27/Jun/2019:15:16:11 +0000] "GET /assets/plugins/flag/flags/4x3/im.svg HTTP/1.1" 200 15341 "-" "Mozilla/5.0 (Macintosh; Intel Mac OS X 10_9_0) AppleWebKit/537.36 (KHTML, like Gecko) Chrome/31.0.1650.57 Safari/537.36"
82.80.249.194 - - [27/Jun/2019:15:16:11 +0000] "GET /assets/plugins/flag/flags/4x3/cn.svg HTTP/1.1" 301 278 "-" "Mozilla/5.0 (Windows NT 6.1; WOW64; rv:31.0) Gecko/20100101 Firefox/31.0"
82.80.244.51 - - [27/Jun/2019:15:16:11 +0000] "GET /assets/plugins/flag/flags/1x1/sg.svg HTTP/1.1" 200 2771 "-" "Mozilla/5.0 (Macintosh; Intel Mac OS X 10_7_5) AppleWebKit/537.73.11 (KHTML, like Gecko) Version/6.1.1 Safari/537.73.11"
82.80.249.194 - - [27/Jun/2019:15:16:12 +0000] "GET /assets/plugins/flag/flags/4x3/cn.svg HTTP/1.1" 200 1005 "-" "Mozilla/5.0 (Windows NT 6.1; WOW64; rv:31.0) Gecko/20100101 Firefox/31.0"
82.80.249.227 - - [27/Jun/2019:15:16:12 +0000] "GET /unitegallery/skins/default/slider_bullets.png HTTP/1.1" 200 452 "-" "Mozilla/5.0 (Windows NT 6.1) AppleWebKit/537.36 (KHTML, like Gecko) Chrome/31.0.1650.63 Safari/537.36"
82.80.230.228 - - [27/Jun/2019:15:16:12 +0000] "GET /assets/plugins/flag/flags/1x1/nu.svg HTTP/1.1" 200 3997 "-" "Mozilla/5.0 (X11; Linux x86_64) AppleWebKit/537.36 (KHTML, like Gecko) Chrome/31.0.1650.57 Safari/537.36"
82.80.230.228 - - [27/Jun/2019:15:16:13 +0000] "GET /assets/plugins/flag/flags/4x3/dm.svg HTTP/1.1" 200 20606 "-" "Mozilla/5.0 (X11; Linux i686) AppleWebKit/537.36 (KHTML, like Gecko) Chrome/31.0.1650.63 Safari/537.36"
82.80.249.157 - - [27/Jun/2019:15:16:13 +0000] "GET /assets/plugins/flag/flags/1x1/bi.svg HTTP/1.1" 301 278 "-" "Mozilla/5.0 (Windows NT 6.1; rv:26.0) Gecko/20100101 Firefox/26.0"
82.80.249.157 - - [27/Jun/2019:15:16:13 +0000] "GET /assets/plugins/flag/flags/1x1/bi.svg HTTP/1.1" 200 1289 "-" "Mozilla/5.0 (Windows NT 6.1; rv:26.0) Gecko/20100101 Firefox/26.0"
82.80.230.228 - - [27/Jun/2019:15:16:13 +0000] "GET /assets/plugins/flag/flags/4x3/br.svg HTTP/1.1" 200 12583 "-" "Mozilla/5.0 (Macintosh; Intel Mac OS X 10_9_1) AppleWebKit/537.36 (KHTML, like Gecko) Chrome/32.0.1700.68 Safari/537.36"
82.80.230.228 - - [27/Jun/2019:15:16:14 +0000] "GET /images/icons/parking.png HTTP/1.1" 200 540 "-" "Mozilla/5.0 (Windows NT 6.1; WOW64; rv:29.0) Gecko/20100101 Firefox/29.0"
82.80.249.143 - - [27/Jun/2019:15:16:14 +0000] "GET /assets/plugins/flag/flags/4x3/me.svg HTTP/1.1" 301 278 "-" "Mozilla/5.0 (Windows NT 6.1) AppleWebKit/537.36 (KHTML, like Gecko) Chrome/31.0.1650.63 Safari/537.36"
82.80.230.228 - - [27/Jun/2019:15:16:14 +0000] "GET /assets/plugins/flag/flags/4x3/rs.svg HTTP/1.1" 301 278 "-" "Mozilla/5.0 (Macintosh; Intel Mac OS X 10_6_8) AppleWebKit/534.59.10 (KHTML, like Gecko) Version/5.1.9 Safari/534.59.10"
82.80.249.143 - - [27/Jun/2019:15:16:14 +0000] "GET /assets/plugins/flag/flags/4x3/me.svg HTTP/1.1" 200 156702 "-" "Mozilla/5.0 (Windows NT 6.1) AppleWebKit/537.36 (KHTML, like Gecko) Chrome/31.0.1650.63 Safari/537.36"
82.80.230.228 - - [27/Jun/2019:15:16:14 +0000] "GET /assets/plugins/flag/flags/4x3/rs.svg HTTP/1.1" 200 875512 "-" "Mozilla/5.0 (Macintosh; Intel Mac OS X 10_6_8) AppleWebKit/534.59.10 (KHTML, like Gecko) Version/5.1.9 Safari/534.59.10"
82.80.249.143 - - [27/Jun/2019:15:16:15 +0000] "GET /assets/plugins/flag/flags/4x3/gf.svg HTTP/1.1" 301 278 "-" "Mozilla/5.0 (Macintosh; Intel Mac OS X 10_8_4) AppleWebKit/537.36 (KHTML, like Gecko) Chrome/31.0.1650.63 Safari/537.36"
82.80.230.228 - - [27/Jun/2019:15:16:15 +0000] "GET /assets/plugins/flag/flags/1x1/az.svg HTTP/1.1" 200 1029 "-" "Mozilla/6.0 (compatible)"
82.80.249.143 - - [27/Jun/2019:15:16:15 +0000] "GET /assets/plugins/flag/flags/4x3/gf.svg HTTP/1.1" 200 266 "-" "Mozilla/5.0 (Macintosh; Intel Mac OS X 10_8_4) AppleWebKit/537.36 (KHTML, like Gecko) Chrome/31.0.1650.63 Safari/537.36"
82.80.230.228 - - [27/Jun/2019:15:16:15 +0000] "GET /assets/plugins/flag/flags/1x1/bi.svg HTTP/1.1" 200 1289 "-" "Mozilla/5.0 (X11; Ubuntu; Linux x86_64; rv:26.0) Gecko/20100101 Firefox/26.0"
82.80.249.157 - - [27/Jun/2019:15:16:16 +0000] "GET /unitegallery/images/loader-black2.gif HTTP/1.1" 200 11187 "-" "Mozilla/5.0 (Windows NT 6.1) AppleWebKit/537.36 (KHTML, like Gecko) Chrome/32.0.1700.72 Safari/537.36"
82.80.230.228 - - [27/Jun/2019:15:16:16 +0000] "GET /assets/plugins/flag/flags/4x3/it.svg HTTP/1.1" 301 278 "-" "Mozilla/5.0 (Macintosh; Intel Mac OS X 10_8_5) AppleWebKit/536.30.1 (KHTML, like Gecko) Version/6.0.5 Safari/536.30.1"
82.80.230.228 - - [27/Jun/2019:15:16:16 +0000] "GET /images/header.jpg HTTP/1.1" 301 259 "-" "Mozilla/5.0 (Windows NT 6.3; WOW64; rv:26.0) Gecko/20100101 Firefox/26.0"
82.80.230.228 - - [27/Jun/2019:15:16:16 +0000] "GET /assets/plugins/flag/flags/4x3/it.svg HTTP/1.1" 200 856 "-" "Mozilla/5.0 (Macintosh; Intel Mac OS X 10_8_5) AppleWebKit/536.30.1 (KHTML, like Gecko) Version/6.0.5 Safari/536.30.1"
82.80.230.228 - - [27/Jun/2019:15:16:16 +0000] "GET /images/header.jpg HTTP/1.1" 200 112043 "-" "Mozilla/5.0 (Windows NT 6.3; WOW64; rv:26.0) Gecko/20100101 Firefox/26.0"
82.80.230.228 - - [27/Jun/2019:15:16:17 +0000] "GET /images/Restaurants/Restaurants.jpg HTTP/1.1" 301 276 "-" "Mozilla/5.0 (Windows NT 6.0; WOW64) AppleWebKit/534.30 (KHTML, like Gecko) Chrome/12.0.742.91 Safari/534.30"
82.80.249.157 - - [27/Jun/2019:15:16:17 +0000] "GET /images/spilja.jpg HTTP/1.1" 200 60567 "-" "Mozilla/5.0 (Windows NT 5.1; rv:26.0) Gecko/20100101 Firefox/26.0"
82.80.230.228 - - [27/Jun/2019:15:16:17 +0000] "GET /images/Restaurants/Restaurants.jpg HTTP/1.1" 404 1104 "-" "Mozilla/5.0 (Windows NT 6.0; WOW64) AppleWebKit/534.30 (KHTML, like Gecko) Chrome/12.0.742.91 Safari/534.30"
82.80.230.228 - - [27/Jun/2019:15:16:18 +0000] "GET /assets/plugins/flag/flags/4x3/pn.svg HTTP/1.1" 200 25404 "-" "Mozilla/5.0 (Macintosh; Intel Mac OS X 10_9_0) AppleWebKit/537.36 (KHTML, like Gecko) Chrome/31.0.1650.57 Safari/537.36"
82.80.249.133 - - [27/Jun/2019:15:16:18 +0000] "GET /assets/plugins/flag/flags/4x3/it.svg HTTP/1.1" 200 856 "-" "Mozilla/5.0 (compatible; MSIE 10.0; Windows NT 6.2; WOW64; Trident/6.0)"
82.80.230.228 - - [27/Jun/2019:15:16:18 +0000] "GET /assets/plugins/flag/flags/1x1/gb-eng.svg HTTP/1.1" 200 236 "-" "Mozilla/5.0 (Macintosh; Intel Mac OS X 10_8_5) AppleWebKit/537.71 (KHTML, like Gecko) Version/6.1 Safari/537.71"
82.80.230.228 - - [27/Jun/2019:15:16:19 +0000] "GET /assets/plugins/flag/flags/1x1/cx.svg HTTP/1.1" 200 3799 "-" "Mozilla/5.0 (Windows NT 6.1; WOW64; rv:36.0) Gecko/20100101 Firefox/36.0"
82.80.249.164 - - [27/Jun/2019:15:16:19 +0000] "GET /uploads/images/2267ecca103a93df5ea31b28a70a64fb.jpg HTTP/1.1" 200 213105 "-" "Mozilla/5.0 (X11; Ubuntu; Linux i686; rv:26.0) Gecko/20100101 Firefox/26.0"
82.80.230.228 - - [27/Jun/2019:15:16:19 +0000] "GET /assets/plugins/flag/flags/1x1/ky.svg HTTP/1.1" 301 278 "-" "Mozilla/5.0 (Windows NT 6.1; rv:24.0) Gecko/20100101 Firefox/24.0"
82.80.230.228 - - [27/Jun/2019:15:16:19 +0000] "GET /assets/plugins/flag/flags/4x3/eh.svg HTTP/1.1" 200 1114 "-" "Mozilla/5.0 (Windows NT 6.1; WOW64) AppleWebKit/537.36 (KHTML, like Gecko) Chrome/35.0.1916.153 Safari/537.36"
82.80.230.228 - - [27/Jun/2019:15:16:20 +0000] "GET /assets/plugins/flag/flags/1x1/ky.svg HTTP/1.1" 200 45201 "-" "Mozilla/5.0 (Windows NT 6.1; rv:24.0) Gecko/20100101 Firefox/24.0"
82.80.230.228 - - [27/Jun/2019:15:16:20 +0000] "GET /assets/plugins/flag/flags/1x1/dm.svg HTTP/1.1" 301 278 "-" "Mozilla/5.0 (Windows NT 6.3; WOW64; Trident/7.0; Touch; rv:11.0) like Gecko"
82.80.230.228 - - [27/Jun/2019:15:16:20 +0000] "GET /assets/plugins/flag/flags/1x1/dm.svg HTTP/1.1" 200 20988 "-" "Mozilla/5.0 (Windows NT 6.3; WOW64; Trident/7.0; Touch; rv:11.0) like Gecko"
82.80.230.228 - - [27/Jun/2019:15:16:20 +0000] "GET /assets/plugins/flag/flags/4x3/gu.svg HTTP/1.1" 200 6383 "-" "Mozilla/5.0 (Macintosh; Intel Mac OS X 10_8_5) AppleWebKit/537.71 (KHTML, like Gecko) Version/6.1 Safari/537.71"
82.80.230.228 - - [27/Jun/2019:15:16:21 +0000] "GET /assets/plugins/flag/flags/1x1/ga.svg HTTP/1.1" 200 361 "-" "Mozilla/5.0 (Windows NT 6.0; rv:26.0) Gecko/20100101 Firefox/26.0"
82.80.249.163 - - [27/Jun/2019:15:16:21 +0000] "GET /assets/plugins/flag/flags/4x3/lr.svg HTTP/1.1" 301 278 "-" "Mozilla/5.0 (Macintosh; Intel Mac OS X 10_7_5) AppleWebKit/537.73.11 (KHTML, like Gecko) Version/6.1.1 Safari/537.73.11"
82.80.230.228 - - [27/Jun/2019:15:16:21 +0000] "GET /assets/plugins/flag/flags/1x1/bt.svg HTTP/1.1" 200 89658 "-" "Mozilla/5.0 (Windows NT 6.3; WOW64; rv:26.0) Gecko/20100101 Firefox/26.0"
82.80.249.163 - - [27/Jun/2019:15:16:21 +0000] "GET /assets/plugins/flag/flags/4x3/lr.svg HTTP/1.1" 200 2021 "-" "Mozilla/5.0 (Macintosh; Intel Mac OS X 10_7_5) AppleWebKit/537.73.11 (KHTML, like Gecko) Version/6.1.1 Safari/537.73.11"
82.80.230.228 - - [27/Jun/2019:15:16:22 +0000] "GET /assets/plugins/flag/flags/4x3/bb.svg HTTP/1.1" 200 1745 "-" "Mozilla/5.0 (X11; Ubuntu; Linux x86_64; rv:25.0) Gecko/20100101 Firefox/25.0"
82.80.244.51 - - [27/Jun/2019:15:16:22 +0000] "GET /assets/plugins/flag/flags/1x1/mv.svg HTTP/1.1" 200 1359 "-" "Mozilla/5.0 (Windows NT 6.1; WOW64; rv:29.0) Gecko/20100101 Firefox/29.0"
82.80.249.227 - - [27/Jun/2019:15:16:22 +0000] "GET /assets/plugins/flag/flags/1x1/fi.svg HTTP/1.1" 301 278 "-" "Mozilla/5.0 (X11; Linux i686) AppleWebKit/537.36 (KHTML, like Gecko) Chrome/31.0.1650.63 Safari/537.36"
82.80.230.228 - - [27/Jun/2019:15:16:22 +0000] "GET /assets/plugins/flag/flags/4x3/ki.svg HTTP/1.1" 301 278 "-" "Mozilla/5.0 (compatible; MSIE 10.0; Windows NT 6.2; WOW64; Trident/6.0)"
82.80.230.228 - - [27/Jun/2019:15:16:22 +0000] "GET /assets/plugins/flag/flags/4x3/ki.svg HTTP/1.1" 200 9215 "-" "Mozilla/5.0 (compatible; MSIE 10.0; Windows NT 6.2; WOW64; Trident/6.0)"
82.80.249.227 - - [27/Jun/2019:15:16:22 +0000] "GET /assets/plugins/flag/flags/1x1/fi.svg HTTP/1.1" 200 995 "-" "Mozilla/5.0 (X11; Linux i686) AppleWebKit/537.36 (KHTML, like Gecko) Chrome/31.0.1650.63 Safari/537.36"
82.80.230.228 - - [27/Jun/2019:15:16:23 +0000] "GET /assets/plugins/flag/flags/1x1/ne.svg HTTP/1.1" 200 1507 "-" "Mozilla/5.0 (Macintosh; Intel Mac OS X 10.9; rv:25.0) Gecko/20100101 Firefox/25.0"
82.80.230.228 - - [27/Jun/2019:15:16:23 +0000] "GET /assets/plugins/flag/flags/4x3/ie.svg HTTP/1.1" 301 278 "-" "Mozilla/5.0 (Windows NT 6.3; WOW64; Trident/7.0; rv:11.0) like Gecko"
82.80.230.228 - - [27/Jun/2019:15:16:23 +0000] "GET /assets/plugins/flag/flags/4x3/ie.svg HTTP/1.1" 200 366 "-" "Mozilla/5.0 (Windows NT 6.3; WOW64; Trident/7.0; rv:11.0) like Gecko"
82.80.249.143 - - [27/Jun/2019:15:16:23 +0000] "GET /assets/plugins/flag/flags/1x1/vu.svg HTTP/1.1" 200 6897 "-" "Mozilla/5.0 (X11; Linux x86_64; rv:26.0) Gecko/20100101 Firefox/26.0"
82.80.230.228 - - [27/Jun/2019:15:16:24 +0000] "GET /assets/plugins/flag/flags/4x3/cf.svg HTTP/1.1" 301 278 "-" "Mozilla/5.0 (X11; Linux i686) AppleWebKit/537.36 (KHTML, like Gecko) Chrome/31.0.1650.63 Safari/537.36"
82.80.249.143 - - [27/Jun/2019:15:16:24 +0000] "GET /assets/plugins/flag/flags/1x1/cn.svg HTTP/1.1" 301 278 "-" "Mozilla/5.0 (Windows NT 6.1; WOW64) AppleWebKit/537.36 (KHTML, like Gecko) Chrome/41.0.2227.0 Safari/537.36"
82.80.230.228 - - [27/Jun/2019:15:16:24 +0000] "GET /assets/plugins/flag/flags/4x3/cf.svg HTTP/1.1" 200 790 "-" "Mozilla/5.0 (X11; Linux i686) AppleWebKit/537.36 (KHTML, like Gecko) Chrome/31.0.1650.63 Safari/537.36"
82.80.249.143 - - [27/Jun/2019:15:16:24 +0000] "GET /assets/plugins/flag/flags/1x1/cn.svg HTTP/1.1" 200 1042 "-" "Mozilla/5.0 (Windows NT 6.1; WOW64) AppleWebKit/537.36 (KHTML, like Gecko) Chrome/41.0.2227.0 Safari/537.36"
82.80.230.228 - - [27/Jun/2019:15:16:24 +0000] "GET /assets/plugins/flag/flags/1x1/ba.svg HTTP/1.1" 301 278 "-" "Mozilla/5.0 (Macintosh; Intel Mac OS X 10_9_1) AppleWebKit/537.36 (KHTML, like Gecko) Chrome/31.0.1650.63 Safari/537.36"
82.80.249.133 - - [27/Jun/2019:15:16:24 +0000] "GET /images/slider1.jpg HTTP/1.1" 301 260 "-" "Mozilla/5.0 (X11; Ubuntu; Linux x86_64; rv:26.0) Gecko/20100101 Firefox/26.0"
82.80.230.228 - - [27/Jun/2019:15:16:25 +0000] "GET /assets/plugins/flag/flags/1x1/ba.svg HTTP/1.1" 200 1576 "-" "Mozilla/5.0 (Macintosh; Intel Mac OS X 10_9_1) AppleWebKit/537.36 (KHTML, like Gecko) Chrome/31.0.1650.63 Safari/537.36"
82.80.230.228 - - [27/Jun/2019:15:16:25 +0000] "GET /assets/plugins/flag/flags/4x3/dk.svg HTTP/1.1" 200 524 "-" "Mozilla/5.0 (Macintosh; Intel Mac OS X 10_7_5) AppleWebKit/537.36 (KHTML, like Gecko) Chrome/31.0.1650.63 Safari/537.36"
82.80.249.133 - - [27/Jun/2019:15:16:25 +0000] "GET /images/slider1.jpg HTTP/1.1" 200 306224 "-" "Mozilla/5.0 (X11; Ubuntu; Linux x86_64; rv:26.0) Gecko/20100101 Firefox/26.0"
82.80.230.228 - - [27/Jun/2019:15:16:25 +0000] "GET /images/404page/Comming.jpg HTTP/1.1" 301 268 "-" "Mozilla/5.0 (Macintosh; Intel Mac OS X 10_7_5) AppleWebKit/537.73.11 (KHTML, like Gecko) Version/6.1.1 Safari/537.73.11"
82.80.230.228 - - [27/Jun/2019:15:16:25 +0000] "GET /images/404page/Comming.jpg HTTP/1.1" 404 1104 "-" "Mozilla/5.0 (Macintosh; Intel Mac OS X 10_7_5) AppleWebKit/537.73.11 (KHTML, like Gecko) Version/6.1.1 Safari/537.73.11"
82.80.249.164 - - [27/Jun/2019:15:16:26 +0000] "GET /assets/plugins/flag/flags/4x3/sv.svg HTTP/1.1" 200 139939 "-" "Mozilla/5.0 (Windows NT 6.1; WOW64; rv:29.0) Gecko/20100101 Firefox/29.0"
82.80.230.228 - - [27/Jun/2019:15:16:26 +0000] "GET /assets/plugins/flag/flags/4x3/kp.svg HTTP/1.1" 301 278 "-" "Mozilla/5.0 (Macintosh; Intel Mac OS X 10_9_1) AppleWebKit/537.36 (KHTML, like Gecko) Chrome/31.0.1650.63 Safari/537.36"
82.80.230.228 - - [27/Jun/2019:15:16:26 +0000] "GET /assets/plugins/flag/flags/4x3/kp.svg HTTP/1.1" 200 1925 "-" "Mozilla/5.0 (Macintosh; Intel Mac OS X 10_9_1) AppleWebKit/537.36 (KHTML, like Gecko) Chrome/31.0.1650.63 Safari/537.36"
82.80.230.228 - - [27/Jun/2019:15:16:26 +0000] "GET /assets/plugins/flag/flags/1x1/hn.svg HTTP/1.1" 200 1204 "-" "Mozilla/5.0 (Macintosh; Intel Mac OS X 10_8_4) AppleWebKit/537.36 (KHTML, like Gecko) Chrome/31.0.1650.63 Safari/537.36"
82.80.249.194 - - [27/Jun/2019:15:16:27 +0000] "GET /assets/plugins/flag/flags/1x1/cw.svg HTTP/1.1" 200 758 "-" "Mozilla/5.0 (compatible; MSIE 9.0; Windows NT 6.1; Trident/5.0)"
82.80.230.228 - - [27/Jun/2019:15:16:27 +0000] "GET /assets/plugins/flag/flags/4x3/mo.svg HTTP/1.1" 200 5512 "-" "Mozilla/5.0 (Macintosh; Intel Mac OS X 10_9) AppleWebKit/537.71 (KHTML, like Gecko) Version/7.0 Safari/537.71"
82.80.230.228 - - [27/Jun/2019:15:16:27 +0000] "GET /assets/plugins/flag/flags/1x1/pn.svg HTTP/1.1" 301 278 "-" "Mozilla/5.0 (Windows NT 6.1; WOW64; rv:25.0) Gecko/20100101 Firefox/25.0"
82.80.230.228 - - [27/Jun/2019:15:16:28 +0000] "GET /assets/plugins/flag/flags/4x3/us.svg HTTP/1.1" 301 278 "-" "Mozilla/5.0 (Macintosh; Intel Mac OS X 10_9_0) AppleWebKit/537.36 (KHTML, like Gecko) Chrome/31.0.1650.57 Safari/537.36"
82.80.230.228 - - [27/Jun/2019:15:16:28 +0000] "GET /assets/plugins/flag/flags/4x3/us.svg HTTP/1.1" 200 23520 "-" "Mozilla/5.0 (Macintosh; Intel Mac OS X 10_9_0) AppleWebKit/537.36 (KHTML, like Gecko) Chrome/31.0.1650.57 Safari/537.36"
82.80.230.228 - - [27/Jun/2019:15:16:28 +0000] "GET /assets/plugins/flag/flags/1x1/pn.svg HTTP/1.1" 200 25503 "-" "Mozilla/5.0 (Windows NT 6.1; WOW64; rv:25.0) Gecko/20100101 Firefox/25.0"
82.80.249.194 - - [27/Jun/2019:15:16:28 +0000] "GET /images/apartments/studio3/studio3-4.jpg HTTP/1.1" 200 166172 "-" "Mozilla/5.0 (Macintosh; Intel Mac OS X 10_8_5) AppleWebKit/537.73.11 (KHTML, like Gecko) Version/6.1.1 Safari/537.73.11"
82.80.230.228 - - [27/Jun/2019:15:16:28 +0000] "GET /assets/plugins/flag/flags/1x1/lc.svg HTTP/1.1" 200 899 "-" "Mozilla/5.0 (Macintosh; Intel Mac OS X 10_9) AppleWebKit/537.71 (KHTML, like Gecko) Version/7.0 Safari/537.71"
82.80.230.228 - - [27/Jun/2019:15:16:29 +0000] "GET /images/Home-3/icon1.png HTTP/1.1" 200 2057 "-" "Mozilla/5.0 (Windows NT 6.2; Win64; x64; rv:27.0) Gecko/20100101 Firefox/27.0"
82.80.249.163 - - [27/Jun/2019:15:16:29 +0000] "GET /assets/plugins/flag/flags/4x3/eg.svg HTTP/1.1" 200 10188 "-" "Mozilla/5.0 (Windows NT 6.3; WOW64; Trident/7.0; rv:11.0) like Gecko"
82.80.249.133 - - [27/Jun/2019:15:16:29 +0000] "GET /assets/plugins/flag/flags/4x3/fi.svg HTTP/1.1" 200 920 "-" "Mozilla/5.0 (Windows NT 6.0) AppleWebKit/537.36 (KHTML, like Gecko) Chrome/31.0.1650.63 Safari/537.36"
82.80.230.228 - - [27/Jun/2019:15:16:30 +0000] "GET /images/sali.jpg HTTP/1.1" 200 186086 "-" "Mozilla/5.0 (X11; Linux x86_64) AppleWebKit/537.36 (KHTML, like Gecko) Ubuntu Chromium/31.0.1650.63 Chrome/31.0.1650.63 Safari/537.36"
82.80.230.228 - - [27/Jun/2019:15:16:30 +0000] "GET /assets/plugins/flag/flags/1x1/ch.svg HTTP/1.1" 200 387 "-" "Mozilla/5.0 (Windows NT 6.1; WOW64; rv:27.0) Gecko/20100101 Firefox/27.0"
82.80.230.228 - - [27/Jun/2019:15:16:30 +0000] "GET /assets/plugins/flag/flags/1x1/md.svg HTTP/1.1" 200 18631 "-" "Mozilla/5.0 (Windows NT 6.1; WOW64) AppleWebKit/537.36 (KHTML, like Gecko) Chrome/32.0.1700.41 Safari/537.36"
82.80.230.228 - - [27/Jun/2019:15:16:30 +0000] "GET /assets/plugins/flag/flags/4x3/mr.svg HTTP/1.1" 200 1292 "-" "Mozilla/5.0 (compatible)"
82.80.249.194 - - [27/Jun/2019:15:16:31 +0000] "GET /assets/plugins/flag/flags/1x1/au.svg HTTP/1.1" 200 1850 "-" "Mozilla/5.0 (Windows NT 6.1; WOW64; rv:25.0) Gecko/20100101 Firefox/25.0"
82.80.230.228 - - [27/Jun/2019:15:16:31 +0000] "GET /assets/plugins/flag/flags/4x3/om.svg HTTP/1.1" 200 52962 "-" "Mozilla/5.0 (Macintosh; Intel Mac OS X 10_9_1) AppleWebKit/537.36 (KHTML, like Gecko) Chrome/31.0.1650.57 Safari/537.36"
82.80.249.194 - - [27/Jun/2019:15:16:31 +0000] "GET /assets/plugins/flag/flags/4x3/hr.svg HTTP/1.1" 301 278 "-" "Mozilla/5.0 (Macintosh; Intel Mac OS X 10_9_0) AppleWebKit/537.36 (KHTML, like Gecko) Chrome/31.0.1650.57 Safari/537.36"
82.80.230.228 - - [27/Jun/2019:15:16:31 +0000] "GET /assets/plugins/flag/flags/4x3/ge.svg HTTP/1.1" 200 1182 "-" "Mozilla/5.0 (Windows NT 6.2; Win64; x64; rv:36.0) Gecko/20100101 Firefox/36.0"
82.80.249.194 - - [27/Jun/2019:15:16:31 +0000] "GET /assets/plugins/flag/flags/4x3/hr.svg HTTP/1.1" 200 80697 "-" "Mozilla/5.0 (Macintosh; Intel Mac OS X 10_9_0) AppleWebKit/537.36 (KHTML, like Gecko) Chrome/31.0.1650.57 Safari/537.36"
82.80.230.228 - - [27/Jun/2019:15:16:32 +0000] "GET /assets/plugins/flag/flags/1x1/de.svg HTTP/1.1" 301 278 "-" "Mozilla/5.0 (Windows NT 6.1; rv:25.0) Gecko/20100101 Firefox/25.0"
82.80.249.143 - - [27/Jun/2019:15:16:32 +0000] "GET /unitegallery/skins/default/icon_zoom_plus.png HTTP/1.1" 200 340 "-" "Mozilla/5.0 (Macintosh; Intel Mac OS X 10_8_4) AppleWebKit/537.36 (KHTML, like Gecko) Chrome/31.0.1650.63 Safari/537.36"
82.80.230.228 - - [27/Jun/2019:15:16:32 +0000] "GET /assets/plugins/flag/flags/1x1/de.svg HTTP/1.1" 200 347 "-" "Mozilla/5.0 (Windows NT 6.1; rv:25.0) Gecko/20100101 Firefox/25.0"
82.80.249.204 - - [27/Jun/2019:15:16:32 +0000] "GET /assets/plugins/flag/flags/1x1/mf.svg HTTP/1.1" 200 873 "-" "Mozilla/5.0 (Macintosh; Intel Mac OS X 10_9_0) AppleWebKit/537.36 (KHTML, like Gecko) Chrome/31.0.1650.63 Safari/537.36"
82.80.249.155 - - [27/Jun/2019:15:16:33 +0000] "GET /assets/plugins/flag/flags/4x3/sd.svg HTTP/1.1" 200 1176 "-" "Mozilla/5.0 (Windows NT 6.1; rv:26.0) Gecko/20100101 Firefox/26.0"
82.80.230.228 - - [27/Jun/2019:15:16:33 +0000] "GET /assets/plugins/flag/flags/4x3/gs.svg HTTP/1.1" 200 46903 "-" "Mozilla/5.0 (X11; Ubuntu; Linux x86_64; rv:26.0) Gecko/20100101 Firefox/26.0"
82.80.249.143 - - [27/Jun/2019:15:16:33 +0000] "GET /uploads/images/f4ee3ba7cbec0f18262405324e966a53.jpg HTTP/1.1" 200 226968 "-" "Mozilla/5.0 (Windows NT 6.1; WOW64; rv:27.0) Gecko/20100101 Firefox/27.0"
82.80.249.133 - - [27/Jun/2019:15:16:33 +0000] "GET /assets/plugins/flag/flags/4x3/ve.svg HTTP/1.1" 301 278 "-" "Mozilla/5.0 (Windows NT 6.1; WOW64; rv:29.0) Gecko/20100101 Firefox/29.0"
82.80.230.228 - - [27/Jun/2019:15:16:34 +0000] "GET /assets/plugins/flag/flags/1x1/gn.svg HTTP/1.1" 301 278 "-" "Mozilla/5.0 (Macintosh; Intel Mac OS X 10_9_1) AppleWebKit/537.36 (KHTML, like Gecko) Chrome/32.0.1700.68 Safari/537.36"
82.80.249.133 - - [27/Jun/2019:15:16:34 +0000] "GET /assets/plugins/flag/flags/4x3/ve.svg HTTP/1.1" 200 1234 "-" "Mozilla/5.0 (Windows NT 6.1; WOW64; rv:29.0) Gecko/20100101 Firefox/29.0"
82.80.230.228 - - [27/Jun/2019:15:16:34 +0000] "GET /assets/plugins/flag/flags/1x1/gn.svg HTTP/1.1" 200 347 "-" "Mozilla/5.0 (Macintosh; Intel Mac OS X 10_9_1) AppleWebKit/537.36 (KHTML, like Gecko) Chrome/32.0.1700.68 Safari/537.36"
82.80.230.228 - - [27/Jun/2019:15:16:34 +0000] "GET /assets/plugins/flag/flags/4x3/pw.svg HTTP/1.1" 200 1111 "-" "Mozilla/5.0 (Windows NT 6.1; WOW64) AppleWebKit/537.36 (KHTML, like Gecko) Chrome/32.0.1700.41 Safari/537.36"
82.80.249.143 - - [27/Jun/2019:15:16:34 +0000] "GET /assets/plugins/flag/flags/1x1/ve.svg HTTP/1.1" 200 1271 "-" "Mozilla/5.0 (X11; Linux x86_64) AppleWebKit/537.36 (KHTML, like Gecko) Ubuntu Chromium/31.0.1650.63 Chrome/31.0.1650.63 Safari/537.36"
82.80.230.228 - - [27/Jun/2019:15:16:35 +0000] "GET /assets/plugins/flag/flags/1x1/cf.svg HTTP/1.1" 301 278 "-" "Mozilla/5.0 (X11; Linux x86_64; rv:26.0) Gecko/20100101 Firefox/26.0"
82.80.249.155 - - [27/Jun/2019:15:16:35 +0000] "GET /assets/plugins/flag/flags/4x3/kp.svg HTTP/1.1" 200 1925 "-" "Mozilla/5.0 (compatible, MSIE 11, Windows NT 6.3; Trident/7.0; rv:11.0) like Gecko"
82.80.230.228 - - [27/Jun/2019:15:16:35 +0000] "GET /assets/plugins/flag/flags/1x1/cf.svg HTTP/1.1" 200 712 "-" "Mozilla/5.0 (X11; Linux x86_64; rv:26.0) Gecko/20100101 Firefox/26.0"
82.80.249.163 - - [27/Jun/2019:15:16:35 +0000] "GET /assets/plugins/flag/flags/1x1/tn.svg HTTP/1.1" 301 278 "-" "Mozilla/5.0 (Windows NT 6.1; WOW64) AppleWebKit/537.36 (KHTML, like Gecko) Chrome/40.0.2214.111 Safari/537.36"
82.80.249.164 - - [27/Jun/2019:15:16:35 +0000] "GET /assets/plugins/flag/flags/1x1/cg.svg HTTP/1.1" 200 540 "-" "Mozilla/5.0 (Windows NT 6.1; WOW64; rv:31.0) Gecko/20100101 Firefox/31.0"
82.80.249.163 - - [27/Jun/2019:15:16:36 +0000] "GET /assets/plugins/flag/flags/1x1/tn.svg HTTP/1.1" 200 1936 "-" "Mozilla/5.0 (Windows NT 6.1; WOW64) AppleWebKit/537.36 (KHTML, like Gecko) Chrome/40.0.2214.111 Safari/537.36"
82.80.230.228 - - [27/Jun/2019:15:16:36 +0000] "GET /uploads/thumbnails/e95f1dee86051f5e9194508d107cae2b.jpg HTTP/1.1" 200 74902 "-" "Mozilla/5.0 (Macintosh; Intel Mac OS X 10.8; rv:26.0) Gecko/20100101 Firefox/26.0"
82.80.249.143 - - [27/Jun/2019:15:16:36 +0000] "GET /assets/plugins/flag/flags/4x3/je.svg HTTP/1.1" 200 11038 "-" "Mozilla/5.0 (compatible; MSIE 9.0; Windows NT 6.1; Trident/5.0)"
82.80.230.228 - - [27/Jun/2019:15:16:36 +0000] "GET /assets/plugins/flag/flags/1x1/pn.svg HTTP/1.1" 200 25503 "-" "Mozilla/5.0 (X11; Ubuntu; Linux i686; rv:26.0) Gecko/20100101 Firefox/26.0"
82.80.230.228 - - [27/Jun/2019:15:16:36 +0000] "GET /assets/plugins/flag/flags/1x1/pf.svg HTTP/1.1" 301 278 "-" "Mozilla/5.0 (Windows NT 6.1; WOW64) AppleWebKit/537.36 (KHTML, like Gecko) Chrome/32.0.1700.41 Safari/537.36"
82.80.230.228 - - [27/Jun/2019:15:16:36 +0000] "GET /assets/plugins/flag/flags/1x1/pf.svg HTTP/1.1" 200 10603 "-" "Mozilla/5.0 (Windows NT 6.1; WOW64) AppleWebKit/537.36 (KHTML, like Gecko) Chrome/32.0.1700.41 Safari/537.36"
82.80.230.228 - - [27/Jun/2019:15:16:37 +0000] "GET /assets/plugins/flag/flags/4x3/ph.svg HTTP/1.1" 200 4541 "-" "Mozilla/5.0 (Windows NT 6.1; WOW64; rv:27.0) Gecko/20100101 Firefox/27.0"
82.80.230.228 - - [27/Jun/2019:15:16:38 +0000] "GET /assets/plugins/flag/flags/1x1/kr.svg HTTP/1.1" 200 4125 "-" "Mozilla/5.0 (Windows NT 6.1; WOW64; Trident/7.0; rv:11.0) like Gecko"
82.80.249.163 - - [27/Jun/2019:15:16:38 +0000] "GET /assets/plugins/flag/flags/4x3/ru.svg HTTP/1.1" 200 879 "-" "Mozilla/5.0 (Macintosh; Intel Mac OS X 10.9; rv:25.0) Gecko/20100101 Firefox/25.0"
82.80.230.228 - - [27/Jun/2019:15:16:38 +0000] "GET /assets/plugins/flag/flags/1x1/mu.svg HTTP/1.1" 301 278 "-" "Mozilla/5.0 (Macintosh; Intel Mac OS X 10_7_5) AppleWebKit/537.73.11 (KHTML, like Gecko) Version/6.1.1 Safari/537.73.11"
82.80.230.228 - - [27/Jun/2019:15:16:38 +0000] "GET /assets/plugins/flag/flags/1x1/mu.svg HTTP/1.1" 200 944 "-" "Mozilla/5.0 (Macintosh; Intel Mac OS X 10_7_5) AppleWebKit/537.73.11 (KHTML, like Gecko) Version/6.1.1 Safari/537.73.11"
82.80.249.143 - - [27/Jun/2019:15:16:38 +0000] "GET /assets/plugins/flag/flags/1x1/im.svg HTTP/1.1" 200 15764 "-" "Mozilla/5.0 (X11; Linux x86_64) AppleWebKit/537.36 (KHTML, like Gecko) Chrome/31.0.1650.57 Safari/537.36"
82.80.230.228 - - [27/Jun/2019:15:16:38 +0000] "GET /assets/plugins/flag/flags/1x1/la.svg HTTP/1.1" 200 1301 "-" "Mozilla/5.0 (compatible)"
82.80.230.228 - - [27/Jun/2019:15:16:39 +0000] "GET /assets/plugins/flag/flags/1x1/tc.svg HTTP/1.1" 200 23131 "-" "Mozilla/5.0 (Macintosh; Intel Mac OS X 10_6_8) AppleWebKit/537.36 (KHTML, like Gecko) Chrome/31.0.1650.63 Safari/537.36"
82.80.230.228 - - [27/Jun/2019:15:16:39 +0000] "GET /assets/plugins/flag/flags/4x3/gu.svg HTTP/1.1" 301 278 "-" "Mozilla/5.0 (compatible)"
82.80.230.228 - - [27/Jun/2019:15:16:39 +0000] "GET /assets/plugins/flag/flags/4x3/gu.svg HTTP/1.1" 200 6383 "-" "Mozilla/5.0 (compatible)"
82.80.230.228 - - [27/Jun/2019:15:16:39 +0000] "GET /assets/plugins/flag/flags/1x1/as.svg HTTP/1.1" 200 11833 "-" "Mozilla/5.0 (Macintosh; Intel Mac OS X 10_9_0) AppleWebKit/537.36 (KHTML, like Gecko) Chrome/31.0.1650.57 Safari/537.36"
82.80.230.228 - - [27/Jun/2019:15:16:40 +0000] "GET /assets/plugins/flag/flags/4x3/re.svg HTTP/1.1" 301 278 "-" "Mozilla/5.0 (Windows NT 6.0) AppleWebKit/537.36 (KHTML, like Gecko) Chrome/31.0.1650.63 Safari/537.36"
82.80.249.152 - - [27/Jun/2019:15:16:40 +0000] "GET /assets/plugins/flag/flags/1x1/fj.svg HTTP/1.1" 200 23443 "-" "Mozilla/5.0 (Windows NT 6.0) AppleWebKit/537.36 (KHTML, like Gecko) Chrome/31.0.1650.63 Safari/537.36"
82.80.230.228 - - [27/Jun/2019:15:16:40 +0000] "GET /assets/plugins/flag/flags/1x1/ae.svg HTTP/1.1" 200 373 "-" "Mozilla/5.0 (Windows NT 6.0; WOW64) AppleWebKit/534.30 (KHTML, like Gecko) Chrome/12.0.742.91 Safari/534.30"
82.80.230.228 - - [27/Jun/2019:15:16:40 +0000] "GET /assets/plugins/flag/flags/4x3/re.svg HTTP/1.1" 200 856 "-" "Mozilla/5.0 (Windows NT 6.0) AppleWebKit/537.36 (KHTML, like Gecko) Chrome/31.0.1650.63 Safari/537.36"
82.80.230.228 - - [27/Jun/2019:15:16:40 +0000] "GET /assets/plugins/flag/flags/4x3/bs.svg HTTP/1.1" 301 278 "-" "Mozilla/5.0 (compatible; MSIE 10.0; Windows NT 6.1; WOW64; Trident/6.0)"
82.80.230.228 - - [27/Jun/2019:15:16:40 +0000] "GET /assets/plugins/flag/flags/4x3/lc.svg HTTP/1.1" 200 895 "-" "Mozilla/5.0 (Macintosh; Intel Mac OS X 10.8; rv:26.0) Gecko/20100101 Firefox/26.0"
82.80.230.228 - - [27/Jun/2019:15:16:40 +0000] "GET /assets/plugins/flag/flags/4x3/bs.svg HTTP/1.1" 200 646 "-" "Mozilla/5.0 (compatible; MSIE 10.0; Windows NT 6.1; WOW64; Trident/6.0)"
82.80.230.228 - - [27/Jun/2019:15:16:41 +0000] "GET /unitegallery/skins/default/tile_bullets_red.png HTTP/1.1" 200 369 "-" "Mozilla/5.0 (Windows NT 6.1; Trident/7.0; rv:11.0) like Gecko"
82.80.249.164 - - [27/Jun/2019:15:16:41 +0000] "GET /images/apartments/apartment-b/apartman-b-1.jpg HTTP/1.1" 200 224031 "-" "Mozilla/5.0 (Macintosh; Intel Mac OS X 10.6; rv:26.0) Gecko/20100101 Firefox/26.0"
82.80.230.228 - - [27/Jun/2019:15:16:41 +0000] "GET /assets/plugins/flag/flags/1x1/mp.svg HTTP/1.1" 200 49527 "-" "Mozilla/5.0 (Macintosh; Intel Mac OS X 10_9) AppleWebKit/537.71 (KHTML, like Gecko) Version/7.0 Safari/537.71"
82.80.230.228 - - [27/Jun/2019:15:16:41 +0000] "GET /assets/plugins/flag/flags/4x3/pa.svg HTTP/1.1" 301 278 "-" "Mozilla/5.0 (Macintosh; Intel Mac OS X 10_9) AppleWebKit/537.71 (KHTML, like Gecko) Version/7.0 Safari/537.71"
82.80.230.228 - - [27/Jun/2019:15:16:41 +0000] "GET /assets/plugins/flag/flags/4x3/pa.svg HTTP/1.1" 200 1693 "-" "Mozilla/5.0 (Macintosh; Intel Mac OS X 10_9) AppleWebKit/537.71 (KHTML, like Gecko) Version/7.0 Safari/537.71"
82.80.249.155 - - [27/Jun/2019:15:16:42 +0000] "GET /assets/plugins/flag/flags/4x3/um.svg HTTP/1.1" 301 278 "-" "Mozilla/5.0 (Macintosh; Intel Mac OS X 10_9_1) AppleWebKit/537.36 (KHTML, like Gecko) Chrome/31.0.1650.63 Safari/537.36"
82.80.249.155 - - [27/Jun/2019:15:16:42 +0000] "GET /assets/plugins/flag/flags/4x3/um.svg HTTP/1.1" 200 23513 "-" "Mozilla/5.0 (Macintosh; Intel Mac OS X 10_9_1) AppleWebKit/537.36 (KHTML, like Gecko) Chrome/31.0.1650.63 Safari/537.36"
82.80.230.228 - - [27/Jun/2019:15:16:42 +0000] "GET /assets/plugins/flag/flags/4x3/nl.svg HTTP/1.1" 200 896 "-" "Mozilla/5.0 (Windows NT 6.1; WOW64) AppleWebKit/537.36 (KHTML, like Gecko) Chrome/41.0.2227.0 Safari/537.36"
82.80.230.228 - - [27/Jun/2019:15:16:42 +0000] "GET /assets/plugins/flag/flags/1x1/gb-wls.svg HTTP/1.1" 301 282 "-" "Mozilla/5.0 (compatible, MSIE 11, Windows NT 6.3; Trident/7.0; rv:11.0) like Gecko"
82.80.230.228 - - [27/Jun/2019:15:16:43 +0000] "GET /assets/plugins/flag/flags/1x1/gb-wls.svg HTTP/1.1" 200 14357 "-" "Mozilla/5.0 (compatible, MSIE 11, Windows NT 6.3; Trident/7.0; rv:11.0) like Gecko"
82.80.230.228 - - [27/Jun/2019:15:16:43 +0000] "GET /assets/plugins/flag/flags/4x3/pg.svg HTTP/1.1" 200 4403 "-" "Mozilla/5.0 (Windows NT 5.1) AppleWebKit/537.36 (KHTML, like Gecko) Chrome/31.0.1650.63 Safari/537.36"
82.80.230.228 - - [27/Jun/2019:15:16:43 +0000] "GET /assets/plugins/flag/flags/1x1/gf.svg HTTP/1.1" 301 278 "-" "Mozilla/5.0 (Macintosh; Intel Mac OS X 10.9; rv:25.0) Gecko/20100101 Firefox/25.0"
82.80.230.228 - - [27/Jun/2019:15:16:43 +0000] "GET /assets/plugins/flag/flags/1x1/gf.svg HTTP/1.1" 200 270 "-" "Mozilla/5.0 (Macintosh; Intel Mac OS X 10.9; rv:25.0) Gecko/20100101 Firefox/25.0"
82.80.249.157 - - [27/Jun/2019:15:16:43 +0000] "GET /assets/plugins/flag/flags/1x1/so.svg HTTP/1.1" 200 1212 "-" "Mozilla/5.0 (Windows NT 5.1) AppleWebKit/537.36 (KHTML, like Gecko) Chrome/31.0.1650.63 Safari/537.36"
82.80.249.152 - - [27/Jun/2019:15:16:44 +0000] "GET /images/apartman-a.jpg HTTP/1.1" 200 28618 "-" "Mozilla/5.0 (Macintosh; Intel Mac OS X 10_7_5) AppleWebKit/537.73.11 (KHTML, like Gecko) Version/6.1.1 Safari/537.73.11"
82.80.230.228 - - [27/Jun/2019:15:16:44 +0000] "GET /unitegallery/skins/default/tile_button_right.png HTTP/1.1" 200 620 "-" "Mozilla/5.0 (Macintosh; Intel Mac OS X 10_9) AppleWebKit/537.71 (KHTML, like Gecko) Version/7.0 Safari/537.71"
82.80.249.143 - - [27/Jun/2019:15:16:44 +0000] "GET /assets/plugins/flag/flags/4x3/bz.svg HTTP/1.1" 200 55569 "-" "Mozilla/5.0 (Windows NT 6.2; WOW64) AppleWebKit/537.36 (KHTML, like Gecko) Chrome/31.0.1650.63 Safari/537.36"
82.80.230.228 - - [27/Jun/2019:15:16:44 +0000] "GET /assets/plugins/flag/flags/1x1/io.svg HTTP/1.1" 301 278 "-" "Mozilla/5.0 (Windows NT 6.1; WOW64; rv:28.0) Gecko/20100101 Firefox/28.0"
82.80.230.228 - - [27/Jun/2019:15:16:44 +0000] "GET /assets/plugins/flag/flags/1x1/io.svg HTTP/1.1" 200 39391 "-" "Mozilla/5.0 (Windows NT 6.1; WOW64; rv:28.0) Gecko/20100101 Firefox/28.0"
82.80.249.163 - - [27/Jun/2019:15:16:45 +0000] "GET /assets/plugins/flag/flags/1x1/tf.svg HTTP/1.1" 301 278 "-" "Mozilla/5.0 (Windows NT 6.1; WOW64; rv:31.0) Gecko/20100101 Firefox/31.0"
82.80.249.163 - - [27/Jun/2019:15:16:45 +0000] "GET /assets/plugins/flag/flags/4x3/ai.svg HTTP/1.1" 200 57102 "-" "Mozilla/5.0 (Macintosh; Intel Mac OS X 10_9_1) AppleWebKit/537.36 (KHTML, like Gecko) Chrome/31.0.1650.57 Safari/537.36"
82.80.249.163 - - [27/Jun/2019:15:16:45 +0000] "GET /assets/plugins/flag/flags/1x1/tf.svg HTTP/1.1" 200 875 "-" "Mozilla/5.0 (Windows NT 6.1; WOW64; rv:31.0) Gecko/20100101 Firefox/31.0"
82.80.230.228 - - [27/Jun/2019:15:16:45 +0000] "GET /assets/plugins/flag/flags/4x3/zm.svg HTTP/1.1" 200 10818 "-" "Mozilla/5.0 (Macintosh; Intel Mac OS X 10_9_1) AppleWebKit/537.73.11 (KHTML, like Gecko) Version/7.0.1 Safari/537.73.11"
82.80.230.228 - - [27/Jun/2019:15:16:46 +0000] "GET /assets/plugins/flag/flags/4x3/mn.svg HTTP/1.1" 301 278 "-" "Mozilla/5.0 (Macintosh; Intel Mac OS X 10_9_1) AppleWebKit/537.73.11 (KHTML, like Gecko) Version/7.0.1 Safari/537.73.11"
82.80.230.228 - - [27/Jun/2019:15:16:46 +0000] "GET /assets/plugins/flag/flags/4x3/re.svg HTTP/1.1" 200 856 "-" "Mozilla/5.0 (Macintosh; Intel Mac OS X 10_6_8) AppleWebKit/537.36 (KHTML, like Gecko) Chrome/31.0.1650.63 Safari/537.36"
82.80.230.228 - - [27/Jun/2019:15:16:46 +0000] "GET /assets/plugins/flag/flags/4x3/mn.svg HTTP/1.1" 200 2014 "-" "Mozilla/5.0 (Macintosh; Intel Mac OS X 10_9_1) AppleWebKit/537.73.11 (KHTML, like Gecko) Version/7.0.1 Safari/537.73.11"
82.80.249.163 - - [27/Jun/2019:15:16:46 +0000] "GET /assets/plugins/flag/flags/4x3/cv.svg HTTP/1.1" 200 1832 "-" "Mozilla/5.0 (Windows NT 6.3; WOW64; Trident/7.0; Touch; rv:11.0) like Gecko"
82.80.230.228 - - [27/Jun/2019:15:16:46 +0000] "GET /assets/plugins/flag/flags/1x1/sr.svg HTTP/1.1" 200 1518 "-" "Mozilla/5.0 (Windows NT 6.1; rv:24.0) Gecko/20100101 Firefox/24.0"
82.80.230.228 - - [27/Jun/2019:15:16:46 +0000] "GET /images/peka.jpg HTTP/1.1" 200 248436 "-" "Mozilla/5.0 (X11; Linux x86_64) AppleWebKit/537.36 (KHTML, like Gecko) Chrome/31.0.1650.63 Safari/537.36"
82.80.249.164 - - [27/Jun/2019:15:16:47 +0000] "GET /assets/plugins/flag/flags/4x3/cu.svg HTTP/1.1" 301 278 "-" "Mozilla/5.0 (X11; Linux i686) AppleWebKit/537.36 (KHTML, like Gecko) Chrome/31.0.1650.63 Safari/537.36"
82.80.249.164 - - [27/Jun/2019:15:16:47 +0000] "GET /assets/plugins/flag/flags/4x3/cu.svg HTTP/1.1" 200 717 "-" "Mozilla/5.0 (X11; Linux i686) AppleWebKit/537.36 (KHTML, like Gecko) Chrome/31.0.1650.63 Safari/537.36"
82.80.230.228 - - [27/Jun/2019:15:16:47 +0000] "GET /assets/plugins/flag/flags/4x3/fm.svg HTTP/1.1" 301 278 "-" "Mozilla/5.0 (X11; Linux x86_64) AppleWebKit/537.36 (KHTML, like Gecko) Chrome/31.0.1650.57 Safari/537.36"
82.80.249.164 - - [27/Jun/2019:15:16:47 +0000] "GET /assets/plugins/flag/flags/4x3/rs.svg HTTP/1.1" 200 875512 "-" "Mozilla/5.0 (compatible; MSIE 9.0; Windows NT 6.1; Trident/5.0)"
82.80.230.228 - - [27/Jun/2019:15:16:48 +0000] "GET /assets/plugins/flag/flags/4x3/fm.svg HTTP/1.1" 200 971 "-" "Mozilla/5.0 (X11; Linux x86_64) AppleWebKit/537.36 (KHTML, like Gecko) Chrome/31.0.1650.57 Safari/537.36"
82.80.249.164 - - [27/Jun/2019:15:16:48 +0000] "GET /images/icon-dugi-otok.png HTTP/1.1" 301 267 "-" "Mozilla/5.0 (Windows NT 6.1; WOW64) AppleWebKit/537.36 (KHTML, like Gecko) Chrome/31.0.1650.57 Safari/537.36"
82.80.249.164 - - [27/Jun/2019:15:16:49 +0000] "GET /images/icon-dugi-otok.png HTTP/1.1" 200 2337 "-" "Mozilla/5.0 (Windows NT 6.1; WOW64) AppleWebKit/537.36 (KHTML, like Gecko) Chrome/31.0.1650.57 Safari/537.36"
82.80.249.143 - - [27/Jun/2019:15:16:49 +0000] "GET /assets/plugins/flag/flags/4x3/tc.svg HTTP/1.1" 200 22940 "-" "Mozilla/5.0 (compatible; MSIE 10.0; Windows NT 6.1; Trident/6.0)"
82.80.230.228 - - [27/Jun/2019:15:16:49 +0000] "GET /images/about-2.jpg HTTP/1.1" 301 260 "-" "Mozilla/5.0 (Macintosh; Intel Mac OS X 10_9_1) AppleWebKit/537.36 (KHTML, like Gecko) Chrome/31.0.1650.57 Safari/537.36"
82.80.230.228 - - [27/Jun/2019:15:16:49 +0000] "GET /assets/plugins/flag/flags/4x3/gb-eng.svg HTTP/1.1" 200 231 "-" "Mozilla/5.0 (X11; Linux x86_64) AppleWebKit/537.36 (KHTML, like Gecko) Chrome/31.0.1650.57 Safari/537.36"
82.80.230.228 - - [27/Jun/2019:15:16:49 +0000] "GET /images/about-2.jpg HTTP/1.1" 200 23855 "-" "Mozilla/5.0 (Macintosh; Intel Mac OS X 10_9_1) AppleWebKit/537.36 (KHTML, like Gecko) Chrome/31.0.1650.57 Safari/537.36"
82.80.249.164 - - [27/Jun/2019:15:16:50 +0000] "GET /assets/plugins/flag/flags/4x3/la.svg HTTP/1.1" 200 1119 "-" "Mozilla/5.0 (Macintosh; Intel Mac OS X 10_7_5) AppleWebKit/537.71 (KHTML, like Gecko) Version/6.1 Safari/537.71"
82.80.249.227 - - [27/Jun/2019:15:16:50 +0000] "GET /assets/plugins/flag/flags/1x1/pw.svg HTTP/1.1" 200 1253 "-" "Mozilla/5.0 (Windows NT 6.3; WOW64) AppleWebKit/537.36 (KHTML, like Gecko) Chrome/32.0.1700.72 Safari/537.36"
82.80.230.228 - - [27/Jun/2019:15:16:50 +0000] "GET /assets/plugins/flag/flags/4x3/at.svg HTTP/1.1" 200 298 "-" "Mozilla/5.0 (Windows NT 6.1; WOW64; rv:27.3) Gecko/20100101 Firefox/27.3"
82.80.230.228 - - [27/Jun/2019:15:16:50 +0000] "GET /assets/plugins/flag/flags/4x3/aq.svg HTTP/1.1" 301 278 "-" "Mozilla/6.0 (compatible)"
82.80.230.228 - - [27/Jun/2019:15:16:51 +0000] "GET /assets/plugins/flag/flags/4x3/aq.svg HTTP/1.1" 200 4386 "-" "Mozilla/6.0 (compatible)"
82.80.230.228 - - [27/Jun/2019:15:16:51 +0000] "GET /assets/plugins/flag/flags/1x1/mo.svg HTTP/1.1" 301 278 "-" "Mozilla/5.0 (Windows NT 6.1; WOW64) AppleWebKit/537.36 (KHTML, like Gecko) Chrome/40.0.2214.111 Safari/537.36"
82.80.249.204 - - [27/Jun/2019:15:16:51 +0000] "GET /images/apartments/apartment-b/apartman-b-3.jpg HTTP/1.1" 200 122226 "-" "Mozilla/5.0 (Macintosh; Intel Mac OS X 10.9; rv:25.0) Gecko/20100101 Firefox/25.0"
82.80.230.228 - - [27/Jun/2019:15:16:51 +0000] "GET /assets/plugins/flag/flags/4x3/sx.svg HTTP/1.1" 301 278 "-" "Mozilla/5.0 (Windows NT 6.1; rv:25.0) Gecko/20100101 Firefox/25.0"
82.80.230.228 - - [27/Jun/2019:15:16:51 +0000] "GET /assets/plugins/flag/flags/1x1/mo.svg HTTP/1.1" 200 5469 "-" "Mozilla/5.0 (Windows NT 6.1; WOW64) AppleWebKit/537.36 (KHTML, like Gecko) Chrome/40.0.2214.111 Safari/537.36"
82.80.230.228 - - [27/Jun/2019:15:16:51 +0000] "GET /assets/plugins/flag/flags/4x3/sx.svg HTTP/1.1" 200 28018 "-" "Mozilla/5.0 (Windows NT 6.1; rv:25.0) Gecko/20100101 Firefox/25.0"
82.80.230.228 - - [27/Jun/2019:15:16:52 +0000] "GET /assets/plugins/flag/flags/1x1/gi.svg HTTP/1.1" 200 21316 "-" "Mozilla/5.0 (Windows NT 6.1; WOW64) AppleWebKit/537.36 (KHTML, like Gecko) Chrome/31.0.1650.57 Safari/537.36"
82.80.230.228 - - [27/Jun/2019:15:16:52 +0000] "GET /images/studio-2.jpg HTTP/1.1" 301 261 "-" "Mozilla/5.0 (Windows NT 6.1) AppleWebKit/537.36 (KHTML, like Gecko) Chrome/32.0.1700.72 Safari/537.36"
82.80.230.228 - - [27/Jun/2019:15:16:52 +0000] "GET /images/studio-2.jpg HTTP/1.1" 200 30181 "-" "Mozilla/5.0 (Windows NT 6.1) AppleWebKit/537.36 (KHTML, like Gecko) Chrome/32.0.1700.72 Safari/537.36"
82.80.230.228 - - [27/Jun/2019:15:16:52 +0000] "GET /assets/plugins/flag/flags/1x1/jm.svg HTTP/1.1" 301 278 "-" "Mozilla/5.0 (Windows NT 6.1; WOW64; rv:28.0) Gecko/20100101 Firefox/28.0"
82.80.249.157 - - [27/Jun/2019:15:16:52 +0000] "GET /assets/plugins/flag/flags/4x3/cd.svg HTTP/1.1" 200 385 "-" "Mozilla/5.0 (Windows NT 6.0) AppleWebKit/537.36 (KHTML, like Gecko) Chrome/31.0.1650.63 Safari/537.36"
82.80.230.228 - - [27/Jun/2019:15:16:53 +0000] "GET /assets/plugins/flag/flags/1x1/jm.svg HTTP/1.1" 200 1066 "-" "Mozilla/5.0 (Windows NT 6.1; WOW64; rv:28.0) Gecko/20100101 Firefox/28.0"
82.80.230.228 - - [27/Jun/2019:15:16:54 +0000] "GET /assets/plugins/flag/flags/4x3/in.svg HTTP/1.1" 301 278 "-" "Mozilla/5.0 (compatible)"
82.80.249.164 - - [27/Jun/2019:15:16:54 +0000] "GET /images/icons/taxi.png HTTP/1.1" 200 3289 "-" "Mozilla/5.0 (Windows NT 6.1; WOW64) AppleWebKit/537.36 (KHTML, like Gecko) Chrome/41.0.2227.0 Safari/537.36"
82.80.249.133 - - [27/Jun/2019:15:16:54 +0000] "GET /assets/plugins/flag/flags/4x3/mf.svg HTTP/1.1" 301 278 "-" "Mozilla/5.0 (Windows NT 6.1; WOW64; rv:27.3) Gecko/20100101 Firefox/27.3"
82.80.230.228 - - [27/Jun/2019:15:16:54 +0000] "GET /assets/plugins/flag/flags/4x3/bj.svg HTTP/1.1" 200 536 "-" "Mozilla/5.0 (Macintosh; Intel Mac OS X 10_8_4) AppleWebKit/537.36 (KHTML, like Gecko) Chrome/31.0.1650.63 Safari/537.36"
82.80.230.228 - - [27/Jun/2019:15:16:54 +0000] "GET /assets/plugins/flag/flags/4x3/in.svg HTTP/1.1" 200 10145 "-" "Mozilla/5.0 (compatible)"
82.80.249.133 - - [27/Jun/2019:15:16:54 +0000] "GET /assets/plugins/flag/flags/4x3/mf.svg HTTP/1.1" 200 868 "-" "Mozilla/5.0 (Windows NT 6.1; WOW64; rv:27.3) Gecko/20100101 Firefox/27.3"
82.80.249.155 - - [27/Jun/2019:15:16:55 +0000] "GET /assets/plugins/flag/flags/1x1/ph.svg HTTP/1.1" 200 5011 "-" "Mozilla/5.0 (compatible; MSIE 9.0; Windows NT 6.1; Trident/5.0)"
82.80.230.228 - - [27/Jun/2019:15:16:55 +0000] "GET /assets/plugins/flag/flags/1x1/bj.svg HTTP/1.1" 301 278 "-" "Mozilla/5.0 (Windows NT 6.3; WOW64; Trident/7.0; rv:11.0) like Gecko"
82.80.249.133 - - [27/Jun/2019:15:16:55 +0000] "GET /assets/plugins/flag/flags/4x3/kn.svg HTTP/1.1" 200 1799 "-" "Mozilla/5.0 (X11; Ubuntu; Linux i686; rv:26.0) Gecko/20100101 Firefox/26.0"
82.80.249.164 - - [27/Jun/2019:15:16:55 +0000] "GET /images/apartments/apartment-a/apartman-a-5.jpg HTTP/1.1" 200 153237 "-" "Mozilla/5.0 (X11; Linux x86_64) AppleWebKit/537.36 (KHTML, like Gecko) Ubuntu Chromium/31.0.1650.63 Chrome/31.0.1650.63 Safari/537.36"
82.80.230.228 - - [27/Jun/2019:15:16:55 +0000] "GET /assets/plugins/flag/flags/1x1/bj.svg HTTP/1.1" 200 537 "-" "Mozilla/5.0 (Windows NT 6.3; WOW64; Trident/7.0; rv:11.0) like Gecko"
82.80.230.228 - - [27/Jun/2019:15:16:56 +0000] "GET /assets/plugins/flag/flags/4x3/cf.svg HTTP/1.1" 200 790 "-" "Mozilla/5.0 (Windows NT 6.1) AppleWebKit/537.36 (KHTML, like Gecko) Chrome/31.0.1650.63 Safari/537.36"
82.80.230.228 - - [27/Jun/2019:15:16:56 +0000] "GET /assets/plugins/flag/flags/1x1/sb.svg HTTP/1.1" 200 2446 "-" "Mozilla/5.0 (Macintosh; Intel Mac OS X 10_9_1) AppleWebKit/537.36 (KHTML, like Gecko) Chrome/32.0.1700.68 Safari/537.36"
82.80.230.228 - - [27/Jun/2019:15:16:56 +0000] "GET /images/Home-1/icon-slider-r.png HTTP/1.1" 301 273 "-" "Mozilla/5.0 (Windows NT 6.1; WOW64; rv:33.0) Gecko/20100101 Firefox/33.0"
82.80.249.163 - - [27/Jun/2019:15:16:57 +0000] "GET /unitegallery/images/loader.gif HTTP/1.1" 200 673 "-" "Mozilla/5.0 (Windows NT 6.1; WOW64; rv:36.0) Gecko/20100101 Firefox/36.0"
82.80.230.228 - - [27/Jun/2019:15:16:57 +0000] "GET /images/Home-1/icon-slider-r.png HTTP/1.1" 200 604 "-" "Mozilla/5.0 (Windows NT 6.1; WOW64; rv:33.0) Gecko/20100101 Firefox/33.0"
82.80.249.164 - - [27/Jun/2019:15:16:57 +0000] "GET /assets/plugins/flag/flags/1x1/gt.svg HTTP/1.1" 200 30609 "-" "Mozilla/5.0 (Windows NT 6.2; Win64; x64; rv:27.0) Gecko/20100101 Firefox/27.0"
82.80.249.143 - - [27/Jun/2019:15:16:58 +0000] "GET /assets/plugins/flag/flags/4x3/il.svg HTTP/1.1" 200 1095 "-" "Mozilla/5.0 (Windows NT 5.1) AppleWebKit/537.36 (KHTML, like Gecko) Chrome/31.0.1650.63 Safari/537.36"
82.80.230.228 - - [27/Jun/2019:15:16:58 +0000] "GET /assets/plugins/flag/flags/4x3/bm.svg HTTP/1.1" 301 278 "-" "Mozilla/5.0 (Windows NT 6.1; WOW64; rv:33.0) Gecko/20100101 Firefox/33.0"
82.80.249.194 - - [27/Jun/2019:15:16:58 +0000] "GET /assets/plugins/flag/flags/1x1/kz.svg HTTP/1.1" 301 278 "-" "Mozilla/5.0 (Windows NT 6.1; WOW64) AppleWebKit/537.36 (KHTML, like Gecko) Chrome/41.0.2227.0 Safari/537.36"
82.80.230.228 - - [27/Jun/2019:15:16:58 +0000] "GET /assets/plugins/flag/flags/4x3/bt.svg HTTP/1.1" 301 278 "-" "Mozilla/5.0 (Macintosh; Intel Mac OS X 10_9) AppleWebKit/537.71 (KHTML, like Gecko) Version/7.0 Safari/537.71"
82.80.230.228 - - [27/Jun/2019:15:16:58 +0000] "GET /assets/plugins/flag/flags/1x1/cu.svg HTTP/1.1" 301 278 "-" "Mozilla/5.0 (compatible; MSIE 10.0; Windows NT 6.1; Trident/6.0)"
82.80.230.228 - - [27/Jun/2019:15:16:58 +0000] "GET /assets/plugins/flag/flags/4x3/bm.svg HTTP/1.1" 200 56707 "-" "Mozilla/5.0 (Windows NT 6.1; WOW64; rv:33.0) Gecko/20100101 Firefox/33.0"
82.80.249.194 - - [27/Jun/2019:15:16:58 +0000] "GET /assets/plugins/flag/flags/1x1/kz.svg HTTP/1.1" 200 20846 "-" "Mozilla/5.0 (Windows NT 6.1; WOW64) AppleWebKit/537.36 (KHTML, like Gecko) Chrome/41.0.2227.0 Safari/537.36"
82.80.230.228 - - [27/Jun/2019:15:16:58 +0000] "GET /assets/plugins/flag/flags/4x3/bt.svg HTTP/1.1" 200 92452 "-" "Mozilla/5.0 (Macintosh; Intel Mac OS X 10_9) AppleWebKit/537.71 (KHTML, like Gecko) Version/7.0 Safari/537.71"
82.80.230.228 - - [27/Jun/2019:15:16:59 +0000] "GET /assets/plugins/flag/flags/1x1/cu.svg HTTP/1.1" 200 673 "-" "Mozilla/5.0 (compatible; MSIE 10.0; Windows NT 6.1; Trident/6.0)"
82.80.230.228 - - [27/Jun/2019:15:16:59 +0000] "GET /assets/plugins/flag/flags/4x3/mz.svg HTTP/1.1" 200 5147 "-" "Mozilla/5.0 (X11; Linux x86_64) AppleWebKit/537.36 (KHTML, like Gecko) Chrome/31.0.1650.57 Safari/537.36"
82.80.230.228 - - [27/Jun/2019:15:16:59 +0000] "GET /uploads/thumbnails/f4ee3ba7cbec0f18262405324e966a53.jpg HTTP/1.1" 200 84893 "-" "Mozilla/5.0 (Macintosh; Intel Mac OS X 10.9; rv:26.0) Gecko/20100101 Firefox/26.0"
