82.80.230.228 - - [27/Jun/2019:15:17:49 +0000] "GET /assets/plugins/flag/flags/4x3/sb.svg HTTP/1.1" 200 2391 "-" "Mozilla/5.0 (X11; Linux x86_64) AppleWebKit/537.36 (KHTML, like Gecko) Ubuntu Chromium/31.0.1650.63 Chrome/31.0.1650.63 Safari/537.36"
82.80.230.228 - - [27/Jun/2019:15:17:50 +0000] "GET /assets/plugins/flag/flags/4x3/by.svg HTTP/1.1" 200 9559 "-" "Mozilla/5.0 (Macintosh; Intel Mac OS X 10_9_0) AppleWebKit/537.36 (KHTML, like Gecko) Chrome/31.0.1650.57 Safari/537.36"
82.80.249.143 - - [27/Jun/2019:15:17:50 +0000] "GET /assets/plugins/flag/flags/1x1/sj.svg HTTP/1.1" 301 278 "-" "Mozilla/5.0 (Windows NT 6.1; WOW64) AppleWebKit/537.36 (KHTML, like Gecko) Chrome/41.0.2227.0 Safari/537.36"
82.80.249.143 - - [27/Jun/2019:15:17:50 +0000] "GET /assets/plugins/flag/flags/1x1/sj.svg HTTP/1.1" 200 1764 "-" "Mozilla/5.0 (Windows NT 6.1; WOW64) AppleWebKit/537.36 (KHTML, like Gecko) Chrome/41.0.2227.0 Safari/537.36"
82.80.230.228 - - [27/Jun/2019:15:17:51 +0000] "GET /assets/plugins/flag/flags/1x1/do.svg HTTP/1.1" 301 278 "-" "Mozilla/5.0 (X11; Ubuntu; Linux x86_64; rv:25.0) Gecko/20100101 Firefox/25.0"
82.80.230.228 - - [27/Jun/2019:15:17:51 +0000] "GET /assets/plugins/flag/flags/1x1/do.svg HTTP/1.1" 200 454721 "-" "Mozilla/5.0 (X11; Ubuntu; Linux x86_64; rv:25.0) Gecko/20100101 Firefox/25.0"
82.80.230.228 - - [27/Jun/2019:15:17:51 +0000] "GET /assets/plugins/flag/flags/1x1/bd.svg HTTP/1.1" 200 364 "-" "Mozilla/5.0 (Macintosh; Intel Mac OS X 10.7; rv:26.0) Gecko/20100101 Firefox/26.0"
82.80.230.228 - - [27/Jun/2019:15:17:52 +0000] "GET /assets/plugins/flag/flags/1x1/nf.svg HTTP/1.1" 301 278 "-" "Mozilla/5.0 (Windows NT 6.3; WOW64; Trident/7.0; Touch; rv:11.0) like Gecko"
82.80.230.228 - - [27/Jun/2019:15:17:52 +0000] "GET /assets/plugins/flag/flags/4x3/hu.svg HTTP/1.1" 200 361 "-" "Mozilla/5.0 (Macintosh; Intel Mac OS X 10.8; rv:26.0) Gecko/20100101 Firefox/26.0"
82.80.230.228 - - [27/Jun/2019:15:17:52 +0000] "GET /assets/plugins/flag/flags/1x1/nf.svg HTTP/1.1" 200 13798 "-" "Mozilla/5.0 (Windows NT 6.3; WOW64; Trident/7.0; Touch; rv:11.0) like Gecko"
82.80.230.228 - - [27/Jun/2019:15:17:52 +0000] "GET /assets/plugins/flag/flags/1x1/nc.svg HTTP/1.1" 200 872 "-" "Mozilla/5.0 (Windows NT 6.1; WOW64) AppleWebKit/537.36 (KHTML, like Gecko) Chrome/32.0.1700.41 Safari/537.36"
82.80.249.143 - - [27/Jun/2019:15:17:52 +0000] "GET /assets/plugins/flag/flags/4x3/cg.svg HTTP/1.1" 200 525 "-" "Mozilla/5.0 (Windows NT 6.1; WOW64; rv:36.0) Gecko/20100101 Firefox/36.0"
82.80.230.228 - - [27/Jun/2019:15:17:52 +0000] "GET /assets/plugins/flag/flags/1x1/bf.svg HTTP/1.1" 200 492 "-" "Mozilla/5.0 (Macintosh; Intel Mac OS X 10_9_0) AppleWebKit/537.36 (KHTML, like Gecko) Chrome/31.0.1650.63 Safari/537.36"
82.80.230.228 - - [27/Jun/2019:15:17:53 +0000] "GET /assets/plugins/flag/flags/1x1/gh.svg HTTP/1.1" 301 278 "-" "Mozilla/5.0 (Windows NT 6.1) AppleWebKit/537.36 (KHTML, like Gecko) Chrome/31.0.1650.63 Safari/537.36"
82.80.249.152 - - [27/Jun/2019:15:17:53 +0000] "GET /assets/plugins/flag/flags/1x1/zw.svg HTTP/1.1" 301 278 "-" "Mozilla/5.0 (compatible; MSIE 9.0; Windows NT 6.1; Trident/5.0)"
82.80.244.51 - - [27/Jun/2019:15:17:53 +0000] "GET /assets/plugins/flag/flags/1x1/fk.svg HTTP/1.1" 301 278 "-" "Mozilla/5.0 (Macintosh; Intel Mac OS X 10.8; rv:26.0) Gecko/20100101 Firefox/26.0"
82.80.230.228 - - [27/Jun/2019:15:17:53 +0000] "GET /assets/plugins/flag/flags/1x1/gh.svg HTTP/1.1" 200 678 "-" "Mozilla/5.0 (Windows NT 6.1) AppleWebKit/537.36 (KHTML, like Gecko) Chrome/31.0.1650.63 Safari/537.36"
82.80.249.133 - - [27/Jun/2019:15:17:53 +0000] "GET /assets/plugins/flag/flags/1x1/ad.svg HTTP/1.1" 301 278 "-" "Mozilla/5.0 (Windows NT 6.1; WOW64; rv:24.0) Gecko/20100101 Firefox/24.0"
82.80.249.152 - - [27/Jun/2019:15:17:53 +0000] "GET /assets/plugins/flag/flags/1x1/zw.svg HTTP/1.1" 200 5259 "-" "Mozilla/5.0 (compatible; MSIE 9.0; Windows NT 6.1; Trident/5.0)"
82.80.249.204 - - [27/Jun/2019:15:17:53 +0000] "GET /images/about-3.jpg HTTP/1.1" 301 260 "-" "Mozilla/5.0 (Windows NT 6.1; WOW64; rv:29.0) Gecko/20100101 Firefox/29.0"
82.80.244.51 - - [27/Jun/2019:15:17:53 +0000] "GET /assets/plugins/flag/flags/1x1/fk.svg HTTP/1.1" 200 45065 "-" "Mozilla/5.0 (Macintosh; Intel Mac OS X 10.8; rv:26.0) Gecko/20100101 Firefox/26.0"
82.80.249.133 - - [27/Jun/2019:15:17:53 +0000] "GET /assets/plugins/flag/flags/1x1/ad.svg HTTP/1.1" 200 29320 "-" "Mozilla/5.0 (Windows NT 6.1; WOW64; rv:24.0) Gecko/20100101 Firefox/24.0"
82.80.249.204 - - [27/Jun/2019:15:17:54 +0000] "GET /images/about-3.jpg HTTP/1.1" 200 46335 "-" "Mozilla/5.0 (Windows NT 6.1; WOW64; rv:29.0) Gecko/20100101 Firefox/29.0"
82.80.230.228 - - [27/Jun/2019:15:17:54 +0000] "GET /assets/plugins/flag/flags/1x1/eh.svg HTTP/1.1" 200 1061 "-" "Mozilla/5.0 (Macintosh; Intel Mac OS X 10_7_5) AppleWebKit/537.73.11 (KHTML, like Gecko) Version/6.1.1 Safari/537.73.11"
82.80.230.228 - - [27/Jun/2019:15:17:54 +0000] "GET /assets/plugins/flag/flags/4x3/za.svg HTTP/1.1" 200 1741 "-" "Mozilla/5.0 (Windows NT 6.3; WOW64; rv:26.0) Gecko/20100101 Firefox/26.0"
82.80.249.227 - - [27/Jun/2019:15:17:54 +0000] "GET /assets/plugins/flag/flags/4x3/kr.svg HTTP/1.1" 200 4337 "-" "Mozilla/5.0 (Windows NT 6.2; Win64; x64; rv:27.0) Gecko/20100101 Firefox/27.0"
82.80.230.228 - - [27/Jun/2019:15:17:55 +0000] "GET /assets/plugins/flag/flags/4x3/tk.svg HTTP/1.1" 301 278 "-" "Mozilla/5.0 (compatible; MSIE 10.0; Windows NT 6.2; WOW64; Trident/6.0)"
82.80.230.228 - - [27/Jun/2019:15:17:55 +0000] "GET /assets/plugins/flag/flags/4x3/tk.svg HTTP/1.1" 200 1637 "-" "Mozilla/5.0 (compatible; MSIE 10.0; Windows NT 6.2; WOW64; Trident/6.0)"
82.80.249.143 - - [27/Jun/2019:15:17:55 +0000] "GET /assets/plugins/flag/flags/1x1/th.svg HTTP/1.1" 301 278 "-" "Mozilla/5.0 (compatible; MSIE 9.0; Windows NT 6.1; WOW64; Trident/5.0)"
82.80.249.155 - - [27/Jun/2019:15:17:55 +0000] "GET /assets/plugins/flag/flags/1x1/cu.svg HTTP/1.1" 200 673 "-" "Mozilla/5.0 (Macintosh; Intel Mac OS X 10_7_5) AppleWebKit/537.73.11 (KHTML, like Gecko) Version/6.1.1 Safari/537.73.11"
82.80.249.143 - - [27/Jun/2019:15:17:55 +0000] "GET /assets/plugins/flag/flags/4x3/mm.svg HTTP/1.1" 200 3264 "-" "Mozilla/5.0 (Windows NT 6.1) AppleWebKit/537.36 (KHTML, like Gecko) Chrome/31.0.1650.63 Safari/537.36"
82.80.249.143 - - [27/Jun/2019:15:17:55 +0000] "GET /assets/plugins/flag/flags/1x1/th.svg HTTP/1.1" 200 879 "-" "Mozilla/5.0 (compatible; MSIE 9.0; Windows NT 6.1; WOW64; Trident/5.0)"
82.80.230.228 - - [27/Jun/2019:15:17:56 +0000] "GET /assets/plugins/flag/flags/4x3/gb-wls.svg HTTP/1.1" 200 14537 "-" "Mozilla/5.0 (Windows NT 6.1; WOW64) AppleWebKit/537.36 (KHTML, like Gecko) Chrome/40.0.2214.111 Safari/537.36"
82.80.249.157 - - [27/Jun/2019:15:17:56 +0000] "GET /assets/plugins/flag/flags/4x3/ee.svg HTTP/1.1" 200 369 "-" "Mozilla/5.0 (Windows NT 6.1; WOW64; rv:24.0) Gecko/20100101 Firefox/24.0"
82.80.249.163 - - [27/Jun/2019:15:17:56 +0000] "GET /uploads/thumbnails/2267ecca103a93df5ea31b28a70a64fb.jpg HTTP/1.1" 200 81115 "-" "Mozilla/5.0 (Macintosh; Intel Mac OS X 10_9_1) AppleWebKit/537.73.11 (KHTML, like Gecko) Version/7.0.1 Safari/537.73.11"
82.80.230.228 - - [27/Jun/2019:15:17:57 +0000] "GET /assets/plugins/flag/flags/4x3/es.svg HTTP/1.1" 200 145444 "-" "Mozilla/5.0 (Windows NT 6.2; WOW64; rv:26.0) Gecko/20100101 Firefox/26.0"
82.80.230.228 - - [27/Jun/2019:15:17:57 +0000] "GET /images/apartments/studio2/studio2-1.jpg HTTP/1.1" 200 140206 "-" "Mozilla/5.0 (Windows NT 6.3; WOW64; rv:26.0) Gecko/20100101 Firefox/26.0"
82.80.230.228 - - [27/Jun/2019:15:17:57 +0000] "GET /assets/plugins/flag/flags/1x1/qa.svg HTTP/1.1" 200 1267 "-" "Mozilla/5.0 (Macintosh; Intel Mac OS X 10_9_0) AppleWebKit/537.36 (KHTML, like Gecko) Chrome/31.0.1650.57 Safari/537.36"
82.80.249.143 - - [27/Jun/2019:15:17:57 +0000] "GET /assets/plugins/flag/flags/1x1/bz.svg HTTP/1.1" 301 278 "-" "Mozilla/5.0 (Windows NT 6.1; WOW64; rv:33.0) Gecko/20100101 Firefox/33.0"
82.80.230.228 - - [27/Jun/2019:15:17:58 +0000] "GET /images/icons/date-icon.png HTTP/1.1" 200 503 "-" "Mozilla/5.0 (Windows NT 6.1; WOW64; rv:27.3) Gecko/20100101 Firefox/27.3"
82.80.230.228 - - [27/Jun/2019:15:17:58 +0000] "GET /assets/plugins/flag/flags/4x3/mv.svg HTTP/1.1" 301 278 "-" "Mozilla/5.0 (Windows NT 6.1; WOW64; rv:24.0) Gecko/20100101 Firefox/24.0"
82.80.249.143 - - [27/Jun/2019:15:17:58 +0000] "GET /assets/plugins/flag/flags/1x1/bz.svg HTTP/1.1" 200 55251 "-" "Mozilla/5.0 (Windows NT 6.1; WOW64; rv:33.0) Gecko/20100101 Firefox/33.0"
82.80.230.228 - - [27/Jun/2019:15:17:58 +0000] "GET /assets/plugins/flag/flags/1x1/mo.svg HTTP/1.1" 200 5469 "-" "Mozilla/5.0 (Macintosh; Intel Mac OS X 10.6; rv:26.0) Gecko/20100101 Firefox/26.0"
82.80.230.228 - - [27/Jun/2019:15:17:58 +0000] "GET /assets/plugins/flag/flags/4x3/mv.svg HTTP/1.1" 200 1112 "-" "Mozilla/5.0 (Windows NT 6.1; WOW64; rv:24.0) Gecko/20100101 Firefox/24.0"
82.80.249.163 - - [27/Jun/2019:15:17:59 +0000] "GET /assets/plugins/flag/flags/1x1/lb.svg HTTP/1.1" 301 278 "-" "Mozilla/5.0 (Windows NT 6.1; Trident/7.0; rv:11.0) like Gecko"
82.80.249.163 - - [27/Jun/2019:15:17:59 +0000] "GET /assets/plugins/flag/flags/1x1/eg.svg HTTP/1.1" 200 10354 "-" "Mozilla/5.0 (X11; Linux x86_64) AppleWebKit/537.36 (KHTML, like Gecko) Chrome/31.0.1650.63 Safari/537.36"
82.80.249.157 - - [27/Jun/2019:15:17:59 +0000] "GET /assets/plugins/flag/flags/4x3/ro.svg HTTP/1.1" 301 278 "-" "Mozilla/5.0 (Macintosh; Intel Mac OS X 10_7_5) AppleWebKit/537.71 (KHTML, like Gecko) Version/6.1 Safari/537.71"
82.80.230.228 - - [27/Jun/2019:15:17:59 +0000] "GET /assets/plugins/flag/flags/1x1/er.svg HTTP/1.1" 301 278 "-" "Mozilla/5.0 (Windows NT 6.1; WOW64) AppleWebKit/537.36 (KHTML, like Gecko) Chrome/41.0.2227.0 Safari/537.36"
82.80.249.163 - - [27/Jun/2019:15:17:59 +0000] "GET /assets/plugins/flag/flags/1x1/lb.svg HTTP/1.1" 200 7485 "-" "Mozilla/5.0 (Windows NT 6.1; Trident/7.0; rv:11.0) like Gecko"
82.80.230.228 - - [27/Jun/2019:15:17:59 +0000] "GET /assets/plugins/flag/flags/4x3/gq.svg HTTP/1.1" 200 17754 "-" "Mozilla/5.0 (Macintosh; Intel Mac OS X 10_6_8) AppleWebKit/537.36 (KHTML, like Gecko) Chrome/31.0.1650.63 Safari/537.36"
82.80.249.157 - - [27/Jun/2019:15:17:59 +0000] "GET /assets/plugins/flag/flags/4x3/ro.svg HTTP/1.1" 200 875 "-" "Mozilla/5.0 (Macintosh; Intel Mac OS X 10_7_5) AppleWebKit/537.71 (KHTML, like Gecko) Version/6.1 Safari/537.71"
82.80.230.228 - - [27/Jun/2019:15:17:59 +0000] "GET /assets/plugins/flag/flags/1x1/er.svg HTTP/1.1" 200 4881 "-" "Mozilla/5.0 (Windows NT 6.1; WOW64) AppleWebKit/537.36 (KHTML, like Gecko) Chrome/41.0.2227.0 Safari/537.36"
82.80.249.164 - - [27/Jun/2019:15:18:00 +0000] "GET /unitegallery/images/loader-white6.gif HTTP/1.1" 200 2857 "-" "Mozilla/5.0 (Macintosh; Intel Mac OS X 10_9_1) AppleWebKit/537.36 (KHTML, like Gecko) Chrome/31.0.1650.63 Safari/537.36"
82.80.230.228 - - [27/Jun/2019:15:18:00 +0000] "GET /assets/plugins/flag/flags/1x1/sb.svg HTTP/1.1" 301 278 "-" "Mozilla/5.0 (Windows NT 6.0; rv:26.0) Gecko/20100101 Firefox/26.0"
82.80.249.143 - - [27/Jun/2019:15:18:00 +0000] "GET /assets/plugins/flag/flags/1x1/mr.svg HTTP/1.1" 200 1365 "-" "Mozilla/5.0 (Macintosh; Intel Mac OS X 10_8_5) AppleWebKit/536.30.1 (KHTML, like Gecko) Version/6.0.5 Safari/536.30.1"
82.80.230.228 - - [27/Jun/2019:15:18:00 +0000] "GET /assets/plugins/flag/flags/4x3/so.svg HTTP/1.1" 200 1177 "-" "Mozilla/5.0 (Windows NT 6.1; rv:26.0) Gecko/20100101 Firefox/26.0"
82.80.230.228 - - [27/Jun/2019:15:18:00 +0000] "GET /assets/plugins/flag/flags/1x1/yt.svg HTTP/1.1" 200 875 "-" "Mozilla/5.0 (Macintosh; Intel Mac OS X 10_7_5) AppleWebKit/537.71 (KHTML, like Gecko) Version/6.1 Safari/537.71"
82.80.230.228 - - [27/Jun/2019:15:18:00 +0000] "GET /assets/plugins/flag/flags/1x1/sb.svg HTTP/1.1" 200 2446 "-" "Mozilla/5.0 (Windows NT 6.0; rv:26.0) Gecko/20100101 Firefox/26.0"
82.80.230.228 - - [27/Jun/2019:15:18:01 +0000] "GET /assets/plugins/flag/flags/4x3/pk.svg HTTP/1.1" 301 278 "-" "Mozilla/5.0 (X11; Linux x86_64) AppleWebKit/537.36 (KHTML, like Gecko) Chrome/31.0.1650.57 Safari/537.36"
82.80.230.228 - - [27/Jun/2019:15:18:01 +0000] "GET /assets/plugins/flag/flags/1x1/vc.svg HTTP/1.1" 200 1276 "-" "Mozilla/5.0 (Windows NT 6.1; WOW64; rv:36.0) Gecko/20100101 Firefox/36.0"
82.80.230.228 - - [27/Jun/2019:15:18:01 +0000] "GET /assets/plugins/flag/flags/4x3/vg.svg HTTP/1.1" 301 278 "-" "Mozilla/5.0 (Macintosh; Intel Mac OS X 10_9_1) AppleWebKit/537.36 (KHTML, like Gecko) Chrome/32.0.1700.68 Safari/537.36"
82.80.230.228 - - [27/Jun/2019:15:18:01 +0000] "GET /assets/plugins/flag/flags/4x3/pk.svg HTTP/1.1" 200 1604 "-" "Mozilla/5.0 (X11; Linux x86_64) AppleWebKit/537.36 (KHTML, like Gecko) Chrome/31.0.1650.57 Safari/537.36"
82.80.230.228 - - [27/Jun/2019:15:18:01 +0000] "GET /assets/plugins/flag/flags/1x1/na.svg HTTP/1.1" 200 2692 "-" "Mozilla/5.0 (Windows NT 6.1; WOW64; Trident/7.0; rv:11.0) like Gecko"
82.80.230.228 - - [27/Jun/2019:15:18:01 +0000] "GET /assets/plugins/flag/flags/4x3/vg.svg HTTP/1.1" 200 50291 "-" "Mozilla/5.0 (Macintosh; Intel Mac OS X 10_9_1) AppleWebKit/537.36 (KHTML, like Gecko) Chrome/32.0.1700.68 Safari/537.36"
82.80.249.194 - - [27/Jun/2019:15:18:01 +0000] "GET /assets/plugins/flag/flags/1x1/km.svg HTTP/1.1" 200 3246 "-" "Mozilla/5.0 (Windows NT 6.3; WOW64; Trident/7.0; Touch; rv:11.0) like Gecko"
82.80.230.228 - - [27/Jun/2019:15:18:02 +0000] "GET /assets/plugins/flag/flags/1x1/bl.svg HTTP/1.1" 301 278 "-" "Mozilla/6.0 (compatible)"
82.80.230.228 - - [27/Jun/2019:15:18:02 +0000] "GET /assets/plugins/flag/flags/4x3/tc.svg HTTP/1.1" 301 278 "-" "Mozilla/5.0 (X11; Linux x86_64; rv:26.0) Gecko/20100101 Firefox/26.0"
82.80.249.155 - - [27/Jun/2019:15:18:02 +0000] "GET /images/apartman-b.jpg HTTP/1.1" 301 263 "-" "Mozilla/5.0 (Macintosh; Intel Mac OS X 10.8; rv:26.0) Gecko/20100101 Firefox/26.0"
82.80.230.228 - - [27/Jun/2019:15:18:02 +0000] "GET /assets/plugins/flag/flags/1x1/bl.svg HTTP/1.1" 200 350 "-" "Mozilla/6.0 (compatible)"
82.80.249.155 - - [27/Jun/2019:15:18:02 +0000] "GET /images/apartman-b.jpg HTTP/1.1" 200 29741 "-" "Mozilla/5.0 (Macintosh; Intel Mac OS X 10.8; rv:26.0) Gecko/20100101 Firefox/26.0"
82.80.249.227 - - [27/Jun/2019:15:18:02 +0000] "GET /assets/plugins/flag/flags/4x3/sy.svg HTTP/1.1" 301 278 "-" "Mozilla/5.0 (compatible; MSIE 10.0; Windows NT 6.1; Trident/6.0)"
82.80.230.228 - - [27/Jun/2019:15:18:02 +0000] "GET /assets/plugins/flag/flags/4x3/tc.svg HTTP/1.1" 200 22940 "-" "Mozilla/5.0 (X11; Linux x86_64; rv:26.0) Gecko/20100101 Firefox/26.0"
82.80.230.228 - - [27/Jun/2019:15:18:02 +0000] "GET /assets/plugins/flag/flags/4x3/sr.svg HTTP/1.1" 200 1540 "-" "Mozilla/5.0 (Windows NT 6.1; WOW64; rv:26.0) Gecko/20100101 Firefox/26.0"
82.80.249.227 - - [27/Jun/2019:15:18:02 +0000] "GET /assets/plugins/flag/flags/4x3/sy.svg HTTP/1.1" 200 1880 "-" "Mozilla/5.0 (compatible; MSIE 10.0; Windows NT 6.1; Trident/6.0)"
82.80.249.152 - - [27/Jun/2019:15:18:03 +0000] "GET /images/Home-4/footer.jpg HTTP/1.1" 200 7324 "-" "Mozilla/5.0 (Macintosh; Intel Mac OS X 10.8; rv:26.0) Gecko/20100101 Firefox/26.0"
82.80.249.227 - - [27/Jun/2019:15:18:03 +0000] "GET /assets/plugins/flag/flags/4x3/um.svg HTTP/1.1" 200 23513 "-" "Mozilla/6.0 (compatible)"
82.80.230.228 - - [27/Jun/2019:15:18:03 +0000] "GET /assets/plugins/flag/flags/4x3/mk.svg HTTP/1.1" 200 2237 "-" "Mozilla/5.0 (Windows NT 6.1) AppleWebKit/537.36 (KHTML, like Gecko) Chrome/32.0.1700.72 Safari/537.36"
82.80.230.228 - - [27/Jun/2019:15:18:03 +0000] "GET /assets/plugins/flag/flags/1x1/tl.svg HTTP/1.1" 200 1338 "-" "Mozilla/5.0 (Macintosh; Intel Mac OS X 10.7; rv:26.0) Gecko/20100101 Firefox/26.0"
82.80.230.228 - - [27/Jun/2019:15:18:04 +0000] "GET /uploads/images/e0188e76eefd685d644ed0524020812d.jpg HTTP/1.1" 200 284642 "-" "Mozilla/5.0 (compatible, MSIE 11, Windows NT 6.3; Trident/7.0; rv:11.0) like Gecko"
82.80.230.228 - - [27/Jun/2019:15:18:04 +0000] "GET /assets/plugins/flag/flags/4x3/kz.svg HTTP/1.1" 301 278 "-" "Mozilla/5.0 (Windows NT 6.0; WOW64) AppleWebKit/534.30 (KHTML, like Gecko) Chrome/12.0.742.91 Safari/534.30"
82.80.230.228 - - [27/Jun/2019:15:18:05 +0000] "GET /assets/plugins/flag/flags/4x3/kz.svg HTTP/1.1" 200 20868 "-" "Mozilla/5.0 (Windows NT 6.0; WOW64) AppleWebKit/534.30 (KHTML, like Gecko) Chrome/12.0.742.91 Safari/534.30"
82.80.249.155 - - [27/Jun/2019:15:18:05 +0000] "GET /assets/plugins/flag/flags/4x3/my.svg HTTP/1.1" 200 2214 "-" "Mozilla/5.0 (Windows NT 6.1; WOW64; rv:27.0) Gecko/20100101 Firefox/27.0"
82.80.230.228 - - [27/Jun/2019:15:18:05 +0000] "GET /assets/plugins/flag/flags/1x1/mw.svg HTTP/1.1" 301 278 "-" "Mozilla/5.0 (Macintosh; Intel Mac OS X 10_7_5) AppleWebKit/537.73.11 (KHTML, like Gecko) Version/6.1.1 Safari/537.73.11"
82.80.249.143 - - [27/Jun/2019:15:18:06 +0000] "GET /assets/plugins/flag/flags/4x3/tz.svg HTTP/1.1" 301 278 "-" "Mozilla/5.0 (Windows NT 6.1; rv:26.0) Gecko/20100101 Firefox/26.0"
82.80.230.228 - - [27/Jun/2019:15:18:06 +0000] "GET /assets/plugins/flag/flags/1x1/mw.svg HTTP/1.1" 200 9960 "-" "Mozilla/5.0 (Macintosh; Intel Mac OS X 10_7_5) AppleWebKit/537.73.11 (KHTML, like Gecko) Version/6.1.1 Safari/537.73.11"
82.80.230.228 - - [27/Jun/2019:15:18:06 +0000] "GET /assets/plugins/flag/flags/1x1/wf.svg HTTP/1.1" 200 861 "-" "Mozilla/5.0 (Windows NT 6.1; WOW64) AppleWebKit/537.36 (KHTML, like Gecko) Chrome/35.0.1916.153 Safari/537.36"
82.80.249.143 - - [27/Jun/2019:15:18:06 +0000] "GET /assets/plugins/flag/flags/4x3/tz.svg HTTP/1.1" 200 1267 "-" "Mozilla/5.0 (Windows NT 6.1; rv:26.0) Gecko/20100101 Firefox/26.0"
82.80.230.228 - - [27/Jun/2019:15:18:06 +0000] "GET /assets/plugins/flag/flags/4x3/mh.svg HTTP/1.1" 301 278 "-" "Mozilla/5.0 (Macintosh; Intel Mac OS X 10_9_0) AppleWebKit/537.36 (KHTML, like Gecko) Chrome/31.0.1650.57 Safari/537.36"
82.80.230.228 - - [27/Jun/2019:15:18:06 +0000] "GET /assets/plugins/flag/flags/4x3/mh.svg HTTP/1.1" 200 1616 "-" "Mozilla/5.0 (Macintosh; Intel Mac OS X 10_9_0) AppleWebKit/537.36 (KHTML, like Gecko) Chrome/31.0.1650.57 Safari/537.36"
82.80.249.204 - - [27/Jun/2019:15:18:06 +0000] "GET /assets/plugins/flag/flags/1x1/br.svg HTTP/1.1" 301 278 "-" "Mozilla/5.0 (Windows NT 6.2; WOW64; rv:26.0) Gecko/20100101 Firefox/26.0"
82.80.230.228 - - [27/Jun/2019:15:18:06 +0000] "GET /images/Home-1/bg-gallery.jpg HTTP/1.1" 200 166731 "-" "Mozilla/5.0 (Windows NT 6.3; WOW64; Trident/7.0; Touch; rv:11.0) like Gecko"
82.80.230.228 - - [27/Jun/2019:15:18:07 +0000] "GET /assets/plugins/flag/flags/1x1/aq.svg HTTP/1.1" 200 4652 "-" "Mozilla/5.0 (Macintosh; Intel Mac OS X 10.7; rv:26.0) Gecko/20100101 Firefox/26.0"
82.80.249.204 - - [27/Jun/2019:15:18:07 +0000] "GET /assets/plugins/flag/flags/1x1/br.svg HTTP/1.1" 200 12291 "-" "Mozilla/5.0 (Windows NT 6.2; WOW64; rv:26.0) Gecko/20100101 Firefox/26.0"
82.80.249.133 - - [27/Jun/2019:15:18:07 +0000] "GET /images/pogled2.jpg HTTP/1.1" 200 314408 "-" "Mozilla/5.0 (Windows NT 6.1) AppleWebKit/537.36 (KHTML, like Gecko) Chrome/32.0.1700.72 Safari/537.36"
82.80.230.228 - - [27/Jun/2019:15:18:08 +0000] "GET /assets/plugins/flag/flags/4x3/gw.svg HTTP/1.1" 301 278 "-" "Mozilla/5.0 (Windows NT 5.1) AppleWebKit/537.36 (KHTML, like Gecko) Chrome/31.0.1650.63 Safari/537.36"
82.80.249.157 - - [27/Jun/2019:15:18:08 +0000] "GET /images/404page/Comming.jpg HTTP/1.1" 404 1104 "-" "Mozilla/5.0 (Windows NT 5.1; rv:25.0) Gecko/20100101 Firefox/25.0"
82.80.230.228 - - [27/Jun/2019:15:18:08 +0000] "GET /assets/plugins/flag/flags/4x3/ga.svg HTTP/1.1" 200 330 "-" "Mozilla/5.0 (Macintosh; Intel Mac OS X 10_8_5) AppleWebKit/536.30.1 (KHTML, like Gecko) Version/6.0.5 Safari/536.30.1"
82.80.230.228 - - [27/Jun/2019:15:18:08 +0000] "GET /assets/plugins/flag/flags/4x3/gw.svg HTTP/1.1" 200 698 "-" "Mozilla/5.0 (Windows NT 5.1) AppleWebKit/537.36 (KHTML, like Gecko) Chrome/31.0.1650.63 Safari/537.36"
82.80.249.155 - - [27/Jun/2019:15:18:09 +0000] "GET /assets/plugins/flag/flags/4x3/es.svg HTTP/1.1" 301 278 "-" "Mozilla/5.0 (Windows NT 6.1) AppleWebKit/537.36 (KHTML, like Gecko) Chrome/32.0.1700.72 Safari/537.36"
82.80.249.227 - - [27/Jun/2019:15:18:09 +0000] "GET /unitegallery/images/icon-play32.png HTTP/1.1" 200 688 "-" "Mozilla/5.0 (Macintosh; Intel Mac OS X 10.8; rv:26.0) Gecko/20100101 Firefox/26.0"
82.80.230.228 - - [27/Jun/2019:15:18:09 +0000] "GET /assets/plugins/flag/flags/4x3/pe.svg HTTP/1.1" 200 914 "-" "Mozilla/5.0 (compatible; MSIE 10.0; Windows NT 6.1; Trident/6.0)"
82.80.249.155 - - [27/Jun/2019:15:18:09 +0000] "GET /assets/plugins/flag/flags/4x3/es.svg HTTP/1.1" 200 145444 "-" "Mozilla/5.0 (Windows NT 6.1) AppleWebKit/537.36 (KHTML, like Gecko) Chrome/32.0.1700.72 Safari/537.36"
82.80.230.228 - - [27/Jun/2019:15:18:10 +0000] "GET /assets/plugins/flag/flags/4x3/tl.svg HTTP/1.1" 301 278 "-" "Mozilla/5.0 (Windows NT 5.1; rv:25.0) Gecko/20100101 Firefox/25.0"
82.80.249.164 - - [27/Jun/2019:15:18:10 +0000] "GET /assets/plugins/flag/flags/4x3/ps.svg HTTP/1.1" 200 1212 "-" "Mozilla/5.0 (Windows NT 6.1; rv:26.0) Gecko/20100101 Firefox/26.0"
82.80.230.228 - - [27/Jun/2019:15:18:10 +0000] "GET /assets/plugins/flag/flags/4x3/tl.svg HTTP/1.1" 200 1339 "-" "Mozilla/5.0 (Windows NT 5.1; rv:25.0) Gecko/20100101 Firefox/25.0"
82.80.249.164 - - [27/Jun/2019:15:18:12 +0000] "GET /assets/plugins/flag/flags/1x1/sm.svg HTTP/1.1" 200 36277 "-" "Mozilla/5.0 (Windows NT 6.1; WOW64; Trident/7.0; rv:11.0) like Gecko"
82.80.230.228 - - [27/Jun/2019:15:18:11 +0000] "GET /assets/plugins/flag/flags/1x1/va.svg HTTP/1.1" 200 123563 "-" "Mozilla/5.0 (Macintosh; Intel Mac OS X 10_6_8) AppleWebKit/534.59.10 (KHTML, like Gecko) Version/5.1.9 Safari/534.59.10"
82.80.230.228 - - [27/Jun/2019:15:18:12 +0000] "GET /assets/plugins/flag/flags/1x1/hu.svg HTTP/1.1" 200 360 "-" "Mozilla/5.0 (Windows NT 6.1) AppleWebKit/537.36 (KHTML, like Gecko) Chrome/31.0.1650.63 Safari/537.36"
82.80.230.228 - - [27/Jun/2019:15:18:13 +0000] "GET /assets/plugins/flag/flags/4x3/sb.svg HTTP/1.1" 200 2391 "-" "Mozilla/5.0 (Windows NT 6.1; WOW64; rv:31.0) Gecko/20100101 Firefox/31.0"
82.80.249.155 - - [27/Jun/2019:15:18:14 +0000] "GET /assets/plugins/flag/flags/1x1/ly.svg HTTP/1.1" 301 278 "-" "Mozilla/5.0 (X11; Ubuntu; Linux i686; rv:26.0) Gecko/20100101 Firefox/26.0"
82.80.249.155 - - [27/Jun/2019:15:18:14 +0000] "GET /assets/plugins/flag/flags/1x1/ly.svg HTTP/1.1" 200 1168 "-" "Mozilla/5.0 (X11; Ubuntu; Linux i686; rv:26.0) Gecko/20100101 Firefox/26.0"
82.80.230.228 - - [27/Jun/2019:15:18:14 +0000] "GET /images/Home-1/even-l-icon-color1.png HTTP/1.1" 200 221 "-" "Mozilla/6.0 (compatible)"
82.80.230.228 - - [27/Jun/2019:15:18:15 +0000] "GET /assets/plugins/flag/flags/1x1/ky.svg HTTP/1.1" 200 45201 "-" "Mozilla/5.0 (Windows NT 6.1; WOW64; rv:27.0) Gecko/20100101 Firefox/27.0"
82.80.249.194 - - [27/Jun/2019:15:18:15 +0000] "GET /assets/plugins/flag/flags/1x1/nu.svg HTTP/1.1" 301 278 "-" "Mozilla/5.0 (Windows NT 6.1; WOW64; rv:31.0) Gecko/20100101 Firefox/31.0"
82.80.249.194 - - [27/Jun/2019:15:18:15 +0000] "GET /assets/plugins/flag/flags/1x1/nu.svg HTTP/1.1" 200 3997 "-" "Mozilla/5.0 (Windows NT 6.1; WOW64; rv:31.0) Gecko/20100101 Firefox/31.0"
82.80.249.163 - - [27/Jun/2019:15:18:16 +0000] "GET /assets/plugins/flag/flags/1x1/sy.svg HTTP/1.1" 301 278 "-" "Mozilla/5.0 (Macintosh; Intel Mac OS X 10_9_1) AppleWebKit/537.36 (KHTML, like Gecko) Chrome/31.0.1650.63 Safari/537.36"
82.80.249.163 - - [27/Jun/2019:15:18:16 +0000] "GET /assets/plugins/flag/flags/1x1/sy.svg HTTP/1.1" 200 2113 "-" "Mozilla/5.0 (Macintosh; Intel Mac OS X 10_9_1) AppleWebKit/537.36 (KHTML, like Gecko) Chrome/31.0.1650.63 Safari/537.36"
82.80.249.143 - - [27/Jun/2019:15:18:17 +0000] "GET /assets/plugins/flag/flags/4x3/hn.svg HTTP/1.1" 301 278 "-" "Mozilla/5.0 (Macintosh; Intel Mac OS X 10_8_5) AppleWebKit/536.30.1 (KHTML, like Gecko) Version/6.0.5 Safari/536.30.1"
82.80.230.228 - - [27/Jun/2019:15:18:17 +0000] "GET /assets/plugins/flag/flags/1x1/bd.svg HTTP/1.1" 301 278 "-" "Mozilla/5.0 (Macintosh; Intel Mac OS X 10_9) AppleWebKit/537.71 (KHTML, like Gecko) Version/7.0 Safari/537.71"
82.80.249.143 - - [27/Jun/2019:15:18:17 +0000] "GET /assets/plugins/flag/flags/4x3/hn.svg HTTP/1.1" 200 1141 "-" "Mozilla/5.0 (Macintosh; Intel Mac OS X 10_8_5) AppleWebKit/536.30.1 (KHTML, like Gecko) Version/6.0.5 Safari/536.30.1"
82.80.230.228 - - [27/Jun/2019:15:18:17 +0000] "GET /assets/plugins/flag/flags/1x1/bd.svg HTTP/1.1" 200 364 "-" "Mozilla/5.0 (Macintosh; Intel Mac OS X 10_9) AppleWebKit/537.71 (KHTML, like Gecko) Version/7.0 Safari/537.71"
82.80.230.228 - - [27/Jun/2019:15:18:17 +0000] "GET /assets/plugins/flag/flags/4x3/vn.svg HTTP/1.1" 200 1180 "-" "Mozilla/5.0 (Windows NT 6.3; WOW64; Trident/7.0; Touch; rv:11.0) like Gecko"
82.80.249.157 - - [27/Jun/2019:15:18:18 +0000] "GET /assets/plugins/flag/flags/1x1/fr.svg HTTP/1.1" 301 278 "-" "Mozilla/5.0 (Windows NT 6.3; WOW64; Trident/7.0; rv:11.0) like Gecko"
82.80.249.157 - - [27/Jun/2019:15:18:18 +0000] "GET /assets/plugins/flag/flags/1x1/fr.svg HTTP/1.1" 200 350 "-" "Mozilla/5.0 (Windows NT 6.3; WOW64; Trident/7.0; rv:11.0) like Gecko"
82.80.230.228 - - [27/Jun/2019:15:18:18 +0000] "GET /assets/plugins/flag/flags/1x1/rw.svg HTTP/1.1" 200 3320 "-" "Mozilla/5.0 (Windows NT 6.1; Trident/7.0; rv:11.0) like Gecko"
82.80.230.228 - - [27/Jun/2019:15:18:19 +0000] "GET /images/icons/table-tennis.png HTTP/1.1" 200 1102 "-" "Mozilla/5.0 (Windows NT 6.1) AppleWebKit/537.36 (KHTML, like Gecko) Chrome/32.0.1700.72 Safari/537.36"
82.80.230.228 - - [27/Jun/2019:15:18:19 +0000] "GET /assets/plugins/flag/flags/4x3/uy.svg HTTP/1.1" 200 11703 "-" "Mozilla/5.0 (Windows NT 6.0) AppleWebKit/537.36 (KHTML, like Gecko) Chrome/31.0.1650.63 Safari/537.36"
82.80.230.228 - - [27/Jun/2019:15:18:19 +0000] "GET /assets/plugins/flag/flags/1x1/km.svg HTTP/1.1" 301 278 "-" "Mozilla/5.0 (X11; Ubuntu; Linux x86_64; rv:26.0) Gecko/20100101 Firefox/26.0"
82.80.230.228 - - [27/Jun/2019:15:18:19 +0000] "GET /assets/plugins/flag/flags/4x3/tr.svg HTTP/1.1" 301 278 "-" "Mozilla/5.0 (Windows NT 6.1; WOW64; rv:28.0) Gecko/20100101 Firefox/28.0"
82.80.230.228 - - [27/Jun/2019:15:18:20 +0000] "GET /assets/plugins/flag/flags/4x3/tr.svg HTTP/1.1" 200 721 "-" "Mozilla/5.0 (Windows NT 6.1; WOW64; rv:28.0) Gecko/20100101 Firefox/28.0"
82.80.230.228 - - [27/Jun/2019:15:18:20 +0000] "GET /assets/plugins/flag/flags/1x1/km.svg HTTP/1.1" 200 3246 "-" "Mozilla/5.0 (X11; Ubuntu; Linux x86_64; rv:26.0) Gecko/20100101 Firefox/26.0"
82.80.230.228 - - [27/Jun/2019:15:18:20 +0000] "GET /assets/plugins/flag/flags/4x3/cw.svg HTTP/1.1" 301 278 "-" "Mozilla/5.0 (X11; Ubuntu; Linux i686; rv:26.0) Gecko/20100101 Firefox/26.0"
82.80.230.228 - - [27/Jun/2019:15:18:20 +0000] "GET /assets/plugins/flag/flags/4x3/cw.svg HTTP/1.1" 200 751 "-" "Mozilla/5.0 (X11; Ubuntu; Linux i686; rv:26.0) Gecko/20100101 Firefox/26.0"
82.80.230.228 - - [27/Jun/2019:15:18:20 +0000] "GET /assets/plugins/flag/flags/4x3/tl.svg HTTP/1.1" 200 1339 "-" "Mozilla/5.0 (Windows NT 6.3; WOW64; rv:26.0) Gecko/20100101 Firefox/26.0"
82.80.249.164 - - [27/Jun/2019:15:18:20 +0000] "GET /images/apartments/studio3/studio3-3.jpg HTTP/1.1" 200 124268 "-" "Mozilla/5.0 (compatible)"
82.80.249.204 - - [27/Jun/2019:15:18:21 +0000] "GET /assets/plugins/flag/flags/4x3/ad.svg HTTP/1.1" 200 29656 "-" "Mozilla/5.0 (Windows NT 6.1; WOW64; rv:31.0) Gecko/20100101 Firefox/31.0"
82.80.249.204 - - [27/Jun/2019:15:18:21 +0000] "GET /assets/plugins/flag/flags/4x3/as.svg HTTP/1.1" 301 278 "-" "Mozilla/5.0 (compatible; MSIE 9.0; Windows NT 6.1; Trident/5.0)"
82.80.230.228 - - [27/Jun/2019:15:18:21 +0000] "GET /assets/plugins/flag/flags/4x3/kr.svg HTTP/1.1" 301 278 "-" "Mozilla/5.0 (Macintosh; Intel Mac OS X 10_8_5) AppleWebKit/537.73.11 (KHTML, like Gecko) Version/6.1.1 Safari/537.73.11"
82.80.249.164 - - [27/Jun/2019:15:18:21 +0000] "GET /assets/plugins/flag/flags/4x3/in.svg HTTP/1.1" 200 10145 "-" "Mozilla/5.0 (Windows NT 6.1; WOW64; rv:29.0) Gecko/20100101 Firefox/29.0"
82.80.249.204 - - [27/Jun/2019:15:18:21 +0000] "GET /assets/plugins/flag/flags/4x3/as.svg HTTP/1.1" 200 11746 "-" "Mozilla/5.0 (compatible; MSIE 9.0; Windows NT 6.1; Trident/5.0)"
82.80.230.228 - - [27/Jun/2019:15:18:21 +0000] "GET /assets/plugins/flag/flags/4x3/dk.svg HTTP/1.1" 301 278 "-" "Mozilla/6.0 (compatible)"
82.80.230.228 - - [27/Jun/2019:15:18:21 +0000] "GET /assets/plugins/flag/flags/4x3/kr.svg HTTP/1.1" 200 4337 "-" "Mozilla/5.0 (Macintosh; Intel Mac OS X 10_8_5) AppleWebKit/537.73.11 (KHTML, like Gecko) Version/6.1.1 Safari/537.73.11"
82.80.230.228 - - [27/Jun/2019:15:18:22 +0000] "GET /assets/plugins/flag/flags/4x3/fo.svg HTTP/1.1" 301 278 "-" "Mozilla/5.0 (Macintosh; Intel Mac OS X 10_6_8) AppleWebKit/534.59.10 (KHTML, like Gecko) Version/5.1.9 Safari/534.59.10"
82.80.230.228 - - [27/Jun/2019:15:18:22 +0000] "GET /assets/plugins/flag/flags/4x3/dk.svg HTTP/1.1" 200 524 "-" "Mozilla/6.0 (compatible)"
82.80.230.228 - - [27/Jun/2019:15:18:22 +0000] "GET /assets/plugins/flag/flags/4x3/fo.svg HTTP/1.1" 200 683 "-" "Mozilla/5.0 (Macintosh; Intel Mac OS X 10_6_8) AppleWebKit/534.59.10 (KHTML, like Gecko) Version/5.1.9 Safari/534.59.10"
82.80.249.143 - - [27/Jun/2019:15:18:22 +0000] "GET /assets/plugins/flag/flags/4x3/af.svg HTTP/1.1" 200 91189 "-" "Mozilla/5.0 (Macintosh; Intel Mac OS X 10_9_0) AppleWebKit/537.36 (KHTML, like Gecko) Chrome/31.0.1650.57 Safari/537.36"
82.80.230.228 - - [27/Jun/2019:15:18:22 +0000] "GET /assets/plugins/flag/flags/4x3/pl.svg HTTP/1.1" 301 278 "-" "Mozilla/5.0 (Windows NT 6.3; WOW64) AppleWebKit/537.36 (KHTML, like Gecko) Chrome/31.0.1650.63 Safari/537.36"
82.80.249.194 - - [27/Jun/2019:15:18:22 +0000] "GET /images/Home-1/icon-our.png HTTP/1.1" 200 426 "-" "Mozilla/5.0 (Macintosh; Intel Mac OS X 10_6_8) AppleWebKit/534.59.10 (KHTML, like Gecko) Version/5.1.9 Safari/534.59.10"
82.80.230.228 - - [27/Jun/2019:15:18:22 +0000] "GET /assets/plugins/flag/flags/4x3/pl.svg HTTP/1.1" 200 813 "-" "Mozilla/5.0 (Windows NT 6.3; WOW64) AppleWebKit/537.36 (KHTML, like Gecko) Chrome/31.0.1650.63 Safari/537.36"
82.80.249.133 - - [27/Jun/2019:15:18:23 +0000] "GET /assets/plugins/flag/flags/1x1/bn.svg HTTP/1.1" 200 22656 "-" "Mozilla/5.0 (Windows NT 6.1; WOW64; rv:27.3) Gecko/20100101 Firefox/27.3"
82.80.249.157 - - [27/Jun/2019:15:18:23 +0000] "GET /assets/plugins/flag/flags/4x3/td.svg HTTP/1.1" 301 278 "-" "Mozilla/5.0 (Macintosh; Intel Mac OS X 10_8_5) AppleWebKit/537.71 (KHTML, like Gecko) Version/6.1 Safari/537.71"
82.80.230.228 - - [27/Jun/2019:15:18:23 +0000] "GET /assets/plugins/flag/flags/1x1/gb-eng.svg HTTP/1.1" 301 282 "-" "Mozilla/5.0 (Windows NT 6.3; WOW64) AppleWebKit/537.36 (KHTML, like Gecko) Chrome/32.0.1700.72 Safari/537.36"
82.80.249.227 - - [27/Jun/2019:15:18:23 +0000] "GET /assets/plugins/flag/flags/4x3/ug.svg HTTP/1.1" 301 278 "-" "Mozilla/5.0 (Windows NT 6.1; WOW64; rv:24.0) Gecko/20100101 Firefox/24.0"
82.80.249.157 - - [27/Jun/2019:15:18:23 +0000] "GET /assets/plugins/flag/flags/4x3/td.svg HTTP/1.1" 200 843 "-" "Mozilla/5.0 (Macintosh; Intel Mac OS X 10_8_5) AppleWebKit/537.71 (KHTML, like Gecko) Version/6.1 Safari/537.71"
82.80.230.228 - - [27/Jun/2019:15:18:24 +0000] "GET /assets/plugins/flag/flags/1x1/jo.svg HTTP/1.1" 301 278 "-" "Mozilla/5.0 (X11; Linux x86_64) AppleWebKit/537.36 (KHTML, like Gecko) Chrome/31.0.1650.63 Safari/537.36"
82.80.230.228 - - [27/Jun/2019:15:18:24 +0000] "GET /assets/plugins/flag/flags/1x1/gb-eng.svg HTTP/1.1" 200 236 "-" "Mozilla/5.0 (Windows NT 6.3; WOW64) AppleWebKit/537.36 (KHTML, like Gecko) Chrome/32.0.1700.72 Safari/537.36"
82.80.230.228 - - [27/Jun/2019:15:18:24 +0000] "GET /assets/plugins/flag/flags/1x1/jo.svg HTTP/1.1" 200 1436 "-" "Mozilla/5.0 (X11; Linux x86_64) AppleWebKit/537.36 (KHTML, like Gecko) Chrome/31.0.1650.63 Safari/537.36"
82.80.249.227 - - [27/Jun/2019:15:18:24 +0000] "GET /assets/plugins/flag/flags/4x3/ug.svg HTTP/1.1" 200 6844 "-" "Mozilla/5.0 (Windows NT 6.1; WOW64; rv:24.0) Gecko/20100101 Firefox/24.0"
82.80.230.228 - - [27/Jun/2019:15:18:24 +0000] "GET /assets/plugins/flag/flags/4x3/co.svg HTTP/1.1" 200 337 "-" "Mozilla/5.0 (X11; Linux x86_64) AppleWebKit/537.36 (KHTML, like Gecko) Chrome/31.0.1650.57 Safari/537.36"
82.80.230.228 - - [27/Jun/2019:15:18:24 +0000] "GET /assets/plugins/flag/flags/1x1/it.svg HTTP/1.1" 200 875 "-" "Mozilla/5.0 (Macintosh; Intel Mac OS X 10.9; rv:25.0) Gecko/20100101 Firefox/25.0"
82.80.249.143 - - [27/Jun/2019:15:18:24 +0000] "GET /assets/plugins/flag/flags/1x1/om.svg HTTP/1.1" 301 278 "-" "Mozilla/5.0 (Windows NT 6.1; WOW64; rv:24.0) Gecko/20100101 Firefox/24.0"
82.80.249.227 - - [27/Jun/2019:15:18:25 +0000] "GET /assets/plugins/flag/flags/1x1/sk.svg HTTP/1.1" 200 2274 "-" "Mozilla/5.0 (Windows NT 6.2; Win64; x64; rv:27.0) Gecko/20100101 Firefox/27.0"
82.80.249.194 - - [27/Jun/2019:15:18:25 +0000] "GET /images/apartments/apartment-a/apartman-a-3.jpg HTTP/1.1" 200 116948 "-" "Mozilla/5.0 (Windows NT 5.1; rv:25.0) Gecko/20100101 Firefox/25.0"
82.80.249.143 - - [27/Jun/2019:15:18:25 +0000] "GET /assets/plugins/flag/flags/1x1/om.svg HTTP/1.1" 200 52376 "-" "Mozilla/5.0 (Windows NT 6.1; WOW64; rv:24.0) Gecko/20100101 Firefox/24.0"
82.80.244.51 - - [27/Jun/2019:15:18:25 +0000] "GET /assets/plugins/flag/flags/4x3/kz.svg HTTP/1.1" 200 20868 "-" "Mozilla/5.0 (Macintosh; Intel Mac OS X 10_7_5) AppleWebKit/537.71 (KHTML, like Gecko) Version/6.1 Safari/537.71"
82.80.249.164 - - [27/Jun/2019:15:18:25 +0000] "GET /assets/plugins/flag/flags/1x1/sy.svg HTTP/1.1" 200 2113 "-" "Mozilla/5.0 (Windows NT 6.1; rv:25.0) Gecko/20100101 Firefox/25.0"
82.80.249.152 - - [27/Jun/2019:15:18:26 +0000] "GET /assets/plugins/flag/flags/4x3/pr.svg HTTP/1.1" 301 278 "-" "Mozilla/5.0 (Windows NT 6.1; WOW64) AppleWebKit/537.36 (KHTML, like Gecko) Chrome/41.0.2227.0 Safari/537.36"
82.80.230.228 - - [27/Jun/2019:15:18:26 +0000] "GET /assets/plugins/flag/flags/4x3/cr.svg HTTP/1.1" 200 336 "-" "Mozilla/5.0 (compatible; MSIE 10.0; Windows NT 6.1; WOW64; Trident/6.0)"
82.80.230.228 - - [27/Jun/2019:15:18:26 +0000] "GET /images/Blog/Shape-101.png HTTP/1.1" 404 1104 "-" "Mozilla/5.0 (Macintosh; Intel Mac OS X 10.9; rv:25.0) Gecko/20100101 Firefox/25.0"
82.80.249.152 - - [27/Jun/2019:15:18:26 +0000] "GET /assets/plugins/flag/flags/4x3/pr.svg HTTP/1.1" 200 1509 "-" "Mozilla/5.0 (Windows NT 6.1; WOW64) AppleWebKit/537.36 (KHTML, like Gecko) Chrome/41.0.2227.0 Safari/537.36"
82.80.249.204 - - [27/Jun/2019:15:18:26 +0000] "GET /assets/plugins/flag/flags/1x1/ke.svg HTTP/1.1" 301 278 "-" "Mozilla/5.0 (Macintosh; Intel Mac OS X 10_8_5) AppleWebKit/537.36 (KHTML, like Gecko) Chrome/31.0.1650.63 Safari/537.36"
82.80.249.143 - - [27/Jun/2019:15:18:27 +0000] "GET /assets/plugins/flag/flags/1x1/mx.svg HTTP/1.1" 301 278 "-" "Mozilla/5.0 (Windows NT 6.1; WOW64) AppleWebKit/537.36 (KHTML, like Gecko) Chrome/32.0.1700.41 Safari/537.36"
82.80.249.204 - - [27/Jun/2019:15:18:27 +0000] "GET /assets/plugins/flag/flags/1x1/ke.svg HTTP/1.1" 200 2953 "-" "Mozilla/5.0 (Macintosh; Intel Mac OS X 10_8_5) AppleWebKit/537.36 (KHTML, like Gecko) Chrome/31.0.1650.63 Safari/537.36"
82.80.249.143 - - [27/Jun/2019:15:18:27 +0000] "GET /images/Home-1/even-r-icon.png HTTP/1.1" 200 234 "-" "Mozilla/5.0 (compatible; MSIE 9.0; Windows NT 6.1; Trident/5.0)"
82.80.249.143 - - [27/Jun/2019:15:18:27 +0000] "GET /assets/plugins/flag/flags/1x1/mx.svg HTTP/1.1" 200 72289 "-" "Mozilla/5.0 (Windows NT 6.1; WOW64) AppleWebKit/537.36 (KHTML, like Gecko) Chrome/32.0.1700.41 Safari/537.36"
82.80.230.228 - - [27/Jun/2019:15:18:27 +0000] "GET /assets/plugins/flag/flags/1x1/gd.svg HTTP/1.1" 200 1906 "-" "Mozilla/5.0 (compatible, MSIE 11, Windows NT 6.3; Trident/7.0; rv:11.0) like Gecko"
82.80.230.228 - - [27/Jun/2019:15:18:28 +0000] "GET /assets/plugins/flag/flags/4x3/bo.svg HTTP/1.1" 301 278 "-" "Opera/9.80 (Windows NT 6.1; WOW64) Presto/2.12.388 Version/12.16"
82.80.230.228 - - [27/Jun/2019:15:18:28 +0000] "GET /images/Home-1/even-l-icon.png HTTP/1.1" 301 271 "-" "Mozilla/5.0 (Macintosh; Intel Mac OS X 10_8_4) AppleWebKit/537.36 (KHTML, like Gecko) Chrome/31.0.1650.63 Safari/537.36"
82.80.230.228 - - [27/Jun/2019:15:18:28 +0000] "GET /assets/plugins/flag/flags/4x3/bo.svg HTTP/1.1" 200 328 "-" "Opera/9.80 (Windows NT 6.1; WOW64) Presto/2.12.388 Version/12.16"
82.80.230.228 - - [27/Jun/2019:15:18:28 +0000] "GET /images/Home-1/even-l-icon.png HTTP/1.1" 200 238 "-" "Mozilla/5.0 (Macintosh; Intel Mac OS X 10_8_4) AppleWebKit/537.36 (KHTML, like Gecko) Chrome/31.0.1650.63 Safari/537.36"
82.80.249.227 - - [27/Jun/2019:15:18:28 +0000] "GET /assets/plugins/flag/flags/4x3/ng.svg HTTP/1.1" 200 957 "-" "Mozilla/5.0 (Macintosh; Intel Mac OS X 10_9_1) AppleWebKit/537.36 (KHTML, like Gecko) Chrome/31.0.1650.63 Safari/537.36"
82.80.230.228 - - [27/Jun/2019:15:18:28 +0000] "GET /assets/plugins/flag/flags/1x1/gf.svg HTTP/1.1" 200 270 "-" "Mozilla/5.0 (Macintosh; Intel Mac OS X 10_9_1) AppleWebKit/537.36 (KHTML, like Gecko) Chrome/32.0.1700.68 Safari/537.36"
82.80.249.152 - - [27/Jun/2019:15:18:29 +0000] "GET /assets/plugins/flag/flags/1x1/cw.svg HTTP/1.1" 301 278 "-" "Mozilla/5.0 (Windows NT 6.2; WOW64; rv:26.0) Gecko/20100101 Firefox/26.0"
82.80.230.228 - - [27/Jun/2019:15:18:29 +0000] "GET /assets/plugins/flag/flags/4x3/et.svg HTTP/1.1" 301 278 "-" "Mozilla/5.0 (Windows NT 6.2; WOW64; rv:26.0) Gecko/20100101 Firefox/26.0"
82.80.249.227 - - [27/Jun/2019:15:18:29 +0000] "GET /assets/plugins/flag/flags/1x1/za.svg HTTP/1.1" 301 278 "-" "Mozilla/5.0 (Macintosh; Intel Mac OS X 10_6_8) AppleWebKit/534.59.10 (KHTML, like Gecko) Version/5.1.9 Safari/534.59.10"
82.80.249.164 - - [27/Jun/2019:15:18:29 +0000] "GET /images/testimonials.jpg HTTP/1.1" 200 383473 "-" "Mozilla/5.0 (Macintosh; Intel Mac OS X 10_9_1) AppleWebKit/537.36 (KHTML, like Gecko) Chrome/32.0.1700.68 Safari/537.36"
82.80.249.152 - - [27/Jun/2019:15:18:29 +0000] "GET /assets/plugins/flag/flags/1x1/cw.svg HTTP/1.1" 200 758 "-" "Mozilla/5.0 (Windows NT 6.2; WOW64; rv:26.0) Gecko/20100101 Firefox/26.0"
82.80.230.228 - - [27/Jun/2019:15:18:29 +0000] "GET /assets/plugins/flag/flags/4x3/et.svg HTTP/1.1" 200 1607 "-" "Mozilla/5.0 (Windows NT 6.2; WOW64; rv:26.0) Gecko/20100101 Firefox/26.0"
82.80.249.227 - - [27/Jun/2019:15:18:29 +0000] "GET /assets/plugins/flag/flags/1x1/za.svg HTTP/1.1" 200 1766 "-" "Mozilla/5.0 (Macintosh; Intel Mac OS X 10_6_8) AppleWebKit/534.59.10 (KHTML, like Gecko) Version/5.1.9 Safari/534.59.10"
82.80.230.228 - - [27/Jun/2019:15:18:30 +0000] "GET /assets/plugins/flag/flags/1x1/pe.svg HTTP/1.1" 200 867 "-" "Mozilla/5.0 (Macintosh; Intel Mac OS X 10_8_5) AppleWebKit/537.73.11 (KHTML, like Gecko) Version/6.1.1 Safari/537.73.11"
82.80.230.228 - - [27/Jun/2019:15:18:30 +0000] "GET /assets/plugins/flag/flags/1x1/no.svg HTTP/1.1" 301 278 "-" "Mozilla/5.0 (Macintosh; Intel Mac OS X 10_9_1) AppleWebKit/537.73.11 (KHTML, like Gecko) Version/7.0.1 Safari/537.73.11"
82.80.230.228 - - [27/Jun/2019:15:18:30 +0000] "GET /assets/plugins/flag/flags/4x3/sk.svg HTTP/1.1" 301 278 "-" "Mozilla/5.0 (Windows NT 6.1; WOW64; rv:27.0) Gecko/20100101 Firefox/27.0"
82.80.230.228 - - [27/Jun/2019:15:18:30 +0000] "GET /assets/plugins/flag/flags/1x1/no.svg HTTP/1.1" 200 1761 "-" "Mozilla/5.0 (Macintosh; Intel Mac OS X 10_9_1) AppleWebKit/537.73.11 (KHTML, like Gecko) Version/7.0.1 Safari/537.73.11"
82.80.230.228 - - [27/Jun/2019:15:18:31 +0000] "GET /assets/plugins/flag/flags/4x3/sk.svg HTTP/1.1" 200 2323 "-" "Mozilla/5.0 (Windows NT 6.1; WOW64; rv:27.0) Gecko/20100101 Firefox/27.0"
82.80.230.228 - - [27/Jun/2019:15:18:31 +0000] "GET /assets/plugins/flag/flags/1x1/ps.svg HTTP/1.1" 200 1183 "-" "Mozilla/5.0 (Macintosh; Intel Mac OS X 10_8_5) AppleWebKit/537.71 (KHTML, like Gecko) Version/6.1 Safari/537.71"
82.80.249.204 - - [27/Jun/2019:15:18:31 +0000] "GET /assets/plugins/flag/flags/1x1/pw.svg HTTP/1.1" 301 278 "-" "Mozilla/5.0 (Windows NT 6.1; WOW64) AppleWebKit/537.36 (KHTML, like Gecko) Chrome/31.0.1650.57 Safari/537.36"
82.80.249.227 - - [27/Jun/2019:15:18:31 +0000] "GET /assets/plugins/flag/flags/4x3/hm.svg HTTP/1.1" 200 1918 "-" "Mozilla/5.0 (Macintosh; Intel Mac OS X 10.9; rv:25.0) Gecko/20100101 Firefox/25.0"
82.80.249.204 - - [27/Jun/2019:15:18:31 +0000] "GET /assets/plugins/flag/flags/1x1/hk.svg HTTP/1.1" 301 278 "-" "Mozilla/6.0 (compatible)"
82.80.249.204 - - [27/Jun/2019:15:18:31 +0000] "GET /assets/plugins/flag/flags/1x1/pw.svg HTTP/1.1" 200 1253 "-" "Mozilla/5.0 (Windows NT 6.1; WOW64) AppleWebKit/537.36 (KHTML, like Gecko) Chrome/31.0.1650.57 Safari/537.36"
82.80.249.204 - - [27/Jun/2019:15:18:31 +0000] "GET /assets/plugins/flag/flags/1x1/hk.svg HTTP/1.1" 200 4711 "-" "Mozilla/6.0 (compatible)"
82.80.230.228 - - [27/Jun/2019:15:18:32 +0000] "GET /assets/plugins/flag/flags/1x1/rs.svg HTTP/1.1" 301 278 "-" "Mozilla/5.0 (Macintosh; Intel Mac OS X 10_8_5) AppleWebKit/536.30.1 (KHTML, like Gecko) Version/6.0.5 Safari/536.30.1"
82.80.230.228 - - [27/Jun/2019:15:18:32 +0000] "GET /assets/plugins/flag/flags/4x3/dz.svg HTTP/1.1" 301 278 "-" "Mozilla/5.0 (X11; Linux x86_64) AppleWebKit/537.36 (KHTML, like Gecko) Chrome/31.0.1650.63 Safari/537.36"
82.80.230.228 - - [27/Jun/2019:15:18:32 +0000] "GET /assets/plugins/flag/flags/1x1/mz.svg HTTP/1.1" 200 5178 "-" "Mozilla/5.0 (Macintosh; Intel Mac OS X 10_6_8) AppleWebKit/537.36 (KHTML, like Gecko) Chrome/31.0.1650.63 Safari/537.36"
82.80.230.228 - - [27/Jun/2019:15:18:32 +0000] "GET /assets/plugins/flag/flags/4x3/dz.svg HTTP/1.1" 200 840 "-" "Mozilla/5.0 (X11; Linux x86_64) AppleWebKit/537.36 (KHTML, like Gecko) Chrome/31.0.1650.63 Safari/537.36"
82.80.230.228 - - [27/Jun/2019:15:18:32 +0000] "GET /assets/plugins/flag/flags/1x1/rs.svg HTTP/1.1" 200 875049 "-" "Mozilla/5.0 (Macintosh; Intel Mac OS X 10_8_5) AppleWebKit/536.30.1 (KHTML, like Gecko) Version/6.0.5 Safari/536.30.1"
82.80.230.228 - - [27/Jun/2019:15:18:33 +0000] "GET /uploads/thumbnails/e0188e76eefd685d644ed0524020812d.jpg HTTP/1.1" 200 92885 "-" "Mozilla/5.0 (Windows NT 6.1; Trident/7.0; rv:11.0) like Gecko"
82.80.249.164 - - [27/Jun/2019:15:18:33 +0000] "GET /assets/plugins/flag/flags/1x1/er.svg HTTP/1.1" 200 4881 "-" "Mozilla/5.0 (Windows NT 6.3; WOW64) AppleWebKit/537.36 (KHTML, like Gecko) Chrome/32.0.1700.72 Safari/537.36"
82.80.230.228 - - [27/Jun/2019:15:18:33 +0000] "GET /images/Home-1/icon-slider-r.png HTTP/1.1" 200 604 "-" "Mozilla/5.0 (Macintosh; Intel Mac OS X 10.8; rv:26.0) Gecko/20100101 Firefox/26.0"
82.80.230.228 - - [27/Jun/2019:15:18:34 +0000] "GET /images/Home-3/icon.png HTTP/1.1" 301 264 "-" "Mozilla/5.0 (Macintosh; Intel Mac OS X 10_9_1) AppleWebKit/537.36 (KHTML, like Gecko) Chrome/32.0.1700.68 Safari/537.36"
82.80.230.228 - - [27/Jun/2019:15:18:34 +0000] "GET /images/Home-3/icon.png HTTP/1.1" 200 471 "-" "Mozilla/5.0 (Macintosh; Intel Mac OS X 10_9_1) AppleWebKit/537.36 (KHTML, like Gecko) Chrome/32.0.1700.68 Safari/537.36"
82.80.230.228 - - [27/Jun/2019:15:18:35 +0000] "GET /assets/plugins/flag/flags/1x1/cm.svg HTTP/1.1" 200 512 "-" "Mozilla/5.0 (Windows NT 6.1; WOW64; rv:25.0) Gecko/20100101 Firefox/25.0"
82.80.230.228 - - [27/Jun/2019:15:18:35 +0000] "GET /images/apartments/apartment-a/apartman-a-1.jpg HTTP/1.1" 200 129050 "-" "Mozilla/5.0 (Windows NT 5.1; rv:26.0) Gecko/20100101 Firefox/26.0"
82.80.230.228 - - [27/Jun/2019:15:18:36 +0000] "GET /assets/plugins/flag/flags/1x1/lv.svg HTTP/1.1" 200 890 "-" "Mozilla/5.0 (Windows NT 6.1; WOW64; rv:25.0) Gecko/20100101 Firefox/25.0"
82.80.230.228 - - [27/Jun/2019:15:18:36 +0000] "GET /assets/plugins/flag/flags/4x3/sz.svg HTTP/1.1" 200 13613 "-" "Mozilla/5.0 (Windows NT 6.1; WOW64; rv:28.0) Gecko/20100101 Firefox/28.0"
82.80.230.228 - - [27/Jun/2019:15:18:36 +0000] "GET /assets/plugins/flag/flags/1x1/ni.svg HTTP/1.1" 200 29857 "-" "Mozilla/5.0 (Windows NT 6.1; WOW64) AppleWebKit/537.36 (KHTML, like Gecko) Chrome/31.0.1650.57 Safari/537.36"
82.80.230.228 - - [27/Jun/2019:15:18:37 +0000] "GET /assets/plugins/flag/flags/4x3/gi.svg HTTP/1.1" 301 278 "-" "Mozilla/5.0 (Windows NT 6.1; WOW64; rv:36.0) Gecko/20100101 Firefox/36.0"
82.80.230.228 - - [27/Jun/2019:15:18:37 +0000] "GET /images/slider2.jpg HTTP/1.1" 200 250482 "-" "Mozilla/5.0 (Macintosh; Intel Mac OS X 10_9_0) AppleWebKit/537.36 (KHTML, like Gecko) Chrome/31.0.1650.63 Safari/537.36"
82.80.230.228 - - [27/Jun/2019:15:18:37 +0000] "GET /assets/plugins/flag/flags/1x1/mp.svg HTTP/1.1" 301 278 "-" "Mozilla/5.0 (compatible; MSIE 10.0; Windows NT 6.1; WOW64; Trident/6.0)"
82.80.230.228 - - [27/Jun/2019:15:18:37 +0000] "GET /assets/plugins/flag/flags/4x3/gi.svg HTTP/1.1" 200 21306 "-" "Mozilla/5.0 (Windows NT 6.1; WOW64; rv:36.0) Gecko/20100101 Firefox/36.0"
82.80.230.228 - - [27/Jun/2019:15:18:37 +0000] "GET /assets/plugins/flag/flags/1x1/mp.svg HTTP/1.1" 200 49527 "-" "Mozilla/5.0 (compatible; MSIE 10.0; Windows NT 6.1; WOW64; Trident/6.0)"
82.80.244.51 - - [27/Jun/2019:15:18:38 +0000] "GET /assets/plugins/flag/flags/4x3/ee.svg HTTP/1.1" 301 278 "-" "Mozilla/5.0 (Macintosh; Intel Mac OS X 10_9) AppleWebKit/537.71 (KHTML, like Gecko) Version/7.0 Safari/537.71"
82.80.230.228 - - [27/Jun/2019:15:18:38 +0000] "GET /assets/plugins/flag/flags/4x3/cx.svg HTTP/1.1" 301 278 "-" "Mozilla/5.0 (Macintosh; Intel Mac OS X 10_8_5) AppleWebKit/537.73.11 (KHTML, like Gecko) Version/6.1.1 Safari/537.73.11"
82.80.244.51 - - [27/Jun/2019:15:18:38 +0000] "GET /assets/plugins/flag/flags/4x3/ee.svg HTTP/1.1" 200 369 "-" "Mozilla/5.0 (Macintosh; Intel Mac OS X 10_9) AppleWebKit/537.71 (KHTML, like Gecko) Version/7.0 Safari/537.71"
82.80.230.228 - - [27/Jun/2019:15:18:38 +0000] "GET /assets/plugins/flag/flags/4x3/cx.svg HTTP/1.1" 200 3939 "-" "Mozilla/5.0 (Macintosh; Intel Mac OS X 10_8_5) AppleWebKit/537.73.11 (KHTML, like Gecko) Version/6.1.1 Safari/537.73.11"
82.80.249.164 - - [27/Jun/2019:15:18:39 +0000] "GET /assets/plugins/flag/flags/1x1/gw.svg HTTP/1.1" 301 278 "-" "Mozilla/5.0 (Macintosh; Intel Mac OS X 10_9_1) AppleWebKit/537.36 (KHTML, like Gecko) Chrome/31.0.1650.63 Safari/537.36"
82.80.249.227 - - [27/Jun/2019:15:18:39 +0000] "GET /images/Blog/Shape-101.png HTTP/1.1" 301 267 "-" "Mozilla/5.0 (Windows NT 6.1) AppleWebKit/537.36 (KHTML, like Gecko) Chrome/32.0.1700.72 Safari/537.36"
82.80.230.228 - - [27/Jun/2019:15:18:39 +0000] "GET /assets/plugins/flag/flags/4x3/am.svg HTTP/1.1" 301 278 "-" "Mozilla/5.0 (Windows NT 6.1; WOW64; rv:27.0) Gecko/20100101 Firefox/27.0"
82.80.249.164 - - [27/Jun/2019:15:18:39 +0000] "GET /assets/plugins/flag/flags/1x1/gw.svg HTTP/1.1" 200 644 "-" "Mozilla/5.0 (Macintosh; Intel Mac OS X 10_9_1) AppleWebKit/537.36 (KHTML, like Gecko) Chrome/31.0.1650.63 Safari/537.36"
82.80.230.228 - - [27/Jun/2019:15:18:39 +0000] "GET /assets/plugins/flag/flags/4x3/am.svg HTTP/1.1" 200 338 "-" "Mozilla/5.0 (Windows NT 6.1; WOW64; rv:27.0) Gecko/20100101 Firefox/27.0"
82.80.249.227 - - [27/Jun/2019:15:18:39 +0000] "GET /images/Blog/Shape-101.png HTTP/1.1" 404 1104 "-" "Mozilla/5.0 (Windows NT 6.1) AppleWebKit/537.36 (KHTML, like Gecko) Chrome/32.0.1700.72 Safari/537.36"
82.80.230.228 - - [27/Jun/2019:15:18:39 +0000] "GET /assets/plugins/flag/flags/4x3/at.svg HTTP/1.1" 301 278 "-" "Mozilla/5.0 (compatible, MSIE 11, Windows NT 6.3; Trident/7.0; rv:11.0) like Gecko"
82.80.230.228 - - [27/Jun/2019:15:18:39 +0000] "GET /assets/plugins/flag/flags/4x3/at.svg HTTP/1.1" 200 298 "-" "Mozilla/5.0 (compatible, MSIE 11, Windows NT 6.3; Trident/7.0; rv:11.0) like Gecko"
82.80.249.163 - - [27/Jun/2019:15:18:40 +0000] "GET /assets/plugins/flag/flags/4x3/bq.svg HTTP/1.1" 200 282 "-" "Mozilla/5.0 (Macintosh; Intel Mac OS X 10_9_1) AppleWebKit/537.36 (KHTML, like Gecko) Chrome/32.0.1700.68 Safari/537.36"
82.80.230.228 - - [27/Jun/2019:15:18:40 +0000] "GET /assets/plugins/flag/flags/1x1/gp.svg HTTP/1.1" 200 350 "-" "Mozilla/5.0 (Macintosh; Intel Mac OS X 10_7_5) AppleWebKit/537.71 (KHTML, like Gecko) Version/6.1 Safari/537.71"
82.80.230.228 - - [27/Jun/2019:15:18:40 +0000] "GET /assets/plugins/flag/flags/1x1/bw.svg HTTP/1.1" 200 318 "-" "Mozilla/5.0 (compatible; MSIE 10.0; Windows NT 6.1; WOW64; Trident/6.0)"
82.80.249.204 - - [27/Jun/2019:15:18:41 +0000] "GET /assets/plugins/flag/flags/1x1/as.svg HTTP/1.1" 301 278 "-" "Mozilla/5.0 (Windows NT 6.1; WOW64; Trident/7.0; rv:11.0) like Gecko"
82.80.249.204 - - [27/Jun/2019:15:18:41 +0000] "GET /assets/plugins/flag/flags/1x1/as.svg HTTP/1.1" 200 11833 "-" "Mozilla/5.0 (Windows NT 6.1; WOW64; Trident/7.0; rv:11.0) like Gecko"
82.80.230.228 - - [27/Jun/2019:15:18:41 +0000] "GET /assets/plugins/flag/flags/4x3/gp.svg HTTP/1.1" 301 278 "-" "Mozilla/5.0 (Windows NT 6.2; WOW64) AppleWebKit/537.36 (KHTML, like Gecko) Chrome/31.0.1650.63 Safari/537.36"
82.80.230.228 - - [27/Jun/2019:15:18:41 +0000] "GET /assets/plugins/flag/flags/4x3/vg.svg HTTP/1.1" 200 50291 "-" "Mozilla/5.0 (X11; Linux x86_64) AppleWebKit/537.36 (KHTML, like Gecko) Chrome/31.0.1650.57 Safari/537.36"
82.80.230.228 - - [27/Jun/2019:15:18:42 +0000] "GET /assets/plugins/flag/flags/4x3/gp.svg HTTP/1.1" 200 346 "-" "Mozilla/5.0 (Windows NT 6.2; WOW64) AppleWebKit/537.36 (KHTML, like Gecko) Chrome/31.0.1650.63 Safari/537.36"
82.80.230.228 - - [27/Jun/2019:15:18:42 +0000] "GET /assets/plugins/flag/flags/4x3/bg.svg HTTP/1.1" 301 278 "-" "Mozilla/5.0 (Windows NT 6.1; rv:25.0) Gecko/20100101 Firefox/25.0"
82.80.230.228 - - [27/Jun/2019:15:18:42 +0000] "GET /assets/plugins/flag/flags/1x1/tw.svg HTTP/1.1" 301 278 "-" "Mozilla/5.0 (Windows NT 6.1; WOW64; rv:31.0) Gecko/20100101 Firefox/31.0"
82.80.230.228 - - [27/Jun/2019:15:18:42 +0000] "GET /assets/plugins/flag/flags/4x3/bg.svg HTTP/1.1" 200 338 "-" "Mozilla/5.0 (Windows NT 6.1; rv:25.0) Gecko/20100101 Firefox/25.0"
82.80.249.204 - - [27/Jun/2019:15:18:42 +0000] "GET /images/icons/sunset.png HTTP/1.1" 301 265 "-" "Mozilla/5.0 (Windows NT 6.1; WOW64; rv:33.0) Gecko/20100101 Firefox/33.0"
82.80.230.228 - - [27/Jun/2019:15:18:42 +0000] "GET /assets/plugins/flag/flags/1x1/tw.svg HTTP/1.1" 200 3057 "-" "Mozilla/5.0 (Windows NT 6.1; WOW64; rv:31.0) Gecko/20100101 Firefox/31.0"
82.80.249.194 - - [27/Jun/2019:15:18:42 +0000] "GET /assets/plugins/flag/flags/4x3/sc.svg HTTP/1.1" 301 278 "-" "Mozilla/5.0 (Windows NT 6.1; WOW64; rv:24.0) Gecko/20100101 Firefox/24.0"
