82.80.249.194 - - [27/Jun/2019:15:19:35 +0000] "GET /assets/plugins/flag/flags/4x3/nr.svg HTTP/1.1" 200 1956 "-" "Mozilla/5.0 (Windows NT 6.2; WOW64; rv:26.0) Gecko/20100101 Firefox/26.0"
82.80.230.228 - - [27/Jun/2019:15:19:35 +0000] "GET /assets/plugins/flag/flags/4x3/ky.svg HTTP/1.1" 200 45253 "-" "Mozilla/5.0 (Windows NT 6.3; WOW64) AppleWebKit/537.36 (KHTML, like Gecko) Chrome/32.0.1700.72 Safari/537.36"
82.80.249.164 - - [27/Jun/2019:15:19:36 +0000] "GET /assets/plugins/flag/flags/4x3/pm.svg HTTP/1.1" 301 278 "-" "Mozilla/5.0 (Macintosh; Intel Mac OS X 10_8_5) AppleWebKit/537.73.11 (KHTML, like Gecko) Version/6.1.1 Safari/537.73.11"
82.80.249.164 - - [27/Jun/2019:15:19:36 +0000] "GET /assets/plugins/flag/flags/4x3/pm.svg HTTP/1.1" 200 856 "-" "Mozilla/5.0 (Macintosh; Intel Mac OS X 10_8_5) AppleWebKit/537.73.11 (KHTML, like Gecko) Version/6.1.1 Safari/537.73.11"
82.80.230.228 - - [27/Jun/2019:15:19:36 +0000] "GET /assets/plugins/flag/flags/1x1/cc.svg HTTP/1.1" 200 1850 "-" "Mozilla/5.0 (Macintosh; Intel Mac OS X 10.6; rv:26.0) Gecko/20100101 Firefox/26.0"
82.80.230.228 - - [27/Jun/2019:15:19:36 +0000] "GET /assets/plugins/flag/flags/4x3/ke.svg HTTP/1.1" 301 278 "-" "Mozilla/5.0 (Windows NT 6.3; WOW64) AppleWebKit/537.36 (KHTML, like Gecko) Chrome/31.0.1650.63 Safari/537.36"
82.80.230.228 - - [27/Jun/2019:15:19:36 +0000] "GET /assets/plugins/flag/flags/4x3/vi.svg HTTP/1.1" 301 278 "-" "Mozilla/5.0 (X11; Ubuntu; Linux x86_64; rv:26.0) Gecko/20100101 Firefox/26.0"
82.80.230.228 - - [27/Jun/2019:15:19:36 +0000] "GET /assets/plugins/flag/flags/4x3/ke.svg HTTP/1.1" 200 3102 "-" "Mozilla/5.0 (Windows NT 6.3; WOW64) AppleWebKit/537.36 (KHTML, like Gecko) Chrome/31.0.1650.63 Safari/537.36"
82.80.230.228 - - [27/Jun/2019:15:19:37 +0000] "GET /assets/plugins/flag/flags/4x3/vi.svg HTTP/1.1" 200 12593 "-" "Mozilla/5.0 (X11; Ubuntu; Linux x86_64; rv:26.0) Gecko/20100101 Firefox/26.0"
82.80.230.228 - - [27/Jun/2019:15:19:37 +0000] "GET /assets/plugins/flag/flags/4x3/nz.svg HTTP/1.1" 200 5597 "-" "Mozilla/5.0 (Macintosh; Intel Mac OS X 10_8_4) AppleWebKit/537.36 (KHTML, like Gecko) Chrome/31.0.1650.63 Safari/537.36"
82.80.230.228 - - [27/Jun/2019:15:19:37 +0000] "GET /assets/plugins/flag/flags/4x3/fr.svg HTTP/1.1" 200 346 "-" "Mozilla/5.0 (Windows NT 6.0; rv:26.0) Gecko/20100101 Firefox/26.0"
82.80.249.227 - - [27/Jun/2019:15:19:37 +0000] "GET /unitegallery/skins/default/slider_arrow_right.png HTTP/1.1" 200 493 "-" "Opera/9.80 (Windows NT 6.1; WOW64) Presto/2.12.388 Version/12.16"
82.80.249.152 - - [27/Jun/2019:15:19:38 +0000] "GET /assets/plugins/flag/flags/4x3/pt.svg HTTP/1.1" 301 278 "-" "Mozilla/5.0 (Windows NT 6.1; WOW64) AppleWebKit/537.36 (KHTML, like Gecko) Chrome/31.0.1650.57 Safari/537.36"
82.80.230.228 - - [27/Jun/2019:15:19:38 +0000] "GET /images/icon-croatia.png HTTP/1.1" 301 265 "-" "Mozilla/5.0 (Macintosh; Intel Mac OS X 10_8_5) AppleWebKit/537.71 (KHTML, like Gecko) Version/6.1 Safari/537.71"
82.80.249.152 - - [27/Jun/2019:15:19:38 +0000] "GET /assets/plugins/flag/flags/4x3/pt.svg HTTP/1.1" 200 55238 "-" "Mozilla/5.0 (Windows NT 6.1; WOW64) AppleWebKit/537.36 (KHTML, like Gecko) Chrome/31.0.1650.57 Safari/537.36"
82.80.230.228 - - [27/Jun/2019:15:19:38 +0000] "GET /unitegallery/skins/default/grid_handle_black_top.png HTTP/1.1" 200 942 "-" "Mozilla/5.0 (Windows NT 6.1; WOW64; Trident/7.0; rv:11.0) like Gecko"
82.80.230.228 - - [27/Jun/2019:15:19:38 +0000] "GET /images/icon-croatia.png HTTP/1.1" 200 1664 "-" "Mozilla/5.0 (Macintosh; Intel Mac OS X 10_8_5) AppleWebKit/537.71 (KHTML, like Gecko) Version/6.1 Safari/537.71"
82.80.230.228 - - [27/Jun/2019:15:19:39 +0000] "GET /assets/plugins/flag/flags/1x1/vn.svg HTTP/1.1" 301 278 "-" "Mozilla/5.0 (compatible; MSIE 10.0; Windows NT 6.1; WOW64; Trident/6.0)"
82.80.230.228 - - [27/Jun/2019:15:19:39 +0000] "GET /assets/plugins/flag/flags/1x1/vn.svg HTTP/1.1" 200 1214 "-" "Mozilla/5.0 (compatible; MSIE 10.0; Windows NT 6.1; WOW64; Trident/6.0)"
82.80.230.228 - - [27/Jun/2019:15:19:39 +0000] "GET /unitegallery/images/loader-black6.gif HTTP/1.1" 200 2943 "-" "Mozilla/5.0 (Windows NT 5.1; rv:26.0) Gecko/20100101 Firefox/26.0"
82.80.230.228 - - [27/Jun/2019:15:19:39 +0000] "GET /images/jadrolinija-logo.jpg HTTP/1.1" 301 269 "-" "Mozilla/5.0 (Windows NT 6.0; rv:26.0) Gecko/20100101 Firefox/26.0"
82.80.230.228 - - [27/Jun/2019:15:19:40 +0000] "GET /images/jadrolinija-logo.jpg HTTP/1.1" 200 3577 "-" "Mozilla/5.0 (Windows NT 6.0; rv:26.0) Gecko/20100101 Firefox/26.0"
82.80.230.228 - - [27/Jun/2019:15:19:40 +0000] "GET /assets/plugins/flag/flags/1x1/al.svg HTTP/1.1" 200 5438 "-" "Mozilla/5.0 (compatible)"
82.80.230.228 - - [27/Jun/2019:15:19:40 +0000] "GET /assets/plugins/flag/flags/4x3/ws.svg HTTP/1.1" 301 278 "-" "Mozilla/5.0 (Macintosh; Intel Mac OS X 10_9) AppleWebKit/537.71 (KHTML, like Gecko) Version/7.0 Safari/537.71"
82.80.230.228 - - [27/Jun/2019:15:19:40 +0000] "GET /assets/plugins/flag/flags/1x1/um.svg HTTP/1.1" 200 23399 "-" "Mozilla/5.0 (compatible; MSIE 10.0; Windows NT 6.1; Trident/6.0)"
82.80.249.227 - - [27/Jun/2019:15:19:41 +0000] "GET /assets/plugins/flag/flags/1x1/mk.svg HTTP/1.1" 200 1989 "-" "Mozilla/5.0 (Windows NT 6.2; WOW64; rv:26.0) Gecko/20100101 Firefox/26.0"
82.80.230.228 - - [27/Jun/2019:15:19:41 +0000] "GET /assets/plugins/flag/flags/4x3/ws.svg HTTP/1.1" 200 3032 "-" "Mozilla/5.0 (Macintosh; Intel Mac OS X 10_9) AppleWebKit/537.71 (KHTML, like Gecko) Version/7.0 Safari/537.71"
82.80.249.133 - - [27/Jun/2019:15:19:41 +0000] "GET /unitegallery/images/lightbox-arrow-right.png HTTP/1.1" 200 1317 "-" "Mozilla/5.0 (Windows NT 6.2; WOW64; rv:26.0) Gecko/20100101 Firefox/26.0"
82.80.230.228 - - [27/Jun/2019:15:19:41 +0000] "GET /assets/plugins/flag/flags/1x1/iq.svg HTTP/1.1" 301 278 "-" "Mozilla/5.0 (Macintosh; Intel Mac OS X 10.7; rv:26.0) Gecko/20100101 Firefox/26.0"
82.80.230.228 - - [27/Jun/2019:15:19:42 +0000] "GET /assets/plugins/flag/flags/1x1/iq.svg HTTP/1.1" 200 5268 "-" "Mozilla/5.0 (Macintosh; Intel Mac OS X 10.7; rv:26.0) Gecko/20100101 Firefox/26.0"
82.80.230.228 - - [27/Jun/2019:15:19:42 +0000] "GET /assets/plugins/flag/flags/1x1/my.svg HTTP/1.1" 301 278 "-" "Mozilla/5.0 (Windows NT 5.1) AppleWebKit/537.36 (KHTML, like Gecko) Chrome/31.0.1650.63 Safari/537.36"
82.80.249.155 - - [27/Jun/2019:15:19:42 +0000] "GET /assets/plugins/flag/flags/1x1/my.svg HTTP/1.1" 200 2297 "-" "Mozilla/5.0 (X11; Linux x86_64) AppleWebKit/537.36 (KHTML, like Gecko) Chrome/31.0.1650.63 Safari/537.36"
82.80.230.228 - - [27/Jun/2019:15:19:42 +0000] "GET /assets/plugins/flag/flags/1x1/my.svg HTTP/1.1" 200 2297 "-" "Mozilla/5.0 (Windows NT 5.1) AppleWebKit/537.36 (KHTML, like Gecko) Chrome/31.0.1650.63 Safari/537.36"
82.80.249.155 - - [27/Jun/2019:15:19:42 +0000] "GET /assets/plugins/flag/flags/4x3/gy.svg HTTP/1.1" 301 278 "-" "Mozilla/5.0 (Windows NT 6.1) AppleWebKit/537.36 (KHTML, like Gecko) Chrome/31.0.1650.63 Safari/537.36"
82.80.230.228 - - [27/Jun/2019:15:19:42 +0000] "GET /assets/plugins/flag/flags/4x3/mt.svg HTTP/1.1" 200 22052 "-" "Mozilla/5.0 (Windows NT 6.0; WOW64) AppleWebKit/534.30 (KHTML, like Gecko) Chrome/12.0.742.91 Safari/534.30"
82.80.249.155 - - [27/Jun/2019:15:19:42 +0000] "GET /assets/plugins/flag/flags/4x3/gy.svg HTTP/1.1" 200 606 "-" "Mozilla/5.0 (Windows NT 6.1) AppleWebKit/537.36 (KHTML, like Gecko) Chrome/31.0.1650.63 Safari/537.36"
82.80.230.228 - - [27/Jun/2019:15:19:43 +0000] "GET /images/icons/air-conditioner.png HTTP/1.1" 200 750 "-" "Mozilla/5.0 (X11; Ubuntu; Linux x86_64; rv:25.0) Gecko/20100101 Firefox/25.0"
82.80.230.228 - - [27/Jun/2019:15:19:43 +0000] "GET /assets/plugins/flag/flags/4x3/eu.svg HTTP/1.1" 301 278 "-" "Mozilla/5.0 (Macintosh; Intel Mac OS X 10_8_5) AppleWebKit/537.36 (KHTML, like Gecko) Chrome/31.0.1650.63 Safari/537.36"
82.80.230.228 - - [27/Jun/2019:15:19:43 +0000] "GET /assets/plugins/flag/flags/4x3/bw.svg HTTP/1.1" 301 278 "-" "Mozilla/5.0 (Macintosh; Intel Mac OS X 10_8_5) AppleWebKit/537.73.11 (KHTML, like Gecko) Version/6.1.1 Safari/537.73.11"
82.80.230.228 - - [27/Jun/2019:15:19:43 +0000] "GET /assets/plugins/flag/flags/4x3/sk.svg HTTP/1.1" 200 2323 "-" "Mozilla/5.0 (Windows NT 6.0; rv:26.0) Gecko/20100101 Firefox/26.0"
82.80.230.228 - - [27/Jun/2019:15:19:43 +0000] "GET /assets/plugins/flag/flags/4x3/tn.svg HTTP/1.1" 200 1948 "-" "Opera/9.80 (Windows NT 6.1; WOW64) Presto/2.12.388 Version/12.16"
82.80.230.228 - - [27/Jun/2019:15:19:43 +0000] "GET /assets/plugins/flag/flags/4x3/eu.svg HTTP/1.1" 200 1269 "-" "Mozilla/5.0 (Macintosh; Intel Mac OS X 10_8_5) AppleWebKit/537.36 (KHTML, like Gecko) Chrome/31.0.1650.63 Safari/537.36"
82.80.230.228 - - [27/Jun/2019:15:19:43 +0000] "GET /assets/plugins/flag/flags/4x3/bw.svg HTTP/1.1" 200 360 "-" "Mozilla/5.0 (Macintosh; Intel Mac OS X 10_8_5) AppleWebKit/537.73.11 (KHTML, like Gecko) Version/6.1.1 Safari/537.73.11"
82.80.249.227 - - [27/Jun/2019:15:19:44 +0000] "GET /assets/plugins/flag/flags/4x3/sy.svg HTTP/1.1" 200 1880 "-" "Mozilla/5.0 (Macintosh; Intel Mac OS X 10_6_8) AppleWebKit/534.59.10 (KHTML, like Gecko) Version/5.1.9 Safari/534.59.10"
82.80.230.228 - - [27/Jun/2019:15:19:44 +0000] "GET /assets/plugins/flag/flags/1x1/ki.svg HTTP/1.1" 200 10516 "-" "Mozilla/5.0 (Windows NT 6.1; WOW64; rv:36.0) Gecko/20100101 Firefox/36.0"
82.80.230.228 - - [27/Jun/2019:15:19:44 +0000] "GET /assets/plugins/flag/flags/4x3/pe.svg HTTP/1.1" 301 278 "-" "Mozilla/5.0 (Windows NT 6.1; WOW64) AppleWebKit/537.36 (KHTML, like Gecko) Chrome/41.0.2227.0 Safari/537.36"
82.80.230.228 - - [27/Jun/2019:15:19:44 +0000] "GET /assets/plugins/flag/flags/4x3/pe.svg HTTP/1.1" 200 914 "-" "Mozilla/5.0 (Windows NT 6.1; WOW64) AppleWebKit/537.36 (KHTML, like Gecko) Chrome/41.0.2227.0 Safari/537.36"
82.80.230.228 - - [27/Jun/2019:15:19:45 +0000] "GET /unitegallery/images/cover-grid.png HTTP/1.1" 200 933 "-" "Mozilla/6.0 (compatible)"
82.80.249.133 - - [27/Jun/2019:15:19:45 +0000] "GET /assets/plugins/flag/flags/1x1/ca.svg HTTP/1.1" 200 1118 "-" "Mozilla/5.0 (Macintosh; Intel Mac OS X 10_8_4) AppleWebKit/537.36 (KHTML, like Gecko) Chrome/31.0.1650.63 Safari/537.36"
82.80.249.164 - - [27/Jun/2019:15:19:45 +0000] "GET /assets/plugins/flag/flags/4x3/va.svg HTTP/1.1" 301 278 "-" "Mozilla/5.0 (Windows NT 6.1; WOW64; rv:33.0) Gecko/20100101 Firefox/33.0"
82.80.249.204 - - [27/Jun/2019:15:19:46 +0000] "GET /assets/plugins/flag/flags/1x1/je.svg HTTP/1.1" 200 11021 "-" "Mozilla/5.0 (compatible)"
82.80.249.152 - - [27/Jun/2019:15:19:46 +0000] "GET /images/About/about-2.jpg HTTP/1.1" 404 1104 "-" "Mozilla/5.0 (Macintosh; Intel Mac OS X 10_8_5) AppleWebKit/537.71 (KHTML, like Gecko) Version/6.1 Safari/537.71"
82.80.249.164 - - [27/Jun/2019:15:19:46 +0000] "GET /assets/plugins/flag/flags/4x3/va.svg HTTP/1.1" 200 124561 "-" "Mozilla/5.0 (Windows NT 6.1; WOW64; rv:33.0) Gecko/20100101 Firefox/33.0"
82.80.230.228 - - [27/Jun/2019:15:19:46 +0000] "GET /assets/plugins/flag/flags/1x1/af.svg HTTP/1.1" 301 278 "-" "Mozilla/5.0 (Windows NT 6.2; Win64; x64; rv:36.0) Gecko/20100101 Firefox/36.0"
82.80.230.228 - - [27/Jun/2019:15:19:46 +0000] "GET /assets/plugins/flag/flags/1x1/af.svg HTTP/1.1" 200 91159 "-" "Mozilla/5.0 (Windows NT 6.2; Win64; x64; rv:36.0) Gecko/20100101 Firefox/36.0"
82.80.230.228 - - [27/Jun/2019:15:19:46 +0000] "GET /assets/plugins/flag/flags/1x1/tw.svg HTTP/1.1" 200 3057 "-" "Mozilla/5.0 (Windows NT 6.1) AppleWebKit/537.36 (KHTML, like Gecko) Chrome/32.0.1700.72 Safari/537.36"
82.80.249.155 - - [27/Jun/2019:15:19:47 +0000] "GET /assets/plugins/flag/flags/4x3/ss.svg HTTP/1.1" 301 278 "-" "Mozilla/5.0 (Windows NT 6.1; Trident/7.0; rv:11.0) like Gecko"
82.80.230.228 - - [27/Jun/2019:15:19:47 +0000] "GET /assets/plugins/flag/flags/1x1/th.svg HTTP/1.1" 200 879 "-" "Mozilla/5.0 (Windows NT 6.1; WOW64) AppleWebKit/537.36 (KHTML, like Gecko) Chrome/32.0.1700.41 Safari/537.36"
82.80.230.228 - - [27/Jun/2019:15:19:47 +0000] "GET /assets/plugins/flag/flags/1x1/ru.svg HTTP/1.1" 200 876 "-" "Mozilla/5.0 (X11; Linux x86_64) AppleWebKit/537.36 (KHTML, like Gecko) Chrome/31.0.1650.63 Safari/537.36"
82.80.249.155 - - [27/Jun/2019:15:19:47 +0000] "GET /assets/plugins/flag/flags/4x3/ss.svg HTTP/1.1" 200 1234 "-" "Mozilla/5.0 (Windows NT 6.1; Trident/7.0; rv:11.0) like Gecko"
82.80.249.143 - - [27/Jun/2019:15:19:47 +0000] "GET /assets/plugins/flag/flags/1x1/tj.svg HTTP/1.1" 301 278 "-" "Mozilla/5.0 (Macintosh; Intel Mac OS X 10_8_4) AppleWebKit/537.36 (KHTML, like Gecko) Chrome/31.0.1650.63 Safari/537.36"
82.80.249.143 - - [27/Jun/2019:15:19:48 +0000] "GET /assets/plugins/flag/flags/1x1/tj.svg HTTP/1.1" 200 5989 "-" "Mozilla/5.0 (Macintosh; Intel Mac OS X 10_8_4) AppleWebKit/537.36 (KHTML, like Gecko) Chrome/31.0.1650.63 Safari/537.36"
82.80.230.228 - - [27/Jun/2019:15:19:48 +0000] "GET /css/owl.video.play.png HTTP/1.1" 404 1104 "-" "Mozilla/5.0 (compatible)"
82.80.230.228 - - [27/Jun/2019:15:19:48 +0000] "GET /assets/plugins/flag/flags/1x1/mq.svg HTTP/1.1" 301 278 "-" "Mozilla/5.0 (Macintosh; Intel Mac OS X 10.6; rv:26.0) Gecko/20100101 Firefox/26.0"
82.80.230.228 - - [27/Jun/2019:15:19:48 +0000] "GET /assets/plugins/flag/flags/1x1/mq.svg HTTP/1.1" 200 875 "-" "Mozilla/5.0 (Macintosh; Intel Mac OS X 10.6; rv:26.0) Gecko/20100101 Firefox/26.0"
82.80.249.164 - - [27/Jun/2019:15:19:48 +0000] "GET /unitegallery/skins/default/grid_arrow_right.png HTTP/1.1" 200 2961 "-" "Mozilla/5.0 (Macintosh; Intel Mac OS X 10_6_8) AppleWebKit/534.59.10 (KHTML, like Gecko) Version/5.1.9 Safari/534.59.10"
82.80.230.228 - - [27/Jun/2019:15:19:49 +0000] "GET /assets/plugins/flag/flags/4x3/ao.svg HTTP/1.1" 200 2288 "-" "Mozilla/5.0 (compatible; MSIE 10.0; Windows NT 6.1; Trident/6.0)"
82.80.230.228 - - [27/Jun/2019:15:19:49 +0000] "GET /assets/plugins/flag/flags/4x3/cy.svg HTTP/1.1" 301 278 "-" "Mozilla/5.0 (Macintosh; Intel Mac OS X 10_9_0) AppleWebKit/537.36 (KHTML, like Gecko) Chrome/31.0.1650.63 Safari/537.36"
82.80.230.228 - - [27/Jun/2019:15:19:49 +0000] "GET /assets/plugins/flag/flags/4x3/cy.svg HTTP/1.1" 200 22579 "-" "Mozilla/5.0 (Macintosh; Intel Mac OS X 10_9_0) AppleWebKit/537.36 (KHTML, like Gecko) Chrome/31.0.1650.63 Safari/537.36"
82.80.230.228 - - [27/Jun/2019:15:19:49 +0000] "GET /assets/plugins/flag/flags/4x3/nu.svg HTTP/1.1" 200 3996 "-" "Mozilla/5.0 (compatible; MSIE 9.0; Windows NT 6.1; Trident/5.0)"
82.80.230.228 - - [27/Jun/2019:15:19:50 +0000] "GET /assets/plugins/flag/flags/4x3/au.svg HTTP/1.1" 301 278 "-" "Mozilla/5.0 (X11; Linux x86_64; rv:26.0) Gecko/20100101 Firefox/26.0"
82.80.230.228 - - [27/Jun/2019:15:19:50 +0000] "GET /assets/plugins/flag/flags/4x3/au.svg HTTP/1.1" 200 1829 "-" "Mozilla/5.0 (X11; Linux x86_64; rv:26.0) Gecko/20100101 Firefox/26.0"
82.80.230.228 - - [27/Jun/2019:15:19:50 +0000] "GET /images/apartmani-sostaric-kuca.jpg HTTP/1.1" 200 99128 "-" "Mozilla/5.0 (compatible; MSIE 9.0; Windows NT 6.1; Trident/5.0)"
82.80.249.204 - - [27/Jun/2019:15:19:50 +0000] "GET /uploads/thumbnails/0857011b0210f96bda3b0b87dbaddefd.jpg HTTP/1.1" 200 73519 "-" "Mozilla/5.0 (Macintosh; Intel Mac OS X 10.6; rv:26.0) Gecko/20100101 Firefox/26.0"
82.80.230.228 - - [27/Jun/2019:15:19:52 +0000] "GET /assets/plugins/flag/flags/4x3/dm.svg HTTP/1.1" 301 278 "-" "Mozilla/5.0 (Windows NT 6.1; WOW64) AppleWebKit/537.36 (KHTML, like Gecko) Chrome/40.0.2214.111 Safari/537.36"
82.80.230.228 - - [27/Jun/2019:15:19:52 +0000] "GET /assets/plugins/flag/flags/4x3/dm.svg HTTP/1.1" 200 20606 "-" "Mozilla/5.0 (Windows NT 6.1; WOW64) AppleWebKit/537.36 (KHTML, like Gecko) Chrome/40.0.2214.111 Safari/537.36"
82.80.249.227 - - [27/Jun/2019:15:19:52 +0000] "GET /assets/plugins/flag/flags/4x3/gq.svg HTTP/1.1" 301 278 "-" "Mozilla/5.0 (Windows NT 6.2; WOW64; rv:26.0) Gecko/20100101 Firefox/26.0"
82.80.230.228 - - [27/Jun/2019:15:19:52 +0000] "GET /assets/plugins/flag/flags/1x1/uy.svg HTTP/1.1" 200 10059 "-" "Mozilla/5.0 (Windows NT 5.1; rv:25.0) Gecko/20100101 Firefox/25.0"
82.80.249.227 - - [27/Jun/2019:15:19:53 +0000] "GET /assets/plugins/flag/flags/4x3/gq.svg HTTP/1.1" 200 17754 "-" "Mozilla/5.0 (Windows NT 6.2; WOW64; rv:26.0) Gecko/20100101 Firefox/26.0"
82.80.230.228 - - [27/Jun/2019:15:19:53 +0000] "GET /assets/plugins/flag/flags/4x3/pa.svg HTTP/1.1" 200 1693 "-" "Mozilla/5.0 (Macintosh; Intel Mac OS X 10_9_1) AppleWebKit/537.36 (KHTML, like Gecko) Chrome/31.0.1650.63 Safari/537.36"
82.80.249.155 - - [27/Jun/2019:15:19:54 +0000] "GET /assets/plugins/flag/flags/1x1/id.svg HTTP/1.1" 200 297 "-" "Mozilla/5.0 (Windows NT 6.1; WOW64; Trident/7.0; rv:11.0) like Gecko"
82.80.249.152 - - [27/Jun/2019:15:19:54 +0000] "GET /assets/plugins/flag/flags/1x1/tg.svg HTTP/1.1" 200 1658 "-" "Mozilla/5.0 (Macintosh; Intel Mac OS X 10_8_5) AppleWebKit/537.36 (KHTML, like Gecko) Chrome/31.0.1650.63 Safari/537.36"
82.80.230.228 - - [27/Jun/2019:15:19:54 +0000] "GET /assets/plugins/flag/flags/4x3/ar.svg HTTP/1.1" 200 34382 "-" "Mozilla/5.0 (Macintosh; Intel Mac OS X 10_7_5) AppleWebKit/537.73.11 (KHTML, like Gecko) Version/6.1.1 Safari/537.73.11"
82.80.230.228 - - [27/Jun/2019:15:19:55 +0000] "GET /images/icons/television.png HTTP/1.1" 200 499 "-" "Mozilla/5.0 (Windows NT 6.1; WOW64; rv:27.3) Gecko/20100101 Firefox/27.3"
82.80.230.228 - - [27/Jun/2019:15:19:55 +0000] "GET /assets/plugins/flag/flags/4x3/cm.svg HTTP/1.1" 200 673 "-" "Mozilla/5.0 (Macintosh; Intel Mac OS X 10_9_0) AppleWebKit/537.36 (KHTML, like Gecko) Chrome/31.0.1650.57 Safari/537.36"
82.80.230.228 - - [27/Jun/2019:15:19:55 +0000] "GET /assets/plugins/flag/flags/4x3/ye.svg HTTP/1.1" 200 873 "-" "Mozilla/5.0 (Windows NT 6.1; WOW64) AppleWebKit/537.36 (KHTML, like Gecko) Chrome/40.0.2214.111 Safari/537.36"
82.80.230.228 - - [27/Jun/2019:15:19:56 +0000] "GET /images/Restaurants/Restaurants-47.jpg HTTP/1.1" 301 279 "-" "Mozilla/5.0 (Windows NT 6.0; WOW64) AppleWebKit/534.30 (KHTML, like Gecko) Chrome/12.0.742.91 Safari/534.30"
82.80.230.228 - - [27/Jun/2019:15:19:56 +0000] "GET /assets/plugins/flag/flags/1x1/si.svg HTTP/1.1" 200 4210 "-" "Mozilla/5.0 (Windows NT 6.1; Trident/7.0; rv:11.0) like Gecko"
82.80.230.228 - - [27/Jun/2019:15:19:56 +0000] "GET /images/Restaurants/Restaurants-47.jpg HTTP/1.1" 404 1104 "-" "Mozilla/5.0 (Windows NT 6.0; WOW64) AppleWebKit/534.30 (KHTML, like Gecko) Chrome/12.0.742.91 Safari/534.30"
82.80.249.143 - - [27/Jun/2019:15:19:57 +0000] "GET /images/Login/login.jpg HTTP/1.1" 404 1104 "-" "Mozilla/5.0 (Windows NT 6.1; Trident/7.0; rv:11.0) like Gecko"
82.80.244.51 - - [27/Jun/2019:15:19:57 +0000] "GET /assets/plugins/flag/flags/1x1/zm.svg HTTP/1.1" 200 10769 "-" "Mozilla/5.0 (Macintosh; Intel Mac OS X 10.6; rv:26.0) Gecko/20100101 Firefox/26.0"
82.80.230.228 - - [27/Jun/2019:15:19:58 +0000] "GET /assets/plugins/flag/flags/1x1/gb.svg HTTP/1.1" 301 278 "-" "Mozilla/5.0 (Windows NT 6.1; WOW64; rv:27.3) Gecko/20100101 Firefox/27.3"
82.80.230.228 - - [27/Jun/2019:15:19:58 +0000] "GET /assets/plugins/flag/flags/1x1/bn.svg HTTP/1.1" 301 278 "-" "Mozilla/6.0 (compatible)"
82.80.230.228 - - [27/Jun/2019:15:19:58 +0000] "GET /assets/plugins/flag/flags/1x1/gb.svg HTTP/1.1" 200 944 "-" "Mozilla/5.0 (Windows NT 6.1; WOW64; rv:27.3) Gecko/20100101 Firefox/27.3"
82.80.230.228 - - [27/Jun/2019:15:19:58 +0000] "GET /assets/plugins/flag/flags/1x1/bn.svg HTTP/1.1" 200 22656 "-" "Mozilla/6.0 (compatible)"
82.80.230.228 - - [27/Jun/2019:15:19:59 +0000] "GET /assets/plugins/flag/flags/1x1/re.svg HTTP/1.1" 200 875 "-" "Mozilla/5.0 (Windows NT 5.1; rv:25.0) Gecko/20100101 Firefox/25.0"
82.80.230.228 - - [27/Jun/2019:15:20:00 +0000] "GET /assets/plugins/flag/flags/1x1/bz.svg HTTP/1.1" 200 55251 "-" "Mozilla/5.0 (Windows NT 6.2; Win64; x64; rv:36.0) Gecko/20100101 Firefox/36.0"
82.80.249.163 - - [27/Jun/2019:15:20:00 +0000] "GET /assets/plugins/flag/flags/1x1/ls.svg HTTP/1.1" 301 278 "-" "Mozilla/5.0 (X11; Linux x86_64; rv:26.0) Gecko/20100101 Firefox/26.0"
82.80.249.163 - - [27/Jun/2019:15:20:00 +0000] "GET /assets/plugins/flag/flags/1x1/ls.svg HTTP/1.1" 200 6184 "-" "Mozilla/5.0 (X11; Linux x86_64; rv:26.0) Gecko/20100101 Firefox/26.0"
82.80.230.228 - - [27/Jun/2019:15:20:01 +0000] "GET /assets/plugins/flag/flags/4x3/wf.svg HTTP/1.1" 200 873 "-" "Mozilla/5.0 (X11; Linux x86_64) AppleWebKit/537.36 (KHTML, like Gecko) Ubuntu Chromium/31.0.1650.63 Chrome/31.0.1650.63 Safari/537.36"
82.80.230.228 - - [27/Jun/2019:15:20:01 +0000] "GET /assets/plugins/flag/flags/1x1/ss.svg HTTP/1.1" 301 278 "-" "Mozilla/5.0 (Macintosh; Intel Mac OS X 10_9_1) AppleWebKit/537.73.11 (KHTML, like Gecko) Version/7.0.1 Safari/537.73.11"
82.80.230.228 - - [27/Jun/2019:15:20:02 +0000] "GET /assets/plugins/flag/flags/1x1/ss.svg HTTP/1.1" 200 1254 "-" "Mozilla/5.0 (Macintosh; Intel Mac OS X 10_9_1) AppleWebKit/537.73.11 (KHTML, like Gecko) Version/7.0.1 Safari/537.73.11"
82.80.249.164 - - [27/Jun/2019:15:20:02 +0000] "GET /assets/plugins/flag/flags/1x1/rs.svg HTTP/1.1" 200 875049 "-" "Mozilla/5.0 (X11; Linux x86_64) AppleWebKit/537.36 (KHTML, like Gecko) Ubuntu Chromium/31.0.1650.63 Chrome/31.0.1650.63 Safari/537.36"
82.80.230.228 - - [27/Jun/2019:15:20:02 +0000] "GET /assets/plugins/flag/flags/4x3/tw.svg HTTP/1.1" 200 3045 "-" "Opera/9.80 (Windows NT 6.1; WOW64) Presto/2.12.388 Version/12.16"
82.80.230.228 - - [27/Jun/2019:15:20:02 +0000] "GET /assets/plugins/flag/flags/1x1/kg.svg HTTP/1.1" 301 278 "-" "Mozilla/5.0 (compatible, MSIE 11, Windows NT 6.3; Trident/7.0; rv:11.0) like Gecko"
82.80.230.228 - - [27/Jun/2019:15:20:03 +0000] "GET /assets/plugins/flag/flags/1x1/kg.svg HTTP/1.1" 200 6032 "-" "Mozilla/5.0 (compatible, MSIE 11, Windows NT 6.3; Trident/7.0; rv:11.0) like Gecko"
82.80.249.164 - - [27/Jun/2019:15:20:03 +0000] "GET /assets/plugins/flag/flags/4x3/th.svg HTTP/1.1" 200 937 "-" "Mozilla/5.0 (Macintosh; Intel Mac OS X 10_6_8) AppleWebKit/534.59.10 (KHTML, like Gecko) Version/5.1.9 Safari/534.59.10"
82.80.230.228 - - [27/Jun/2019:15:20:04 +0000] "GET /assets/plugins/flag/flags/4x3/vu.svg HTTP/1.1" 200 6946 "-" "Mozilla/5.0 (Windows NT 6.1; WOW64) AppleWebKit/537.36 (KHTML, like Gecko) Chrome/35.0.1916.153 Safari/537.36"
82.80.230.228 - - [27/Jun/2019:15:20:04 +0000] "GET /assets/plugins/flag/flags/4x3/ne.svg HTTP/1.1" 200 1126 "-" "Mozilla/5.0 (Windows NT 6.1; WOW64; rv:31.0) Gecko/20100101 Firefox/31.0"
82.80.249.163 - - [27/Jun/2019:15:20:05 +0000] "GET /assets/plugins/flag/flags/4x3/fi.svg HTTP/1.1" 301 278 "-" "Mozilla/5.0 (Windows NT 6.0; rv:26.0) Gecko/20100101 Firefox/26.0"
82.80.230.228 - - [27/Jun/2019:15:20:05 +0000] "GET /assets/plugins/flag/flags/1x1/gr.svg HTTP/1.1" 200 909 "-" "Mozilla/5.0 (Macintosh; Intel Mac OS X 10.9; rv:26.0) Gecko/20100101 Firefox/26.0"
82.80.249.163 - - [27/Jun/2019:15:20:05 +0000] "GET /assets/plugins/flag/flags/4x3/fi.svg HTTP/1.1" 200 920 "-" "Mozilla/5.0 (Windows NT 6.0; rv:26.0) Gecko/20100101 Firefox/26.0"
82.80.230.228 - - [27/Jun/2019:15:20:06 +0000] "GET /assets/plugins/flag/flags/4x3/de.svg HTTP/1.1" 301 278 "-" "Mozilla/5.0 (Windows NT 6.0; rv:26.0) Gecko/20100101 Firefox/26.0"
82.80.230.228 - - [27/Jun/2019:15:20:06 +0000] "GET /assets/plugins/flag/flags/4x3/de.svg HTTP/1.1" 200 322 "-" "Mozilla/5.0 (Windows NT 6.0; rv:26.0) Gecko/20100101 Firefox/26.0"
82.80.230.228 - - [27/Jun/2019:15:20:06 +0000] "GET /assets/plugins/flag/flags/1x1/cy.svg HTTP/1.1" 301 278 "-" "Mozilla/5.0 (Macintosh; Intel Mac OS X 10.9; rv:26.0) Gecko/20100101 Firefox/26.0"
82.80.230.228 - - [27/Jun/2019:15:20:07 +0000] "GET /assets/plugins/flag/flags/1x1/cy.svg HTTP/1.1" 200 22497 "-" "Mozilla/5.0 (Macintosh; Intel Mac OS X 10.9; rv:26.0) Gecko/20100101 Firefox/26.0"
82.80.230.228 - - [27/Jun/2019:15:20:07 +0000] "GET /assets/plugins/flag/flags/4x3/sm.svg HTTP/1.1" 301 278 "-" "Mozilla/5.0 (Windows NT 6.1) AppleWebKit/537.36 (KHTML, like Gecko) Chrome/31.0.1650.63 Safari/537.36"
82.80.230.228 - - [27/Jun/2019:15:20:07 +0000] "GET /images/Home-1/even-l-icon-color.png HTTP/1.1" 200 225 "-" "Mozilla/5.0 (Macintosh; Intel Mac OS X 10_8_5) AppleWebKit/536.30.1 (KHTML, like Gecko) Version/6.0.5 Safari/536.30.1"
82.80.230.228 - - [27/Jun/2019:15:20:07 +0000] "GET /assets/plugins/flag/flags/1x1/st.svg HTTP/1.1" 200 1805 "-" "Mozilla/5.0 (Windows NT 6.1; WOW64; rv:26.0) Gecko/20100101 Firefox/26.0"
82.80.230.228 - - [27/Jun/2019:15:20:07 +0000] "GET /assets/plugins/flag/flags/4x3/sm.svg HTTP/1.1" 200 36562 "-" "Mozilla/5.0 (Windows NT 6.1) AppleWebKit/537.36 (KHTML, like Gecko) Chrome/31.0.1650.63 Safari/537.36"
82.80.230.228 - - [27/Jun/2019:15:20:07 +0000] "GET /assets/plugins/flag/flags/1x1/py.svg HTTP/1.1" 301 278 "-" "Mozilla/5.0 (compatible; MSIE 10.0; Windows NT 6.1; WOW64; Trident/6.0)"
82.80.230.228 - - [27/Jun/2019:15:20:07 +0000] "GET /assets/plugins/flag/flags/1x1/py.svg HTTP/1.1" 200 52125 "-" "Mozilla/5.0 (compatible; MSIE 10.0; Windows NT 6.1; WOW64; Trident/6.0)"
82.80.230.228 - - [27/Jun/2019:15:20:08 +0000] "GET /assets/plugins/flag/flags/4x3/ck.svg HTTP/1.1" 200 2711 "-" "Mozilla/5.0 (Macintosh; Intel Mac OS X 10.7; rv:26.0) Gecko/20100101 Firefox/26.0"
82.80.249.133 - - [27/Jun/2019:15:20:08 +0000] "GET /assets/plugins/flag/flags/1x1/hm.svg HTTP/1.1" 301 278 "-" "Mozilla/5.0 (Macintosh; Intel Mac OS X 10.8; rv:26.0) Gecko/20100101 Firefox/26.0"
82.80.230.228 - - [27/Jun/2019:15:20:08 +0000] "GET /assets/plugins/flag/flags/4x3/kn.svg HTTP/1.1" 301 278 "-" "Mozilla/5.0 (Windows NT 6.1; WOW64) AppleWebKit/537.36 (KHTML, like Gecko) Chrome/32.0.1700.41 Safari/537.36"
82.80.230.228 - - [27/Jun/2019:15:20:08 +0000] "GET /assets/plugins/flag/flags/4x3/kn.svg HTTP/1.1" 200 1799 "-" "Mozilla/5.0 (Windows NT 6.1; WOW64) AppleWebKit/537.36 (KHTML, like Gecko) Chrome/32.0.1700.41 Safari/537.36"
82.80.249.133 - - [27/Jun/2019:15:20:08 +0000] "GET /assets/plugins/flag/flags/1x1/hm.svg HTTP/1.1" 200 1874 "-" "Mozilla/5.0 (Macintosh; Intel Mac OS X 10.8; rv:26.0) Gecko/20100101 Firefox/26.0"
82.80.249.157 - - [27/Jun/2019:15:20:09 +0000] "GET /unitegallery/images/icon-zoom32.png HTTP/1.1" 200 1643 "-" "Mozilla/5.0 (Macintosh; Intel Mac OS X 10_7_5) AppleWebKit/537.36 (KHTML, like Gecko) Chrome/31.0.1650.63 Safari/537.36"
82.80.230.228 - - [27/Jun/2019:15:20:09 +0000] "GET /assets/plugins/flag/flags/1x1/ru.svg HTTP/1.1" 301 278 "-" "Mozilla/5.0 (X11; Linux x86_64; rv:26.0) Gecko/20100101 Firefox/26.0"
82.80.230.228 - - [27/Jun/2019:15:20:09 +0000] "GET /assets/plugins/flag/flags/1x1/ru.svg HTTP/1.1" 200 876 "-" "Mozilla/5.0 (X11; Linux x86_64; rv:26.0) Gecko/20100101 Firefox/26.0"
82.80.230.228 - - [27/Jun/2019:15:20:09 +0000] "GET /assets/plugins/flag/flags/4x3/st.svg HTTP/1.1" 301 278 "-" "Mozilla/5.0 (Windows NT 6.1; WOW64; rv:26.0) Gecko/20100101 Firefox/26.0"
82.80.230.228 - - [27/Jun/2019:15:20:09 +0000] "GET /assets/plugins/flag/flags/4x3/st.svg HTTP/1.1" 200 1869 "-" "Mozilla/5.0 (Windows NT 6.1; WOW64; rv:26.0) Gecko/20100101 Firefox/26.0"
82.80.230.228 - - [27/Jun/2019:15:20:10 +0000] "GET /assets/plugins/flag/flags/4x3/tn.svg HTTP/1.1" 301 278 "-" "Mozilla/5.0 (Windows NT 6.1; WOW64; rv:27.3) Gecko/20100101 Firefox/27.3"
82.80.230.228 - - [27/Jun/2019:15:20:10 +0000] "GET /assets/plugins/flag/flags/4x3/tn.svg HTTP/1.1" 200 1948 "-" "Mozilla/5.0 (Windows NT 6.1; WOW64; rv:27.3) Gecko/20100101 Firefox/27.3"
82.80.230.228 - - [27/Jun/2019:15:20:10 +0000] "GET /assets/plugins/flag/flags/4x3/ua.svg HTTP/1.1" 301 278 "-" "Mozilla/5.0 (compatible; MSIE 9.0; Windows NT 6.1; WOW64; Trident/5.0)"
82.80.230.228 - - [27/Jun/2019:15:20:10 +0000] "GET /assets/plugins/flag/flags/4x3/ua.svg HTTP/1.1" 200 800 "-" "Mozilla/5.0 (compatible; MSIE 9.0; Windows NT 6.1; WOW64; Trident/5.0)"
82.80.230.228 - - [27/Jun/2019:15:20:10 +0000] "GET /assets/plugins/flag/flags/1x1/bj.svg HTTP/1.1" 200 537 "-" "Mozilla/5.0 (Windows NT 6.1) AppleWebKit/537.36 (KHTML, like Gecko) Chrome/31.0.1650.63 Safari/537.36"
82.80.230.228 - - [27/Jun/2019:15:20:10 +0000] "GET /assets/plugins/flag/flags/4x3/cy.svg HTTP/1.1" 200 22579 "-" "Mozilla/5.0 (Windows NT 6.1; rv:25.0) Gecko/20100101 Firefox/25.0"
82.80.230.228 - - [27/Jun/2019:15:20:11 +0000] "GET /assets/plugins/flag/flags/1x1/mk.svg HTTP/1.1" 301 278 "-" "Mozilla/5.0 (Windows NT 6.2; Win64; x64; rv:27.0) Gecko/20100101 Firefox/27.0"
82.80.230.228 - - [27/Jun/2019:15:20:11 +0000] "GET /assets/plugins/flag/flags/1x1/mk.svg HTTP/1.1" 200 1989 "-" "Mozilla/5.0 (Windows NT 6.2; Win64; x64; rv:27.0) Gecko/20100101 Firefox/27.0"
82.80.230.228 - - [27/Jun/2019:15:20:11 +0000] "GET /assets/plugins/flag/flags/4x3/tg.svg HTTP/1.1" 200 1692 "-" "Mozilla/5.0 (X11; Linux x86_64; rv:26.0) Gecko/20100101 Firefox/26.0"
82.80.230.228 - - [27/Jun/2019:15:20:11 +0000] "GET /assets/plugins/flag/flags/1x1/ws.svg HTTP/1.1" 301 278 "-" "Mozilla/5.0 (Macintosh; Intel Mac OS X 10_8_5) AppleWebKit/537.36 (KHTML, like Gecko) Chrome/31.0.1650.63 Safari/537.36"
82.80.230.228 - - [27/Jun/2019:15:20:12 +0000] "GET /assets/plugins/flag/flags/1x1/ws.svg HTTP/1.1" 200 2961 "-" "Mozilla/5.0 (Macintosh; Intel Mac OS X 10_8_5) AppleWebKit/537.36 (KHTML, like Gecko) Chrome/31.0.1650.63 Safari/537.36"
82.80.249.163 - - [27/Jun/2019:15:20:12 +0000] "GET /assets/plugins/flag/flags/4x3/bl.svg HTTP/1.1" 200 360 "-" "Mozilla/5.0 (Windows NT 6.2; Win64; x64; rv:27.0) Gecko/20100101 Firefox/27.0"
82.80.249.164 - - [27/Jun/2019:15:20:12 +0000] "GET /images/apartmani-sostaric-logo.png HTTP/1.1" 200 3667 "-" "Mozilla/5.0 (compatible; MSIE 10.0; Windows NT 6.2; WOW64; Trident/6.0)"
82.80.230.228 - - [27/Jun/2019:15:20:12 +0000] "GET /assets/plugins/flag/flags/1x1/bf.svg HTTP/1.1" 301 278 "-" "Mozilla/5.0 (Windows NT 6.1; WOW64) AppleWebKit/537.36 (KHTML, like Gecko) Chrome/31.0.1650.63 Safari/537.36"
82.80.230.228 - - [27/Jun/2019:15:20:12 +0000] "GET /assets/plugins/flag/flags/1x1/bf.svg HTTP/1.1" 200 492 "-" "Mozilla/5.0 (Windows NT 6.1; WOW64) AppleWebKit/537.36 (KHTML, like Gecko) Chrome/31.0.1650.63 Safari/537.36"
82.80.230.228 - - [27/Jun/2019:15:20:12 +0000] "GET /images/icons/air-conditioner.png HTTP/1.1" 301 274 "-" "Mozilla/5.0 (Macintosh; Intel Mac OS X 10_9_0) AppleWebKit/537.36 (KHTML, like Gecko) Chrome/31.0.1650.57 Safari/537.36"
82.80.230.228 - - [27/Jun/2019:15:20:13 +0000] "GET /images/icons/air-conditioner.png HTTP/1.1" 200 750 "-" "Mozilla/5.0 (Macintosh; Intel Mac OS X 10_9_0) AppleWebKit/537.36 (KHTML, like Gecko) Chrome/31.0.1650.57 Safari/537.36"
82.80.230.228 - - [27/Jun/2019:15:20:13 +0000] "GET /assets/plugins/flag/flags/1x1/jp.svg HTTP/1.1" 301 278 "-" "Mozilla/5.0 (Macintosh; Intel Mac OS X 10_9) AppleWebKit/537.71 (KHTML, like Gecko) Version/7.0 Safari/537.71"
82.80.230.228 - - [27/Jun/2019:15:20:13 +0000] "GET /assets/plugins/flag/flags/4x3/eg.svg HTTP/1.1" 301 278 "-" "Mozilla/5.0 (Windows NT 6.1; WOW64; rv:36.0) Gecko/20100101 Firefox/36.0"
82.80.230.228 - - [27/Jun/2019:15:20:13 +0000] "GET /assets/plugins/flag/flags/1x1/ht.svg HTTP/1.1" 301 278 "-" "Mozilla/5.0 (Macintosh; Intel Mac OS X 10.6; rv:26.0) Gecko/20100101 Firefox/26.0"
82.80.230.228 - - [27/Jun/2019:15:20:13 +0000] "GET /assets/plugins/flag/flags/1x1/jp.svg HTTP/1.1" 200 1338 "-" "Mozilla/5.0 (Macintosh; Intel Mac OS X 10_9) AppleWebKit/537.71 (KHTML, like Gecko) Version/7.0 Safari/537.71"
82.80.230.228 - - [27/Jun/2019:15:20:13 +0000] "GET /assets/plugins/flag/flags/4x3/eg.svg HTTP/1.1" 200 10188 "-" "Mozilla/5.0 (Windows NT 6.1; WOW64; rv:36.0) Gecko/20100101 Firefox/36.0"
82.80.249.155 - - [27/Jun/2019:15:20:13 +0000] "GET /assets/plugins/flag/flags/4x3/ve.svg HTTP/1.1" 200 1234 "-" "Mozilla/5.0 (Windows NT 6.1; rv:26.0) Gecko/20100101 Firefox/26.0"
82.80.230.228 - - [27/Jun/2019:15:20:13 +0000] "GET /assets/plugins/flag/flags/1x1/ht.svg HTTP/1.1" 200 296 "-" "Mozilla/5.0 (Macintosh; Intel Mac OS X 10.6; rv:26.0) Gecko/20100101 Firefox/26.0"
82.80.230.228 - - [27/Jun/2019:15:20:14 +0000] "GET /assets/plugins/flag/flags/4x3/bi.svg HTTP/1.1" 301 278 "-" "Mozilla/5.0 (Macintosh; Intel Mac OS X 10_6_8) AppleWebKit/534.59.10 (KHTML, like Gecko) Version/5.1.9 Safari/534.59.10"
82.80.249.143 - - [27/Jun/2019:15:20:14 +0000] "GET /unitegallery/images/lightbox-arrow-left.png HTTP/1.1" 200 1315 "-" "Mozilla/5.0 (Windows NT 6.1; rv:24.0) Gecko/20100101 Firefox/24.0"
82.80.230.228 - - [27/Jun/2019:15:20:14 +0000] "GET /assets/plugins/flag/flags/4x3/bi.svg HTTP/1.1" 200 1366 "-" "Mozilla/5.0 (Macintosh; Intel Mac OS X 10_6_8) AppleWebKit/534.59.10 (KHTML, like Gecko) Version/5.1.9 Safari/534.59.10"
82.80.230.228 - - [27/Jun/2019:15:20:14 +0000] "GET /assets/plugins/flag/flags/1x1/gy.svg HTTP/1.1" 301 278 "-" "Mozilla/5.0 (Windows NT 5.1; rv:26.0) Gecko/20100101 Firefox/26.0"
82.80.230.228 - - [27/Jun/2019:15:20:14 +0000] "GET /assets/plugins/flag/flags/1x1/gy.svg HTTP/1.1" 200 606 "-" "Mozilla/5.0 (Windows NT 5.1; rv:26.0) Gecko/20100101 Firefox/26.0"
82.80.249.204 - - [27/Jun/2019:15:20:14 +0000] "GET /assets/plugins/flag/flags/1x1/gb.svg HTTP/1.1" 200 944 "-" "Opera/9.80 (Windows NT 6.1; WOW64) Presto/2.12.388 Version/12.16"
82.80.230.228 - - [27/Jun/2019:15:20:15 +0000] "GET /assets/plugins/flag/flags/1x1/pa.svg HTTP/1.1" 200 1540 "-" "Mozilla/5.0 (X11; Linux i686) AppleWebKit/537.36 (KHTML, like Gecko) Chrome/31.0.1650.63 Safari/537.36"
82.80.230.228 - - [27/Jun/2019:15:20:15 +0000] "GET /assets/plugins/flag/flags/1x1/nf.svg HTTP/1.1" 200 13798 "-" "Mozilla/5.0 (Macintosh; Intel Mac OS X 10_9_0) AppleWebKit/537.36 (KHTML, like Gecko) Chrome/31.0.1650.57 Safari/537.36"
82.80.230.228 - - [27/Jun/2019:15:20:16 +0000] "GET /assets/plugins/flag/flags/4x3/ao.svg HTTP/1.1" 301 278 "-" "Mozilla/5.0 (Macintosh; Intel Mac OS X 10_9_1) AppleWebKit/537.36 (KHTML, like Gecko) Chrome/31.0.1650.57 Safari/537.36"
82.80.249.163 - - [27/Jun/2019:15:20:16 +0000] "GET /images/apartments/studio3/studio3-1.jpg HTTP/1.1" 200 137962 "-" "Mozilla/5.0 (Macintosh; Intel Mac OS X 10_9_1) AppleWebKit/537.36 (KHTML, like Gecko) Chrome/32.0.1700.68 Safari/537.36"
82.80.230.228 - - [27/Jun/2019:15:20:16 +0000] "GET /assets/plugins/flag/flags/4x3/ao.svg HTTP/1.1" 200 2288 "-" "Mozilla/5.0 (Macintosh; Intel Mac OS X 10_9_1) AppleWebKit/537.36 (KHTML, like Gecko) Chrome/31.0.1650.57 Safari/537.36"
82.80.230.228 - - [27/Jun/2019:15:20:16 +0000] "GET /assets/plugins/flag/flags/1x1/au.svg HTTP/1.1" 301 278 "-" "Mozilla/5.0 (Windows NT 6.1; WOW64) AppleWebKit/537.36 (KHTML, like Gecko) Chrome/35.0.1916.153 Safari/537.36"
82.80.230.228 - - [27/Jun/2019:15:20:17 +0000] "GET /assets/plugins/flag/flags/1x1/au.svg HTTP/1.1" 200 1850 "-" "Mozilla/5.0 (Windows NT 6.1; WOW64) AppleWebKit/537.36 (KHTML, like Gecko) Chrome/35.0.1916.153 Safari/537.36"
82.80.230.228 - - [27/Jun/2019:15:20:17 +0000] "GET /assets/plugins/flag/flags/1x1/vu.svg HTTP/1.1" 301 278 "-" "Mozilla/5.0 (Macintosh; Intel Mac OS X 10_8_5) AppleWebKit/537.36 (KHTML, like Gecko) Chrome/31.0.1650.63 Safari/537.36"
82.80.230.228 - - [27/Jun/2019:15:20:17 +0000] "GET /images/about-1.jpg HTTP/1.1" 200 22685 "-" "Mozilla/5.0 (X11; Linux x86_64) AppleWebKit/537.36 (KHTML, like Gecko) Chrome/31.0.1650.63 Safari/537.36"
82.80.230.228 - - [27/Jun/2019:15:20:17 +0000] "GET /assets/plugins/flag/flags/1x1/vu.svg HTTP/1.1" 200 6897 "-" "Mozilla/5.0 (Macintosh; Intel Mac OS X 10_8_5) AppleWebKit/537.36 (KHTML, like Gecko) Chrome/31.0.1650.63 Safari/537.36"
82.80.249.163 - - [27/Jun/2019:15:20:17 +0000] "GET /unitegallery/images/loader-white3.gif HTTP/1.1" 200 10226 "-" "Mozilla/5.0 (Windows NT 6.3; WOW64; rv:26.0) Gecko/20100101 Firefox/26.0"
82.80.230.228 - - [27/Jun/2019:15:20:18 +0000] "GET /assets/plugins/flag/flags/1x1/sm.svg HTTP/1.1" 301 278 "-" "Mozilla/5.0 (compatible; MSIE 10.0; Windows NT 6.1; WOW64; Trident/6.0)"
82.80.230.228 - - [27/Jun/2019:15:20:18 +0000] "GET /assets/plugins/flag/flags/1x1/sm.svg HTTP/1.1" 200 36277 "-" "Mozilla/5.0 (compatible; MSIE 10.0; Windows NT 6.1; WOW64; Trident/6.0)"
82.80.249.155 - - [27/Jun/2019:15:20:18 +0000] "GET /assets/plugins/flag/flags/4x3/pn.svg HTTP/1.1" 301 278 "-" "Mozilla/5.0 (Macintosh; Intel Mac OS X 10_8_5) AppleWebKit/536.30.1 (KHTML, like Gecko) Version/6.0.5 Safari/536.30.1"
82.80.249.164 - - [27/Jun/2019:15:20:18 +0000] "GET /assets/plugins/flag/flags/4x3/qa.svg HTTP/1.1" 301 278 "-" "Mozilla/5.0 (compatible; MSIE 10.0; Windows NT 6.2; WOW64; Trident/6.0)"
82.80.230.228 - - [27/Jun/2019:15:20:18 +0000] "GET /assets/plugins/flag/flags/1x1/ni.svg HTTP/1.1" 301 278 "-" "Mozilla/5.0 (Windows NT 6.1; rv:26.0) Gecko/20100101 Firefox/26.0"
82.80.249.155 - - [27/Jun/2019:15:20:18 +0000] "GET /assets/plugins/flag/flags/4x3/pn.svg HTTP/1.1" 200 25404 "-" "Mozilla/5.0 (Macintosh; Intel Mac OS X 10_8_5) AppleWebKit/536.30.1 (KHTML, like Gecko) Version/6.0.5 Safari/536.30.1"
82.80.249.164 - - [27/Jun/2019:15:20:18 +0000] "GET /assets/plugins/flag/flags/4x3/qa.svg HTTP/1.1" 200 1273 "-" "Mozilla/5.0 (compatible; MSIE 10.0; Windows NT 6.2; WOW64; Trident/6.0)"
82.80.230.228 - - [27/Jun/2019:15:20:19 +0000] "GET /assets/plugins/flag/flags/1x1/ni.svg HTTP/1.1" 200 29857 "-" "Mozilla/5.0 (Windows NT 6.1; rv:26.0) Gecko/20100101 Firefox/26.0"
82.80.230.228 - - [27/Jun/2019:15:20:19 +0000] "GET /assets/plugins/flag/flags/1x1/dj.svg HTTP/1.1" 301 278 "-" "Mozilla/5.0 (Macintosh; Intel Mac OS X 10_9_1) AppleWebKit/537.73.11 (KHTML, like Gecko) Version/7.0.1 Safari/537.73.11"
82.80.230.228 - - [27/Jun/2019:15:20:19 +0000] "GET /assets/plugins/flag/flags/4x3/se.svg HTTP/1.1" 301 278 "-" "Mozilla/5.0 (Macintosh; Intel Mac OS X 10.6; rv:26.0) Gecko/20100101 Firefox/26.0"
82.80.230.228 - - [27/Jun/2019:15:20:19 +0000] "GET /assets/plugins/flag/flags/1x1/dj.svg HTTP/1.1" 200 691 "-" "Mozilla/5.0 (Macintosh; Intel Mac OS X 10_9_1) AppleWebKit/537.73.11 (KHTML, like Gecko) Version/7.0.1 Safari/537.73.11"
82.80.249.204 - - [27/Jun/2019:15:20:19 +0000] "GET /assets/plugins/flag/flags/1x1/lt.svg HTTP/1.1" 301 278 "-" "Mozilla/5.0 (Macintosh; Intel Mac OS X 10.9; rv:25.0) Gecko/20100101 Firefox/25.0"
82.80.230.228 - - [27/Jun/2019:15:20:19 +0000] "GET /assets/plugins/flag/flags/4x3/se.svg HTTP/1.1" 200 1547 "-" "Mozilla/5.0 (Macintosh; Intel Mac OS X 10.6; rv:26.0) Gecko/20100101 Firefox/26.0"
82.80.249.227 - - [27/Jun/2019:15:20:19 +0000] "GET /assets/plugins/flag/flags/4x3/et.svg HTTP/1.1" 200 1607 "-" "Mozilla/5.0 (Windows NT 6.1; rv:24.0) Gecko/20100101 Firefox/24.0"
82.80.249.204 - - [27/Jun/2019:15:20:20 +0000] "GET /assets/plugins/flag/flags/1x1/lt.svg HTTP/1.1" 200 1016 "-" "Mozilla/5.0 (Macintosh; Intel Mac OS X 10.9; rv:25.0) Gecko/20100101 Firefox/25.0"
82.80.230.228 - - [27/Jun/2019:15:20:20 +0000] "GET /assets/plugins/flag/flags/4x3/tf.svg HTTP/1.1" 301 278 "-" "Mozilla/5.0 (Windows NT 6.0; rv:26.0) Gecko/20100101 Firefox/26.0"
82.80.230.228 - - [27/Jun/2019:15:20:20 +0000] "GET /assets/plugins/flag/flags/4x3/tf.svg HTTP/1.1" 200 893 "-" "Mozilla/5.0 (Windows NT 6.0; rv:26.0) Gecko/20100101 Firefox/26.0"
82.80.230.228 - - [27/Jun/2019:15:20:21 +0000] "GET /assets/plugins/flag/flags/1x1/ci.svg HTTP/1.1" 200 338 "-" "Mozilla/5.0 (Windows NT 6.1; WOW64; Trident/7.0; rv:11.0) like Gecko"
82.80.230.228 - - [27/Jun/2019:15:20:21 +0000] "GET /assets/plugins/flag/flags/4x3/ie.svg HTTP/1.1" 200 366 "-" "Mozilla/5.0 (Macintosh; Intel Mac OS X 10.9; rv:25.0) Gecko/20100101 Firefox/25.0"
82.80.249.133 - - [27/Jun/2019:15:20:21 +0000] "GET /assets/plugins/flag/flags/1x1/il.svg HTTP/1.1" 301 278 "-" "Mozilla/5.0 (X11; Ubuntu; Linux i686; rv:26.0) Gecko/20100101 Firefox/26.0"
82.80.249.133 - - [27/Jun/2019:15:20:21 +0000] "GET /assets/plugins/flag/flags/1x1/il.svg HTTP/1.1" 200 1042 "-" "Mozilla/5.0 (X11; Ubuntu; Linux i686; rv:26.0) Gecko/20100101 Firefox/26.0"
82.80.249.227 - - [27/Jun/2019:15:20:22 +0000] "GET /assets/plugins/flag/flags/1x1/st.svg HTTP/1.1" 301 278 "-" "Mozilla/5.0 (Macintosh; Intel Mac OS X 10.6; rv:26.0) Gecko/20100101 Firefox/26.0"
82.80.249.227 - - [27/Jun/2019:15:20:22 +0000] "GET /assets/plugins/flag/flags/1x1/st.svg HTTP/1.1" 200 1805 "-" "Mozilla/5.0 (Macintosh; Intel Mac OS X 10.6; rv:26.0) Gecko/20100101 Firefox/26.0"
82.80.249.164 - - [27/Jun/2019:15:20:22 +0000] "GET /assets/plugins/flag/flags/1x1/lr.svg HTTP/1.1" 200 1955 "-" "Mozilla/5.0 (compatible; MSIE 10.0; Windows NT 6.1; Trident/6.0)"
82.80.230.228 - - [27/Jun/2019:15:20:22 +0000] "GET /assets/plugins/flag/flags/1x1/np.svg HTTP/1.1" 301 278 "-" "Mozilla/5.0 (Windows NT 6.1; WOW64; rv:25.0) Gecko/20100101 Firefox/25.0"
82.80.230.228 - - [27/Jun/2019:15:20:22 +0000] "GET /assets/plugins/flag/flags/1x1/np.svg HTTP/1.1" 200 2962 "-" "Mozilla/5.0 (Windows NT 6.1; WOW64; rv:25.0) Gecko/20100101 Firefox/25.0"
82.80.249.204 - - [27/Jun/2019:15:20:23 +0000] "GET /assets/plugins/flag/flags/4x3/ck.svg HTTP/1.1" 301 278 "-" "Opera/9.80 (Windows NT 6.1; WOW64) Presto/2.12.388 Version/12.16"
82.80.230.228 - - [27/Jun/2019:15:20:23 +0000] "GET /unitegallery/skins/default/arrow_grid_down.png HTTP/1.1" 200 464 "-" "Mozilla/5.0 (Macintosh; Intel Mac OS X 10.7; rv:26.0) Gecko/20100101 Firefox/26.0"
82.80.230.228 - - [27/Jun/2019:15:20:23 +0000] "GET /assets/plugins/flag/flags/1x1/mc.svg HTTP/1.1" 301 278 "-" "Mozilla/5.0 (Windows NT 6.1; WOW64) AppleWebKit/537.36 (KHTML, like Gecko) Chrome/32.0.1700.41 Safari/537.36"
82.80.249.204 - - [27/Jun/2019:15:20:23 +0000] "GET /assets/plugins/flag/flags/4x3/ck.svg HTTP/1.1" 200 2711 "-" "Opera/9.80 (Windows NT 6.1; WOW64) Presto/2.12.388 Version/12.16"
82.80.230.228 - - [27/Jun/2019:15:20:23 +0000] "GET /assets/plugins/flag/flags/1x1/mc.svg HTTP/1.1" 200 791 "-" "Mozilla/5.0 (Windows NT 6.1; WOW64) AppleWebKit/537.36 (KHTML, like Gecko) Chrome/32.0.1700.41 Safari/537.36"
82.80.249.155 - - [27/Jun/2019:15:20:23 +0000] "GET /assets/plugins/flag/flags/4x3/fj.svg HTTP/1.1" 200 23096 "-" "Mozilla/5.0 (X11; Ubuntu; Linux x86_64; rv:25.0) Gecko/20100101 Firefox/25.0"
82.80.230.228 - - [27/Jun/2019:15:20:24 +0000] "GET /assets/plugins/flag/flags/4x3/is.svg HTTP/1.1" 200 1195 "-" "Mozilla/5.0 (Macintosh; Intel Mac OS X 10.8; rv:26.0) Gecko/20100101 Firefox/26.0"
82.80.230.228 - - [27/Jun/2019:15:20:24 +0000] "GET /assets/plugins/flag/flags/1x1/gb-wls.svg HTTP/1.1" 200 14357 "-" "Mozilla/5.0 (Windows NT 5.1) AppleWebKit/537.36 (KHTML, like Gecko) Chrome/31.0.1650.63 Safari/537.36"
82.80.230.228 - - [27/Jun/2019:15:20:24 +0000] "GET /assets/plugins/flag/flags/4x3/ag.svg HTTP/1.1" 301 278 "-" "Mozilla/5.0 (Macintosh; Intel Mac OS X 10_9_0) AppleWebKit/537.36 (KHTML, like Gecko) Chrome/31.0.1650.63 Safari/537.36"
82.80.230.228 - - [27/Jun/2019:15:20:24 +0000] "GET /assets/plugins/flag/flags/4x3/ag.svg HTTP/1.1" 200 935 "-" "Mozilla/5.0 (Macintosh; Intel Mac OS X 10_9_0) AppleWebKit/537.36 (KHTML, like Gecko) Chrome/31.0.1650.63 Safari/537.36"
82.80.249.164 - - [27/Jun/2019:15:20:25 +0000] "GET /assets/plugins/flag/flags/1x1/kh.svg HTTP/1.1" 301 278 "-" "Mozilla/5.0 (Macintosh; Intel Mac OS X 10_9_1) AppleWebKit/537.73.11 (KHTML, like Gecko) Version/7.0.1 Safari/537.73.11"
82.80.230.228 - - [27/Jun/2019:15:20:25 +0000] "GET /assets/plugins/flag/flags/1x1/jm.svg HTTP/1.1" 200 1066 "-" "Mozilla/5.0 (Windows NT 6.1; WOW64) AppleWebKit/537.36 (KHTML, like Gecko) Chrome/31.0.1650.63 Safari/537.36"
82.80.249.163 - - [27/Jun/2019:15:20:25 +0000] "GET /assets/plugins/flag/flags/1x1/be.svg HTTP/1.1" 200 351 "-" "Mozilla/5.0 (Windows NT 6.1; WOW64; rv:26.0) Gecko/20100101 Firefox/26.0"
82.80.230.228 - - [27/Jun/2019:15:20:25 +0000] "GET /assets/plugins/flag/flags/1x1/eu.svg HTTP/1.1" 301 278 "-" "Mozilla/5.0 (Windows NT 6.1; rv:24.0) Gecko/20100101 Firefox/24.0"
82.80.249.164 - - [27/Jun/2019:15:20:25 +0000] "GET /assets/plugins/flag/flags/1x1/kh.svg HTTP/1.1" 200 19725 "-" "Mozilla/5.0 (Macintosh; Intel Mac OS X 10_9_1) AppleWebKit/537.73.11 (KHTML, like Gecko) Version/7.0.1 Safari/537.73.11"
82.80.230.228 - - [27/Jun/2019:15:20:25 +0000] "GET /assets/plugins/flag/flags/1x1/eu.svg HTTP/1.1" 200 1268 "-" "Mozilla/5.0 (Windows NT 6.1; rv:24.0) Gecko/20100101 Firefox/24.0"
82.80.230.228 - - [27/Jun/2019:15:20:26 +0000] "GET /assets/plugins/flag/flags/4x3/gd.svg HTTP/1.1" 200 1996 "-" "Mozilla/5.0 (X11; Ubuntu; Linux x86_64; rv:26.0) Gecko/20100101 Firefox/26.0"
82.80.230.228 - - [27/Jun/2019:15:20:26 +0000] "GET /assets/plugins/flag/flags/4x3/ht.svg HTTP/1.1" 200 296 "-" "Mozilla/5.0 (X11; Linux x86_64) AppleWebKit/537.36 (KHTML, like Gecko) Chrome/31.0.1650.57 Safari/537.36"
82.80.249.143 - - [27/Jun/2019:15:20:26 +0000] "GET /assets/plugins/flag/flags/1x1/mz.svg HTTP/1.1" 301 278 "-" "Mozilla/5.0 (Macintosh; Intel Mac OS X 10_8_4) AppleWebKit/537.36 (KHTML, like Gecko) Chrome/31.0.1650.63 Safari/537.36"
82.80.249.133 - - [27/Jun/2019:15:20:26 +0000] "GET /assets/plugins/flag/flags/4x3/gf.svg HTTP/1.1" 200 266 "-" "Mozilla/5.0 (X11; Linux i686) AppleWebKit/537.36 (KHTML, like Gecko) Chrome/31.0.1650.63 Safari/537.36"
82.80.249.143 - - [27/Jun/2019:15:20:26 +0000] "GET /assets/plugins/flag/flags/1x1/mz.svg HTTP/1.1" 200 5178 "-" "Mozilla/5.0 (Macintosh; Intel Mac OS X 10_8_4) AppleWebKit/537.36 (KHTML, like Gecko) Chrome/31.0.1650.63 Safari/537.36"
82.80.249.164 - - [27/Jun/2019:15:20:26 +0000] "GET /assets/plugins/flag/flags/4x3/ba.svg HTTP/1.1" 301 278 "-" "Mozilla/5.0 (Macintosh; Intel Mac OS X 10_9_1) AppleWebKit/537.36 (KHTML, like Gecko) Chrome/31.0.1650.57 Safari/537.36"
82.80.230.228 - - [27/Jun/2019:15:20:26 +0000] "GET /assets/plugins/flag/flags/1x1/bs.svg HTTP/1.1" 200 696 "-" "Mozilla/5.0 (Macintosh; Intel Mac OS X 10_6_8) AppleWebKit/534.59.10 (KHTML, like Gecko) Version/5.1.9 Safari/534.59.10"
82.80.249.164 - - [27/Jun/2019:15:20:26 +0000] "GET /assets/plugins/flag/flags/4x3/ba.svg HTTP/1.1" 200 1557 "-" "Mozilla/5.0 (Macintosh; Intel Mac OS X 10_9_1) AppleWebKit/537.36 (KHTML, like Gecko) Chrome/31.0.1650.57 Safari/537.36"
82.80.230.228 - - [27/Jun/2019:15:20:27 +0000] "GET /unitegallery/images/loader_skype_trans.gif HTTP/1.1" 200 10280 "-" "Mozilla/5.0 (Windows NT 6.2; Win64; x64; rv:27.0) Gecko/20100101 Firefox/27.0"
82.80.249.143 - - [27/Jun/2019:15:20:27 +0000] "GET /assets/plugins/flag/flags/1x1/gq.svg HTTP/1.1" 301 278 "-" "Mozilla/5.0 (X11; Ubuntu; Linux x86_64; rv:26.0) Gecko/20100101 Firefox/26.0"
82.80.230.228 - - [27/Jun/2019:15:20:27 +0000] "GET /assets/plugins/flag/flags/1x1/ro.svg HTTP/1.1" 301 278 "-" "Mozilla/5.0 (Macintosh; Intel Mac OS X 10_8_5) AppleWebKit/536.30.1 (KHTML, like Gecko) Version/6.0.5 Safari/536.30.1"
82.80.249.143 - - [27/Jun/2019:15:20:27 +0000] "GET /assets/plugins/flag/flags/1x1/gq.svg HTTP/1.1" 200 17794 "-" "Mozilla/5.0 (X11; Ubuntu; Linux x86_64; rv:26.0) Gecko/20100101 Firefox/26.0"
82.80.230.228 - - [27/Jun/2019:15:20:27 +0000] "GET /assets/plugins/flag/flags/1x1/ro.svg HTTP/1.1" 200 890 "-" "Mozilla/5.0 (Macintosh; Intel Mac OS X 10_8_5) AppleWebKit/536.30.1 (KHTML, like Gecko) Version/6.0.5 Safari/536.30.1"
82.80.249.157 - - [27/Jun/2019:15:20:27 +0000] "GET /assets/plugins/flag/flags/1x1/ir.svg HTTP/1.1" 301 278 "-" "Mozilla/5.0 (Windows NT 6.0) AppleWebKit/537.36 (KHTML, like Gecko) Chrome/31.0.1650.63 Safari/537.36"
82.80.249.157 - - [27/Jun/2019:15:20:28 +0000] "GET /assets/plugins/flag/flags/1x1/ir.svg HTTP/1.1" 200 46815 "-" "Mozilla/5.0 (Windows NT 6.0) AppleWebKit/537.36 (KHTML, like Gecko) Chrome/31.0.1650.63 Safari/537.36"
82.80.230.228 - - [27/Jun/2019:15:20:28 +0000] "GET /assets/plugins/flag/flags/1x1/np.svg HTTP/1.1" 200 2962 "-" "Mozilla/5.0 (Windows NT 6.3; WOW64; Trident/7.0; Touch; rv:11.0) like Gecko"
82.80.249.227 - - [27/Jun/2019:15:20:28 +0000] "GET /assets/plugins/flag/flags/4x3/my.svg HTTP/1.1" 301 278 "-" "Mozilla/5.0 (Macintosh; Intel Mac OS X 10_8_4) AppleWebKit/537.36 (KHTML, like Gecko) Chrome/31.0.1650.63 Safari/537.36"
82.80.249.133 - - [27/Jun/2019:15:20:28 +0000] "GET /images/about-3.jpg HTTP/1.1" 200 46335 "-" "Mozilla/5.0 (Windows NT 6.1; WOW64; rv:27.0) Gecko/20100101 Firefox/27.0"
82.80.249.164 - - [27/Jun/2019:15:20:28 +0000] "GET /assets/plugins/flag/flags/4x3/ml.svg HTTP/1.1" 200 875 "-" "Mozilla/5.0 (Windows NT 6.2; Win64; x64; rv:27.0) Gecko/20100101 Firefox/27.0"
82.80.249.227 - - [27/Jun/2019:15:20:28 +0000] "GET /assets/plugins/flag/flags/4x3/my.svg HTTP/1.1" 200 2214 "-" "Mozilla/5.0 (Macintosh; Intel Mac OS X 10_8_4) AppleWebKit/537.36 (KHTML, like Gecko) Chrome/31.0.1650.63 Safari/537.36"
82.80.249.133 - - [27/Jun/2019:15:20:28 +0000] "GET /assets/plugins/flag/flags/1x1/se.svg HTTP/1.1" 301 278 "-" "Mozilla/5.0 (Windows NT 6.1; WOW64; rv:25.0) Gecko/20100101 Firefox/25.0"
82.80.249.133 - - [27/Jun/2019:15:20:28 +0000] "GET /images/studio-2.jpg HTTP/1.1" 200 30181 "-" "Mozilla/5.0 (Macintosh; Intel Mac OS X 10_9_1) AppleWebKit/537.73.11 (KHTML, like Gecko) Version/7.0.1 Safari/537.73.11"
82.80.249.133 - - [27/Jun/2019:15:20:29 +0000] "GET /assets/plugins/flag/flags/1x1/se.svg HTTP/1.1" 200 1538 "-" "Mozilla/5.0 (Windows NT 6.1; WOW64; rv:25.0) Gecko/20100101 Firefox/25.0"
82.80.230.228 - - [27/Jun/2019:15:20:29 +0000] "GET /assets/plugins/flag/flags/4x3/pf.svg HTTP/1.1" 301 278 "-" "Mozilla/5.0 (Macintosh; Intel Mac OS X 10.9; rv:26.0) Gecko/20100101 Firefox/26.0"
82.80.249.227 - - [27/Jun/2019:15:20:29 +0000] "GET /assets/plugins/flag/flags/1x1/to.svg HTTP/1.1" 200 1077 "-" "Mozilla/5.0 (Windows NT 6.1; WOW64; rv:26.0) Gecko/20100101 Firefox/26.0"
82.80.230.228 - - [27/Jun/2019:15:20:29 +0000] "GET /assets/plugins/flag/flags/4x3/pf.svg HTTP/1.1" 200 10784 "-" "Mozilla/5.0 (Macintosh; Intel Mac OS X 10.9; rv:26.0) Gecko/20100101 Firefox/26.0"
82.80.244.51 - - [27/Jun/2019:15:20:29 +0000] "GET /assets/plugins/flag/flags/4x3/az.svg HTTP/1.1" 200 1050 "-" "Mozilla/5.0 (Windows NT 6.0) AppleWebKit/537.36 (KHTML, like Gecko) Chrome/31.0.1650.63 Safari/537.36"
82.80.230.228 - - [27/Jun/2019:15:20:29 +0000] "GET /assets/plugins/flag/flags/1x1/na.svg HTTP/1.1" 301 278 "-" "Mozilla/5.0 (Windows NT 6.1; WOW64; Trident/7.0; rv:11.0) like Gecko"
82.80.249.143 - - [27/Jun/2019:15:20:29 +0000] "GET /assets/plugins/flag/flags/1x1/ml.svg HTTP/1.1" 301 278 "-" "Mozilla/5.0 (Windows NT 6.1; WOW64; rv:27.0) Gecko/20100101 Firefox/27.0"
82.80.230.228 - - [27/Jun/2019:15:20:30 +0000] "GET /assets/plugins/flag/flags/1x1/na.svg HTTP/1.1" 200 2692 "-" "Mozilla/5.0 (Windows NT 6.1; WOW64; Trident/7.0; rv:11.0) like Gecko"
