54.36.148.40 - - [14/Jul/2019:00:07:37 +0000] "GET /it/escursioni/parco-nazionale-krka HTTP/1.1" 200 4923 "-" "Mozilla/5.0 (compatible; AhrefsBot/6.1; +http://ahrefs.com/robot/)"
216.244.66.200 - - [14/Jul/2019:00:07:47 +0000] "GET /robots.txt HTTP/1.1" 301 252 "-" "Mozilla/5.0 (compatible; DotBot/1.1; http://www.opensiteexplorer.org/dotbot, help@moz.com)"
216.244.66.200 - - [14/Jul/2019:00:07:48 +0000] "GET /robots.txt HTTP/1.1" 200 24 "-" "Mozilla/5.0 (compatible; DotBot/1.1; http://www.opensiteexplorer.org/dotbot, help@moz.com)"
185.233.187.153 - - [14/Jul/2019:00:16:56 +0000] "POST /?page_id=155 HTTP/1.1" 301 254 "http://www.apartmanisostaric.com/?page_id=155" "Mozilla/4.0 (compatible; MSIE 6.0; Windows NT 5.1; SV1)"
216.244.66.200 - - [14/Jul/2019:00:32:22 +0000] "GET /wp-content/uploads/IMG_7073.jpg HTTP/1.1" 404 1104 "-" "Mozilla/5.0 (compatible; DotBot/1.1; http://www.opensiteexplorer.org/dotbot, help@moz.com)"
157.55.39.113 - - [14/Jul/2019:00:33:52 +0000] "GET /apartmani/studio-za-2-osobe-2-0 HTTP/1.1" 200 5337 "-" "Mozilla/5.0 (iPhone; CPU iPhone OS 7_0 like Mac OS X) AppleWebKit/537.51.1 (KHTML, like Gecko) Version/7.0 Mobile/11A465 Safari/9537.53 (compatible; bingbot/2.0; +http://www.bing.com/bingbot.htm)"
40.77.167.144 - - [14/Jul/2019:00:33:59 +0000] "GET /robots.txt HTTP/1.1" 301 252 "-" "Mozilla/5.0 (compatible; bingbot/2.0; +http://www.bing.com/bingbot.htm)"
40.77.167.144 - - [14/Jul/2019:00:34:00 +0000] "GET /robots.txt HTTP/1.1" 200 24 "-" "Mozilla/5.0 (compatible; bingbot/2.0; +http://www.bing.com/bingbot.htm)"
157.55.39.113 - - [14/Jul/2019:00:34:23 +0000] "GET /assets/plugins/flag/css/flag-icon.css HTTP/1.1" 200 2837 "-" "Mozilla/5.0 (iPhone; CPU iPhone OS 7_0 like Mac OS X) AppleWebKit/537.51.1 (KHTML, like Gecko) Version/7.0 Mobile/11A465 Safari/9537.53 (compatible; bingbot/2.0; +http://www.bing.com/bingbot.htm)"
157.55.39.113 - - [14/Jul/2019:00:34:23 +0000] "GET /css/styles.css?v=9 HTTP/1.1" 200 59061 "-" "Mozilla/5.0 (iPhone; CPU iPhone OS 7_0 like Mac OS X) AppleWebKit/537.51.1 (KHTML, like Gecko) Version/7.0 Mobile/11A465 Safari/9537.53 (compatible; bingbot/2.0; +http://www.bing.com/bingbot.htm)"
207.46.13.198 - - [14/Jul/2019:00:34:27 +0000] "GET /unitegallery/js/jquery-11.0.min.js HTTP/1.1" 200 33369 "-" "Mozilla/5.0 (iPhone; CPU iPhone OS 7_0 like Mac OS X) AppleWebKit/537.51.1 (KHTML, like Gecko) Version/7.0 Mobile/11A465 Safari/9537.53 (compatible; bingbot/2.0; +http://www.bing.com/bingbot.htm)"
207.46.13.198 - - [14/Jul/2019:00:34:27 +0000] "GET /unitegallery/themes/compact/ug-theme-compact.js HTTP/1.1" 200 2477 "-" "Mozilla/5.0 (iPhone; CPU iPhone OS 7_0 like Mac OS X) AppleWebKit/537.51.1 (KHTML, like Gecko) Version/7.0 Mobile/11A465 Safari/9537.53 (compatible; bingbot/2.0; +http://www.bing.com/bingbot.htm)"
40.77.167.144 - - [14/Jul/2019:00:34:31 +0000] "GET /assets/css/cookieconsent.min.css HTTP/1.1" 200 1209 "-" "Mozilla/5.0 (iPhone; CPU iPhone OS 7_0 like Mac OS X) AppleWebKit/537.51.1 (KHTML, like Gecko) Version/7.0 Mobile/11A465 Safari/9537.53 (compatible; bingbot/2.0; +http://www.bing.com/bingbot.htm)"
40.77.167.144 - - [14/Jul/2019:00:34:31 +0000] "GET /css/bootstrap-datepicker.min.css HTTP/1.1" 200 2072 "-" "Mozilla/5.0 (iPhone; CPU iPhone OS 7_0 like Mac OS X) AppleWebKit/537.51.1 (KHTML, like Gecko) Version/7.0 Mobile/11A465 Safari/9537.53 (compatible; bingbot/2.0; +http://www.bing.com/bingbot.htm)"
40.77.167.144 - - [14/Jul/2019:00:34:32 +0000] "GET /css/owl.carousel.min.css HTTP/1.1" 200 912 "-" "Mozilla/5.0 (iPhone; CPU iPhone OS 7_0 like Mac OS X) AppleWebKit/537.51.1 (KHTML, like Gecko) Version/7.0 Mobile/11A465 Safari/9537.53 (compatible; bingbot/2.0; +http://www.bing.com/bingbot.htm)"
40.77.167.144 - - [14/Jul/2019:00:34:32 +0000] "GET /js/bootstrap-datepicker.min.js HTTP/1.1" 200 10065 "-" "Mozilla/5.0 (iPhone; CPU iPhone OS 7_0 like Mac OS X) AppleWebKit/537.51.1 (KHTML, like Gecko) Version/7.0 Mobile/11A465 Safari/9537.53 (compatible; bingbot/2.0; +http://www.bing.com/bingbot.htm)"
40.77.167.144 - - [14/Jul/2019:00:34:32 +0000] "GET /unitegallery/css/unite-gallery.css HTTP/1.1" 200 4825 "-" "Mozilla/5.0 (iPhone; CPU iPhone OS 7_0 like Mac OS X) AppleWebKit/537.51.1 (KHTML, like Gecko) Version/7.0 Mobile/11A465 Safari/9537.53 (compatible; bingbot/2.0; +http://www.bing.com/bingbot.htm)"
46.3.96.73 - - [14/Jul/2019:00:41:31 +0000] "POST /wp-login.php HTTP/1.1" 301 254 "http://apartmanisostaric.com/wp-login.php" "Mozilla/5.0 (Macintosh; U; Intel Mac OS X 10_32_89) AppleWebKit/531.73.20 (KHTML, like Gecko) Chrome/56.2.6258.1986 Safari/532.13 Edge/36.07076"
46.3.96.73 - - [14/Jul/2019:00:41:35 +0000] "GET /wp-login.php HTTP/1.1" 404 1104 "http://apartmanisostaric.com/wp-login.php" "Mozilla/5.0 (Macintosh; U; Intel Mac OS X 10_32_89) AppleWebKit/531.73.20 (KHTML, like Gecko) Chrome/56.2.6258.1986 Safari/532.13 Edge/36.07076"
157.55.39.113 - - [14/Jul/2019:00:47:24 +0000] "GET /?page_id=231 HTTP/1.1" 301 254 "-" "Mozilla/5.0 (compatible; bingbot/2.0; +http://www.bing.com/bingbot.htm)"
54.36.148.80 - - [14/Jul/2019:00:58:19 +0000] "GET /it/escursioni/opg-jagic HTTP/1.1" 200 4974 "-" "Mozilla/5.0 (compatible; AhrefsBot/6.1; +http://ahrefs.com/robot/)"
216.244.66.200 - - [14/Jul/2019:01:00:38 +0000] "GET /robots.txt HTTP/1.1" 301 252 "-" "Mozilla/5.0 (compatible; DotBot/1.1; http://www.opensiteexplorer.org/dotbot, help@moz.com)"
216.244.66.200 - - [14/Jul/2019:01:00:39 +0000] "GET /robots.txt HTTP/1.1" 200 24 "-" "Mozilla/5.0 (compatible; DotBot/1.1; http://www.opensiteexplorer.org/dotbot, help@moz.com)"
40.77.252.18 - - [14/Jul/2019:01:04:29 +0000] "GET /css/ionicons.min.css HTTP/1.1" 200 51263 "-" "Mozilla/5.0 (iPhone; CPU iPhone OS 7_0 like Mac OS X) AppleWebKit/537.51.1 (KHTML, like Gecko) Version/7.0 Mobile/11A465 Safari/9537.53 BingPreview/1.0b"
40.77.252.60 - - [14/Jul/2019:01:04:39 +0000] "GET /js/bootstrap.min.js HTTP/1.1" 200 36874 "-" "Mozilla/5.0 (iPhone; CPU iPhone OS 7_0 like Mac OS X) AppleWebKit/537.51.1 (KHTML, like Gecko) Version/7.0 Mobile/11A465 Safari/9537.53 BingPreview/1.0b"
40.77.195.46 - - [14/Jul/2019:01:04:41 +0000] "GET /js/bootstrap-select.js HTTP/1.1" 200 58679 "-" "Mozilla/5.0 (iPhone; CPU iPhone OS 7_0 like Mac OS X) AppleWebKit/537.51.1 (KHTML, like Gecko) Version/7.0 Mobile/11A465 Safari/9537.53 BingPreview/1.0b"
40.77.195.43 - - [14/Jul/2019:01:04:46 +0000] "GET /unitegallery/js/unitegallery.min.js HTTP/1.1" 200 251556 "-" "Mozilla/5.0 (iPhone; CPU iPhone OS 7_0 like Mac OS X) AppleWebKit/537.51.1 (KHTML, like Gecko) Version/7.0 Mobile/11A465 Safari/9537.53 BingPreview/1.0b"
216.244.66.200 - - [14/Jul/2019:01:17:35 +0000] "GET /de/+38523377050 HTTP/1.1" 404 1104 "-" "Mozilla/5.0 (compatible; DotBot/1.1; http://www.opensiteexplorer.org/dotbot, help@moz.com)"
216.244.66.200 - - [14/Jul/2019:01:18:02 +0000] "GET /en/tours/+38523377050 HTTP/1.1" 404 1104 "-" "Mozilla/5.0 (compatible; DotBot/1.1; http://www.opensiteexplorer.org/dotbot, help@moz.com)"
216.244.66.200 - - [14/Jul/2019:01:18:04 +0000] "GET /en/tours/de HTTP/1.1" 404 1104 "-" "Mozilla/5.0 (compatible; DotBot/1.1; http://www.opensiteexplorer.org/dotbot, help@moz.com)"
216.244.66.200 - - [14/Jul/2019:01:54:20 +0000] "GET /robots.txt HTTP/1.1" 301 252 "-" "Mozilla/5.0 (compatible; DotBot/1.1; http://www.opensiteexplorer.org/dotbot, help@moz.com)"
216.244.66.200 - - [14/Jul/2019:01:54:21 +0000] "GET /robots.txt HTTP/1.1" 200 24 "-" "Mozilla/5.0 (compatible; DotBot/1.1; http://www.opensiteexplorer.org/dotbot, help@moz.com)"
216.244.66.200 - - [14/Jul/2019:02:08:06 +0000] "GET /en/apartments/apartment-for-4-persons-A2-2 HTTP/1.1" 200 24590 "-" "Mozilla/5.0 (compatible; DotBot/1.1; http://www.opensiteexplorer.org/dotbot, help@moz.com)"
216.244.66.200 - - [14/Jul/2019:02:09:30 +0000] "GET /en/tours/+385915793291 HTTP/1.1" 404 1104 "-" "Mozilla/5.0 (compatible; DotBot/1.1; http://www.opensiteexplorer.org/dotbot, help@moz.com)"
216.244.66.200 - - [14/Jul/2019:02:22:44 +0000] "GET /wp-content/uploads/APP11pogled-2.jpg HTTP/1.1" 404 1104 "-" "Mozilla/5.0 (compatible; DotBot/1.1; http://www.opensiteexplorer.org/dotbot, help@moz.com)"
216.244.66.200 - - [14/Jul/2019:02:29:38 +0000] "GET /?feed=comments-rss2 HTTP/1.1" 200 35374 "-" "Mozilla/5.0 (compatible; DotBot/1.1; http://www.opensiteexplorer.org/dotbot, help@moz.com)"
216.244.66.200 - - [14/Jul/2019:02:46:14 +0000] "GET /robots.txt HTTP/1.1" 301 252 "-" "Mozilla/5.0 (compatible; DotBot/1.1; http://www.opensiteexplorer.org/dotbot, help@moz.com)"
216.244.66.200 - - [14/Jul/2019:02:46:15 +0000] "GET /robots.txt HTTP/1.1" 200 24 "-" "Mozilla/5.0 (compatible; DotBot/1.1; http://www.opensiteexplorer.org/dotbot, help@moz.com)"
216.244.66.200 - - [14/Jul/2019:03:03:13 +0000] "GET /it/politica-di-privacy HTTP/1.1" 200 24735 "-" "Mozilla/5.0 (compatible; DotBot/1.1; http://www.opensiteexplorer.org/dotbot, help@moz.com)"
188.163.109.153 - - [14/Jul/2019:03:06:12 +0000] "GET / HTTP/1.0" 301 242 "http://apartmanisostaric.com/" "Mozilla/5.0 (Windows NT 6.1; Win64; x64) AppleWebKit/537.36 (KHTML, like Gecko) Chrome/67.0.3396.87 Safari/537.36 OPR/54.0.2952.71"
188.163.109.153 - - [14/Jul/2019:03:06:13 +0000] "GET / HTTP/1.0" 200 35334 "https://www.apartmanisostaric.com/" "Mozilla/5.0 (Windows NT 6.1; Win64; x64) AppleWebKit/537.36 (KHTML, like Gecko) Chrome/67.0.3396.87 Safari/537.36 OPR/54.0.2952.71"
207.46.13.198 - - [14/Jul/2019:03:07:16 +0000] "GET /izleti/nacionali-park-krka HTTP/1.1" 200 4886 "-" "Mozilla/5.0 (compatible; bingbot/2.0; +http://www.bing.com/bingbot.htm)"
5.189.206.226 - - [14/Jul/2019:03:10:28 +0000] "POST /?page_id=155 HTTP/1.1" 301 254 "http://www.apartmanisostaric.com/?page_id=155" "Mozilla/4.0 (compatible; MSIE 6.0; Windows NT 5.1; SV1)"
216.244.66.200 - - [14/Jul/2019:03:16:24 +0000] "GET /wp-content/uploads/7zd.jpg HTTP/1.1" 404 1104 "-" "Mozilla/5.0 (compatible; DotBot/1.1; http://www.opensiteexplorer.org/dotbot, help@moz.com)"
216.244.66.200 - - [14/Jul/2019:03:16:27 +0000] "GET /wp-content/uploads/APP3soba2.jpg HTTP/1.1" 404 1104 "-" "Mozilla/5.0 (compatible; DotBot/1.1; http://www.opensiteexplorer.org/dotbot, help@moz.com)"
87.250.224.91 - - [14/Jul/2019:03:39:10 +0000] "GET /robots.txt HTTP/1.1" 200 24 "-" "Mozilla/5.0 (compatible; YandexBot/3.0; +http://yandex.com/bots)"
87.250.224.91 - - [14/Jul/2019:03:39:14 +0000] "GET /hr/izleti/+38523377050 HTTP/1.1" 404 1104 "-" "Mozilla/5.0 (compatible; YandexBot/3.0; +http://yandex.com/bots)"
125.77.23.3 - - [14/Jul/2019:03:40:18 +0000] "GET / HTTP/1.1" 301 242 "-" "python-requests/2.19.1"
125.77.23.3 - - [14/Jul/2019:03:40:20 +0000] "GET / HTTP/1.1" 200 6579 "-" "python-requests/2.19.1"
216.244.66.200 - - [14/Jul/2019:03:40:26 +0000] "GET /robots.txt HTTP/1.1" 301 252 "-" "Mozilla/5.0 (compatible; DotBot/1.1; http://www.opensiteexplorer.org/dotbot, help@moz.com)"
216.244.66.200 - - [14/Jul/2019:03:40:27 +0000] "GET /robots.txt HTTP/1.1" 200 24 "-" "Mozilla/5.0 (compatible; DotBot/1.1; http://www.opensiteexplorer.org/dotbot, help@moz.com)"
185.86.164.98 - - [14/Jul/2019:03:51:40 +0000] "GET /wp-login.php HTTP/1.1" 301 254 "-" "Mozilla/5.0 (Windows NT 10.0; WOW64) AppleWebKit/537.36 (KHTML, like Gecko) Chrome/51.0.2704.103 Safari/537.36"
185.86.164.98 - - [14/Jul/2019:03:51:41 +0000] "GET /wp-login.php HTTP/1.1" 404 1104 "-" "Mozilla/5.0 (Windows NT 10.0; WOW64) AppleWebKit/537.36 (KHTML, like Gecko) Chrome/51.0.2704.103 Safari/537.36"
216.244.66.200 - - [14/Jul/2019:03:58:15 +0000] "GET /de/ausfluge/+38523377050 HTTP/1.1" 404 1104 "-" "Mozilla/5.0 (compatible; DotBot/1.1; http://www.opensiteexplorer.org/dotbot, help@moz.com)"
216.244.66.200 - - [14/Jul/2019:04:11:23 +0000] "GET /wp-content/uploads/IMG_7461.jpg HTTP/1.1" 404 1104 "-" "Mozilla/5.0 (compatible; DotBot/1.1; http://www.opensiteexplorer.org/dotbot, help@moz.com)"
90.188.236.43 - - [14/Jul/2019:04:14:49 +0000] "GET / HTTP/1.0" 301 242 "http://apartmanisostaric.com/" "Mozilla/5.0 (Windows NT 6.1; Win64; x64) AppleWebKit/537.36 (KHTML, like Gecko) Chrome/67.0.3396.99 Safari/537.36"
90.188.236.43 - - [14/Jul/2019:04:14:50 +0000] "GET / HTTP/1.0" 200 35334 "https://www.apartmanisostaric.com/" "Mozilla/5.0 (Windows NT 6.1; Win64; x64) AppleWebKit/537.36 (KHTML, like Gecko) Chrome/67.0.3396.99 Safari/537.36"
207.46.13.79 - - [14/Jul/2019:04:30:20 +0000] "GET /en/tours/national-park-paklenica HTTP/1.1" 200 4711 "-" "Mozilla/5.0 (compatible; bingbot/2.0; +http://www.bing.com/bingbot.htm)"
216.244.66.200 - - [14/Jul/2019:04:35:03 +0000] "GET /robots.txt HTTP/1.1" 301 252 "-" "Mozilla/5.0 (compatible; DotBot/1.1; http://www.opensiteexplorer.org/dotbot, help@moz.com)"
216.244.66.200 - - [14/Jul/2019:04:35:04 +0000] "GET /robots.txt HTTP/1.1" 200 24 "-" "Mozilla/5.0 (compatible; DotBot/1.1; http://www.opensiteexplorer.org/dotbot, help@moz.com)"
193.106.30.99 - - [14/Jul/2019:04:57:11 +0000] "GET /wp-content/themes/advancesettings/404.php HTTP/1.1" 404 1104 "-" "Mozilla/5.0 (Windows NT 6.1; Win64; x64) AppleWebKit/537.36 (KHTML, like Gecko) Chrome/73.0.3683.103 Safari/537.36"
192.241.221.187 - - [14/Jul/2019:04:58:53 +0000] "GET / HTTP/1.1" 301 242 "-" "Mozilla/5.0 (Windows NT 6.1; Win64; x64; rv:64.0) Gecko/20100101 Firefox/64.0"
192.241.221.187 - - [14/Jul/2019:04:59:04 +0000] "GET / HTTP/1.1" 200 35334 "http://apartmanisostaric.com" "Mozilla/5.0 (Windows NT 6.1; Win64; x64; rv:64.0) Gecko/20100101 Firefox/64.0"
192.241.221.187 - - [14/Jul/2019:04:59:35 +0000] "GET /wp-content/plugins/fb-messenger/js/index.js HTTP/1.1" 301 285 "-" "Mozilla/5.0 (Windows NT 6.1; Win64; x64; rv:64.0) Gecko/20100101 Firefox/64.0"
192.241.221.187 - - [14/Jul/2019:04:59:36 +0000] "GET /wp-content/plugins/fb-messenger/js/index.js HTTP/1.1" 404 1104 "http://apartmanisostaric.com/wp-content/plugins/fb-messenger/js/index.js" "Mozilla/5.0 (Windows NT 6.1; Win64; x64; rv:64.0) Gecko/20100101 Firefox/64.0"
192.241.221.187 - - [14/Jul/2019:04:59:47 +0000] "GET /wp-content/plugins/ultimate-faqs/css/ewd-ufaq-styles.css HTTP/1.1" 301 298 "-" "Mozilla/5.0 (Windows NT 6.1; Win64; x64; rv:64.0) Gecko/20100101 Firefox/64.0"
192.241.221.187 - - [14/Jul/2019:05:00:47 +0000] "GET /wp-content/plugins/easy-wp-smtp/js/script.js HTTP/1.1" 301 286 "-" "Mozilla/5.0 (Windows NT 6.1; Win64; x64; rv:64.0) Gecko/20100101 Firefox/64.0"
192.241.221.187 - - [14/Jul/2019:05:00:58 +0000] "GET /wp-content/plugins/easy-wp-smtp/js/script.js HTTP/1.1" 404 1104 "http://apartmanisostaric.com/wp-content/plugins/easy-wp-smtp/js/script.js" "Mozilla/5.0 (Windows NT 6.1; Win64; x64; rv:64.0) Gecko/20100101 Firefox/64.0"
192.241.221.187 - - [14/Jul/2019:05:01:19 +0000] "GET /wp-content/plugins/social-warfare/assets/js/script.js HTTP/1.1" 301 295 "-" "Mozilla/5.0 (Windows NT 6.1; Win64; x64; rv:64.0) Gecko/20100101 Firefox/64.0"
192.241.221.187 - - [14/Jul/2019:05:02:54 +0000] "GET /wp-content/plugins/yellow-pencil-visual-theme-customizer/js/yellow-pencil.js HTTP/1.1" 301 318 "-" "Mozilla/5.0 (Windows NT 6.1; Win64; x64; rv:64.0) Gecko/20100101 Firefox/64.0"
192.241.221.187 - - [14/Jul/2019:05:04:20 +0000] "GET /wp-content/plugins/wp-gdpr-compliance/assets/js/admin.js HTTP/1.1" 301 298 "-" "Mozilla/5.0 (Windows NT 6.1; Win64; x64; rv:64.0) Gecko/20100101 Firefox/64.0"
216.244.66.200 - - [14/Jul/2019:05:05:57 +0000] "GET /wp-content/uploads/APP1stol-1.jpg HTTP/1.1" 404 1104 "-" "Mozilla/5.0 (compatible; DotBot/1.1; http://www.opensiteexplorer.org/dotbot, help@moz.com)"
192.241.221.187 - - [14/Jul/2019:05:07:06 +0000] "GET /wp-content/plugins/wp-piwik/js/wp-piwik.js HTTP/1.1" 301 284 "-" "Mozilla/5.0 (Windows NT 6.1; Win64; x64; rv:64.0) Gecko/20100101 Firefox/64.0"
192.241.221.187 - - [14/Jul/2019:05:07:22 +0000] "GET /wp-content/plugins/wp-piwik/js/wp-piwik.js HTTP/1.1" 404 1104 "http://apartmanisostaric.com/wp-content/plugins/wp-piwik/js/wp-piwik.js" "Mozilla/5.0 (Windows NT 6.1; Win64; x64; rv:64.0) Gecko/20100101 Firefox/64.0"
192.241.221.187 - - [14/Jul/2019:05:07:42 +0000] "GET /wp-content/plugins/smart-google-code-inserter/screenshot1.jpg HTTP/1.1" 301 303 "-" "Mozilla/5.0 (Windows NT 6.1; Win64; x64; rv:64.0) Gecko/20100101 Firefox/64.0"
192.241.221.187 - - [14/Jul/2019:05:08:43 +0000] "GET /wp-content/plugins/totaldonations/css/mg_progress-bar.css HTTP/1.1" 301 299 "-" "Mozilla/5.0 (Windows NT 6.1; Win64; x64; rv:64.0) Gecko/20100101 Firefox/64.0"
192.241.221.187 - - [14/Jul/2019:05:08:59 +0000] "GET /wp-content/plugins/totaldonations/css/mg_progress-bar.css HTTP/1.1" 404 1104 "http://apartmanisostaric.com/wp-content/plugins/totaldonations/css/mg_progress-bar.css" "Mozilla/5.0 (Windows NT 6.1; Win64; x64; rv:64.0) Gecko/20100101 Firefox/64.0"
192.241.221.187 - - [14/Jul/2019:05:09:10 +0000] "GET /wp-content/plugins/thim-framework/css/font-awesome.min.css HTTP/1.1" 301 300 "-" "Mozilla/5.0 (Windows NT 6.1; Win64; x64; rv:64.0) Gecko/20100101 Firefox/64.0"
192.241.221.187 - - [14/Jul/2019:05:10:46 +0000] "GET /wp-content/plugins/ocean-extra/assets/css/widgets.css HTTP/1.1" 301 295 "-" "Mozilla/5.0 (Windows NT 6.1; Win64; x64; rv:64.0) Gecko/20100101 Firefox/64.0"
192.241.221.187 - - [14/Jul/2019:05:13:38 +0000] "GET /wp-content/plugins/wp-live-chat-software-for-wordpress/plugin_files/css/livechat.css HTTP/1.1" 301 326 "-" "Mozilla/5.0 (Windows NT 6.1; Win64; x64; rv:64.0) Gecko/20100101 Firefox/64.0"
192.241.221.187 - - [14/Jul/2019:05:13:44 +0000] "GET /wp-content/plugins/wp-live-chat-software-for-wordpress/plugin_files/css/livechat.css HTTP/1.1" 404 1104 "http://apartmanisostaric.com/wp-content/plugins/wp-live-chat-software-for-wordpress/plugin_files/css/livechat.css" "Mozilla/5.0 (Windows NT 6.1; Win64; x64; rv:64.0) Gecko/20100101 Firefox/64.0"
192.241.221.187 - - [14/Jul/2019:05:14:04 +0000] "GET / HTTP/1.1" 301 242 "-" "Mozilla/5.0 (Windows NT 6.1; Win64; x64; rv:64.0) Gecko/20100101 Firefox/64.0"
192.241.221.187 - - [14/Jul/2019:05:14:25 +0000] "GET / HTTP/1.1" 200 35334 "http://apartmanisostaric.com" "Mozilla/5.0 (Windows NT 6.1; Win64; x64; rv:64.0) Gecko/20100101 Firefox/64.0"
192.241.221.187 - - [14/Jul/2019:05:16:21 +0000] "GET /wp-admin/admin-ajax.php?action=mk_file_folder_manager&_wpnonce=1589e1018d&cmd=open&target=&init=1&tree=1&_=1535229962392 HTTP/1.1" 301 386 "-" "Mozilla/5.0 (Windows NT 6.1; Win64; x64; rv:64.0) Gecko/20100101 Firefox/64.0"
192.241.221.187 - - [14/Jul/2019:05:16:41 +0000] "GET /wp-admin/admin-ajax.php?action=mk_file_folder_manager&_wpnonce=1589e1018d&cmd=open&target=&init=1&tree=1&_=1535229962392 HTTP/1.1" 404 1104 "http://apartmanisostaric.com/wp-admin/admin-ajax.php?action=mk_file_folder_manager&_wpnonce=1589e1018d&cmd=open&target=&init=1&tree=1&_=1535229962392" "Mozilla/5.0 (Windows NT 6.1; Win64; x64; rv:64.0) Gecko/20100101 Firefox/64.0"
192.241.221.187 - - [14/Jul/2019:05:16:47 +0000] "GET /searchreplacedb2.php HTTP/1.1" 301 262 "-" "Mozilla/5.0 (Windows NT 6.1; Win64; x64; rv:64.0) Gecko/20100101 Firefox/64.0"
192.241.221.187 - - [14/Jul/2019:05:17:02 +0000] "GET /searchreplacedb2.php HTTP/1.1" 404 1104 "http://apartmanisostaric.com/searchreplacedb2.php" "Mozilla/5.0 (Windows NT 6.1; Win64; x64; rv:64.0) Gecko/20100101 Firefox/64.0"
192.241.221.187 - - [14/Jul/2019:05:17:08 +0000] "GET /wp-admin/setup-config.php?step=1 HTTP/1.1" 301 274 "-" "Mozilla/5.0 (Windows NT 6.1; Win64; x64; rv:64.0) Gecko/20100101 Firefox/64.0"
192.241.221.187 - - [14/Jul/2019:05:17:24 +0000] "GET /wp-admin/setup-config.php?step=1 HTTP/1.1" 404 1104 "http://apartmanisostaric.com/wp-admin/setup-config.php?step=1" "Mozilla/5.0 (Windows NT 6.1; Win64; x64; rv:64.0) Gecko/20100101 Firefox/64.0"
192.241.221.187 - - [14/Jul/2019:05:17:24 +0000] "GET /wp-content/plugins/userpro/scripts/scripts.min.js HTTP/1.1" 301 291 "-" "Mozilla/5.0 (Windows NT 6.1; Win64; x64; rv:64.0) Gecko/20100101 Firefox/64.0"
192.241.221.187 - - [14/Jul/2019:05:18:05 +0000] "GET /installer.php HTTP/1.1" 301 255 "-" "Mozilla/5.0 (Windows NT 6.1; Win64; x64; rv:64.0) Gecko/20100101 Firefox/64.0"
192.241.221.187 - - [14/Jul/2019:05:19:15 +0000] "GET /dup-installer/main.installer.php HTTP/1.1" 301 274 "-" "Mozilla/5.0 (Windows NT 6.1; Win64; x64; rv:64.0) Gecko/20100101 Firefox/64.0"
192.241.221.187 - - [14/Jul/2019:05:19:36 +0000] "GET /dup-installer/main.installer.php HTTP/1.1" 404 1104 "http://apartmanisostaric.com/dup-installer/main.installer.php" "Mozilla/5.0 (Windows NT 6.1; Win64; x64; rv:64.0) Gecko/20100101 Firefox/64.0"
192.241.221.187 - - [14/Jul/2019:05:19:52 +0000] "GET /installer-log.txt HTTP/1.1" 301 259 "-" "Mozilla/5.0 (Windows NT 6.1; Win64; x64; rv:64.0) Gecko/20100101 Firefox/64.0"
192.241.221.187 - - [14/Jul/2019:05:20:03 +0000] "GET /installer-log.txt HTTP/1.1" 404 1104 "http://apartmanisostaric.com/installer-log.txt" "Mozilla/5.0 (Windows NT 6.1; Win64; x64; rv:64.0) Gecko/20100101 Firefox/64.0"
192.241.221.187 - - [14/Jul/2019:05:20:14 +0000] "GET /wp-upload-class.php HTTP/1.1" 301 261 "-" "Mozilla/5.0 (Windows NT 6.1; Win64; x64; rv:64.0) Gecko/20100101 Firefox/64.0"
192.241.221.187 - - [14/Jul/2019:05:22:05 +0000] "GET /wp-xml.php HTTP/1.1" 301 252 "-" "Mozilla/5.0 (Windows NT 6.1; Win64; x64; rv:64.0) Gecko/20100101 Firefox/64.0"
192.241.221.187 - - [14/Jul/2019:05:22:21 +0000] "GET /wp-xml.php HTTP/1.1" 404 1104 "http://apartmanisostaric.com/wp-xml.php" "Mozilla/5.0 (Windows NT 6.1; Win64; x64; rv:64.0) Gecko/20100101 Firefox/64.0"
192.241.221.187 - - [14/Jul/2019:05:22:36 +0000] "GET /newsleter.php HTTP/1.1" 301 255 "-" "Mozilla/5.0 (Windows NT 6.1; Win64; x64; rv:64.0) Gecko/20100101 Firefox/64.0"
192.241.221.187 - - [14/Jul/2019:05:22:37 +0000] "GET /newsleter.php HTTP/1.1" 404 1104 "http://apartmanisostaric.com/newsleter.php" "Mozilla/5.0 (Windows NT 6.1; Win64; x64; rv:64.0) Gecko/20100101 Firefox/64.0"
192.241.221.187 - - [14/Jul/2019:05:23:03 +0000] "GET /header-cache.php HTTP/1.1" 301 258 "-" "Mozilla/5.0 (Windows NT 6.1; Win64; x64; rv:64.0) Gecko/20100101 Firefox/64.0"
192.241.221.187 - - [14/Jul/2019:05:23:14 +0000] "GET /header-cache.php HTTP/1.1" 404 1104 "http://apartmanisostaric.com/header-cache.php" "Mozilla/5.0 (Windows NT 6.1; Win64; x64; rv:64.0) Gecko/20100101 Firefox/64.0"
192.241.221.187 - - [14/Jul/2019:05:23:24 +0000] "GET /cache_.php HTTP/1.1" 301 252 "-" "Mozilla/5.0 (Windows NT 6.1; Win64; x64; rv:64.0) Gecko/20100101 Firefox/64.0"
192.241.221.187 - - [14/Jul/2019:05:23:35 +0000] "GET /cache_.php HTTP/1.1" 404 1104 "http://apartmanisostaric.com/cache_.php" "Mozilla/5.0 (Windows NT 6.1; Win64; x64; rv:64.0) Gecko/20100101 Firefox/64.0"
192.241.221.187 - - [14/Jul/2019:05:24:30 +0000] "GET /wp-upload-class.php.suspected HTTP/1.1" 301 271 "-" "Mozilla/5.0 (Windows NT 6.1; Win64; x64; rv:64.0) Gecko/20100101 Firefox/64.0"
192.241.221.187 - - [14/Jul/2019:05:25:31 +0000] "GET /wp-ajax-hook.php.suspected HTTP/1.1" 301 268 "-" "Mozilla/5.0 (Windows NT 6.1; Win64; x64; rv:64.0) Gecko/20100101 Firefox/64.0"
192.241.221.187 - - [14/Jul/2019:05:25:52 +0000] "GET /wp-ajax-hook.php.suspected HTTP/1.1" 404 1104 "http://apartmanisostaric.com/wp-ajax-hook.php.suspected" "Mozilla/5.0 (Windows NT 6.1; Win64; x64; rv:64.0) Gecko/20100101 Firefox/64.0"
192.241.221.187 - - [14/Jul/2019:05:26:47 +0000] "GET /wp-xml.php.suspected HTTP/1.1" 301 262 "-" "Mozilla/5.0 (Windows NT 6.1; Win64; x64; rv:64.0) Gecko/20100101 Firefox/64.0"
192.241.221.187 - - [14/Jul/2019:05:29:03 +0000] "GET /header-cache.php.suspected HTTP/1.1" 301 268 "-" "Mozilla/5.0 (Windows NT 6.1; Win64; x64; rv:64.0) Gecko/20100101 Firefox/64.0"
216.244.66.200 - - [14/Jul/2019:05:29:16 +0000] "GET /robots.txt HTTP/1.1" 301 252 "-" "Mozilla/5.0 (compatible; DotBot/1.1; http://www.opensiteexplorer.org/dotbot, help@moz.com)"
216.244.66.200 - - [14/Jul/2019:05:29:17 +0000] "GET /robots.txt HTTP/1.1" 200 24 "-" "Mozilla/5.0 (compatible; DotBot/1.1; http://www.opensiteexplorer.org/dotbot, help@moz.com)"
192.241.221.187 - - [14/Jul/2019:05:31:24 +0000] "GET /?gf_page=upload HTTP/1.1" 301 257 "-" "Mozilla/5.0 (Windows NT 6.1; Win64; x64; rv:64.0) Gecko/20100101 Firefox/64.0"
192.241.221.187 - - [14/Jul/2019:05:31:45 +0000] "GET /?gf_page=upload HTTP/1.1" 200 35366 "http://apartmanisostaric.com/?gf_page=upload" "Mozilla/5.0 (Windows NT 6.1; Win64; x64; rv:64.0) Gecko/20100101 Firefox/64.0"
192.241.221.187 - - [14/Jul/2019:05:32:06 +0000] "POST /?gf_page=upload HTTP/1.1" 301 257 "-" "Mozilla/5.0 (Windows NT 6.1; WOW64) AppleWebKit/537.36 (KHTML, like Gecko) Chrome/36.0.1985.143 Safari/537.36"
192.241.221.187 - - [14/Jul/2019:05:32:22 +0000] "GET /?gf_page=upload HTTP/1.1" 200 35366 "http://apartmanisostaric.com/?gf_page=upload" "Mozilla/5.0 (Windows NT 6.1; WOW64) AppleWebKit/537.36 (KHTML, like Gecko) Chrome/36.0.1985.143 Safari/537.36"
192.241.221.187 - - [14/Jul/2019:05:32:22 +0000] "GET /wp-content/plugins/totaldonations/css/mg_progress-bar.css HTTP/1.1" 301 299 "-" "Mozilla/5.0 (Windows NT 6.1; Win64; x64; rv:64.0) Gecko/20100101 Firefox/64.0"
192.241.221.187 - - [14/Jul/2019:05:32:28 +0000] "GET /wp-content/plugins/totaldonations/css/mg_progress-bar.css HTTP/1.1" 404 1104 "http://apartmanisostaric.com/wp-content/plugins/totaldonations/css/mg_progress-bar.css" "Mozilla/5.0 (Windows NT 6.1; Win64; x64; rv:64.0) Gecko/20100101 Firefox/64.0"
192.241.221.187 - - [14/Jul/2019:05:32:46 +0000] "GET /wp-content/plugins/woo-confirmation-email/assets/js/woo-confirmation-email-admin.js HTTP/1.1" 301 325 "-" "Mozilla/5.0 (Windows NT 6.1; Win64; x64; rv:64.0) Gecko/20100101 Firefox/64.0"
192.241.221.187 - - [14/Jul/2019:05:32:57 +0000] "GET /wp-content/plugins/woo-confirmation-email/assets/js/woo-confirmation-email-admin.js HTTP/1.1" 404 1104 "http://apartmanisostaric.com/wp-content/plugins/woo-confirmation-email/assets/js/woo-confirmation-email-admin.js" "Mozilla/5.0 (Windows NT 6.1; Win64; x64; rv:64.0) Gecko/20100101 Firefox/64.0"
192.241.221.187 - - [14/Jul/2019:05:33:42 +0000] "POST /wp-admin/admin-ajax.php HTTP/1.1" 301 265 "-" "Mozilla/5.0 (Windows NT 6.1; WOW64) AppleWebKit/537.36 (KHTML, like Gecko) Chrome/36.0.1985.143 Safari/537.36"
192.241.221.187 - - [14/Jul/2019:05:34:03 +0000] "POST /wp-admin/admin-ajax.php HTTP/1.1" 301 265 "-" "Mozilla/5.0 (Windows NT 6.1; WOW64) AppleWebKit/537.36 (KHTML, like Gecko) Chrome/36.0.1985.143 Safari/537.36"
192.241.221.187 - - [14/Jul/2019:05:34:09 +0000] "GET /wp-admin/admin-ajax.php HTTP/1.1" 404 1104 "http://apartmanisostaric.com/wp-admin/admin-ajax.php" "Mozilla/5.0 (Windows NT 6.1; WOW64) AppleWebKit/537.36 (KHTML, like Gecko) Chrome/36.0.1985.143 Safari/537.36"
46.3.96.73 - - [14/Jul/2019:05:34:11 +0000] "POST /wp-login.php HTTP/1.1" 301 254 "http://apartmanisostaric.com/wp-login.php" "Mozilla/5.0 (Windows NT 5.0; rv:52.40.97) Gecko/20138459 Firefox/52.40.97"
46.3.96.73 - - [14/Jul/2019:05:34:14 +0000] "GET /wp-login.php HTTP/1.1" 404 1104 "http://apartmanisostaric.com/wp-login.php" "Mozilla/5.0 (Windows NT 5.0; rv:52.40.97) Gecko/20138459 Firefox/52.40.97"
192.241.221.187 - - [14/Jul/2019:05:34:24 +0000] "POST /wp-admin/admin-ajax.php HTTP/1.1" 301 265 "-" "Mozilla/5.0 (Windows NT 6.1; WOW64) AppleWebKit/537.36 (KHTML, like Gecko) Chrome/36.0.1985.143 Safari/537.36"
192.241.221.187 - - [14/Jul/2019:05:34:30 +0000] "GET /wp-admin/admin-ajax.php HTTP/1.1" 404 1104 "http://apartmanisostaric.com/wp-admin/admin-ajax.php" "Mozilla/5.0 (Windows NT 6.1; WOW64) AppleWebKit/537.36 (KHTML, like Gecko) Chrome/36.0.1985.143 Safari/537.36"
192.241.221.187 - - [14/Jul/2019:05:34:31 +0000] "POST /wp-admin/admin-ajax.php HTTP/1.1" 301 265 "-" "Mozilla/5.0 (Windows NT 6.1; WOW64) AppleWebKit/537.36 (KHTML, like Gecko) Chrome/36.0.1985.143 Safari/537.36"
192.241.221.187 - - [14/Jul/2019:05:34:51 +0000] "GET /wp-admin/admin-ajax.php HTTP/1.1" 404 1104 "http://apartmanisostaric.com/wp-admin/admin-ajax.php" "Mozilla/5.0 (Windows NT 6.1; WOW64) AppleWebKit/537.36 (KHTML, like Gecko) Chrome/36.0.1985.143 Safari/537.36"
192.241.221.187 - - [14/Jul/2019:05:35:12 +0000] "POST /wp-admin/admin-ajax.php HTTP/1.1" 301 265 "-" "Mozilla/5.0 (Windows NT 6.1; WOW64) AppleWebKit/537.36 (KHTML, like Gecko) Chrome/36.0.1985.143 Safari/537.36"
192.241.221.187 - - [14/Jul/2019:05:35:32 +0000] "GET /wp-admin/admin-ajax.php HTTP/1.1" 404 1104 "http://apartmanisostaric.com/wp-admin/admin-ajax.php" "Mozilla/5.0 (Windows NT 6.1; WOW64) AppleWebKit/537.36 (KHTML, like Gecko) Chrome/36.0.1985.143 Safari/537.36"
192.241.221.187 - - [14/Jul/2019:05:35:38 +0000] "POST /wp-admin/admin-ajax.php HTTP/1.1" 301 265 "-" "Mozilla/5.0 (Windows NT 6.1; WOW64) AppleWebKit/537.36 (KHTML, like Gecko) Chrome/36.0.1985.143 Safari/537.36"
192.241.221.187 - - [14/Jul/2019:05:35:59 +0000] "GET /wp-admin/admin-ajax.php HTTP/1.1" 404 1104 "http://apartmanisostaric.com/wp-admin/admin-ajax.php" "Mozilla/5.0 (Windows NT 6.1; WOW64) AppleWebKit/537.36 (KHTML, like Gecko) Chrome/36.0.1985.143 Safari/537.36"
192.241.221.187 - - [14/Jul/2019:05:36:15 +0000] "POST /wp-admin/admin-ajax.php HTTP/1.1" 301 265 "-" "Mozilla/5.0 (Windows NT 6.1; WOW64) AppleWebKit/537.36 (KHTML, like Gecko) Chrome/36.0.1985.143 Safari/537.36"
192.241.221.187 - - [14/Jul/2019:05:36:50 +0000] "POST /wp-admin/admin-ajax.php HTTP/1.1" 301 265 "-" "Mozilla/5.0 (Windows NT 6.1; WOW64) AppleWebKit/537.36 (KHTML, like Gecko) Chrome/36.0.1985.143 Safari/537.36"
185.86.164.111 - - [14/Jul/2019:05:38:00 +0000] "GET /wp-login.php HTTP/1.1" 301 254 "-" "Mozilla/5.0 (Windows NT 10.0; WOW64) AppleWebKit/537.36 (KHTML, like Gecko) Chrome/51.0.2704.103 Safari/537.36"
185.86.164.111 - - [14/Jul/2019:05:38:01 +0000] "GET /wp-login.php HTTP/1.1" 404 1104 "-" "Mozilla/5.0 (Windows NT 10.0; WOW64) AppleWebKit/537.36 (KHTML, like Gecko) Chrome/51.0.2704.103 Safari/537.36"
192.241.221.187 - - [14/Jul/2019:05:38:21 +0000] "POST /wp-admin/admin-ajax.php HTTP/1.1" 301 265 "-" "Mozilla/5.0 (Windows NT 6.1; WOW64) AppleWebKit/537.36 (KHTML, like Gecko) Chrome/36.0.1985.143 Safari/537.36"
192.241.221.187 - - [14/Jul/2019:05:39:46 +0000] "POST / HTTP/1.1" 301 242 "-" "Mozilla/5.0 (Windows NT 6.1; WOW64) AppleWebKit/537.36 (KHTML, like Gecko) Chrome/36.0.1985.143 Safari/537.36"
192.241.221.187 - - [14/Jul/2019:05:40:07 +0000] "GET / HTTP/1.1" 200 35334 "http://apartmanisostaric.com" "Mozilla/5.0 (Windows NT 6.1; WOW64) AppleWebKit/537.36 (KHTML, like Gecko) Chrome/36.0.1985.143 Safari/537.36"
192.241.221.187 - - [14/Jul/2019:05:40:22 +0000] "POST /wp-admin/admin-ajax.php HTTP/1.1" 301 265 "-" "Mozilla/5.0 (Windows NT 6.1; WOW64) AppleWebKit/537.36 (KHTML, like Gecko) Chrome/36.0.1985.143 Safari/537.36"
192.241.221.187 - - [14/Jul/2019:05:40:43 +0000] "GET /wp-admin/admin-ajax.php HTTP/1.1" 404 1104 "http://apartmanisostaric.com/wp-admin/admin-ajax.php" "Mozilla/5.0 (Windows NT 6.1; WOW64) AppleWebKit/537.36 (KHTML, like Gecko) Chrome/36.0.1985.143 Safari/537.36"
192.241.221.187 - - [14/Jul/2019:05:40:59 +0000] "POST /installer.php HTTP/1.1" 301 255 "-" "Mozilla/5.0 (Windows NT 6.1; WOW64) AppleWebKit/537.36 (KHTML, like Gecko) Chrome/36.0.1985.143 Safari/537.36"
192.241.221.187 - - [14/Jul/2019:05:41:24 +0000] "POST /installer-backup.php HTTP/1.1" 301 262 "-" "Mozilla/5.0 (Windows NT 6.1; WOW64) AppleWebKit/537.36 (KHTML, like Gecko) Chrome/36.0.1985.143 Safari/537.36"
192.241.221.187 - - [14/Jul/2019:05:41:40 +0000] "GET /installer-backup.php HTTP/1.1" 404 1104 "http://apartmanisostaric.com/installer-backup.php" "Mozilla/5.0 (Windows NT 6.1; WOW64) AppleWebKit/537.36 (KHTML, like Gecko) Chrome/36.0.1985.143 Safari/537.36"
192.241.221.187 - - [14/Jul/2019:05:41:40 +0000] "GET /.well-known.zip HTTP/1.1" 301 257 "-" "Mozilla/5.0 (Windows NT 6.1; WOW64) AppleWebKit/537.36 (KHTML, like Gecko) Chrome/36.0.1985.143 Safari/537.36"
192.241.221.187 - - [14/Jul/2019:05:42:36 +0000] "GET /.well-known.tar.gz HTTP/1.1" 301 260 "-" "Mozilla/5.0 (Windows NT 6.1; WOW64) AppleWebKit/537.36 (KHTML, like Gecko) Chrome/36.0.1985.143 Safari/537.36"
192.241.221.187 - - [14/Jul/2019:05:43:16 +0000] "GET /.well-known.gz HTTP/1.1" 301 256 "-" "Mozilla/5.0 (Windows NT 6.1; WOW64) AppleWebKit/537.36 (KHTML, like Gecko) Chrome/36.0.1985.143 Safari/537.36"
192.241.221.187 - - [14/Jul/2019:05:43:27 +0000] "GET /.well-known.gz HTTP/1.1" 404 1104 "http://apartmanisostaric.com/.well-known.gz" "Mozilla/5.0 (Windows NT 6.1; WOW64) AppleWebKit/537.36 (KHTML, like Gecko) Chrome/36.0.1985.143 Safari/537.36"
192.241.221.187 - - [14/Jul/2019:05:43:47 +0000] "GET /.well-known.gz HTTP/1.1" 301 256 "-" "Mozilla/5.0 (Windows NT 6.1; WOW64) AppleWebKit/537.36 (KHTML, like Gecko) Chrome/36.0.1985.143 Safari/537.36"
192.241.221.187 - - [14/Jul/2019:05:45:48 +0000] "GET /InCreate-FullPackage.gz HTTP/1.1" 301 265 "-" "Mozilla/5.0 (Windows NT 6.1; WOW64) AppleWebKit/537.36 (KHTML, like Gecko) Chrome/36.0.1985.143 Safari/537.36"
192.241.221.187 - - [14/Jul/2019:05:45:58 +0000] "GET /InCreate-FullPackage.gz HTTP/1.1" 404 1104 "http://apartmanisostaric.com/InCreate-FullPackage.gz" "Mozilla/5.0 (Windows NT 6.1; WOW64) AppleWebKit/537.36 (KHTML, like Gecko) Chrome/36.0.1985.143 Safari/537.36"
207.46.13.86 - - [14/Jul/2019:05:47:18 +0000] "GET /it/escursioni/parco-nazionale-krka HTTP/1.1" 200 4923 "-" "Mozilla/5.0 (compatible; bingbot/2.0; +http://www.bing.com/bingbot.htm)"
192.241.221.187 - - [14/Jul/2019:05:48:09 +0000] "GET /InCreate-FullPackage.gz HTTP/1.1" 301 265 "-" "Mozilla/5.0 (Windows NT 6.1; WOW64) AppleWebKit/537.36 (KHTML, like Gecko) Chrome/36.0.1985.143 Safari/537.36"
192.241.221.187 - - [14/Jul/2019:05:48:30 +0000] "GET /InCreate-FullPackage.gz HTTP/1.1" 404 1104 "http://apartmanisostaric.com/InCreate-FullPackage.gz" "Mozilla/5.0 (Windows NT 6.1; WOW64) AppleWebKit/537.36 (KHTML, like Gecko) Chrome/36.0.1985.143 Safari/537.36"
192.241.221.187 - - [14/Jul/2019:05:50:11 +0000] "GET /OMC_template.tar.gz HTTP/1.1" 301 261 "-" "Mozilla/5.0 (Windows NT 6.1; WOW64) AppleWebKit/537.36 (KHTML, like Gecko) Chrome/36.0.1985.143 Safari/537.36"
192.241.221.187 - - [14/Jul/2019:05:50:32 +0000] "GET /OMC_template.tar.gz HTTP/1.1" 404 1104 "http://apartmanisostaric.com/OMC_template.tar.gz" "Mozilla/5.0 (Windows NT 6.1; WOW64) AppleWebKit/537.36 (KHTML, like Gecko) Chrome/36.0.1985.143 Safari/537.36"
192.241.221.187 - - [14/Jul/2019:05:50:52 +0000] "GET /OMC_template.gz HTTP/1.1" 301 257 "-" "Mozilla/5.0 (Windows NT 6.1; WOW64) AppleWebKit/537.36 (KHTML, like Gecko) Chrome/36.0.1985.143 Safari/537.36"
192.241.221.187 - - [14/Jul/2019:05:51:03 +0000] "GET /OMC_template.gz HTTP/1.1" 404 1104 "http://apartmanisostaric.com/OMC_template.gz" "Mozilla/5.0 (Windows NT 6.1; WOW64) AppleWebKit/537.36 (KHTML, like Gecko) Chrome/36.0.1985.143 Safari/537.36"
192.241.221.187 - - [14/Jul/2019:05:51:23 +0000] "GET /OMC_template.gz HTTP/1.1" 301 257 "-" "Mozilla/5.0 (Windows NT 6.1; WOW64) AppleWebKit/537.36 (KHTML, like Gecko) Chrome/36.0.1985.143 Safari/537.36"
192.241.221.187 - - [14/Jul/2019:05:51:34 +0000] "GET /OMC_template.gz HTTP/1.1" 404 1104 "http://apartmanisostaric.com/OMC_template.gz" "Mozilla/5.0 (Windows NT 6.1; WOW64) AppleWebKit/537.36 (KHTML, like Gecko) Chrome/36.0.1985.143 Safari/537.36"
192.241.221.187 - - [14/Jul/2019:05:52:34 +0000] "GET /archive.tar.gz HTTP/1.1" 301 256 "-" "Mozilla/5.0 (Windows NT 6.1; WOW64) AppleWebKit/537.36 (KHTML, like Gecko) Chrome/36.0.1985.143 Safari/537.36"
192.241.221.187 - - [14/Jul/2019:05:52:35 +0000] "GET /archive.tar.gz HTTP/1.1" 404 1104 "http://apartmanisostaric.com/archive.tar.gz" "Mozilla/5.0 (Windows NT 6.1; WOW64) AppleWebKit/537.36 (KHTML, like Gecko) Chrome/36.0.1985.143 Safari/537.36"
192.241.221.187 - - [14/Jul/2019:05:52:41 +0000] "GET /archive.gz HTTP/1.1" 301 252 "-" "Mozilla/5.0 (Windows NT 6.1; WOW64) AppleWebKit/537.36 (KHTML, like Gecko) Chrome/36.0.1985.143 Safari/537.36"
192.241.221.187 - - [14/Jul/2019:05:52:56 +0000] "GET /archive.gz HTTP/1.1" 404 1104 "http://apartmanisostaric.com/archive.gz" "Mozilla/5.0 (Windows NT 6.1; WOW64) AppleWebKit/537.36 (KHTML, like Gecko) Chrome/36.0.1985.143 Safari/537.36"
192.241.221.187 - - [14/Jul/2019:05:52:57 +0000] "GET /archive.gz HTTP/1.1" 301 252 "-" "Mozilla/5.0 (Windows NT 6.1; WOW64) AppleWebKit/537.36 (KHTML, like Gecko) Chrome/36.0.1985.143 Safari/537.36"
192.241.221.187 - - [14/Jul/2019:05:53:13 +0000] "GET /archive.gz HTTP/1.1" 404 1104 "http://apartmanisostaric.com/archive.gz" "Mozilla/5.0 (Windows NT 6.1; WOW64) AppleWebKit/537.36 (KHTML, like Gecko) Chrome/36.0.1985.143 Safari/537.36"
192.241.221.187 - - [14/Jul/2019:05:54:53 +0000] "GET /backup.gz HTTP/1.1" 301 251 "-" "Mozilla/5.0 (Windows NT 6.1; WOW64) AppleWebKit/537.36 (KHTML, like Gecko) Chrome/36.0.1985.143 Safari/537.36"
192.241.221.187 - - [14/Jul/2019:05:55:33 +0000] "GET /backup.gz HTTP/1.1" 301 251 "-" "Mozilla/5.0 (Windows NT 6.1; WOW64) AppleWebKit/537.36 (KHTML, like Gecko) Chrome/36.0.1985.143 Safari/537.36"
192.241.221.187 - - [14/Jul/2019:05:56:39 +0000] "GET /cgi-bin.tar.gz HTTP/1.1" 301 256 "-" "Mozilla/5.0 (Windows NT 6.1; WOW64) AppleWebKit/537.36 (KHTML, like Gecko) Chrome/36.0.1985.143 Safari/537.36"
192.241.221.187 - - [14/Jul/2019:05:56:45 +0000] "GET /cgi-bin.tar.gz HTTP/1.1" 404 1104 "http://apartmanisostaric.com/cgi-bin.tar.gz" "Mozilla/5.0 (Windows NT 6.1; WOW64) AppleWebKit/537.36 (KHTML, like Gecko) Chrome/36.0.1985.143 Safari/537.36"
192.241.221.187 - - [14/Jul/2019:05:57:05 +0000] "GET /cgi-bin.gz HTTP/1.1" 301 252 "-" "Mozilla/5.0 (Windows NT 6.1; WOW64) AppleWebKit/537.36 (KHTML, like Gecko) Chrome/36.0.1985.143 Safari/537.36"
192.241.221.187 - - [14/Jul/2019:05:57:50 +0000] "GET /cgi-bin.gz HTTP/1.1" 301 252 "-" "Mozilla/5.0 (Windows NT 6.1; WOW64) AppleWebKit/537.36 (KHTML, like Gecko) Chrome/36.0.1985.143 Safari/537.36"
192.241.221.187 - - [14/Jul/2019:05:57:51 +0000] "GET /cgi-bin.gz HTTP/1.1" 404 1104 "http://apartmanisostaric.com/cgi-bin.gz" "Mozilla/5.0 (Windows NT 6.1; WOW64) AppleWebKit/537.36 (KHTML, like Gecko) Chrome/36.0.1985.143 Safari/537.36"
192.241.221.187 - - [14/Jul/2019:05:58:11 +0000] "GET /installer.zip HTTP/1.1" 301 255 "-" "Mozilla/5.0 (Windows NT 6.1; WOW64) AppleWebKit/537.36 (KHTML, like Gecko) Chrome/36.0.1985.143 Safari/537.36"
192.241.221.187 - - [14/Jul/2019:05:59:01 +0000] "GET /installer.tar.gz HTTP/1.1" 301 258 "-" "Mozilla/5.0 (Windows NT 6.1; WOW64) AppleWebKit/537.36 (KHTML, like Gecko) Chrome/36.0.1985.143 Safari/537.36"
192.241.221.187 - - [14/Jul/2019:05:59:07 +0000] "GET /installer.tar.gz HTTP/1.1" 404 1104 "http://apartmanisostaric.com/installer.tar.gz" "Mozilla/5.0 (Windows NT 6.1; WOW64) AppleWebKit/537.36 (KHTML, like Gecko) Chrome/36.0.1985.143 Safari/537.36"
192.241.221.187 - - [14/Jul/2019:06:01:59 +0000] "GET /installer-data.sql.gz HTTP/1.1" 301 263 "-" "Mozilla/5.0 (Windows NT 6.1; WOW64) AppleWebKit/537.36 (KHTML, like Gecko) Chrome/36.0.1985.143 Safari/537.36"
216.244.66.200 - - [14/Jul/2019:06:02:45 +0000] "GET /wp-content/uploads/svjetionik-Veli-Rat.jpg HTTP/1.1" 404 1104 "-" "Mozilla/5.0 (compatible; DotBot/1.1; http://www.opensiteexplorer.org/dotbot, help@moz.com)"
192.241.221.187 - - [14/Jul/2019:06:02:49 +0000] "GET /installer-data.sql.gz HTTP/1.1" 301 263 "-" "Mozilla/5.0 (Windows NT 6.1; WOW64) AppleWebKit/537.36 (KHTML, like Gecko) Chrome/36.0.1985.143 Safari/537.36"
192.241.221.187 - - [14/Jul/2019:06:03:05 +0000] "GET /installer-data.sql.gz HTTP/1.1" 404 1104 "http://apartmanisostaric.com/installer-data.sql.gz" "Mozilla/5.0 (Windows NT 6.1; WOW64) AppleWebKit/537.36 (KHTML, like Gecko) Chrome/36.0.1985.143 Safari/537.36"
54.36.150.27 - - [14/Jul/2019:06:05:13 +0000] "GET /it/escursioni/parco-nazionale-di-plitvice HTTP/1.1" 200 4830 "-" "Mozilla/5.0 (compatible; AhrefsBot/6.1; +http://ahrefs.com/robot/)"
192.241.221.187 - - [14/Jul/2019:06:05:26 +0000] "GET /master.gz HTTP/1.1" 301 251 "-" "Mozilla/5.0 (Windows NT 6.1; WOW64) AppleWebKit/537.36 (KHTML, like Gecko) Chrome/36.0.1985.143 Safari/537.36"
192.241.221.187 - - [14/Jul/2019:06:05:47 +0000] "GET /master.gz HTTP/1.1" 404 1104 "http://apartmanisostaric.com/master.gz" "Mozilla/5.0 (Windows NT 6.1; WOW64) AppleWebKit/537.36 (KHTML, like Gecko) Chrome/36.0.1985.143 Safari/537.36"
192.241.221.187 - - [14/Jul/2019:06:05:58 +0000] "GET /public_html.zip HTTP/1.1" 301 257 "-" "Mozilla/5.0 (Windows NT 6.1; WOW64) AppleWebKit/537.36 (KHTML, like Gecko) Chrome/36.0.1985.143 Safari/537.36"
192.241.221.187 - - [14/Jul/2019:06:06:48 +0000] "GET /public_html.tar.gz HTTP/1.1" 301 260 "-" "Mozilla/5.0 (Windows NT 6.1; WOW64) AppleWebKit/537.36 (KHTML, like Gecko) Chrome/36.0.1985.143 Safari/537.36"
192.241.221.187 - - [14/Jul/2019:06:06:59 +0000] "GET /public_html.tar.gz HTTP/1.1" 404 1104 "http://apartmanisostaric.com/public_html.tar.gz" "Mozilla/5.0 (Windows NT 6.1; WOW64) AppleWebKit/537.36 (KHTML, like Gecko) Chrome/36.0.1985.143 Safari/537.36"
192.241.221.187 - - [14/Jul/2019:06:07:35 +0000] "GET /public_html.gz HTTP/1.1" 301 256 "-" "Mozilla/5.0 (Windows NT 6.1; WOW64) AppleWebKit/537.36 (KHTML, like Gecko) Chrome/36.0.1985.143 Safari/537.36"
192.241.221.187 - - [14/Jul/2019:06:07:40 +0000] "GET /public_html.gz HTTP/1.1" 404 1104 "http://apartmanisostaric.com/public_html.gz" "Mozilla/5.0 (Windows NT 6.1; WOW64) AppleWebKit/537.36 (KHTML, like Gecko) Chrome/36.0.1985.143 Safari/537.36"
192.241.221.187 - - [14/Jul/2019:06:07:56 +0000] "GET /quick_install_archive.zip HTTP/1.1" 301 267 "-" "Mozilla/5.0 (Windows NT 6.1; WOW64) AppleWebKit/537.36 (KHTML, like Gecko) Chrome/36.0.1985.143 Safari/537.36"
192.241.221.187 - - [14/Jul/2019:06:08:16 +0000] "GET /quick_install_archive.zip HTTP/1.1" 404 1104 "http://apartmanisostaric.com/quick_install_archive.zip" "Mozilla/5.0 (Windows NT 6.1; WOW64) AppleWebKit/537.36 (KHTML, like Gecko) Chrome/36.0.1985.143 Safari/537.36"
192.241.221.187 - - [14/Jul/2019:06:08:27 +0000] "GET /quick_install_archive.tar.gz HTTP/1.1" 301 270 "-" "Mozilla/5.0 (Windows NT 6.1; WOW64) AppleWebKit/537.36 (KHTML, like Gecko) Chrome/36.0.1985.143 Safari/537.36"
192.241.221.187 - - [14/Jul/2019:06:08:47 +0000] "GET /quick_install_archive.tar.gz HTTP/1.1" 404 1104 "http://apartmanisostaric.com/quick_install_archive.tar.gz" "Mozilla/5.0 (Windows NT 6.1; WOW64) AppleWebKit/537.36 (KHTML, like Gecko) Chrome/36.0.1985.143 Safari/537.36"
192.241.221.187 - - [14/Jul/2019:06:09:23 +0000] "GET /quick_install_archive.gz HTTP/1.1" 301 266 "-" "Mozilla/5.0 (Windows NT 6.1; WOW64) AppleWebKit/537.36 (KHTML, like Gecko) Chrome/36.0.1985.143 Safari/537.36"
192.241.221.187 - - [14/Jul/2019:06:10:54 +0000] "GET /rt18_archive.tar.gz HTTP/1.1" 301 261 "-" "Mozilla/5.0 (Windows NT 6.1; WOW64) AppleWebKit/537.36 (KHTML, like Gecko) Chrome/36.0.1985.143 Safari/537.36"
192.241.221.187 - - [14/Jul/2019:06:11:15 +0000] "GET /rt18_archive.tar.gz HTTP/1.1" 404 1104 "http://apartmanisostaric.com/rt18_archive.tar.gz" "Mozilla/5.0 (Windows NT 6.1; WOW64) AppleWebKit/537.36 (KHTML, like Gecko) Chrome/36.0.1985.143 Safari/537.36"
192.241.221.187 - - [14/Jul/2019:06:11:36 +0000] "GET /rt18_archive.gz HTTP/1.1" 301 257 "-" "Mozilla/5.0 (Windows NT 6.1; WOW64) AppleWebKit/537.36 (KHTML, like Gecko) Chrome/36.0.1985.143 Safari/537.36"
192.241.221.187 - - [14/Jul/2019:06:13:16 +0000] "GET /wordpress.zip HTTP/1.1" 301 255 "-" "Mozilla/5.0 (Windows NT 6.1; WOW64) AppleWebKit/537.36 (KHTML, like Gecko) Chrome/36.0.1985.143 Safari/537.36"
157.55.39.113 - - [14/Jul/2019:06:14:03 +0000] "GET /izleti/opg-jagic HTTP/1.1" 200 4944 "-" "Mozilla/5.0 (compatible; bingbot/2.0; +http://www.bing.com/bingbot.htm)"
192.241.221.187 - - [14/Jul/2019:06:14:06 +0000] "GET /wordpress.tar.gz HTTP/1.1" 301 258 "-" "Mozilla/5.0 (Windows NT 6.1; WOW64) AppleWebKit/537.36 (KHTML, like Gecko) Chrome/36.0.1985.143 Safari/537.36"
192.241.221.187 - - [14/Jul/2019:06:14:21 +0000] "GET /wordpress.tar.gz HTTP/1.1" 404 1104 "http://apartmanisostaric.com/wordpress.tar.gz" "Mozilla/5.0 (Windows NT 6.1; WOW64) AppleWebKit/537.36 (KHTML, like Gecko) Chrome/36.0.1985.143 Safari/537.36"
192.241.221.187 - - [14/Jul/2019:06:14:42 +0000] "GET /wordpress.gz HTTP/1.1" 301 254 "-" "Mozilla/5.0 (Windows NT 6.1; WOW64) AppleWebKit/537.36 (KHTML, like Gecko) Chrome/36.0.1985.143 Safari/537.36"
192.241.221.187 - - [14/Jul/2019:06:15:22 +0000] "GET /wordpress.gz HTTP/1.1" 301 254 "-" "Mozilla/5.0 (Windows NT 6.1; WOW64) AppleWebKit/537.36 (KHTML, like Gecko) Chrome/36.0.1985.143 Safari/537.36"
192.241.221.187 - - [14/Jul/2019:06:15:43 +0000] "GET /wp-admin.zip HTTP/1.1" 301 254 "-" "Mozilla/5.0 (Windows NT 6.1; WOW64) AppleWebKit/537.36 (KHTML, like Gecko) Chrome/36.0.1985.143 Safari/537.36"
192.241.221.187 - - [14/Jul/2019:06:16:49 +0000] "GET /wp-admin.gz HTTP/1.1" 301 253 "-" "Mozilla/5.0 (Windows NT 6.1; WOW64) AppleWebKit/537.36 (KHTML, like Gecko) Chrome/36.0.1985.143 Safari/537.36"
192.241.221.187 - - [14/Jul/2019:06:20:26 +0000] "GET /wp-content.gz HTTP/1.1" 301 255 "-" "Mozilla/5.0 (Windows NT 6.1; WOW64) AppleWebKit/537.36 (KHTML, like Gecko) Chrome/36.0.1985.143 Safari/537.36"
5.189.207.135 - - [14/Jul/2019:06:21:59 +0000] "POST /?page_id=155 HTTP/1.1" 301 254 "http://www.apartmanisostaric.com/?page_id=155" "Mozilla/4.0 (compatible; MSIE 6.0; Windows NT 5.1; SV1)"
207.46.13.143 - - [14/Jul/2019:06:22:15 +0000] "GET /it/appartamenti/appartamento-per-4-persone-A2-2 HTTP/1.1" 200 5498 "-" "Mozilla/5.0 (compatible; bingbot/2.0; +http://www.bing.com/bingbot.htm)"
192.241.221.187 - - [14/Jul/2019:06:22:37 +0000] "GET /wp.gz HTTP/1.1" 301 247 "-" "Mozilla/5.0 (Windows NT 6.1; WOW64) AppleWebKit/537.36 (KHTML, like Gecko) Chrome/36.0.1985.143 Safari/537.36"
192.241.221.187 - - [14/Jul/2019:06:22:58 +0000] "GET /wp.gz HTTP/1.1" 404 1104 "http://apartmanisostaric.com/wp.gz" "Mozilla/5.0 (Windows NT 6.1; WOW64) AppleWebKit/537.36 (KHTML, like Gecko) Chrome/36.0.1985.143 Safari/537.36"
216.244.66.200 - - [14/Jul/2019:06:23:22 +0000] "GET /robots.txt HTTP/1.1" 301 252 "-" "Mozilla/5.0 (compatible; DotBot/1.1; http://www.opensiteexplorer.org/dotbot, help@moz.com)"
216.244.66.200 - - [14/Jul/2019:06:23:23 +0000] "GET /robots.txt HTTP/1.1" 200 24 "-" "Mozilla/5.0 (compatible; DotBot/1.1; http://www.opensiteexplorer.org/dotbot, help@moz.com)"
89.172.180.233 - - [14/Jul/2019:06:25:48 +0000] "GET /?page_id=221 HTTP/1.1" 301 254 "-" "Mozilla/5.0 (Linux; Android 8.0.0; BAH2-L09 Build/HUAWEIBAH2-L09) AppleWebKit/537.36 (KHTML, like Gecko) Chrome/68.0.3440.91 Safari/537.36"
89.172.180.233 - - [14/Jul/2019:06:25:48 +0000] "GET /?page_id=221 HTTP/1.1" 200 6590 "-" "Mozilla/5.0 (Linux; Android 8.0.0; BAH2-L09 Build/HUAWEIBAH2-L09) AppleWebKit/537.36 (KHTML, like Gecko) Chrome/68.0.3440.91 Safari/537.36"
89.172.180.233 - - [14/Jul/2019:06:25:48 +0000] "GET /css/font-awesome.min.css HTTP/1.1" 200 6965 "https://www.apartmanisostaric.com/?page_id=221" "Mozilla/5.0 (Linux; Android 8.0.0; BAH2-L09 Build/HUAWEIBAH2-L09) AppleWebKit/537.36 (KHTML, like Gecko) Chrome/68.0.3440.91 Safari/537.36"
89.172.180.233 - - [14/Jul/2019:06:25:49 +0000] "GET /css/ionicons.min.css HTTP/1.1" 200 8406 "https://www.apartmanisostaric.com/?page_id=221" "Mozilla/5.0 (Linux; Android 8.0.0; BAH2-L09 Build/HUAWEIBAH2-L09) AppleWebKit/537.36 (KHTML, like Gecko) Chrome/68.0.3440.91 Safari/537.36"
89.172.180.233 - - [14/Jul/2019:06:25:49 +0000] "GET /css/owl.carousel.min.css HTTP/1.1" 200 912 "https://www.apartmanisostaric.com/?page_id=221" "Mozilla/5.0 (Linux; Android 8.0.0; BAH2-L09 Build/HUAWEIBAH2-L09) AppleWebKit/537.36 (KHTML, like Gecko) Chrome/68.0.3440.91 Safari/537.36"
89.172.180.233 - - [14/Jul/2019:06:25:49 +0000] "GET /css/bootstrap-select.min.css HTTP/1.1" 200 1411 "https://www.apartmanisostaric.com/?page_id=221" "Mozilla/5.0 (Linux; Android 8.0.0; BAH2-L09 Build/HUAWEIBAH2-L09) AppleWebKit/537.36 (KHTML, like Gecko) Chrome/68.0.3440.91 Safari/537.36"
89.172.180.233 - - [14/Jul/2019:06:25:49 +0000] "GET /css/bootstrap-datepicker.min.css HTTP/1.1" 200 2072 "https://www.apartmanisostaric.com/?page_id=221" "Mozilla/5.0 (Linux; Android 8.0.0; BAH2-L09 Build/HUAWEIBAH2-L09) AppleWebKit/537.36 (KHTML, like Gecko) Chrome/68.0.3440.91 Safari/537.36"
89.172.180.233 - - [14/Jul/2019:06:25:49 +0000] "GET /assets/css/cookieconsent.min.css HTTP/1.1" 200 1209 "https://www.apartmanisostaric.com/?page_id=221" "Mozilla/5.0 (Linux; Android 8.0.0; BAH2-L09 Build/HUAWEIBAH2-L09) AppleWebKit/537.36 (KHTML, like Gecko) Chrome/68.0.3440.91 Safari/537.36"
89.172.180.233 - - [14/Jul/2019:06:25:49 +0000] "GET /assets/plugins/flag/css/flag-icon.css HTTP/1.1" 200 2837 "https://www.apartmanisostaric.com/?page_id=221" "Mozilla/5.0 (Linux; Android 8.0.0; BAH2-L09 Build/HUAWEIBAH2-L09) AppleWebKit/537.36 (KHTML, like Gecko) Chrome/68.0.3440.91 Safari/537.36"
89.172.180.233 - - [14/Jul/2019:06:25:49 +0000] "GET /js/jquery-1.12.4.min.js HTTP/1.1" 200 33760 "https://www.apartmanisostaric.com/?page_id=221" "Mozilla/5.0 (Linux; Android 8.0.0; BAH2-L09 Build/HUAWEIBAH2-L09) AppleWebKit/537.36 (KHTML, like Gecko) Chrome/68.0.3440.91 Safari/537.36"
89.172.180.233 - - [14/Jul/2019:06:25:49 +0000] "GET /js/owl.carousel.min.js HTTP/1.1" 200 10926 "https://www.apartmanisostaric.com/?page_id=221" "Mozilla/5.0 (Linux; Android 8.0.0; BAH2-L09 Build/HUAWEIBAH2-L09) AppleWebKit/537.36 (KHTML, like Gecko) Chrome/68.0.3440.91 Safari/537.36"
89.172.180.233 - - [14/Jul/2019:06:25:49 +0000] "GET /js/bootstrap.min.js HTTP/1.1" 200 9675 "https://www.apartmanisostaric.com/?page_id=221" "Mozilla/5.0 (Linux; Android 8.0.0; BAH2-L09 Build/HUAWEIBAH2-L09) AppleWebKit/537.36 (KHTML, like Gecko) Chrome/68.0.3440.91 Safari/537.36"
89.172.180.233 - - [14/Jul/2019:06:25:49 +0000] "GET /js/bootstrap-select.js HTTP/1.1" 200 13000 "https://www.apartmanisostaric.com/?page_id=221" "Mozilla/5.0 (Linux; Android 8.0.0; BAH2-L09 Build/HUAWEIBAH2-L09) AppleWebKit/537.36 (KHTML, like Gecko) Chrome/68.0.3440.91 Safari/537.36"
89.172.180.233 - - [14/Jul/2019:06:25:49 +0000] "GET /images/apartmani-sostaric-logo.png HTTP/1.1" 200 3667 "https://www.apartmanisostaric.com/?page_id=221" "Mozilla/5.0 (Linux; Android 8.0.0; BAH2-L09 Build/HUAWEIBAH2-L09) AppleWebKit/537.36 (KHTML, like Gecko) Chrome/68.0.3440.91 Safari/537.36"
