207.46.13.177 - - [14/Jul/2019:11:16:49 +0000] "GET /js/sky.js?v=4 HTTP/1.1" 200 1383 "-" "Mozilla/5.0 (compatible; bingbot/2.0; +http://www.bing.com/bingbot.htm)"
192.241.221.187 - - [14/Jul/2019:11:21:43 +0000] "GET /.well-known.gz HTTP/1.1" 301 256 "-" "Mozilla/5.0 (Windows NT 6.1; WOW64) AppleWebKit/537.36 (KHTML, like Gecko) Chrome/36.0.1985.143 Safari/537.36"
192.241.221.187 - - [14/Jul/2019:11:22:43 +0000] "GET /.well-known.gz HTTP/1.1" 301 256 "-" "Mozilla/5.0 (Windows NT 6.1; WOW64) AppleWebKit/537.36 (KHTML, like Gecko) Chrome/36.0.1985.143 Safari/537.36"
192.241.221.187 - - [14/Jul/2019:11:26:18 +0000] "GET /InCreate-FullPackage.zip HTTP/1.1" 301 266 "-" "Mozilla/5.0 (Windows NT 6.1; WOW64) AppleWebKit/537.36 (KHTML, like Gecko) Chrome/36.0.1985.143 Safari/537.36"
192.241.221.187 - - [14/Jul/2019:11:30:39 +0000] "GET /OMC_template.gz HTTP/1.1" 301 257 "-" "Mozilla/5.0 (Windows NT 6.1; WOW64) AppleWebKit/537.36 (KHTML, like Gecko) Chrome/36.0.1985.143 Safari/537.36"
216.244.66.200 - - [14/Jul/2019:11:32:27 +0000] "GET /robots.txt HTTP/1.1" 301 252 "-" "Mozilla/5.0 (compatible; DotBot/1.1; http://www.opensiteexplorer.org/dotbot, help@moz.com)"
216.244.66.200 - - [14/Jul/2019:11:32:28 +0000] "GET /robots.txt HTTP/1.1" 200 24 "-" "Mozilla/5.0 (compatible; DotBot/1.1; http://www.opensiteexplorer.org/dotbot, help@moz.com)"
192.241.221.187 - - [14/Jul/2019:11:32:39 +0000] "GET /archive.tar.gz HTTP/1.1" 301 256 "-" "Mozilla/5.0 (Windows NT 6.1; WOW64) AppleWebKit/537.36 (KHTML, like Gecko) Chrome/36.0.1985.143 Safari/537.36"
93.136.46.134 - - [14/Jul/2019:11:38:04 +0000] "GET /images/slider1.jpg HTTP/1.1" 200 306224 "https://www.google.com/" "Mozilla/5.0 (Windows NT 10.0; Win64; x64) AppleWebKit/537.36 (KHTML, like Gecko) Chrome/75.0.3770.100 Safari/537.36"
93.136.46.134 - - [14/Jul/2019:11:38:19 +0000] "GET /images/slider2.jpg HTTP/1.1" 200 250482 "https://www.google.com/" "Mozilla/5.0 (Windows NT 10.0; Win64; x64) AppleWebKit/537.36 (KHTML, like Gecko) Chrome/75.0.3770.100 Safari/537.36"
192.241.221.187 - - [14/Jul/2019:11:40:20 +0000] "GET /installer.zip HTTP/1.1" 301 255 "-" "Mozilla/5.0 (Windows NT 6.1; WOW64) AppleWebKit/537.36 (KHTML, like Gecko) Chrome/36.0.1985.143 Safari/537.36"
193.106.30.99 - - [14/Jul/2019:11:40:34 +0000] "GET /wp-content/themes/BlackPower/404.php HTTP/1.1" 404 1104 "-" "Mozilla/5.0 (Windows NT 6.1; Win64; x64) AppleWebKit/537.36 (KHTML, like Gecko) Chrome/73.0.3683.103 Safari/537.36"
192.241.221.187 - - [14/Jul/2019:11:42:00 +0000] "GET /installer.gz HTTP/1.1" 301 254 "-" "Mozilla/5.0 (Windows NT 6.1; WOW64) AppleWebKit/537.36 (KHTML, like Gecko) Chrome/36.0.1985.143 Safari/537.36"
192.241.221.187 - - [14/Jul/2019:11:42:47 +0000] "GET /installer.gz HTTP/1.1" 301 254 "-" "Mozilla/5.0 (Windows NT 6.1; WOW64) AppleWebKit/537.36 (KHTML, like Gecko) Chrome/36.0.1985.143 Safari/537.36"
216.244.66.200 - - [14/Jul/2019:11:44:52 +0000] "GET /en/about-us HTTP/1.1" 200 18332 "-" "Mozilla/5.0 (compatible; DotBot/1.1; http://www.opensiteexplorer.org/dotbot, help@moz.com)"
216.244.66.200 - - [14/Jul/2019:11:46:03 +0000] "GET /it/escursioni/parco-natura-telascica HTTP/1.1" 200 22474 "-" "Mozilla/5.0 (compatible; DotBot/1.1; http://www.opensiteexplorer.org/dotbot, help@moz.com)"
216.244.66.200 - - [14/Jul/2019:11:53:39 +0000] "GET /wp-content/uploads/51822-Sali-3-1.jpg HTTP/1.1" 404 1104 "-" "Mozilla/5.0 (compatible; DotBot/1.1; http://www.opensiteexplorer.org/dotbot, help@moz.com)"
216.244.66.200 - - [14/Jul/2019:11:53:41 +0000] "GET /wp-content/uploads/DSC_4469_Sakarun_A.Gospic.jpg HTTP/1.1" 404 1104 "-" "Mozilla/5.0 (compatible; DotBot/1.1; http://www.opensiteexplorer.org/dotbot, help@moz.com)"
192.241.221.187 - - [14/Jul/2019:12:01:54 +0000] "GET /wp-content.zip HTTP/1.1" 301 256 "-" "Mozilla/5.0 (Windows NT 6.1; WOW64) AppleWebKit/537.36 (KHTML, like Gecko) Chrome/36.0.1985.143 Safari/537.36"
46.229.168.134 - - [14/Jul/2019:12:02:12 +0000] "GET /robots.txt HTTP/1.1" 200 24 "-" "Mozilla/5.0 (compatible; SemrushBot/3~bl; +http://www.semrush.com/bot.html)"
46.229.168.141 - - [14/Jul/2019:12:02:14 +0000] "GET /hr/izleti/+385915793291 HTTP/1.1" 404 1104 "-" "Mozilla/5.0 (compatible; SemrushBot/3~bl; +http://www.semrush.com/bot.html)"
192.241.221.187 - - [14/Jul/2019:12:02:15 +0000] "GET /wp-content.zip HTTP/1.1" 404 1104 "https://apartmanisostaric.com/wp-content.zip" "Mozilla/5.0 (Windows NT 6.1; WOW64) AppleWebKit/537.36 (KHTML, like Gecko) Chrome/36.0.1985.143 Safari/537.36"
192.241.221.187 - - [14/Jul/2019:12:02:21 +0000] "GET /wp-content.tar.gz HTTP/1.1" 301 259 "-" "Mozilla/5.0 (Windows NT 6.1; WOW64) AppleWebKit/537.36 (KHTML, like Gecko) Chrome/36.0.1985.143 Safari/537.36"
192.241.221.187 - - [14/Jul/2019:12:02:41 +0000] "GET /wp-content.tar.gz HTTP/1.1" 404 1104 "https://apartmanisostaric.com/wp-content.tar.gz" "Mozilla/5.0 (Windows NT 6.1; WOW64) AppleWebKit/537.36 (KHTML, like Gecko) Chrome/36.0.1985.143 Safari/537.36"
192.241.221.187 - - [14/Jul/2019:12:02:52 +0000] "GET /wp-content.gz HTTP/1.1" 301 255 "-" "Mozilla/5.0 (Windows NT 6.1; WOW64) AppleWebKit/537.36 (KHTML, like Gecko) Chrome/36.0.1985.143 Safari/537.36"
192.241.221.187 - - [14/Jul/2019:12:02:53 +0000] "GET /wp-content.gz HTTP/1.1" 404 1104 "https://apartmanisostaric.com/wp-content.gz" "Mozilla/5.0 (Windows NT 6.1; WOW64) AppleWebKit/537.36 (KHTML, like Gecko) Chrome/36.0.1985.143 Safari/537.36"
89.142.150.141 - - [14/Jul/2019:12:03:36 +0000] "GET / HTTP/1.1" 200 6580 "https://www.google.com/" "Mozilla/5.0 (Windows NT 10.0; Win64; x64) AppleWebKit/537.36 (KHTML, like Gecko) Chrome/75.0.3770.100 Safari/537.36"
89.142.150.141 - - [14/Jul/2019:12:03:36 +0000] "GET /css/font-awesome.min.css HTTP/1.1" 200 6965 "https://www.apartmanisostaric.com/" "Mozilla/5.0 (Windows NT 10.0; Win64; x64) AppleWebKit/537.36 (KHTML, like Gecko) Chrome/75.0.3770.100 Safari/537.36"
89.142.150.141 - - [14/Jul/2019:12:03:36 +0000] "GET /css/ionicons.min.css HTTP/1.1" 200 8406 "https://www.apartmanisostaric.com/" "Mozilla/5.0 (Windows NT 10.0; Win64; x64) AppleWebKit/537.36 (KHTML, like Gecko) Chrome/75.0.3770.100 Safari/537.36"
89.142.150.141 - - [14/Jul/2019:12:03:37 +0000] "GET /css/owl.carousel.min.css HTTP/1.1" 200 912 "https://www.apartmanisostaric.com/" "Mozilla/5.0 (Windows NT 10.0; Win64; x64) AppleWebKit/537.36 (KHTML, like Gecko) Chrome/75.0.3770.100 Safari/537.36"
89.142.150.141 - - [14/Jul/2019:12:03:37 +0000] "GET /css/bootstrap-select.min.css HTTP/1.1" 200 1411 "https://www.apartmanisostaric.com/" "Mozilla/5.0 (Windows NT 10.0; Win64; x64) AppleWebKit/537.36 (KHTML, like Gecko) Chrome/75.0.3770.100 Safari/537.36"
89.142.150.141 - - [14/Jul/2019:12:03:37 +0000] "GET /css/bootstrap-datepicker.min.css HTTP/1.1" 200 2072 "https://www.apartmanisostaric.com/" "Mozilla/5.0 (Windows NT 10.0; Win64; x64) AppleWebKit/537.36 (KHTML, like Gecko) Chrome/75.0.3770.100 Safari/537.36"
89.142.150.141 - - [14/Jul/2019:12:03:37 +0000] "GET /assets/plugins/flag/css/flag-icon.css HTTP/1.1" 200 2837 "https://www.apartmanisostaric.com/" "Mozilla/5.0 (Windows NT 10.0; Win64; x64) AppleWebKit/537.36 (KHTML, like Gecko) Chrome/75.0.3770.100 Safari/537.36"
89.142.150.141 - - [14/Jul/2019:12:03:37 +0000] "GET /assets/css/cookieconsent.min.css HTTP/1.1" 200 1209 "https://www.apartmanisostaric.com/" "Mozilla/5.0 (Windows NT 10.0; Win64; x64) AppleWebKit/537.36 (KHTML, like Gecko) Chrome/75.0.3770.100 Safari/537.36"
89.142.150.141 - - [14/Jul/2019:12:03:37 +0000] "GET /images/apartmani-sostaric-logo.png HTTP/1.1" 200 3667 "https://www.apartmanisostaric.com/" "Mozilla/5.0 (Windows NT 10.0; Win64; x64) AppleWebKit/537.36 (KHTML, like Gecko) Chrome/75.0.3770.100 Safari/537.36"
89.142.150.141 - - [14/Jul/2019:12:03:37 +0000] "GET /images/icons/email.png HTTP/1.1" 200 447 "https://www.apartmanisostaric.com/" "Mozilla/5.0 (Windows NT 10.0; Win64; x64) AppleWebKit/537.36 (KHTML, like Gecko) Chrome/75.0.3770.100 Safari/537.36"
89.142.150.141 - - [14/Jul/2019:12:03:37 +0000] "GET /images/icons/date-icon.png HTTP/1.1" 200 503 "https://www.apartmanisostaric.com/" "Mozilla/5.0 (Windows NT 10.0; Win64; x64) AppleWebKit/537.36 (KHTML, like Gecko) Chrome/75.0.3770.100 Safari/537.36"
89.142.150.141 - - [14/Jul/2019:12:03:37 +0000] "GET /css/styles.css?v=9 HTTP/1.1" 200 59061 "https://www.apartmanisostaric.com/" "Mozilla/5.0 (Windows NT 10.0; Win64; x64) AppleWebKit/537.36 (KHTML, like Gecko) Chrome/75.0.3770.100 Safari/537.36"
89.142.150.141 - - [14/Jul/2019:12:03:37 +0000] "GET /images/about-3.jpg HTTP/1.1" 200 46335 "https://www.apartmanisostaric.com/" "Mozilla/5.0 (Windows NT 10.0; Win64; x64) AppleWebKit/537.36 (KHTML, like Gecko) Chrome/75.0.3770.100 Safari/537.36"
89.142.150.141 - - [14/Jul/2019:12:03:37 +0000] "GET /images/about-2.jpg HTTP/1.1" 200 23855 "https://www.apartmanisostaric.com/" "Mozilla/5.0 (Windows NT 10.0; Win64; x64) AppleWebKit/537.36 (KHTML, like Gecko) Chrome/75.0.3770.100 Safari/537.36"
89.142.150.141 - - [14/Jul/2019:12:03:37 +0000] "GET /images/slider3.jpg HTTP/1.1" 200 191432 "https://www.apartmanisostaric.com/" "Mozilla/5.0 (Windows NT 10.0; Win64; x64) AppleWebKit/537.36 (KHTML, like Gecko) Chrome/75.0.3770.100 Safari/537.36"
89.142.150.141 - - [14/Jul/2019:12:03:37 +0000] "GET /images/about-1.jpg HTTP/1.1" 200 22685 "https://www.apartmanisostaric.com/" "Mozilla/5.0 (Windows NT 10.0; Win64; x64) AppleWebKit/537.36 (KHTML, like Gecko) Chrome/75.0.3770.100 Safari/537.36"
89.142.150.141 - - [14/Jul/2019:12:03:37 +0000] "GET /images/slider1.jpg HTTP/1.1" 200 306224 "https://www.apartmanisostaric.com/" "Mozilla/5.0 (Windows NT 10.0; Win64; x64) AppleWebKit/537.36 (KHTML, like Gecko) Chrome/75.0.3770.100 Safari/537.36"
89.142.150.141 - - [14/Jul/2019:12:03:37 +0000] "GET /images/slider2.jpg HTTP/1.1" 200 250482 "https://www.apartmanisostaric.com/" "Mozilla/5.0 (Windows NT 10.0; Win64; x64) AppleWebKit/537.36 (KHTML, like Gecko) Chrome/75.0.3770.100 Safari/537.36"
89.142.150.141 - - [14/Jul/2019:12:03:37 +0000] "GET /images/icons/sea.png HTTP/1.1" 200 797 "https://www.apartmanisostaric.com/" "Mozilla/5.0 (Windows NT 10.0; Win64; x64) AppleWebKit/537.36 (KHTML, like Gecko) Chrome/75.0.3770.100 Safari/537.36"
89.142.150.141 - - [14/Jul/2019:12:03:37 +0000] "GET /images/icons/sunset.png HTTP/1.1" 200 899 "https://www.apartmanisostaric.com/" "Mozilla/5.0 (Windows NT 10.0; Win64; x64) AppleWebKit/537.36 (KHTML, like Gecko) Chrome/75.0.3770.100 Safari/537.36"
89.142.150.141 - - [14/Jul/2019:12:03:37 +0000] "GET /images/icons/parking.png HTTP/1.1" 200 540 "https://www.apartmanisostaric.com/" "Mozilla/5.0 (Windows NT 10.0; Win64; x64) AppleWebKit/537.36 (KHTML, like Gecko) Chrome/75.0.3770.100 Safari/537.36"
89.142.150.141 - - [14/Jul/2019:12:03:37 +0000] "GET /images/icons/wifi.png HTTP/1.1" 200 1126 "https://www.apartmanisostaric.com/" "Mozilla/5.0 (Windows NT 10.0; Win64; x64) AppleWebKit/537.36 (KHTML, like Gecko) Chrome/75.0.3770.100 Safari/537.36"
89.142.150.141 - - [14/Jul/2019:12:03:37 +0000] "GET /images/icons/air-conditioner.png HTTP/1.1" 200 750 "https://www.apartmanisostaric.com/" "Mozilla/5.0 (Windows NT 10.0; Win64; x64) AppleWebKit/537.36 (KHTML, like Gecko) Chrome/75.0.3770.100 Safari/537.36"
89.142.150.141 - - [14/Jul/2019:12:03:37 +0000] "GET /images/icons/television.png HTTP/1.1" 200 499 "https://www.apartmanisostaric.com/" "Mozilla/5.0 (Windows NT 10.0; Win64; x64) AppleWebKit/537.36 (KHTML, like Gecko) Chrome/75.0.3770.100 Safari/537.36"
89.142.150.141 - - [14/Jul/2019:12:03:37 +0000] "GET /images/icons/bbq.png HTTP/1.1" 200 824 "https://www.apartmanisostaric.com/" "Mozilla/5.0 (Windows NT 10.0; Win64; x64) AppleWebKit/537.36 (KHTML, like Gecko) Chrome/75.0.3770.100 Safari/537.36"
89.142.150.141 - - [14/Jul/2019:12:03:37 +0000] "GET /images/icons/table-tennis.png HTTP/1.1" 200 1102 "https://www.apartmanisostaric.com/" "Mozilla/5.0 (Windows NT 10.0; Win64; x64) AppleWebKit/537.36 (KHTML, like Gecko) Chrome/75.0.3770.100 Safari/537.36"
89.142.150.141 - - [14/Jul/2019:12:03:37 +0000] "GET /images/studio-2.jpg HTTP/1.1" 200 30181 "https://www.apartmanisostaric.com/" "Mozilla/5.0 (Windows NT 10.0; Win64; x64) AppleWebKit/537.36 (KHTML, like Gecko) Chrome/75.0.3770.100 Safari/537.36"
89.142.150.141 - - [14/Jul/2019:12:03:37 +0000] "GET /images/studio-3-1.jpg HTTP/1.1" 200 31720 "https://www.apartmanisostaric.com/" "Mozilla/5.0 (Windows NT 10.0; Win64; x64) AppleWebKit/537.36 (KHTML, like Gecko) Chrome/75.0.3770.100 Safari/537.36"
89.142.150.141 - - [14/Jul/2019:12:03:37 +0000] "GET /images/apartman-a.jpg HTTP/1.1" 200 28618 "https://www.apartmanisostaric.com/" "Mozilla/5.0 (Windows NT 10.0; Win64; x64) AppleWebKit/537.36 (KHTML, like Gecko) Chrome/75.0.3770.100 Safari/537.36"
89.142.150.141 - - [14/Jul/2019:12:03:37 +0000] "GET /images/apartman-b.jpg HTTP/1.1" 200 29741 "https://www.apartmanisostaric.com/" "Mozilla/5.0 (Windows NT 10.0; Win64; x64) AppleWebKit/537.36 (KHTML, like Gecko) Chrome/75.0.3770.100 Safari/537.36"
89.142.150.141 - - [14/Jul/2019:12:03:37 +0000] "GET /uploads/thumbnails/1c53b192c98b7a0005c36b70cd3056c6.jpg HTTP/1.1" 200 37190 "https://www.apartmanisostaric.com/" "Mozilla/5.0 (Windows NT 10.0; Win64; x64) AppleWebKit/537.36 (KHTML, like Gecko) Chrome/75.0.3770.100 Safari/537.36"
89.142.150.141 - - [14/Jul/2019:12:03:37 +0000] "GET /uploads/thumbnails/b3570d21ba58ee24f697076171b546aa.jpg HTTP/1.1" 200 49552 "https://www.apartmanisostaric.com/" "Mozilla/5.0 (Windows NT 10.0; Win64; x64) AppleWebKit/537.36 (KHTML, like Gecko) Chrome/75.0.3770.100 Safari/537.36"
89.142.150.141 - - [14/Jul/2019:12:03:37 +0000] "GET /uploads/thumbnails/504896c8066fb78c7c4c6a721b19f0ce.jpg HTTP/1.1" 200 73515 "https://www.apartmanisostaric.com/" "Mozilla/5.0 (Windows NT 10.0; Win64; x64) AppleWebKit/537.36 (KHTML, like Gecko) Chrome/75.0.3770.100 Safari/537.36"
89.142.150.141 - - [14/Jul/2019:12:03:37 +0000] "GET /uploads/thumbnails/e0188e76eefd685d644ed0524020812d.jpg HTTP/1.1" 200 92885 "https://www.apartmanisostaric.com/" "Mozilla/5.0 (Windows NT 10.0; Win64; x64) AppleWebKit/537.36 (KHTML, like Gecko) Chrome/75.0.3770.100 Safari/537.36"
89.142.150.141 - - [14/Jul/2019:12:03:37 +0000] "GET /uploads/thumbnails/e95f1dee86051f5e9194508d107cae2b.jpg HTTP/1.1" 200 74902 "https://www.apartmanisostaric.com/" "Mozilla/5.0 (Windows NT 10.0; Win64; x64) AppleWebKit/537.36 (KHTML, like Gecko) Chrome/75.0.3770.100 Safari/537.36"
89.142.150.141 - - [14/Jul/2019:12:03:37 +0000] "GET /uploads/thumbnails/0857011b0210f96bda3b0b87dbaddefd.jpg HTTP/1.1" 200 73519 "https://www.apartmanisostaric.com/" "Mozilla/5.0 (Windows NT 10.0; Win64; x64) AppleWebKit/537.36 (KHTML, like Gecko) Chrome/75.0.3770.100 Safari/537.36"
89.142.150.141 - - [14/Jul/2019:12:03:38 +0000] "GET /images/icon-dugi-otok.png HTTP/1.1" 200 2337 "https://www.apartmanisostaric.com/" "Mozilla/5.0 (Windows NT 10.0; Win64; x64) AppleWebKit/537.36 (KHTML, like Gecko) Chrome/75.0.3770.100 Safari/537.36"
89.142.150.141 - - [14/Jul/2019:12:03:38 +0000] "GET /images/icon-zadar-region.png HTTP/1.1" 200 1523 "https://www.apartmanisostaric.com/" "Mozilla/5.0 (Windows NT 10.0; Win64; x64) AppleWebKit/537.36 (KHTML, like Gecko) Chrome/75.0.3770.100 Safari/537.36"
89.142.150.141 - - [14/Jul/2019:12:03:37 +0000] "GET /uploads/thumbnails/f4ee3ba7cbec0f18262405324e966a53.jpg HTTP/1.1" 200 84893 "https://www.apartmanisostaric.com/" "Mozilla/5.0 (Windows NT 10.0; Win64; x64) AppleWebKit/537.36 (KHTML, like Gecko) Chrome/75.0.3770.100 Safari/537.36"
89.142.150.141 - - [14/Jul/2019:12:03:38 +0000] "GET /images/icon-croatia.png HTTP/1.1" 200 1664 "https://www.apartmanisostaric.com/" "Mozilla/5.0 (Windows NT 10.0; Win64; x64) AppleWebKit/537.36 (KHTML, like Gecko) Chrome/75.0.3770.100 Safari/537.36"
89.142.150.141 - - [14/Jul/2019:12:03:38 +0000] "GET /images/jadrolinija-logo.jpg HTTP/1.1" 200 3577 "https://www.apartmanisostaric.com/" "Mozilla/5.0 (Windows NT 10.0; Win64; x64) AppleWebKit/537.36 (KHTML, like Gecko) Chrome/75.0.3770.100 Safari/537.36"
89.142.150.141 - - [14/Jul/2019:12:03:38 +0000] "GET /images/zadar-airport.png HTTP/1.1" 200 2235 "https://www.apartmanisostaric.com/" "Mozilla/5.0 (Windows NT 10.0; Win64; x64) AppleWebKit/537.36 (KHTML, like Gecko) Chrome/75.0.3770.100 Safari/537.36"
89.142.150.141 - - [14/Jul/2019:12:03:38 +0000] "GET /uploads/thumbnails/2267ecca103a93df5ea31b28a70a64fb.jpg HTTP/1.1" 200 81115 "https://www.apartmanisostaric.com/" "Mozilla/5.0 (Windows NT 10.0; Win64; x64) AppleWebKit/537.36 (KHTML, like Gecko) Chrome/75.0.3770.100 Safari/537.36"
89.142.150.141 - - [14/Jul/2019:12:03:38 +0000] "GET /images/dhmz.png HTTP/1.1" 200 3537 "https://www.apartmanisostaric.com/" "Mozilla/5.0 (Windows NT 10.0; Win64; x64) AppleWebKit/537.36 (KHTML, like Gecko) Chrome/75.0.3770.100 Safari/537.36"
89.142.150.141 - - [14/Jul/2019:12:03:38 +0000] "GET /images/gvline.jpg HTTP/1.1" 200 4850 "https://www.apartmanisostaric.com/" "Mozilla/5.0 (Windows NT 10.0; Win64; x64) AppleWebKit/537.36 (KHTML, like Gecko) Chrome/75.0.3770.100 Safari/537.36"
89.142.150.141 - - [14/Jul/2019:12:03:38 +0000] "GET /js/jquery-1.12.4.min.js HTTP/1.1" 200 33760 "https://www.apartmanisostaric.com/" "Mozilla/5.0 (Windows NT 10.0; Win64; x64) AppleWebKit/537.36 (KHTML, like Gecko) Chrome/75.0.3770.100 Safari/537.36"
89.142.150.141 - - [14/Jul/2019:12:03:38 +0000] "GET /js/owl.carousel.min.js HTTP/1.1" 200 10926 "https://www.apartmanisostaric.com/" "Mozilla/5.0 (Windows NT 10.0; Win64; x64) AppleWebKit/537.36 (KHTML, like Gecko) Chrome/75.0.3770.100 Safari/537.36"
89.142.150.141 - - [14/Jul/2019:12:03:38 +0000] "GET /js/bootstrap.min.js HTTP/1.1" 200 9675 "https://www.apartmanisostaric.com/" "Mozilla/5.0 (Windows NT 10.0; Win64; x64) AppleWebKit/537.36 (KHTML, like Gecko) Chrome/75.0.3770.100 Safari/537.36"
89.142.150.141 - - [14/Jul/2019:12:03:38 +0000] "GET /js/bootstrap-select.js HTTP/1.1" 200 13000 "https://www.apartmanisostaric.com/" "Mozilla/5.0 (Windows NT 10.0; Win64; x64) AppleWebKit/537.36 (KHTML, like Gecko) Chrome/75.0.3770.100 Safari/537.36"
89.142.150.141 - - [14/Jul/2019:12:03:38 +0000] "GET /js/bootstrap-datepicker.min.js HTTP/1.1" 200 10065 "https://www.apartmanisostaric.com/" "Mozilla/5.0 (Windows NT 10.0; Win64; x64) AppleWebKit/537.36 (KHTML, like Gecko) Chrome/75.0.3770.100 Safari/537.36"
89.142.150.141 - - [14/Jul/2019:12:03:38 +0000] "GET /assets/js/cookieconsent.min.js HTTP/1.1" 200 6849 "https://www.apartmanisostaric.com/" "Mozilla/5.0 (Windows NT 10.0; Win64; x64) AppleWebKit/537.36 (KHTML, like Gecko) Chrome/75.0.3770.100 Safari/537.36"
89.142.150.141 - - [14/Jul/2019:12:03:38 +0000] "GET /js/sky.js?v=4 HTTP/1.1" 200 1383 "https://www.apartmanisostaric.com/" "Mozilla/5.0 (Windows NT 10.0; Win64; x64) AppleWebKit/537.36 (KHTML, like Gecko) Chrome/75.0.3770.100 Safari/537.36"
89.142.150.141 - - [14/Jul/2019:12:03:40 +0000] "GET /assets/plugins/flag/flags/4x3/de.svg HTTP/1.1" 200 322 "https://www.apartmanisostaric.com/assets/plugins/flag/css/flag-icon.css" "Mozilla/5.0 (Windows NT 10.0; Win64; x64) AppleWebKit/537.36 (KHTML, like Gecko) Chrome/75.0.3770.100 Safari/537.36"
89.142.150.141 - - [14/Jul/2019:12:03:40 +0000] "GET /assets/plugins/flag/flags/4x3/gb.svg HTTP/1.1" 200 989 "https://www.apartmanisostaric.com/assets/plugins/flag/css/flag-icon.css" "Mozilla/5.0 (Windows NT 10.0; Win64; x64) AppleWebKit/537.36 (KHTML, like Gecko) Chrome/75.0.3770.100 Safari/537.36"
89.142.150.141 - - [14/Jul/2019:12:03:40 +0000] "GET /assets/plugins/flag/flags/4x3/it.svg HTTP/1.1" 200 856 "https://www.apartmanisostaric.com/assets/plugins/flag/css/flag-icon.css" "Mozilla/5.0 (Windows NT 10.0; Win64; x64) AppleWebKit/537.36 (KHTML, like Gecko) Chrome/75.0.3770.100 Safari/537.36"
89.142.150.141 - - [14/Jul/2019:12:03:40 +0000] "GET /images/Home-1/icon-our.png HTTP/1.1" 200 426 "https://www.apartmanisostaric.com/css/styles.css?v=9" "Mozilla/5.0 (Windows NT 10.0; Win64; x64) AppleWebKit/537.36 (KHTML, like Gecko) Chrome/75.0.3770.100 Safari/537.36"
89.142.150.141 - - [14/Jul/2019:12:03:40 +0000] "GET /assets/plugins/flag/flags/4x3/hr.svg HTTP/1.1" 200 80697 "https://www.apartmanisostaric.com/assets/plugins/flag/css/flag-icon.css" "Mozilla/5.0 (Windows NT 10.0; Win64; x64) AppleWebKit/537.36 (KHTML, like Gecko) Chrome/75.0.3770.100 Safari/537.36"
89.142.150.141 - - [14/Jul/2019:12:03:40 +0000] "GET /images/testimonials.jpg HTTP/1.1" 200 383473 "https://www.apartmanisostaric.com/css/styles.css?v=9" "Mozilla/5.0 (Windows NT 10.0; Win64; x64) AppleWebKit/537.36 (KHTML, like Gecko) Chrome/75.0.3770.100 Safari/537.36"
89.142.150.141 - - [14/Jul/2019:12:03:40 +0000] "GET /fonts/fontawesome-webfont.woff2?v=4.7.0 HTTP/1.1" 200 77160 "https://www.apartmanisostaric.com/css/font-awesome.min.css" "Mozilla/5.0 (Windows NT 10.0; Win64; x64) AppleWebKit/537.36 (KHTML, like Gecko) Chrome/75.0.3770.100 Safari/537.36"
89.142.150.141 - - [14/Jul/2019:12:03:40 +0000] "GET /fonts/ionicons.ttf?v=2.0.0 HTTP/1.1" 200 188508 "https://www.apartmanisostaric.com/css/ionicons.min.css" "Mozilla/5.0 (Windows NT 10.0; Win64; x64) AppleWebKit/537.36 (KHTML, like Gecko) Chrome/75.0.3770.100 Safari/537.36"
89.142.150.141 - - [14/Jul/2019:12:03:41 +0000] "GET /images/Home-1/icon-slider-l.png HTTP/1.1" 200 489 "https://www.apartmanisostaric.com/css/styles.css?v=9" "Mozilla/5.0 (Windows NT 10.0; Win64; x64) AppleWebKit/537.36 (KHTML, like Gecko) Chrome/75.0.3770.100 Safari/537.36"
89.142.150.141 - - [14/Jul/2019:12:03:41 +0000] "GET /images/Home-1/icon-slider-r.png HTTP/1.1" 200 604 "https://www.apartmanisostaric.com/css/styles.css?v=9" "Mozilla/5.0 (Windows NT 10.0; Win64; x64) AppleWebKit/537.36 (KHTML, like Gecko) Chrome/75.0.3770.100 Safari/537.36"
89.142.150.141 - - [14/Jul/2019:12:03:41 +0000] "GET /images/Home-3/icon1.png HTTP/1.1" 200 2057 "https://www.apartmanisostaric.com/css/styles.css?v=9" "Mozilla/5.0 (Windows NT 10.0; Win64; x64) AppleWebKit/537.36 (KHTML, like Gecko) Chrome/75.0.3770.100 Safari/537.36"
89.142.150.141 - - [14/Jul/2019:12:03:41 +0000] "GET /images/Home-3/icon.png HTTP/1.1" 200 471 "https://www.apartmanisostaric.com/css/styles.css?v=9" "Mozilla/5.0 (Windows NT 10.0; Win64; x64) AppleWebKit/537.36 (KHTML, like Gecko) Chrome/75.0.3770.100 Safari/537.36"
89.142.150.141 - - [14/Jul/2019:12:03:41 +0000] "GET /images/Home-1/even-l-icon.png HTTP/1.1" 200 238 "https://www.apartmanisostaric.com/css/styles.css?v=9" "Mozilla/5.0 (Windows NT 10.0; Win64; x64) AppleWebKit/537.36 (KHTML, like Gecko) Chrome/75.0.3770.100 Safari/537.36"
89.142.150.141 - - [14/Jul/2019:12:03:41 +0000] "GET /images/Home-1/even-r-icon.png HTTP/1.1" 200 234 "https://www.apartmanisostaric.com/css/styles.css?v=9" "Mozilla/5.0 (Windows NT 10.0; Win64; x64) AppleWebKit/537.36 (KHTML, like Gecko) Chrome/75.0.3770.100 Safari/537.36"
89.142.150.141 - - [14/Jul/2019:12:03:41 +0000] "GET /favicon-32x32.png HTTP/1.1" 200 1458 "https://www.apartmanisostaric.com/" "Mozilla/5.0 (Windows NT 10.0; Win64; x64) AppleWebKit/537.36 (KHTML, like Gecko) Chrome/75.0.3770.100 Safari/537.36"
89.142.150.141 - - [14/Jul/2019:12:03:41 +0000] "GET /site.webmanifest HTTP/1.1" 200 291 "https://www.apartmanisostaric.com/" "Mozilla/5.0 (Windows NT 10.0; Win64; x64) AppleWebKit/537.36 (KHTML, like Gecko) Chrome/75.0.3770.100 Safari/537.36"
89.142.150.141 - - [14/Jul/2019:12:03:45 +0000] "GET /apartmani/studio-za-2-osobe-2-0 HTTP/1.1" 200 5337 "https://www.apartmanisostaric.com/" "Mozilla/5.0 (Windows NT 10.0; Win64; x64) AppleWebKit/537.36 (KHTML, like Gecko) Chrome/75.0.3770.100 Safari/537.36"
89.142.150.141 - - [14/Jul/2019:12:03:46 +0000] "GET /unitegallery/css/unite-gallery.css HTTP/1.1" 200 4825 "https://www.apartmanisostaric.com/apartmani/studio-za-2-osobe-2-0" "Mozilla/5.0 (Windows NT 10.0; Win64; x64) AppleWebKit/537.36 (KHTML, like Gecko) Chrome/75.0.3770.100 Safari/537.36"
89.142.150.141 - - [14/Jul/2019:12:03:46 +0000] "GET /unitegallery/themes/compact/ug-theme-compact.js HTTP/1.1" 200 2477 "https://www.apartmanisostaric.com/apartmani/studio-za-2-osobe-2-0" "Mozilla/5.0 (Windows NT 10.0; Win64; x64) AppleWebKit/537.36 (KHTML, like Gecko) Chrome/75.0.3770.100 Safari/537.36"
89.142.150.141 - - [14/Jul/2019:12:03:46 +0000] "GET /unitegallery/js/jquery-11.0.min.js HTTP/1.1" 200 33369 "https://www.apartmanisostaric.com/apartmani/studio-za-2-osobe-2-0" "Mozilla/5.0 (Windows NT 10.0; Win64; x64) AppleWebKit/537.36 (KHTML, like Gecko) Chrome/75.0.3770.100 Safari/537.36"
89.142.150.141 - - [14/Jul/2019:12:03:46 +0000] "GET /unitegallery/js/unitegallery.min.js HTTP/1.1" 200 66910 "https://www.apartmanisostaric.com/apartmani/studio-za-2-osobe-2-0" "Mozilla/5.0 (Windows NT 10.0; Win64; x64) AppleWebKit/537.36 (KHTML, like Gecko) Chrome/75.0.3770.100 Safari/537.36"
89.142.150.141 - - [14/Jul/2019:12:03:46 +0000] "GET /images/apartments/studio2/studio2-1.jpg HTTP/1.1" 200 140206 "https://www.apartmanisostaric.com/apartmani/studio-za-2-osobe-2-0" "Mozilla/5.0 (Windows NT 10.0; Win64; x64) AppleWebKit/537.36 (KHTML, like Gecko) Chrome/75.0.3770.100 Safari/537.36"
89.142.150.141 - - [14/Jul/2019:12:03:46 +0000] "GET /images/apartments/studio2/studio2-4.jpg HTTP/1.1" 200 171332 "https://www.apartmanisostaric.com/apartmani/studio-za-2-osobe-2-0" "Mozilla/5.0 (Windows NT 10.0; Win64; x64) AppleWebKit/537.36 (KHTML, like Gecko) Chrome/75.0.3770.100 Safari/537.36"
89.142.150.141 - - [14/Jul/2019:12:03:46 +0000] "GET /images/apartments/studio2/studio2-3.jpg HTTP/1.1" 200 156545 "https://www.apartmanisostaric.com/apartmani/studio-za-2-osobe-2-0" "Mozilla/5.0 (Windows NT 10.0; Win64; x64) AppleWebKit/537.36 (KHTML, like Gecko) Chrome/75.0.3770.100 Safari/537.36"
89.142.150.141 - - [14/Jul/2019:12:03:46 +0000] "GET /images/apartments/studio2/studio2-2.jpg HTTP/1.1" 200 179060 "https://www.apartmanisostaric.com/apartmani/studio-za-2-osobe-2-0" "Mozilla/5.0 (Windows NT 10.0; Win64; x64) AppleWebKit/537.36 (KHTML, like Gecko) Chrome/75.0.3770.100 Safari/537.36"
89.142.150.141 - - [14/Jul/2019:12:03:46 +0000] "GET /images/pogled.jpg HTTP/1.1" 200 296542 "https://www.apartmanisostaric.com/apartmani/studio-za-2-osobe-2-0" "Mozilla/5.0 (Windows NT 10.0; Win64; x64) AppleWebKit/537.36 (KHTML, like Gecko) Chrome/75.0.3770.100 Safari/537.36"
89.142.150.141 - - [14/Jul/2019:12:03:46 +0000] "GET /images/header.jpg HTTP/1.1" 200 112043 "https://www.apartmanisostaric.com/css/styles.css?v=9" "Mozilla/5.0 (Windows NT 10.0; Win64; x64) AppleWebKit/537.36 (KHTML, like Gecko) Chrome/75.0.3770.100 Safari/537.36"
89.142.150.141 - - [14/Jul/2019:12:03:46 +0000] "GET /images/pogled2.jpg HTTP/1.1" 200 314408 "https://www.apartmanisostaric.com/apartmani/studio-za-2-osobe-2-0" "Mozilla/5.0 (Windows NT 10.0; Win64; x64) AppleWebKit/537.36 (KHTML, like Gecko) Chrome/75.0.3770.100 Safari/537.36"
89.142.150.141 - - [14/Jul/2019:12:03:46 +0000] "GET /unitegallery/skins/default/slider_arrow_right.png HTTP/1.1" 200 493 "https://www.apartmanisostaric.com/unitegallery/css/unite-gallery.css" "Mozilla/5.0 (Windows NT 10.0; Win64; x64) AppleWebKit/537.36 (KHTML, like Gecko) Chrome/75.0.3770.100 Safari/537.36"
89.142.150.141 - - [14/Jul/2019:12:03:46 +0000] "GET /unitegallery/skins/default/slider_arrow_left.png HTTP/1.1" 200 470 "https://www.apartmanisostaric.com/unitegallery/css/unite-gallery.css" "Mozilla/5.0 (Windows NT 10.0; Win64; x64) AppleWebKit/537.36 (KHTML, like Gecko) Chrome/75.0.3770.100 Safari/537.36"
89.142.150.141 - - [14/Jul/2019:12:03:46 +0000] "GET /unitegallery/images/loader-white1.gif HTTP/1.1" 200 2545 "https://www.apartmanisostaric.com/unitegallery/css/unite-gallery.css" "Mozilla/5.0 (Windows NT 10.0; Win64; x64) AppleWebKit/537.36 (KHTML, like Gecko) Chrome/75.0.3770.100 Safari/537.36"
89.142.150.141 - - [14/Jul/2019:12:03:46 +0000] "GET /unitegallery/skins/default/grid_handle_black_top.png HTTP/1.1" 200 942 "https://www.apartmanisostaric.com/unitegallery/css/unite-gallery.css" "Mozilla/5.0 (Windows NT 10.0; Win64; x64) AppleWebKit/537.36 (KHTML, like Gecko) Chrome/75.0.3770.100 Safari/537.36"
89.142.150.141 - - [14/Jul/2019:12:03:46 +0000] "GET /unitegallery/skins/default/button_fullscreen.png HTTP/1.1" 200 1050 "https://www.apartmanisostaric.com/unitegallery/css/unite-gallery.css" "Mozilla/5.0 (Windows NT 10.0; Win64; x64) AppleWebKit/537.36 (KHTML, like Gecko) Chrome/75.0.3770.100 Safari/537.36"
89.142.150.141 - - [14/Jul/2019:12:03:46 +0000] "GET /unitegallery/images/loader.gif HTTP/1.1" 200 673 "https://www.apartmanisostaric.com/unitegallery/css/unite-gallery.css" "Mozilla/5.0 (Windows NT 10.0; Win64; x64) AppleWebKit/537.36 (KHTML, like Gecko) Chrome/75.0.3770.100 Safari/537.36"
89.142.150.141 - - [14/Jul/2019:12:03:46 +0000] "GET /unitegallery/images/play-button-square.png HTTP/1.1" 200 4591 "https://www.apartmanisostaric.com/unitegallery/css/unite-gallery.css" "Mozilla/5.0 (Windows NT 10.0; Win64; x64) AppleWebKit/537.36 (KHTML, like Gecko) Chrome/75.0.3770.100 Safari/537.36"
89.142.150.141 - - [14/Jul/2019:12:03:46 +0000] "GET /unitegallery/images/loader-black1.gif HTTP/1.1" 200 5855 "https://www.apartmanisostaric.com/unitegallery/css/unite-gallery.css" "Mozilla/5.0 (Windows NT 10.0; Win64; x64) AppleWebKit/537.36 (KHTML, like Gecko) Chrome/75.0.3770.100 Safari/537.36"
89.142.150.141 - - [14/Jul/2019:12:03:46 +0000] "GET /unitegallery/images/cover-grid.png HTTP/1.1" 200 933 "https://www.apartmanisostaric.com/unitegallery/css/unite-gallery.css" "Mozilla/5.0 (Windows NT 10.0; Win64; x64) AppleWebKit/537.36 (KHTML, like Gecko) Chrome/75.0.3770.100 Safari/537.36"
89.142.150.141 - - [14/Jul/2019:12:03:46 +0000] "GET /unitegallery/images/not_loaded.png HTTP/1.1" 200 858 "https://www.apartmanisostaric.com/unitegallery/css/unite-gallery.css" "Mozilla/5.0 (Windows NT 10.0; Win64; x64) AppleWebKit/537.36 (KHTML, like Gecko) Chrome/75.0.3770.100 Safari/537.36"
89.142.150.141 - - [14/Jul/2019:12:03:46 +0000] "GET /unitegallery/images/button-close.png HTTP/1.1" 200 7155 "https://www.apartmanisostaric.com/unitegallery/css/unite-gallery.css" "Mozilla/5.0 (Windows NT 10.0; Win64; x64) AppleWebKit/537.36 (KHTML, like Gecko) Chrome/75.0.3770.100 Safari/537.36"
89.142.150.141 - - [14/Jul/2019:12:03:46 +0000] "GET /images/rostilj.jpg HTTP/1.1" 200 223554 "https://www.apartmanisostaric.com/apartmani/studio-za-2-osobe-2-0" "Mozilla/5.0 (Windows NT 10.0; Win64; x64) AppleWebKit/537.36 (KHTML, like Gecko) Chrome/75.0.3770.100 Safari/537.36"
89.142.150.141 - - [14/Jul/2019:12:03:46 +0000] "GET /images/stolni-tenis.jpg HTTP/1.1" 200 296229 "https://www.apartmanisostaric.com/apartmani/studio-za-2-osobe-2-0" "Mozilla/5.0 (Windows NT 10.0; Win64; x64) AppleWebKit/537.36 (KHTML, like Gecko) Chrome/75.0.3770.100 Safari/537.36"
89.142.150.141 - - [14/Jul/2019:12:03:46 +0000] "GET /images/peka.jpg HTTP/1.1" 200 248436 "https://www.apartmanisostaric.com/apartmani/studio-za-2-osobe-2-0" "Mozilla/5.0 (Windows NT 10.0; Win64; x64) AppleWebKit/537.36 (KHTML, like Gecko) Chrome/75.0.3770.100 Safari/537.36"
192.241.221.187 - - [14/Jul/2019:12:05:54 +0000] "GET /wp.gz HTTP/1.1" 301 247 "-" "Mozilla/5.0 (Windows NT 6.1; WOW64) AppleWebKit/537.36 (KHTML, like Gecko) Chrome/36.0.1985.143 Safari/537.36"
192.241.221.187 - - [14/Jul/2019:12:08:50 +0000] "GET /veggiedog.gz HTTP/1.1" 301 254 "-" "Mozilla/5.0 (Windows NT 6.1; WOW64) AppleWebKit/537.36 (KHTML, like Gecko) Chrome/36.0.1985.143 Safari/537.36"
185.86.164.104 - - [14/Jul/2019:12:08:58 +0000] "GET /wp-login.php HTTP/1.1" 301 254 "-" "Mozilla/5.0 (Windows NT 10.0; WOW64) AppleWebKit/537.36 (KHTML, like Gecko) Chrome/51.0.2704.103 Safari/537.36"
185.86.164.104 - - [14/Jul/2019:12:08:58 +0000] "GET /wp-login.php HTTP/1.1" 404 1104 "-" "Mozilla/5.0 (Windows NT 10.0; WOW64) AppleWebKit/537.36 (KHTML, like Gecko) Chrome/51.0.2704.103 Safari/537.36"
192.241.221.187 - - [14/Jul/2019:12:10:30 +0000] "GET /barscantbeatus.com.tar.gz HTTP/1.1" 301 267 "-" "Mozilla/5.0 (Windows NT 6.1; WOW64) AppleWebKit/537.36 (KHTML, like Gecko) Chrome/36.0.1985.143 Safari/537.36"
192.241.221.187 - - [14/Jul/2019:12:12:51 +0000] "GET /barntgreenfireworks.zip HTTP/1.1" 301 265 "-" "Mozilla/5.0 (Windows NT 6.1; WOW64) AppleWebKit/537.36 (KHTML, like Gecko) Chrome/36.0.1985.143 Safari/537.36"
207.46.13.26 - - [14/Jul/2019:12:17:53 +0000] "GET /assets/plugins/flag/flags/4x3/hr.svg HTTP/1.1" 200 80697 "-" "Mozilla/5.0 (compatible; bingbot/2.0; +http://www.bing.com/bingbot.htm)"
207.46.13.26 - - [14/Jul/2019:12:17:54 +0000] "GET /fonts/fontawesome-webfont.svg?v=4.7.0 HTTP/1.1" 200 444379 "-" "Mozilla/5.0 (compatible; bingbot/2.0; +http://www.bing.com/bingbot.htm)"
207.46.13.26 - - [14/Jul/2019:12:17:55 +0000] "GET /fonts/fontawesome-webfont.ttf?v=4.7.0 HTTP/1.1" 200 165548 "-" "Mozilla/5.0 (compatible; bingbot/2.0; +http://www.bing.com/bingbot.htm)"
207.46.13.26 - - [14/Jul/2019:12:17:57 +0000] "GET /fonts/ionicons.svg?v=2.0.0 HTTP/1.1" 200 333834 "-" "Mozilla/5.0 (compatible; bingbot/2.0; +http://www.bing.com/bingbot.htm)"
207.46.13.26 - - [14/Jul/2019:12:17:59 +0000] "GET /fonts/ionicons.ttf?v=2.0.0 HTTP/1.1" 200 188508 "-" "Mozilla/5.0 (compatible; bingbot/2.0; +http://www.bing.com/bingbot.htm)"
192.241.221.187 - - [14/Jul/2019:12:18:16 +0000] "GET /db.sql HTTP/1.1" 301 248 "-" "Mozilla/5.0 (Windows NT 6.1; WOW64) AppleWebKit/537.36 (KHTML, like Gecko) Chrome/36.0.1985.143 Safari/537.36"
216.244.66.200 - - [14/Jul/2019:12:22:52 +0000] "GET /robots.txt HTTP/1.1" 301 252 "-" "Mozilla/5.0 (compatible; DotBot/1.1; http://www.opensiteexplorer.org/dotbot, help@moz.com)"
216.244.66.200 - - [14/Jul/2019:12:22:53 +0000] "GET /robots.txt HTTP/1.1" 200 24 "-" "Mozilla/5.0 (compatible; DotBot/1.1; http://www.opensiteexplorer.org/dotbot, help@moz.com)"
192.241.221.187 - - [14/Jul/2019:12:23:02 +0000] "GET /mysql.sql HTTP/1.1" 301 251 "-" "Mozilla/5.0 (Windows NT 6.1; WOW64) AppleWebKit/537.36 (KHTML, like Gecko) Chrome/36.0.1985.143 Safari/537.36"
46.3.96.73 - - [14/Jul/2019:12:27:33 +0000] "POST /wp-login.php HTTP/1.1" 301 254 "http://apartmanisostaric.com/wp-login.php" "Mozilla/5.0 (Windows NT 5.2) AppleWebKit/533.94.47 (KHTML, like Gecko) Chrome/57.5.0680.5953 Safari/530.65 OPR/40.6.1403.7775"
192.241.221.187 - - [14/Jul/2019:12:36:39 +0000] "POST /wp-admin/admin-post.php?yp_remote_get=1 HTTP/1.1" 301 281 "-" "Mozilla/5.0 (Windows NT 6.1; WOW64) AppleWebKit/537.36 (KHTML, like Gecko) Chrome/36.0.1985.143 Safari/537.36"
192.241.221.187 - - [14/Jul/2019:12:41:53 +0000] "POST /wp-admin/admin-ajax.php HTTP/1.1" 301 265 "-" "Mozilla/5.0 (Windows NT 6.1; WOW64) AppleWebKit/537.36 (KHTML, like Gecko) Chrome/36.0.1985.143 Safari/537.36"
192.241.221.187 - - [14/Jul/2019:12:43:13 +0000] "POST /wp-admin/admin-ajax.php HTTP/1.1" 301 265 "-" "Mozilla/5.0 (Windows NT 6.1; WOW64) AppleWebKit/537.36 (KHTML, like Gecko) Chrome/36.0.1985.143 Safari/537.36"
216.244.66.200 - - [14/Jul/2019:12:46:31 +0000] "GET /wp-content/uploads/IMG_7550-1.jpg HTTP/1.1" 404 1104 "-" "Mozilla/5.0 (compatible; DotBot/1.1; http://www.opensiteexplorer.org/dotbot, help@moz.com)"
192.241.221.187 - - [14/Jul/2019:12:47:45 +0000] "POST /wp-admin/admin-post.php HTTP/1.1" 301 265 "-" "Mozilla/5.0 (Windows NT 6.1; WOW64) AppleWebKit/537.36 (KHTML, like Gecko) Chrome/36.0.1985.143 Safari/537.36"
79.164.122.148 - - [14/Jul/2019:12:58:12 +0000] "GET / HTTP/1.0" 301 242 "http://hitmuzik.ru/" "Mozilla/5.0 (Windows NT 6.1; Win64; x64) AppleWebKit/537.36 (KHTML, like Gecko) Chrome/66.0.3359.181 Safari/537.36"
79.164.122.148 - - [14/Jul/2019:12:58:12 +0000] "GET / HTTP/1.0" 200 35334 "https://www.apartmanisostaric.com/" "Mozilla/5.0 (Windows NT 6.1; Win64; x64) AppleWebKit/537.36 (KHTML, like Gecko) Chrome/66.0.3359.181 Safari/537.36"
216.244.66.200 - - [14/Jul/2019:13:14:49 +0000] "GET /robots.txt HTTP/1.1" 301 252 "-" "Mozilla/5.0 (compatible; DotBot/1.1; http://www.opensiteexplorer.org/dotbot, help@moz.com)"
216.244.66.200 - - [14/Jul/2019:13:14:50 +0000] "GET /robots.txt HTTP/1.1" 200 24 "-" "Mozilla/5.0 (compatible; DotBot/1.1; http://www.opensiteexplorer.org/dotbot, help@moz.com)"
46.229.168.149 - - [14/Jul/2019:13:18:35 +0000] "GET /robots.txt HTTP/1.1" 200 24 "-" "Mozilla/5.0 (compatible; SemrushBot/3~bl; +http://www.semrush.com/bot.html)"
46.229.168.142 - - [14/Jul/2019:13:18:36 +0000] "GET /hr/izleti/+385915793291 HTTP/1.1" 404 1104 "-" "Mozilla/5.0 (compatible; SemrushBot/3~bl; +http://www.semrush.com/bot.html)"
192.241.221.187 - - [14/Jul/2019:13:19:34 +0000] "POST /wp-admin/admin-ajax.php?yp_remote_get=test HTTP/1.1" 301 284 "-" "Mozilla/5.0 (Windows NT 6.1; WOW64) AppleWebKit/537.36 (KHTML, like Gecko) Chrome/36.0.1985.143 Safari/537.36"
192.241.221.187 - - [14/Jul/2019:13:24:39 +0000] "POST /wp-admin/admin-ajax.php?action=save&updated=true HTTP/1.1" 301 294 "-" "Mozilla/5.0 (Windows NT 6.1; WOW64) AppleWebKit/537.36 (KHTML, like Gecko) Chrome/36.0.1985.143 Safari/537.36"
216.244.66.200 - - [14/Jul/2019:13:29:17 +0000] "GET /de/ausfluge/nationalpark-plitvicer-seen HTTP/1.1" 200 22041 "-" "Mozilla/5.0 (compatible; DotBot/1.1; http://www.opensiteexplorer.org/dotbot, help@moz.com)"
216.244.66.200 - - [14/Jul/2019:13:30:35 +0000] "GET /it/appartamenti/studio-per-3-persone-2-1 HTTP/1.1" 200 24442 "-" "Mozilla/5.0 (compatible; DotBot/1.1; http://www.opensiteexplorer.org/dotbot, help@moz.com)"
46.229.168.146 - - [14/Jul/2019:13:31:51 +0000] "GET /en/tours/national-park-paklenica HTTP/1.1" 200 4711 "-" "Mozilla/5.0 (compatible; SemrushBot/3~bl; +http://www.semrush.com/bot.html)"
192.241.221.187 - - [14/Jul/2019:13:35:41 +0000] "POST /wp-admin/admin-ajax.php?Action=EWD_UFAQ_UpdateOptions HTTP/1.1" 301 295 "-" "Mozilla/5.0 (Windows NT 6.1; WOW64) AppleWebKit/537.36 (KHTML, like Gecko) Chrome/36.0.1985.143 Safari/537.36"
69.12.72.162 - - [14/Jul/2019:13:41:05 +0000] "GET /wp-content/plugins/ubh/up.php HTTP/1.1" 404 1104 "https://www.apartmanisostaric.com/wp-content/plugins/ubh/up.php" "Mozilla/5.0 (Windows NT 6.1; WOW64) AppleWebKit/537.36 (KHTML, like Gecko) Chrome/42.0.2311.152 Safari/537.36"
54.36.149.85 - - [14/Jul/2019:13:51:13 +0000] "GET / HTTP/1.1" 200 6579 "-" "Mozilla/5.0 (compatible; AhrefsBot/6.1; +http://ahrefs.com/robot/)"
192.241.221.187 - - [14/Jul/2019:13:54:33 +0000] "POST /wp-admin/admin-post.php?Action=EWD_UFAQ_UpdateOptions HTTP/1.1" 301 295 "-" "Mozilla/5.0 (Windows NT 6.1; WOW64) AppleWebKit/537.36 (KHTML, like Gecko) Chrome/36.0.1985.143 Safari/537.36"
192.241.221.187 - - [14/Jul/2019:14:04:24 +0000] "POST /wp-admin/admin-post.php?Action=EWD_UFAQ_UpdateOptions HTTP/1.1" 301 295 "-" "Mozilla/5.0 (Windows NT 6.1; WOW64) AppleWebKit/537.36 (KHTML, like Gecko) Chrome/36.0.1985.143 Safari/537.36"
216.244.66.200 - - [14/Jul/2019:14:07:31 +0000] "GET /robots.txt HTTP/1.1" 301 252 "-" "Mozilla/5.0 (compatible; DotBot/1.1; http://www.opensiteexplorer.org/dotbot, help@moz.com)"
216.244.66.200 - - [14/Jul/2019:14:07:32 +0000] "GET /robots.txt HTTP/1.1" 200 24 "-" "Mozilla/5.0 (compatible; DotBot/1.1; http://www.opensiteexplorer.org/dotbot, help@moz.com)"
192.241.221.187 - - [14/Jul/2019:14:10:35 +0000] "POST /wp-admin/admin-post.php HTTP/1.1" 301 265 "-" "Mozilla/5.0 (Windows NT 6.1; WOW64) AppleWebKit/537.36 (KHTML, like Gecko) Chrome/36.0.1985.143 Safari/537.36"
192.241.221.187 - - [14/Jul/2019:14:14:17 +0000] "POST /wp-admin/admin-ajax.php?Action=EWD_UFAQ_UpdateOptions HTTP/1.1" 301 295 "-" "Mozilla/5.0 (Windows NT 6.1; WOW64) AppleWebKit/537.36 (KHTML, like Gecko) Chrome/36.0.1985.143 Safari/537.36"
192.241.221.187 - - [14/Jul/2019:14:16:05 +0000] "POST /wp-admin/admin-post.php HTTP/1.1" 301 265 "-" "Mozilla/5.0 (Windows NT 6.1; WOW64) AppleWebKit/537.36 (KHTML, like Gecko) Chrome/36.0.1985.143 Safari/537.36"
34.221.154.34 - - [14/Jul/2019:14:16:26 +0000] "GET / HTTP/1.1" 301 242 "-" "Go-http-client/1.1"
34.221.154.34 - - [14/Jul/2019:14:16:28 +0000] "GET / HTTP/1.1" 200 6579 "-" "Go-http-client/1.1"
216.244.66.200 - - [14/Jul/2019:14:21:16 +0000] "GET /de/ausfluge/+385915793291 HTTP/1.1" 404 1104 "-" "Mozilla/5.0 (compatible; DotBot/1.1; http://www.opensiteexplorer.org/dotbot, help@moz.com)"
192.241.221.187 - - [14/Jul/2019:14:27:09 +0000] "POST /wp-admin/admin-ajax.php?page=wpim_manage_settings HTTP/1.1" 301 291 "-" "Mozilla/5.0 (Windows NT 6.1; WOW64) AppleWebKit/537.36 (KHTML, like Gecko) Chrome/36.0.1985.143 Safari/537.36"
216.244.66.200 - - [14/Jul/2019:14:27:22 +0000] "GET /wp-content/uploads/APP1balkon-3.jpg HTTP/1.1" 404 1104 "-" "Mozilla/5.0 (compatible; DotBot/1.1; http://www.opensiteexplorer.org/dotbot, help@moz.com)"
216.244.66.200 - - [14/Jul/2019:14:27:25 +0000] "GET /wp-content/uploads/IMG_7173.jpg HTTP/1.1" 404 1104 "-" "Mozilla/5.0 (compatible; DotBot/1.1; http://www.opensiteexplorer.org/dotbot, help@moz.com)"
192.241.221.187 - - [14/Jul/2019:14:30:17 +0000] "POST /wp-admin/admin-ajax.php HTTP/1.1" 301 265 "-" "Mozilla/5.0 (Windows NT 6.1; WOW64) AppleWebKit/537.36 (KHTML, like Gecko) Chrome/36.0.1985.143 Safari/537.36"
192.241.221.187 - - [14/Jul/2019:14:35:09 +0000] "POST /wp-admin/admin-ajax.php?Action=EWD_UFAQ_UpdateOptions HTTP/1.1" 301 295 "-" "Mozilla/5.0 (Windows NT 6.1; WOW64) AppleWebKit/537.36 (KHTML, like Gecko) Chrome/36.0.1985.143 Safari/537.36"
192.241.221.187 - - [14/Jul/2019:14:36:50 +0000] "POST /wp-admin/admin-post.php?action=save&updated=true HTTP/1.1" 301 294 "-" "Mozilla/5.0 (Windows NT 6.1; WOW64) AppleWebKit/537.36 (KHTML, like Gecko) Chrome/36.0.1985.143 Safari/537.36"
192.241.221.187 - - [14/Jul/2019:14:41:26 +0000] "POST /wp-admin/admin-post.php HTTP/1.1" 301 265 "-" "Mozilla/5.0 (Windows NT 6.1; WOW64) AppleWebKit/537.36 (KHTML, like Gecko) Chrome/36.0.1985.143 Safari/537.36"
176.9.117.99 - - [14/Jul/2019:14:55:38 +0000] "GET / HTTP/1.1" 301 242 "-" "Mozilla/5.0 (compatible; MegaIndex.ru/2.0; +http://megaindex.com/crawler)"
176.9.117.99 - - [14/Jul/2019:14:55:40 +0000] "GET / HTTP/1.1" 200 6580 "-" "Mozilla/5.0 (compatible; MegaIndex.ru/2.0; +http://megaindex.com/crawler)"
176.9.117.99 - - [14/Jul/2019:14:55:41 +0000] "GET /robots.txt HTTP/1.1" 200 24 "-" "Mozilla/5.0 (compatible; MegaIndex.ru/2.0; +http://megaindex.com/crawler)"
176.9.117.99 - - [14/Jul/2019:14:55:42 +0000] "GET /de HTTP/1.1" 200 6638 "-" "Mozilla/5.0 (compatible; MegaIndex.ru/2.0; +http://megaindex.com/crawler)"
176.9.117.99 - - [14/Jul/2019:14:55:43 +0000] "GET /en HTTP/1.1" 200 6497 "-" "Mozilla/5.0 (compatible; MegaIndex.ru/2.0; +http://megaindex.com/crawler)"
176.9.117.99 - - [14/Jul/2019:14:55:44 +0000] "GET /it HTTP/1.1" 200 6632 "-" "Mozilla/5.0 (compatible; MegaIndex.ru/2.0; +http://megaindex.com/crawler)"
176.9.117.99 - - [14/Jul/2019:14:55:46 +0000] "GET /o-nama HTTP/1.1" 200 4197 "-" "Mozilla/5.0 (compatible; MegaIndex.ru/2.0; +http://megaindex.com/crawler)"
176.9.117.99 - - [14/Jul/2019:14:55:47 +0000] "GET /apartmani/studio-za-2-osobe-2-0 HTTP/1.1" 200 5338 "-" "Mozilla/5.0 (compatible; MegaIndex.ru/2.0; +http://megaindex.com/crawler)"
176.9.117.99 - - [14/Jul/2019:14:55:48 +0000] "GET /apartmani/studio-za-3-osobe-2-1 HTTP/1.1" 200 5376 "-" "Mozilla/5.0 (compatible; MegaIndex.ru/2.0; +http://megaindex.com/crawler)"
176.9.117.99 - - [14/Jul/2019:14:55:49 +0000] "GET /apartmani/apartman-za-4-osobe-A2-2 HTTP/1.1" 200 5458 "-" "Mozilla/5.0 (compatible; MegaIndex.ru/2.0; +http://megaindex.com/crawler)"
176.9.117.99 - - [14/Jul/2019:14:55:50 +0000] "GET /apartmani/apartman-za-4-osobe-B2-2 HTTP/1.1" 200 5476 "-" "Mozilla/5.0 (compatible; MegaIndex.ru/2.0; +http://megaindex.com/crawler)"
176.9.117.99 - - [14/Jul/2019:14:55:51 +0000] "GET /dugi-otok HTTP/1.1" 200 4653 "-" "Mozilla/5.0 (compatible; MegaIndex.ru/2.0; +http://megaindex.com/crawler)"
176.9.117.99 - - [14/Jul/2019:14:55:53 +0000] "GET /izleti/park-prirode-telascica HTTP/1.1" 200 5036 "-" "Mozilla/5.0 (compatible; MegaIndex.ru/2.0; +http://megaindex.com/crawler)"
176.9.117.99 - - [14/Jul/2019:14:55:54 +0000] "GET /izleti/nacionalni-park-kornati HTTP/1.1" 200 4720 "-" "Mozilla/5.0 (compatible; MegaIndex.ru/2.0; +http://megaindex.com/crawler)"
176.9.117.99 - - [14/Jul/2019:14:55:55 +0000] "GET /izleti/brbiscica-sakarun-velirat HTTP/1.1" 200 4732 "-" "Mozilla/5.0 (compatible; MegaIndex.ru/2.0; +http://megaindex.com/crawler)"
176.9.117.99 - - [14/Jul/2019:14:55:56 +0000] "GET /izleti/nacionalni-park-plitvicka-jezera HTTP/1.1" 200 4816 "-" "Mozilla/5.0 (compatible; MegaIndex.ru/2.0; +http://megaindex.com/crawler)"
176.9.117.99 - - [14/Jul/2019:14:55:58 +0000] "GET /izleti/nacionali-park-krka HTTP/1.1" 200 4887 "-" "Mozilla/5.0 (compatible; MegaIndex.ru/2.0; +http://megaindex.com/crawler)"
176.9.117.99 - - [14/Jul/2019:14:55:59 +0000] "GET /izleti/nacionalni-park-paklenica HTTP/1.1" 200 4805 "-" "Mozilla/5.0 (compatible; MegaIndex.ru/2.0; +http://megaindex.com/crawler)"
176.9.117.99 - - [14/Jul/2019:14:56:00 +0000] "GET /izleti/opg-jagic HTTP/1.1" 200 4944 "-" "Mozilla/5.0 (compatible; MegaIndex.ru/2.0; +http://megaindex.com/crawler)"
176.9.117.99 - - [14/Jul/2019:14:56:02 +0000] "GET /izleti/izletiste-krsovica HTTP/1.1" 200 4917 "-" "Mozilla/5.0 (compatible; MegaIndex.ru/2.0; +http://megaindex.com/crawler)"
176.9.117.99 - - [14/Jul/2019:14:56:03 +0000] "GET /kontakt HTTP/1.1" 200 5313 "-" "Mozilla/5.0 (compatible; MegaIndex.ru/2.0; +http://megaindex.com/crawler)"
176.9.117.99 - - [14/Jul/2019:14:56:04 +0000] "GET /+38523377050 HTTP/1.1" 404 1104 "-" "Mozilla/5.0 (compatible; MegaIndex.ru/2.0; +http://megaindex.com/crawler)"
176.9.117.99 - - [14/Jul/2019:14:56:06 +0000] "GET /+385915793291 HTTP/1.0" 404 1104 "-" "Mozilla/5.0 (compatible; MegaIndex.ru/2.0; +http://megaindex.com/crawler)"
176.9.117.99 - - [14/Jul/2019:14:56:07 +0000] "GET /pravila-privatnosti HTTP/1.1" 200 6549 "-" "Mozilla/5.0 (compatible; MegaIndex.ru/2.0; +http://megaindex.com/crawler)"
176.9.117.99 - - [14/Jul/2019:14:56:08 +0000] "GET /hr HTTP/1.1" 200 6584 "-" "Mozilla/5.0 (compatible; MegaIndex.ru/2.0; +http://megaindex.com/crawler)"
176.9.117.99 - - [14/Jul/2019:14:56:09 +0000] "GET /de/uber-uns HTTP/1.1" 200 4297 "-" "Mozilla/5.0 (compatible; MegaIndex.ru/2.0; +http://megaindex.com/crawler)"
176.9.117.99 - - [14/Jul/2019:14:56:09 +0000] "GET /de/appartements/studio-fur-2-personen-2-0 HTTP/1.1" 200 5457 "-" "Mozilla/5.0 (compatible; MegaIndex.ru/2.0; +http://megaindex.com/crawler)"
176.9.117.99 - - [14/Jul/2019:14:56:10 +0000] "GET /de/appartements/studio-fur-3-personen-2-1 HTTP/1.1" 200 5479 "-" "Mozilla/5.0 (compatible; MegaIndex.ru/2.0; +http://megaindex.com/crawler)"
176.9.117.99 - - [14/Jul/2019:14:56:11 +0000] "GET /de/appartements/appartement-fur-4-personen-A2-2 HTTP/1.1" 200 5605 "-" "Mozilla/5.0 (compatible; MegaIndex.ru/2.0; +http://megaindex.com/crawler)"
176.9.117.99 - - [14/Jul/2019:14:56:12 +0000] "GET /de/appartements/appartement-fur-4-personen-B2-2 HTTP/1.1" 200 5626 "-" "Mozilla/5.0 (compatible; MegaIndex.ru/2.0; +http://megaindex.com/crawler)"
176.9.117.99 - - [14/Jul/2019:14:56:13 +0000] "GET /de/dugi-otok HTTP/1.1" 200 4828 "-" "Mozilla/5.0 (compatible; MegaIndex.ru/2.0; +http://megaindex.com/crawler)"
176.9.117.99 - - [14/Jul/2019:14:56:14 +0000] "GET /de/ausfluge/naturpark-telascica HTTP/1.1" 200 5157 "-" "Mozilla/5.0 (compatible; MegaIndex.ru/2.0; +http://megaindex.com/crawler)"
176.9.117.99 - - [14/Jul/2019:14:56:16 +0000] "GET /de/ausfluge/nationalpark-kornati HTTP/1.1" 200 4822 "-" "Mozilla/5.0 (compatible; MegaIndex.ru/2.0; +http://megaindex.com/crawler)"
176.9.117.99 - - [14/Jul/2019:14:56:17 +0000] "GET /de/ausfluge/brbiscica-sakarun-velirat HTTP/1.1" 200 4834 "-" "Mozilla/5.0 (compatible; MegaIndex.ru/2.0; +http://megaindex.com/crawler)"
176.9.117.99 - - [14/Jul/2019:14:56:18 +0000] "GET /de/ausfluge/nationalpark-plitvicer-seen HTTP/1.1" 200 4907 "-" "Mozilla/5.0 (compatible; MegaIndex.ru/2.0; +http://megaindex.com/crawler)"
176.9.117.99 - - [14/Jul/2019:14:56:19 +0000] "GET /de/ausfluge/nationalpark-krka HTTP/1.1" 200 5003 "-" "Mozilla/5.0 (compatible; MegaIndex.ru/2.0; +http://megaindex.com/crawler)"
176.9.117.99 - - [14/Jul/2019:14:56:21 +0000] "GET /de/ausfluge/nationalpark-paklenica HTTP/1.1" 200 4882 "-" "Mozilla/5.0 (compatible; MegaIndex.ru/2.0; +http://megaindex.com/crawler)"
185.18.61.202 - - [14/Jul/2019:14:56:22 +0000] "GET / HTTP/1.1" 200 6583 "https://www.google.com/" "Mozilla/5.0 (Linux; Android 9; SAMSUNG SM-A750FN Build/PPR1.180610.011) AppleWebKit/537.36 (KHTML, like Gecko) SamsungBrowser/9.2 Chrome/67.0.3396.87 Mobile Safari/537.36"
176.9.117.99 - - [14/Jul/2019:14:56:22 +0000] "GET /de/ausfluge/opg-jagic HTTP/1.1" 200 5075 "-" "Mozilla/5.0 (compatible; MegaIndex.ru/2.0; +http://megaindex.com/crawler)"
185.18.61.202 - - [14/Jul/2019:14:56:23 +0000] "GET /css/font-awesome.min.css HTTP/1.1" 200 6965 "https://www.apartmanisostaric.com/" "Mozilla/5.0 (Linux; Android 9; SAMSUNG SM-A750FN Build/PPR1.180610.011) AppleWebKit/537.36 (KHTML, like Gecko) SamsungBrowser/9.2 Chrome/67.0.3396.87 Mobile Safari/537.36"
185.18.61.202 - - [14/Jul/2019:14:56:23 +0000] "GET /css/ionicons.min.css HTTP/1.1" 200 8406 "https://www.apartmanisostaric.com/" "Mozilla/5.0 (Linux; Android 9; SAMSUNG SM-A750FN Build/PPR1.180610.011) AppleWebKit/537.36 (KHTML, like Gecko) SamsungBrowser/9.2 Chrome/67.0.3396.87 Mobile Safari/537.36"
185.18.61.202 - - [14/Jul/2019:14:56:23 +0000] "GET /css/owl.carousel.min.css HTTP/1.1" 200 912 "https://www.apartmanisostaric.com/" "Mozilla/5.0 (Linux; Android 9; SAMSUNG SM-A750FN Build/PPR1.180610.011) AppleWebKit/537.36 (KHTML, like Gecko) SamsungBrowser/9.2 Chrome/67.0.3396.87 Mobile Safari/537.36"
185.18.61.202 - - [14/Jul/2019:14:56:23 +0000] "GET /css/bootstrap-select.min.css HTTP/1.1" 200 1411 "https://www.apartmanisostaric.com/" "Mozilla/5.0 (Linux; Android 9; SAMSUNG SM-A750FN Build/PPR1.180610.011) AppleWebKit/537.36 (KHTML, like Gecko) SamsungBrowser/9.2 Chrome/67.0.3396.87 Mobile Safari/537.36"
185.18.61.202 - - [14/Jul/2019:14:56:23 +0000] "GET /assets/css/cookieconsent.min.css HTTP/1.1" 200 1209 "https://www.apartmanisostaric.com/" "Mozilla/5.0 (Linux; Android 9; SAMSUNG SM-A750FN Build/PPR1.180610.011) AppleWebKit/537.36 (KHTML, like Gecko) SamsungBrowser/9.2 Chrome/67.0.3396.87 Mobile Safari/537.36"
