89.172.180.233 - - [14/Jul/2019:06:25:49 +0000] "GET /js/bootstrap-datepicker.min.js HTTP/1.1" 200 10065 "https://www.apartmanisostaric.com/?page_id=221" "Mozilla/5.0 (Linux; Android 8.0.0; BAH2-L09 Build/HUAWEIBAH2-L09) AppleWebKit/537.36 (KHTML, like Gecko) Chrome/68.0.3440.91 Safari/537.36"
89.172.180.233 - - [14/Jul/2019:06:25:49 +0000] "GET /css/styles.css?v=9 HTTP/1.1" 200 59061 "https://www.apartmanisostaric.com/?page_id=221" "Mozilla/5.0 (Linux; Android 8.0.0; BAH2-L09 Build/HUAWEIBAH2-L09) AppleWebKit/537.36 (KHTML, like Gecko) Chrome/68.0.3440.91 Safari/537.36"
89.172.180.233 - - [14/Jul/2019:06:25:49 +0000] "GET /assets/js/cookieconsent.min.js HTTP/1.1" 200 6849 "https://www.apartmanisostaric.com/?page_id=221" "Mozilla/5.0 (Linux; Android 8.0.0; BAH2-L09 Build/HUAWEIBAH2-L09) AppleWebKit/537.36 (KHTML, like Gecko) Chrome/68.0.3440.91 Safari/537.36"
89.172.180.233 - - [14/Jul/2019:06:25:49 +0000] "GET /fonts/fontawesome-webfont.woff2?v=4.7.0 HTTP/1.1" 200 77160 "https://www.apartmanisostaric.com/css/font-awesome.min.css" "Mozilla/5.0 (Linux; Android 8.0.0; BAH2-L09 Build/HUAWEIBAH2-L09) AppleWebKit/537.36 (KHTML, like Gecko) Chrome/68.0.3440.91 Safari/537.36"
89.172.180.233 - - [14/Jul/2019:06:25:49 +0000] "GET /js/sky.js?v=4 HTTP/1.1" 200 1383 "https://www.apartmanisostaric.com/?page_id=221" "Mozilla/5.0 (Linux; Android 8.0.0; BAH2-L09 Build/HUAWEIBAH2-L09) AppleWebKit/537.36 (KHTML, like Gecko) Chrome/68.0.3440.91 Safari/537.36"
89.172.180.233 - - [14/Jul/2019:06:25:49 +0000] "GET /images/icons/email.png HTTP/1.1" 200 447 "https://www.apartmanisostaric.com/?page_id=221" "Mozilla/5.0 (Linux; Android 8.0.0; BAH2-L09 Build/HUAWEIBAH2-L09) AppleWebKit/537.36 (KHTML, like Gecko) Chrome/68.0.3440.91 Safari/537.36"
89.172.180.233 - - [14/Jul/2019:06:25:49 +0000] "GET /images/icons/date-icon.png HTTP/1.1" 200 503 "https://www.apartmanisostaric.com/?page_id=221" "Mozilla/5.0 (Linux; Android 8.0.0; BAH2-L09 Build/HUAWEIBAH2-L09) AppleWebKit/537.36 (KHTML, like Gecko) Chrome/68.0.3440.91 Safari/537.36"
89.172.180.233 - - [14/Jul/2019:06:25:49 +0000] "GET /images/about-3.jpg HTTP/1.1" 200 46335 "https://www.apartmanisostaric.com/?page_id=221" "Mozilla/5.0 (Linux; Android 8.0.0; BAH2-L09 Build/HUAWEIBAH2-L09) AppleWebKit/537.36 (KHTML, like Gecko) Chrome/68.0.3440.91 Safari/537.36"
89.172.180.233 - - [14/Jul/2019:06:25:49 +0000] "GET /images/slider2.jpg HTTP/1.1" 200 250482 "https://www.apartmanisostaric.com/?page_id=221" "Mozilla/5.0 (Linux; Android 8.0.0; BAH2-L09 Build/HUAWEIBAH2-L09) AppleWebKit/537.36 (KHTML, like Gecko) Chrome/68.0.3440.91 Safari/537.36"
89.172.180.233 - - [14/Jul/2019:06:25:49 +0000] "GET /images/slider3.jpg HTTP/1.1" 200 191432 "https://www.apartmanisostaric.com/?page_id=221" "Mozilla/5.0 (Linux; Android 8.0.0; BAH2-L09 Build/HUAWEIBAH2-L09) AppleWebKit/537.36 (KHTML, like Gecko) Chrome/68.0.3440.91 Safari/537.36"
89.172.180.233 - - [14/Jul/2019:06:25:49 +0000] "GET /images/about-2.jpg HTTP/1.1" 200 23855 "https://www.apartmanisostaric.com/?page_id=221" "Mozilla/5.0 (Linux; Android 8.0.0; BAH2-L09 Build/HUAWEIBAH2-L09) AppleWebKit/537.36 (KHTML, like Gecko) Chrome/68.0.3440.91 Safari/537.36"
89.172.180.233 - - [14/Jul/2019:06:25:49 +0000] "GET /images/about-1.jpg HTTP/1.1" 200 22685 "https://www.apartmanisostaric.com/?page_id=221" "Mozilla/5.0 (Linux; Android 8.0.0; BAH2-L09 Build/HUAWEIBAH2-L09) AppleWebKit/537.36 (KHTML, like Gecko) Chrome/68.0.3440.91 Safari/537.36"
89.172.180.233 - - [14/Jul/2019:06:25:49 +0000] "GET /images/slider1.jpg HTTP/1.1" 200 306224 "https://www.apartmanisostaric.com/?page_id=221" "Mozilla/5.0 (Linux; Android 8.0.0; BAH2-L09 Build/HUAWEIBAH2-L09) AppleWebKit/537.36 (KHTML, like Gecko) Chrome/68.0.3440.91 Safari/537.36"
89.172.180.233 - - [14/Jul/2019:06:25:49 +0000] "GET /images/icons/sea.png HTTP/1.1" 200 797 "https://www.apartmanisostaric.com/?page_id=221" "Mozilla/5.0 (Linux; Android 8.0.0; BAH2-L09 Build/HUAWEIBAH2-L09) AppleWebKit/537.36 (KHTML, like Gecko) Chrome/68.0.3440.91 Safari/537.36"
89.172.180.233 - - [14/Jul/2019:06:25:49 +0000] "GET /images/icons/sunset.png HTTP/1.1" 200 899 "https://www.apartmanisostaric.com/?page_id=221" "Mozilla/5.0 (Linux; Android 8.0.0; BAH2-L09 Build/HUAWEIBAH2-L09) AppleWebKit/537.36 (KHTML, like Gecko) Chrome/68.0.3440.91 Safari/537.36"
89.172.180.233 - - [14/Jul/2019:06:25:49 +0000] "GET /images/icons/parking.png HTTP/1.1" 200 540 "https://www.apartmanisostaric.com/?page_id=221" "Mozilla/5.0 (Linux; Android 8.0.0; BAH2-L09 Build/HUAWEIBAH2-L09) AppleWebKit/537.36 (KHTML, like Gecko) Chrome/68.0.3440.91 Safari/537.36"
89.172.180.233 - - [14/Jul/2019:06:25:49 +0000] "GET /images/icons/wifi.png HTTP/1.1" 200 1126 "https://www.apartmanisostaric.com/?page_id=221" "Mozilla/5.0 (Linux; Android 8.0.0; BAH2-L09 Build/HUAWEIBAH2-L09) AppleWebKit/537.36 (KHTML, like Gecko) Chrome/68.0.3440.91 Safari/537.36"
89.172.180.233 - - [14/Jul/2019:06:25:49 +0000] "GET /fonts/ionicons.ttf?v=2.0.0 HTTP/1.1" 200 188508 "https://www.apartmanisostaric.com/css/ionicons.min.css" "Mozilla/5.0 (Linux; Android 8.0.0; BAH2-L09 Build/HUAWEIBAH2-L09) AppleWebKit/537.36 (KHTML, like Gecko) Chrome/68.0.3440.91 Safari/537.36"
89.172.180.233 - - [14/Jul/2019:06:25:49 +0000] "GET /images/icons/air-conditioner.png HTTP/1.1" 200 750 "https://www.apartmanisostaric.com/?page_id=221" "Mozilla/5.0 (Linux; Android 8.0.0; BAH2-L09 Build/HUAWEIBAH2-L09) AppleWebKit/537.36 (KHTML, like Gecko) Chrome/68.0.3440.91 Safari/537.36"
89.172.180.233 - - [14/Jul/2019:06:25:49 +0000] "GET /images/icons/television.png HTTP/1.1" 200 499 "https://www.apartmanisostaric.com/?page_id=221" "Mozilla/5.0 (Linux; Android 8.0.0; BAH2-L09 Build/HUAWEIBAH2-L09) AppleWebKit/537.36 (KHTML, like Gecko) Chrome/68.0.3440.91 Safari/537.36"
89.172.180.233 - - [14/Jul/2019:06:25:49 +0000] "GET /images/icons/bbq.png HTTP/1.1" 200 824 "https://www.apartmanisostaric.com/?page_id=221" "Mozilla/5.0 (Linux; Android 8.0.0; BAH2-L09 Build/HUAWEIBAH2-L09) AppleWebKit/537.36 (KHTML, like Gecko) Chrome/68.0.3440.91 Safari/537.36"
89.172.180.233 - - [14/Jul/2019:06:25:49 +0000] "GET /assets/plugins/flag/flags/4x3/hr.svg HTTP/1.1" 200 80697 "https://www.apartmanisostaric.com/assets/plugins/flag/css/flag-icon.css" "Mozilla/5.0 (Linux; Android 8.0.0; BAH2-L09 Build/HUAWEIBAH2-L09) AppleWebKit/537.36 (KHTML, like Gecko) Chrome/68.0.3440.91 Safari/537.36"
89.172.180.233 - - [14/Jul/2019:06:25:49 +0000] "GET /images/icons/table-tennis.png HTTP/1.1" 200 1102 "https://www.apartmanisostaric.com/?page_id=221" "Mozilla/5.0 (Linux; Android 8.0.0; BAH2-L09 Build/HUAWEIBAH2-L09) AppleWebKit/537.36 (KHTML, like Gecko) Chrome/68.0.3440.91 Safari/537.36"
89.172.180.233 - - [14/Jul/2019:06:25:49 +0000] "GET /images/studio-3-1.jpg HTTP/1.1" 200 31720 "https://www.apartmanisostaric.com/?page_id=221" "Mozilla/5.0 (Linux; Android 8.0.0; BAH2-L09 Build/HUAWEIBAH2-L09) AppleWebKit/537.36 (KHTML, like Gecko) Chrome/68.0.3440.91 Safari/537.36"
89.172.180.233 - - [14/Jul/2019:06:25:49 +0000] "GET /images/studio-2.jpg HTTP/1.1" 200 30181 "https://www.apartmanisostaric.com/?page_id=221" "Mozilla/5.0 (Linux; Android 8.0.0; BAH2-L09 Build/HUAWEIBAH2-L09) AppleWebKit/537.36 (KHTML, like Gecko) Chrome/68.0.3440.91 Safari/537.36"
89.172.180.233 - - [14/Jul/2019:06:25:49 +0000] "GET /images/apartman-a.jpg HTTP/1.1" 200 28618 "https://www.apartmanisostaric.com/?page_id=221" "Mozilla/5.0 (Linux; Android 8.0.0; BAH2-L09 Build/HUAWEIBAH2-L09) AppleWebKit/537.36 (KHTML, like Gecko) Chrome/68.0.3440.91 Safari/537.36"
89.172.180.233 - - [14/Jul/2019:06:25:49 +0000] "GET /images/apartman-b.jpg HTTP/1.1" 200 29741 "https://www.apartmanisostaric.com/?page_id=221" "Mozilla/5.0 (Linux; Android 8.0.0; BAH2-L09 Build/HUAWEIBAH2-L09) AppleWebKit/537.36 (KHTML, like Gecko) Chrome/68.0.3440.91 Safari/537.36"
89.172.180.233 - - [14/Jul/2019:06:25:49 +0000] "GET /uploads/thumbnails/1c53b192c98b7a0005c36b70cd3056c6.jpg HTTP/1.1" 200 37190 "https://www.apartmanisostaric.com/?page_id=221" "Mozilla/5.0 (Linux; Android 8.0.0; BAH2-L09 Build/HUAWEIBAH2-L09) AppleWebKit/537.36 (KHTML, like Gecko) Chrome/68.0.3440.91 Safari/537.36"
89.172.180.233 - - [14/Jul/2019:06:25:49 +0000] "GET /uploads/thumbnails/b3570d21ba58ee24f697076171b546aa.jpg HTTP/1.1" 200 49552 "https://www.apartmanisostaric.com/?page_id=221" "Mozilla/5.0 (Linux; Android 8.0.0; BAH2-L09 Build/HUAWEIBAH2-L09) AppleWebKit/537.36 (KHTML, like Gecko) Chrome/68.0.3440.91 Safari/537.36"
89.172.180.233 - - [14/Jul/2019:06:25:49 +0000] "GET /uploads/thumbnails/504896c8066fb78c7c4c6a721b19f0ce.jpg HTTP/1.1" 200 73515 "https://www.apartmanisostaric.com/?page_id=221" "Mozilla/5.0 (Linux; Android 8.0.0; BAH2-L09 Build/HUAWEIBAH2-L09) AppleWebKit/537.36 (KHTML, like Gecko) Chrome/68.0.3440.91 Safari/537.36"
89.172.180.233 - - [14/Jul/2019:06:25:49 +0000] "GET /uploads/thumbnails/e0188e76eefd685d644ed0524020812d.jpg HTTP/1.1" 200 92885 "https://www.apartmanisostaric.com/?page_id=221" "Mozilla/5.0 (Linux; Android 8.0.0; BAH2-L09 Build/HUAWEIBAH2-L09) AppleWebKit/537.36 (KHTML, like Gecko) Chrome/68.0.3440.91 Safari/537.36"
89.172.180.233 - - [14/Jul/2019:06:25:49 +0000] "GET /uploads/thumbnails/0857011b0210f96bda3b0b87dbaddefd.jpg HTTP/1.1" 200 73519 "https://www.apartmanisostaric.com/?page_id=221" "Mozilla/5.0 (Linux; Android 8.0.0; BAH2-L09 Build/HUAWEIBAH2-L09) AppleWebKit/537.36 (KHTML, like Gecko) Chrome/68.0.3440.91 Safari/537.36"
89.172.180.233 - - [14/Jul/2019:06:25:49 +0000] "GET /uploads/thumbnails/e95f1dee86051f5e9194508d107cae2b.jpg HTTP/1.1" 200 74902 "https://www.apartmanisostaric.com/?page_id=221" "Mozilla/5.0 (Linux; Android 8.0.0; BAH2-L09 Build/HUAWEIBAH2-L09) AppleWebKit/537.36 (KHTML, like Gecko) Chrome/68.0.3440.91 Safari/537.36"
89.172.180.233 - - [14/Jul/2019:06:25:50 +0000] "GET /images/icon-dugi-otok.png HTTP/1.1" 200 2337 "https://www.apartmanisostaric.com/?page_id=221" "Mozilla/5.0 (Linux; Android 8.0.0; BAH2-L09 Build/HUAWEIBAH2-L09) AppleWebKit/537.36 (KHTML, like Gecko) Chrome/68.0.3440.91 Safari/537.36"
89.172.180.233 - - [14/Jul/2019:06:25:50 +0000] "GET /uploads/thumbnails/f4ee3ba7cbec0f18262405324e966a53.jpg HTTP/1.1" 200 84893 "https://www.apartmanisostaric.com/?page_id=221" "Mozilla/5.0 (Linux; Android 8.0.0; BAH2-L09 Build/HUAWEIBAH2-L09) AppleWebKit/537.36 (KHTML, like Gecko) Chrome/68.0.3440.91 Safari/537.36"
89.172.180.233 - - [14/Jul/2019:06:25:50 +0000] "GET /uploads/thumbnails/2267ecca103a93df5ea31b28a70a64fb.jpg HTTP/1.1" 200 81115 "https://www.apartmanisostaric.com/?page_id=221" "Mozilla/5.0 (Linux; Android 8.0.0; BAH2-L09 Build/HUAWEIBAH2-L09) AppleWebKit/537.36 (KHTML, like Gecko) Chrome/68.0.3440.91 Safari/537.36"
89.172.180.233 - - [14/Jul/2019:06:25:50 +0000] "GET /images/icon-zadar-region.png HTTP/1.1" 200 1523 "https://www.apartmanisostaric.com/?page_id=221" "Mozilla/5.0 (Linux; Android 8.0.0; BAH2-L09 Build/HUAWEIBAH2-L09) AppleWebKit/537.36 (KHTML, like Gecko) Chrome/68.0.3440.91 Safari/537.36"
89.172.180.233 - - [14/Jul/2019:06:25:50 +0000] "GET /images/icon-croatia.png HTTP/1.1" 200 1664 "https://www.apartmanisostaric.com/?page_id=221" "Mozilla/5.0 (Linux; Android 8.0.0; BAH2-L09 Build/HUAWEIBAH2-L09) AppleWebKit/537.36 (KHTML, like Gecko) Chrome/68.0.3440.91 Safari/537.36"
89.172.180.233 - - [14/Jul/2019:06:25:50 +0000] "GET /images/jadrolinija-logo.jpg HTTP/1.1" 200 3577 "https://www.apartmanisostaric.com/?page_id=221" "Mozilla/5.0 (Linux; Android 8.0.0; BAH2-L09 Build/HUAWEIBAH2-L09) AppleWebKit/537.36 (KHTML, like Gecko) Chrome/68.0.3440.91 Safari/537.36"
89.172.180.233 - - [14/Jul/2019:06:25:50 +0000] "GET /images/zadar-airport.png HTTP/1.1" 200 2235 "https://www.apartmanisostaric.com/?page_id=221" "Mozilla/5.0 (Linux; Android 8.0.0; BAH2-L09 Build/HUAWEIBAH2-L09) AppleWebKit/537.36 (KHTML, like Gecko) Chrome/68.0.3440.91 Safari/537.36"
89.172.180.233 - - [14/Jul/2019:06:25:50 +0000] "GET /images/dhmz.png HTTP/1.1" 200 3537 "https://www.apartmanisostaric.com/?page_id=221" "Mozilla/5.0 (Linux; Android 8.0.0; BAH2-L09 Build/HUAWEIBAH2-L09) AppleWebKit/537.36 (KHTML, like Gecko) Chrome/68.0.3440.91 Safari/537.36"
89.172.180.233 - - [14/Jul/2019:06:25:50 +0000] "GET /images/Home-1/icon-our.png HTTP/1.1" 200 426 "https://www.apartmanisostaric.com/css/styles.css?v=9" "Mozilla/5.0 (Linux; Android 8.0.0; BAH2-L09 Build/HUAWEIBAH2-L09) AppleWebKit/537.36 (KHTML, like Gecko) Chrome/68.0.3440.91 Safari/537.36"
89.172.180.233 - - [14/Jul/2019:06:25:50 +0000] "GET /images/gvline.jpg HTTP/1.1" 200 4850 "https://www.apartmanisostaric.com/?page_id=221" "Mozilla/5.0 (Linux; Android 8.0.0; BAH2-L09 Build/HUAWEIBAH2-L09) AppleWebKit/537.36 (KHTML, like Gecko) Chrome/68.0.3440.91 Safari/537.36"
89.172.180.233 - - [14/Jul/2019:06:25:50 +0000] "GET /images/Home-1/icon-slider-r.png HTTP/1.1" 200 604 "https://www.apartmanisostaric.com/css/styles.css?v=9" "Mozilla/5.0 (Linux; Android 8.0.0; BAH2-L09 Build/HUAWEIBAH2-L09) AppleWebKit/537.36 (KHTML, like Gecko) Chrome/68.0.3440.91 Safari/537.36"
89.172.180.233 - - [14/Jul/2019:06:25:50 +0000] "GET /images/Home-1/icon-slider-l.png HTTP/1.1" 200 489 "https://www.apartmanisostaric.com/css/styles.css?v=9" "Mozilla/5.0 (Linux; Android 8.0.0; BAH2-L09 Build/HUAWEIBAH2-L09) AppleWebKit/537.36 (KHTML, like Gecko) Chrome/68.0.3440.91 Safari/537.36"
89.172.180.233 - - [14/Jul/2019:06:25:50 +0000] "GET /images/Home-3/icon.png HTTP/1.1" 200 471 "https://www.apartmanisostaric.com/css/styles.css?v=9" "Mozilla/5.0 (Linux; Android 8.0.0; BAH2-L09 Build/HUAWEIBAH2-L09) AppleWebKit/537.36 (KHTML, like Gecko) Chrome/68.0.3440.91 Safari/537.36"
89.172.180.233 - - [14/Jul/2019:06:25:50 +0000] "GET /images/Home-3/icon1.png HTTP/1.1" 200 2057 "https://www.apartmanisostaric.com/css/styles.css?v=9" "Mozilla/5.0 (Linux; Android 8.0.0; BAH2-L09 Build/HUAWEIBAH2-L09) AppleWebKit/537.36 (KHTML, like Gecko) Chrome/68.0.3440.91 Safari/537.36"
89.172.180.233 - - [14/Jul/2019:06:25:50 +0000] "GET /images/Home-1/even-l-icon.png HTTP/1.1" 200 238 "https://www.apartmanisostaric.com/css/styles.css?v=9" "Mozilla/5.0 (Linux; Android 8.0.0; BAH2-L09 Build/HUAWEIBAH2-L09) AppleWebKit/537.36 (KHTML, like Gecko) Chrome/68.0.3440.91 Safari/537.36"
89.172.180.233 - - [14/Jul/2019:06:25:50 +0000] "GET /images/Home-1/even-r-icon.png HTTP/1.1" 200 234 "https://www.apartmanisostaric.com/css/styles.css?v=9" "Mozilla/5.0 (Linux; Android 8.0.0; BAH2-L09 Build/HUAWEIBAH2-L09) AppleWebKit/537.36 (KHTML, like Gecko) Chrome/68.0.3440.91 Safari/537.36"
89.172.180.233 - - [14/Jul/2019:06:25:50 +0000] "GET /images/testimonials.jpg HTTP/1.1" 200 383473 "https://www.apartmanisostaric.com/css/styles.css?v=9" "Mozilla/5.0 (Linux; Android 8.0.0; BAH2-L09 Build/HUAWEIBAH2-L09) AppleWebKit/537.36 (KHTML, like Gecko) Chrome/68.0.3440.91 Safari/537.36"
89.172.180.233 - - [14/Jul/2019:06:25:50 +0000] "GET /apple-touch-icon.png HTTP/1.1" 200 8750 "https://www.apartmanisostaric.com/?page_id=221" "Mozilla/5.0 (Linux; Android 8.0.0; BAH2-L09 Build/HUAWEIBAH2-L09) AppleWebKit/537.36 (KHTML, like Gecko) Chrome/68.0.3440.91 Safari/537.36"
89.172.180.233 - - [14/Jul/2019:06:25:50 +0000] "GET /favicon-32x32.png HTTP/1.1" 200 1458 "https://www.apartmanisostaric.com/?page_id=221" "Mozilla/5.0 (Linux; Android 8.0.0; BAH2-L09 Build/HUAWEIBAH2-L09) AppleWebKit/537.36 (KHTML, like Gecko) Chrome/68.0.3440.91 Safari/537.36"
89.172.180.233 - - [14/Jul/2019:06:25:50 +0000] "GET /site.webmanifest HTTP/1.1" 200 291 "https://www.apartmanisostaric.com/?page_id=221" "Mozilla/5.0 (Linux; Android 8.0.0; BAH2-L09 Build/HUAWEIBAH2-L09) AppleWebKit/537.36 (KHTML, like Gecko) Chrome/68.0.3440.91 Safari/537.36"
192.241.221.187 - - [14/Jul/2019:06:25:59 +0000] "GET /veggiedog.gz HTTP/1.1" 301 254 "-" "Mozilla/5.0 (Windows NT 6.1; WOW64) AppleWebKit/537.36 (KHTML, like Gecko) Chrome/36.0.1985.143 Safari/537.36"
89.172.180.233 - - [14/Jul/2019:06:26:37 +0000] "GET /apartmani/studio-za-3-osobe-2-1 HTTP/1.1" 200 5376 "https://www.apartmanisostaric.com/?page_id=221" "Mozilla/5.0 (Linux; Android 8.0.0; BAH2-L09 Build/HUAWEIBAH2-L09) AppleWebKit/537.36 (KHTML, like Gecko) Chrome/68.0.3440.91 Safari/537.36"
89.172.180.233 - - [14/Jul/2019:06:26:37 +0000] "GET /unitegallery/css/unite-gallery.css HTTP/1.1" 200 4825 "https://www.apartmanisostaric.com/apartmani/studio-za-3-osobe-2-1" "Mozilla/5.0 (Linux; Android 8.0.0; BAH2-L09 Build/HUAWEIBAH2-L09) AppleWebKit/537.36 (KHTML, like Gecko) Chrome/68.0.3440.91 Safari/537.36"
89.172.180.233 - - [14/Jul/2019:06:26:37 +0000] "GET /unitegallery/themes/compact/ug-theme-compact.js HTTP/1.1" 200 2477 "https://www.apartmanisostaric.com/apartmani/studio-za-3-osobe-2-1" "Mozilla/5.0 (Linux; Android 8.0.0; BAH2-L09 Build/HUAWEIBAH2-L09) AppleWebKit/537.36 (KHTML, like Gecko) Chrome/68.0.3440.91 Safari/537.36"
89.172.180.233 - - [14/Jul/2019:06:26:37 +0000] "GET /unitegallery/js/jquery-11.0.min.js HTTP/1.1" 200 33369 "https://www.apartmanisostaric.com/apartmani/studio-za-3-osobe-2-1" "Mozilla/5.0 (Linux; Android 8.0.0; BAH2-L09 Build/HUAWEIBAH2-L09) AppleWebKit/537.36 (KHTML, like Gecko) Chrome/68.0.3440.91 Safari/537.36"
89.172.180.233 - - [14/Jul/2019:06:26:37 +0000] "GET /unitegallery/js/unitegallery.min.js HTTP/1.1" 200 66910 "https://www.apartmanisostaric.com/apartmani/studio-za-3-osobe-2-1" "Mozilla/5.0 (Linux; Android 8.0.0; BAH2-L09 Build/HUAWEIBAH2-L09) AppleWebKit/537.36 (KHTML, like Gecko) Chrome/68.0.3440.91 Safari/537.36"
89.172.180.233 - - [14/Jul/2019:06:26:37 +0000] "GET /images/apartments/studio3/studio3-1.jpg HTTP/1.1" 200 137962 "https://www.apartmanisostaric.com/apartmani/studio-za-3-osobe-2-1" "Mozilla/5.0 (Linux; Android 8.0.0; BAH2-L09 Build/HUAWEIBAH2-L09) AppleWebKit/537.36 (KHTML, like Gecko) Chrome/68.0.3440.91 Safari/537.36"
89.172.180.233 - - [14/Jul/2019:06:26:37 +0000] "GET /images/apartments/studio3/studio3-2.jpg HTTP/1.1" 200 157612 "https://www.apartmanisostaric.com/apartmani/studio-za-3-osobe-2-1" "Mozilla/5.0 (Linux; Android 8.0.0; BAH2-L09 Build/HUAWEIBAH2-L09) AppleWebKit/537.36 (KHTML, like Gecko) Chrome/68.0.3440.91 Safari/537.36"
89.172.180.233 - - [14/Jul/2019:06:26:37 +0000] "GET /images/apartments/studio3/studio3-4.jpg HTTP/1.1" 200 166172 "https://www.apartmanisostaric.com/apartmani/studio-za-3-osobe-2-1" "Mozilla/5.0 (Linux; Android 8.0.0; BAH2-L09 Build/HUAWEIBAH2-L09) AppleWebKit/537.36 (KHTML, like Gecko) Chrome/68.0.3440.91 Safari/537.36"
89.172.180.233 - - [14/Jul/2019:06:26:38 +0000] "GET /images/apartments/studio3/studio3-3.jpg HTTP/1.1" 200 124268 "https://www.apartmanisostaric.com/apartmani/studio-za-3-osobe-2-1" "Mozilla/5.0 (Linux; Android 8.0.0; BAH2-L09 Build/HUAWEIBAH2-L09) AppleWebKit/537.36 (KHTML, like Gecko) Chrome/68.0.3440.91 Safari/537.36"
89.172.180.233 - - [14/Jul/2019:06:26:38 +0000] "GET /images/apartments/studio3/studio3-5.jpg HTTP/1.1" 200 235893 "https://www.apartmanisostaric.com/apartmani/studio-za-3-osobe-2-1" "Mozilla/5.0 (Linux; Android 8.0.0; BAH2-L09 Build/HUAWEIBAH2-L09) AppleWebKit/537.36 (KHTML, like Gecko) Chrome/68.0.3440.91 Safari/537.36"
89.172.180.233 - - [14/Jul/2019:06:26:38 +0000] "GET /images/pogled.jpg HTTP/1.1" 200 296542 "https://www.apartmanisostaric.com/apartmani/studio-za-3-osobe-2-1" "Mozilla/5.0 (Linux; Android 8.0.0; BAH2-L09 Build/HUAWEIBAH2-L09) AppleWebKit/537.36 (KHTML, like Gecko) Chrome/68.0.3440.91 Safari/537.36"
89.172.180.233 - - [14/Jul/2019:06:26:38 +0000] "GET /images/pogled2.jpg HTTP/1.1" 200 314408 "https://www.apartmanisostaric.com/apartmani/studio-za-3-osobe-2-1" "Mozilla/5.0 (Linux; Android 8.0.0; BAH2-L09 Build/HUAWEIBAH2-L09) AppleWebKit/537.36 (KHTML, like Gecko) Chrome/68.0.3440.91 Safari/537.36"
89.172.180.233 - - [14/Jul/2019:06:26:38 +0000] "GET /images/stolni-tenis.jpg HTTP/1.1" 200 296229 "https://www.apartmanisostaric.com/apartmani/studio-za-3-osobe-2-1" "Mozilla/5.0 (Linux; Android 8.0.0; BAH2-L09 Build/HUAWEIBAH2-L09) AppleWebKit/537.36 (KHTML, like Gecko) Chrome/68.0.3440.91 Safari/537.36"
89.172.180.233 - - [14/Jul/2019:06:26:38 +0000] "GET /images/header.jpg HTTP/1.1" 200 112043 "https://www.apartmanisostaric.com/css/styles.css?v=9" "Mozilla/5.0 (Linux; Android 8.0.0; BAH2-L09 Build/HUAWEIBAH2-L09) AppleWebKit/537.36 (KHTML, like Gecko) Chrome/68.0.3440.91 Safari/537.36"
89.172.180.233 - - [14/Jul/2019:06:26:38 +0000] "GET /images/rostilj.jpg HTTP/1.1" 200 223554 "https://www.apartmanisostaric.com/apartmani/studio-za-3-osobe-2-1" "Mozilla/5.0 (Linux; Android 8.0.0; BAH2-L09 Build/HUAWEIBAH2-L09) AppleWebKit/537.36 (KHTML, like Gecko) Chrome/68.0.3440.91 Safari/537.36"
89.172.180.233 - - [14/Jul/2019:06:26:38 +0000] "GET /images/peka.jpg HTTP/1.1" 200 248436 "https://www.apartmanisostaric.com/apartmani/studio-za-3-osobe-2-1" "Mozilla/5.0 (Linux; Android 8.0.0; BAH2-L09 Build/HUAWEIBAH2-L09) AppleWebKit/537.36 (KHTML, like Gecko) Chrome/68.0.3440.91 Safari/537.36"
89.172.180.233 - - [14/Jul/2019:06:26:38 +0000] "GET /unitegallery/images/cover-grid.png HTTP/1.1" 200 933 "https://www.apartmanisostaric.com/unitegallery/css/unite-gallery.css" "Mozilla/5.0 (Linux; Android 8.0.0; BAH2-L09 Build/HUAWEIBAH2-L09) AppleWebKit/537.36 (KHTML, like Gecko) Chrome/68.0.3440.91 Safari/537.36"
89.172.180.233 - - [14/Jul/2019:06:26:38 +0000] "GET /unitegallery/skins/default/button_fullscreen.png HTTP/1.1" 200 1050 "https://www.apartmanisostaric.com/unitegallery/css/unite-gallery.css" "Mozilla/5.0 (Linux; Android 8.0.0; BAH2-L09 Build/HUAWEIBAH2-L09) AppleWebKit/537.36 (KHTML, like Gecko) Chrome/68.0.3440.91 Safari/537.36"
89.172.180.233 - - [14/Jul/2019:06:26:38 +0000] "GET /unitegallery/skins/default/slider_arrow_right.png HTTP/1.1" 200 493 "https://www.apartmanisostaric.com/unitegallery/css/unite-gallery.css" "Mozilla/5.0 (Linux; Android 8.0.0; BAH2-L09 Build/HUAWEIBAH2-L09) AppleWebKit/537.36 (KHTML, like Gecko) Chrome/68.0.3440.91 Safari/537.36"
89.172.180.233 - - [14/Jul/2019:06:26:38 +0000] "GET /unitegallery/skins/default/slider_arrow_left.png HTTP/1.1" 200 470 "https://www.apartmanisostaric.com/unitegallery/css/unite-gallery.css" "Mozilla/5.0 (Linux; Android 8.0.0; BAH2-L09 Build/HUAWEIBAH2-L09) AppleWebKit/537.36 (KHTML, like Gecko) Chrome/68.0.3440.91 Safari/537.36"
89.172.180.233 - - [14/Jul/2019:06:26:38 +0000] "GET /unitegallery/images/play-button-square.png HTTP/1.1" 200 4591 "https://www.apartmanisostaric.com/unitegallery/css/unite-gallery.css" "Mozilla/5.0 (Linux; Android 8.0.0; BAH2-L09 Build/HUAWEIBAH2-L09) AppleWebKit/537.36 (KHTML, like Gecko) Chrome/68.0.3440.91 Safari/537.36"
89.172.180.233 - - [14/Jul/2019:06:26:38 +0000] "GET /unitegallery/images/loader.gif HTTP/1.1" 200 673 "https://www.apartmanisostaric.com/unitegallery/css/unite-gallery.css" "Mozilla/5.0 (Linux; Android 8.0.0; BAH2-L09 Build/HUAWEIBAH2-L09) AppleWebKit/537.36 (KHTML, like Gecko) Chrome/68.0.3440.91 Safari/537.36"
89.172.180.233 - - [14/Jul/2019:06:26:38 +0000] "GET /unitegallery/images/loader-white1.gif HTTP/1.1" 200 2545 "https://www.apartmanisostaric.com/unitegallery/css/unite-gallery.css" "Mozilla/5.0 (Linux; Android 8.0.0; BAH2-L09 Build/HUAWEIBAH2-L09) AppleWebKit/537.36 (KHTML, like Gecko) Chrome/68.0.3440.91 Safari/537.36"
89.172.180.233 - - [14/Jul/2019:06:26:38 +0000] "GET /unitegallery/skins/default/grid_handle_black_top.png HTTP/1.1" 200 942 "https://www.apartmanisostaric.com/unitegallery/css/unite-gallery.css" "Mozilla/5.0 (Linux; Android 8.0.0; BAH2-L09 Build/HUAWEIBAH2-L09) AppleWebKit/537.36 (KHTML, like Gecko) Chrome/68.0.3440.91 Safari/537.36"
89.172.180.233 - - [14/Jul/2019:06:26:38 +0000] "GET /unitegallery/images/not_loaded.png HTTP/1.1" 200 858 "https://www.apartmanisostaric.com/unitegallery/css/unite-gallery.css" "Mozilla/5.0 (Linux; Android 8.0.0; BAH2-L09 Build/HUAWEIBAH2-L09) AppleWebKit/537.36 (KHTML, like Gecko) Chrome/68.0.3440.91 Safari/537.36"
89.172.180.233 - - [14/Jul/2019:06:26:38 +0000] "GET /unitegallery/images/loader-black1.gif HTTP/1.1" 200 5855 "https://www.apartmanisostaric.com/unitegallery/css/unite-gallery.css" "Mozilla/5.0 (Linux; Android 8.0.0; BAH2-L09 Build/HUAWEIBAH2-L09) AppleWebKit/537.36 (KHTML, like Gecko) Chrome/68.0.3440.91 Safari/537.36"
89.172.180.233 - - [14/Jul/2019:06:26:38 +0000] "GET /unitegallery/images/button-close.png HTTP/1.1" 200 7155 "https://www.apartmanisostaric.com/unitegallery/css/unite-gallery.css" "Mozilla/5.0 (Linux; Android 8.0.0; BAH2-L09 Build/HUAWEIBAH2-L09) AppleWebKit/537.36 (KHTML, like Gecko) Chrome/68.0.3440.91 Safari/537.36"
192.241.221.187 - - [14/Jul/2019:06:26:44 +0000] "GET /anatoliylappo.ru.zip HTTP/1.1" 301 262 "-" "Mozilla/5.0 (Windows NT 6.1; WOW64) AppleWebKit/537.36 (KHTML, like Gecko) Chrome/36.0.1985.143 Safari/537.36"
192.241.221.187 - - [14/Jul/2019:06:26:55 +0000] "GET /anatoliylappo.ru.zip HTTP/1.1" 404 1104 "http://apartmanisostaric.com/anatoliylappo.ru.zip" "Mozilla/5.0 (Windows NT 6.1; WOW64) AppleWebKit/537.36 (KHTML, like Gecko) Chrome/36.0.1985.143 Safari/537.36"
89.172.180.233 - - [14/Jul/2019:06:27:10 +0000] "GET /assets/plugins/flag/flags/4x3/it.svg HTTP/1.1" 200 856 "https://www.apartmanisostaric.com/assets/plugins/flag/css/flag-icon.css" "Mozilla/5.0 (Linux; Android 8.0.0; BAH2-L09 Build/HUAWEIBAH2-L09) AppleWebKit/537.36 (KHTML, like Gecko) Chrome/68.0.3440.91 Safari/537.36"
89.172.180.233 - - [14/Jul/2019:06:27:10 +0000] "GET /assets/plugins/flag/flags/4x3/gb.svg HTTP/1.1" 200 989 "https://www.apartmanisostaric.com/assets/plugins/flag/css/flag-icon.css" "Mozilla/5.0 (Linux; Android 8.0.0; BAH2-L09 Build/HUAWEIBAH2-L09) AppleWebKit/537.36 (KHTML, like Gecko) Chrome/68.0.3440.91 Safari/537.36"
89.172.180.233 - - [14/Jul/2019:06:27:10 +0000] "GET /assets/plugins/flag/flags/4x3/de.svg HTTP/1.1" 200 322 "https://www.apartmanisostaric.com/assets/plugins/flag/css/flag-icon.css" "Mozilla/5.0 (Linux; Android 8.0.0; BAH2-L09 Build/HUAWEIBAH2-L09) AppleWebKit/537.36 (KHTML, like Gecko) Chrome/68.0.3440.91 Safari/537.36"
192.241.221.187 - - [14/Jul/2019:06:27:56 +0000] "GET /anatoliylappo.ru.gz HTTP/1.1" 301 261 "-" "Mozilla/5.0 (Windows NT 6.1; WOW64) AppleWebKit/537.36 (KHTML, like Gecko) Chrome/36.0.1985.143 Safari/537.36"
192.241.221.187 - - [14/Jul/2019:06:28:46 +0000] "GET /anatoliylappo.ru.gz HTTP/1.1" 301 261 "-" "Mozilla/5.0 (Windows NT 6.1; WOW64) AppleWebKit/537.36 (KHTML, like Gecko) Chrome/36.0.1985.143 Safari/537.36"
192.241.221.187 - - [14/Jul/2019:06:29:32 +0000] "GET /arabic-theme.zip HTTP/1.1" 301 258 "-" "Mozilla/5.0 (Windows NT 6.1; WOW64) AppleWebKit/537.36 (KHTML, like Gecko) Chrome/36.0.1985.143 Safari/537.36"
192.241.221.187 - - [14/Jul/2019:06:30:17 +0000] "GET /arabic-theme.tar.gz HTTP/1.1" 301 261 "-" "Mozilla/5.0 (Windows NT 6.1; WOW64) AppleWebKit/537.36 (KHTML, like Gecko) Chrome/36.0.1985.143 Safari/537.36"
192.241.221.187 - - [14/Jul/2019:06:30:58 +0000] "GET /arabic-theme.gz HTTP/1.1" 301 257 "-" "Mozilla/5.0 (Windows NT 6.1; WOW64) AppleWebKit/537.36 (KHTML, like Gecko) Chrome/36.0.1985.143 Safari/537.36"
192.241.221.187 - - [14/Jul/2019:06:31:08 +0000] "GET /arabic-theme.gz HTTP/1.1" 404 1104 "http://apartmanisostaric.com/arabic-theme.gz" "Mozilla/5.0 (Windows NT 6.1; WOW64) AppleWebKit/537.36 (KHTML, like Gecko) Chrome/36.0.1985.143 Safari/537.36"
192.241.221.187 - - [14/Jul/2019:06:31:29 +0000] "GET /arabic-theme.gz HTTP/1.1" 301 257 "-" "Mozilla/5.0 (Windows NT 6.1; WOW64) AppleWebKit/537.36 (KHTML, like Gecko) Chrome/36.0.1985.143 Safari/537.36"
192.241.221.187 - - [14/Jul/2019:06:32:09 +0000] "GET /backup.sql HTTP/1.1" 301 252 "-" "Mozilla/5.0 (Windows NT 6.1; WOW64) AppleWebKit/537.36 (KHTML, like Gecko) Chrome/36.0.1985.143 Safari/537.36"
192.241.221.187 - - [14/Jul/2019:06:33:30 +0000] "GET /database.sql HTTP/1.1" 301 254 "-" "Mozilla/5.0 (Windows NT 6.1; WOW64) AppleWebKit/537.36 (KHTML, like Gecko) Chrome/36.0.1985.143 Safari/537.36"
192.241.221.187 - - [14/Jul/2019:06:34:21 +0000] "GET /db.sql HTTP/1.1" 301 248 "-" "Mozilla/5.0 (Windows NT 6.1; WOW64) AppleWebKit/537.36 (KHTML, like Gecko) Chrome/36.0.1985.143 Safari/537.36"
192.241.221.187 - - [14/Jul/2019:06:34:42 +0000] "GET /db.sql HTTP/1.1" 404 1104 "http://apartmanisostaric.com/db.sql" "Mozilla/5.0 (Windows NT 6.1; WOW64) AppleWebKit/537.36 (KHTML, like Gecko) Chrome/36.0.1985.143 Safari/537.36"
216.244.66.200 - - [14/Jul/2019:06:37:20 +0000] "GET /en/contact HTTP/1.1" 200 23076 "-" "Mozilla/5.0 (compatible; DotBot/1.1; http://www.opensiteexplorer.org/dotbot, help@moz.com)"
216.244.66.200 - - [14/Jul/2019:06:37:24 +0000] "GET /en/tours/nature-park-telascica HTTP/1.1" 200 21944 "-" "Mozilla/5.0 (compatible; DotBot/1.1; http://www.opensiteexplorer.org/dotbot, help@moz.com)"
192.241.221.187 - - [14/Jul/2019:06:38:39 +0000] "GET /mysql.sql HTTP/1.1" 301 251 "-" "Mozilla/5.0 (Windows NT 6.1; WOW64) AppleWebKit/537.36 (KHTML, like Gecko) Chrome/36.0.1985.143 Safari/537.36"
192.241.221.187 - - [14/Jul/2019:06:39:00 +0000] "GET /mysql.sql HTTP/1.1" 404 1104 "http://apartmanisostaric.com/mysql.sql" "Mozilla/5.0 (Windows NT 6.1; WOW64) AppleWebKit/537.36 (KHTML, like Gecko) Chrome/36.0.1985.143 Safari/537.36"
137.226.113.26 - - [14/Jul/2019:06:40:57 +0000] "GET / HTTP/1.1" 200 6582 "-" "Mozilla/5.0 zgrab/0.x (compatible; Researchscan/t12sns; +http://researchscan.comsys.rwth-aachen.de)"
192.241.221.187 - - [14/Jul/2019:06:42:01 +0000] "GET /apartmanisostaric.com.sql HTTP/1.1" 301 267 "-" "Mozilla/5.0 (Windows NT 6.1; WOW64) AppleWebKit/537.36 (KHTML, like Gecko) Chrome/36.0.1985.143 Safari/537.36"
192.241.221.187 - - [14/Jul/2019:06:43:26 +0000] "POST /wp-admin/admin-post.php HTTP/1.1" 301 265 "-" "Mozilla/5.0 (Windows NT 6.1; WOW64) AppleWebKit/537.36 (KHTML, like Gecko) Chrome/36.0.1985.143 Safari/537.36"
192.241.221.187 - - [14/Jul/2019:06:44:32 +0000] "POST /wp-admin/admin-post.php?action=save&updated=true HTTP/1.1" 301 294 "-" "Mozilla/5.0 (Windows NT 6.1; WOW64) AppleWebKit/537.36 (KHTML, like Gecko) Chrome/36.0.1985.143 Safari/537.36"
192.241.221.187 - - [14/Jul/2019:06:45:27 +0000] "POST /wp-admin/admin-ajax.php?action=wcp_change_post_width HTTP/1.1" 301 294 "-" "Mozilla/5.0 (Windows NT 6.1; WOW64) AppleWebKit/537.36 (KHTML, like Gecko) Chrome/36.0.1985.143 Safari/537.36"
192.241.221.187 - - [14/Jul/2019:06:45:48 +0000] "GET /wp-admin/admin-ajax.php?action=wcp_change_post_width HTTP/1.1" 404 1104 "http://apartmanisostaric.com/wp-admin/admin-ajax.php?action=wcp_change_post_width" "Mozilla/5.0 (Windows NT 6.1; WOW64) AppleWebKit/537.36 (KHTML, like Gecko) Chrome/36.0.1985.143 Safari/537.36"
192.241.221.187 - - [14/Jul/2019:06:46:08 +0000] "POST /wp-admin/admin-post.php?Action=EWD_UFAQ_UpdateOptions HTTP/1.1" 301 295 "-" "Mozilla/5.0 (Windows NT 6.1; WOW64) AppleWebKit/537.36 (KHTML, like Gecko) Chrome/36.0.1985.143 Safari/537.36"
192.241.221.187 - - [14/Jul/2019:06:47:09 +0000] "POST /wp-admin/admin-ajax.php?action=update_zb_fbc_code HTTP/1.1" 301 291 "-" "Mozilla/5.0 (Windows NT 6.1; WOW64) AppleWebKit/537.36 (KHTML, like Gecko) Chrome/36.0.1985.143 Safari/537.36"
192.241.221.187 - - [14/Jul/2019:06:47:20 +0000] "GET /wp-admin/admin-ajax.php?action=update_zb_fbc_code HTTP/1.1" 404 1104 "http://apartmanisostaric.com/wp-admin/admin-ajax.php?action=update_zb_fbc_code" "Mozilla/5.0 (Windows NT 6.1; WOW64) AppleWebKit/537.36 (KHTML, like Gecko) Chrome/36.0.1985.143 Safari/537.36"
216.244.66.200 - - [14/Jul/2019:06:47:54 +0000] "GET /wp-content/uploads/IMG_7075.jpg HTTP/1.1" 404 1104 "-" "Mozilla/5.0 (compatible; DotBot/1.1; http://www.opensiteexplorer.org/dotbot, help@moz.com)"
192.241.221.187 - - [14/Jul/2019:06:49:42 +0000] "POST /wp-admin/admin-post.php?page=yuzo-related-post HTTP/1.1" 301 288 "-" "Mozilla/5.0 (Windows NT 6.1; WOW64) AppleWebKit/537.36 (KHTML, like Gecko) Chrome/36.0.1985.143 Safari/537.36"
192.241.221.187 - - [14/Jul/2019:06:49:58 +0000] "GET /wp-admin/admin-post.php?page=yuzo-related-post HTTP/1.1" 404 1104 "http://apartmanisostaric.com/wp-admin/admin-post.php?page=yuzo-related-post" "Mozilla/5.0 (Windows NT 6.1; WOW64) AppleWebKit/537.36 (KHTML, like Gecko) Chrome/36.0.1985.143 Safari/537.36"
192.241.221.187 - - [14/Jul/2019:06:52:59 +0000] "POST /wp-admin/admin-post.php?yp_remote_get=test HTTP/1.1" 301 284 "-" "Mozilla/5.0 (Windows NT 6.1; WOW64) AppleWebKit/537.36 (KHTML, like Gecko) Chrome/36.0.1985.143 Safari/537.36"
157.55.39.199 - - [14/Jul/2019:06:55:55 +0000] "GET /izleti/+38523377050 HTTP/1.1" 404 1104 "-" "Mozilla/5.0 (compatible; bingbot/2.0; +http://www.bing.com/bingbot.htm)"
192.241.221.187 - - [14/Jul/2019:06:57:47 +0000] "POST /wp-admin/admin-post.php HTTP/1.1" 301 265 "-" "Mozilla/5.0 (Windows NT 6.1; WOW64) AppleWebKit/537.36 (KHTML, like Gecko) Chrome/36.0.1985.143 Safari/537.36"
188.166.183.202 - - [14/Jul/2019:06:59:35 +0000] "GET /apartmanisostaric.sql HTTP/1.1" 301 263 "-" "Mozilla/5.0 (X11; Ubuntu; Linux x86_64; rv:62.0) Gecko/20100101 Firefox/62.0"
188.166.183.202 - - [14/Jul/2019:06:59:37 +0000] "GET /apartmanisostaric.sql HTTP/1.1" 404 1104 "http://apartmanisostaric.com/apartmanisostaric.sql" "Mozilla/5.0 (X11; Ubuntu; Linux x86_64; rv:62.0) Gecko/20100101 Firefox/62.0"
192.241.221.187 - - [14/Jul/2019:07:00:08 +0000] "POST /wp-admin/admin-ajax.php HTTP/1.1" 301 265 "-" "Mozilla/5.0 (Windows NT 6.1; WOW64) AppleWebKit/537.36 (KHTML, like Gecko) Chrome/36.0.1985.143 Safari/537.36"
192.241.221.187 - - [14/Jul/2019:07:00:18 +0000] "GET /wp-admin/admin-ajax.php HTTP/1.1" 404 1104 "http://apartmanisostaric.com/wp-admin/admin-ajax.php" "Mozilla/5.0 (Windows NT 6.1; WOW64) AppleWebKit/537.36 (KHTML, like Gecko) Chrome/36.0.1985.143 Safari/537.36"
192.241.221.187 - - [14/Jul/2019:07:02:55 +0000] "POST /wp-admin/admin-ajax.php HTTP/1.1" 301 265 "-" "Mozilla/5.0 (Windows NT 6.1; WOW64) AppleWebKit/537.36 (KHTML, like Gecko) Chrome/36.0.1985.143 Safari/537.36"
192.241.221.187 - - [14/Jul/2019:07:04:21 +0000] "POST /wp-admin/admin-ajax.php HTTP/1.1" 301 265 "-" "Mozilla/5.0 (Windows NT 6.1; WOW64) AppleWebKit/537.36 (KHTML, like Gecko) Chrome/36.0.1985.143 Safari/537.36"
192.241.221.187 - - [14/Jul/2019:07:04:42 +0000] "GET /wp-admin/admin-ajax.php HTTP/1.1" 404 1104 "http://apartmanisostaric.com/wp-admin/admin-ajax.php" "Mozilla/5.0 (Windows NT 6.1; WOW64) AppleWebKit/537.36 (KHTML, like Gecko) Chrome/36.0.1985.143 Safari/537.36"
192.241.221.187 - - [14/Jul/2019:07:07:05 +0000] "POST /wp-admin/admin-ajax.php?action=update_zb_fbc_code HTTP/1.1" 301 291 "-" "Mozilla/5.0 (Windows NT 6.1; WOW64) AppleWebKit/537.36 (KHTML, like Gecko) Chrome/36.0.1985.143 Safari/537.36"
192.241.221.187 - - [14/Jul/2019:07:07:26 +0000] "GET /wp-admin/admin-ajax.php?action=update_zb_fbc_code HTTP/1.1" 404 1104 "http://apartmanisostaric.com/wp-admin/admin-ajax.php?action=update_zb_fbc_code" "Mozilla/5.0 (Windows NT 6.1; WOW64) AppleWebKit/537.36 (KHTML, like Gecko) Chrome/36.0.1985.143 Safari/537.36"
192.241.221.187 - - [14/Jul/2019:07:07:26 +0000] "POST /wp-admin/admin-post.php?action=save&updated=true HTTP/1.1" 301 294 "-" "Mozilla/5.0 (Windows NT 6.1; WOW64) AppleWebKit/537.36 (KHTML, like Gecko) Chrome/36.0.1985.143 Safari/537.36"
192.241.221.187 - - [14/Jul/2019:07:07:27 +0000] "GET /wp-admin/admin-post.php?action=save&updated=true HTTP/1.1" 404 1104 "http://apartmanisostaric.com/wp-admin/admin-post.php?action=save&updated=true" "Mozilla/5.0 (Windows NT 6.1; WOW64) AppleWebKit/537.36 (KHTML, like Gecko) Chrome/36.0.1985.143 Safari/537.36"
192.241.221.187 - - [14/Jul/2019:07:07:48 +0000] "POST /wp-admin/admin-post.php HTTP/1.1" 301 265 "-" "Mozilla/5.0 (Windows NT 6.1; WOW64) AppleWebKit/537.36 (KHTML, like Gecko) Chrome/36.0.1985.143 Safari/537.36"
192.241.221.187 - - [14/Jul/2019:07:07:58 +0000] "GET /wp-admin/admin-post.php HTTP/1.1" 404 1104 "http://apartmanisostaric.com/wp-admin/admin-post.php" "Mozilla/5.0 (Windows NT 6.1; WOW64) AppleWebKit/537.36 (KHTML, like Gecko) Chrome/36.0.1985.143 Safari/537.36"
192.241.221.187 - - [14/Jul/2019:07:08:09 +0000] "POST /wp-admin/admin-ajax.php HTTP/1.1" 301 265 "-" "Mozilla/5.0 (Windows NT 6.1; WOW64) AppleWebKit/537.36 (KHTML, like Gecko) Chrome/36.0.1985.143 Safari/537.36"
192.241.221.187 - - [14/Jul/2019:07:08:30 +0000] "GET /wp-admin/admin-ajax.php HTTP/1.1" 404 1104 "http://apartmanisostaric.com/wp-admin/admin-ajax.php" "Mozilla/5.0 (Windows NT 6.1; WOW64) AppleWebKit/537.36 (KHTML, like Gecko) Chrome/36.0.1985.143 Safari/537.36"
192.241.221.187 - - [14/Jul/2019:07:09:30 +0000] "POST /wp-admin/admin-post.php?Action=EWD_UFAQ_UpdateOptions HTTP/1.1" 301 295 "-" "Mozilla/5.0 (Windows NT 6.1; WOW64) AppleWebKit/537.36 (KHTML, like Gecko) Chrome/36.0.1985.143 Safari/537.36"
192.241.221.187 - - [14/Jul/2019:07:09:51 +0000] "GET /wp-admin/admin-post.php?Action=EWD_UFAQ_UpdateOptions HTTP/1.1" 404 1104 "http://apartmanisostaric.com/wp-admin/admin-post.php?Action=EWD_UFAQ_UpdateOptions" "Mozilla/5.0 (Windows NT 6.1; WOW64) AppleWebKit/537.36 (KHTML, like Gecko) Chrome/36.0.1985.143 Safari/537.36"
54.36.150.180 - - [14/Jul/2019:07:12:12 +0000] "GET /it/politica-di-privacy HTTP/1.1" 200 6384 "-" "Mozilla/5.0 (compatible; AhrefsBot/6.1; +http://ahrefs.com/robot/)"
192.241.221.187 - - [14/Jul/2019:07:12:12 +0000] "POST / HTTP/1.1" 301 242 "-" "Mozilla/5.0 (Windows NT 6.1; WOW64) AppleWebKit/537.36 (KHTML, like Gecko) Chrome/36.0.1985.143 Safari/537.36"
192.241.221.187 - - [14/Jul/2019:07:12:33 +0000] "GET / HTTP/1.1" 200 35334 "http://apartmanisostaric.com" "Mozilla/5.0 (Windows NT 6.1; WOW64) AppleWebKit/537.36 (KHTML, like Gecko) Chrome/36.0.1985.143 Safari/537.36"
216.244.66.200 - - [14/Jul/2019:07:15:26 +0000] "GET /robots.txt HTTP/1.1" 301 252 "-" "Mozilla/5.0 (compatible; DotBot/1.1; http://www.opensiteexplorer.org/dotbot, help@moz.com)"
216.244.66.200 - - [14/Jul/2019:07:15:27 +0000] "GET /robots.txt HTTP/1.1" 200 24 "-" "Mozilla/5.0 (compatible; DotBot/1.1; http://www.opensiteexplorer.org/dotbot, help@moz.com)"
192.241.221.187 - - [14/Jul/2019:07:15:45 +0000] "POST /wp-admin/admin-post.php HTTP/1.1" 301 265 "-" "Mozilla/5.0 (Windows NT 6.1; WOW64) AppleWebKit/537.36 (KHTML, like Gecko) Chrome/36.0.1985.143 Safari/537.36"
192.241.221.187 - - [14/Jul/2019:07:16:06 +0000] "GET /wp-admin/admin-post.php HTTP/1.1" 404 1104 "http://apartmanisostaric.com/wp-admin/admin-post.php" "Mozilla/5.0 (Windows NT 6.1; WOW64) AppleWebKit/537.36 (KHTML, like Gecko) Chrome/36.0.1985.143 Safari/537.36"
213.149.62.147 - - [14/Jul/2019:07:18:48 +0000] "GET /images/slider1.jpg HTTP/1.1" 200 306224 "https://www.google.com/" "Mozilla/5.0 (iPad; CPU OS 10_3_3 like Mac OS X) AppleWebKit/603.3.8 (KHTML, like Gecko) Version/10.0 Mobile/14G60 Safari/602.1"
192.241.221.187 - - [14/Jul/2019:07:18:53 +0000] "POST /wp-admin/admin-ajax.php?yp_remote_get=test HTTP/1.1" 301 284 "-" "Mozilla/5.0 (Windows NT 6.1; WOW64) AppleWebKit/537.36 (KHTML, like Gecko) Chrome/36.0.1985.143 Safari/537.36"
192.241.221.187 - - [14/Jul/2019:07:20:34 +0000] "POST /wp-admin/admin-post.php HTTP/1.1" 301 265 "-" "Mozilla/5.0 (Windows NT 6.1; WOW64) AppleWebKit/537.36 (KHTML, like Gecko) Chrome/36.0.1985.143 Safari/537.36"
192.241.221.187 - - [14/Jul/2019:07:20:55 +0000] "GET /wp-admin/admin-post.php HTTP/1.1" 404 1104 "http://apartmanisostaric.com/wp-admin/admin-post.php" "Mozilla/5.0 (Windows NT 6.1; WOW64) AppleWebKit/537.36 (KHTML, like Gecko) Chrome/36.0.1985.143 Safari/537.36"
54.36.150.109 - - [14/Jul/2019:07:22:11 +0000] "GET /izleti/filip.vulic@gmail.com HTTP/1.1" 404 1104 "-" "Mozilla/5.0 (compatible; AhrefsBot/6.1; +http://ahrefs.com/robot/)"
192.241.221.187 - - [14/Jul/2019:07:23:12 +0000] "POST /wp-admin/admin-ajax.php HTTP/1.1" 301 265 "-" "Mozilla/5.0 (Windows NT 6.1; WOW64) AppleWebKit/537.36 (KHTML, like Gecko) Chrome/36.0.1985.143 Safari/537.36"
66.249.69.67 - - [14/Jul/2019:07:23:51 +0000] "GET /izleti/park-prirode-telascica HTTP/1.1" 200 5036 "-" "Mozilla/5.0 (Linux; Android 6.0.1; Nexus 5X Build/MMB29P) AppleWebKit/537.36 (KHTML, like Gecko) Chrome/41.0.2272.96 Mobile Safari/537.36 (compatible; Googlebot/2.1; +http://www.google.com/bot.html)"
192.241.221.187 - - [14/Jul/2019:07:24:02 +0000] "POST /wp-admin/admin-post.php HTTP/1.1" 301 265 "-" "Mozilla/5.0 (Windows NT 6.1; WOW64) AppleWebKit/537.36 (KHTML, like Gecko) Chrome/36.0.1985.143 Safari/537.36"
192.241.221.187 - - [14/Jul/2019:07:25:43 +0000] "POST /wp-admin/admin-ajax.php?action=save&updated=true HTTP/1.1" 301 294 "-" "Mozilla/5.0 (Windows NT 6.1; WOW64) AppleWebKit/537.36 (KHTML, like Gecko) Chrome/36.0.1985.143 Safari/537.36"
66.249.69.70 - - [14/Jul/2019:07:25:51 +0000] "GET /uploads/images/b3570d21ba58ee24f697076171b546aa.jpg HTTP/1.1" 200 135160 "-" "Googlebot-Image/1.0"
192.241.221.187 - - [14/Jul/2019:07:25:59 +0000] "GET /wp-admin/admin-ajax.php?action=save&updated=true HTTP/1.1" 404 1104 "http://apartmanisostaric.com/wp-admin/admin-ajax.php?action=save&updated=true" "Mozilla/5.0 (Windows NT 6.1; WOW64) AppleWebKit/537.36 (KHTML, like Gecko) Chrome/36.0.1985.143 Safari/537.36"
54.36.149.54 - - [14/Jul/2019:07:28:30 +0000] "GET /it/escursioni/parco-natura-telascica HTTP/1.1" 200 5068 "-" "Mozilla/5.0 (compatible; AhrefsBot/6.1; +http://ahrefs.com/robot/)"
192.241.221.187 - - [14/Jul/2019:07:29:00 +0000] "POST /wp-admin/admin-post.php?action=save&updated=true HTTP/1.1" 301 294 "-" "Mozilla/5.0 (Windows NT 6.1; WOW64) AppleWebKit/537.36 (KHTML, like Gecko) Chrome/36.0.1985.143 Safari/537.36"
216.244.66.200 - - [14/Jul/2019:07:29:16 +0000] "GET /izleti/de HTTP/1.1" 404 1104 "-" "Mozilla/5.0 (compatible; DotBot/1.1; http://www.opensiteexplorer.org/dotbot, help@moz.com)"
216.244.66.200 - - [14/Jul/2019:07:30:33 +0000] "GET /it/appartamenti/appartamento-per-4-persone-B2-2 HTTP/1.1" 200 25107 "-" "Mozilla/5.0 (compatible; DotBot/1.1; http://www.opensiteexplorer.org/dotbot, help@moz.com)"
192.241.221.187 - - [14/Jul/2019:07:31:07 +0000] "POST /wp-admin/admin-post.php?page=wpim_manage_settings HTTP/1.1" 301 291 "-" "Mozilla/5.0 (Windows NT 6.1; WOW64) AppleWebKit/537.36 (KHTML, like Gecko) Chrome/36.0.1985.143 Safari/537.36"
192.241.221.187 - - [14/Jul/2019:07:31:28 +0000] "GET /wp-admin/admin-post.php?page=wpim_manage_settings HTTP/1.1" 404 1104 "http://apartmanisostaric.com/wp-admin/admin-post.php?page=wpim_manage_settings" "Mozilla/5.0 (Windows NT 6.1; WOW64) AppleWebKit/537.36 (KHTML, like Gecko) Chrome/36.0.1985.143 Safari/537.36"
192.241.221.187 - - [14/Jul/2019:07:31:29 +0000] "POST /wp-admin/admin-ajax.php?page=wpim_manage_settings HTTP/1.1" 301 291 "-" "Mozilla/5.0 (Windows NT 6.1; WOW64) AppleWebKit/537.36 (KHTML, like Gecko) Chrome/36.0.1985.143 Safari/537.36"
192.241.221.187 - - [14/Jul/2019:07:32:29 +0000] "POST /wp-admin/admin-post.php?yp_remote_get=test HTTP/1.1" 301 284 "-" "Mozilla/5.0 (Windows NT 6.1; WOW64) AppleWebKit/537.36 (KHTML, like Gecko) Chrome/36.0.1985.143 Safari/537.36"
192.241.221.187 - - [14/Jul/2019:07:33:30 +0000] "POST /wp-admin/admin-ajax.php?yp_remote_get=test HTTP/1.1" 301 284 "-" "Mozilla/5.0 (Windows NT 6.1; WOW64) AppleWebKit/537.36 (KHTML, like Gecko) Chrome/36.0.1985.143 Safari/537.36"
192.241.221.187 - - [14/Jul/2019:07:34:20 +0000] "POST /wp-admin/admin-ajax.php HTTP/1.1" 301 265 "-" "Mozilla/5.0 (Windows NT 6.1; WOW64) AppleWebKit/537.36 (KHTML, like Gecko) Chrome/36.0.1985.143 Safari/537.36"
192.241.221.187 - - [14/Jul/2019:07:36:01 +0000] "POST /wp-admin/admin-ajax.php HTTP/1.1" 301 265 "-" "Mozilla/5.0 (Windows NT 6.1; WOW64) AppleWebKit/537.36 (KHTML, like Gecko) Chrome/36.0.1985.143 Safari/537.36"
192.241.221.187 - - [14/Jul/2019:07:36:22 +0000] "GET /wp-admin/admin-ajax.php HTTP/1.1" 404 1104 "http://apartmanisostaric.com/wp-admin/admin-ajax.php" "Mozilla/5.0 (Windows NT 6.1; WOW64) AppleWebKit/537.36 (KHTML, like Gecko) Chrome/36.0.1985.143 Safari/537.36"
192.241.221.187 - - [14/Jul/2019:07:36:42 +0000] "POST /wp-admin/admin-post.php HTTP/1.1" 301 265 "-" "Mozilla/5.0 (Windows NT 6.1; WOW64) AppleWebKit/537.36 (KHTML, like Gecko) Chrome/36.0.1985.143 Safari/537.36"
192.241.221.187 - - [14/Jul/2019:07:37:03 +0000] "GET /wp-admin/admin-post.php HTTP/1.1" 404 1104 "http://apartmanisostaric.com/wp-admin/admin-post.php" "Mozilla/5.0 (Windows NT 6.1; WOW64) AppleWebKit/537.36 (KHTML, like Gecko) Chrome/36.0.1985.143 Safari/537.36"
192.241.221.187 - - [14/Jul/2019:07:37:09 +0000] "GET / HTTP/1.1" 301 242 "-" "Mozilla/5.0 (Windows NT 6.1; Win64; x64; rv:64.0) Gecko/20100101 Firefox/64.0"
192.241.221.187 - - [14/Jul/2019:07:37:19 +0000] "GET / HTTP/1.1" 200 35334 "http://apartmanisostaric.com" "Mozilla/5.0 (Windows NT 6.1; Win64; x64; rv:64.0) Gecko/20100101 Firefox/64.0"
192.241.221.187 - - [14/Jul/2019:07:37:30 +0000] "POST /wp-admin/admin-ajax.php HTTP/1.1" 301 265 "-" "Mozilla/5.0 (Windows NT 6.1; WOW64) AppleWebKit/537.36 (KHTML, like Gecko) Chrome/36.0.1985.143 Safari/537.36"
192.241.221.187 - - [14/Jul/2019:07:37:41 +0000] "GET /wp-admin/admin-ajax.php HTTP/1.1" 404 1104 "http://apartmanisostaric.com/wp-admin/admin-ajax.php" "Mozilla/5.0 (Windows NT 6.1; WOW64) AppleWebKit/537.36 (KHTML, like Gecko) Chrome/36.0.1985.143 Safari/537.36"
192.241.221.187 - - [14/Jul/2019:07:37:56 +0000] "POST /wp-admin/admin-post.php HTTP/1.1" 301 265 "-" "Mozilla/5.0 (Windows NT 6.1; WOW64) AppleWebKit/537.36 (KHTML, like Gecko) Chrome/36.0.1985.143 Safari/537.36"
192.241.221.187 - - [14/Jul/2019:07:37:57 +0000] "GET /wp-admin/admin-post.php HTTP/1.1" 404 1104 "http://apartmanisostaric.com/wp-admin/admin-post.php" "Mozilla/5.0 (Windows NT 6.1; WOW64) AppleWebKit/537.36 (KHTML, like Gecko) Chrome/36.0.1985.143 Safari/537.36"
192.241.221.187 - - [14/Jul/2019:07:38:08 +0000] "POST /wp-admin/admin-post.php?action=save&updated=true HTTP/1.1" 301 294 "-" "Mozilla/5.0 (Windows NT 6.1; WOW64) AppleWebKit/537.36 (KHTML, like Gecko) Chrome/36.0.1985.143 Safari/537.36"
192.241.221.187 - - [14/Jul/2019:07:39:08 +0000] "POST /wp-admin/admin-ajax.php?action=save&updated=true HTTP/1.1" 301 294 "-" "Mozilla/5.0 (Windows NT 6.1; WOW64) AppleWebKit/537.36 (KHTML, like Gecko) Chrome/36.0.1985.143 Safari/537.36"
192.241.221.187 - - [14/Jul/2019:07:39:29 +0000] "GET /wp-admin/admin-ajax.php?action=save&updated=true HTTP/1.1" 404 1104 "http://apartmanisostaric.com/wp-admin/admin-ajax.php?action=save&updated=true" "Mozilla/5.0 (Windows NT 6.1; WOW64) AppleWebKit/537.36 (KHTML, like Gecko) Chrome/36.0.1985.143 Safari/537.36"
216.244.66.200 - - [14/Jul/2019:07:39:45 +0000] "GET /wp-content/uploads/car-4-xxl.png HTTP/1.1" 404 1104 "-" "Mozilla/5.0 (compatible; DotBot/1.1; http://www.opensiteexplorer.org/dotbot, help@moz.com)"
192.241.221.187 - - [14/Jul/2019:07:42:21 +0000] "POST /wp-admin/admin-post.php HTTP/1.1" 301 265 "-" "Mozilla/5.0 (Windows NT 6.1; WOW64) AppleWebKit/537.36 (KHTML, like Gecko) Chrome/36.0.1985.143 Safari/537.36"
192.241.221.187 - - [14/Jul/2019:07:44:27 +0000] "POST /wp-admin/admin-ajax.php?page=wpim_manage_settings HTTP/1.1" 301 291 "-" "Mozilla/5.0 (Windows NT 6.1; WOW64) AppleWebKit/537.36 (KHTML, like Gecko) Chrome/36.0.1985.143 Safari/537.36"
192.241.221.187 - - [14/Jul/2019:07:46:48 +0000] "POST /wp-admin/admin-post.php HTTP/1.1" 301 265 "-" "Mozilla/5.0 (Windows NT 6.1; WOW64) AppleWebKit/537.36 (KHTML, like Gecko) Chrome/36.0.1985.143 Safari/537.36"
192.241.221.187 - - [14/Jul/2019:07:46:50 +0000] "GET /wp-admin/admin-post.php HTTP/1.1" 404 1104 "http://apartmanisostaric.com/wp-admin/admin-post.php" "Mozilla/5.0 (Windows NT 6.1; WOW64) AppleWebKit/537.36 (KHTML, like Gecko) Chrome/36.0.1985.143 Safari/537.36"
192.241.221.187 - - [14/Jul/2019:07:49:46 +0000] "POST /wp-admin/admin-post.php HTTP/1.1" 301 265 "-" "Mozilla/5.0 (Windows NT 6.1; WOW64) AppleWebKit/537.36 (KHTML, like Gecko) Chrome/36.0.1985.143 Safari/537.36"
192.241.221.187 - - [14/Jul/2019:07:50:47 +0000] "POST /wp-admin/admin-post.php?action=save&updated=true HTTP/1.1" 301 294 "-" "Mozilla/5.0 (Windows NT 6.1; WOW64) AppleWebKit/537.36 (KHTML, like Gecko) Chrome/36.0.1985.143 Safari/537.36"
192.241.221.187 - - [14/Jul/2019:07:51:48 +0000] "POST /wp-admin/admin-ajax.php?action=save&updated=true HTTP/1.1" 301 294 "-" "Mozilla/5.0 (Windows NT 6.1; WOW64) AppleWebKit/537.36 (KHTML, like Gecko) Chrome/36.0.1985.143 Safari/537.36"
192.241.221.187 - - [14/Jul/2019:07:53:18 +0000] "POST /wp-admin/admin-ajax.php?Action=EWD_UFAQ_UpdateOptions HTTP/1.1" 301 295 "-" "Mozilla/5.0 (Windows NT 6.1; WOW64) AppleWebKit/537.36 (KHTML, like Gecko) Chrome/36.0.1985.143 Safari/537.36"
192.241.221.187 - - [14/Jul/2019:07:56:40 +0000] "POST /wp-admin/admin-post.php?page=wpim_manage_settings HTTP/1.1" 301 291 "-" "Mozilla/5.0 (Windows NT 6.1; WOW64) AppleWebKit/537.36 (KHTML, like Gecko) Chrome/36.0.1985.143 Safari/537.36"
192.241.221.187 - - [14/Jul/2019:07:56:51 +0000] "GET /wp-admin/admin-post.php?page=wpim_manage_settings HTTP/1.1" 404 1104 "http://apartmanisostaric.com/wp-admin/admin-post.php?page=wpim_manage_settings" "Mozilla/5.0 (Windows NT 6.1; WOW64) AppleWebKit/537.36 (KHTML, like Gecko) Chrome/36.0.1985.143 Safari/537.36"
192.241.221.187 - - [14/Jul/2019:07:57:12 +0000] "POST /wp-admin/admin-ajax.php?page=wpim_manage_settings HTTP/1.1" 301 291 "-" "Mozilla/5.0 (Windows NT 6.1; WOW64) AppleWebKit/537.36 (KHTML, like Gecko) Chrome/36.0.1985.143 Safari/537.36"
31.184.238.5 - - [14/Jul/2019:07:58:14 +0000] "GET /wp-login.php HTTP/1.1" 301 254 "-" "Mozilla/4.0 (compatible; MSIE 6.0; Windows NT 5.1; SV1)"
192.241.221.187 - - [14/Jul/2019:07:58:37 +0000] "POST /wp-admin/admin-ajax.php?yp_remote_get=test HTTP/1.1" 301 284 "-" "Mozilla/5.0 (Windows NT 6.1; WOW64) AppleWebKit/537.36 (KHTML, like Gecko) Chrome/36.0.1985.143 Safari/537.36"
192.241.221.187 - - [14/Jul/2019:07:59:18 +0000] "POST /wp-admin/admin-ajax.php HTTP/1.1" 301 265 "-" "Mozilla/5.0 (Windows NT 6.1; WOW64) AppleWebKit/537.36 (KHTML, like Gecko) Chrome/36.0.1985.143 Safari/537.36"
192.241.221.187 - - [14/Jul/2019:07:59:34 +0000] "GET /wp-admin/admin-ajax.php HTTP/1.1" 404 1104 "http://apartmanisostaric.com/wp-admin/admin-ajax.php" "Mozilla/5.0 (Windows NT 6.1; WOW64) AppleWebKit/537.36 (KHTML, like Gecko) Chrome/36.0.1985.143 Safari/537.36"
