192.241.221.187 - - [14/Jul/2019:08:00:30 +0000] "POST /wp-admin/admin-ajax.php HTTP/1.1" 301 265 "-" "Mozilla/5.0 (Windows NT 6.1; WOW64) AppleWebKit/537.36 (KHTML, like Gecko) Chrome/36.0.1985.143 Safari/537.36"
192.241.221.187 - - [14/Jul/2019:08:01:31 +0000] "POST /wp-admin/admin-post.php HTTP/1.1" 301 265 "-" "Mozilla/5.0 (Windows NT 6.1; WOW64) AppleWebKit/537.36 (KHTML, like Gecko) Chrome/36.0.1985.143 Safari/537.36"
192.241.221.187 - - [14/Jul/2019:08:03:53 +0000] "POST /wp-admin/admin-post.php HTTP/1.1" 301 265 "-" "Mozilla/5.0 (Windows NT 6.1; WOW64) AppleWebKit/537.36 (KHTML, like Gecko) Chrome/36.0.1985.143 Safari/537.36"
192.241.221.187 - - [14/Jul/2019:08:04:54 +0000] "POST /wp-admin/admin-post.php?action=save&updated=true HTTP/1.1" 301 294 "-" "Mozilla/5.0 (Windows NT 6.1; WOW64) AppleWebKit/537.36 (KHTML, like Gecko) Chrome/36.0.1985.143 Safari/537.36"
192.241.221.187 - - [14/Jul/2019:08:07:16 +0000] "POST /wp-admin/admin-ajax.php?Action=EWD_UFAQ_UpdateOptions HTTP/1.1" 301 295 "-" "Mozilla/5.0 (Windows NT 6.1; WOW64) AppleWebKit/537.36 (KHTML, like Gecko) Chrome/36.0.1985.143 Safari/537.36"
216.244.66.200 - - [14/Jul/2019:08:07:36 +0000] "GET /robots.txt HTTP/1.1" 301 252 "-" "Mozilla/5.0 (compatible; DotBot/1.1; http://www.opensiteexplorer.org/dotbot, help@moz.com)"
216.244.66.200 - - [14/Jul/2019:08:07:37 +0000] "GET /robots.txt HTTP/1.1" 200 24 "-" "Mozilla/5.0 (compatible; DotBot/1.1; http://www.opensiteexplorer.org/dotbot, help@moz.com)"
192.241.221.187 - - [14/Jul/2019:08:11:19 +0000] "POST /wp-admin/admin-ajax.php?page=wpim_manage_settings HTTP/1.1" 301 291 "-" "Mozilla/5.0 (Windows NT 6.1; WOW64) AppleWebKit/537.36 (KHTML, like Gecko) Chrome/36.0.1985.143 Safari/537.36"
192.241.221.187 - - [14/Jul/2019:08:12:06 +0000] "POST /wp-admin/admin-post.php?yp_remote_get=test HTTP/1.1" 301 284 "-" "Mozilla/5.0 (Windows NT 6.1; WOW64) AppleWebKit/537.36 (KHTML, like Gecko) Chrome/36.0.1985.143 Safari/537.36"
78.22.34.154 - - [14/Jul/2019:08:12:49 +0000] "GET /images/slider1.jpg HTTP/1.1" 200 306224 "https://www.google.com/" "Mozilla/5.0 (Macintosh; Intel Mac OS X 10_13_6) AppleWebKit/605.1.15 (KHTML, like Gecko) Version/12.1.1 Safari/605.1.15"
192.241.221.187 - - [14/Jul/2019:08:12:52 +0000] "POST /wp-admin/admin-ajax.php?yp_remote_get=test HTTP/1.1" 301 284 "-" "Mozilla/5.0 (Windows NT 6.1; WOW64) AppleWebKit/537.36 (KHTML, like Gecko) Chrome/36.0.1985.143 Safari/537.36"
192.241.221.187 - - [14/Jul/2019:08:18:09 +0000] "POST /wp-admin/admin-post.php?action=save&updated=true HTTP/1.1" 301 294 "-" "Mozilla/5.0 (Windows NT 6.1; WOW64) AppleWebKit/537.36 (KHTML, like Gecko) Chrome/36.0.1985.143 Safari/537.36"
192.241.221.187 - - [14/Jul/2019:08:18:25 +0000] "GET /wp-admin/admin-post.php?action=save&updated=true HTTP/1.1" 404 1104 "http://apartmanisostaric.com/wp-admin/admin-post.php?action=save&updated=true" "Mozilla/5.0 (Windows NT 6.1; WOW64) AppleWebKit/537.36 (KHTML, like Gecko) Chrome/36.0.1985.143 Safari/537.36"
192.241.221.187 - - [14/Jul/2019:08:19:27 +0000] "POST /wp-admin/admin-post.php?Action=EWD_UFAQ_UpdateOptions HTTP/1.1" 301 295 "-" "Mozilla/5.0 (Windows NT 6.1; WOW64) AppleWebKit/537.36 (KHTML, like Gecko) Chrome/36.0.1985.143 Safari/537.36"
91.227.6.17 - - [14/Jul/2019:08:19:46 +0000] "GET /wp-login.php HTTP/1.1" 301 254 "-" "Mozilla/5.0 (X11; Ubuntu; Linux x86_64; rv:62.0) Gecko/20100101 Firefox/62.0"
91.227.6.17 - - [14/Jul/2019:08:19:47 +0000] "GET /wp-login.php HTTP/1.1" 404 1104 "http://apartmanisostaric.com/wp-login.php" "Mozilla/5.0 (X11; Ubuntu; Linux x86_64; rv:62.0) Gecko/20100101 Firefox/62.0"
216.244.66.200 - - [14/Jul/2019:08:21:34 +0000] "GET / HTTP/1.1" 200 35334 "-" "Mozilla/5.0 (compatible; DotBot/1.1; http://www.opensiteexplorer.org/dotbot, help@moz.com)"
192.241.221.187 - - [14/Jul/2019:08:22:29 +0000] "POST /wp-admin/admin-post.php?action=save&updated=true HTTP/1.1" 301 294 "-" "Mozilla/5.0 (Windows NT 6.1; WOW64) AppleWebKit/537.36 (KHTML, like Gecko) Chrome/36.0.1985.143 Safari/537.36"
192.241.221.187 - - [14/Jul/2019:08:22:49 +0000] "GET /wp-admin/admin-post.php?action=save&updated=true HTTP/1.1" 404 1104 "http://apartmanisostaric.com/wp-admin/admin-post.php?action=save&updated=true" "Mozilla/5.0 (Windows NT 6.1; WOW64) AppleWebKit/537.36 (KHTML, like Gecko) Chrome/36.0.1985.143 Safari/537.36"
192.241.221.187 - - [14/Jul/2019:08:23:50 +0000] "POST /wp-admin/admin-ajax.php HTTP/1.1" 301 265 "-" "Mozilla/5.0 (Windows NT 6.1; WOW64) AppleWebKit/537.36 (KHTML, like Gecko) Chrome/36.0.1985.143 Safari/537.36"
192.241.221.187 - - [14/Jul/2019:08:25:32 +0000] "POST /wp-admin/admin-ajax.php?page=wpim_manage_settings HTTP/1.1" 301 291 "-" "Mozilla/5.0 (Windows NT 6.1; WOW64) AppleWebKit/537.36 (KHTML, like Gecko) Chrome/36.0.1985.143 Safari/537.36"
54.36.150.115 - - [14/Jul/2019:08:26:35 +0000] "GET /it/dugi-otok HTTP/1.1" 200 4761 "-" "Mozilla/5.0 (compatible; AhrefsBot/6.1; +http://ahrefs.com/robot/)"
185.86.13.213 - - [14/Jul/2019:08:28:52 +0000] "GET /wp-login.php HTTP/1.1" 301 254 "-" "Mozilla/5.0 (Windows NT 10.0; WOW64) AppleWebKit/537.36 (KHTML, like Gecko) Chrome/51.0.2704.103 Safari/537.36"
185.86.13.213 - - [14/Jul/2019:08:28:54 +0000] "GET /wp-login.php HTTP/1.1" 404 1104 "-" "Mozilla/5.0 (Windows NT 10.0; WOW64) AppleWebKit/537.36 (KHTML, like Gecko) Chrome/51.0.2704.103 Safari/537.36"
192.241.221.187 - - [14/Jul/2019:08:30:05 +0000] "GET / HTTP/1.1" 301 242 "-" "Mozilla/5.0 (Windows NT 6.1; Win64; x64; rv:64.0) Gecko/20100101 Firefox/64.0"
192.241.221.187 - - [14/Jul/2019:08:30:46 +0000] "POST /wp-admin/admin-ajax.php HTTP/1.1" 301 265 "-" "Mozilla/5.0 (Windows NT 6.1; WOW64) AppleWebKit/537.36 (KHTML, like Gecko) Chrome/36.0.1985.143 Safari/537.36"
192.241.221.187 - - [14/Jul/2019:08:31:36 +0000] "POST /wp-admin/admin-post.php HTTP/1.1" 301 265 "-" "Mozilla/5.0 (Windows NT 6.1; WOW64) AppleWebKit/537.36 (KHTML, like Gecko) Chrome/36.0.1985.143 Safari/537.36"
192.241.221.187 - - [14/Jul/2019:08:31:47 +0000] "GET /wp-admin/admin-post.php HTTP/1.1" 404 1104 "http://apartmanisostaric.com/wp-admin/admin-post.php" "Mozilla/5.0 (Windows NT 6.1; WOW64) AppleWebKit/537.36 (KHTML, like Gecko) Chrome/36.0.1985.143 Safari/537.36"
216.244.66.200 - - [14/Jul/2019:08:31:51 +0000] "GET /?page_id=221 HTTP/1.1" 200 35360 "-" "Mozilla/5.0 (compatible; DotBot/1.1; http://www.opensiteexplorer.org/dotbot, help@moz.com)"
192.241.221.187 - - [14/Jul/2019:08:31:58 +0000] "POST /wp-admin/admin-post.php?action=save&updated=true HTTP/1.1" 301 294 "-" "Mozilla/5.0 (Windows NT 6.1; WOW64) AppleWebKit/537.36 (KHTML, like Gecko) Chrome/36.0.1985.143 Safari/537.36"
192.241.221.187 - - [14/Jul/2019:08:37:07 +0000] "POST /wp-admin/admin-ajax.php HTTP/1.1" 301 265 "-" "Mozilla/5.0 (Windows NT 6.1; WOW64) AppleWebKit/537.36 (KHTML, like Gecko) Chrome/36.0.1985.143 Safari/537.36"
192.241.221.187 - - [14/Jul/2019:08:37:13 +0000] "GET /wp-admin/admin-ajax.php HTTP/1.1" 404 1104 "http://apartmanisostaric.com/wp-admin/admin-ajax.php" "Mozilla/5.0 (Windows NT 6.1; WOW64) AppleWebKit/537.36 (KHTML, like Gecko) Chrome/36.0.1985.143 Safari/537.36"
192.241.221.187 - - [14/Jul/2019:08:40:14 +0000] "POST /wp-admin/admin-ajax.php HTTP/1.1" 301 265 "-" "Mozilla/5.0 (Windows NT 6.1; WOW64) AppleWebKit/537.36 (KHTML, like Gecko) Chrome/36.0.1985.143 Safari/537.36"
192.241.221.187 - - [14/Jul/2019:08:40:15 +0000] "GET /wp-admin/admin-ajax.php HTTP/1.1" 404 1104 "http://apartmanisostaric.com/wp-admin/admin-ajax.php" "Mozilla/5.0 (Windows NT 6.1; WOW64) AppleWebKit/537.36 (KHTML, like Gecko) Chrome/36.0.1985.143 Safari/537.36"
192.241.221.187 - - [14/Jul/2019:08:43:12 +0000] "POST /wp-admin/admin-ajax.php HTTP/1.1" 301 265 "-" "Mozilla/5.0 (Windows NT 6.1; WOW64) AppleWebKit/537.36 (KHTML, like Gecko) Chrome/36.0.1985.143 Safari/537.36"
192.241.221.187 - - [14/Jul/2019:08:48:26 +0000] "POST /wp-admin/admin-post.php HTTP/1.1" 301 265 "-" "Mozilla/5.0 (Windows NT 6.1; WOW64) AppleWebKit/537.36 (KHTML, like Gecko) Chrome/36.0.1985.143 Safari/537.36"
192.241.221.187 - - [14/Jul/2019:08:48:47 +0000] "GET /wp-admin/admin-post.php HTTP/1.1" 404 1104 "http://apartmanisostaric.com/wp-admin/admin-post.php" "Mozilla/5.0 (Windows NT 6.1; WOW64) AppleWebKit/537.36 (KHTML, like Gecko) Chrome/36.0.1985.143 Safari/537.36"
54.36.150.167 - - [14/Jul/2019:08:49:17 +0000] "GET /izleti/+385915793291 HTTP/1.1" 404 1104 "-" "Mozilla/5.0 (compatible; AhrefsBot/6.1; +http://ahrefs.com/robot/)"
212.88.8.187 - - [14/Jul/2019:08:49:20 +0000] "GET /images/slider1.jpg HTTP/1.1" 200 306224 "https://www.google.com/blank.html" "Mozilla/5.0 (Linux; Android 9; Redmi Note 7 Build/PKQ1.180904.001; wv) AppleWebKit/537.36 (KHTML, like Gecko) Version/4.0 Chrome/75.0.3770.101 Mobile Safari/537.36 GSA/10.16.6.21.arm64"
192.241.221.187 - - [14/Jul/2019:08:49:44 +0000] "POST /wp-admin/admin-post.php?page=wpim_manage_settings HTTP/1.1" 301 291 "-" "Mozilla/5.0 (Windows NT 6.1; WOW64) AppleWebKit/537.36 (KHTML, like Gecko) Chrome/36.0.1985.143 Safari/537.36"
192.241.221.187 - - [14/Jul/2019:08:52:45 +0000] "POST /wp-admin/admin-ajax.php HTTP/1.1" 301 265 "-" "Mozilla/5.0 (Windows NT 6.1; WOW64) AppleWebKit/537.36 (KHTML, like Gecko) Chrome/36.0.1985.143 Safari/537.36"
192.241.221.187 - - [14/Jul/2019:08:54:47 +0000] "POST /wp-admin/admin-post.php HTTP/1.1" 301 265 "-" "Mozilla/5.0 (Windows NT 6.1; WOW64) AppleWebKit/537.36 (KHTML, like Gecko) Chrome/36.0.1985.143 Safari/537.36"
192.241.221.187 - - [14/Jul/2019:08:55:32 +0000] "GET / HTTP/1.1" 301 242 "-" "Mozilla/5.0 (Windows NT 6.1; Win64; x64; rv:64.0) Gecko/20100101 Firefox/64.0"
192.241.221.187 - - [14/Jul/2019:08:56:28 +0000] "POST /wp-admin/admin-ajax.php HTTP/1.1" 301 265 "-" "Mozilla/5.0 (Windows NT 6.1; WOW64) AppleWebKit/537.36 (KHTML, like Gecko) Chrome/36.0.1985.143 Safari/537.36"
192.241.221.187 - - [14/Jul/2019:08:56:33 +0000] "GET /wp-admin/admin-ajax.php HTTP/1.1" 404 1104 "http://apartmanisostaric.com/wp-admin/admin-ajax.php" "Mozilla/5.0 (Windows NT 6.1; WOW64) AppleWebKit/537.36 (KHTML, like Gecko) Chrome/36.0.1985.143 Safari/537.36"
192.241.221.187 - - [14/Jul/2019:08:57:34 +0000] "POST /wp-admin/admin-post.php?action=save&updated=true HTTP/1.1" 301 294 "-" "Mozilla/5.0 (Windows NT 6.1; WOW64) AppleWebKit/537.36 (KHTML, like Gecko) Chrome/36.0.1985.143 Safari/537.36"
192.241.221.187 - - [14/Jul/2019:08:58:15 +0000] "POST /wp-admin/admin-ajax.php?action=save&updated=true HTTP/1.1" 301 294 "-" "Mozilla/5.0 (Windows NT 6.1; WOW64) AppleWebKit/537.36 (KHTML, like Gecko) Chrome/36.0.1985.143 Safari/537.36"
192.241.221.187 - - [14/Jul/2019:08:58:36 +0000] "GET /wp-admin/admin-ajax.php?action=save&updated=true HTTP/1.1" 404 1104 "http://apartmanisostaric.com/wp-admin/admin-ajax.php?action=save&updated=true" "Mozilla/5.0 (Windows NT 6.1; WOW64) AppleWebKit/537.36 (KHTML, like Gecko) Chrome/36.0.1985.143 Safari/537.36"
216.244.66.200 - - [14/Jul/2019:08:59:14 +0000] "GET /robots.txt HTTP/1.1" 301 252 "-" "Mozilla/5.0 (compatible; DotBot/1.1; http://www.opensiteexplorer.org/dotbot, help@moz.com)"
216.244.66.200 - - [14/Jul/2019:08:59:15 +0000] "GET /robots.txt HTTP/1.1" 200 24 "-" "Mozilla/5.0 (compatible; DotBot/1.1; http://www.opensiteexplorer.org/dotbot, help@moz.com)"
192.241.221.187 - - [14/Jul/2019:09:03:04 +0000] "POST /wp-admin/admin-ajax.php?page=wpim_manage_settings HTTP/1.1" 301 291 "-" "Mozilla/5.0 (Windows NT 6.1; WOW64) AppleWebKit/537.36 (KHTML, like Gecko) Chrome/36.0.1985.143 Safari/537.36"
192.241.221.187 - - [14/Jul/2019:09:03:55 +0000] "POST /wp-admin/admin-post.php?yp_remote_get=test HTTP/1.1" 301 284 "-" "Mozilla/5.0 (Windows NT 6.1; WOW64) AppleWebKit/537.36 (KHTML, like Gecko) Chrome/36.0.1985.143 Safari/537.36"
192.241.221.187 - - [14/Jul/2019:09:04:43 +0000] "POST /wp-admin/admin-ajax.php?yp_remote_get=test HTTP/1.1" 301 284 "-" "Mozilla/5.0 (Windows NT 6.1; WOW64) AppleWebKit/537.36 (KHTML, like Gecko) Chrome/36.0.1985.143 Safari/537.36"
192.241.221.187 - - [14/Jul/2019:09:04:49 +0000] "GET /wp-admin/admin-ajax.php?yp_remote_get=test HTTP/1.1" 404 1104 "http://apartmanisostaric.com/wp-admin/admin-ajax.php?yp_remote_get=test" "Mozilla/5.0 (Windows NT 6.1; WOW64) AppleWebKit/537.36 (KHTML, like Gecko) Chrome/36.0.1985.143 Safari/537.36"
192.241.221.187 - - [14/Jul/2019:09:04:54 +0000] "POST /wp-admin/admin-ajax.php HTTP/1.1" 301 265 "-" "Mozilla/5.0 (Windows NT 6.1; WOW64) AppleWebKit/537.36 (KHTML, like Gecko) Chrome/36.0.1985.143 Safari/537.36"
192.241.221.187 - - [14/Jul/2019:09:04:55 +0000] "GET /wp-admin/admin-ajax.php HTTP/1.1" 404 1104 "http://apartmanisostaric.com/wp-admin/admin-ajax.php" "Mozilla/5.0 (Windows NT 6.1; WOW64) AppleWebKit/537.36 (KHTML, like Gecko) Chrome/36.0.1985.143 Safari/537.36"
192.241.221.187 - - [14/Jul/2019:09:05:02 +0000] "POST /wp-admin/admin-post.php HTTP/1.1" 301 265 "-" "Mozilla/5.0 (Windows NT 6.1; WOW64) AppleWebKit/537.36 (KHTML, like Gecko) Chrome/36.0.1985.143 Safari/537.36"
192.241.221.187 - - [14/Jul/2019:09:07:24 +0000] "GET / HTTP/1.1" 301 242 "-" "Mozilla/5.0 (Windows NT 6.1; Win64; x64; rv:64.0) Gecko/20100101 Firefox/64.0"
192.241.221.187 - - [14/Jul/2019:09:07:45 +0000] "GET / HTTP/1.1" 200 35334 "http://apartmanisostaric.com" "Mozilla/5.0 (Windows NT 6.1; Win64; x64; rv:64.0) Gecko/20100101 Firefox/64.0"
192.241.221.187 - - [14/Jul/2019:09:08:01 +0000] "POST /wp-admin/admin-ajax.php HTTP/1.1" 301 265 "-" "Mozilla/5.0 (Windows NT 6.1; WOW64) AppleWebKit/537.36 (KHTML, like Gecko) Chrome/36.0.1985.143 Safari/537.36"
192.241.221.187 - - [14/Jul/2019:09:08:21 +0000] "GET /wp-admin/admin-ajax.php HTTP/1.1" 404 1104 "http://apartmanisostaric.com/wp-admin/admin-ajax.php" "Mozilla/5.0 (Windows NT 6.1; WOW64) AppleWebKit/537.36 (KHTML, like Gecko) Chrome/36.0.1985.143 Safari/537.36"
192.241.221.187 - - [14/Jul/2019:09:09:02 +0000] "POST /wp-admin/admin-post.php?action=save&updated=true HTTP/1.1" 301 294 "-" "Mozilla/5.0 (Windows NT 6.1; WOW64) AppleWebKit/537.36 (KHTML, like Gecko) Chrome/36.0.1985.143 Safari/537.36"
192.241.221.187 - - [14/Jul/2019:09:09:23 +0000] "GET /wp-admin/admin-post.php?action=save&updated=true HTTP/1.1" 404 1104 "http://apartmanisostaric.com/wp-admin/admin-post.php?action=save&updated=true" "Mozilla/5.0 (Windows NT 6.1; WOW64) AppleWebKit/537.36 (KHTML, like Gecko) Chrome/36.0.1985.143 Safari/537.36"
192.241.221.187 - - [14/Jul/2019:09:09:38 +0000] "POST /wp-admin/admin-ajax.php?action=save&updated=true HTTP/1.1" 301 294 "-" "Mozilla/5.0 (Windows NT 6.1; WOW64) AppleWebKit/537.36 (KHTML, like Gecko) Chrome/36.0.1985.143 Safari/537.36"
192.241.221.187 - - [14/Jul/2019:09:09:54 +0000] "GET /wp-admin/admin-ajax.php?action=save&updated=true HTTP/1.1" 404 1104 "http://apartmanisostaric.com/wp-admin/admin-ajax.php?action=save&updated=true" "Mozilla/5.0 (Windows NT 6.1; WOW64) AppleWebKit/537.36 (KHTML, like Gecko) Chrome/36.0.1985.143 Safari/537.36"
192.241.221.187 - - [14/Jul/2019:09:10:05 +0000] "POST /wp-admin/admin-post.php?Action=EWD_UFAQ_UpdateOptions HTTP/1.1" 301 295 "-" "Mozilla/5.0 (Windows NT 6.1; WOW64) AppleWebKit/537.36 (KHTML, like Gecko) Chrome/36.0.1985.143 Safari/537.36"
192.241.221.187 - - [14/Jul/2019:09:10:10 +0000] "GET /wp-admin/admin-post.php?Action=EWD_UFAQ_UpdateOptions HTTP/1.1" 404 1104 "http://apartmanisostaric.com/wp-admin/admin-post.php?Action=EWD_UFAQ_UpdateOptions" "Mozilla/5.0 (Windows NT 6.1; WOW64) AppleWebKit/537.36 (KHTML, like Gecko) Chrome/36.0.1985.143 Safari/537.36"
192.241.221.187 - - [14/Jul/2019:09:10:21 +0000] "POST /wp-admin/admin-ajax.php?Action=EWD_UFAQ_UpdateOptions HTTP/1.1" 301 295 "-" "Mozilla/5.0 (Windows NT 6.1; WOW64) AppleWebKit/537.36 (KHTML, like Gecko) Chrome/36.0.1985.143 Safari/537.36"
192.241.221.187 - - [14/Jul/2019:09:10:32 +0000] "GET /wp-admin/admin-ajax.php?Action=EWD_UFAQ_UpdateOptions HTTP/1.1" 404 1104 "http://apartmanisostaric.com/wp-admin/admin-ajax.php?Action=EWD_UFAQ_UpdateOptions" "Mozilla/5.0 (Windows NT 6.1; WOW64) AppleWebKit/537.36 (KHTML, like Gecko) Chrome/36.0.1985.143 Safari/537.36"
192.241.221.187 - - [14/Jul/2019:09:12:28 +0000] "POST /wp-admin/admin-ajax.php HTTP/1.1" 301 265 "-" "Mozilla/5.0 (Windows NT 6.1; WOW64) AppleWebKit/537.36 (KHTML, like Gecko) Chrome/36.0.1985.143 Safari/537.36"
216.244.66.200 - - [14/Jul/2019:09:12:59 +0000] "GET /en/tours/national-park-paklenica HTTP/1.1" 200 21466 "-" "Mozilla/5.0 (compatible; DotBot/1.1; http://www.opensiteexplorer.org/dotbot, help@moz.com)"
192.241.221.187 - - [14/Jul/2019:09:13:04 +0000] "POST /wp-admin/admin-post.php?page=wpim_manage_settings HTTP/1.1" 301 291 "-" "Mozilla/5.0 (Windows NT 6.1; WOW64) AppleWebKit/537.36 (KHTML, like Gecko) Chrome/36.0.1985.143 Safari/537.36"
192.241.221.187 - - [14/Jul/2019:09:13:15 +0000] "GET /wp-admin/admin-post.php?page=wpim_manage_settings HTTP/1.1" 404 1104 "http://apartmanisostaric.com/wp-admin/admin-post.php?page=wpim_manage_settings" "Mozilla/5.0 (Windows NT 6.1; WOW64) AppleWebKit/537.36 (KHTML, like Gecko) Chrome/36.0.1985.143 Safari/537.36"
117.21.211.138 - - [14/Jul/2019:09:15:07 +0000] "GET / HTTP/1.1" 301 242 "-" "Mozilla/5.0 (Windows NT 10.0; WOW64) AppleWebKit/537.36 (KHTML, like Gecko) Chrome/61.0.3163.100 Safari/537.36"
192.241.221.187 - - [14/Jul/2019:09:15:32 +0000] "POST /wp-admin/admin-ajax.php HTTP/1.1" 301 265 "-" "Mozilla/5.0 (Windows NT 6.1; WOW64) AppleWebKit/537.36 (KHTML, like Gecko) Chrome/36.0.1985.143 Safari/537.36"
51.68.152.26 - - [14/Jul/2019:09:16:52 +0000] "GET / HTTP/1.1" 301 242 "-" "Mozilla/5.0 (X11; Linux x86_64) AppleWebKit/537.36 (KHTML, like Gecko) Chrome/67.0.3396.87 Safari/537.36 OPR/54.0.2952.60"
51.68.152.26 - - [14/Jul/2019:09:16:52 +0000] "GET / HTTP/1.1" 200 35334 "-" "Mozilla/5.0 (X11; Linux x86_64) AppleWebKit/537.36 (KHTML, like Gecko) Chrome/67.0.3396.87 Safari/537.36 OPR/54.0.2952.60"
51.68.152.26 - - [14/Jul/2019:09:16:53 +0000] "GET /admin/ HTTP/1.1" 301 248 "-" "Mozilla/5.0 (X11; Linux x86_64) AppleWebKit/537.36 (KHTML, like Gecko) Chrome/67.0.3396.87 Safari/537.36 OPR/54.0.2952.60"
51.68.152.26 - - [14/Jul/2019:09:16:53 +0000] "GET /admin/ HTTP/1.1" 301 246 "-" "Mozilla/5.0 (X11; Linux x86_64) AppleWebKit/537.36 (KHTML, like Gecko) Chrome/67.0.3396.87 Safari/537.36 OPR/54.0.2952.60"
51.68.152.26 - - [14/Jul/2019:09:16:53 +0000] "GET /admin HTTP/1.1" 301 247 "-" "Mozilla/5.0 (X11; Linux x86_64) AppleWebKit/537.36 (KHTML, like Gecko) Chrome/67.0.3396.87 Safari/537.36 OPR/54.0.2952.60"
51.68.152.26 - - [14/Jul/2019:09:16:53 +0000] "GET /admin HTTP/1.1" 302 400 "-" "Mozilla/5.0 (X11; Linux x86_64) AppleWebKit/537.36 (KHTML, like Gecko) Chrome/67.0.3396.87 Safari/537.36 OPR/54.0.2952.60"
51.68.152.26 - - [14/Jul/2019:09:16:53 +0000] "GET /login HTTP/1.1" 200 4720 "-" "Mozilla/5.0 (X11; Linux x86_64) AppleWebKit/537.36 (KHTML, like Gecko) Chrome/67.0.3396.87 Safari/537.36 OPR/54.0.2952.60"
192.241.221.187 - - [14/Jul/2019:09:17:53 +0000] "POST /wp-admin/admin-post.php HTTP/1.1" 301 265 "-" "Mozilla/5.0 (Windows NT 6.1; WOW64) AppleWebKit/537.36 (KHTML, like Gecko) Chrome/36.0.1985.143 Safari/537.36"
192.241.221.187 - - [14/Jul/2019:09:18:04 +0000] "GET /wp-admin/admin-post.php HTTP/1.1" 404 1104 "http://apartmanisostaric.com/wp-admin/admin-post.php" "Mozilla/5.0 (Windows NT 6.1; WOW64) AppleWebKit/537.36 (KHTML, like Gecko) Chrome/36.0.1985.143 Safari/537.36"
192.241.221.187 - - [14/Jul/2019:09:19:39 +0000] "POST /wp-admin/admin-post.php HTTP/1.1" 301 265 "-" "Mozilla/5.0 (Windows NT 6.1; WOW64) AppleWebKit/537.36 (KHTML, like Gecko) Chrome/36.0.1985.143 Safari/537.36"
192.241.221.187 - - [14/Jul/2019:09:20:40 +0000] "POST /wp-admin/admin-post.php?action=save&updated=true HTTP/1.1" 301 294 "-" "Mozilla/5.0 (Windows NT 6.1; WOW64) AppleWebKit/537.36 (KHTML, like Gecko) Chrome/36.0.1985.143 Safari/537.36"
192.241.221.187 - - [14/Jul/2019:09:20:46 +0000] "GET /wp-admin/admin-post.php?action=save&updated=true HTTP/1.1" 404 1104 "http://apartmanisostaric.com/wp-admin/admin-post.php?action=save&updated=true" "Mozilla/5.0 (Windows NT 6.1; WOW64) AppleWebKit/537.36 (KHTML, like Gecko) Chrome/36.0.1985.143 Safari/537.36"
192.241.221.187 - - [14/Jul/2019:09:21:06 +0000] "POST /wp-admin/admin-ajax.php?action=save&updated=true HTTP/1.1" 301 294 "-" "Mozilla/5.0 (Windows NT 6.1; WOW64) AppleWebKit/537.36 (KHTML, like Gecko) Chrome/36.0.1985.143 Safari/537.36"
137.226.113.28 - - [14/Jul/2019:09:22:32 +0000] "GET / HTTP/1.1" 200 6582 "-" "Mozilla/5.0 zgrab/0.x (compatible; Researchscan/t13rl; +http://researchscan.comsys.rwth-aachen.de)"
192.241.221.187 - - [14/Jul/2019:09:22:48 +0000] "POST /wp-admin/admin-ajax.php?Action=EWD_UFAQ_UpdateOptions HTTP/1.1" 301 295 "-" "Mozilla/5.0 (Windows NT 6.1; WOW64) AppleWebKit/537.36 (KHTML, like Gecko) Chrome/36.0.1985.143 Safari/537.36"
216.244.66.200 - - [14/Jul/2019:09:23:49 +0000] "GET /wp-content/uploads/IMG_7074.jpg HTTP/1.1" 404 1104 "-" "Mozilla/5.0 (compatible; DotBot/1.1; http://www.opensiteexplorer.org/dotbot, help@moz.com)"
46.3.96.73 - - [14/Jul/2019:09:25:44 +0000] "POST /wp-login.php HTTP/1.1" 301 254 "http://apartmanisostaric.com/wp-login.php" "Mozilla/5.0 (Windows NT 6.3; WOW64) AppleWebKit/535.20.73 (KHTML, like Gecko) Chrome/53.7.3173.8445 Safari/531.80"
46.3.96.73 - - [14/Jul/2019:09:25:45 +0000] "GET /wp-login.php HTTP/1.1" 404 1104 "http://apartmanisostaric.com/wp-login.php" "Mozilla/5.0 (Windows NT 6.3; WOW64) AppleWebKit/535.20.73 (KHTML, like Gecko) Chrome/53.7.3173.8445 Safari/531.80"
192.241.221.187 - - [14/Jul/2019:09:26:12 +0000] "POST /wp-admin/admin-ajax.php HTTP/1.1" 301 265 "-" "Mozilla/5.0 (Windows NT 6.1; WOW64) AppleWebKit/537.36 (KHTML, like Gecko) Chrome/36.0.1985.143 Safari/537.36"
216.244.66.200 - - [14/Jul/2019:09:27:42 +0000] "GET /wp-content/uploads/2s-e1551026151691.jpg HTTP/1.1" 404 1104 "-" "Mozilla/5.0 (compatible; DotBot/1.1; http://www.opensiteexplorer.org/dotbot, help@moz.com)"
216.244.66.200 - - [14/Jul/2019:09:27:44 +0000] "GET /wp-content/uploads/apartmani-sostaric-slika-kapelica.jpg HTTP/1.1" 404 1104 "-" "Mozilla/5.0 (compatible; DotBot/1.1; http://www.opensiteexplorer.org/dotbot, help@moz.com)"
192.241.221.187 - - [14/Jul/2019:09:29:07 +0000] "POST /wp-admin/admin-ajax.php?yp_remote_get=test HTTP/1.1" 301 284 "-" "Mozilla/5.0 (Windows NT 6.1; WOW64) AppleWebKit/537.36 (KHTML, like Gecko) Chrome/36.0.1985.143 Safari/537.36"
192.241.221.187 - - [14/Jul/2019:09:29:27 +0000] "GET /wp-admin/admin-ajax.php?yp_remote_get=test HTTP/1.1" 404 1104 "http://apartmanisostaric.com/wp-admin/admin-ajax.php?yp_remote_get=test" "Mozilla/5.0 (Windows NT 6.1; WOW64) AppleWebKit/537.36 (KHTML, like Gecko) Chrome/36.0.1985.143 Safari/537.36"
192.241.221.187 - - [14/Jul/2019:09:29:39 +0000] "POST /wp-admin/admin-ajax.php HTTP/1.1" 301 265 "-" "Mozilla/5.0 (Windows NT 6.1; WOW64) AppleWebKit/537.36 (KHTML, like Gecko) Chrome/36.0.1985.143 Safari/537.36"
192.241.221.187 - - [14/Jul/2019:09:29:59 +0000] "GET /wp-admin/admin-ajax.php HTTP/1.1" 404 1104 "http://apartmanisostaric.com/wp-admin/admin-ajax.php" "Mozilla/5.0 (Windows NT 6.1; WOW64) AppleWebKit/537.36 (KHTML, like Gecko) Chrome/36.0.1985.143 Safari/537.36"
192.241.221.187 - - [14/Jul/2019:09:30:35 +0000] "POST /wp-admin/admin-ajax.php HTTP/1.1" 301 265 "-" "Mozilla/5.0 (Windows NT 6.1; WOW64) AppleWebKit/537.36 (KHTML, like Gecko) Chrome/36.0.1985.143 Safari/537.36"
192.241.221.187 - - [14/Jul/2019:09:31:21 +0000] "POST /wp-admin/admin-post.php HTTP/1.1" 301 265 "-" "Mozilla/5.0 (Windows NT 6.1; WOW64) AppleWebKit/537.36 (KHTML, like Gecko) Chrome/36.0.1985.143 Safari/537.36"
192.241.221.187 - - [14/Jul/2019:09:32:47 +0000] "POST /wp-admin/admin-ajax.php HTTP/1.1" 301 265 "-" "Mozilla/5.0 (Windows NT 6.1; WOW64) AppleWebKit/537.36 (KHTML, like Gecko) Chrome/36.0.1985.143 Safari/537.36"
192.241.221.187 - - [14/Jul/2019:09:33:07 +0000] "GET /wp-admin/admin-ajax.php HTTP/1.1" 404 1104 "http://apartmanisostaric.com/wp-admin/admin-ajax.php" "Mozilla/5.0 (Windows NT 6.1; WOW64) AppleWebKit/537.36 (KHTML, like Gecko) Chrome/36.0.1985.143 Safari/537.36"
192.241.221.187 - - [14/Jul/2019:09:34:44 +0000] "POST /wp-admin/admin-ajax.php?action=save&updated=true HTTP/1.1" 301 294 "-" "Mozilla/5.0 (Windows NT 6.1; WOW64) AppleWebKit/537.36 (KHTML, like Gecko) Chrome/36.0.1985.143 Safari/537.36"
93.143.12.17 - - [14/Jul/2019:09:37:29 +0000] "GET /unitegallery/js/unitegallery.min.js HTTP/1.1" 200 66910 "https://www.apartmanisostaric.com/apartmani/apartman-za-4-osobe-B2-2" "Mozilla/5.0 (Linux; Android 9; ANE-LX1) AppleWebKit/537.36 (KHTML, like Gecko) Chrome/75.0.3770.101 Mobile Safari/537.36"
93.143.12.17 - - [14/Jul/2019:09:37:29 +0000] "GET /css/styles.css?v=9 HTTP/1.1" 200 59061 "https://www.apartmanisostaric.com/apartmani/apartman-za-4-osobe-B2-2" "Mozilla/5.0 (Linux; Android 9; ANE-LX1) AppleWebKit/537.36 (KHTML, like Gecko) Chrome/75.0.3770.101 Mobile Safari/537.36"
93.143.12.17 - - [14/Jul/2019:09:37:29 +0000] "GET /images/apartments/apartment-b/apartman-b-5.jpg HTTP/1.1" 200 110077 "https://www.apartmanisostaric.com/apartmani/apartman-za-4-osobe-B2-2" "Mozilla/5.0 (Linux; Android 9; ANE-LX1) AppleWebKit/537.36 (KHTML, like Gecko) Chrome/75.0.3770.101 Mobile Safari/537.36"
93.143.12.17 - - [14/Jul/2019:09:37:29 +0000] "GET /images/apartments/apartment-b/apartman-b-4.jpg HTTP/1.1" 200 137068 "https://www.apartmanisostaric.com/apartmani/apartman-za-4-osobe-B2-2" "Mozilla/5.0 (Linux; Android 9; ANE-LX1) AppleWebKit/537.36 (KHTML, like Gecko) Chrome/75.0.3770.101 Mobile Safari/537.36"
93.143.12.17 - - [14/Jul/2019:09:37:29 +0000] "GET /images/apartments/apartment-b/apartman-b-2.jpg HTTP/1.1" 200 123550 "https://www.apartmanisostaric.com/apartmani/apartman-za-4-osobe-B2-2" "Mozilla/5.0 (Linux; Android 9; ANE-LX1) AppleWebKit/537.36 (KHTML, like Gecko) Chrome/75.0.3770.101 Mobile Safari/537.36"
93.143.12.17 - - [14/Jul/2019:09:37:29 +0000] "GET /images/apartments/apartment-b/apartman-b-3.jpg HTTP/1.1" 200 122226 "https://www.apartmanisostaric.com/apartmani/apartman-za-4-osobe-B2-2" "Mozilla/5.0 (Linux; Android 9; ANE-LX1) AppleWebKit/537.36 (KHTML, like Gecko) Chrome/75.0.3770.101 Mobile Safari/537.36"
93.143.12.17 - - [14/Jul/2019:09:37:29 +0000] "GET /images/apartments/apartment-b/apartman-b-6.jpg HTTP/1.1" 200 143187 "https://www.apartmanisostaric.com/apartmani/apartman-za-4-osobe-B2-2" "Mozilla/5.0 (Linux; Android 9; ANE-LX1) AppleWebKit/537.36 (KHTML, like Gecko) Chrome/75.0.3770.101 Mobile Safari/537.36"
93.143.12.17 - - [14/Jul/2019:09:37:29 +0000] "GET /images/apartments/apartment-b/apartman-b-1.jpg HTTP/1.1" 200 224031 "https://www.apartmanisostaric.com/apartmani/apartman-za-4-osobe-B2-2" "Mozilla/5.0 (Linux; Android 9; ANE-LX1) AppleWebKit/537.36 (KHTML, like Gecko) Chrome/75.0.3770.101 Mobile Safari/537.36"
93.143.12.17 - - [14/Jul/2019:09:37:30 +0000] "GET /images/apartments/apartment-b/apartman-b-7.jpg HTTP/1.1" 200 167040 "https://www.apartmanisostaric.com/apartmani/apartman-za-4-osobe-B2-2" "Mozilla/5.0 (Linux; Android 9; ANE-LX1) AppleWebKit/537.36 (KHTML, like Gecko) Chrome/75.0.3770.101 Mobile Safari/537.36"
93.143.12.17 - - [14/Jul/2019:09:37:30 +0000] "GET /images/pogled.jpg HTTP/1.1" 200 296542 "https://www.apartmanisostaric.com/apartmani/apartman-za-4-osobe-B2-2" "Mozilla/5.0 (Linux; Android 9; ANE-LX1) AppleWebKit/537.36 (KHTML, like Gecko) Chrome/75.0.3770.101 Mobile Safari/537.36"
93.143.12.17 - - [14/Jul/2019:09:37:30 +0000] "GET /images/pogled2.jpg HTTP/1.1" 200 314408 "https://www.apartmanisostaric.com/apartmani/apartman-za-4-osobe-B2-2" "Mozilla/5.0 (Linux; Android 9; ANE-LX1) AppleWebKit/537.36 (KHTML, like Gecko) Chrome/75.0.3770.101 Mobile Safari/537.36"
93.143.12.17 - - [14/Jul/2019:09:37:30 +0000] "GET /fonts/ionicons.ttf?v=2.0.0 HTTP/1.1" 200 188508 "https://www.apartmanisostaric.com/css/ionicons.min.css" "Mozilla/5.0 (Linux; Android 9; ANE-LX1) AppleWebKit/537.36 (KHTML, like Gecko) Chrome/75.0.3770.101 Mobile Safari/537.36"
93.143.12.17 - - [14/Jul/2019:09:37:30 +0000] "GET /fonts/fontawesome-webfont.woff2?v=4.7.0 HTTP/1.1" 200 77160 "https://www.apartmanisostaric.com/css/font-awesome.min.css" "Mozilla/5.0 (Linux; Android 9; ANE-LX1) AppleWebKit/537.36 (KHTML, like Gecko) Chrome/75.0.3770.101 Mobile Safari/537.36"
93.143.12.17 - - [14/Jul/2019:09:37:30 +0000] "GET /assets/plugins/flag/flags/4x3/hr.svg HTTP/1.1" 200 80697 "https://www.apartmanisostaric.com/assets/plugins/flag/css/flag-icon.css" "Mozilla/5.0 (Linux; Android 9; ANE-LX1) AppleWebKit/537.36 (KHTML, like Gecko) Chrome/75.0.3770.101 Mobile Safari/537.36"
93.143.12.17 - - [14/Jul/2019:09:37:30 +0000] "GET /assets/plugins/flag/flags/4x3/gb.svg HTTP/1.1" 200 989 "https://www.apartmanisostaric.com/assets/plugins/flag/css/flag-icon.css" "Mozilla/5.0 (Linux; Android 9; ANE-LX1) AppleWebKit/537.36 (KHTML, like Gecko) Chrome/75.0.3770.101 Mobile Safari/537.36"
93.143.12.17 - - [14/Jul/2019:09:37:30 +0000] "GET /assets/plugins/flag/flags/4x3/it.svg HTTP/1.1" 200 856 "https://www.apartmanisostaric.com/assets/plugins/flag/css/flag-icon.css" "Mozilla/5.0 (Linux; Android 9; ANE-LX1) AppleWebKit/537.36 (KHTML, like Gecko) Chrome/75.0.3770.101 Mobile Safari/537.36"
93.143.12.17 - - [14/Jul/2019:09:37:30 +0000] "GET /assets/plugins/flag/flags/4x3/de.svg HTTP/1.1" 200 322 "https://www.apartmanisostaric.com/assets/plugins/flag/css/flag-icon.css" "Mozilla/5.0 (Linux; Android 9; ANE-LX1) AppleWebKit/537.36 (KHTML, like Gecko) Chrome/75.0.3770.101 Mobile Safari/537.36"
93.143.12.17 - - [14/Jul/2019:09:37:30 +0000] "GET /images/header.jpg HTTP/1.1" 200 112043 "https://www.apartmanisostaric.com/css/styles.css?v=9" "Mozilla/5.0 (Linux; Android 9; ANE-LX1) AppleWebKit/537.36 (KHTML, like Gecko) Chrome/75.0.3770.101 Mobile Safari/537.36"
93.143.12.17 - - [14/Jul/2019:09:37:30 +0000] "GET /images/stolni-tenis.jpg HTTP/1.1" 200 296229 "https://www.apartmanisostaric.com/apartmani/apartman-za-4-osobe-B2-2" "Mozilla/5.0 (Linux; Android 9; ANE-LX1) AppleWebKit/537.36 (KHTML, like Gecko) Chrome/75.0.3770.101 Mobile Safari/537.36"
93.143.12.17 - - [14/Jul/2019:09:37:30 +0000] "GET /images/rostilj.jpg HTTP/1.1" 200 223554 "https://www.apartmanisostaric.com/apartmani/apartman-za-4-osobe-B2-2" "Mozilla/5.0 (Linux; Android 9; ANE-LX1) AppleWebKit/537.36 (KHTML, like Gecko) Chrome/75.0.3770.101 Mobile Safari/537.36"
93.143.12.17 - - [14/Jul/2019:09:37:31 +0000] "GET /images/peka.jpg HTTP/1.1" 200 248436 "https://www.apartmanisostaric.com/apartmani/apartman-za-4-osobe-B2-2" "Mozilla/5.0 (Linux; Android 9; ANE-LX1) AppleWebKit/537.36 (KHTML, like Gecko) Chrome/75.0.3770.101 Mobile Safari/537.36"
192.241.221.187 - - [14/Jul/2019:09:39:32 +0000] "POST /wp-admin/admin-post.php?page=wpim_manage_settings HTTP/1.1" 301 291 "-" "Mozilla/5.0 (Windows NT 6.1; WOW64) AppleWebKit/537.36 (KHTML, like Gecko) Chrome/36.0.1985.143 Safari/537.36"
192.241.221.187 - - [14/Jul/2019:09:39:53 +0000] "GET /wp-admin/admin-post.php?page=wpim_manage_settings HTTP/1.1" 404 1104 "http://apartmanisostaric.com/wp-admin/admin-post.php?page=wpim_manage_settings" "Mozilla/5.0 (Windows NT 6.1; WOW64) AppleWebKit/537.36 (KHTML, like Gecko) Chrome/36.0.1985.143 Safari/537.36"
192.241.221.187 - - [14/Jul/2019:09:40:54 +0000] "POST /wp-admin/admin-post.php?yp_remote_get=test HTTP/1.1" 301 284 "-" "Mozilla/5.0 (Windows NT 6.1; WOW64) AppleWebKit/537.36 (KHTML, like Gecko) Chrome/36.0.1985.143 Safari/537.36"
192.241.221.187 - - [14/Jul/2019:09:43:15 +0000] "POST /wp-admin/admin-post.php HTTP/1.1" 301 265 "-" "Mozilla/5.0 (Windows NT 6.1; WOW64) AppleWebKit/537.36 (KHTML, like Gecko) Chrome/36.0.1985.143 Safari/537.36"
137.226.113.27 - - [14/Jul/2019:09:44:13 +0000] "GET / HTTP/1.1" 200 6579 "-" "Mozilla/5.0 zgrab/0.x (compatible; Researchscan/t12ca; +http://researchscan.comsys.rwth-aachen.de)"
192.241.221.187 - - [14/Jul/2019:09:45:17 +0000] "GET / HTTP/1.1" 301 242 "-" "Mozilla/5.0 (Windows NT 6.1; Win64; x64; rv:64.0) Gecko/20100101 Firefox/64.0"
192.241.221.187 - - [14/Jul/2019:09:45:37 +0000] "GET / HTTP/1.1" 200 35334 "http://apartmanisostaric.com" "Mozilla/5.0 (Windows NT 6.1; Win64; x64; rv:64.0) Gecko/20100101 Firefox/64.0"
192.241.221.187 - - [14/Jul/2019:09:46:39 +0000] "POST /wp-admin/admin-post.php HTTP/1.1" 301 265 "-" "Mozilla/5.0 (Windows NT 6.1; WOW64) AppleWebKit/537.36 (KHTML, like Gecko) Chrome/36.0.1985.143 Safari/537.36"
173.252.127.38 - - [14/Jul/2019:09:47:27 +0000] "GET /images/social-share.jpg HTTP/1.1" 200 297686 "-" "facebookexternalhit/1.1 (+http://www.facebook.com/externalhit_uatext.php)"
192.241.221.187 - - [14/Jul/2019:09:47:39 +0000] "POST /wp-admin/admin-post.php?action=save&updated=true HTTP/1.1" 301 294 "-" "Mozilla/5.0 (Windows NT 6.1; WOW64) AppleWebKit/537.36 (KHTML, like Gecko) Chrome/36.0.1985.143 Safari/537.36"
192.241.221.187 - - [14/Jul/2019:09:49:41 +0000] "POST /wp-admin/admin-ajax.php?Action=EWD_UFAQ_UpdateOptions HTTP/1.1" 301 295 "-" "Mozilla/5.0 (Windows NT 6.1; WOW64) AppleWebKit/537.36 (KHTML, like Gecko) Chrome/36.0.1985.143 Safari/537.36"
216.244.66.200 - - [14/Jul/2019:09:50:52 +0000] "GET /robots.txt HTTP/1.1" 301 252 "-" "Mozilla/5.0 (compatible; DotBot/1.1; http://www.opensiteexplorer.org/dotbot, help@moz.com)"
216.244.66.200 - - [14/Jul/2019:09:50:53 +0000] "GET /robots.txt HTTP/1.1" 200 24 "-" "Mozilla/5.0 (compatible; DotBot/1.1; http://www.opensiteexplorer.org/dotbot, help@moz.com)"
46.229.168.149 - - [14/Jul/2019:09:52:30 +0000] "GET /robots.txt HTTP/1.1" 200 24 "-" "Mozilla/5.0 (compatible; SemrushBot/3~bl; +http://www.semrush.com/bot.html)"
46.229.168.132 - - [14/Jul/2019:09:52:31 +0000] "GET /en/tours/national-park-paklenica HTTP/1.1" 200 4710 "-" "Mozilla/5.0 (compatible; SemrushBot/3~bl; +http://www.semrush.com/bot.html)"
192.241.221.187 - - [14/Jul/2019:09:53:04 +0000] "POST /wp-admin/admin-post.php?page=wpim_manage_settings HTTP/1.1" 301 291 "-" "Mozilla/5.0 (Windows NT 6.1; WOW64) AppleWebKit/537.36 (KHTML, like Gecko) Chrome/36.0.1985.143 Safari/537.36"
192.241.221.187 - - [14/Jul/2019:09:53:05 +0000] "GET /wp-admin/admin-post.php?page=wpim_manage_settings HTTP/1.1" 404 1104 "http://apartmanisostaric.com/wp-admin/admin-post.php?page=wpim_manage_settings" "Mozilla/5.0 (Windows NT 6.1; WOW64) AppleWebKit/537.36 (KHTML, like Gecko) Chrome/36.0.1985.143 Safari/537.36"
192.241.221.187 - - [14/Jul/2019:09:54:37 +0000] "POST /wp-admin/admin-ajax.php HTTP/1.1" 301 265 "-" "Mozilla/5.0 (Windows NT 6.1; WOW64) AppleWebKit/537.36 (KHTML, like Gecko) Chrome/36.0.1985.143 Safari/537.36"
192.241.221.187 - - [14/Jul/2019:09:54:47 +0000] "GET /wp-admin/admin-ajax.php HTTP/1.1" 404 1104 "http://apartmanisostaric.com/wp-admin/admin-ajax.php" "Mozilla/5.0 (Windows NT 6.1; WOW64) AppleWebKit/537.36 (KHTML, like Gecko) Chrome/36.0.1985.143 Safari/537.36"
192.241.221.187 - - [14/Jul/2019:09:54:58 +0000] "POST /wp-admin/admin-post.php HTTP/1.1" 301 265 "-" "Mozilla/5.0 (Windows NT 6.1; WOW64) AppleWebKit/537.36 (KHTML, like Gecko) Chrome/36.0.1985.143 Safari/537.36"
192.241.221.187 - - [14/Jul/2019:09:57:34 +0000] "POST /wp-admin/admin-ajax.php HTTP/1.1" 301 265 "-" "Mozilla/5.0 (Windows NT 6.1; WOW64) AppleWebKit/537.36 (KHTML, like Gecko) Chrome/36.0.1985.143 Safari/537.36"
192.241.221.187 - - [14/Jul/2019:09:58:20 +0000] "POST /wp-admin/admin-post.php HTTP/1.1" 301 265 "-" "Mozilla/5.0 (Windows NT 6.1; WOW64) AppleWebKit/537.36 (KHTML, like Gecko) Chrome/36.0.1985.143 Safari/537.36"
192.241.221.187 - - [14/Jul/2019:09:59:36 +0000] "POST /wp-admin/admin-ajax.php?action=save&updated=true HTTP/1.1" 301 294 "-" "Mozilla/5.0 (Windows NT 6.1; WOW64) AppleWebKit/537.36 (KHTML, like Gecko) Chrome/36.0.1985.143 Safari/537.36"
192.241.221.187 - - [14/Jul/2019:10:00:11 +0000] "POST /wp-admin/admin-post.php?Action=EWD_UFAQ_UpdateOptions HTTP/1.1" 301 295 "-" "Mozilla/5.0 (Windows NT 6.1; WOW64) AppleWebKit/537.36 (KHTML, like Gecko) Chrome/36.0.1985.143 Safari/537.36"
192.241.221.187 - - [14/Jul/2019:10:00:32 +0000] "GET /wp-admin/admin-post.php?Action=EWD_UFAQ_UpdateOptions HTTP/1.1" 404 1104 "http://apartmanisostaric.com/wp-admin/admin-post.php?Action=EWD_UFAQ_UpdateOptions" "Mozilla/5.0 (Windows NT 6.1; WOW64) AppleWebKit/537.36 (KHTML, like Gecko) Chrome/36.0.1985.143 Safari/537.36"
192.241.221.187 - - [14/Jul/2019:10:05:31 +0000] "POST /wp-admin/admin-ajax.php?page=wpim_manage_settings HTTP/1.1" 301 291 "-" "Mozilla/5.0 (Windows NT 6.1; WOW64) AppleWebKit/537.36 (KHTML, like Gecko) Chrome/36.0.1985.143 Safari/537.36"
192.241.221.187 - - [14/Jul/2019:10:06:31 +0000] "POST /wp-admin/admin-post.php?yp_remote_get=test HTTP/1.1" 301 284 "-" "Mozilla/5.0 (Windows NT 6.1; WOW64) AppleWebKit/537.36 (KHTML, like Gecko) Chrome/36.0.1985.143 Safari/537.36"
192.241.221.187 - - [14/Jul/2019:10:06:52 +0000] "GET /wp-admin/admin-post.php?yp_remote_get=test HTTP/1.1" 404 1104 "http://apartmanisostaric.com/wp-admin/admin-post.php?yp_remote_get=test" "Mozilla/5.0 (Windows NT 6.1; WOW64) AppleWebKit/537.36 (KHTML, like Gecko) Chrome/36.0.1985.143 Safari/537.36"
192.241.221.187 - - [14/Jul/2019:10:09:14 +0000] "POST /wp-admin/admin-ajax.php HTTP/1.1" 301 265 "-" "Mozilla/5.0 (Windows NT 6.1; WOW64) AppleWebKit/537.36 (KHTML, like Gecko) Chrome/36.0.1985.143 Safari/537.36"
192.241.221.187 - - [14/Jul/2019:10:11:14 +0000] "POST /wp-admin/admin-ajax.php HTTP/1.1" 301 265 "-" "Mozilla/5.0 (Windows NT 6.1; WOW64) AppleWebKit/537.36 (KHTML, like Gecko) Chrome/36.0.1985.143 Safari/537.36"
192.241.221.187 - - [14/Jul/2019:10:12:00 +0000] "POST /wp-admin/admin-post.php HTTP/1.1" 301 265 "-" "Mozilla/5.0 (Windows NT 6.1; WOW64) AppleWebKit/537.36 (KHTML, like Gecko) Chrome/36.0.1985.143 Safari/537.36"
192.241.221.187 - - [14/Jul/2019:10:12:06 +0000] "GET /wp-admin/admin-post.php HTTP/1.1" 404 1104 "http://apartmanisostaric.com/wp-admin/admin-post.php" "Mozilla/5.0 (Windows NT 6.1; WOW64) AppleWebKit/537.36 (KHTML, like Gecko) Chrome/36.0.1985.143 Safari/537.36"
192.241.221.187 - - [14/Jul/2019:10:12:27 +0000] "POST /wp-admin/admin-post.php?action=save&updated=true HTTP/1.1" 301 294 "-" "Mozilla/5.0 (Windows NT 6.1; WOW64) AppleWebKit/537.36 (KHTML, like Gecko) Chrome/36.0.1985.143 Safari/537.36"
216.244.66.200 - - [14/Jul/2019:10:13:23 +0000] "GET /wp-content/uploads/IMG_7457.jpg HTTP/1.1" 404 1104 "-" "Mozilla/5.0 (compatible; DotBot/1.1; http://www.opensiteexplorer.org/dotbot, help@moz.com)"
192.241.221.187 - - [14/Jul/2019:10:14:48 +0000] "POST /wp-admin/admin-ajax.php?Action=EWD_UFAQ_UpdateOptions HTTP/1.1" 301 295 "-" "Mozilla/5.0 (Windows NT 6.1; WOW64) AppleWebKit/537.36 (KHTML, like Gecko) Chrome/36.0.1985.143 Safari/537.36"
192.241.221.187 - - [14/Jul/2019:10:17:40 +0000] "POST /wp-admin/admin-post.php HTTP/1.1" 301 265 "-" "Mozilla/5.0 (Windows NT 6.1; WOW64) AppleWebKit/537.36 (KHTML, like Gecko) Chrome/36.0.1985.143 Safari/537.36"
192.241.221.187 - - [14/Jul/2019:10:18:30 +0000] "POST /wp-admin/admin-ajax.php HTTP/1.1" 301 265 "-" "Mozilla/5.0 (Windows NT 6.1; WOW64) AppleWebKit/537.36 (KHTML, like Gecko) Chrome/36.0.1985.143 Safari/537.36"
192.241.221.187 - - [14/Jul/2019:10:18:31 +0000] "GET /wp-admin/admin-ajax.php HTTP/1.1" 404 1104 "http://apartmanisostaric.com/wp-admin/admin-ajax.php" "Mozilla/5.0 (Windows NT 6.1; WOW64) AppleWebKit/537.36 (KHTML, like Gecko) Chrome/36.0.1985.143 Safari/537.36"
46.229.168.133 - - [14/Jul/2019:10:26:26 +0000] "GET /hr/izleti/nacionalni-park-kornati HTTP/1.1" 200 4727 "-" "Mozilla/5.0 (compatible; SemrushBot/3~bl; +http://www.semrush.com/bot.html)"
192.241.221.187 - - [14/Jul/2019:10:26:54 +0000] "POST /wp-admin/admin-ajax.php?action=save&updated=true HTTP/1.1" 301 294 "-" "Mozilla/5.0 (Windows NT 6.1; WOW64) AppleWebKit/537.36 (KHTML, like Gecko) Chrome/36.0.1985.143 Safari/537.36"
192.241.221.187 - - [14/Jul/2019:10:36:00 +0000] "GET /wp-content/plugins/wp-gdpr-compliance/assets/js/admin.js HTTP/1.1" 301 298 "-" "Mozilla/5.0 (Windows NT 6.1; Win64; x64; rv:64.0) Gecko/20100101 Firefox/64.0"
192.241.221.187 - - [14/Jul/2019:10:36:06 +0000] "GET /wp-content/plugins/wp-gdpr-compliance/assets/js/admin.js HTTP/1.1" 404 1104 "https://apartmanisostaric.com/wp-content/plugins/wp-gdpr-compliance/assets/js/admin.js" "Mozilla/5.0 (Windows NT 6.1; Win64; x64; rv:64.0) Gecko/20100101 Firefox/64.0"
192.241.221.187 - - [14/Jul/2019:10:36:37 +0000] "GET /wp-content/plugins/blog-designer/js/designer.js HTTP/1.1" 301 289 "-" "Mozilla/5.0 (Windows NT 6.1; Win64; x64; rv:64.0) Gecko/20100101 Firefox/64.0"
192.241.221.187 - - [14/Jul/2019:10:36:47 +0000] "GET /wp-content/plugins/blog-designer/js/designer.js HTTP/1.1" 404 1104 "https://apartmanisostaric.com/wp-content/plugins/blog-designer/js/designer.js" "Mozilla/5.0 (Windows NT 6.1; Win64; x64; rv:64.0) Gecko/20100101 Firefox/64.0"
192.241.221.187 - - [14/Jul/2019:10:36:53 +0000] "GET /wp-content/plugins/wp-quick-booking-manager/assets/css/add_booking.css HTTP/1.1" 301 312 "-" "Mozilla/5.0 (Windows NT 6.1; Win64; x64; rv:64.0) Gecko/20100101 Firefox/64.0"
192.241.221.187 - - [14/Jul/2019:10:37:14 +0000] "GET /wp-content/plugins/wp-quick-booking-manager/assets/css/add_booking.css HTTP/1.1" 404 1104 "https://apartmanisostaric.com/wp-content/plugins/wp-quick-booking-manager/assets/css/add_booking.css" "Mozilla/5.0 (Windows NT 6.1; Win64; x64; rv:64.0) Gecko/20100101 Firefox/64.0"
192.241.221.187 - - [14/Jul/2019:10:37:35 +0000] "GET /wp-content/plugins/wp-piwik/js/wp-piwik.js HTTP/1.1" 301 284 "-" "Mozilla/5.0 (Windows NT 6.1; Win64; x64; rv:64.0) Gecko/20100101 Firefox/64.0"
216.244.66.200 - - [14/Jul/2019:10:41:35 +0000] "GET /robots.txt HTTP/1.1" 301 252 "-" "Mozilla/5.0 (compatible; DotBot/1.1; http://www.opensiteexplorer.org/dotbot, help@moz.com)"
216.244.66.200 - - [14/Jul/2019:10:41:35 +0000] "GET /robots.txt HTTP/1.1" 200 24 "-" "Mozilla/5.0 (compatible; DotBot/1.1; http://www.opensiteexplorer.org/dotbot, help@moz.com)"
170.130.1.122 - - [14/Jul/2019:10:42:48 +0000] "GET /wp-content/plugins/ubh/up.php HTTP/1.1" 301 271 "http://www.apartmanisostaric.com/wp-content/plugins/ubh/up.php" "Mozilla/5.0 (Windows NT 6.1; WOW64) AppleWebKit/537.36 (KHTML, like Gecko) Chrome/42.0.2311.152 Safari/537.36"
170.130.1.122 - - [14/Jul/2019:10:42:49 +0000] "GET /wp-content/plugins/ubh/up.php HTTP/1.1" 404 1104 "http://www.apartmanisostaric.com/wp-content/plugins/ubh/up.php" "Mozilla/5.0 (Windows NT 6.1; WOW64) AppleWebKit/537.36 (KHTML, like Gecko) Chrome/42.0.2311.152 Safari/537.36"
192.241.221.187 - - [14/Jul/2019:10:44:02 +0000] "GET /wp-content/plugins/wp-live-chat-software-for-wordpress/plugin_files/css/livechat.css HTTP/1.1" 301 326 "-" "Mozilla/5.0 (Windows NT 6.1; Win64; x64; rv:64.0) Gecko/20100101 Firefox/64.0"
192.241.221.187 - - [14/Jul/2019:10:44:43 +0000] "GET / HTTP/1.1" 301 242 "-" "Mozilla/5.0 (Windows NT 6.1; Win64; x64; rv:64.0) Gecko/20100101 Firefox/64.0"
192.241.221.187 - - [14/Jul/2019:10:46:24 +0000] "GET /wp-content/plugins/pretty-link/css/menu-styles.css HTTP/1.1" 301 292 "-" "Mozilla/5.0 (Windows NT 6.1; Win64; x64; rv:64.0) Gecko/20100101 Firefox/64.0"
81.22.47.59 - - [14/Jul/2019:10:47:03 +0000] "POST /?page_id=155 HTTP/1.1" 301 254 "http://www.apartmanisostaric.com/?page_id=155" "Mozilla/4.0 (compatible; MSIE 6.0; Windows NT 5.1; SV1)"
192.241.221.187 - - [14/Jul/2019:10:49:55 +0000] "GET /wp-content/plugins/userpro/scripts/scripts.min.js HTTP/1.1" 301 291 "-" "Mozilla/5.0 (Windows NT 6.1; Win64; x64; rv:64.0) Gecko/20100101 Firefox/64.0"
192.241.221.187 - - [14/Jul/2019:10:50:51 +0000] "GET /installer.php HTTP/1.1" 301 255 "-" "Mozilla/5.0 (Windows NT 6.1; Win64; x64; rv:64.0) Gecko/20100101 Firefox/64.0"
192.241.221.187 - - [14/Jul/2019:10:52:27 +0000] "GET /dup-installer/main.installer.php HTTP/1.1" 301 274 "-" "Mozilla/5.0 (Windows NT 6.1; Win64; x64; rv:64.0) Gecko/20100101 Firefox/64.0"
192.241.221.187 - - [14/Jul/2019:10:54:43 +0000] "GET /wp-ajax-hook.php HTTP/1.1" 301 258 "-" "Mozilla/5.0 (Windows NT 6.1; Win64; x64; rv:64.0) Gecko/20100101 Firefox/64.0"
216.244.66.200 - - [14/Jul/2019:10:55:23 +0000] "GET /en/it HTTP/1.1" 404 1104 "-" "Mozilla/5.0 (compatible; DotBot/1.1; http://www.opensiteexplorer.org/dotbot, help@moz.com)"
216.244.66.200 - - [14/Jul/2019:10:55:31 +0000] "GET /hr/apartmani/apartman-za-4-osobe-A2-2 HTTP/1.1" 200 24490 "-" "Mozilla/5.0 (compatible; DotBot/1.1; http://www.opensiteexplorer.org/dotbot, help@moz.com)"
216.244.66.200 - - [14/Jul/2019:10:55:34 +0000] "GET /it/escursioni/parco-nazionale-kornati HTTP/1.1" 200 21898 "-" "Mozilla/5.0 (compatible; DotBot/1.1; http://www.opensiteexplorer.org/dotbot, help@moz.com)"
192.241.221.187 - - [14/Jul/2019:10:56:19 +0000] "GET /wp-xml.php HTTP/1.1" 301 252 "-" "Mozilla/5.0 (Windows NT 6.1; Win64; x64; rv:64.0) Gecko/20100101 Firefox/64.0"
192.241.221.187 - - [14/Jul/2019:10:57:19 +0000] "GET /newsleter.php HTTP/1.1" 301 255 "-" "Mozilla/5.0 (Windows NT 6.1; Win64; x64; rv:64.0) Gecko/20100101 Firefox/64.0"
192.241.221.187 - - [14/Jul/2019:10:57:35 +0000] "GET /newsleter.php HTTP/1.1" 404 1104 "https://apartmanisostaric.com/newsleter.php" "Mozilla/5.0 (Windows NT 6.1; Win64; x64; rv:64.0) Gecko/20100101 Firefox/64.0"
192.241.221.187 - - [14/Jul/2019:10:57:56 +0000] "GET /content-post.php HTTP/1.1" 301 258 "-" "Mozilla/5.0 (Windows NT 6.1; Win64; x64; rv:64.0) Gecko/20100101 Firefox/64.0"
192.241.221.187 - - [14/Jul/2019:10:58:16 +0000] "GET /content-post.php HTTP/1.1" 404 1104 "https://apartmanisostaric.com/content-post.php" "Mozilla/5.0 (Windows NT 6.1; Win64; x64; rv:64.0) Gecko/20100101 Firefox/64.0"
46.229.168.137 - - [14/Jul/2019:10:59:30 +0000] "GET /robots.txt HTTP/1.1" 200 24 "-" "Mozilla/5.0 (compatible; SemrushBot/6~bl; +http://www.semrush.com/bot.html)"
46.229.168.137 - - [14/Jul/2019:10:59:30 +0000] "GET /hr/izleti/nacionalni-park-kornati HTTP/1.1" 200 4725 "-" "Mozilla/5.0 (compatible; SemrushBot/6~bl; +http://www.semrush.com/bot.html)"
192.241.221.187 - - [14/Jul/2019:11:01:02 +0000] "GET /wp-ajax-hook.php.suspected HTTP/1.1" 301 268 "-" "Mozilla/5.0 (Windows NT 6.1; Win64; x64; rv:64.0) Gecko/20100101 Firefox/64.0"
216.244.66.200 - - [14/Jul/2019:11:04:01 +0000] "GET /wp-content/uploads/1.jpg HTTP/1.1" 404 1104 "-" "Mozilla/5.0 (compatible; DotBot/1.1; http://www.opensiteexplorer.org/dotbot, help@moz.com)"
216.244.66.200 - - [14/Jul/2019:11:04:04 +0000] "GET /wp-content/uploads/3zd.jpg HTTP/1.1" 404 1104 "-" "Mozilla/5.0 (compatible; DotBot/1.1; http://www.opensiteexplorer.org/dotbot, help@moz.com)"
89.143.208.253 - - [14/Jul/2019:11:07:39 +0000] "GET /images/slider1.jpg HTTP/1.1" 200 306224 "https://www.google.com/" "Mozilla/5.0 (Windows NT 10.0; Win64; x64; rv:68.0) Gecko/20100101 Firefox/68.0"
192.241.221.187 - - [14/Jul/2019:11:09:14 +0000] "GET /wp-content/plugins/woocommerce-abandoned-cart/assets/js/abandoncart_plugin_button.js HTTP/1.1" 301 326 "-" "Mozilla/5.0 (Windows NT 6.1; Win64; x64; rv:64.0) Gecko/20100101 Firefox/64.0"
192.241.221.187 - - [14/Jul/2019:11:09:20 +0000] "GET /wp-content/plugins/woocommerce-abandoned-cart/assets/js/abandoncart_plugin_button.js HTTP/1.1" 404 1104 "https://apartmanisostaric.com/wp-content/plugins/woocommerce-abandoned-cart/assets/js/abandoncart_plugin_button.js" "Mozilla/5.0 (Windows NT 6.1; Win64; x64; rv:64.0) Gecko/20100101 Firefox/64.0"
192.241.221.187 - - [14/Jul/2019:11:09:31 +0000] "POST /wp-admin/admin-ajax.php HTTP/1.1" 301 265 "-" "Mozilla/5.0 (Windows NT 6.1; WOW64) AppleWebKit/537.36 (KHTML, like Gecko) Chrome/36.0.1985.143 Safari/537.36"
31.217.37.24 - - [14/Jul/2019:11:10:08 +0000] "GET /images/slider1.jpg HTTP/1.1" 200 306224 "https://www.google.com/blank.html" "Mozilla/5.0 (Linux; Android 8.0.0; WAS-LX1 Build/HUAWEIWAS-LX1; wv) AppleWebKit/537.36 (KHTML, like Gecko) Version/4.0 Chrome/73.0.3683.90 Mobile Safari/537.36 GSA/9.31.8.21.arm64"
192.241.221.187 - - [14/Jul/2019:11:11:06 +0000] "POST /wp-admin/admin-ajax.php HTTP/1.1" 301 265 "-" "Mozilla/5.0 (Windows NT 6.1; WOW64) AppleWebKit/537.36 (KHTML, like Gecko) Chrome/36.0.1985.143 Safari/537.36"
192.241.221.187 - - [14/Jul/2019:11:14:47 +0000] "POST /wp-admin/admin-ajax.php HTTP/1.1" 301 265 "-" "Mozilla/5.0 (Windows NT 6.1; WOW64) AppleWebKit/537.36 (KHTML, like Gecko) Chrome/36.0.1985.143 Safari/537.36"
157.55.39.1 - - [14/Jul/2019:11:16:26 +0000] "GET /robots.txt HTTP/1.1" 200 24 "-" "Mozilla/5.0 (compatible; bingbot/2.0; +http://www.bing.com/bingbot.htm)"
157.55.39.1 - - [14/Jul/2019:11:16:28 +0000] "GET /robots.txt HTTP/1.1" 200 24 "-" "Mozilla/5.0 (compatible; bingbot/2.0; +http://www.bing.com/bingbot.htm)"
207.46.13.26 - - [14/Jul/2019:11:16:31 +0000] "GET /pravila-privatnosti HTTP/1.1" 200 6549 "-" "Mozilla/5.0 (compatible; bingbot/2.0; +http://www.bing.com/bingbot.htm)"
157.55.39.230 - - [14/Jul/2019:11:16:40 +0000] "GET /assets/js/cookieconsent.min.js HTTP/1.1" 200 6849 "-" "Mozilla/5.0 (compatible; bingbot/2.0; +http://www.bing.com/bingbot.htm)"
157.55.39.230 - - [14/Jul/2019:11:16:40 +0000] "GET /css/bootstrap-select.min.css HTTP/1.1" 200 1411 "-" "Mozilla/5.0 (compatible; bingbot/2.0; +http://www.bing.com/bingbot.htm)"
157.55.39.230 - - [14/Jul/2019:11:16:40 +0000] "GET /css/font-awesome.min.css HTTP/1.1" 200 6965 "-" "Mozilla/5.0 (compatible; bingbot/2.0; +http://www.bing.com/bingbot.htm)"
157.55.39.230 - - [14/Jul/2019:11:16:40 +0000] "GET /js/jquery-1.12.4.min.js HTTP/1.1" 200 33760 "-" "Mozilla/5.0 (compatible; bingbot/2.0; +http://www.bing.com/bingbot.htm)"
207.46.13.26 - - [14/Jul/2019:11:16:44 +0000] "GET /js/owl.carousel.min.js HTTP/1.1" 200 10926 "-" "Mozilla/5.0 (compatible; bingbot/2.0; +http://www.bing.com/bingbot.htm)"
207.46.13.177 - - [14/Jul/2019:11:16:49 +0000] "GET /css/ionicons.min.css HTTP/1.1" 200 8406 "-" "Mozilla/5.0 (compatible; bingbot/2.0; +http://www.bing.com/bingbot.htm)"
207.46.13.177 - - [14/Jul/2019:11:16:49 +0000] "GET /js/bootstrap-select.js HTTP/1.1" 200 13000 "-" "Mozilla/5.0 (compatible; bingbot/2.0; +http://www.bing.com/bingbot.htm)"
207.46.13.177 - - [14/Jul/2019:11:16:49 +0000] "GET /js/bootstrap.min.js HTTP/1.1" 200 9675 "-" "Mozilla/5.0 (compatible; bingbot/2.0; +http://www.bing.com/bingbot.htm)"
