172.68.222.86 - - [25/Jun/2019:13:56:02 +0000] "GET /unitegallery/skins/default/grid_handle_black_top.png HTTP/1.1" 200 942 "https://www.cheapridetransfers.com/tours/biokovo-mountain-tour" "Mozilla/5.0 (iPad; CPU OS 9_3_5 like Mac OS X) AppleWebKit/601.1.46 (KHTML, like Gecko) Version/9.0 Mobile/13G36 Safari/601.1"
172.68.222.56 - - [25/Jun/2019:13:56:02 +0000] "GET /unitegallery/skins/default/slider_arrow_left.png HTTP/1.1" 200 470 "https://www.cheapridetransfers.com/tours/biokovo-mountain-tour" "Mozilla/5.0 (iPad; CPU OS 9_3_5 like Mac OS X) AppleWebKit/601.1.46 (KHTML, like Gecko) Version/9.0 Mobile/13G36 Safari/601.1"
172.68.222.44 - - [25/Jun/2019:13:56:02 +0000] "GET /unitegallery/images/loader-white1.gif HTTP/1.1" 200 2545 "https://www.cheapridetransfers.com/tours/biokovo-mountain-tour" "Mozilla/5.0 (iPad; CPU OS 9_3_5 like Mac OS X) AppleWebKit/601.1.46 (KHTML, like Gecko) Version/9.0 Mobile/13G36 Safari/601.1"
172.68.222.74 - - [25/Jun/2019:13:56:02 +0000] "GET /unitegallery/images/not_loaded.png HTTP/1.1" 200 858 "https://www.cheapridetransfers.com/tours/biokovo-mountain-tour" "Mozilla/5.0 (iPad; CPU OS 9_3_5 like Mac OS X) AppleWebKit/601.1.46 (KHTML, like Gecko) Version/9.0 Mobile/13G36 Safari/601.1"
172.68.222.38 - - [25/Jun/2019:13:56:02 +0000] "GET /unitegallery/images/loader.gif HTTP/1.1" 200 673 "https://www.cheapridetransfers.com/tours/biokovo-mountain-tour" "Mozilla/5.0 (iPad; CPU OS 9_3_5 like Mac OS X) AppleWebKit/601.1.46 (KHTML, like Gecko) Version/9.0 Mobile/13G36 Safari/601.1"
172.68.222.56 - - [25/Jun/2019:13:56:02 +0000] "GET /unitegallery/images/button-close.png HTTP/1.1" 200 7155 "https://www.cheapridetransfers.com/tours/biokovo-mountain-tour" "Mozilla/5.0 (iPad; CPU OS 9_3_5 like Mac OS X) AppleWebKit/601.1.46 (KHTML, like Gecko) Version/9.0 Mobile/13G36 Safari/601.1"
172.68.222.8 - - [25/Jun/2019:13:56:02 +0000] "GET /unitegallery/skins/default/button_fullscreen.png HTTP/1.1" 200 1050 "https://www.cheapridetransfers.com/tours/biokovo-mountain-tour" "Mozilla/5.0 (iPad; CPU OS 9_3_5 like Mac OS X) AppleWebKit/601.1.46 (KHTML, like Gecko) Version/9.0 Mobile/13G36 Safari/601.1"
172.68.222.32 - - [25/Jun/2019:13:56:02 +0000] "GET /unitegallery/skins/default/slider_arrow_right.png HTTP/1.1" 200 493 "https://www.cheapridetransfers.com/tours/biokovo-mountain-tour" "Mozilla/5.0 (iPad; CPU OS 9_3_5 like Mac OS X) AppleWebKit/601.1.46 (KHTML, like Gecko) Version/9.0 Mobile/13G36 Safari/601.1"
172.68.222.86 - - [25/Jun/2019:13:56:02 +0000] "GET /uploads/images/5cf6972392780e27904802109336c633.jpg HTTP/1.1" 200 140686 "https://www.cheapridetransfers.com/tours/biokovo-mountain-tour" "Mozilla/5.0 (iPad; CPU OS 9_3_5 like Mac OS X) AppleWebKit/601.1.46 (KHTML, like Gecko) Version/9.0 Mobile/13G36 Safari/601.1"
172.68.222.74 - - [25/Jun/2019:13:56:02 +0000] "GET /uploads/images/9887381e09daad70e92ac6bddb87273d.jpg HTTP/1.1" 200 199121 "https://www.cheapridetransfers.com/tours/biokovo-mountain-tour" "Mozilla/5.0 (iPad; CPU OS 9_3_5 like Mac OS X) AppleWebKit/601.1.46 (KHTML, like Gecko) Version/9.0 Mobile/13G36 Safari/601.1"
172.68.222.32 - - [25/Jun/2019:13:56:46 +0000] "POST /startlocation HTTP/1.1" 200 2 "https://www.cheapridetransfers.com/tours/biokovo-mountain-tour" "Mozilla/5.0 (iPad; CPU OS 9_3_5 like Mac OS X) AppleWebKit/601.1.46 (KHTML, like Gecko) Version/9.0 Mobile/13G36 Safari/601.1"
172.68.222.32 - - [25/Jun/2019:13:56:47 +0000] "POST /startlocation HTTP/1.1" 200 291 "https://www.cheapridetransfers.com/tours/biokovo-mountain-tour" "Mozilla/5.0 (iPad; CPU OS 9_3_5 like Mac OS X) AppleWebKit/601.1.46 (KHTML, like Gecko) Version/9.0 Mobile/13G36 Safari/601.1"
172.68.222.32 - - [25/Jun/2019:13:56:48 +0000] "POST /startlocation HTTP/1.1" 200 2 "https://www.cheapridetransfers.com/tours/biokovo-mountain-tour" "Mozilla/5.0 (iPad; CPU OS 9_3_5 like Mac OS X) AppleWebKit/601.1.46 (KHTML, like Gecko) Version/9.0 Mobile/13G36 Safari/601.1"
172.68.222.32 - - [25/Jun/2019:13:56:48 +0000] "POST /startlocation HTTP/1.1" 200 2 "https://www.cheapridetransfers.com/tours/biokovo-mountain-tour" "Mozilla/5.0 (iPad; CPU OS 9_3_5 like Mac OS X) AppleWebKit/601.1.46 (KHTML, like Gecko) Version/9.0 Mobile/13G36 Safari/601.1"
172.68.222.32 - - [25/Jun/2019:13:56:52 +0000] "POST /startlocation HTTP/1.1" 200 79 "https://www.cheapridetransfers.com/tours/biokovo-mountain-tour" "Mozilla/5.0 (iPad; CPU OS 9_3_5 like Mac OS X) AppleWebKit/601.1.46 (KHTML, like Gecko) Version/9.0 Mobile/13G36 Safari/601.1"
172.68.222.32 - - [25/Jun/2019:13:56:53 +0000] "POST /startlocation HTTP/1.1" 200 79 "https://www.cheapridetransfers.com/tours/biokovo-mountain-tour" "Mozilla/5.0 (iPad; CPU OS 9_3_5 like Mac OS X) AppleWebKit/601.1.46 (KHTML, like Gecko) Version/9.0 Mobile/13G36 Safari/601.1"
172.68.222.32 - - [25/Jun/2019:13:56:53 +0000] "POST /startlocation HTTP/1.1" 200 79 "https://www.cheapridetransfers.com/tours/biokovo-mountain-tour" "Mozilla/5.0 (iPad; CPU OS 9_3_5 like Mac OS X) AppleWebKit/601.1.46 (KHTML, like Gecko) Version/9.0 Mobile/13G36 Safari/601.1"
172.68.222.32 - - [25/Jun/2019:13:57:03 +0000] "POST /endlocation HTTP/1.1" 200 48 "https://www.cheapridetransfers.com/tours/biokovo-mountain-tour" "Mozilla/5.0 (iPad; CPU OS 9_3_5 like Mac OS X) AppleWebKit/601.1.46 (KHTML, like Gecko) Version/9.0 Mobile/13G36 Safari/601.1"
172.68.222.32 - - [25/Jun/2019:13:57:04 +0000] "POST /endlocation HTTP/1.1" 200 48 "https://www.cheapridetransfers.com/tours/biokovo-mountain-tour" "Mozilla/5.0 (iPad; CPU OS 9_3_5 like Mac OS X) AppleWebKit/601.1.46 (KHTML, like Gecko) Version/9.0 Mobile/13G36 Safari/601.1"
172.68.222.32 - - [25/Jun/2019:13:57:07 +0000] "POST /endlocation HTTP/1.1" 200 2 "https://www.cheapridetransfers.com/tours/biokovo-mountain-tour" "Mozilla/5.0 (iPad; CPU OS 9_3_5 like Mac OS X) AppleWebKit/601.1.46 (KHTML, like Gecko) Version/9.0 Mobile/13G36 Safari/601.1"
172.68.222.32 - - [25/Jun/2019:13:57:08 +0000] "POST /endlocation HTTP/1.1" 200 2 "https://www.cheapridetransfers.com/tours/biokovo-mountain-tour" "Mozilla/5.0 (iPad; CPU OS 9_3_5 like Mac OS X) AppleWebKit/601.1.46 (KHTML, like Gecko) Version/9.0 Mobile/13G36 Safari/601.1"
172.68.222.32 - - [25/Jun/2019:13:57:08 +0000] "POST /endlocation HTTP/1.1" 200 2 "https://www.cheapridetransfers.com/tours/biokovo-mountain-tour" "Mozilla/5.0 (iPad; CPU OS 9_3_5 like Mac OS X) AppleWebKit/601.1.46 (KHTML, like Gecko) Version/9.0 Mobile/13G36 Safari/601.1"
172.68.222.32 - - [25/Jun/2019:13:57:11 +0000] "POST /endlocation HTTP/1.1" 200 2 "https://www.cheapridetransfers.com/tours/biokovo-mountain-tour" "Mozilla/5.0 (iPad; CPU OS 9_3_5 like Mac OS X) AppleWebKit/601.1.46 (KHTML, like Gecko) Version/9.0 Mobile/13G36 Safari/601.1"
172.68.222.32 - - [25/Jun/2019:13:57:12 +0000] "POST /endlocation HTTP/1.1" 200 48 "https://www.cheapridetransfers.com/tours/biokovo-mountain-tour" "Mozilla/5.0 (iPad; CPU OS 9_3_5 like Mac OS X) AppleWebKit/601.1.46 (KHTML, like Gecko) Version/9.0 Mobile/13G36 Safari/601.1"
172.68.222.32 - - [25/Jun/2019:13:57:14 +0000] "POST /endlocation HTTP/1.1" 200 48 "https://www.cheapridetransfers.com/tours/biokovo-mountain-tour" "Mozilla/5.0 (iPad; CPU OS 9_3_5 like Mac OS X) AppleWebKit/601.1.46 (KHTML, like Gecko) Version/9.0 Mobile/13G36 Safari/601.1"
172.68.222.32 - - [25/Jun/2019:13:57:15 +0000] "POST /endlocation HTTP/1.1" 200 48 "https://www.cheapridetransfers.com/tours/biokovo-mountain-tour" "Mozilla/5.0 (iPad; CPU OS 9_3_5 like Mac OS X) AppleWebKit/601.1.46 (KHTML, like Gecko) Version/9.0 Mobile/13G36 Safari/601.1"
172.68.222.32 - - [25/Jun/2019:13:57:18 +0000] "POST /endlocation HTTP/1.1" 200 48 "https://www.cheapridetransfers.com/tours/biokovo-mountain-tour" "Mozilla/5.0 (iPad; CPU OS 9_3_5 like Mac OS X) AppleWebKit/601.1.46 (KHTML, like Gecko) Version/9.0 Mobile/13G36 Safari/601.1"
172.68.222.32 - - [25/Jun/2019:13:57:18 +0000] "POST /endlocation HTTP/1.1" 200 48 "https://www.cheapridetransfers.com/tours/biokovo-mountain-tour" "Mozilla/5.0 (iPad; CPU OS 9_3_5 like Mac OS X) AppleWebKit/601.1.46 (KHTML, like Gecko) Version/9.0 Mobile/13G36 Safari/601.1"
141.101.88.134 - - [25/Jun/2019:13:57:38 +0000] "GET /hr/destinacije/korenica HTTP/1.1" 200 42755 "-" "Mozilla/5.0 (compatible; AhrefsBot/6.1; +http://ahrefs.com/robot/)"
172.68.222.32 - - [25/Jun/2019:13:57:40 +0000] "GET /search?start_location=Makarska&end_location=Veliko+Brdo+%28Makarska%29&date=26.06.2019 HTTP/1.1" 302 556 "https://www.cheapridetransfers.com/tours/biokovo-mountain-tour" "Mozilla/5.0 (iPad; CPU OS 9_3_5 like Mac OS X) AppleWebKit/601.1.46 (KHTML, like Gecko) Version/9.0 Mobile/13G36 Safari/601.1"
172.68.222.32 - - [25/Jun/2019:13:57:40 +0000] "GET /taxi-transfer/makarska/veliko-brdo-makarska HTTP/1.1" 200 39487 "https://www.cheapridetransfers.com/tours/biokovo-mountain-tour" "Mozilla/5.0 (iPad; CPU OS 9_3_5 like Mac OS X) AppleWebKit/601.1.46 (KHTML, like Gecko) Version/9.0 Mobile/13G36 Safari/601.1"
172.69.226.187 - - [25/Jun/2019:13:59:05 +0000] "GET /hr/destinacije/suhac HTTP/1.1" 200 42721 "-" "Mozilla/5.0 (compatible; AhrefsBot/6.1; +http://ahrefs.com/robot/)"
108.162.241.130 - - [25/Jun/2019:13:59:31 +0000] "GET /taxi-transfer/split-airport/dubrovnik HTTP/1.1" 200 43835 "-" "Mozilla/5.0 (compatible; SemrushBot/3~bl; +http://www.semrush.com/bot.html)"
172.68.211.56 - - [25/Jun/2019:14:01:41 +0000] "GET /hr/destinacije/slano HTTP/1.1" 200 42911 "-" "Mozilla/5.0 (compatible; Googlebot/2.1; +http://www.google.com/bot.html)"
162.158.93.193 - - [25/Jun/2019:14:04:59 +0000] "GET /destinations/udbina HTTP/1.1" 200 42551 "https://www.google.co.uk/" "Mozilla/5.0 (iPhone; CPU iPhone OS 12_3_1 like Mac OS X) AppleWebKit/605.1.15 (KHTML, like Gecko) Version/12.1.1 Mobile/15E148 Safari/604.1"
162.158.92.146 - - [25/Jun/2019:14:05:01 +0000] "GET /fonts/fontawesome-webfont.woff2?v=4.7.0 HTTP/1.1" 200 77160 "https://www.cheapridetransfers.com/destinations/udbina" "Mozilla/5.0 (iPhone; CPU iPhone OS 12_3_1 like Mac OS X) AppleWebKit/605.1.15 (KHTML, like Gecko) Version/12.1.1 Mobile/15E148 Safari/604.1"
162.158.92.32 - - [25/Jun/2019:14:05:01 +0000] "GET /font/fontello.woff?32974303 HTTP/1.1" 200 320576 "https://www.cheapridetransfers.com/destinations/udbina" "Mozilla/5.0 (iPhone; CPU iPhone OS 12_3_1 like Mac OS X) AppleWebKit/605.1.15 (KHTML, like Gecko) Version/12.1.1 Mobile/15E148 Safari/604.1"
162.158.90.112 - - [25/Jun/2019:14:05:02 +0000] "GET /favicon-16x16.png HTTP/1.1" 200 884 "https://www.cheapridetransfers.com/destinations/udbina" "Mozilla/5.0 (iPhone; CPU iPhone OS 12_3_1 like Mac OS X) AppleWebKit/605.1.15 (KHTML, like Gecko) Version/12.1.1 Mobile/15E148 Safari/604.1"
162.158.93.193 - - [25/Jun/2019:14:05:13 +0000] "POST /startlocation HTTP/1.1" 200 2 "https://www.cheapridetransfers.com/destinations/udbina" "Mozilla/5.0 (iPhone; CPU iPhone OS 12_3_1 like Mac OS X) AppleWebKit/605.1.15 (KHTML, like Gecko) Version/12.1.1 Mobile/15E148 Safari/604.1"
162.158.93.193 - - [25/Jun/2019:14:05:14 +0000] "POST /startlocation HTTP/1.1" 200 2 "https://www.cheapridetransfers.com/destinations/udbina" "Mozilla/5.0 (iPhone; CPU iPhone OS 12_3_1 like Mac OS X) AppleWebKit/605.1.15 (KHTML, like Gecko) Version/12.1.1 Mobile/15E148 Safari/604.1"
162.158.93.193 - - [25/Jun/2019:14:05:15 +0000] "POST /startlocation HTTP/1.1" 200 2 "https://www.cheapridetransfers.com/destinations/udbina" "Mozilla/5.0 (iPhone; CPU iPhone OS 12_3_1 like Mac OS X) AppleWebKit/605.1.15 (KHTML, like Gecko) Version/12.1.1 Mobile/15E148 Safari/604.1"
162.158.93.193 - - [25/Jun/2019:14:05:16 +0000] "POST /startlocation HTTP/1.1" 200 2 "https://www.cheapridetransfers.com/destinations/udbina" "Mozilla/5.0 (iPhone; CPU iPhone OS 12_3_1 like Mac OS X) AppleWebKit/605.1.15 (KHTML, like Gecko) Version/12.1.1 Mobile/15E148 Safari/604.1"
162.158.93.193 - - [25/Jun/2019:14:05:17 +0000] "POST /startlocation HTTP/1.1" 200 2 "https://www.cheapridetransfers.com/destinations/udbina" "Mozilla/5.0 (iPhone; CPU iPhone OS 12_3_1 like Mac OS X) AppleWebKit/605.1.15 (KHTML, like Gecko) Version/12.1.1 Mobile/15E148 Safari/604.1"
162.158.93.193 - - [25/Jun/2019:14:05:18 +0000] "POST /startlocation HTTP/1.1" 200 2 "https://www.cheapridetransfers.com/destinations/udbina" "Mozilla/5.0 (iPhone; CPU iPhone OS 12_3_1 like Mac OS X) AppleWebKit/605.1.15 (KHTML, like Gecko) Version/12.1.1 Mobile/15E148 Safari/604.1"
162.158.93.193 - - [25/Jun/2019:14:05:18 +0000] "POST /startlocation HTTP/1.1" 200 2 "https://www.cheapridetransfers.com/destinations/udbina" "Mozilla/5.0 (iPhone; CPU iPhone OS 12_3_1 like Mac OS X) AppleWebKit/605.1.15 (KHTML, like Gecko) Version/12.1.1 Mobile/15E148 Safari/604.1"
162.158.93.193 - - [25/Jun/2019:14:05:21 +0000] "POST /endlocation HTTP/1.1" 200 2 "https://www.cheapridetransfers.com/destinations/udbina" "Mozilla/5.0 (iPhone; CPU iPhone OS 12_3_1 like Mac OS X) AppleWebKit/605.1.15 (KHTML, like Gecko) Version/12.1.1 Mobile/15E148 Safari/604.1"
162.158.93.193 - - [25/Jun/2019:14:05:22 +0000] "POST /endlocation HTTP/1.1" 200 2 "https://www.cheapridetransfers.com/destinations/udbina" "Mozilla/5.0 (iPhone; CPU iPhone OS 12_3_1 like Mac OS X) AppleWebKit/605.1.15 (KHTML, like Gecko) Version/12.1.1 Mobile/15E148 Safari/604.1"
162.158.93.193 - - [25/Jun/2019:14:05:23 +0000] "POST /endlocation HTTP/1.1" 200 2 "https://www.cheapridetransfers.com/destinations/udbina" "Mozilla/5.0 (iPhone; CPU iPhone OS 12_3_1 like Mac OS X) AppleWebKit/605.1.15 (KHTML, like Gecko) Version/12.1.1 Mobile/15E148 Safari/604.1"
162.158.93.193 - - [25/Jun/2019:14:05:26 +0000] "GET /search?start_location=Ubdina+airfield&end_location=Ubdina+town&date=25.06.2019 HTTP/1.1" 302 428 "https://www.cheapridetransfers.com/destinations/udbina" "Mozilla/5.0 (iPhone; CPU iPhone OS 12_3_1 like Mac OS X) AppleWebKit/605.1.15 (KHTML, like Gecko) Version/12.1.1 Mobile/15E148 Safari/604.1"
162.158.93.193 - - [25/Jun/2019:14:05:26 +0000] "GET /get-a-quote HTTP/1.1" 200 15618 "https://www.cheapridetransfers.com/destinations/udbina" "Mozilla/5.0 (iPhone; CPU iPhone OS 12_3_1 like Mac OS X) AppleWebKit/605.1.15 (KHTML, like Gecko) Version/12.1.1 Mobile/15E148 Safari/604.1"
172.69.54.127 - - [25/Jun/2019:14:05:30 +0000] "GET /en/taxi-transfer/split-airport/zmijavci HTTP/1.1" 200 42129 "-" "Mozilla/5.0 (compatible; AhrefsBot/6.1; +http://ahrefs.com/robot/)"
162.158.93.193 - - [25/Jun/2019:14:06:32 +0000] "POST /mail HTTP/1.1" 302 420 "https://www.cheapridetransfers.com/get-a-quote" "Mozilla/5.0 (iPhone; CPU iPhone OS 12_3_1 like Mac OS X) AppleWebKit/605.1.15 (KHTML, like Gecko) Version/12.1.1 Mobile/15E148 Safari/604.1"
162.158.93.193 - - [25/Jun/2019:14:06:33 +0000] "GET /thank-you HTTP/1.1" 200 15751 "https://www.cheapridetransfers.com/get-a-quote" "Mozilla/5.0 (iPhone; CPU iPhone OS 12_3_1 like Mac OS X) AppleWebKit/605.1.15 (KHTML, like Gecko) Version/12.1.1 Mobile/15E148 Safari/604.1"
162.158.88.180 - - [25/Jun/2019:14:06:33 +0000] "GET /img/tape.png HTTP/1.1" 200 6075 "https://www.cheapridetransfers.com/thank-you" "Mozilla/5.0 (iPhone; CPU iPhone OS 12_3_1 like Mac OS X) AppleWebKit/605.1.15 (KHTML, like Gecko) Version/12.1.1 Mobile/15E148 Safari/604.1"
162.158.90.112 - - [25/Jun/2019:14:06:33 +0000] "GET /img/banner_bg.png HTTP/1.1" 200 44768 "https://www.cheapridetransfers.com/thank-you" "Mozilla/5.0 (iPhone; CPU iPhone OS 12_3_1 like Mac OS X) AppleWebKit/605.1.15 (KHTML, like Gecko) Version/12.1.1 Mobile/15E148 Safari/604.1"
162.158.93.193 - - [25/Jun/2019:14:06:59 +0000] "GET /destinations/udbina HTTP/1.1" 200 42551 "https://www.google.co.uk/" "Mozilla/5.0 (iPhone; CPU iPhone OS 12_3_1 like Mac OS X) AppleWebKit/605.1.15 (KHTML, like Gecko) Version/12.1.1 Mobile/15E148 Safari/604.1"
172.69.234.138 - - [25/Jun/2019:14:07:58 +0000] "GET / HTTP/1.1" 200 19270 "-" "FreeWebMonitoring SiteChecker/0.2 (+https://www.freewebmonitoring.com/bot.html)"
162.158.111.95 - - [25/Jun/2019:14:08:15 +0000] "GET /hr/destinacije/trnava HTTP/1.1" 200 42723 "-" "Mozilla/5.0 (compatible; AhrefsBot/6.1; +http://ahrefs.com/robot/)"
172.69.55.38 - - [25/Jun/2019:14:08:41 +0000] "GET /destinations HTTP/1.1" 200 80580 "-" "Mozilla/5.0 (compatible; AhrefsBot/6.1; +http://ahrefs.com/robot/)"
172.68.211.98 - - [25/Jun/2019:14:13:00 +0000] "GET /hr/destinacije/bribir-vinodol HTTP/1.1" 200 42879 "-" "Mozilla/5.0 (compatible; Googlebot/2.1; +http://www.google.com/bot.html)"
141.101.88.224 - - [25/Jun/2019:14:16:58 +0000] "GET /hr/destinacije/cista-velika HTTP/1.1" 200 42833 "-" "Mozilla/5.0 (compatible; AhrefsBot/6.1; +http://ahrefs.com/robot/)"
141.101.88.224 - - [25/Jun/2019:14:17:27 +0000] "GET /hr/destinations/stari-mikanovci HTTP/1.1" 302 504 "-" "Mozilla/5.0 (compatible; AhrefsBot/6.1; +http://ahrefs.com/robot/)"
172.69.226.141 - - [25/Jun/2019:14:21:40 +0000] "GET /destinations/vuka HTTP/1.1" 200 42519 "-" "Mozilla/5.0 (compatible; AhrefsBot/6.1; +http://ahrefs.com/robot/)"
141.101.88.224 - - [25/Jun/2019:14:23:49 +0000] "GET /destinations/necujam-solta HTTP/1.1" 200 42777 "-" "Mozilla/5.0 (compatible; AhrefsBot/6.1; +http://ahrefs.com/robot/)"
141.101.88.134 - - [25/Jun/2019:14:28:39 +0000] "GET /hr/destinacije/visocane HTTP/1.1" 200 42769 "-" "Mozilla/5.0 (compatible; AhrefsBot/6.1; +http://ahrefs.com/robot/)"
108.162.241.10 - - [25/Jun/2019:14:40:44 +0000] "GET /destinations/tribulje-krk HTTP/1.1" 200 42661 "-" "Mozilla/5.0 (compatible; SemrushBot/3~bl; +http://www.semrush.com/bot.html)"
141.101.104.117 - - [25/Jun/2019:14:41:50 +0000] "GET /en/taxi-transfer/bratus/podaca HTTP/1.1" 200 39368 "-" "Mozilla/5.0 (compatible; AhrefsBot/6.1; +http://ahrefs.com/robot/)"
108.162.241.118 - - [25/Jun/2019:14:41:54 +0000] "GET /destinations/tulisevica HTTP/1.1" 200 42701 "-" "Mozilla/5.0 (compatible; SemrushBot/3~bl; +http://www.semrush.com/bot.html)"
108.162.241.10 - - [25/Jun/2019:14:43:48 +0000] "GET /en/terms-and-conditions HTTP/1.1" 200 15773 "-" "Mozilla/5.0 (compatible; SemrushBot/3~bl; +http://www.semrush.com/bot.html)"
141.101.105.196 - - [25/Jun/2019:14:45:15 +0000] "GET /destinations/udbina HTTP/1.1" 200 42551 "https://www.google.co.uk/" "Mozilla/5.0 (iPhone; CPU iPhone OS 12_2 like Mac OS X) AppleWebKit/605.1.15 (KHTML, like Gecko) Version/12.1 Mobile/15E148 Safari/604.1"
141.101.105.226 - - [25/Jun/2019:14:45:17 +0000] "GET /css/all.css?v=20 HTTP/1.1" 200 480429 "https://www.cheapridetransfers.com/destinations/udbina" "Mozilla/5.0 (iPhone; CPU iPhone OS 12_2 like Mac OS X) AppleWebKit/605.1.15 (KHTML, like Gecko) Version/12.1 Mobile/15E148 Safari/604.1"
172.69.54.91 - - [25/Jun/2019:14:45:17 +0000] "GET /js/all.js?v=25 HTTP/1.1" 200 575691 "https://www.cheapridetransfers.com/destinations/udbina" "Mozilla/5.0 (iPhone; CPU iPhone OS 12_2 like Mac OS X) AppleWebKit/605.1.15 (KHTML, like Gecko) Version/12.1 Mobile/15E148 Safari/604.1"
141.101.105.40 - - [25/Jun/2019:14:45:18 +0000] "GET /font/icon_set_1.woff?55361665 HTTP/1.1" 200 41852 "https://www.cheapridetransfers.com/destinations/udbina" "Mozilla/5.0 (iPhone; CPU iPhone OS 12_2 like Mac OS X) AppleWebKit/605.1.15 (KHTML, like Gecko) Version/12.1 Mobile/15E148 Safari/604.1"
141.101.105.18 - - [25/Jun/2019:14:45:18 +0000] "GET /font/fontello.woff?32974303 HTTP/1.1" 200 320576 "https://www.cheapridetransfers.com/destinations/udbina" "Mozilla/5.0 (iPhone; CPU iPhone OS 12_2 like Mac OS X) AppleWebKit/605.1.15 (KHTML, like Gecko) Version/12.1 Mobile/15E148 Safari/604.1"
141.101.77.132 - - [25/Jun/2019:14:45:18 +0000] "GET /fonts/fontawesome-webfont.woff2?v=4.7.0 HTTP/1.1" 200 77160 "https://www.cheapridetransfers.com/destinations/udbina" "Mozilla/5.0 (iPhone; CPU iPhone OS 12_2 like Mac OS X) AppleWebKit/605.1.15 (KHTML, like Gecko) Version/12.1 Mobile/15E148 Safari/604.1"
172.69.55.68 - - [25/Jun/2019:14:45:18 +0000] "GET /favicon-16x16.png HTTP/1.1" 200 884 "https://www.cheapridetransfers.com/destinations/udbina" "Mozilla/5.0 (iPhone; CPU iPhone OS 12_2 like Mac OS X) AppleWebKit/605.1.15 (KHTML, like Gecko) Version/12.1 Mobile/15E148 Safari/604.1"
141.101.105.196 - - [25/Jun/2019:14:45:24 +0000] "POST /startlocation HTTP/1.1" 200 32 "https://www.cheapridetransfers.com/destinations/udbina" "Mozilla/5.0 (iPhone; CPU iPhone OS 12_2 like Mac OS X) AppleWebKit/605.1.15 (KHTML, like Gecko) Version/12.1 Mobile/15E148 Safari/604.1"
141.101.105.196 - - [25/Jun/2019:14:45:29 +0000] "POST /endlocation HTTP/1.1" 200 146 "https://www.cheapridetransfers.com/destinations/udbina" "Mozilla/5.0 (iPhone; CPU iPhone OS 12_2 like Mac OS X) AppleWebKit/605.1.15 (KHTML, like Gecko) Version/12.1 Mobile/15E148 Safari/604.1"
141.101.105.196 - - [25/Jun/2019:14:45:39 +0000] "GET /search?start_location=Udbina&end_location=Zadar&date=26.06.2019 HTTP/1.1" 302 488 "https://www.cheapridetransfers.com/destinations/udbina" "Mozilla/5.0 (iPhone; CPU iPhone OS 12_2 like Mac OS X) AppleWebKit/605.1.15 (KHTML, like Gecko) Version/12.1 Mobile/15E148 Safari/604.1"
141.101.105.196 - - [25/Jun/2019:14:45:39 +0000] "GET /taxi-transfer/udbina/zadar HTTP/1.1" 302 428 "https://www.cheapridetransfers.com/destinations/udbina" "Mozilla/5.0 (iPhone; CPU iPhone OS 12_2 like Mac OS X) AppleWebKit/605.1.15 (KHTML, like Gecko) Version/12.1 Mobile/15E148 Safari/604.1"
141.101.105.196 - - [25/Jun/2019:14:45:40 +0000] "GET /get-a-quote HTTP/1.1" 200 15588 "https://www.cheapridetransfers.com/destinations/udbina" "Mozilla/5.0 (iPhone; CPU iPhone OS 12_2 like Mac OS X) AppleWebKit/605.1.15 (KHTML, like Gecko) Version/12.1 Mobile/15E148 Safari/604.1"
141.101.105.196 - - [25/Jun/2019:14:45:49 +0000] "GET /search?start_location=Udbina&end_location=Zadar&date=26.06.2019 HTTP/1.1" 302 488 "https://www.cheapridetransfers.com/get-a-quote" "Mozilla/5.0 (iPhone; CPU iPhone OS 12_2 like Mac OS X) AppleWebKit/605.1.15 (KHTML, like Gecko) Version/12.1 Mobile/15E148 Safari/604.1"
141.101.105.196 - - [25/Jun/2019:14:45:50 +0000] "GET /taxi-transfer/udbina/zadar HTTP/1.1" 302 428 "https://www.cheapridetransfers.com/get-a-quote" "Mozilla/5.0 (iPhone; CPU iPhone OS 12_2 like Mac OS X) AppleWebKit/605.1.15 (KHTML, like Gecko) Version/12.1 Mobile/15E148 Safari/604.1"
141.101.105.196 - - [25/Jun/2019:14:45:50 +0000] "GET /get-a-quote HTTP/1.1" 200 15588 "https://www.cheapridetransfers.com/get-a-quote" "Mozilla/5.0 (iPhone; CPU iPhone OS 12_2 like Mac OS X) AppleWebKit/605.1.15 (KHTML, like Gecko) Version/12.1 Mobile/15E148 Safari/604.1"
108.162.241.130 - - [25/Jun/2019:14:46:18 +0000] "GET /hr/pretraga HTTP/1.1" 302 460 "-" "Mozilla/5.0 (compatible; SemrushBot/3~bl; +http://www.semrush.com/bot.html)"
108.162.241.10 - - [25/Jun/2019:14:46:20 +0000] "GET /hr/zatrazite-ponudu HTTP/1.1" 200 15696 "-" "Mozilla/5.0 (compatible; SemrushBot/3~bl; +http://www.semrush.com/bot.html)"
108.162.241.106 - - [25/Jun/2019:14:46:41 +0000] "GET /taxi-transfer/baska-voda/drvenik HTTP/1.1" 200 39362 "-" "Mozilla/5.0 (compatible; SemrushBot/3~bl; +http://www.semrush.com/bot.html)"
172.68.211.188 - - [25/Jun/2019:14:52:27 +0000] "GET /hr/destinacije/dugo-selo HTTP/1.1" 200 42771 "-" "Mozilla/5.0 (compatible; Googlebot/2.1; +http://www.google.com/bot.html)"
141.101.88.134 - - [25/Jun/2019:14:53:01 +0000] "GET /hr/destinations/milohnici-krk HTTP/1.1" 302 496 "-" "Mozilla/5.0 (compatible; AhrefsBot/6.1; +http://ahrefs.com/robot/)"
108.162.241.10 - - [25/Jun/2019:14:54:23 +0000] "GET /hr/taksi-transfer/rijeka-airport/makarska HTTP/1.1" 200 42238 "-" "Mozilla/5.0 (compatible; SemrushBot/3~bl; +http://www.semrush.com/bot.html)"
108.162.246.129 - - [25/Jun/2019:14:54:31 +0000] "GET /destinations/grabrova HTTP/1.1" 200 42583 "-" "Mozilla/5.0 (compatible; bingbot/2.0; +http://www.bing.com/bingbot.htm)"
108.162.241.10 - - [25/Jun/2019:14:56:15 +0000] "GET /taxi-transfer/gradac/igrane HTTP/1.1" 200 39232 "-" "Mozilla/5.0 (compatible; SemrushBot/3~bl; +http://www.semrush.com/bot.html)"
108.162.241.130 - - [25/Jun/2019:14:56:19 +0000] "GET /search HTTP/1.1" 302 428 "-" "Mozilla/5.0 (compatible; SemrushBot/3~bl; +http://www.semrush.com/bot.html)"
108.162.241.106 - - [25/Jun/2019:14:56:21 +0000] "GET /get-a-quote HTTP/1.1" 200 15492 "-" "Mozilla/5.0 (compatible; SemrushBot/3~bl; +http://www.semrush.com/bot.html)"
141.101.88.242 - - [25/Jun/2019:15:00:36 +0000] "GET /en/destinations/domasinec HTTP/1.1" 200 42754 "-" "Mozilla/5.0 (compatible; AhrefsBot/6.1; +http://ahrefs.com/robot/)"
162.158.58.119 - - [25/Jun/2019:15:01:13 +0000] "GET /en/destinations/virovitica HTTP/1.1" 200 42684 "-" "Mozilla/5.0 (compatible; Googlebot/2.1; +http://www.google.com/bot.html)"
172.69.234.132 - - [25/Jun/2019:15:11:24 +0000] "GET / HTTP/1.1" 200 19270 "-" "FreeWebMonitoring SiteChecker/0.2 (+https://www.freewebmonitoring.com/bot.html)"
141.101.88.8 - - [25/Jun/2019:15:16:09 +0000] "GET /hr/taksi-transfer/zivogosce/igrane HTTP/1.1" 200 39533 "-" "Mozilla/5.0 (compatible; AhrefsBot/6.1; +http://ahrefs.com/robot/)"
172.69.54.223 - - [25/Jun/2019:15:16:29 +0000] "GET /en/destinations/vladislavci HTTP/1.1" 200 42700 "-" "Mozilla/5.0 (compatible; AhrefsBot/6.1; +http://ahrefs.com/robot/)"
172.69.10.20 - - [25/Jun/2019:15:16:34 +0000] "GET /destinations/koprno HTTP/1.1" 200 42551 "-" "Mozilla/5.0 (compatible; YandexBot/3.0; +http://yandex.com/bots)"
141.101.88.8 - - [25/Jun/2019:15:20:19 +0000] "GET /hr/taksi-transfer/zaostrog/podaca HTTP/1.1" 200 39427 "-" "Mozilla/5.0 (compatible; AhrefsBot/6.1; +http://ahrefs.com/robot/)"
141.101.88.242 - - [25/Jun/2019:15:20:33 +0000] "GET /destinations/kraljevec-na-sutli HTTP/1.1" 200 42743 "-" "Mozilla/5.0 (compatible; AhrefsBot/6.1; +http://ahrefs.com/robot/)"
141.101.88.8 - - [25/Jun/2019:15:20:38 +0000] "GET /en/destinations/dolac-primosten HTTP/1.1" 200 42878 "-" "Mozilla/5.0 (compatible; AhrefsBot/6.1; +http://ahrefs.com/robot/)"
141.101.104.203 - - [25/Jun/2019:15:36:39 +0000] "GET /hr/taxi HTTP/1.1" 200 16512 "https://www.google.com/search?q=JEFTINI+TAXI+MAKARSKA+HR&client=ms-opera-mini&channel=new" "GT-C3595 Opera/9.80 (J2ME/MIDP; Opera Mini/7.1.33398/146.51; U; en) Presto/2.12.423 Version/12.16"
141.101.104.167 - - [25/Jun/2019:15:36:39 +0000] "GET /img/fast.png HTTP/1.1" 200 19494 "https://www.cheapridetransfers.com/hr/taxi" "GT-C3595 Opera/9.80 (J2ME/MIDP; Opera Mini/7.1.33398/146.51; U; en) Presto/2.12.423 Version/12.16"
172.69.54.85 - - [25/Jun/2019:15:36:39 +0000] "GET /img/cheap.jpg HTTP/1.1" 200 26716 "https://www.cheapridetransfers.com/hr/taxi" "GT-C3595 Opera/9.80 (J2ME/MIDP; Opera Mini/7.1.33398/146.51; U; en) Presto/2.12.423 Version/12.16"
141.101.77.144 - - [25/Jun/2019:15:36:39 +0000] "GET /img/safe.png HTTP/1.1" 200 14966 "https://www.cheapridetransfers.com/hr/taxi" "GT-C3595 Opera/9.80 (J2ME/MIDP; Opera Mini/7.1.33398/146.51; U; en) Presto/2.12.423 Version/12.16"
172.69.54.91 - - [25/Jun/2019:15:36:39 +0000] "GET /js/all.js?v=25 HTTP/1.1" 200 575691 "https://www.cheapridetransfers.com/hr/taxi" "GT-C3595 Opera/9.80 (J2ME/MIDP; Opera Mini/7.1.33398/146.51; U; en) Presto/2.12.423 Version/12.16"
141.101.105.226 - - [25/Jun/2019:15:36:39 +0000] "GET /css/all.css?v=20 HTTP/1.1" 200 480429 "https://www.cheapridetransfers.com/hr/taxi" "GT-C3595 Opera/9.80 (J2ME/MIDP; Opera Mini/7.1.33398/146.51; U; en) Presto/2.12.423 Version/12.16"
141.101.105.238 - - [25/Jun/2019:15:36:39 +0000] "GET /img/taxi.jpg HTTP/1.1" 200 15835 "https://www.cheapridetransfers.com/hr/taxi" "GT-C3595 Opera/9.80 (J2ME/MIDP; Opera Mini/7.1.33398/146.51; U; en) Presto/2.12.423 Version/12.16"
141.101.77.210 - - [25/Jun/2019:15:36:39 +0000] "GET /img/shadow-bg.png HTTP/1.1" 200 2260 "https://www.cheapridetransfers.com/hr/taxi" "GT-C3595 Opera/9.80 (J2ME/MIDP; Opera Mini/7.1.33398/146.51; U; en) Presto/2.12.423 Version/12.16"
141.101.105.40 - - [25/Jun/2019:15:36:39 +0000] "GET /font/icon_set_1.woff?55361665 HTTP/1.1" 200 41852 "https://www.cheapridetransfers.com/hr/taxi" "GT-C3595 Opera/9.80 (J2ME/MIDP; Opera Mini/7.1.33398/146.51; U; en) Presto/2.12.423 Version/12.16"
172.69.55.170 - - [25/Jun/2019:15:36:39 +0000] "GET /fonts/fontawesome-webfont.woff?v=4.7.0 HTTP/1.1" 200 98024 "https://www.cheapridetransfers.com/hr/taxi" "GT-C3595 Opera/9.80 (J2ME/MIDP; Opera Mini/7.1.33398/146.51; U; en) Presto/2.12.423 Version/12.16"
141.101.105.18 - - [25/Jun/2019:15:36:39 +0000] "GET /font/fontello.woff?32974303 HTTP/1.1" 200 320576 "https://www.cheapridetransfers.com/hr/taxi" "GT-C3595 Opera/9.80 (J2ME/MIDP; Opera Mini/7.1.33398/146.51; U; en) Presto/2.12.423 Version/12.16"
141.101.88.242 - - [25/Jun/2019:15:40:31 +0000] "GET /en/taxi-transfer/split-airport/mostar-bih HTTP/1.1" 200 42185 "-" "Mozilla/5.0 (compatible; AhrefsBot/6.1; +http://ahrefs.com/robot/)"
172.68.222.110 - - [25/Jun/2019:15:42:29 +0000] "GET /hr/zatrazite-ponudu HTTP/1.1" 200 15696 "https://www.cheapridetransfers.com/hr/taxi" "Mozilla/5.0 (iPhone; CPU iPhone OS 12_3_1 like Mac OS X) AppleWebKit/605.1.15 (KHTML, like Gecko) Version/12.1.1 Mobile/15E148 Safari/604.1"
172.69.54.127 - - [25/Jun/2019:15:44:40 +0000] "GET /hr/destinacije/slime HTTP/1.1" 200 42707 "-" "Mozilla/5.0 (compatible; AhrefsBot/6.1; +http://ahrefs.com/robot/)"
108.162.241.10 - - [25/Jun/2019:15:46:08 +0000] "GET /destinations/bratus HTTP/1.1" 200 46239 "-" "Mozilla/5.0 (compatible; SemrushBot/3~bl; +http://www.semrush.com/bot.html)"
141.101.104.117 - - [25/Jun/2019:15:53:54 +0000] "GET /en/taxi-transfer/drvenik/podgora HTTP/1.1" 200 39323 "-" "Mozilla/5.0 (compatible; AhrefsBot/6.1; +http://ahrefs.com/robot/)"
141.101.69.139 - - [25/Jun/2019:15:57:06 +0000] "GET /en/destinations/mursko-sredisce HTTP/1.1" 200 42864 "-" "Mozilla/5.0 (compatible; AhrefsBot/6.1; +http://ahrefs.com/robot/)"
162.158.150.44 - - [25/Jun/2019:16:02:08 +0000] "GET /uploads/images/ba5794724237eafdd7b3d598b6e8ad66.jpg HTTP/1.1" 200 239612 "https://www.google.com/" "Mozilla/5.0 (Linux; Android 9; SAMSUNG SM-G950F Build/PPR1.180610.011) AppleWebKit/537.36 (KHTML, like Gecko) SamsungBrowser/9.2 Chrome/67.0.3396.87 Mobile Safari/537.36"
141.101.88.104 - - [25/Jun/2019:16:04:46 +0000] "GET /destinations/vratnik-senj HTTP/1.1" 200 42675 "-" "Mozilla/5.0 (compatible; AhrefsBot/6.1; +http://ahrefs.com/robot/)"
108.162.241.118 - - [25/Jun/2019:16:05:34 +0000] "GET /hr/taksi-transfer/zadar-airport/trogir HTTP/1.1" 200 42195 "-" "Mozilla/5.0 (compatible; SemrushBot/3~bl; +http://www.semrush.com/bot.html)"
108.162.241.64 - - [25/Jun/2019:16:06:18 +0000] "GET /destinations/mrzli-dol HTTP/1.1" 200 42599 "-" "Mozilla/5.0 (compatible; SemrushBot/3~bl; +http://www.semrush.com/bot.html)"
162.158.158.55 - - [25/Jun/2019:16:06:28 +0000] "GET / HTTP/1.1" 200 19270 "-" "Mozilla/5.0 (Macintosh; Intel Mac OS X 10_14) AppleWebKit/605.1.15 (KHTML, like Gecko) Version/12.0 Safari/605.1.15"
141.101.105.196 - - [25/Jun/2019:16:09:40 +0000] "GET /hr/destinations/sinj HTTP/1.1" 302 460 "-" "Mozilla/5.0 (compatible; AhrefsBot/6.1; +http://ahrefs.com/robot/)"
162.158.58.241 - - [25/Jun/2019:16:12:14 +0000] "GET /hr/taksi-transfer/potocnica-pag/split-airport HTTP/1.1" 200 42197 "-" "Mozilla/5.0 (compatible; Googlebot/2.1; +http://www.google.com/bot.html)"
172.69.234.140 - - [25/Jun/2019:16:13:09 +0000] "GET / HTTP/1.1" 200 19270 "-" "FreeWebMonitoring SiteChecker/0.2 (+https://www.freewebmonitoring.com/bot.html)"
162.158.111.251 - - [25/Jun/2019:16:14:40 +0000] "GET /destinations/udbina HTTP/1.1" 200 42551 "https://www.google.co.uk/" "Mozilla/5.0 (iPhone; CPU iPhone OS 12_3_1 like Mac OS X) AppleWebKit/605.1.15 (KHTML, like Gecko) Version/12.1.1 Mobile/15E148 Safari/604.1"
141.101.105.40 - - [25/Jun/2019:16:14:42 +0000] "GET /font/icon_set_1.woff?55361665 HTTP/1.1" 200 41852 "https://www.cheapridetransfers.com/destinations/udbina" "Mozilla/5.0 (iPhone; CPU iPhone OS 12_3_1 like Mac OS X) AppleWebKit/605.1.15 (KHTML, like Gecko) Version/12.1.1 Mobile/15E148 Safari/604.1"
141.101.105.18 - - [25/Jun/2019:16:14:42 +0000] "GET /font/fontello.woff?32974303 HTTP/1.1" 200 320576 "https://www.cheapridetransfers.com/destinations/udbina" "Mozilla/5.0 (iPhone; CPU iPhone OS 12_3_1 like Mac OS X) AppleWebKit/605.1.15 (KHTML, like Gecko) Version/12.1.1 Mobile/15E148 Safari/604.1"
141.101.77.132 - - [25/Jun/2019:16:14:42 +0000] "GET /fonts/fontawesome-webfont.woff2?v=4.7.0 HTTP/1.1" 200 77160 "https://www.cheapridetransfers.com/destinations/udbina" "Mozilla/5.0 (iPhone; CPU iPhone OS 12_3_1 like Mac OS X) AppleWebKit/605.1.15 (KHTML, like Gecko) Version/12.1.1 Mobile/15E148 Safari/604.1"
162.158.111.251 - - [25/Jun/2019:16:15:08 +0000] "POST /startlocation HTTP/1.1" 200 32 "https://www.cheapridetransfers.com/destinations/udbina" "Mozilla/5.0 (iPhone; CPU iPhone OS 12_3_1 like Mac OS X) AppleWebKit/605.1.15 (KHTML, like Gecko) Version/12.1.1 Mobile/15E148 Safari/604.1"
162.158.111.251 - - [25/Jun/2019:16:15:15 +0000] "POST /endlocation HTTP/1.1" 200 146 "https://www.cheapridetransfers.com/destinations/udbina" "Mozilla/5.0 (iPhone; CPU iPhone OS 12_3_1 like Mac OS X) AppleWebKit/605.1.15 (KHTML, like Gecko) Version/12.1.1 Mobile/15E148 Safari/604.1"
162.158.111.251 - - [25/Jun/2019:16:15:48 +0000] "GET /search?start_location=Udbina&end_location=Zadar&date=26.06.2019 HTTP/1.1" 302 488 "https://www.cheapridetransfers.com/destinations/udbina" "Mozilla/5.0 (iPhone; CPU iPhone OS 12_3_1 like Mac OS X) AppleWebKit/605.1.15 (KHTML, like Gecko) Version/12.1.1 Mobile/15E148 Safari/604.1"
162.158.111.251 - - [25/Jun/2019:16:15:48 +0000] "GET /taxi-transfer/udbina/zadar HTTP/1.1" 302 428 "https://www.cheapridetransfers.com/destinations/udbina" "Mozilla/5.0 (iPhone; CPU iPhone OS 12_3_1 like Mac OS X) AppleWebKit/605.1.15 (KHTML, like Gecko) Version/12.1.1 Mobile/15E148 Safari/604.1"
162.158.111.251 - - [25/Jun/2019:16:15:48 +0000] "GET /get-a-quote HTTP/1.1" 200 15588 "https://www.cheapridetransfers.com/destinations/udbina" "Mozilla/5.0 (iPhone; CPU iPhone OS 12_3_1 like Mac OS X) AppleWebKit/605.1.15 (KHTML, like Gecko) Version/12.1.1 Mobile/15E148 Safari/604.1"
108.162.241.130 - - [25/Jun/2019:16:17:53 +0000] "GET /destinations/rascane HTTP/1.1" 200 42868 "-" "Mozilla/5.0 (compatible; SemrushBot/3~bl; +http://www.semrush.com/bot.html)"
172.69.54.187 - - [25/Jun/2019:16:19:25 +0000] "GET /destinations/dragalic HTTP/1.1" 200 42597 "-" "Mozilla/5.0 (compatible; AhrefsBot/6.1; +http://ahrefs.com/robot/)"
108.162.215.104 - - [25/Jun/2019:16:22:04 +0000] "GET /hr/destinacije/brestovac HTTP/1.1" 200 42771 "-" "Mozilla/5.0 (compatible; Googlebot/2.1; +http://www.google.com/bot.html)"
172.69.78.68 - - [25/Jun/2019:16:23:03 +0000] "GET /wp-login.php HTTP/1.1" 404 1104 "-" "Mozilla/5.0 (Windows NT 6.1; WOW64; rv:40.0) Gecko/20100101 Firefox/40.1"
172.69.78.68 - - [25/Jun/2019:16:23:04 +0000] "GET / HTTP/1.1" 200 19270 "-" "Mozilla/5.0 (Windows NT 6.1; WOW64; rv:40.0) Gecko/20100101 Firefox/40.1"
141.101.76.128 - - [25/Jun/2019:16:24:43 +0000] "GET /en/destinations/marija-gorica HTTP/1.1" 200 42732 "-" "Mozilla/5.0 (compatible; AhrefsBot/6.1; +http://ahrefs.com/robot/)"
108.162.241.106 - - [25/Jun/2019:16:25:31 +0000] "GET /hr/destinacije/luka-dugi-otok HTTP/1.1" 200 42865 "-" "Mozilla/5.0 (compatible; SemrushBot/3~bl; +http://www.semrush.com/bot.html)"
172.69.226.167 - - [25/Jun/2019:16:27:07 +0000] "GET /en/destinations/donja-moticina HTTP/1.1" 200 42762 "-" "Mozilla/5.0 (compatible; AhrefsBot/6.1; +http://ahrefs.com/robot/)"
172.69.226.129 - - [25/Jun/2019:16:32:51 +0000] "GET /hr/destinacije/vranik HTTP/1.1" 200 42723 "-" "Mozilla/5.0 (compatible; AhrefsBot/6.1; +http://ahrefs.com/robot/)"
162.158.111.95 - - [25/Jun/2019:16:34:55 +0000] "GET /hr/destinations/sukosan HTTP/1.1" 302 472 "-" "Mozilla/5.0 (compatible; AhrefsBot/6.1; +http://ahrefs.com/robot/)"
172.68.46.201 - - [25/Jun/2019:16:40:56 +0000] "GET /hr/destinacije/donji-karin HTTP/1.1" 200 42803 "-" "Mozilla/5.0 (compatible; Googlebot/2.1; +http://www.google.com/bot.html)"
172.69.226.187 - - [25/Jun/2019:16:41:10 +0000] "GET /hr/destinations/netretic HTTP/1.1" 302 476 "-" "Mozilla/5.0 (compatible; AhrefsBot/6.1; +http://ahrefs.com/robot/)"
172.69.234.132 - - [25/Jun/2019:16:45:48 +0000] "GET /en/contact HTTP/1.1" 200 16381 "-" "Mozilla/5.0 (compatible; YandexBot/3.0; +http://yandex.com/bots)"
172.69.226.167 - - [25/Jun/2019:16:48:21 +0000] "GET /en/taxi-transfer/podgora/baska-voda HTTP/1.1" 200 39433 "-" "Mozilla/5.0 (compatible; AhrefsBot/6.1; +http://ahrefs.com/robot/)"
108.162.241.130 - - [25/Jun/2019:16:59:39 +0000] "GET /destinations/selca-kod-bogomolja-hvar HTTP/1.1" 200 42853 "-" "Mozilla/5.0 (compatible; SemrushBot/3~bl; +http://www.semrush.com/bot.html)"
172.68.51.176 - - [25/Jun/2019:17:06:11 +0000] "GET /img/about-us.jpg HTTP/1.1" 200 69603 "https://www.google.com/" "Mozilla/5.0 (Windows NT 6.3; WOW64) AppleWebKit/537.36 (KHTML, like Gecko) Chrome/75.0.3770.100 Safari/537.36"
172.69.226.167 - - [25/Jun/2019:17:06:12 +0000] "GET /hr/destinacije/slivnica HTTP/1.1" 200 42755 "-" "Mozilla/5.0 (compatible; AhrefsBot/6.1; +http://ahrefs.com/robot/)"
172.69.234.138 - - [25/Jun/2019:17:13:55 +0000] "GET / HTTP/1.1" 200 19270 "-" "FreeWebMonitoring SiteChecker/0.2 (+https://www.freewebmonitoring.com/bot.html)"
108.162.241.130 - - [25/Jun/2019:17:18:19 +0000] "GET /hr/taksi-transfer/zadar-airport/split HTTP/1.1" 200 42182 "-" "Mozilla/5.0 (compatible; SemrushBot/3~bl; +http://www.semrush.com/bot.html)"
162.158.34.92 - - [25/Jun/2019:17:18:52 +0000] "GET /font/icon_set_1.woff?55361665 HTTP/1.1" 200 41852 "https://www.cheapridetransfers.com/css/all.css?v=20" "Mozilla/5.0 (Linux; Android 9; H8216) AppleWebKit/537.36 (KHTML, like Gecko) Chrome/75.0.3770.101 Mobile Safari/537.36"
162.158.34.38 - - [25/Jun/2019:17:18:52 +0000] "GET /fonts/fontawesome-webfont.woff2?v=4.7.0 HTTP/1.1" 200 77160 "https://www.cheapridetransfers.com/css/all.css?v=20" "Mozilla/5.0 (Linux; Android 9; H8216) AppleWebKit/537.36 (KHTML, like Gecko) Chrome/75.0.3770.101 Mobile Safari/537.36"
172.68.222.32 - - [25/Jun/2019:17:21:15 +0000] "GET /hr/taxi HTTP/1.1" 200 16512 "https://www.google.com/" "Mozilla/5.0 (Linux; Android 8.0.0; WAS-LX1) AppleWebKit/537.36 (KHTML, like Gecko) Chrome/75.0.3770.101 Mobile Safari/537.36"
172.68.222.32 - - [25/Jun/2019:17:21:27 +0000] "POST /startlocation HTTP/1.1" 200 79 "https://www.cheapridetransfers.com/hr/taxi" "Mozilla/5.0 (Linux; Android 8.0.0; WAS-LX1) AppleWebKit/537.36 (KHTML, like Gecko) Chrome/75.0.3770.101 Mobile Safari/537.36"
172.68.222.32 - - [25/Jun/2019:17:21:27 +0000] "POST /startlocation HTTP/1.1" 200 79 "https://www.cheapridetransfers.com/hr/taxi" "Mozilla/5.0 (Linux; Android 8.0.0; WAS-LX1) AppleWebKit/537.36 (KHTML, like Gecko) Chrome/75.0.3770.101 Mobile Safari/537.36"
172.68.222.32 - - [25/Jun/2019:17:21:28 +0000] "POST /startlocation HTTP/1.1" 200 79 "https://www.cheapridetransfers.com/hr/taxi" "Mozilla/5.0 (Linux; Android 8.0.0; WAS-LX1) AppleWebKit/537.36 (KHTML, like Gecko) Chrome/75.0.3770.101 Mobile Safari/537.36"
172.68.222.32 - - [25/Jun/2019:17:21:33 +0000] "POST /endlocation HTTP/1.1" 200 86 "https://www.cheapridetransfers.com/hr/taxi" "Mozilla/5.0 (Linux; Android 8.0.0; WAS-LX1) AppleWebKit/537.36 (KHTML, like Gecko) Chrome/75.0.3770.101 Mobile Safari/537.36"
172.68.222.32 - - [25/Jun/2019:17:21:34 +0000] "POST /endlocation HTTP/1.1" 200 86 "https://www.cheapridetransfers.com/hr/taxi" "Mozilla/5.0 (Linux; Android 8.0.0; WAS-LX1) AppleWebKit/537.36 (KHTML, like Gecko) Chrome/75.0.3770.101 Mobile Safari/537.36"
172.68.222.32 - - [25/Jun/2019:17:21:40 +0000] "GET /hr/pretraga?start_location=Makarska&end_location=%C5%BDivogo%C5%A1%C4%87e&date=26.06.2019 HTTP/1.1" 302 528 "https://www.cheapridetransfers.com/hr/taxi" "Mozilla/5.0 (Linux; Android 8.0.0; WAS-LX1) AppleWebKit/537.36 (KHTML, like Gecko) Chrome/75.0.3770.101 Mobile Safari/537.36"
172.68.222.32 - - [25/Jun/2019:17:21:40 +0000] "GET /hr/taksi-transfer/makarska/zivogosce HTTP/1.1" 200 39574 "https://www.cheapridetransfers.com/hr/taxi" "Mozilla/5.0 (Linux; Android 8.0.0; WAS-LX1) AppleWebKit/537.36 (KHTML, like Gecko) Chrome/75.0.3770.101 Mobile Safari/537.36"
172.68.222.32 - - [25/Jun/2019:17:22:38 +0000] "GET / HTTP/1.1" 200 19270 "https://www.google.com/" "Mozilla/5.0 (Linux; Android 8.0.0; WAS-LX1) AppleWebKit/537.36 (KHTML, like Gecko) Chrome/75.0.3770.101 Mobile Safari/537.36"
172.68.222.32 - - [25/Jun/2019:17:22:48 +0000] "POST /startlocation HTTP/1.1" 200 79 "https://www.cheapridetransfers.com/" "Mozilla/5.0 (Linux; Android 8.0.0; WAS-LX1) AppleWebKit/537.36 (KHTML, like Gecko) Chrome/75.0.3770.101 Mobile Safari/537.36"
172.68.222.32 - - [25/Jun/2019:17:22:48 +0000] "POST /startlocation HTTP/1.1" 200 79 "https://www.cheapridetransfers.com/" "Mozilla/5.0 (Linux; Android 8.0.0; WAS-LX1) AppleWebKit/537.36 (KHTML, like Gecko) Chrome/75.0.3770.101 Mobile Safari/537.36"
172.68.222.32 - - [25/Jun/2019:17:22:49 +0000] "POST /startlocation HTTP/1.1" 200 79 "https://www.cheapridetransfers.com/" "Mozilla/5.0 (Linux; Android 8.0.0; WAS-LX1) AppleWebKit/537.36 (KHTML, like Gecko) Chrome/75.0.3770.101 Mobile Safari/537.36"
172.68.222.32 - - [25/Jun/2019:17:22:56 +0000] "POST /endlocation HTTP/1.1" 200 1185 "https://www.cheapridetransfers.com/" "Mozilla/5.0 (Linux; Android 8.0.0; WAS-LX1) AppleWebKit/537.36 (KHTML, like Gecko) Chrome/75.0.3770.101 Mobile Safari/537.36"
172.68.222.32 - - [25/Jun/2019:17:22:56 +0000] "POST /endlocation HTTP/1.1" 200 339 "https://www.cheapridetransfers.com/" "Mozilla/5.0 (Linux; Android 8.0.0; WAS-LX1) AppleWebKit/537.36 (KHTML, like Gecko) Chrome/75.0.3770.101 Mobile Safari/537.36"
172.68.222.32 - - [25/Jun/2019:17:23:02 +0000] "GET /search?start_location=Makarska&end_location=Podgora&date=29.06.2019 HTTP/1.1" 302 504 "https://www.cheapridetransfers.com/" "Mozilla/5.0 (Linux; Android 8.0.0; WAS-LX1) AppleWebKit/537.36 (KHTML, like Gecko) Chrome/75.0.3770.101 Mobile Safari/537.36"
172.68.222.32 - - [25/Jun/2019:17:23:02 +0000] "GET /taxi-transfer/makarska/podgora HTTP/1.1" 200 39290 "https://www.cheapridetransfers.com/" "Mozilla/5.0 (Linux; Android 8.0.0; WAS-LX1) AppleWebKit/537.36 (KHTML, like Gecko) Chrome/75.0.3770.101 Mobile Safari/537.36"
108.162.241.118 - - [25/Jun/2019:17:29:27 +0000] "GET /en/taxi-transfer/split-airport/bibinje HTTP/1.1" 200 42124 "-" "CCBot/2.0 (https://commoncrawl.org/faq/)"
108.162.241.118 - - [25/Jun/2019:17:29:32 +0000] "GET /en/taxi-transfer/split-airport/stara-novalja-pag HTTP/1.1" 200 42266 "-" "CCBot/2.0 (https://commoncrawl.org/faq/)"
108.162.241.130 - - [25/Jun/2019:17:29:56 +0000] "GET /taxi-transfer/brela/zaostrog HTTP/1.1" 200 39239 "-" "CCBot/2.0 (https://commoncrawl.org/faq/)"
108.162.241.88 - - [25/Jun/2019:17:29:58 +0000] "GET /en/taxi-transfer/split-airport/rascane HTTP/1.1" 200 42204 "-" "CCBot/2.0 (https://commoncrawl.org/faq/)"
108.162.241.10 - - [25/Jun/2019:17:31:44 +0000] "GET /taxi-transfer/vodice/split-airport HTTP/1.1" 200 41918 "-" "Mozilla/5.0 (compatible; SemrushBot/3~bl; +http://www.semrush.com/bot.html)"
108.162.241.118 - - [25/Jun/2019:17:33:41 +0000] "GET /taxi-transfer/makarska/bast HTTP/1.1" 200 39222 "-" "Mozilla/5.0 (compatible; SemrushBot/3~bl; +http://www.semrush.com/bot.html)"
141.101.69.139 - - [25/Jun/2019:17:37:01 +0000] "GET /en/destinations/kaptol HTTP/1.1" 200 42620 "-" "Mozilla/5.0 (compatible; AhrefsBot/6.1; +http://ahrefs.com/robot/)"
141.101.88.224 - - [25/Jun/2019:17:38:46 +0000] "GET /hr/destinations/tomislavgrad-bih HTTP/1.1" 302 508 "-" "Mozilla/5.0 (compatible; AhrefsBot/6.1; +http://ahrefs.com/robot/)"
108.162.241.82 - - [25/Jun/2019:17:41:12 +0000] "GET /privacy-policy HTTP/1.1" 200 21186 "-" "CCBot/2.0 (https://commoncrawl.org/faq/)"
108.162.242.23 - - [25/Jun/2019:17:41:14 +0000] "GET /destinations/bedekovcina HTTP/1.1" 200 42645 "-" "Mozilla/5.0 (compatible; SemrushBot/3~bl; +http://www.semrush.com/bot.html)"
108.162.241.106 - - [25/Jun/2019:17:41:23 +0000] "GET /en/taxi-transfer/split-airport/oskorusno HTTP/1.1" 200 42224 "-" "CCBot/2.0 (https://commoncrawl.org/faq/)"
108.162.241.130 - - [25/Jun/2019:17:41:30 +0000] "GET /en/taxi-transfer/split-airport/livno-bih HTTP/1.1" 200 42170 "-" "CCBot/2.0 (https://commoncrawl.org/faq/)"
108.162.241.118 - - [25/Jun/2019:17:41:34 +0000] "GET /blog HTTP/1.1" 200 15703 "-" "CCBot/2.0 (https://commoncrawl.org/faq/)"
108.162.241.10 - - [25/Jun/2019:17:41:38 +0000] "GET /destinations/gorjani HTTP/1.1" 200 42567 "-" "CCBot/2.0 (https://commoncrawl.org/faq/)"
108.162.241.130 - - [25/Jun/2019:17:41:43 +0000] "GET /en/taxi-transfer/split-airport/lokva-rogoznica HTTP/1.1" 200 42218 "-" "CCBot/2.0 (https://commoncrawl.org/faq/)"
108.162.241.118 - - [25/Jun/2019:17:41:48 +0000] "GET /en/taxi-transfer/split-airport/vrgorac HTTP/1.1" 200 42123 "-" "CCBot/2.0 (https://commoncrawl.org/faq/)"
108.162.241.130 - - [25/Jun/2019:17:41:51 +0000] "GET /destinations/grabrova HTTP/1.1" 200 42583 "-" "CCBot/2.0 (https://commoncrawl.org/faq/)"
108.162.241.130 - - [25/Jun/2019:17:41:56 +0000] "GET /en/taxi-transfer/split-airport/medugorje-bih HTTP/1.1" 200 43989 "-" "CCBot/2.0 (https://commoncrawl.org/faq/)"
108.162.241.10 - - [25/Jun/2019:17:42:01 +0000] "GET /hr HTTP/1.1" 200 19612 "-" "CCBot/2.0 (https://commoncrawl.org/faq/)"
108.162.241.118 - - [25/Jun/2019:17:42:06 +0000] "GET /taxi-transfer/makarska/split-airport HTTP/1.1" 200 43681 "-" "CCBot/2.0 (https://commoncrawl.org/faq/)"
108.162.241.118 - - [25/Jun/2019:17:42:11 +0000] "GET /destinations/gornji-karin HTTP/1.1" 200 42854 "-" "CCBot/2.0 (https://commoncrawl.org/faq/)"
108.162.241.88 - - [25/Jun/2019:17:42:16 +0000] "GET /taxi-transfer/makarska/veliko-brdo-makarska HTTP/1.1" 200 39458 "-" "CCBot/2.0 (https://commoncrawl.org/faq/)"
108.162.241.106 - - [25/Jun/2019:17:42:20 +0000] "GET /taxi-transfer/podgora/dubrovnik-airport HTTP/1.1" 200 41976 "-" "CCBot/2.0 (https://commoncrawl.org/faq/)"
108.162.241.106 - - [25/Jun/2019:17:42:24 +0000] "GET /destinations/gornje-biljane HTTP/1.1" 200 42679 "-" "CCBot/2.0 (https://commoncrawl.org/faq/)"
108.162.241.118 - - [25/Jun/2019:17:42:29 +0000] "GET /en/taxi-transfer/split-airport/promajna HTTP/1.1" 200 43876 "-" "CCBot/2.0 (https://commoncrawl.org/faq/)"
108.162.241.10 - - [25/Jun/2019:17:42:33 +0000] "GET /en/taxi-transfer/split-airport/brodarica HTTP/1.1" 200 42142 "-" "CCBot/2.0 (https://commoncrawl.org/faq/)"
108.162.241.118 - - [25/Jun/2019:17:42:37 +0000] "GET /en/taxi-transfer/split-airport/kustici-pag HTTP/1.1" 200 42195 "-" "CCBot/2.0 (https://commoncrawl.org/faq/)"
108.162.241.118 - - [25/Jun/2019:17:42:41 +0000] "GET /taxi-transfer/tucepi/brela HTTP/1.1" 200 39222 "-" "CCBot/2.0 (https://commoncrawl.org/faq/)"
108.162.241.10 - - [25/Jun/2019:17:42:45 +0000] "GET /en/taxi-transfer/split-airport/potocnica-pag HTTP/1.1" 200 42215 "-" "CCBot/2.0 (https://commoncrawl.org/faq/)"
108.162.241.10 - - [25/Jun/2019:17:42:48 +0000] "GET / HTTP/1.1" 200 19270 "-" "CCBot/2.0 (https://commoncrawl.org/faq/)"
108.162.241.10 - - [25/Jun/2019:17:42:53 +0000] "GET /taxi-transfer/podgora/igrane HTTP/1.1" 200 39243 "-" "CCBot/2.0 (https://commoncrawl.org/faq/)"
108.162.241.10 - - [25/Jun/2019:17:42:58 +0000] "GET /taxi-transfer/makarska/brist HTTP/1.1" 200 39237 "-" "CCBot/2.0 (https://commoncrawl.org/faq/)"
108.162.241.10 - - [25/Jun/2019:17:43:02 +0000] "GET /taxi-transfer/promajna/dubrovnik-airport HTTP/1.1" 200 41991 "-" "CCBot/2.0 (https://commoncrawl.org/faq/)"
108.162.241.118 - - [25/Jun/2019:17:43:05 +0000] "GET /en/get-a-quote HTTP/1.1" 200 15564 "-" "CCBot/2.0 (https://commoncrawl.org/faq/)"
108.162.241.130 - - [25/Jun/2019:17:43:10 +0000] "GET /taxi-transfer/tucepi/krvavica HTTP/1.1" 200 39267 "-" "CCBot/2.0 (https://commoncrawl.org/faq/)"
172.69.226.155 - - [25/Jun/2019:17:43:24 +0000] "GET /hr/destinations/ladevci HTTP/1.1" 302 472 "-" "Mozilla/5.0 (compatible; AhrefsBot/6.1; +http://ahrefs.com/robot/)"
108.162.241.106 - - [25/Jun/2019:17:43:43 +0000] "GET /destinations HTTP/1.1" 200 80580 "-" "CCBot/2.0 (https://commoncrawl.org/faq/)"
108.162.242.23 - - [25/Jun/2019:17:44:03 +0000] "GET /taxi-transfer/tucepi/dubrovnik-airport HTTP/1.1" 200 41976 "-" "CCBot/2.0 (https://commoncrawl.org/faq/)"
108.162.241.130 - - [25/Jun/2019:17:45:31 +0000] "GET /faq HTTP/1.1" 200 17805 "-" "CCBot/2.0 (https://commoncrawl.org/faq/)"
108.162.241.130 - - [25/Jun/2019:17:46:23 +0000] "GET /destinations?page=10 HTTP/1.1" 200 43532 "-" "CCBot/2.0 (https://commoncrawl.org/faq/)"
108.162.241.64 - - [25/Jun/2019:17:47:03 +0000] "GET /taxi HTTP/1.1" 200 16243 "-" "CCBot/2.0 (https://commoncrawl.org/faq/)"
108.162.241.10 - - [25/Jun/2019:17:47:08 +0000] "GET /en/taxi-transfer/split-airport/kupres-bih HTTP/1.1" 200 42187 "-" "CCBot/2.0 (https://commoncrawl.org/faq/)"
172.69.54.127 - - [25/Jun/2019:17:47:51 +0000] "GET /hr/destinacije/kukljica-ugljan HTTP/1.1" 200 42881 "-" "Mozilla/5.0 (compatible; AhrefsBot/6.1; +http://ahrefs.com/robot/)"
108.162.241.130 - - [25/Jun/2019:17:47:57 +0000] "GET /en/taxi-transfer/split-airport/brela HTTP/1.1" 200 43821 "-" "CCBot/2.0 (https://commoncrawl.org/faq/)"
108.162.241.118 - - [25/Jun/2019:17:48:38 +0000] "GET /taxi-transfer/podgora/baska-voda HTTP/1.1" 200 39361 "-" "CCBot/2.0 (https://commoncrawl.org/faq/)"
108.162.241.64 - - [25/Jun/2019:17:49:04 +0000] "GET /en/taxi-transfer/split-airport/pirovac HTTP/1.1" 200 42120 "-" "CCBot/2.0 (https://commoncrawl.org/faq/)"
108.162.241.130 - - [25/Jun/2019:17:50:05 +0000] "GET /en/taxi-transfer/split-airport/slano HTTP/1.1" 200 42101 "-" "CCBot/2.0 (https://commoncrawl.org/faq/)"
172.69.33.249 - - [25/Jun/2019:17:50:13 +0000] "GET /destinations/split-airport HTTP/1.1" 200 72099 "-" "Mozilla/5.0 (compatible; Googlebot/2.1; +http://www.google.com/bot.html)"
108.162.241.106 - - [25/Jun/2019:17:50:19 +0000] "GET /destinations/gornji-bogicevci HTTP/1.1" 200 42725 "-" "CCBot/2.0 (https://commoncrawl.org/faq/)"
108.162.241.106 - - [25/Jun/2019:17:52:03 +0000] "GET /en/taxi-transfer/split-airport/privlaka HTTP/1.1" 200 42137 "-" "CCBot/2.0 (https://commoncrawl.org/faq/)"
162.158.111.95 - - [25/Jun/2019:17:52:36 +0000] "GET /hr/destinacije/tinjan HTTP/1.1" 200 42723 "-" "Mozilla/5.0 (compatible; AhrefsBot/6.1; +http://ahrefs.com/robot/)"
108.162.241.106 - - [25/Jun/2019:17:52:45 +0000] "GET /taxi-transfer/promajna/zadar-airport HTTP/1.1" 200 41940 "-" "CCBot/2.0 (https://commoncrawl.org/faq/)"
