141.101.88.92 - - [02/Jul/2019:00:00:09 +0000] "GET /hr/taksi-transfer/zivogosce/makarska HTTP/1.1" 200 7855 "-" "Mozilla/5.0 (compatible; AhrefsBot/6.1; +http://ahrefs.com/robot/)"
172.69.226.69 - - [02/Jul/2019:00:02:46 +0000] "GET /destinations/zlarin-zlarin HTTP/1.1" 200 3954 "-" "Mozilla/5.0 (compatible; AhrefsBot/6.1; +http://ahrefs.com/robot/)"
141.101.88.92 - - [02/Jul/2019:00:04:15 +0000] "GET /en/taxi-transfer/dubrovnik-airport/gradac HTTP/1.1" 200 7957 "-" "Mozilla/5.0 (compatible; AhrefsBot/6.1; +http://ahrefs.com/robot/)"
141.101.69.97 - - [02/Jul/2019:00:05:50 +0000] "GET /hr/taksi-transfer/split-airport/kucice HTTP/1.1" 200 8180 "-" "Mozilla/5.0 (compatible; AhrefsBot/6.1; +http://ahrefs.com/robot/)"
141.101.88.116 - - [02/Jul/2019:00:14:16 +0000] "GET /hr/destinacije/zitnic HTTP/1.1" 200 4033 "-" "Mozilla/5.0 (compatible; AhrefsBot/6.1; +http://ahrefs.com/robot/)"
108.162.241.118 - - [02/Jul/2019:00:15:11 +0000] "GET /en/destinations/barici-visnjan HTTP/1.1" 200 3991 "-" "Mozilla/5.0 (compatible; SemrushBot/3~bl; +http://www.semrush.com/bot.html)"
172.69.226.63 - - [02/Jul/2019:00:18:06 +0000] "GET /en/taxi-transfer/split/brist HTTP/1.1" 200 7766 "-" "Mozilla/5.0 (compatible; AhrefsBot/6.1; +http://ahrefs.com/robot/)"
108.162.245.122 - - [02/Jul/2019:00:18:36 +0000] "GET /hr/taksi-transfer/promajna/krvavica HTTP/1.1" 200 7841 "-" "Mozilla/5.0 (compatible; Googlebot/2.1; +http://www.google.com/bot.html)"
172.69.226.69 - - [02/Jul/2019:00:19:38 +0000] "GET /en/taxi-transfer/split/tucepi HTTP/1.1" 200 7765 "-" "Mozilla/5.0 (compatible; AhrefsBot/6.1; +http://ahrefs.com/robot/)"
108.162.241.106 - - [02/Jul/2019:00:23:41 +0000] "GET /hr/taksi-transfer/bratus/makarska HTTP/1.1" 200 7844 "-" "Mozilla/5.0 (compatible; SemrushBot/3~bl; +http://www.semrush.com/bot.html)"
172.69.226.157 - - [02/Jul/2019:00:27:05 +0000] "GET /hr/destinacije/mala-rava-rava HTTP/1.1" 200 4036 "-" "Mozilla/5.0 (compatible; AhrefsBot/6.1; +http://ahrefs.com/robot/)"
108.162.229.152 - - [02/Jul/2019:00:27:32 +0000] "GET /hr/destinacije/pjescana-uvala HTTP/1.1" 200 4053 "-" "Mozilla/5.0 (compatible; AhrefsBot/6.1; +http://ahrefs.com/robot/)"
108.162.229.152 - - [02/Jul/2019:00:30:18 +0000] "GET /hr/destinacije/donji-zagon HTTP/1.1" 200 4034 "-" "Mozilla/5.0 (compatible; AhrefsBot/6.1; +http://ahrefs.com/robot/)"
172.69.234.142 - - [02/Jul/2019:00:32:10 +0000] "GET / HTTP/1.1" 200 4688 "-" "FreeWebMonitoring SiteChecker/0.2 (+https://www.freewebmonitoring.com/bot.html)"
108.162.241.10 - - [02/Jul/2019:00:33:47 +0000] "GET /taxi-transfer/krvavica/igrane HTTP/1.1" 200 7631 "-" "Mozilla/5.0 (compatible; SemrushBot/6~bl; +http://www.semrush.com/bot.html)"
172.69.226.69 - - [02/Jul/2019:00:36:00 +0000] "GET /destinations/malinska-krk HTTP/1.1" 200 3956 "-" "Mozilla/5.0 (compatible; AhrefsBot/6.1; +http://ahrefs.com/robot/)"
108.162.246.165 - - [02/Jul/2019:00:38:47 +0000] "GET /destinations/vazminec-cres HTTP/1.1" 200 3964 "-" "Mozilla/5.0 (compatible; Googlebot/2.1; +http://www.google.com/bot.html)"
141.101.69.103 - - [02/Jul/2019:00:41:37 +0000] "GET /hr/destinations/donji-lapac HTTP/1.1" 302 488 "-" "Mozilla/5.0 (compatible; AhrefsBot/6.1; +http://ahrefs.com/robot/)"
141.101.104.207 - - [02/Jul/2019:00:42:40 +0000] "GET /en/taxi-transfer/zaostrog/brela HTTP/1.1" 200 7634 "-" "Mozilla/5.0 (compatible; AhrefsBot/6.1; +http://ahrefs.com/robot/)"
162.158.106.238 - - [02/Jul/2019:00:48:31 +0000] "GET /en/destinations/gracac HTTP/1.1" 200 3955 "-" "Mozilla/5.0 (compatible; Googlebot/2.1; +http://www.google.com/bot.html)"
141.101.69.97 - - [02/Jul/2019:00:49:50 +0000] "GET /hr/destinacije/gromin-dolac-hvar HTTP/1.1" 200 4043 "-" "Mozilla/5.0 (compatible; AhrefsBot/6.1; +http://ahrefs.com/robot/)"
108.162.241.10 - - [02/Jul/2019:00:50:25 +0000] "GET /hr/destinacije/bedekovcina HTTP/1.1" 200 4036 "-" "Mozilla/5.0 (compatible; SemrushBot/3~bl; +http://www.semrush.com/bot.html)"
141.101.69.163 - - [02/Jul/2019:00:50:37 +0000] "GET /contact HTTP/1.1" 200 4223 "https://www.cheapridetransfers.com/contact" "Mozilla/5.0 (Windows NT 6.1; Win64; x64) AppleWebKit/537.36 (KHTML, like Gecko) Chrome/66.0.3359.170 Safari/537.36 OPR/53.0.2907.106"
108.162.229.146 - - [02/Jul/2019:00:50:37 +0000] "POST /mail HTTP/1.1" 200 - "https://www.cheapridetransfers.com/contact" "Mozilla/5.0 (Windows NT 6.1; Win64; x64) AppleWebKit/537.36 (KHTML, like Gecko) Chrome/66.0.3359.170 Safari/537.36 OPR/53.0.2907.106"
141.101.88.92 - - [02/Jul/2019:00:54:05 +0000] "GET /hr/destinacije/hodilje HTTP/1.1" 200 4027 "-" "Mozilla/5.0 (compatible; AhrefsBot/6.1; +http://ahrefs.com/robot/)"
162.158.134.74 - - [02/Jul/2019:00:54:09 +0000] "GET /contact HTTP/1.1" 200 4223 "https://www.cheapridetransfers.com/contact" "Mozilla/5.0 (Windows NT 10.0; Win64; x64) AppleWebKit/537.36 (KHTML, like Gecko) Chrome/68.0.3440.106 Safari/537.36 OPR/55.0.2994.44"
162.158.134.68 - - [02/Jul/2019:00:54:09 +0000] "POST /mail HTTP/1.1" 200 - "https://www.cheapridetransfers.com/contact" "Mozilla/5.0 (Windows NT 10.0; Win64; x64) AppleWebKit/537.36 (KHTML, like Gecko) Chrome/68.0.3440.106 Safari/537.36 OPR/55.0.2994.44"
172.69.54.253 - - [02/Jul/2019:00:58:06 +0000] "GET /hr/destinacije/vantacici-krk HTTP/1.1" 200 4049 "-" "Mozilla/5.0 (compatible; AhrefsBot/6.1; +http://ahrefs.com/robot/)"
141.101.69.193 - - [02/Jul/2019:00:58:57 +0000] "GET /hr/destinacije/ist-ist HTTP/1.1" 200 4030 "-" "Mozilla/5.0 (compatible; AhrefsBot/6.1; +http://ahrefs.com/robot/)"
141.101.69.103 - - [02/Jul/2019:00:59:38 +0000] "GET /taxi-transfer/tribunj/split-airport HTTP/1.1" 200 7930 "-" "Mozilla/5.0 (compatible; AhrefsBot/6.1; +http://ahrefs.com/robot/)"
172.69.226.69 - - [02/Jul/2019:01:01:25 +0000] "GET /en/destinations/bedenica HTTP/1.1" 200 3952 "-" "Mozilla/5.0 (compatible; AhrefsBot/6.1; +http://ahrefs.com/robot/)"
108.162.229.146 - - [02/Jul/2019:01:02:53 +0000] "GET /hr/destinacije/donji-strbci HTTP/1.1" 200 4043 "-" "Mozilla/5.0 (compatible; AhrefsBot/6.1; +http://ahrefs.com/robot/)"
108.162.246.165 - - [02/Jul/2019:01:06:22 +0000] "GET /hr/destinacije/grohote-solta HTTP/1.1" 200 4048 "-" "Mozilla/5.0 (compatible; Googlebot/2.1; +http://www.google.com/bot.html)"
172.69.226.123 - - [02/Jul/2019:01:08:45 +0000] "GET /hr/destinations/kanica HTTP/1.1" 302 468 "-" "Mozilla/5.0 (compatible; AhrefsBot/6.1; +http://ahrefs.com/robot/)"
141.101.76.44 - - [02/Jul/2019:01:12:18 +0000] "GET /hr/destinations/luka-dugi-otok HTTP/1.1" 302 500 "-" "Mozilla/5.0 (compatible; AhrefsBot/6.1; +http://ahrefs.com/robot/)"
141.101.69.97 - - [02/Jul/2019:01:16:00 +0000] "GET /hr/destinations/koska HTTP/1.1" 302 464 "-" "Mozilla/5.0 (compatible; AhrefsBot/6.1; +http://ahrefs.com/robot/)"
141.101.88.92 - - [02/Jul/2019:01:19:45 +0000] "GET /hr/destinacije/veli-dol HTTP/1.1" 200 4031 "-" "Mozilla/5.0 (compatible; AhrefsBot/6.1; +http://ahrefs.com/robot/)"
108.162.229.26 - - [02/Jul/2019:01:20:28 +0000] "GET /hr/destinacije/bisevo HTTP/1.1" 200 4035 "-" "Mozilla/5.0 (compatible; AhrefsBot/6.1; +http://ahrefs.com/robot/)"
172.69.226.69 - - [02/Jul/2019:01:23:27 +0000] "GET /hr/destinations/senjska-draga HTTP/1.1" 302 496 "-" "Mozilla/5.0 (compatible; AhrefsBot/6.1; +http://ahrefs.com/robot/)"
141.101.104.235 - - [02/Jul/2019:01:24:48 +0000] "GET /taxi-transfer/drasnice/gradac HTTP/1.1" 200 7648 "-" "Mozilla/5.0 (compatible; AhrefsBot/6.1; +http://ahrefs.com/robot/)"
141.101.77.180 - - [02/Jul/2019:01:31:44 +0000] "GET /hr/destinations/metajna-pag HTTP/1.1" 302 488 "-" "Mozilla/5.0 (compatible; AhrefsBot/6.1; +http://ahrefs.com/robot/)"
172.69.234.144 - - [02/Jul/2019:01:33:18 +0000] "GET / HTTP/1.1" 200 4688 "-" "FreeWebMonitoring SiteChecker/0.2 (+https://www.freewebmonitoring.com/bot.html)"
162.158.106.142 - - [02/Jul/2019:01:39:01 +0000] "GET /hr/destinacije/pasman-pasman HTTP/1.1" 200 4049 "-" "Mozilla/5.0 (compatible; Googlebot/2.1; +http://www.google.com/bot.html)"
141.101.77.132 - - [02/Jul/2019:01:40:06 +0000] "GET /hr/destinacije/tucepi HTTP/1.1" 200 4652 "-" "Mozilla/5.0 (compatible; AhrefsBot/6.1; +http://ahrefs.com/robot/)"
108.162.241.10 - - [02/Jul/2019:01:41:15 +0000] "GET /hr/izleti/izlet-slapovi-krke-nacionalni-park HTTP/1.1" 200 6260 "-" "Mozilla/5.0 (compatible; SemrushBot/3~bl; +http://www.semrush.com/bot.html)"
141.101.69.103 - - [02/Jul/2019:01:47:40 +0000] "GET /hr/destinations/smolonje HTTP/1.1" 302 476 "-" "Mozilla/5.0 (compatible; AhrefsBot/6.1; +http://ahrefs.com/robot/)"
141.101.104.235 - - [02/Jul/2019:01:48:16 +0000] "GET /hr/destinations/vinisce HTTP/1.1" 302 472 "-" "Mozilla/5.0 (compatible; AhrefsBot/6.1; +http://ahrefs.com/robot/)"
141.101.69.205 - - [02/Jul/2019:01:48:48 +0000] "GET /hr/destinacije/zavojane HTTP/1.1" 200 4091 "-" "Mozilla/5.0 (compatible; AhrefsBot/6.1; +http://ahrefs.com/robot/)"
141.101.69.97 - - [02/Jul/2019:01:54:18 +0000] "GET /hr/destinacije HTTP/1.1" 200 6949 "-" "Mozilla/5.0 (compatible; Qwantify/2.4w; +https://www.qwant.com/)/2.4w"
108.162.241.196 - - [02/Jul/2019:01:56:23 +0000] "HEAD / HTTP/1.1" 301 - "-" "CheckMarkNetwork/1.0 (+http://www.checkmarknetwork.com/spider.html)"
108.162.241.10 - - [02/Jul/2019:01:56:23 +0000] "HEAD / HTTP/1.1" 200 - "-" "CheckMarkNetwork/1.0 (+http://www.checkmarknetwork.com/spider.html)"
108.162.241.106 - - [02/Jul/2019:01:56:24 +0000] "GET / HTTP/1.1" 200 4688 "-" "CheckMarkNetwork/1.0 (+http://www.checkmarknetwork.com/spider.html)"
108.162.241.76 - - [02/Jul/2019:01:56:24 +0000] "GET /css/all.css?v=20 HTTP/1.1" 200 82999 "-" "CheckMarkNetwork/1.0 (+http://www.checkmarknetwork.com/spider.html)"
141.101.69.163 - - [02/Jul/2019:01:56:46 +0000] "GET /hr/taksi-transfer/podaca/tucepi HTTP/1.1" 200 7843 "-" "Mozilla/5.0 (compatible; AhrefsBot/6.1; +http://ahrefs.com/robot/)"
162.158.106.172 - - [02/Jul/2019:01:58:53 +0000] "GET /taxi-transfer/brela/drvenik HTTP/1.1" 200 7632 "-" "Mozilla/5.0 (compatible; Googlebot/2.1; +http://www.google.com/bot.html)"
108.162.229.188 - - [02/Jul/2019:01:58:54 +0000] "GET /hr/destinations/arzano HTTP/1.1" 302 468 "-" "Mozilla/5.0 (compatible; AhrefsBot/6.1; +http://ahrefs.com/robot/)"
172.69.226.123 - - [02/Jul/2019:02:01:22 +0000] "GET /hr/taksi-transfer/podaca/igrane HTTP/1.1" 200 7834 "-" "Mozilla/5.0 (compatible; AhrefsBot/6.1; +http://ahrefs.com/robot/)"
162.158.126.126 - - [02/Jul/2019:02:02:09 +0000] "GET / HTTP/1.1" 301 243 "-" "Mozilla/5.0 (compatible; Nimbostratus-Bot/v1.3.2; http://cloudsystemnetworks.com)"
141.101.76.44 - - [02/Jul/2019:02:05:39 +0000] "GET /hr/destinations/osor-cres HTTP/1.1" 302 480 "-" "Mozilla/5.0 (compatible; AhrefsBot/6.1; +http://ahrefs.com/robot/)"
108.162.229.188 - - [02/Jul/2019:02:05:57 +0000] "GET /en/destinations/duge-njive HTTP/1.1" 200 4016 "-" "Mozilla/5.0 (compatible; AhrefsBot/6.1; +http://ahrefs.com/robot/)"
141.101.104.235 - - [02/Jul/2019:02:06:10 +0000] "GET /hr/destinacije/zirje-zirje HTTP/1.1" 200 4035 "-" "Mozilla/5.0 (compatible; AhrefsBot/6.1; +http://ahrefs.com/robot/)"
172.69.226.157 - - [02/Jul/2019:02:07:20 +0000] "GET /hr/destinations/matulji HTTP/1.1" 302 472 "-" "Mozilla/5.0 (compatible; AhrefsBot/6.1; +http://ahrefs.com/robot/)"
162.158.106.28 - - [02/Jul/2019:02:08:51 +0000] "GET /hr/destinacije/borut-cerovlje HTTP/1.1" 200 4039 "-" "Mozilla/5.0 (compatible; Googlebot/2.1; +http://www.google.com/bot.html)"
108.162.246.201 - - [02/Jul/2019:02:10:13 +0000] "GET /contact HTTP/1.1" 200 4223 "-" "Mozilla/5.0 (compatible; DotBot/1.1; http://www.opensiteexplorer.org/dotbot, help@moz.com)"
108.162.241.10 - - [02/Jul/2019:02:11:12 +0000] "GET /taxi-transfer/split-airport/jesenice HTTP/1.1" 200 7940 "-" "Mozilla/5.0 (compatible; SemrushBot/3~bl; +http://www.semrush.com/bot.html)"
108.162.241.130 - - [02/Jul/2019:02:12:18 +0000] "GET /hr/destinations/bobovisca-na-moru-brac HTTP/1.1" 302 532 "-" "Mozilla/5.0 (compatible; SemrushBot/3~bl; +http://www.semrush.com/bot.html)"
108.162.241.10 - - [02/Jul/2019:02:12:20 +0000] "GET /hr/destinacije/bobovisca-na-moru-brac HTTP/1.1" 200 4073 "-" "Mozilla/5.0 (compatible; SemrushBot/3~bl; +http://www.semrush.com/bot.html)"
141.101.69.103 - - [02/Jul/2019:02:12:25 +0000] "GET /hr/destinacije/drage-pakostane HTTP/1.1" 200 4114 "-" "Mozilla/5.0 (compatible; AhrefsBot/6.1; +http://ahrefs.com/robot/)"
108.162.229.152 - - [02/Jul/2019:02:16:25 +0000] "GET /hr/destinacije/kljenak HTTP/1.1" 200 4027 "-" "Mozilla/5.0 (compatible; AhrefsBot/6.1; +http://ahrefs.com/robot/)"
162.158.106.220 - - [02/Jul/2019:02:18:41 +0000] "GET /taxi-transfer/gradac/tucepi HTTP/1.1" 200 7639 "-" "Mozilla/5.0 (compatible; Googlebot/2.1; +http://www.google.com/bot.html)"
108.162.241.106 - - [02/Jul/2019:02:22:01 +0000] "GET /taxi-transfer/zaostrog/makarska HTTP/1.1" 200 7628 "-" "Mozilla/5.0 (compatible; SemrushBot/3~bl; +http://www.semrush.com/bot.html)"
141.101.88.116 - - [02/Jul/2019:02:25:54 +0000] "GET /hr/destinacije/zelengrad HTTP/1.1" 200 4030 "-" "Mozilla/5.0 (compatible; AhrefsBot/6.1; +http://ahrefs.com/robot/)"
141.101.69.97 - - [02/Jul/2019:02:28:35 +0000] "GET /hr/destinacije/debeljak HTTP/1.1" 200 4027 "-" "Mozilla/5.0 (compatible; AhrefsBot/6.1; +http://ahrefs.com/robot/)"
108.162.241.118 - - [02/Jul/2019:02:28:53 +0000] "GET /destinations/turanj-sveti-filip-i-jakov HTTP/1.1" 200 3983 "-" "Mozilla/5.0 (compatible; SemrushBot/3~bl; +http://www.semrush.com/bot.html)"
141.101.76.44 - - [02/Jul/2019:02:29:01 +0000] "GET /en/destinations/ludbreg HTTP/1.1" 200 3950 "-" "Mozilla/5.0 (compatible; AhrefsBot/6.1; +http://ahrefs.com/robot/)"
141.101.88.92 - - [02/Jul/2019:02:29:21 +0000] "GET /hr/destinations/vrpolje-sibenik HTTP/1.1" 302 504 "-" "Mozilla/5.0 (compatible; AhrefsBot/6.1; +http://ahrefs.com/robot/)"
162.158.111.227 - - [02/Jul/2019:02:34:21 +0000] "GET /en/taxi-transfer/zagreb/makarska HTTP/1.1" 200 7638 "-" "Mozilla/5.0 (compatible; AhrefsBot/6.1; +http://ahrefs.com/robot/)"
108.162.229.26 - - [02/Jul/2019:02:35:29 +0000] "GET /hr/destinations/kutjevo HTTP/1.1" 302 472 "-" "Mozilla/5.0 (compatible; AhrefsBot/6.1; +http://ahrefs.com/robot/)"
108.162.245.44 - - [02/Jul/2019:02:35:42 +0000] "GET /destinations/donja-voca HTTP/1.1" 200 3958 "-" "Mozilla/5.0 (compatible; bingbot/2.0; +http://www.bing.com/bingbot.htm)"
172.69.226.157 - - [02/Jul/2019:02:36:48 +0000] "GET /hr/destinacije/govedari-mljet HTTP/1.1" 200 4044 "-" "Mozilla/5.0 (compatible; AhrefsBot/6.1; +http://ahrefs.com/robot/)"
141.101.105.4 - - [02/Jul/2019:02:39:42 +0000] "GET /hr/destinations/smokvica-pag HTTP/1.1" 302 492 "-" "Mozilla/5.0 (compatible; AhrefsBot/6.1; +http://ahrefs.com/robot/)"
172.69.226.189 - - [02/Jul/2019:02:40:30 +0000] "GET /destinations/osojnik HTTP/1.1" 200 3944 "-" "Mozilla/5.0 (compatible; AhrefsBot/6.1; +http://ahrefs.com/robot/)"
172.69.234.140 - - [02/Jul/2019:02:45:21 +0000] "GET / HTTP/1.1" 200 4688 "-" "FreeWebMonitoring SiteChecker/0.2 (+https://www.freewebmonitoring.com/bot.html)"
162.158.107.11 - - [02/Jul/2019:02:46:05 +0000] "GET /hr/destinacije/strilcici-krk HTTP/1.1" 200 4049 "-" "Mozilla/5.0 (compatible; Googlebot/2.1; +http://www.google.com/bot.html)"
141.101.69.97 - - [02/Jul/2019:02:48:18 +0000] "GET /hr/destinations/sveta-nedelja HTTP/1.1" 302 496 "-" "Mozilla/5.0 (compatible; AhrefsBot/6.1; +http://ahrefs.com/robot/)"
108.162.241.118 - - [02/Jul/2019:02:48:21 +0000] "GET /destinations/biorine HTTP/1.1" 200 3943 "-" "Mozilla/5.0 (compatible; SemrushBot/3~bl; +http://www.semrush.com/bot.html)"
108.162.241.10 - - [02/Jul/2019:02:51:19 +0000] "GET /taxi-transfer/bratus/drvenik HTTP/1.1" 200 7649 "-" "Mozilla/5.0 (compatible; SemrushBot/3~bl; +http://www.semrush.com/bot.html)"
108.162.241.130 - - [02/Jul/2019:02:52:57 +0000] "GET /taxi-transfer/baska-voda/brela HTTP/1.1" 200 7654 "-" "Mozilla/5.0 (compatible; SemrushBot/3~bl; +http://www.semrush.com/bot.html)"
141.101.77.180 - - [02/Jul/2019:02:54:23 +0000] "GET /hr/taksi-transfer/brist/gradac HTTP/1.1" 200 7836 "-" "Mozilla/5.0 (compatible; AhrefsBot/6.1; +http://ahrefs.com/robot/)"
108.162.229.146 - - [02/Jul/2019:02:54:31 +0000] "GET /hr/taksi-transfer/brist/bratus HTTP/1.1" 200 7842 "-" "Mozilla/5.0 (compatible; AhrefsBot/6.1; +http://ahrefs.com/robot/)"
108.162.241.10 - - [02/Jul/2019:02:55:12 +0000] "GET /taxi-transfer/zaostrog/drasnice HTTP/1.1" 200 7648 "-" "Mozilla/5.0 (compatible; SemrushBot/3~bl; +http://www.semrush.com/bot.html)"
162.158.107.89 - - [02/Jul/2019:02:57:23 +0000] "GET / HTTP/1.1" 200 4688 "-" "Mozilla/5.0 (compatible; DotBot/1.1; http://www.opensiteexplorer.org/dotbot, help@moz.com)"
141.101.69.97 - - [02/Jul/2019:03:01:54 +0000] "GET /hr/destinations/trpanj HTTP/1.1" 302 468 "-" "Mozilla/5.0 (compatible; AhrefsBot/6.1; +http://ahrefs.com/robot/)"
108.162.241.118 - - [02/Jul/2019:03:03:35 +0000] "GET /hr/destinations/neum-bih HTTP/1.1" 302 476 "-" "Mozilla/5.0 (compatible; SemrushBot/3~bl; +http://www.semrush.com/bot.html)"
108.162.241.106 - - [02/Jul/2019:03:03:37 +0000] "GET /hr/destinacije/neum-bih HTTP/1.1" 200 4099 "-" "Mozilla/5.0 (compatible; SemrushBot/3~bl; +http://www.semrush.com/bot.html)"
141.101.105.4 - - [02/Jul/2019:03:04:43 +0000] "GET /hr/destinations/ist-ist HTTP/1.1" 302 472 "-" "Mozilla/5.0 (compatible; AhrefsBot/6.1; +http://ahrefs.com/robot/)"
108.162.241.106 - - [02/Jul/2019:03:06:36 +0000] "GET /destinations/bacva-visnjan HTTP/1.1" 200 3983 "-" "Mozilla/5.0 (compatible; SemrushBot/3~bl; +http://www.semrush.com/bot.html)"
141.101.76.44 - - [02/Jul/2019:03:09:08 +0000] "GET /hr/destinacije/lecevica HTTP/1.1" 200 4031 "-" "Mozilla/5.0 (compatible; AhrefsBot/6.1; +http://ahrefs.com/robot/)"
141.101.105.4 - - [02/Jul/2019:03:10:10 +0000] "GET /taxi-transfer/makarska/krvavica HTTP/1.1" 200 7626 "-" "Mozilla/5.0 (compatible; AhrefsBot/6.1; +http://ahrefs.com/robot/)"
108.162.241.130 - - [02/Jul/2019:03:12:15 +0000] "GET /hr/destinations/luka-dugi-otok HTTP/1.1" 302 500 "-" "Mozilla/5.0 (compatible; SemrushBot/3~bl; +http://www.semrush.com/bot.html)"
108.162.241.10 - - [02/Jul/2019:03:12:17 +0000] "GET /hr/destinacije/luka-dugi-otok HTTP/1.1" 200 4040 "-" "Mozilla/5.0 (compatible; SemrushBot/3~bl; +http://www.semrush.com/bot.html)"
141.101.104.235 - - [02/Jul/2019:03:12:22 +0000] "GET /en/taxi-transfer/igrane/makarska HTTP/1.1" 200 7629 "-" "Mozilla/5.0 (compatible; AhrefsBot/6.1; +http://ahrefs.com/robot/)"
141.101.76.44 - - [02/Jul/2019:03:14:00 +0000] "GET /hr/destinations/mostar-bih HTTP/1.1" 302 484 "-" "Mozilla/5.0 (compatible; AhrefsBot/6.1; +http://ahrefs.com/robot/)"
108.162.241.118 - - [02/Jul/2019:03:15:07 +0000] "GET / HTTP/1.1" 200 4688 "-" "Mozilla/5.0 (compatible; SemrushBot-SA/0.97; +http://www.semrush.com/bot.html)"
108.162.246.111 - - [02/Jul/2019:03:15:17 +0000] "GET /hr/faq HTTP/1.1" 200 4604 "-" "Mozilla/5.0 (compatible; bingbot/2.0; +http://www.bing.com/bingbot.htm)"
108.162.241.130 - - [02/Jul/2019:03:15:17 +0000] "GET /tours/city-of-dubrovnik-tour HTTP/1.1" 200 5467 "-" "Mozilla/5.0 (compatible; SemrushBot-SA/0.97; +http://www.semrush.com/bot.html)"
108.162.241.118 - - [02/Jul/2019:03:15:18 +0000] "GET /tours/city-of-split-tour HTTP/1.1" 200 5400 "-" "Mozilla/5.0 (compatible; SemrushBot-SA/0.97; +http://www.semrush.com/bot.html)"
108.162.241.106 - - [02/Jul/2019:03:15:19 +0000] "GET /tours/city-of-medugorje-tour-bih HTTP/1.1" 200 5265 "-" "Mozilla/5.0 (compatible; SemrushBot-SA/0.97; +http://www.semrush.com/bot.html)"
108.162.241.10 - - [02/Jul/2019:03:15:20 +0000] "GET /en/destinations/split-airport HTTP/1.1" 200 8904 "-" "Mozilla/5.0 (compatible; SemrushBot-SA/0.97; +http://www.semrush.com/bot.html)"
108.162.241.64 - - [02/Jul/2019:03:15:22 +0000] "GET /tours/biokovo-mountain-tour HTTP/1.1" 200 5647 "-" "Mozilla/5.0 (compatible; SemrushBot-SA/0.97; +http://www.semrush.com/bot.html)"
108.162.241.130 - - [02/Jul/2019:03:15:23 +0000] "GET /destinations/makarska HTTP/1.1" 200 4953 "-" "Mozilla/5.0 (compatible; SemrushBot-SA/0.97; +http://www.semrush.com/bot.html)"
108.162.241.118 - - [02/Jul/2019:03:15:25 +0000] "GET /destinations/brela HTTP/1.1" 200 4584 "-" "Mozilla/5.0 (compatible; SemrushBot-SA/0.97; +http://www.semrush.com/bot.html)"
108.162.241.118 - - [02/Jul/2019:03:15:26 +0000] "GET /destinations/podgora HTTP/1.1" 200 4565 "-" "Mozilla/5.0 (compatible; SemrushBot-SA/0.97; +http://www.semrush.com/bot.html)"
108.162.241.118 - - [02/Jul/2019:03:15:27 +0000] "GET /destinations/promajna HTTP/1.1" 200 4574 "-" "Mozilla/5.0 (compatible; SemrushBot-SA/0.97; +http://www.semrush.com/bot.html)"
108.162.241.118 - - [02/Jul/2019:03:15:29 +0000] "GET /taxi HTTP/1.1" 200 4592 "-" "Mozilla/5.0 (compatible; SemrushBot-SA/0.97; +http://www.semrush.com/bot.html)"
108.162.241.106 - - [02/Jul/2019:03:15:29 +0000] "GET /destinations/baska-voda HTTP/1.1" 200 4589 "-" "Mozilla/5.0 (compatible; SemrushBot-SA/0.97; +http://www.semrush.com/bot.html)"
108.162.241.106 - - [02/Jul/2019:03:15:31 +0000] "GET /destinations/split-airport HTTP/1.1" 200 8897 "-" "Mozilla/5.0 (compatible; SemrushBot-SA/0.97; +http://www.semrush.com/bot.html)"
108.162.241.106 - - [02/Jul/2019:03:15:33 +0000] "GET /destinations/tucepi HTTP/1.1" 200 4568 "-" "Mozilla/5.0 (compatible; SemrushBot-SA/0.97; +http://www.semrush.com/bot.html)"
108.162.241.10 - - [02/Jul/2019:03:15:34 +0000] "GET /contact HTTP/1.1" 200 4223 "-" "Mozilla/5.0 (compatible; SemrushBot-SA/0.97; +http://www.semrush.com/bot.html)"
108.162.241.130 - - [02/Jul/2019:03:15:45 +0000] "GET /hr HTTP/1.1" 200 4923 "-" "Mozilla/5.0 (compatible; SemrushBot-SA/0.97; +http://www.semrush.com/bot.html)"
108.162.241.106 - - [02/Jul/2019:03:15:46 +0000] "GET /hr/taxi HTTP/1.1" 200 4770 "-" "Mozilla/5.0 (compatible; SemrushBot-SA/0.97; +http://www.semrush.com/bot.html)"
141.101.88.116 - - [02/Jul/2019:03:17:41 +0000] "GET /en/get-a-quote HTTP/1.1" 200 3782 "-" "Mozilla/5.0 (compatible; Qwantify/2.4w; +https://www.qwant.com/)/2.4w"
141.101.69.163 - - [02/Jul/2019:03:17:47 +0000] "GET /taxi-transfer/dubrovnik/makarska HTTP/1.1" 200 7759 "-" "Mozilla/5.0 (compatible; AhrefsBot/6.1; +http://ahrefs.com/robot/)"
141.101.105.46 - - [02/Jul/2019:03:18:09 +0000] "GET /hr/destinations/radunic HTTP/1.1" 302 472 "-" "Mozilla/5.0 (compatible; AhrefsBot/6.1; +http://ahrefs.com/robot/)"
141.101.104.235 - - [02/Jul/2019:03:21:47 +0000] "GET /hr/destinations/zirje-zirje HTTP/1.1" 302 488 "-" "Mozilla/5.0 (compatible; AhrefsBot/6.1; +http://ahrefs.com/robot/)"
141.101.77.180 - - [02/Jul/2019:03:22:01 +0000] "GET /destinations/mimice HTTP/1.1" 200 4003 "-" "Mozilla/5.0 (compatible; AhrefsBot/6.1; +http://ahrefs.com/robot/)"
141.101.105.46 - - [02/Jul/2019:03:22:43 +0000] "GET /destinations/krkovic HTTP/1.1" 200 3952 "-" "Mozilla/5.0 (compatible; AhrefsBot/6.1; +http://ahrefs.com/robot/)"
108.162.229.152 - - [02/Jul/2019:03:30:04 +0000] "GET /hr/destinations/metkovic HTTP/1.1" 302 476 "-" "Mozilla/5.0 (compatible; AhrefsBot/6.1; +http://ahrefs.com/robot/)"
141.101.76.44 - - [02/Jul/2019:03:30:44 +0000] "GET /hr/destinacije/udbina HTTP/1.1" 200 4024 "-" "Mozilla/5.0 (compatible; AhrefsBot/6.1; +http://ahrefs.com/robot/)"
172.69.226.157 - - [02/Jul/2019:03:30:44 +0000] "GET /destinations/sveti-anton-krk HTTP/1.1" 200 3964 "-" "Mozilla/5.0 (compatible; AhrefsBot/6.1; +http://ahrefs.com/robot/)"
172.69.54.49 - - [02/Jul/2019:03:32:30 +0000] "GET /hr/destinacije/plano HTTP/1.1" 200 4023 "-" "Mozilla/5.0 (compatible; AhrefsBot/6.1; +http://ahrefs.com/robot/)"
141.101.104.171 - - [02/Jul/2019:03:35:14 +0000] "GET /destinations/tucepi HTTP/1.1" 200 4568 "-" "Mozilla/5.0 (compatible; AhrefsBot/6.1; +http://ahrefs.com/robot/)"
141.101.77.180 - - [02/Jul/2019:03:37:49 +0000] "GET /hr/destinacije/durinici HTTP/1.1" 200 4037 "-" "Mozilla/5.0 (compatible; AhrefsBot/6.1; +http://ahrefs.com/robot/)"
162.158.106.88 - - [02/Jul/2019:03:38:21 +0000] "GET /robots.txt HTTP/1.1" 301 253 "-" "Mozilla/5.0 (compatible; Googlebot/2.1; +http://www.google.com/bot.html)"
162.158.106.94 - - [02/Jul/2019:03:38:22 +0000] "GET / HTTP/1.1" 301 243 "-" "Mozilla/5.0 (compatible; Googlebot/2.1; +http://www.google.com/bot.html)"
108.162.245.158 - - [02/Jul/2019:03:38:23 +0000] "GET / HTTP/1.1" 200 4688 "-" "Mozilla/5.0 (compatible; Googlebot/2.1; +http://www.google.com/bot.html)"
141.101.88.92 - - [02/Jul/2019:03:40:06 +0000] "GET /taxi-transfer/bast/split HTTP/1.1" 200 7629 "-" "Mozilla/5.0 (compatible; AhrefsBot/6.1; +http://ahrefs.com/robot/)"
141.101.69.163 - - [02/Jul/2019:03:40:57 +0000] "GET /hr/destinations/palanka-gracac HTTP/1.1" 302 500 "-" "Mozilla/5.0 (compatible; AhrefsBot/6.1; +http://ahrefs.com/robot/)"
141.101.88.116 - - [02/Jul/2019:03:41:08 +0000] "GET /hr/destinations/drnje HTTP/1.1" 302 464 "-" "Mozilla/5.0 (compatible; AhrefsBot/6.1; +http://ahrefs.com/robot/)"
172.69.234.142 - - [02/Jul/2019:03:47:09 +0000] "GET / HTTP/1.1" 200 4688 "-" "FreeWebMonitoring SiteChecker/0.2 (+https://www.freewebmonitoring.com/bot.html)"
172.69.54.49 - - [02/Jul/2019:03:48:08 +0000] "GET /hr/destinations/danilo-biranj HTTP/1.1" 302 496 "-" "Mozilla/5.0 (compatible; AhrefsBot/6.1; +http://ahrefs.com/robot/)"
162.158.106.94 - - [02/Jul/2019:03:48:42 +0000] "GET / HTTP/1.1" 301 243 "-" "Mozilla/5.0 (Linux; Android 6.0.1; Nexus 5X Build/MMB29P) AppleWebKit/537.36 (KHTML, like Gecko) Chrome/41.0.2272.96 Mobile Safari/537.36 (compatible; Googlebot/2.1; +http://www.google.com/bot.html)"
108.162.245.158 - - [02/Jul/2019:03:48:43 +0000] "GET / HTTP/1.1" 200 4688 "-" "Mozilla/5.0 (Linux; Android 6.0.1; Nexus 5X Build/MMB29P) AppleWebKit/537.36 (KHTML, like Gecko) Chrome/41.0.2272.96 Mobile Safari/537.36 (compatible; Googlebot/2.1; +http://www.google.com/bot.html)"
141.101.69.193 - - [02/Jul/2019:03:50:50 +0000] "GET /destinations/lukac HTTP/1.1" 200 3948 "-" "Mozilla/5.0 (compatible; AhrefsBot/6.1; +http://ahrefs.com/robot/)"
172.69.226.157 - - [02/Jul/2019:03:51:17 +0000] "GET /hr/destinacije/primosten HTTP/1.1" 200 4097 "-" "Mozilla/5.0 (compatible; AhrefsBot/6.1; +http://ahrefs.com/robot/)"
108.162.241.118 - - [02/Jul/2019:03:54:42 +0000] "GET /taxi-transfer/zaostrog/brist HTTP/1.1" 200 7633 "-" "Mozilla/5.0 (compatible; SemrushBot/3~bl; +http://www.semrush.com/bot.html)"
141.101.69.103 - - [02/Jul/2019:03:56:24 +0000] "GET /destinations/cibaca HTTP/1.1" 200 3953 "-" "Mozilla/5.0 (compatible; AhrefsBot/6.1; +http://ahrefs.com/robot/)"
162.158.106.238 - - [02/Jul/2019:03:57:00 +0000] "GET /destinations/hvar-hvar HTTP/1.1" 200 3947 "-" "Mozilla/5.0 (compatible; bingbot/2.0; +http://www.bing.com/bingbot.htm)"
108.162.246.99 - - [02/Jul/2019:03:58:41 +0000] "GET /hr/taxi HTTP/1.1" 200 4770 "-" "Mozilla/5.0 (compatible; Googlebot/2.1; +http://www.google.com/bot.html)"
172.69.226.157 - - [02/Jul/2019:03:58:43 +0000] "GET /hr/destinacije/lopar-rab HTTP/1.1" 200 4035 "-" "Mozilla/5.0 (compatible; AhrefsBot/6.1; +http://ahrefs.com/robot/)"
172.68.222.116 - - [02/Jul/2019:03:59:36 +0000] "GET /hr/taxi HTTP/1.1" 200 4770 "https://www.google.com/" "Mozilla/5.0 (Linux; Android 9; ANE-LX1) AppleWebKit/537.36 (KHTML, like Gecko) Chrome/75.0.3770.101 Mobile Safari/537.36"
108.162.241.118 - - [02/Jul/2019:03:59:42 +0000] "GET /hr/destinacije/anzici HTTP/1.1" 200 4033 "-" "Mozilla/5.0 (compatible; SemrushBot/3~bl; +http://www.semrush.com/bot.html)"
172.68.222.62 - - [02/Jul/2019:03:59:50 +0000] "GET /site.webmanifest HTTP/1.1" 200 426 "https://www.cheapridetransfers.com/hr/taxi" "Mozilla/5.0 (Linux; Android 9; ANE-LX1) AppleWebKit/537.36 (KHTML, like Gecko) Chrome/75.0.3770.101 Mobile Safari/537.36"
108.162.229.146 - - [02/Jul/2019:03:59:57 +0000] "GET /hr/destinacije/veli-losinj-losinj HTTP/1.1" 200 4059 "-" "Mozilla/5.0 (compatible; AhrefsBot/6.1; +http://ahrefs.com/robot/)"
172.68.222.116 - - [02/Jul/2019:04:00:36 +0000] "POST /startlocation HTTP/1.1" 200 2 "https://www.cheapridetransfers.com/hr/taxi" "Mozilla/5.0 (Linux; Android 9; ANE-LX1) AppleWebKit/537.36 (KHTML, like Gecko) Chrome/75.0.3770.101 Mobile Safari/537.36"
172.68.222.116 - - [02/Jul/2019:04:00:37 +0000] "POST /startlocation HTTP/1.1" 200 2 "https://www.cheapridetransfers.com/hr/taxi" "Mozilla/5.0 (Linux; Android 9; ANE-LX1) AppleWebKit/537.36 (KHTML, like Gecko) Chrome/75.0.3770.101 Mobile Safari/537.36"
172.68.222.116 - - [02/Jul/2019:04:00:38 +0000] "POST /startlocation HTTP/1.1" 200 2 "https://www.cheapridetransfers.com/hr/taxi" "Mozilla/5.0 (Linux; Android 9; ANE-LX1) AppleWebKit/537.36 (KHTML, like Gecko) Chrome/75.0.3770.101 Mobile Safari/537.36"
172.68.222.116 - - [02/Jul/2019:04:00:38 +0000] "POST /startlocation HTTP/1.1" 200 2 "https://www.cheapridetransfers.com/hr/taxi" "Mozilla/5.0 (Linux; Android 9; ANE-LX1) AppleWebKit/537.36 (KHTML, like Gecko) Chrome/75.0.3770.101 Mobile Safari/537.36"
172.68.222.116 - - [02/Jul/2019:04:00:40 +0000] "POST /startlocation HTTP/1.1" 200 2 "https://www.cheapridetransfers.com/hr/taxi" "Mozilla/5.0 (Linux; Android 9; ANE-LX1) AppleWebKit/537.36 (KHTML, like Gecko) Chrome/75.0.3770.101 Mobile Safari/537.36"
172.68.222.116 - - [02/Jul/2019:04:00:41 +0000] "POST /startlocation HTTP/1.1" 200 2 "https://www.cheapridetransfers.com/hr/taxi" "Mozilla/5.0 (Linux; Android 9; ANE-LX1) AppleWebKit/537.36 (KHTML, like Gecko) Chrome/75.0.3770.101 Mobile Safari/537.36"
172.68.222.116 - - [02/Jul/2019:04:00:41 +0000] "POST /startlocation HTTP/1.1" 200 2 "https://www.cheapridetransfers.com/hr/taxi" "Mozilla/5.0 (Linux; Android 9; ANE-LX1) AppleWebKit/537.36 (KHTML, like Gecko) Chrome/75.0.3770.101 Mobile Safari/537.36"
172.68.222.116 - - [02/Jul/2019:04:00:42 +0000] "POST /startlocation HTTP/1.1" 200 2 "https://www.cheapridetransfers.com/hr/taxi" "Mozilla/5.0 (Linux; Android 9; ANE-LX1) AppleWebKit/537.36 (KHTML, like Gecko) Chrome/75.0.3770.101 Mobile Safari/537.36"
172.68.222.116 - - [02/Jul/2019:04:00:43 +0000] "POST /startlocation HTTP/1.1" 200 2 "https://www.cheapridetransfers.com/hr/taxi" "Mozilla/5.0 (Linux; Android 9; ANE-LX1) AppleWebKit/537.36 (KHTML, like Gecko) Chrome/75.0.3770.101 Mobile Safari/537.36"
172.68.222.116 - - [02/Jul/2019:04:00:44 +0000] "POST /startlocation HTTP/1.1" 200 2 "https://www.cheapridetransfers.com/hr/taxi" "Mozilla/5.0 (Linux; Android 9; ANE-LX1) AppleWebKit/537.36 (KHTML, like Gecko) Chrome/75.0.3770.101 Mobile Safari/537.36"
172.68.222.116 - - [02/Jul/2019:04:00:45 +0000] "POST /startlocation HTTP/1.1" 200 2 "https://www.cheapridetransfers.com/hr/taxi" "Mozilla/5.0 (Linux; Android 9; ANE-LX1) AppleWebKit/537.36 (KHTML, like Gecko) Chrome/75.0.3770.101 Mobile Safari/537.36"
172.68.222.116 - - [02/Jul/2019:04:00:48 +0000] "POST /startlocation HTTP/1.1" 200 2 "https://www.cheapridetransfers.com/hr/taxi" "Mozilla/5.0 (Linux; Android 9; ANE-LX1) AppleWebKit/537.36 (KHTML, like Gecko) Chrome/75.0.3770.101 Mobile Safari/537.36"
172.68.222.116 - - [02/Jul/2019:04:00:49 +0000] "POST /startlocation HTTP/1.1" 200 2 "https://www.cheapridetransfers.com/hr/taxi" "Mozilla/5.0 (Linux; Android 9; ANE-LX1) AppleWebKit/537.36 (KHTML, like Gecko) Chrome/75.0.3770.101 Mobile Safari/537.36"
172.68.222.116 - - [02/Jul/2019:04:00:51 +0000] "POST /startlocation HTTP/1.1" 200 2 "https://www.cheapridetransfers.com/hr/taxi" "Mozilla/5.0 (Linux; Android 9; ANE-LX1) AppleWebKit/537.36 (KHTML, like Gecko) Chrome/75.0.3770.101 Mobile Safari/537.36"
172.68.222.116 - - [02/Jul/2019:04:00:52 +0000] "POST /startlocation HTTP/1.1" 200 2 "https://www.cheapridetransfers.com/hr/taxi" "Mozilla/5.0 (Linux; Android 9; ANE-LX1) AppleWebKit/537.36 (KHTML, like Gecko) Chrome/75.0.3770.101 Mobile Safari/537.36"
172.68.222.116 - - [02/Jul/2019:04:00:54 +0000] "POST /startlocation HTTP/1.1" 200 2 "https://www.cheapridetransfers.com/hr/taxi" "Mozilla/5.0 (Linux; Android 9; ANE-LX1) AppleWebKit/537.36 (KHTML, like Gecko) Chrome/75.0.3770.101 Mobile Safari/537.36"
172.68.222.116 - - [02/Jul/2019:04:00:55 +0000] "POST /startlocation HTTP/1.1" 200 2 "https://www.cheapridetransfers.com/hr/taxi" "Mozilla/5.0 (Linux; Android 9; ANE-LX1) AppleWebKit/537.36 (KHTML, like Gecko) Chrome/75.0.3770.101 Mobile Safari/537.36"
172.68.222.116 - - [02/Jul/2019:04:00:59 +0000] "POST /endlocation HTTP/1.1" 200 2 "https://www.cheapridetransfers.com/hr/taxi" "Mozilla/5.0 (Linux; Android 9; ANE-LX1) AppleWebKit/537.36 (KHTML, like Gecko) Chrome/75.0.3770.101 Mobile Safari/537.36"
172.68.222.116 - - [02/Jul/2019:04:01:00 +0000] "POST /endlocation HTTP/1.1" 200 2 "https://www.cheapridetransfers.com/hr/taxi" "Mozilla/5.0 (Linux; Android 9; ANE-LX1) AppleWebKit/537.36 (KHTML, like Gecko) Chrome/75.0.3770.101 Mobile Safari/537.36"
172.68.222.116 - - [02/Jul/2019:04:01:00 +0000] "POST /endlocation HTTP/1.1" 200 2 "https://www.cheapridetransfers.com/hr/taxi" "Mozilla/5.0 (Linux; Android 9; ANE-LX1) AppleWebKit/537.36 (KHTML, like Gecko) Chrome/75.0.3770.101 Mobile Safari/537.36"
172.68.222.116 - - [02/Jul/2019:04:01:02 +0000] "POST /endlocation HTTP/1.1" 200 2 "https://www.cheapridetransfers.com/hr/taxi" "Mozilla/5.0 (Linux; Android 9; ANE-LX1) AppleWebKit/537.36 (KHTML, like Gecko) Chrome/75.0.3770.101 Mobile Safari/537.36"
172.68.222.116 - - [02/Jul/2019:04:01:03 +0000] "POST /endlocation HTTP/1.1" 200 2 "https://www.cheapridetransfers.com/hr/taxi" "Mozilla/5.0 (Linux; Android 9; ANE-LX1) AppleWebKit/537.36 (KHTML, like Gecko) Chrome/75.0.3770.101 Mobile Safari/537.36"
172.68.222.116 - - [02/Jul/2019:04:01:07 +0000] "POST /endlocation HTTP/1.1" 200 2 "https://www.cheapridetransfers.com/hr/taxi" "Mozilla/5.0 (Linux; Android 9; ANE-LX1) AppleWebKit/537.36 (KHTML, like Gecko) Chrome/75.0.3770.101 Mobile Safari/537.36"
172.68.222.116 - - [02/Jul/2019:04:01:17 +0000] "GET /hr/pretraga?start_location=Autobusni+kolodvor+makarska+&end_location=Makarskih+iseljenika+11&date=09.07.2019 HTTP/1.1" 302 460 "https://www.cheapridetransfers.com/hr/taxi" "Mozilla/5.0 (Linux; Android 9; ANE-LX1) AppleWebKit/537.36 (KHTML, like Gecko) Chrome/75.0.3770.101 Mobile Safari/537.36"
172.68.222.116 - - [02/Jul/2019:04:01:17 +0000] "GET /hr/zatrazite-ponudu HTTP/1.1" 200 3910 "https://www.cheapridetransfers.com/hr/taxi" "Mozilla/5.0 (Linux; Android 9; ANE-LX1) AppleWebKit/537.36 (KHTML, like Gecko) Chrome/75.0.3770.101 Mobile Safari/537.36"
141.101.69.193 - - [02/Jul/2019:04:01:35 +0000] "GET /hr/destinacije/vrzici HTTP/1.1" 200 4032 "-" "Mozilla/5.0 (compatible; AhrefsBot/6.1; +http://ahrefs.com/robot/)"
141.101.69.133 - - [02/Jul/2019:04:02:38 +0000] "GET /hr/destinacije/starigrad HTTP/1.1" 200 4028 "-" "Mozilla/5.0 (compatible; AhrefsBot/6.1; +http://ahrefs.com/robot/)"
162.158.107.131 - - [02/Jul/2019:04:08:35 +0000] "GET /hr/destinacije/imotski HTTP/1.1" 200 4187 "-" "Mozilla/5.0 (compatible; Googlebot/2.1; +http://www.google.com/bot.html)"
172.69.226.157 - - [02/Jul/2019:04:09:16 +0000] "GET /hr/destinations/bristivica HTTP/1.1" 302 484 "-" "Mozilla/5.0 (compatible; AhrefsBot/6.1; +http://ahrefs.com/robot/)"
141.101.77.186 - - [02/Jul/2019:04:11:20 +0000] "GET /destinations/basanija HTTP/1.1" 200 3965 "-" "Mozilla/5.0 (compatible; AhrefsBot/6.1; +http://ahrefs.com/robot/)"
108.162.241.10 - - [02/Jul/2019:04:12:54 +0000] "GET /destinations/stolac-senj HTTP/1.1" 200 3956 "-" "Mozilla/5.0 (compatible; SemrushBot/3~bl; +http://www.semrush.com/bot.html)"
141.101.76.134 - - [02/Jul/2019:04:13:24 +0000] "GET /hr/destinacije/zaglav-dugi-otok HTTP/1.1" 200 4042 "-" "Mozilla/5.0 (compatible; AhrefsBot/6.1; +http://ahrefs.com/robot/)"
141.101.69.103 - - [02/Jul/2019:04:13:32 +0000] "GET /hr/destinacije/krneza HTTP/1.1" 200 4024 "-" "Mozilla/5.0 (compatible; AhrefsBot/6.1; +http://ahrefs.com/robot/)"
108.162.229.242 - - [02/Jul/2019:04:13:42 +0000] "GET /hr/destinacije/brotnice HTTP/1.1" 200 4028 "-" "Mozilla/5.0 (compatible; AhrefsBot/6.1; +http://ahrefs.com/robot/)"
172.69.226.189 - - [02/Jul/2019:04:14:32 +0000] "GET /hr/destinations/donji-andrijevci HTTP/1.1" 302 508 "-" "Mozilla/5.0 (compatible; AhrefsBot/6.1; +http://ahrefs.com/robot/)"
141.101.69.103 - - [02/Jul/2019:04:17:23 +0000] "GET /hr/taksi-transfer/podgora/bratus HTTP/1.1" 200 7846 "-" "Mozilla/5.0 (compatible; AhrefsBot/6.1; +http://ahrefs.com/robot/)"
141.101.77.132 - - [02/Jul/2019:04:18:21 +0000] "GET /hr/destinacije/sikovo HTTP/1.1" 200 4025 "-" "Mozilla/5.0 (compatible; AhrefsBot/6.1; +http://ahrefs.com/robot/)"
141.101.105.46 - - [02/Jul/2019:04:18:43 +0000] "GET /en/taxi-transfer/seget-donji/split-airport HTTP/1.1" 200 7915 "-" "Mozilla/5.0 (compatible; AhrefsBot/6.1; +http://ahrefs.com/robot/)"
108.162.241.130 - - [02/Jul/2019:04:20:19 +0000] "GET /hr/destinacije/ugljane HTTP/1.1" 200 4027 "-" "Mozilla/5.0 (compatible; SemrushBot/3~bl; +http://www.semrush.com/bot.html)"
162.158.107.23 - - [02/Jul/2019:04:25:49 +0000] "GET /hr/destinacije/donji-vaganac HTTP/1.1" 200 4037 "-" "Mozilla/5.0 (compatible; Googlebot/2.1; +http://www.google.com/bot.html)"
108.162.241.130 - - [02/Jul/2019:04:30:07 +0000] "GET /taxi-transfer/split-airport/makarska HTTP/1.1" 200 8109 "-" "Mozilla/5.0 (compatible; SemrushBot/3~bl; +http://www.semrush.com/bot.html)"
141.101.69.103 - - [02/Jul/2019:04:30:50 +0000] "GET /destinations/slatine-ciovo HTTP/1.1" 200 4023 "-" "Mozilla/5.0 (compatible; AhrefsBot/6.1; +http://ahrefs.com/robot/)"
172.69.226.69 - - [02/Jul/2019:04:34:01 +0000] "GET /hr/destinations/smokvica-krmpotska HTTP/1.1" 302 516 "-" "Mozilla/5.0 (compatible; AhrefsBot/6.1; +http://ahrefs.com/robot/)"
141.101.69.163 - - [02/Jul/2019:04:35:45 +0000] "GET /en/destinations HTTP/1.1" 200 6873 "-" "Mozilla/5.0 (compatible; Qwantify/2.4w; +https://www.qwant.com/)/2.4w"
172.68.222.62 - - [02/Jul/2019:04:36:15 +0000] "GET /?fbclid=IwAR031Ng5bJGJBDvNL46R6C9elh_2Twkw1dj4KOL_rIlq2h1GZ9_qiDGCQV8 HTTP/1.1" 200 4758 "https://m.facebook.com/" "Mozilla/5.0 (Linux; Android 7.0; HUAWEI VNS-L21) AppleWebKit/537.36 (KHTML, like Gecko) Chrome/75.0.3770.101 Mobile Safari/537.36"
172.68.222.110 - - [02/Jul/2019:04:36:17 +0000] "GET /site.webmanifest HTTP/1.1" 200 426 "https://www.cheapridetransfers.com/?fbclid=IwAR031Ng5bJGJBDvNL46R6C9elh_2Twkw1dj4KOL_rIlq2h1GZ9_qiDGCQV8" "Mozilla/5.0 (Linux; Android 7.0; HUAWEI VNS-L21) AppleWebKit/537.36 (KHTML, like Gecko) Chrome/75.0.3770.101 Mobile Safari/537.36"
172.68.222.62 - - [02/Jul/2019:04:36:28 +0000] "POST /startlocation HTTP/1.1" 200 79 "https://www.cheapridetransfers.com/?fbclid=IwAR031Ng5bJGJBDvNL46R6C9elh_2Twkw1dj4KOL_rIlq2h1GZ9_qiDGCQV8" "Mozilla/5.0 (Linux; Android 7.0; HUAWEI VNS-L21) AppleWebKit/537.36 (KHTML, like Gecko) Chrome/75.0.3770.101 Mobile Safari/537.36"
172.68.222.62 - - [02/Jul/2019:04:36:29 +0000] "POST /startlocation HTTP/1.1" 200 79 "https://www.cheapridetransfers.com/?fbclid=IwAR031Ng5bJGJBDvNL46R6C9elh_2Twkw1dj4KOL_rIlq2h1GZ9_qiDGCQV8" "Mozilla/5.0 (Linux; Android 7.0; HUAWEI VNS-L21) AppleWebKit/537.36 (KHTML, like Gecko) Chrome/75.0.3770.101 Mobile Safari/537.36"
172.68.222.62 - - [02/Jul/2019:04:36:29 +0000] "POST /startlocation HTTP/1.1" 200 79 "https://www.cheapridetransfers.com/?fbclid=IwAR031Ng5bJGJBDvNL46R6C9elh_2Twkw1dj4KOL_rIlq2h1GZ9_qiDGCQV8" "Mozilla/5.0 (Linux; Android 7.0; HUAWEI VNS-L21) AppleWebKit/537.36 (KHTML, like Gecko) Chrome/75.0.3770.101 Mobile Safari/537.36"
172.68.222.62 - - [02/Jul/2019:04:36:30 +0000] "POST /startlocation HTTP/1.1" 200 79 "https://www.cheapridetransfers.com/?fbclid=IwAR031Ng5bJGJBDvNL46R6C9elh_2Twkw1dj4KOL_rIlq2h1GZ9_qiDGCQV8" "Mozilla/5.0 (Linux; Android 7.0; HUAWEI VNS-L21) AppleWebKit/537.36 (KHTML, like Gecko) Chrome/75.0.3770.101 Mobile Safari/537.36"
172.68.222.62 - - [02/Jul/2019:04:36:31 +0000] "POST /startlocation HTTP/1.1" 200 79 "https://www.cheapridetransfers.com/?fbclid=IwAR031Ng5bJGJBDvNL46R6C9elh_2Twkw1dj4KOL_rIlq2h1GZ9_qiDGCQV8" "Mozilla/5.0 (Linux; Android 7.0; HUAWEI VNS-L21) AppleWebKit/537.36 (KHTML, like Gecko) Chrome/75.0.3770.101 Mobile Safari/537.36"
172.68.34.32 - - [02/Jul/2019:04:36:35 +0000] "GET /img/transfer.jpg HTTP/1.1" 200 12830 "-" "cortex/1.0"
172.68.34.86 - - [02/Jul/2019:04:36:35 +0000] "GET / HTTP/1.1" 206 4688 "-" "facebookexternalhit/1.1 (+http://www.facebook.com/externalhit_uatext.php)"
172.68.222.62 - - [02/Jul/2019:04:36:37 +0000] "POST /endlocation HTTP/1.1" 200 110 "https://www.cheapridetransfers.com/?fbclid=IwAR031Ng5bJGJBDvNL46R6C9elh_2Twkw1dj4KOL_rIlq2h1GZ9_qiDGCQV8" "Mozilla/5.0 (Linux; Android 7.0; HUAWEI VNS-L21) AppleWebKit/537.36 (KHTML, like Gecko) Chrome/75.0.3770.101 Mobile Safari/537.36"
172.68.222.62 - - [02/Jul/2019:04:36:43 +0000] "GET /search?start_location=Makarska&end_location=Split+Airport+&date=03.07.2019 HTTP/1.1" 302 528 "https://www.cheapridetransfers.com/?fbclid=IwAR031Ng5bJGJBDvNL46R6C9elh_2Twkw1dj4KOL_rIlq2h1GZ9_qiDGCQV8" "Mozilla/5.0 (Linux; Android 7.0; HUAWEI VNS-L21) AppleWebKit/537.36 (KHTML, like Gecko) Chrome/75.0.3770.101 Mobile Safari/537.36"
172.68.222.62 - - [02/Jul/2019:04:36:44 +0000] "GET /taxi-transfer/makarska/split-airport HTTP/1.1" 200 8090 "https://www.cheapridetransfers.com/?fbclid=IwAR031Ng5bJGJBDvNL46R6C9elh_2Twkw1dj4KOL_rIlq2h1GZ9_qiDGCQV8" "Mozilla/5.0 (Linux; Android 7.0; HUAWEI VNS-L21) AppleWebKit/537.36 (KHTML, like Gecko) Chrome/75.0.3770.101 Mobile Safari/537.36"
141.101.104.235 - - [02/Jul/2019:04:36:45 +0000] "GET /hr/taksi-transfer/zadar-airport/tucepi HTTP/1.1" 200 8180 "-" "Mozilla/5.0 (compatible; AhrefsBot/6.1; +http://ahrefs.com/robot/)"
172.69.226.157 - - [02/Jul/2019:04:39:28 +0000] "GET /hr/destinations/davor HTTP/1.1" 302 464 "-" "Mozilla/5.0 (compatible; AhrefsBot/6.1; +http://ahrefs.com/robot/)"
108.162.229.26 - - [02/Jul/2019:04:42:20 +0000] "GET /destinations/omis HTTP/1.1" 200 4055 "-" "Mozilla/5.0 (compatible; AhrefsBot/6.1; +http://ahrefs.com/robot/)"
108.162.241.130 - - [02/Jul/2019:04:42:38 +0000] "GET /destinations/makarska HTTP/1.1" 200 4953 "-" "Mozilla/5.0 (compatible; SemrushBot/3~bl; +http://www.semrush.com/bot.html)"
141.101.105.46 - - [02/Jul/2019:04:46:24 +0000] "GET /destinations/preseka HTTP/1.1" 200 3943 "-" "Mozilla/5.0 (compatible; AhrefsBot/6.1; +http://ahrefs.com/robot/)"
141.101.69.103 - - [02/Jul/2019:04:48:10 +0000] "GET /taxi-transfer/makarska/zaostrog HTTP/1.1" 200 7624 "-" "Mozilla/5.0 (compatible; AhrefsBot/6.1; +http://ahrefs.com/robot/)"
172.69.234.142 - - [02/Jul/2019:04:48:25 +0000] "GET / HTTP/1.1" 200 4688 "-" "FreeWebMonitoring SiteChecker/0.2 (+https://www.freewebmonitoring.com/bot.html)"
108.162.245.14 - - [02/Jul/2019:04:49:18 +0000] "GET /destinations/zabukovac HTTP/1.1" 200 3949 "-" "Mozilla/5.0 (compatible; Googlebot/2.1; +http://www.google.com/bot.html)"
108.162.229.152 - - [02/Jul/2019:04:52:43 +0000] "GET /hr/destinations/mravince HTTP/1.1" 302 476 "-" "Mozilla/5.0 (compatible; AhrefsBot/6.1; +http://ahrefs.com/robot/)"
172.69.226.157 - - [02/Jul/2019:04:59:00 +0000] "GET /hr/destinations/dubrava-kod-tisna HTTP/1.1" 302 512 "-" "Mozilla/5.0 (compatible; AhrefsBot/6.1; +http://ahrefs.com/robot/)"
141.101.69.205 - - [02/Jul/2019:04:59:12 +0000] "GET /tours/imotski-tour-red-and-blue-lake HTTP/1.1" 200 5361 "-" "Mozilla/5.0 (compatible; AhrefsBot/6.1; +http://ahrefs.com/robot/)"
108.162.246.93 - - [02/Jul/2019:05:01:39 +0000] "GET /destinations/kornati-kornat HTTP/1.1" 200 3954 "-" "Mozilla/5.0 (compatible; bingbot/2.0; +http://www.bing.com/bingbot.htm)"
141.101.104.195 - - [02/Jul/2019:05:02:04 +0000] "GET /hr/destinacije/kadina-glavica HTTP/1.1" 200 4034 "-" "Mozilla/5.0 (compatible; AhrefsBot/6.1; +http://ahrefs.com/robot/)"
141.101.88.92 - - [02/Jul/2019:05:04:10 +0000] "GET /hr/destinacije/dobroselo HTTP/1.1" 200 4029 "-" "Mozilla/5.0 (compatible; AhrefsBot/6.1; +http://ahrefs.com/robot/)"
172.69.226.157 - - [02/Jul/2019:05:05:46 +0000] "GET /hr/destinacije/cista-provo HTTP/1.1" 200 4032 "-" "Mozilla/5.0 (compatible; AhrefsBot/6.1; +http://ahrefs.com/robot/)"
162.158.106.166 - - [02/Jul/2019:05:09:01 +0000] "GET /hr/destinacije/oriovac HTTP/1.1" 200 4027 "-" "Mozilla/5.0 (compatible; Googlebot/2.1; +http://www.google.com/bot.html)"
141.101.88.152 - - [02/Jul/2019:05:09:05 +0000] "GET /destinations/brasina HTTP/1.1" 200 3963 "-" "Mozilla/5.0 (compatible; AhrefsBot/6.1; +http://ahrefs.com/robot/)"
172.69.226.69 - - [02/Jul/2019:05:09:19 +0000] "GET /hr/destinacije/deringaj HTTP/1.1" 200 4027 "-" "Mozilla/5.0 (compatible; AhrefsBot/6.1; +http://ahrefs.com/robot/)"
141.101.88.116 - - [02/Jul/2019:05:10:44 +0000] "GET /hr/taksi-transfer/naklice/split-airport HTTP/1.1" 200 8156 "-" "Mozilla/5.0 (compatible; AhrefsBot/6.1; +http://ahrefs.com/robot/)"
172.68.244.82 - - [02/Jul/2019:05:11:29 +0000] "GET /uploads/thumbnails/a6cc8c64a1c8c84ca99b55b21a9cc144.jpg HTTP/1.1" 200 82285 "-" "Mozilla/5.0 (compatible; YandexImages/3.0; +http://yandex.com/bots)"
172.69.226.157 - - [02/Jul/2019:05:12:04 +0000] "GET /hr/destinations/podgrade HTTP/1.1" 302 476 "-" "Mozilla/5.0 (compatible; AhrefsBot/6.1; +http://ahrefs.com/robot/)"
141.101.88.92 - - [02/Jul/2019:05:12:05 +0000] "GET /hr/destinacije/novigrad HTTP/1.1" 200 4029 "-" "Mozilla/5.0 (compatible; AhrefsBot/6.1; +http://ahrefs.com/robot/)"
141.101.76.158 - - [02/Jul/2019:05:12:39 +0000] "GET /hr/destinations/olib-olib HTTP/1.1" 302 480 "-" "Mozilla/5.0 (compatible; AhrefsBot/6.1; +http://ahrefs.com/robot/)"
141.101.69.205 - - [02/Jul/2019:05:17:22 +0000] "GET /hr/destinations/stara-gradiska HTTP/1.1" 302 500 "-" "Mozilla/5.0 (compatible; AhrefsBot/6.1; +http://ahrefs.com/robot/)"
141.101.69.103 - - [02/Jul/2019:05:18:24 +0000] "GET /taxi-transfer/rijeka/dubrovnik HTTP/1.1" 200 7645 "-" "Mozilla/5.0 (compatible; AhrefsBot/6.1; +http://ahrefs.com/robot/)"
172.69.54.253 - - [02/Jul/2019:05:18:46 +0000] "GET /destinations/ervenik HTTP/1.1" 200 3944 "-" "Mozilla/5.0 (compatible; AhrefsBot/6.1; +http://ahrefs.com/robot/)"
162.158.106.142 - - [02/Jul/2019:05:19:02 +0000] "GET /hr/taksi-transfer/promajna/drasnice HTTP/1.1" 200 7848 "-" "Mozilla/5.0 (compatible; Googlebot/2.1; +http://www.google.com/bot.html)"
162.158.126.50 - - [02/Jul/2019:05:31:56 +0000] "GET /hr/uvjeti-i-odredbe HTTP/1.1" 200 4390 "-" "Mozilla/5.0 (compatible; bingbot/2.0; +http://www.bing.com/bingbot.htm)"
172.69.226.69 - - [02/Jul/2019:05:36:58 +0000] "GET /hr/destinacije/bruska HTTP/1.1" 200 4036 "-" "Mozilla/5.0 (compatible; AhrefsBot/6.1; +http://ahrefs.com/robot/)"
141.101.69.103 - - [02/Jul/2019:05:37:10 +0000] "GET /hr/destinacije/bristivica HTTP/1.1" 200 4029 "-" "Mozilla/5.0 (compatible; AhrefsBot/6.1; +http://ahrefs.com/robot/)"
108.162.229.152 - - [02/Jul/2019:05:37:12 +0000] "GET /hr/destinations/ribarica HTTP/1.1" 302 476 "-" "Mozilla/5.0 (compatible; AhrefsBot/6.1; +http://ahrefs.com/robot/)"
108.162.229.68 - - [02/Jul/2019:05:38:33 +0000] "GET /hr/destinacije/lovinac-policnik HTTP/1.1" 200 4049 "-" "Mozilla/5.0 (compatible; AhrefsBot/6.1; +http://ahrefs.com/robot/)"
141.101.69.103 - - [02/Jul/2019:05:43:42 +0000] "GET /hr/destinations/stomorska-solta HTTP/1.1" 302 504 "-" "Mozilla/5.0 (compatible; AhrefsBot/6.1; +http://ahrefs.com/robot/)"
172.69.234.144 - - [02/Jul/2019:05:49:46 +0000] "GET / HTTP/1.1" 200 4688 "-" "FreeWebMonitoring SiteChecker/0.2 (+https://www.freewebmonitoring.com/bot.html)"
172.68.244.58 - - [02/Jul/2019:05:50:08 +0000] "GET /hr/taxi HTTP/1.1" 200 4770 "-" "Mozilla/5.0 (compatible; YandexBot/3.0; +http://yandex.com/bots)"
141.101.69.205 - - [02/Jul/2019:05:50:42 +0000] "GET /en/destinations/mala-subotica HTTP/1.1" 200 3961 "-" "Mozilla/5.0 (compatible; AhrefsBot/6.1; +http://ahrefs.com/robot/)"
141.101.69.205 - - [02/Jul/2019:05:52:13 +0000] "GET /hr/destinacije/jusici-matulji HTTP/1.1" 200 4057 "-" "Mozilla/5.0 (compatible; AhrefsBot/6.1; +http://ahrefs.com/robot/)"
172.69.226.157 - - [02/Jul/2019:05:55:47 +0000] "GET /hr/taksi-transfer/podaca/zaostrog HTTP/1.1" 200 7840 "-" "Mozilla/5.0 (compatible; AhrefsBot/6.1; +http://ahrefs.com/robot/)"
141.101.88.92 - - [02/Jul/2019:05:56:39 +0000] "GET /hr/taksi-transfer/igrane/makarska HTTP/1.1" 200 7835 "-" "Mozilla/5.0 (compatible; AhrefsBot/6.1; +http://ahrefs.com/robot/)"
108.162.246.141 - - [02/Jul/2019:05:59:10 +0000] "GET /taxi-transfer/split-airport/zaboric HTTP/1.1" 200 7963 "-" "Mozilla/5.0 (compatible; Googlebot/2.1; +http://www.google.com/bot.html)"
108.162.241.10 - - [02/Jul/2019:06:01:58 +0000] "GET /destinations/plesce HTTP/1.1" 200 3962 "-" "Mozilla/5.0 (compatible; SemrushBot/3~bl; +http://www.semrush.com/bot.html)"
141.101.76.44 - - [02/Jul/2019:06:02:50 +0000] "GET /hr/taksi-transfer/split-airport/ploce HTTP/1.1" 200 8174 "-" "Mozilla/5.0 (compatible; AhrefsBot/6.1; +http://ahrefs.com/robot/)"
141.101.69.205 - - [02/Jul/2019:06:03:04 +0000] "GET /hr/taksi-transfer/gradac/zaostrog HTTP/1.1" 200 7846 "-" "Mozilla/5.0 (compatible; AhrefsBot/6.1; +http://ahrefs.com/robot/)"
141.101.88.152 - - [02/Jul/2019:06:04:08 +0000] "GET /hr/destinations/svirce-hvar HTTP/1.1" 302 488 "-" "Mozilla/5.0 (compatible; AhrefsBot/6.1; +http://ahrefs.com/robot/)"
172.69.226.171 - - [02/Jul/2019:06:04:14 +0000] "GET /destinations/donja-vrucica HTTP/1.1" 200 4028 "-" "Mozilla/5.0 (compatible; AhrefsBot/6.1; +http://ahrefs.com/robot/)"
162.158.106.124 - - [02/Jul/2019:06:05:33 +0000] "GET /en/destinations/gornji-strbci HTTP/1.1" 200 3978 "-" "Mozilla/5.0 (compatible; Googlebot/2.1; +http://www.google.com/bot.html)"
141.101.88.92 - - [02/Jul/2019:06:07:07 +0000] "GET /en/taxi-transfer/dubrovnik/zivogosce HTTP/1.1" 200 7675 "-" "Mozilla/5.0 (compatible; AhrefsBot/6.1; +http://ahrefs.com/robot/)"
108.162.229.146 - - [02/Jul/2019:06:10:10 +0000] "GET /hr/destinations/kastel-luksic HTTP/1.1" 302 496 "-" "Mozilla/5.0 (compatible; AhrefsBot/6.1; +http://ahrefs.com/robot/)"
108.162.241.130 - - [02/Jul/2019:06:14:00 +0000] "GET /destinations/donji-lepuri HTTP/1.1" 200 3955 "-" "Mozilla/5.0 (compatible; SemrushBot/3~bl; +http://www.semrush.com/bot.html)"
108.162.229.146 - - [02/Jul/2019:06:15:21 +0000] "GET /hr/destinacije/visnjan HTTP/1.1" 200 4037 "-" "Mozilla/5.0 (compatible; AhrefsBot/6.1; +http://ahrefs.com/robot/)"
141.101.69.97 - - [02/Jul/2019:06:16:38 +0000] "GET /hr/destinations/sisak HTTP/1.1" 302 464 "-" "Mozilla/5.0 (compatible; AhrefsBot/6.1; +http://ahrefs.com/robot/)"
141.101.69.163 - - [02/Jul/2019:06:19:04 +0000] "GET /hr/destinacije/komarna HTTP/1.1" 200 4026 "-" "Mozilla/5.0 (compatible; AhrefsBot/6.1; +http://ahrefs.com/robot/)"
