172.68.222.32 - - [26/Jul/2019:08:36:31 +0000] "POST /endlocation HTTP/1.1" 200 2 "https://www.cheapridetransfers.com/hr/destinacije/orahovica" "Mozilla/5.0 (Linux; Android 8.1.0; SM-J710F) AppleWebKit/537.36 (KHTML, like Gecko) Chrome/73.0.3683.90 Mobile Safari/537.36"
172.68.222.32 - - [26/Jul/2019:08:36:32 +0000] "POST /endlocation HTTP/1.1" 200 36 "https://www.cheapridetransfers.com/hr/destinacije/orahovica" "Mozilla/5.0 (Linux; Android 8.1.0; SM-J710F) AppleWebKit/537.36 (KHTML, like Gecko) Chrome/73.0.3683.90 Mobile Safari/537.36"
172.68.222.32 - - [26/Jul/2019:08:36:50 +0000] "GET /hr/pretraga?start_location=Zdenci&end_location=Orahovica&date=03.08.2019 HTTP/1.1" 302 520 "https://www.cheapridetransfers.com/hr/destinacije/orahovica" "Mozilla/5.0 (Linux; Android 8.1.0; SM-J710F) AppleWebKit/537.36 (KHTML, like Gecko) Chrome/73.0.3683.90 Mobile Safari/537.36"
141.101.104.179 - - [26/Jul/2019:08:37:06 +0000] "GET /en/destinations/tugare HTTP/1.1" 200 3948 "-" "Mozilla/5.0 (compatible; AhrefsBot/6.1; +http://ahrefs.com/robot/)"
172.68.222.32 - - [26/Jul/2019:08:37:24 +0000] "GET /hr/taksi-transfer/zdenci/orahovica HTTP/1.1" 302 460 "https://www.cheapridetransfers.com/hr/destinacije/orahovica" "Mozilla/5.0 (Linux; Android 8.1.0; SM-J710F) AppleWebKit/537.36 (KHTML, like Gecko) Chrome/73.0.3683.90 Mobile Safari/537.36"
172.68.222.32 - - [26/Jul/2019:08:37:24 +0000] "GET /hr/zatrazite-ponudu HTTP/1.1" 200 3891 "https://www.cheapridetransfers.com/hr/destinacije/orahovica" "Mozilla/5.0 (Linux; Android 8.1.0; SM-J710F) AppleWebKit/537.36 (KHTML, like Gecko) Chrome/73.0.3683.90 Mobile Safari/537.36"
108.162.241.130 - - [26/Jul/2019:08:42:55 +0000] "GET /taxi-transfer/siroki-brijeg-bih/split-airport HTTP/1.1" 200 7968 "-" "Mozilla/5.0 (compatible; SemrushBot/3~bl; +http://www.semrush.com/bot.html)"
108.162.241.130 - - [26/Jul/2019:08:43:01 +0000] "GET /destinations/porozina-cres HTTP/1.1" 200 3956 "-" "Mozilla/5.0 (compatible; SemrushBot/3~bl; +http://www.semrush.com/bot.html)"
172.68.244.136 - - [26/Jul/2019:08:45:37 +0000] "GET /robots.txt HTTP/1.1" 200 24 "-" "Mozilla/5.0 (compatible; YandexBot/3.0; +http://yandex.com/bots)"
172.69.10.74 - - [26/Jul/2019:08:45:41 +0000] "GET /about-us HTTP/1.1" 200 3783 "-" "Mozilla/5.0 (compatible; YandexBot/3.0; +http://yandex.com/bots)"
108.162.241.196 - - [26/Jul/2019:08:46:15 +0000] "GET /hr/taksi-transfer/zaostrog/split-airport HTTP/1.1" 200 8309 "-" "Mozilla/5.0 (compatible; Googlebot/2.1; +http://www.google.com/bot.html)"
141.101.77.90 - - [26/Jul/2019:08:49:04 +0000] "GET /en/destinations/bilaj HTTP/1.1" 200 3946 "-" "Mozilla/5.0 (compatible; AhrefsBot/6.1; +http://ahrefs.com/robot/)"
108.162.241.4 - - [26/Jul/2019:08:50:40 +0000] "GET /hr/taksi-transfer/split-airport/bacina HTTP/1.1" 200 8174 "-" "Mozilla/5.0 (compatible; SemrushBot/3~bl; +http://www.semrush.com/bot.html)"
108.162.229.20 - - [26/Jul/2019:08:53:12 +0000] "GET /destinations/dnopolje HTTP/1.1" 200 3946 "-" "Mozilla/5.0 (compatible; AhrefsBot/6.1; +http://ahrefs.com/robot/)"
108.162.241.130 - - [26/Jul/2019:08:54:41 +0000] "GET /hr/destinations/dazlina HTTP/1.1" 302 472 "-" "Mozilla/5.0 (compatible; SemrushBot/3~bl; +http://www.semrush.com/bot.html)"
108.162.241.130 - - [26/Jul/2019:08:54:42 +0000] "GET /hr/destinacije/dazlina HTTP/1.1" 200 4025 "-" "Mozilla/5.0 (compatible; SemrushBot/3~bl; +http://www.semrush.com/bot.html)"
108.162.229.128 - - [26/Jul/2019:08:55:59 +0000] "GET /css/all.css?v=17 HTTP/1.1" 200 82999 "-" "Mozilla/5.0 (compatible; AhrefsBot/6.1; +http://ahrefs.com/robot/)"
108.162.241.214 - - [26/Jul/2019:08:59:11 +0000] "GET /destinations/lokve HTTP/1.1" 200 3942 "-" "Mozilla/5.0 (compatible; SemrushBot/3~bl; +http://www.semrush.com/bot.html)"
108.162.229.218 - - [26/Jul/2019:08:59:47 +0000] "GET /hr/taksi-transfer/podaca/dubrovnik HTTP/1.1" 200 7846 "-" "Mozilla/5.0 (compatible; AhrefsBot/6.1; +http://ahrefs.com/robot/)"
108.162.229.54 - - [26/Jul/2019:09:01:18 +0000] "GET /en/destinations/volarice HTTP/1.1" 200 3951 "-" "Mozilla/5.0 (compatible; AhrefsBot/6.1; +http://ahrefs.com/robot/)"
141.101.69.7 - - [26/Jul/2019:09:04:31 +0000] "GET /en/destinations/povljana-pag HTTP/1.1" 200 3961 "-" "Mozilla/5.0 (compatible; AhrefsBot/6.1; +http://ahrefs.com/robot/)"
108.162.229.212 - - [26/Jul/2019:09:04:44 +0000] "GET /en/destinations/veliki-grdevac HTTP/1.1" 200 3969 "-" "Mozilla/5.0 (compatible; AhrefsBot/6.1; +http://ahrefs.com/robot/)"
108.162.229.104 - - [26/Jul/2019:09:07:49 +0000] "GET /en/taxi-transfer/split-airport/duge-njive HTTP/1.1" 200 7943 "-" "Mozilla/5.0 (compatible; AhrefsBot/6.1; +http://ahrefs.com/robot/)"
172.68.222.32 - - [26/Jul/2019:09:08:25 +0000] "GET /hr/destinacije/kokorici HTTP/1.1" 200 4034 "https://www.google.com/" "Mozilla/5.0 (Windows NT 6.1; Win64; x64) AppleWebKit/537.36 (KHTML, like Gecko) Chrome/75.0.3770.142 Safari/537.36"
172.68.222.110 - - [26/Jul/2019:09:08:25 +0000] "GET /hr/destinacije/kokorici HTTP/1.1" 200 4034 "https://www.google.com/" "Mozilla/5.0 (Windows NT 6.1; Win64; x64) AppleWebKit/537.36 (KHTML, like Gecko) Chrome/75.0.3770.142 Safari/537.36"
172.68.222.110 - - [26/Jul/2019:09:08:28 +0000] "GET /site.webmanifest HTTP/1.1" 200 426 "https://www.cheapridetransfers.com/hr/destinacije/kokorici" "Mozilla/5.0 (Windows NT 6.1; Win64; x64) AppleWebKit/537.36 (KHTML, like Gecko) Chrome/75.0.3770.142 Safari/537.36"
172.68.222.110 - - [26/Jul/2019:09:08:32 +0000] "GET /hr/kontakt HTTP/1.1" 200 4332 "https://www.cheapridetransfers.com/hr/destinacije/kokorici" "Mozilla/5.0 (Windows NT 6.1; Win64; x64) AppleWebKit/537.36 (KHTML, like Gecko) Chrome/75.0.3770.142 Safari/537.36"
108.162.241.214 - - [26/Jul/2019:09:09:09 +0000] "GET /hr/taksi-transfer/baska-voda/drasnice HTTP/1.1" 200 7864 "-" "Mozilla/5.0 (compatible; SemrushBot/3~bl; +http://www.semrush.com/bot.html)"
108.162.229.104 - - [26/Jul/2019:09:09:39 +0000] "GET /destinations/sracinec HTTP/1.1" 200 3953 "-" "Mozilla/5.0 (compatible; AhrefsBot/6.1; +http://ahrefs.com/robot/)"
172.69.54.169 - - [26/Jul/2019:09:12:28 +0000] "GET /en/taxi-transfer/split-airport/posusje-bih HTTP/1.1" 200 7977 "-" "Mozilla/5.0 (compatible; AhrefsBot/6.1; +http://ahrefs.com/robot/)"
162.158.111.95 - - [26/Jul/2019:09:12:52 +0000] "GET /destinations/korcula-korcula HTTP/1.1" 200 3962 "-" "Mozilla/5.0 (compatible; AhrefsBot/6.1; +http://ahrefs.com/robot/)"
108.162.229.6 - - [26/Jul/2019:09:12:56 +0000] "GET /hr/destinations/podspilje-vis HTTP/1.1" 302 496 "-" "Mozilla/5.0 (compatible; AhrefsBot/6.1; +http://ahrefs.com/robot/)"
108.162.229.20 - - [26/Jul/2019:09:13:16 +0000] "GET /en/destinations/trpanj HTTP/1.1" 200 4009 "-" "Mozilla/5.0 (compatible; AhrefsBot/6.1; +http://ahrefs.com/robot/)"
108.162.229.246 - - [26/Jul/2019:09:16:20 +0000] "GET /destinations/zubovici-pag HTTP/1.1" 200 4026 "-" "Mozilla/5.0 (compatible; AhrefsBot/6.1; +http://ahrefs.com/robot/)"
108.162.229.36 - - [26/Jul/2019:09:16:56 +0000] "GET /tours/city-of-medugorje-tour-bih HTTP/1.1" 200 5263 "-" "Mozilla/5.0 (compatible; AhrefsBot/6.1; +http://ahrefs.com/robot/)"
141.101.69.7 - - [26/Jul/2019:09:18:55 +0000] "GET /destinations/porat-krk HTTP/1.1" 200 3953 "-" "Mozilla/5.0 (compatible; AhrefsBot/6.1; +http://ahrefs.com/robot/)"
108.162.229.212 - - [26/Jul/2019:09:22:40 +0000] "GET /en/taxi-transfer/zaostrog/igrane HTTP/1.1" 200 7634 "-" "Mozilla/5.0 (compatible; AhrefsBot/6.1; +http://ahrefs.com/robot/)"
108.162.241.130 - - [26/Jul/2019:09:24:27 +0000] "GET /destinations/donje-rastane HTTP/1.1" 200 3973 "-" "Mozilla/5.0 (compatible; SemrushBot/3~bl; +http://www.semrush.com/bot.html)"
172.69.234.142 - - [26/Jul/2019:09:25:39 +0000] "GET / HTTP/1.1" 200 4688 "-" "FreeWebMonitoring SiteChecker/0.2 (+https://www.freewebmonitoring.com/bot.html)"
172.68.222.44 - - [26/Jul/2019:09:31:29 +0000] "GET /hr/taxi HTTP/1.1" 200 4770 "https://www.google.com/" "Mozilla/5.0 (Linux; Android 6.0.1; SM-G930F) AppleWebKit/537.36 (KHTML, like Gecko) Chrome/75.0.3770.101 Mobile Safari/537.36"
172.68.222.32 - - [26/Jul/2019:09:31:32 +0000] "GET /site.webmanifest HTTP/1.1" 200 426 "https://www.cheapridetransfers.com/hr/taxi" "Mozilla/5.0 (Linux; Android 6.0.1; SM-G930F) AppleWebKit/537.36 (KHTML, like Gecko) Chrome/75.0.3770.101 Mobile Safari/537.36"
172.68.222.44 - - [26/Jul/2019:09:32:00 +0000] "GET /hr/taxi HTTP/1.1" 200 4770 "https://www.cheapridetransfers.com/hr/taxi" "Mozilla/5.0 (Linux; Android 6.0.1; SM-G930F) AppleWebKit/537.36 (KHTML, like Gecko) Chrome/75.0.3770.101 Mobile Safari/537.36"
172.68.222.44 - - [26/Jul/2019:09:32:08 +0000] "POST /startlocation HTTP/1.1" 200 102 "https://www.cheapridetransfers.com/hr/taxi" "Mozilla/5.0 (Linux; Android 6.0.1; SM-G930F) AppleWebKit/537.36 (KHTML, like Gecko) Chrome/75.0.3770.101 Mobile Safari/537.36"
172.68.222.44 - - [26/Jul/2019:09:32:08 +0000] "POST /startlocation HTTP/1.1" 200 33 "https://www.cheapridetransfers.com/hr/taxi" "Mozilla/5.0 (Linux; Android 6.0.1; SM-G930F) AppleWebKit/537.36 (KHTML, like Gecko) Chrome/75.0.3770.101 Mobile Safari/537.36"
172.68.222.44 - - [26/Jul/2019:09:32:09 +0000] "POST /startlocation HTTP/1.1" 200 33 "https://www.cheapridetransfers.com/hr/taxi" "Mozilla/5.0 (Linux; Android 6.0.1; SM-G930F) AppleWebKit/537.36 (KHTML, like Gecko) Chrome/75.0.3770.101 Mobile Safari/537.36"
172.68.222.44 - - [26/Jul/2019:09:32:10 +0000] "POST /startlocation HTTP/1.1" 200 33 "https://www.cheapridetransfers.com/hr/taxi" "Mozilla/5.0 (Linux; Android 6.0.1; SM-G930F) AppleWebKit/537.36 (KHTML, like Gecko) Chrome/75.0.3770.101 Mobile Safari/537.36"
172.68.222.44 - - [26/Jul/2019:09:32:11 +0000] "POST /startlocation HTTP/1.1" 200 33 "https://www.cheapridetransfers.com/hr/taxi" "Mozilla/5.0 (Linux; Android 6.0.1; SM-G930F) AppleWebKit/537.36 (KHTML, like Gecko) Chrome/75.0.3770.101 Mobile Safari/537.36"
172.68.222.44 - - [26/Jul/2019:09:32:15 +0000] "POST /endlocation HTTP/1.1" 200 2 "https://www.cheapridetransfers.com/hr/taxi" "Mozilla/5.0 (Linux; Android 6.0.1; SM-G930F) AppleWebKit/537.36 (KHTML, like Gecko) Chrome/75.0.3770.101 Mobile Safari/537.36"
172.68.222.44 - - [26/Jul/2019:09:32:16 +0000] "POST /endlocation HTTP/1.1" 200 2 "https://www.cheapridetransfers.com/hr/taxi" "Mozilla/5.0 (Linux; Android 6.0.1; SM-G930F) AppleWebKit/537.36 (KHTML, like Gecko) Chrome/75.0.3770.101 Mobile Safari/537.36"
172.68.222.44 - - [26/Jul/2019:09:32:17 +0000] "POST /endlocation HTTP/1.1" 200 2 "https://www.cheapridetransfers.com/hr/taxi" "Mozilla/5.0 (Linux; Android 6.0.1; SM-G930F) AppleWebKit/537.36 (KHTML, like Gecko) Chrome/75.0.3770.101 Mobile Safari/537.36"
172.68.222.44 - - [26/Jul/2019:09:32:17 +0000] "POST /endlocation HTTP/1.1" 200 2 "https://www.cheapridetransfers.com/hr/taxi" "Mozilla/5.0 (Linux; Android 6.0.1; SM-G930F) AppleWebKit/537.36 (KHTML, like Gecko) Chrome/75.0.3770.101 Mobile Safari/537.36"
172.68.222.44 - - [26/Jul/2019:09:32:19 +0000] "POST /endlocation HTTP/1.1" 200 2 "https://www.cheapridetransfers.com/hr/taxi" "Mozilla/5.0 (Linux; Android 6.0.1; SM-G930F) AppleWebKit/537.36 (KHTML, like Gecko) Chrome/75.0.3770.101 Mobile Safari/537.36"
172.68.222.44 - - [26/Jul/2019:09:32:19 +0000] "POST /endlocation HTTP/1.1" 200 2 "https://www.cheapridetransfers.com/hr/taxi" "Mozilla/5.0 (Linux; Android 6.0.1; SM-G930F) AppleWebKit/537.36 (KHTML, like Gecko) Chrome/75.0.3770.101 Mobile Safari/537.36"
172.68.222.44 - - [26/Jul/2019:09:32:20 +0000] "POST /endlocation HTTP/1.1" 200 2 "https://www.cheapridetransfers.com/hr/taxi" "Mozilla/5.0 (Linux; Android 6.0.1; SM-G930F) AppleWebKit/537.36 (KHTML, like Gecko) Chrome/75.0.3770.101 Mobile Safari/537.36"
172.68.222.44 - - [26/Jul/2019:09:32:20 +0000] "POST /endlocation HTTP/1.1" 200 2 "https://www.cheapridetransfers.com/hr/taxi" "Mozilla/5.0 (Linux; Android 6.0.1; SM-G930F) AppleWebKit/537.36 (KHTML, like Gecko) Chrome/75.0.3770.101 Mobile Safari/537.36"
172.68.222.44 - - [26/Jul/2019:09:32:21 +0000] "POST /endlocation HTTP/1.1" 200 2 "https://www.cheapridetransfers.com/hr/taxi" "Mozilla/5.0 (Linux; Android 6.0.1; SM-G930F) AppleWebKit/537.36 (KHTML, like Gecko) Chrome/75.0.3770.101 Mobile Safari/537.36"
172.68.222.44 - - [26/Jul/2019:09:32:23 +0000] "POST /endlocation HTTP/1.1" 200 2 "https://www.cheapridetransfers.com/hr/taxi" "Mozilla/5.0 (Linux; Android 6.0.1; SM-G930F) AppleWebKit/537.36 (KHTML, like Gecko) Chrome/75.0.3770.101 Mobile Safari/537.36"
172.68.222.44 - - [26/Jul/2019:09:32:23 +0000] "POST /endlocation HTTP/1.1" 200 2 "https://www.cheapridetransfers.com/hr/taxi" "Mozilla/5.0 (Linux; Android 6.0.1; SM-G930F) AppleWebKit/537.36 (KHTML, like Gecko) Chrome/75.0.3770.101 Mobile Safari/537.36"
172.68.222.44 - - [26/Jul/2019:09:32:24 +0000] "POST /endlocation HTTP/1.1" 200 2 "https://www.cheapridetransfers.com/hr/taxi" "Mozilla/5.0 (Linux; Android 6.0.1; SM-G930F) AppleWebKit/537.36 (KHTML, like Gecko) Chrome/75.0.3770.101 Mobile Safari/537.36"
172.68.222.44 - - [26/Jul/2019:09:32:24 +0000] "POST /endlocation HTTP/1.1" 200 2 "https://www.cheapridetransfers.com/hr/taxi" "Mozilla/5.0 (Linux; Android 6.0.1; SM-G930F) AppleWebKit/537.36 (KHTML, like Gecko) Chrome/75.0.3770.101 Mobile Safari/537.36"
172.68.222.44 - - [26/Jul/2019:09:32:24 +0000] "POST /endlocation HTTP/1.1" 200 2 "https://www.cheapridetransfers.com/hr/taxi" "Mozilla/5.0 (Linux; Android 6.0.1; SM-G930F) AppleWebKit/537.36 (KHTML, like Gecko) Chrome/75.0.3770.101 Mobile Safari/537.36"
172.68.222.44 - - [26/Jul/2019:09:32:25 +0000] "POST /endlocation HTTP/1.1" 200 2 "https://www.cheapridetransfers.com/hr/taxi" "Mozilla/5.0 (Linux; Android 6.0.1; SM-G930F) AppleWebKit/537.36 (KHTML, like Gecko) Chrome/75.0.3770.101 Mobile Safari/537.36"
172.68.222.44 - - [26/Jul/2019:09:32:25 +0000] "POST /endlocation HTTP/1.1" 200 2 "https://www.cheapridetransfers.com/hr/taxi" "Mozilla/5.0 (Linux; Android 6.0.1; SM-G930F) AppleWebKit/537.36 (KHTML, like Gecko) Chrome/75.0.3770.101 Mobile Safari/537.36"
172.68.222.44 - - [26/Jul/2019:09:32:26 +0000] "POST /endlocation HTTP/1.1" 200 2 "https://www.cheapridetransfers.com/hr/taxi" "Mozilla/5.0 (Linux; Android 6.0.1; SM-G930F) AppleWebKit/537.36 (KHTML, like Gecko) Chrome/75.0.3770.101 Mobile Safari/537.36"
172.68.222.44 - - [26/Jul/2019:09:32:31 +0000] "GET /hr/pretraga?start_location=Promajna&end_location=Autobusni+kolodvor+Makarska&date=29.07.2019 HTTP/1.1" 302 460 "https://www.cheapridetransfers.com/hr/taxi" "Mozilla/5.0 (Linux; Android 6.0.1; SM-G930F) AppleWebKit/537.36 (KHTML, like Gecko) Chrome/75.0.3770.101 Mobile Safari/537.36"
172.68.222.44 - - [26/Jul/2019:09:32:31 +0000] "GET /hr/zatrazite-ponudu HTTP/1.1" 200 3896 "https://www.cheapridetransfers.com/hr/taxi" "Mozilla/5.0 (Linux; Android 6.0.1; SM-G930F) AppleWebKit/537.36 (KHTML, like Gecko) Chrome/75.0.3770.101 Mobile Safari/537.36"
108.162.229.212 - - [26/Jul/2019:09:32:38 +0000] "GET /en/taxi-transfer/bast/split HTTP/1.1" 200 7632 "-" "Mozilla/5.0 (compatible; AhrefsBot/6.1; +http://ahrefs.com/robot/)"
172.68.222.44 - - [26/Jul/2019:09:32:47 +0000] "POST /startlocation HTTP/1.1" 200 2 "https://www.cheapridetransfers.com/hr/zatrazite-ponudu" "Mozilla/5.0 (Linux; Android 6.0.1; SM-G930F) AppleWebKit/537.36 (KHTML, like Gecko) Chrome/75.0.3770.101 Mobile Safari/537.36"
172.68.222.44 - - [26/Jul/2019:09:32:47 +0000] "POST /startlocation HTTP/1.1" 200 2 "https://www.cheapridetransfers.com/hr/zatrazite-ponudu" "Mozilla/5.0 (Linux; Android 6.0.1; SM-G930F) AppleWebKit/537.36 (KHTML, like Gecko) Chrome/75.0.3770.101 Mobile Safari/537.36"
172.68.222.44 - - [26/Jul/2019:09:32:49 +0000] "POST /startlocation HTTP/1.1" 200 2 "https://www.cheapridetransfers.com/hr/zatrazite-ponudu" "Mozilla/5.0 (Linux; Android 6.0.1; SM-G930F) AppleWebKit/537.36 (KHTML, like Gecko) Chrome/75.0.3770.101 Mobile Safari/537.36"
172.68.222.44 - - [26/Jul/2019:09:32:52 +0000] "POST /startlocation HTTP/1.1" 200 2 "https://www.cheapridetransfers.com/hr/zatrazite-ponudu" "Mozilla/5.0 (Linux; Android 6.0.1; SM-G930F) AppleWebKit/537.36 (KHTML, like Gecko) Chrome/75.0.3770.101 Mobile Safari/537.36"
172.68.222.44 - - [26/Jul/2019:09:32:52 +0000] "POST /startlocation HTTP/1.1" 200 2 "https://www.cheapridetransfers.com/hr/zatrazite-ponudu" "Mozilla/5.0 (Linux; Android 6.0.1; SM-G930F) AppleWebKit/537.36 (KHTML, like Gecko) Chrome/75.0.3770.101 Mobile Safari/537.36"
172.68.222.44 - - [26/Jul/2019:09:32:53 +0000] "POST /startlocation HTTP/1.1" 200 2 "https://www.cheapridetransfers.com/hr/zatrazite-ponudu" "Mozilla/5.0 (Linux; Android 6.0.1; SM-G930F) AppleWebKit/537.36 (KHTML, like Gecko) Chrome/75.0.3770.101 Mobile Safari/537.36"
172.68.222.44 - - [26/Jul/2019:09:32:54 +0000] "POST /startlocation HTTP/1.1" 200 2 "https://www.cheapridetransfers.com/hr/zatrazite-ponudu" "Mozilla/5.0 (Linux; Android 6.0.1; SM-G930F) AppleWebKit/537.36 (KHTML, like Gecko) Chrome/75.0.3770.101 Mobile Safari/537.36"
172.68.222.44 - - [26/Jul/2019:09:32:54 +0000] "POST /startlocation HTTP/1.1" 200 2 "https://www.cheapridetransfers.com/hr/zatrazite-ponudu" "Mozilla/5.0 (Linux; Android 6.0.1; SM-G930F) AppleWebKit/537.36 (KHTML, like Gecko) Chrome/75.0.3770.101 Mobile Safari/537.36"
172.68.222.44 - - [26/Jul/2019:09:32:55 +0000] "POST /startlocation HTTP/1.1" 200 2 "https://www.cheapridetransfers.com/hr/zatrazite-ponudu" "Mozilla/5.0 (Linux; Android 6.0.1; SM-G930F) AppleWebKit/537.36 (KHTML, like Gecko) Chrome/75.0.3770.101 Mobile Safari/537.36"
172.68.222.44 - - [26/Jul/2019:09:32:56 +0000] "POST /startlocation HTTP/1.1" 200 2 "https://www.cheapridetransfers.com/hr/zatrazite-ponudu" "Mozilla/5.0 (Linux; Android 6.0.1; SM-G930F) AppleWebKit/537.36 (KHTML, like Gecko) Chrome/75.0.3770.101 Mobile Safari/537.36"
172.68.222.44 - - [26/Jul/2019:09:32:57 +0000] "POST /startlocation HTTP/1.1" 200 2 "https://www.cheapridetransfers.com/hr/zatrazite-ponudu" "Mozilla/5.0 (Linux; Android 6.0.1; SM-G930F) AppleWebKit/537.36 (KHTML, like Gecko) Chrome/75.0.3770.101 Mobile Safari/537.36"
172.68.222.44 - - [26/Jul/2019:09:32:58 +0000] "POST /startlocation HTTP/1.1" 200 2 "https://www.cheapridetransfers.com/hr/zatrazite-ponudu" "Mozilla/5.0 (Linux; Android 6.0.1; SM-G930F) AppleWebKit/537.36 (KHTML, like Gecko) Chrome/75.0.3770.101 Mobile Safari/537.36"
172.68.222.44 - - [26/Jul/2019:09:32:58 +0000] "POST /startlocation HTTP/1.1" 200 2 "https://www.cheapridetransfers.com/hr/zatrazite-ponudu" "Mozilla/5.0 (Linux; Android 6.0.1; SM-G930F) AppleWebKit/537.36 (KHTML, like Gecko) Chrome/75.0.3770.101 Mobile Safari/537.36"
172.68.222.44 - - [26/Jul/2019:09:32:59 +0000] "POST /startlocation HTTP/1.1" 200 2 "https://www.cheapridetransfers.com/hr/zatrazite-ponudu" "Mozilla/5.0 (Linux; Android 6.0.1; SM-G930F) AppleWebKit/537.36 (KHTML, like Gecko) Chrome/75.0.3770.101 Mobile Safari/537.36"
172.68.222.44 - - [26/Jul/2019:09:33:00 +0000] "POST /startlocation HTTP/1.1" 200 2 "https://www.cheapridetransfers.com/hr/zatrazite-ponudu" "Mozilla/5.0 (Linux; Android 6.0.1; SM-G930F) AppleWebKit/537.36 (KHTML, like Gecko) Chrome/75.0.3770.101 Mobile Safari/537.36"
172.68.222.44 - - [26/Jul/2019:09:33:00 +0000] "POST /startlocation HTTP/1.1" 200 2 "https://www.cheapridetransfers.com/hr/zatrazite-ponudu" "Mozilla/5.0 (Linux; Android 6.0.1; SM-G930F) AppleWebKit/537.36 (KHTML, like Gecko) Chrome/75.0.3770.101 Mobile Safari/537.36"
172.68.222.44 - - [26/Jul/2019:09:33:01 +0000] "POST /startlocation HTTP/1.1" 200 2 "https://www.cheapridetransfers.com/hr/zatrazite-ponudu" "Mozilla/5.0 (Linux; Android 6.0.1; SM-G930F) AppleWebKit/537.36 (KHTML, like Gecko) Chrome/75.0.3770.101 Mobile Safari/537.36"
172.68.222.44 - - [26/Jul/2019:09:33:01 +0000] "POST /startlocation HTTP/1.1" 200 2 "https://www.cheapridetransfers.com/hr/zatrazite-ponudu" "Mozilla/5.0 (Linux; Android 6.0.1; SM-G930F) AppleWebKit/537.36 (KHTML, like Gecko) Chrome/75.0.3770.101 Mobile Safari/537.36"
172.69.55.8 - - [26/Jul/2019:09:35:52 +0000] "GET /destinations/lozisca-brac HTTP/1.1" 200 3988 "-" "Mozilla/5.0 (compatible; AhrefsBot/6.1; +http://ahrefs.com/robot/)"
108.162.229.218 - - [26/Jul/2019:09:38:15 +0000] "GET /en/destinations/podselje-vis HTTP/1.1" 200 3961 "-" "Mozilla/5.0 (compatible; AhrefsBot/6.1; +http://ahrefs.com/robot/)"
162.158.111.95 - - [26/Jul/2019:09:46:43 +0000] "GET /en/taxi-transfer/split-airport/potocnica-pag HTTP/1.1" 200 7963 "-" "Mozilla/5.0 (compatible; AhrefsBot/6.1; +http://ahrefs.com/robot/)"
172.68.222.110 - - [26/Jul/2019:09:49:40 +0000] "GET /hr/destinacije/turanj-sveti-filip-i-jakov HTTP/1.1" 200 4062 "https://www.google.com/" "Mozilla/5.0 (Linux; Android 8.0.0; SAMSUNG SM-A520F Build/R16NW) AppleWebKit/537.36 (KHTML, like Gecko) SamsungBrowser/9.2 Chrome/67.0.3396.87 Mobile Safari/537.36"
172.68.222.32 - - [26/Jul/2019:09:49:55 +0000] "GET /site.webmanifest HTTP/1.1" 200 426 "https://www.cheapridetransfers.com/hr/destinacije/turanj-sveti-filip-i-jakov" "Mozilla/5.0 (Linux; Android 8.0.0; SAMSUNG SM-A520F Build/R16NW) AppleWebKit/537.36 (KHTML, like Gecko) SamsungBrowser/9.2 Chrome/67.0.3396.87 Mobile Safari/537.36"
108.162.229.58 - - [26/Jul/2019:09:53:41 +0000] "GET /taxi-transfer/zaostrog/zivogosce HTTP/1.1" 200 7658 "-" "Mozilla/5.0 (compatible; AhrefsBot/6.1; +http://ahrefs.com/robot/)"
108.162.241.70 - - [26/Jul/2019:09:54:25 +0000] "GET /en/taxi-transfer/split-airport/vinisce HTTP/1.1" 200 7970 "-" "Mozilla/5.0 (Linux; Android 6.0.1; Nexus 5X Build/MMB29P) AppleWebKit/537.36 (KHTML, like Gecko) Chrome/41.0.2272.96 Mobile Safari/537.36 (compatible; Googlebot/2.1; +http://www.google.com/bot.html)"
172.68.143.52 - - [26/Jul/2019:09:54:50 +0000] "GET / HTTP/1.1" 301 243 "-" "Mozilla/5.0 (Windows NT 10.0; Win64; x64)AppleWebKit/537.36 (KHTML, like Gecko) Chrome/66.0.3359.181 Safari/537.36"
172.68.141.134 - - [26/Jul/2019:09:54:51 +0000] "GET / HTTP/1.1" 200 4688 "-" "Mozilla/5.0 (Windows NT 10.0; Win64; x64)AppleWebKit/537.36 (KHTML, like Gecko) Chrome/66.0.3359.181 Safari/537.36"
172.68.143.124 - - [26/Jul/2019:09:54:52 +0000] "GET / HTTP/1.1" 301 243 "-" "Mozilla/5.0 (Windows NT 10.0; Win64; x64)AppleWebKit/537.36 (KHTML, like Gecko) Chrome/66.0.3359.181 Safari/537.36"
172.68.141.134 - - [26/Jul/2019:09:54:53 +0000] "GET / HTTP/1.1" 200 4688 "-" "Mozilla/5.0 (Windows NT 10.0; Win64; x64)AppleWebKit/537.36 (KHTML, like Gecko) Chrome/66.0.3359.181 Safari/537.36"
108.162.241.34 - - [26/Jul/2019:09:55:40 +0000] "GET /destinations/lukoran-ugljan HTTP/1.1" 200 3958 "-" "Mozilla/5.0 (compatible; SemrushBot/3~bl; +http://www.semrush.com/bot.html)"
162.158.146.26 - - [26/Jul/2019:09:59:03 +0000] "GET /en/tours HTTP/1.1" 200 4149 "-" "Mozilla/5.0 (compatible; bingbot/2.0; +http://www.bing.com/bingbot.htm)"
162.158.146.200 - - [26/Jul/2019:09:59:07 +0000] "GET /destinations/baskoti HTTP/1.1" 200 3964 "-" "Mozilla/5.0 (compatible; bingbot/2.0; +http://www.bing.com/bingbot.htm)"
162.158.146.68 - - [26/Jul/2019:09:59:09 +0000] "GET /destinations/barbici HTTP/1.1" 200 3952 "-" "Mozilla/5.0 (compatible; bingbot/2.0; +http://www.bing.com/bingbot.htm)"
162.158.146.122 - - [26/Jul/2019:09:59:10 +0000] "GET /destinations/antunovac HTTP/1.1" 200 3947 "-" "Mozilla/5.0 (compatible; bingbot/2.0; +http://www.bing.com/bingbot.htm)"
162.158.126.56 - - [26/Jul/2019:09:59:10 +0000] "GET /destinations/brgulje-molat HTTP/1.1" 200 3958 "-" "Mozilla/5.0 (compatible; bingbot/2.0; +http://www.bing.com/bingbot.htm)"
162.158.126.62 - - [26/Jul/2019:09:59:12 +0000] "GET /en/terms-and-conditions HTTP/1.1" 200 4304 "-" "Mozilla/5.0 (compatible; bingbot/2.0; +http://www.bing.com/bingbot.htm)"
162.158.146.146 - - [26/Jul/2019:09:59:12 +0000] "GET /en/privacy-policy HTTP/1.1" 200 6262 "-" "Mozilla/5.0 (compatible; bingbot/2.0; +http://www.bing.com/bingbot.htm)"
162.158.126.32 - - [26/Jul/2019:09:59:13 +0000] "GET /en/taxi HTTP/1.1" 200 4597 "-" "Mozilla/5.0 (compatible; bingbot/2.0; +http://www.bing.com/bingbot.htm)"
162.158.146.200 - - [26/Jul/2019:09:59:13 +0000] "GET /en/about-us HTTP/1.1" 200 3784 "-" "Mozilla/5.0 (compatible; bingbot/2.0; +http://www.bing.com/bingbot.htm)"
162.158.126.130 - - [26/Jul/2019:09:59:13 +0000] "GET /destinations/barilovic HTTP/1.1" 200 3953 "-" "Mozilla/5.0 (compatible; bingbot/2.0; +http://www.bing.com/bingbot.htm)"
162.158.126.32 - - [26/Jul/2019:09:59:15 +0000] "GET /destinations/barban HTTP/1.1" 200 3943 "-" "Mozilla/5.0 (compatible; bingbot/2.0; +http://www.bing.com/bingbot.htm)"
162.158.126.26 - - [26/Jul/2019:09:59:16 +0000] "GET /taxi-transfer/bast/split HTTP/1.1" 200 7624 "-" "Mozilla/5.0 (compatible; bingbot/2.0; +http://www.bing.com/bingbot.htm)"
108.162.241.4 - - [26/Jul/2019:10:01:30 +0000] "GET /destinations/bobovisca-na-moru-brac HTTP/1.1" 200 4000 "-" "Mozilla/5.0 (compatible; SemrushBot/3~bl; +http://www.semrush.com/bot.html)"
108.162.229.168 - - [26/Jul/2019:10:03:58 +0000] "GET /en/destinations/kremenici-krk HTTP/1.1" 200 3970 "-" "Mozilla/5.0 (compatible; AhrefsBot/6.1; +http://ahrefs.com/robot/)"
108.162.241.214 - - [26/Jul/2019:10:07:30 +0000] "GET /en/destinations/basanija HTTP/1.1" 200 3972 "-" "Mozilla/5.0 (compatible; SemrushBot/3~bl; +http://www.semrush.com/bot.html)"
141.101.104.179 - - [26/Jul/2019:10:08:20 +0000] "GET /destinations/premuda-premuda HTTP/1.1" 200 3953 "-" "Mozilla/5.0 (compatible; AhrefsBot/6.1; +http://ahrefs.com/robot/)"
141.101.96.95 - - [26/Jul/2019:10:09:08 +0000] "GET /destinations/sucuraj-hvar HTTP/1.1" 200 3964 "https://www.google.com/" "Mozilla/5.0 (iPhone; CPU iPhone OS 12_3_1 like Mac OS X) AppleWebKit/605.1.15 (KHTML, like Gecko) Version/12.1.1 Mobile/15E148 Safari/604.1"
141.101.96.117 - - [26/Jul/2019:10:09:09 +0000] "GET /css/all.css?v=20 HTTP/1.1" 200 82999 "https://www.cheapridetransfers.com/destinations/sucuraj-hvar" "Mozilla/5.0 (iPhone; CPU iPhone OS 12_3_1 like Mac OS X) AppleWebKit/605.1.15 (KHTML, like Gecko) Version/12.1.1 Mobile/15E148 Safari/604.1"
141.101.96.117 - - [26/Jul/2019:10:09:10 +0000] "GET /img/phone.svg HTTP/1.1" 200 2830 "https://www.cheapridetransfers.com/destinations/sucuraj-hvar" "Mozilla/5.0 (iPhone; CPU iPhone OS 12_3_1 like Mac OS X) AppleWebKit/605.1.15 (KHTML, like Gecko) Version/12.1.1 Mobile/15E148 Safari/604.1"
141.101.96.95 - - [26/Jul/2019:10:09:24 +0000] "POST /startlocation HTTP/1.1" 200 2 "https://www.cheapridetransfers.com/destinations/sucuraj-hvar" "Mozilla/5.0 (iPhone; CPU iPhone OS 12_3_1 like Mac OS X) AppleWebKit/605.1.15 (KHTML, like Gecko) Version/12.1.1 Mobile/15E148 Safari/604.1"
141.101.96.95 - - [26/Jul/2019:10:09:27 +0000] "POST /startlocation HTTP/1.1" 200 2 "https://www.cheapridetransfers.com/destinations/sucuraj-hvar" "Mozilla/5.0 (iPhone; CPU iPhone OS 12_3_1 like Mac OS X) AppleWebKit/605.1.15 (KHTML, like Gecko) Version/12.1.1 Mobile/15E148 Safari/604.1"
141.101.96.95 - - [26/Jul/2019:10:09:28 +0000] "POST /startlocation HTTP/1.1" 200 92 "https://www.cheapridetransfers.com/destinations/sucuraj-hvar" "Mozilla/5.0 (iPhone; CPU iPhone OS 12_3_1 like Mac OS X) AppleWebKit/605.1.15 (KHTML, like Gecko) Version/12.1.1 Mobile/15E148 Safari/604.1"
141.101.96.95 - - [26/Jul/2019:10:09:28 +0000] "POST /startlocation HTTP/1.1" 200 92 "https://www.cheapridetransfers.com/destinations/sucuraj-hvar" "Mozilla/5.0 (iPhone; CPU iPhone OS 12_3_1 like Mac OS X) AppleWebKit/605.1.15 (KHTML, like Gecko) Version/12.1.1 Mobile/15E148 Safari/604.1"
141.101.96.95 - - [26/Jul/2019:10:09:29 +0000] "POST /startlocation HTTP/1.1" 200 2 "https://www.cheapridetransfers.com/destinations/sucuraj-hvar" "Mozilla/5.0 (iPhone; CPU iPhone OS 12_3_1 like Mac OS X) AppleWebKit/605.1.15 (KHTML, like Gecko) Version/12.1.1 Mobile/15E148 Safari/604.1"
141.101.96.95 - - [26/Jul/2019:10:09:31 +0000] "POST /startlocation HTTP/1.1" 200 92 "https://www.cheapridetransfers.com/destinations/sucuraj-hvar" "Mozilla/5.0 (iPhone; CPU iPhone OS 12_3_1 like Mac OS X) AppleWebKit/605.1.15 (KHTML, like Gecko) Version/12.1.1 Mobile/15E148 Safari/604.1"
141.101.96.95 - - [26/Jul/2019:10:09:37 +0000] "POST /endlocation HTTP/1.1" 200 1658 "https://www.cheapridetransfers.com/destinations/sucuraj-hvar" "Mozilla/5.0 (iPhone; CPU iPhone OS 12_3_1 like Mac OS X) AppleWebKit/605.1.15 (KHTML, like Gecko) Version/12.1.1 Mobile/15E148 Safari/604.1"
141.101.96.95 - - [26/Jul/2019:10:09:39 +0000] "POST /endlocation HTTP/1.1" 200 288 "https://www.cheapridetransfers.com/destinations/sucuraj-hvar" "Mozilla/5.0 (iPhone; CPU iPhone OS 12_3_1 like Mac OS X) AppleWebKit/605.1.15 (KHTML, like Gecko) Version/12.1.1 Mobile/15E148 Safari/604.1"
141.101.105.34 - - [26/Jul/2019:10:10:15 +0000] "GET /hr/destinacije/palagruza HTTP/1.1" 200 4032 "-" "Mozilla/5.0 (compatible; AhrefsBot/6.1; +http://ahrefs.com/robot/)"
162.158.146.200 - - [26/Jul/2019:10:12:57 +0000] "GET /en/tours/imotski-tour-red-and-blue-lake HTTP/1.1" 200 5365 "-" "Mozilla/5.0 (compatible; bingbot/2.0; +http://www.bing.com/bingbot.htm)"
108.162.241.130 - - [26/Jul/2019:10:14:18 +0000] "GET /hr/destinacije/banja-luka-bih HTTP/1.1" 200 4107 "-" "Mozilla/5.0 (compatible; SemrushBot/3~bl; +http://www.semrush.com/bot.html)"
108.162.241.130 - - [26/Jul/2019:10:17:10 +0000] "GET /taxi-transfer/makarska/sibenik HTTP/1.1" 200 7650 "-" "Mozilla/5.0 (compatible; SemrushBot/3~bl; +http://www.semrush.com/bot.html)"
172.69.54.91 - - [26/Jul/2019:10:18:04 +0000] "GET /en/taxi-transfer/split-airport/novalja-pag HTTP/1.1" 200 7960 "-" "Mozilla/5.0 (compatible; AhrefsBot/6.1; +http://ahrefs.com/robot/)"
108.162.229.6 - - [26/Jul/2019:10:22:28 +0000] "GET /en/destinations/bijeli-vir HTTP/1.1" 200 3958 "-" "Mozilla/5.0 (compatible; AhrefsBot/6.1; +http://ahrefs.com/robot/)"
108.162.241.214 - - [26/Jul/2019:10:24:39 +0000] "GET /taxi-transfer/split-airport/katuni HTTP/1.1" 200 7925 "-" "Mozilla/5.0 (compatible; SemrushBot/3~bl; +http://www.semrush.com/bot.html)"
108.162.242.23 - - [26/Jul/2019:10:25:58 +0000] "GET /hr/taksi-transfer/jasenice/split-airport HTTP/1.1" 200 8169 "-" "Mozilla/5.0 (compatible; Googlebot/2.1; +http://www.google.com/bot.html)"
172.69.234.140 - - [26/Jul/2019:10:27:37 +0000] "GET / HTTP/1.1" 200 4688 "-" "FreeWebMonitoring SiteChecker/0.2 (+https://www.freewebmonitoring.com/bot.html)"
141.101.105.196 - - [26/Jul/2019:10:28:31 +0000] "GET /en/taxi-transfer/slatine-ciovo/split-airport HTTP/1.1" 200 7938 "-" "Mozilla/5.0 (compatible; AhrefsBot/6.1; +http://ahrefs.com/robot/)"
108.162.229.246 - - [26/Jul/2019:10:28:39 +0000] "GET /en/taxi-transfer/gradac/podaca HTTP/1.1" 200 7634 "-" "Mozilla/5.0 (compatible; AhrefsBot/6.1; +http://ahrefs.com/robot/)"
141.101.77.126 - - [26/Jul/2019:10:30:12 +0000] "GET /en/taxi-transfer/dvornica/split-airport HTTP/1.1" 200 7925 "-" "Mozilla/5.0 (compatible; AhrefsBot/6.1; +http://ahrefs.com/robot/)"
108.162.229.20 - - [26/Jul/2019:10:33:27 +0000] "GET /en/destinations/pasman-pasman HTTP/1.1" 200 3979 "-" "Mozilla/5.0 (compatible; AhrefsBot/6.1; +http://ahrefs.com/robot/)"
108.162.241.214 - - [26/Jul/2019:10:34:26 +0000] "GET /hr/destinacije/islam-grcki HTTP/1.1" 200 4038 "-" "Mozilla/5.0 (compatible; SemrushBot/3~bl; +http://www.semrush.com/bot.html)"
108.162.241.214 - - [26/Jul/2019:10:43:20 +0000] "GET /destinations/pican HTTP/1.1" 200 3948 "-" "Mozilla/5.0 (compatible; SemrushBot/3~bl; +http://www.semrush.com/bot.html)"
108.162.241.34 - - [26/Jul/2019:10:49:15 +0000] "GET /destinations/cista-mala HTTP/1.1" 200 3957 "-" "Mozilla/5.0 (compatible; SemrushBot/3~bl; +http://www.semrush.com/bot.html)"
108.162.241.130 - - [26/Jul/2019:10:52:42 +0000] "GET /hr/taksi-transfer/nakovanj/split-airport HTTP/1.1" 200 8163 "-" "Mozilla/5.0 (compatible; SemrushBot/3~bl; +http://www.semrush.com/bot.html)"
108.162.241.238 - - [26/Jul/2019:10:53:07 +0000] "GET /hr/taxi HTTP/1.1" 200 4770 "-" "Mozilla/5.0 (compatible; Googlebot/2.1; +http://www.google.com/bot.html)"
108.162.242.9 - - [26/Jul/2019:10:53:13 +0000] "GET /hr/taksi-transfer/zaostrog/bast HTTP/1.1" 200 7840 "-" "Mozilla/5.0 (compatible; Googlebot/2.1; +http://www.google.com/bot.html)"
108.162.229.212 - - [26/Jul/2019:10:55:10 +0000] "GET /taxi-transfer/zivogosce/krvavica HTTP/1.1" 200 7661 "-" "Mozilla/5.0 (compatible; AhrefsBot/6.1; +http://ahrefs.com/robot/)"
108.162.241.4 - - [26/Jul/2019:11:03:21 +0000] "GET /hr/destinations/klimno-krk HTTP/1.1" 302 484 "-" "Mozilla/5.0 (compatible; SemrushBot/3~bl; +http://www.semrush.com/bot.html)"
108.162.241.214 - - [26/Jul/2019:11:03:23 +0000] "GET /hr/destinacije/klimno-krk HTTP/1.1" 200 4035 "-" "Mozilla/5.0 (compatible; SemrushBot/3~bl; +http://www.semrush.com/bot.html)"
141.101.76.80 - - [26/Jul/2019:11:05:14 +0000] "GET /hr/destinacije/peracko-blato HTTP/1.1" 200 4041 "-" "Mozilla/5.0 (compatible; AhrefsBot/6.1; +http://ahrefs.com/robot/)"
108.162.241.214 - - [26/Jul/2019:11:07:21 +0000] "GET /en/taxi-transfer/baska-voda/drvenik HTTP/1.1" 200 7658 "-" "Mozilla/5.0 (compatible; SemrushBot/3~bl; +http://www.semrush.com/bot.html)"
172.68.222.32 - - [26/Jul/2019:11:10:47 +0000] "GET /hr/destinacije/postira-brac HTTP/1.1" 200 4041 "https://www.google.com/" "Mozilla/5.0 (Linux; Android 8.0.0; SM-G960F) AppleWebKit/537.36 (KHTML, like Gecko) Chrome/75.0.3770.101 Mobile Safari/537.36"
172.68.222.44 - - [26/Jul/2019:11:10:49 +0000] "GET /site.webmanifest HTTP/1.1" 200 426 "https://www.cheapridetransfers.com/hr/destinacije/postira-brac" "Mozilla/5.0 (Linux; Android 8.0.0; SM-G960F) AppleWebKit/537.36 (KHTML, like Gecko) Chrome/75.0.3770.101 Mobile Safari/537.36"
172.68.222.32 - - [26/Jul/2019:11:10:54 +0000] "POST /startlocation HTTP/1.1" 200 201 "https://www.cheapridetransfers.com/hr/destinacije/postira-brac" "Mozilla/5.0 (Linux; Android 8.0.0; SM-G960F) AppleWebKit/537.36 (KHTML, like Gecko) Chrome/75.0.3770.101 Mobile Safari/537.36"
162.158.146.134 - - [26/Jul/2019:11:10:53 +0000] "GET /hr/destinacije/bogomolje-hvar HTTP/1.1" 200 4038 "-" "Mozilla/5.0 (compatible; bingbot/2.0; +http://www.bing.com/bingbot.htm)"
172.68.222.32 - - [26/Jul/2019:11:10:55 +0000] "POST /startlocation HTTP/1.1" 200 77 "https://www.cheapridetransfers.com/hr/destinacije/postira-brac" "Mozilla/5.0 (Linux; Android 8.0.0; SM-G960F) AppleWebKit/537.36 (KHTML, like Gecko) Chrome/75.0.3770.101 Mobile Safari/537.36"
172.68.222.32 - - [26/Jul/2019:11:10:55 +0000] "POST /startlocation HTTP/1.1" 200 43 "https://www.cheapridetransfers.com/hr/destinacije/postira-brac" "Mozilla/5.0 (Linux; Android 8.0.0; SM-G960F) AppleWebKit/537.36 (KHTML, like Gecko) Chrome/75.0.3770.101 Mobile Safari/537.36"
172.68.222.32 - - [26/Jul/2019:11:10:56 +0000] "POST /startlocation HTTP/1.1" 200 2 "https://www.cheapridetransfers.com/hr/destinacije/postira-brac" "Mozilla/5.0 (Linux; Android 8.0.0; SM-G960F) AppleWebKit/537.36 (KHTML, like Gecko) Chrome/75.0.3770.101 Mobile Safari/537.36"
172.68.222.32 - - [26/Jul/2019:11:11:04 +0000] "POST /startlocation HTTP/1.1" 200 43 "https://www.cheapridetransfers.com/hr/destinacije/postira-brac" "Mozilla/5.0 (Linux; Android 8.0.0; SM-G960F) AppleWebKit/537.36 (KHTML, like Gecko) Chrome/75.0.3770.101 Mobile Safari/537.36"
172.68.222.32 - - [26/Jul/2019:11:11:05 +0000] "POST /startlocation HTTP/1.1" 200 43 "https://www.cheapridetransfers.com/hr/destinacije/postira-brac" "Mozilla/5.0 (Linux; Android 8.0.0; SM-G960F) AppleWebKit/537.36 (KHTML, like Gecko) Chrome/75.0.3770.101 Mobile Safari/537.36"
172.69.55.134 - - [26/Jul/2019:11:11:05 +0000] "GET /destinations/vela-ucka HTTP/1.1" 200 3956 "-" "Mozilla/5.0 (compatible; AhrefsBot/6.1; +http://ahrefs.com/robot/)"
172.68.222.32 - - [26/Jul/2019:11:11:09 +0000] "POST /endlocation HTTP/1.1" 200 90 "https://www.cheapridetransfers.com/hr/destinacije/postira-brac" "Mozilla/5.0 (Linux; Android 8.0.0; SM-G960F) AppleWebKit/537.36 (KHTML, like Gecko) Chrome/75.0.3770.101 Mobile Safari/537.36"
172.68.222.32 - - [26/Jul/2019:11:11:09 +0000] "POST /endlocation HTTP/1.1" 200 90 "https://www.cheapridetransfers.com/hr/destinacije/postira-brac" "Mozilla/5.0 (Linux; Android 8.0.0; SM-G960F) AppleWebKit/537.36 (KHTML, like Gecko) Chrome/75.0.3770.101 Mobile Safari/537.36"
172.68.222.32 - - [26/Jul/2019:11:12:09 +0000] "GET /hr/pretraga?start_location=Postira%2C+Bra%C4%8D&end_location=Supetar%2C+Bra%C4%8D&date=28.07.2019 HTTP/1.1" 302 556 "https://www.cheapridetransfers.com/hr/destinacije/postira-brac" "Mozilla/5.0 (Linux; Android 8.0.0; SM-G960F) AppleWebKit/537.36 (KHTML, like Gecko) Chrome/75.0.3770.101 Mobile Safari/537.36"
172.68.222.32 - - [26/Jul/2019:11:12:09 +0000] "GET /hr/taksi-transfer/postira-brac/supetar-brac HTTP/1.1" 302 460 "https://www.cheapridetransfers.com/hr/destinacije/postira-brac" "Mozilla/5.0 (Linux; Android 8.0.0; SM-G960F) AppleWebKit/537.36 (KHTML, like Gecko) Chrome/75.0.3770.101 Mobile Safari/537.36"
172.68.222.32 - - [26/Jul/2019:11:12:09 +0000] "GET /hr/zatrazite-ponudu HTTP/1.1" 200 3897 "https://www.cheapridetransfers.com/hr/destinacije/postira-brac" "Mozilla/5.0 (Linux; Android 8.0.0; SM-G960F) AppleWebKit/537.36 (KHTML, like Gecko) Chrome/75.0.3770.101 Mobile Safari/537.36"
141.101.105.34 - - [26/Jul/2019:11:13:31 +0000] "GET /destinations/niksic-me HTTP/1.1" 200 3976 "-" "Mozilla/5.0 (compatible; AhrefsBot/6.1; +http://ahrefs.com/robot/)"
162.158.150.44 - - [26/Jul/2019:11:13:42 +0000] "GET /uploads/images/ba5794724237eafdd7b3d598b6e8ad66.jpg HTTP/1.1" 200 239612 "https://www.google.com/blank.html" "Mozilla/5.0 (Windows NT 6.1; WOW64; Trident/7.0; rv:11.0) like Gecko"
141.101.69.67 - - [26/Jul/2019:11:17:15 +0000] "GET /destinations/mokosica HTTP/1.1" 200 3965 "-" "Mozilla/5.0 (compatible; AhrefsBot/6.1; +http://ahrefs.com/robot/)"
141.101.69.67 - - [26/Jul/2019:11:18:00 +0000] "GET /hr/destinations/kampelje-krk HTTP/1.1" 302 492 "-" "Mozilla/5.0 (compatible; AhrefsBot/6.1; +http://ahrefs.com/robot/)"
141.101.69.67 - - [26/Jul/2019:11:19:01 +0000] "GET /en/destinations/svib HTTP/1.1" 200 3945 "-" "Mozilla/5.0 (compatible; AhrefsBot/6.1; +http://ahrefs.com/robot/)"
108.162.229.36 - - [26/Jul/2019:11:21:06 +0000] "GET /en/taxi-transfer/promajna/zadar-airport HTTP/1.1" 200 7939 "-" "Mozilla/5.0 (compatible; AhrefsBot/6.1; +http://ahrefs.com/robot/)"
108.162.241.4 - - [26/Jul/2019:11:25:55 +0000] "GET /destinations/rogotin HTTP/1.1" 200 4006 "-" "Mozilla/5.0 (compatible; SemrushBot/3~bl; +http://www.semrush.com/bot.html)"
108.162.229.168 - - [26/Jul/2019:11:26:29 +0000] "GET /taxi-transfer/gradac/split HTTP/1.1" 200 7758 "-" "Mozilla/5.0 (compatible; AhrefsBot/6.1; +http://ahrefs.com/robot/)"
108.162.241.4 - - [26/Jul/2019:11:27:39 +0000] "GET /taxi-transfer/krvavica/podaca HTTP/1.1" 200 7631 "-" "Mozilla/5.0 (compatible; SemrushBot/3~bl; +http://www.semrush.com/bot.html)"
172.68.244.118 - - [26/Jul/2019:11:30:23 +0000] "GET /sitemap.xml HTTP/1.1" 200 1988 "-" "Mozilla/5.0 (compatible; YandexBot/3.0; +http://yandex.com/bots)"
172.69.234.140 - - [26/Jul/2019:11:30:33 +0000] "GET / HTTP/1.1" 200 4688 "-" "FreeWebMonitoring SiteChecker/0.2 (+https://www.freewebmonitoring.com/bot.html)"
108.162.229.168 - - [26/Jul/2019:11:31:59 +0000] "GET /en/taxi-transfer/split-airport/trogir HTTP/1.1" 200 7938 "-" "Mozilla/5.0 (compatible; AhrefsBot/6.1; +http://ahrefs.com/robot/)"
108.162.229.58 - - [26/Jul/2019:11:35:33 +0000] "GET /destinations/petrijanec HTTP/1.1" 200 3948 "-" "Mozilla/5.0 (compatible; AhrefsBot/6.1; +http://ahrefs.com/robot/)"
172.69.134.67 - - [26/Jul/2019:11:36:16 +0000] "GET / HTTP/1.1" 200 4688 "-" "Mozilla/5.0 (compatible; MSIE 9.0; Windows NT 6.1; Trident/5.0)"
172.69.134.67 - - [26/Jul/2019:11:36:17 +0000] "GET /contact HTTP/1.1" 200 4223 "-" "Mozilla/5.0 (compatible; MSIE 9.0; Windows NT 6.1; Trident/5.0)"
172.69.134.67 - - [26/Jul/2019:11:36:17 +0000] "GET /contact HTTP/1.1" 200 4223 "-" "Mozilla/5.0 (compatible; MSIE 9.0; Windows NT 6.1; Trident/5.0)"
172.69.134.67 - - [26/Jul/2019:11:36:18 +0000] "GET /about-us HTTP/1.1" 200 3783 "-" "Mozilla/5.0 (compatible; MSIE 9.0; Windows NT 6.1; Trident/5.0)"
172.69.134.67 - - [26/Jul/2019:11:36:19 +0000] "GET /get-a-quote HTTP/1.1" 200 3776 "-" "Mozilla/5.0 (compatible; MSIE 9.0; Windows NT 6.1; Trident/5.0)"
108.162.229.54 - - [26/Jul/2019:11:39:11 +0000] "GET /hr/destinations/krupa-obrovac HTTP/1.1" 302 496 "-" "Mozilla/5.0 (compatible; AhrefsBot/6.1; +http://ahrefs.com/robot/)"
108.162.229.54 - - [26/Jul/2019:11:45:19 +0000] "GET /destinations/legrad HTTP/1.1" 200 3943 "-" "Mozilla/5.0 (compatible; AhrefsBot/6.1; +http://ahrefs.com/robot/)"
108.162.241.4 - - [26/Jul/2019:11:50:19 +0000] "GET /hr/destinacije/porat-krk HTTP/1.1" 200 4034 "-" "Mozilla/5.0 (compatible; SemrushBot/3~bl; +http://www.semrush.com/bot.html)"
141.101.104.179 - - [26/Jul/2019:11:57:58 +0000] "GET /taxi-transfer/bast/podaca HTTP/1.1" 200 7628 "-" "Mozilla/5.0 (compatible; AhrefsBot/6.1; +http://ahrefs.com/robot/)"
108.162.241.34 - - [26/Jul/2019:12:01:11 +0000] "GET /taxi-transfer/krvavica/tucepi HTTP/1.1" 200 7637 "-" "Mozilla/5.0 (compatible; SemrushBot/3~bl; +http://www.semrush.com/bot.html)"
162.158.134.242 - - [26/Jul/2019:12:02:24 +0000] "GET / HTTP/1.1" 200 4688 "-" "Mozilla/5.0 (iPhone; CPU iPhone OS 12_3_1 like Mac OS X) AppleWebKit/605.1.15 (KHTML, like Gecko) Version/12.1.1 Mobile/15E148 Safari/604.1"
162.158.134.116 - - [26/Jul/2019:12:02:24 +0000] "GET /css/all.css?v=20 HTTP/1.1" 200 82999 "https://www.cheapridetransfers.com/" "Mozilla/5.0 (iPhone; CPU iPhone OS 12_3_1 like Mac OS X) AppleWebKit/605.1.15 (KHTML, like Gecko) Version/12.1.1 Mobile/15E148 Safari/604.1"
141.101.69.67 - - [26/Jul/2019:12:03:29 +0000] "GET /en/taxi-transfer/igrane/tucepi HTTP/1.1" 200 7643 "-" "Mozilla/5.0 (compatible; AhrefsBot/6.1; +http://ahrefs.com/robot/)"
108.162.229.246 - - [26/Jul/2019:12:04:17 +0000] "GET /en/destinations/mali-podol-cres HTTP/1.1" 200 3967 "-" "Mozilla/5.0 (compatible; AhrefsBot/6.1; +http://ahrefs.com/robot/)"
108.162.241.142 - - [26/Jul/2019:12:05:41 +0000] "GET /hr/taksi-transfer/drasnice/split-airport HTTP/1.1" 200 8333 "-" "Mozilla/5.0 (compatible; Googlebot/2.1; +http://www.google.com/bot.html)"
108.162.241.4 - - [26/Jul/2019:12:07:37 +0000] "GET /destinations/mazin HTTP/1.1" 200 3942 "-" "Mozilla/5.0 (compatible; SemrushBot/3~bl; +http://www.semrush.com/bot.html)"
172.69.55.8 - - [26/Jul/2019:12:11:28 +0000] "GET /en/taxi-transfer/drasnice/podgora HTTP/1.1" 200 7655 "-" "Mozilla/5.0 (compatible; AhrefsBot/6.1; +http://ahrefs.com/robot/)"
108.162.241.130 - - [26/Jul/2019:12:15:55 +0000] "GET /en/destinations/bar-me HTTP/1.1" 200 3954 "-" "Mozilla/5.0 (compatible; SemrushBot/3~bl; +http://www.semrush.com/bot.html)"
108.162.229.6 - - [26/Jul/2019:12:18:21 +0000] "GET /taxi-transfer/gradac/makarska HTTP/1.1" 200 7624 "-" "Mozilla/5.0 (compatible; AhrefsBot/6.1; +http://ahrefs.com/robot/)"
108.162.241.130 - - [26/Jul/2019:12:19:42 +0000] "GET /destinations/babina-greda HTTP/1.1" 200 3954 "-" "Mozilla/5.0 (compatible; SemrushBot/3~bl; +http://www.semrush.com/bot.html)"
108.162.241.34 - - [26/Jul/2019:12:25:33 +0000] "GET /destinations/bristane HTTP/1.1" 200 3966 "-" "Mozilla/5.0 (compatible; SemrushBot/3~bl; +http://www.semrush.com/bot.html)"
172.69.55.134 - - [26/Jul/2019:12:26:02 +0000] "GET /destinations/bristivica HTTP/1.1" 200 3948 "-" "Mozilla/5.0 (compatible; AhrefsBot/6.1; +http://ahrefs.com/robot/)"
108.162.229.104 - - [26/Jul/2019:12:30:53 +0000] "GET /hr/destinacije/loznati-cres HTTP/1.1" 200 4036 "-" "Mozilla/5.0 (compatible; AhrefsBot/6.1; +http://ahrefs.com/robot/)"
172.69.234.142 - - [26/Jul/2019:12:31:22 +0000] "GET / HTTP/1.1" 200 4688 "-" "FreeWebMonitoring SiteChecker/0.2 (+https://www.freewebmonitoring.com/bot.html)"
162.158.111.65 - - [26/Jul/2019:12:34:38 +0000] "GET /destinations/cesarica HTTP/1.1" 200 3945 "-" "Mozilla/5.0 (compatible; AhrefsBot/6.1; +http://ahrefs.com/robot/)"
141.101.69.67 - - [26/Jul/2019:12:38:41 +0000] "GET /en/taxi-transfer/promajna/drasnice HTTP/1.1" 200 7654 "-" "Mozilla/5.0 (compatible; AhrefsBot/6.1; +http://ahrefs.com/robot/)"
141.101.77.126 - - [26/Jul/2019:12:44:23 +0000] "GET /destinations/boljun HTTP/1.1" 200 3944 "-" "Mozilla/5.0 (compatible; AhrefsBot/6.1; +http://ahrefs.com/robot/)"
141.101.105.244 - - [26/Jul/2019:12:46:45 +0000] "GET /destinations/stari-jankovci HTTP/1.1" 200 3959 "-" "Mozilla/5.0 (compatible; AhrefsBot/6.1; +http://ahrefs.com/robot/)"
141.101.105.196 - - [26/Jul/2019:12:48:09 +0000] "GET /destinations/punitovci HTTP/1.1" 200 3947 "-" "Mozilla/5.0 (compatible; AhrefsBot/6.1; +http://ahrefs.com/robot/)"
172.68.222.44 - - [26/Jul/2019:12:49:52 +0000] "GET /hr/taxi HTTP/1.1" 200 4770 "https://www.google.com/" "Mozilla/5.0 (Linux; Android 9; SM-G950F) AppleWebKit/537.36 (KHTML, like Gecko) Chrome/75.0.3770.143 Mobile Safari/537.36"
172.68.222.110 - - [26/Jul/2019:12:49:53 +0000] "GET /site.webmanifest HTTP/1.1" 200 426 "https://www.cheapridetransfers.com/hr/taxi" "Mozilla/5.0 (Linux; Android 9; SM-G950F) AppleWebKit/537.36 (KHTML, like Gecko) Chrome/75.0.3770.143 Mobile Safari/537.36"
108.162.229.246 - - [26/Jul/2019:12:50:16 +0000] "GET /hr/destinacije/rukavac-matulji HTTP/1.1" 200 4040 "-" "Mozilla/5.0 (compatible; AhrefsBot/6.1; +http://ahrefs.com/robot/)"
108.162.229.6 - - [26/Jul/2019:12:54:36 +0000] "GET /destinations/omisalj-krk HTTP/1.1" 200 3974 "-" "Mozilla/5.0 (compatible; AhrefsBot/6.1; +http://ahrefs.com/robot/)"
108.162.241.130 - - [26/Jul/2019:12:55:07 +0000] "GET /destinations/doli HTTP/1.1" 200 3940 "-" "Mozilla/5.0 (compatible; SemrushBot/3~bl; +http://www.semrush.com/bot.html)"
108.162.229.36 - - [26/Jul/2019:12:56:44 +0000] "GET /en/destinations/rastevic HTTP/1.1" 200 3976 "-" "Mozilla/5.0 (compatible; AhrefsBot/6.1; +http://ahrefs.com/robot/)"
172.69.10.80 - - [26/Jul/2019:12:59:39 +0000] "GET /en/taxi HTTP/1.1" 200 4597 "-" "Mozilla/5.0 (compatible; YandexBot/3.0; +http://yandex.com/bots)"
162.158.126.74 - - [26/Jul/2019:13:00:26 +0000] "GET /tours/city-of-split-tour HTTP/1.1" 200 5400 "-" "Mozilla/5.0 (compatible; bingbot/2.0; +http://www.bing.com/bingbot.htm)"
162.158.126.32 - - [26/Jul/2019:13:06:02 +0000] "GET /hr/destinacije/banjevci HTTP/1.1" 200 4028 "-" "Mozilla/5.0 (compatible; bingbot/2.0; +http://www.bing.com/bingbot.htm)"
172.68.189.29 - - [26/Jul/2019:13:06:47 +0000] "GET / HTTP/1.1" 301 243 "-" "Mozilla/5.0 (Macintosh; Intel Mac OS X 10_8_3) AppleWebKit/537.31 (KHTML, like Gecko) Chrome/26.0.1410.65 Safari/537.31"
172.68.133.130 - - [26/Jul/2019:13:06:49 +0000] "GET / HTTP/1.1" 200 4688 "-" "Mozilla/5.0 (Macintosh; Intel Mac OS X 10_8_3) AppleWebKit/537.31 (KHTML, like Gecko) Chrome/26.0.1410.65 Safari/537.31"
172.68.254.58 - - [26/Jul/2019:13:10:29 +0000] "GET /en/tours/biokovo-mountain-tour HTTP/1.1" 200 5648 "-" "Mozilla/5.0 (compatible; Baiduspider/2.0; +http://www.baidu.com/search/spider.html)"
141.101.105.34 - - [26/Jul/2019:13:14:46 +0000] "GET /en/destinations/lisane-tinjske HTTP/1.1" 200 3980 "-" "Mozilla/5.0 (compatible; AhrefsBot/6.1; +http://ahrefs.com/robot/)"
108.162.241.202 - - [26/Jul/2019:13:15:16 +0000] "GET /uploads/images/9887381e09daad70e92ac6bddb87273d.jpg HTTP/1.1" 200 199121 "-" "Googlebot-Image/1.0"
108.162.229.54 - - [26/Jul/2019:13:17:08 +0000] "GET /taxi-transfer/brela/dubrovnik HTTP/1.1" 200 7642 "-" "Mozilla/5.0 (compatible; AhrefsBot/6.1; +http://ahrefs.com/robot/)"
172.69.54.169 - - [26/Jul/2019:13:20:18 +0000] "GET /destinations/sinj HTTP/1.1" 200 4014 "-" "Mozilla/5.0 (compatible; AhrefsBot/6.1; +http://ahrefs.com/robot/)"
172.68.222.44 - - [26/Jul/2019:13:23:22 +0000] "GET /hr/taxi HTTP/1.1" 200 4770 "https://www.google.com/" "Mozilla/5.0 (Linux; Android 7.0; MIX Lite) AppleWebKit/537.36 (KHTML, like Gecko) Chrome/75.0.3770.143 Mobile Safari/537.36"
172.68.222.44 - - [26/Jul/2019:13:23:24 +0000] "GET /hr/taxi HTTP/1.1" 200 4770 "https://www.google.com/" "Mozilla/5.0 (Linux; Android 7.0; MIX Lite) AppleWebKit/537.36 (KHTML, like Gecko) Chrome/75.0.3770.143 Mobile Safari/537.36"
172.68.222.44 - - [26/Jul/2019:13:23:31 +0000] "GET /hr/taxi HTTP/1.1" 200 4770 "https://www.google.com/" "Mozilla/5.0 (Linux; Android 7.0; MIX Lite) AppleWebKit/537.36 (KHTML, like Gecko) Chrome/75.0.3770.143 Mobile Safari/537.36"
172.68.222.32 - - [26/Jul/2019:13:23:47 +0000] "GET /site.webmanifest HTTP/1.1" 200 426 "https://www.cheapridetransfers.com/hr/taxi" "Mozilla/5.0 (Linux; Android 7.0; MIX Lite) AppleWebKit/537.36 (KHTML, like Gecko) Chrome/75.0.3770.143 Mobile Safari/537.36"
172.68.222.44 - - [26/Jul/2019:13:24:01 +0000] "POST /startlocation HTTP/1.1" 200 80 "https://www.cheapridetransfers.com/hr/taxi" "Mozilla/5.0 (Linux; Android 7.0; MIX Lite) AppleWebKit/537.36 (KHTML, like Gecko) Chrome/75.0.3770.143 Mobile Safari/537.36"
172.68.222.44 - - [26/Jul/2019:13:24:04 +0000] "POST /startlocation HTTP/1.1" 200 2 "https://www.cheapridetransfers.com/hr/taxi" "Mozilla/5.0 (Linux; Android 7.0; MIX Lite) AppleWebKit/537.36 (KHTML, like Gecko) Chrome/75.0.3770.143 Mobile Safari/537.36"
172.68.222.44 - - [26/Jul/2019:13:24:09 +0000] "POST /startlocation HTTP/1.1" 200 80 "https://www.cheapridetransfers.com/hr/taxi" "Mozilla/5.0 (Linux; Android 7.0; MIX Lite) AppleWebKit/537.36 (KHTML, like Gecko) Chrome/75.0.3770.143 Mobile Safari/537.36"
172.68.222.44 - - [26/Jul/2019:13:24:16 +0000] "POST /startlocation HTTP/1.1" 200 86 "https://www.cheapridetransfers.com/hr/taxi" "Mozilla/5.0 (Linux; Android 7.0; MIX Lite) AppleWebKit/537.36 (KHTML, like Gecko) Chrome/75.0.3770.143 Mobile Safari/537.36"
172.68.222.44 - - [26/Jul/2019:13:24:16 +0000] "POST /startlocation HTTP/1.1" 200 86 "https://www.cheapridetransfers.com/hr/taxi" "Mozilla/5.0 (Linux; Android 7.0; MIX Lite) AppleWebKit/537.36 (KHTML, like Gecko) Chrome/75.0.3770.143 Mobile Safari/537.36"
172.68.222.44 - - [26/Jul/2019:13:24:17 +0000] "POST /startlocation HTTP/1.1" 200 49 "https://www.cheapridetransfers.com/hr/taxi" "Mozilla/5.0 (Linux; Android 7.0; MIX Lite) AppleWebKit/537.36 (KHTML, like Gecko) Chrome/75.0.3770.143 Mobile Safari/537.36"
162.158.111.65 - - [26/Jul/2019:13:24:16 +0000] "GET /en/destinations/gromin-dolac-hvar HTTP/1.1" 200 3970 "-" "Mozilla/5.0 (compatible; AhrefsBot/6.1; +http://ahrefs.com/robot/)"
172.68.222.44 - - [26/Jul/2019:13:24:22 +0000] "POST /endlocation HTTP/1.1" 200 120 "https://www.cheapridetransfers.com/hr/taxi" "Mozilla/5.0 (Linux; Android 7.0; MIX Lite) AppleWebKit/537.36 (KHTML, like Gecko) Chrome/75.0.3770.143 Mobile Safari/537.36"
