172.68.198.124 - - [26/Jul/2019:19:07:42 +0000] "POST /endlocation HTTP/1.1" 200 79 "https://www.cheapridetransfers.com/taxi" "Mozilla/5.0 (iPhone; CPU iPhone OS 12_3_1 like Mac OS X) AppleWebKit/605.1.15 (KHTML, like Gecko) Version/12.1.1 Mobile/15E148 Safari/604.1"
162.158.146.68 - - [26/Jul/2019:19:08:19 +0000] "GET /tours HTTP/1.1" 200 4145 "-" "Mozilla/5.0 (compatible; bingbot/2.0; +http://www.bing.com/bingbot.htm)"
108.162.241.130 - - [26/Jul/2019:19:08:22 +0000] "GET /tours/imotski-tour-red-and-blue-lake HTTP/1.1" 200 5363 "-" "Mozilla/5.0 (compatible; SemrushBot/3~bl; +http://www.semrush.com/bot.html)"
108.162.229.36 - - [26/Jul/2019:19:18:13 +0000] "GET /en/taxi-transfer/promajna/gradac HTTP/1.1" 200 7633 "-" "Mozilla/5.0 (compatible; AhrefsBot/6.1; +http://ahrefs.com/robot/)"
162.158.146.62 - - [26/Jul/2019:19:19:56 +0000] "GET /hr/destinacije/brna-korcula HTTP/1.1" 200 4042 "-" "Mozilla/5.0 (compatible; bingbot/2.0; +http://www.bing.com/bingbot.htm)"
108.162.229.246 - - [26/Jul/2019:19:20:12 +0000] "GET /en/taxi-transfer/drasnice/promajna HTTP/1.1" 200 7654 "-" "Mozilla/5.0 (compatible; AhrefsBot/6.1; +http://ahrefs.com/robot/)"
108.162.229.104 - - [26/Jul/2019:19:20:36 +0000] "GET /hr/destinations/crni-kal HTTP/1.1" 302 476 "-" "Mozilla/5.0 (compatible; AhrefsBot/6.1; +http://ahrefs.com/robot/)"
141.101.104.235 - - [26/Jul/2019:19:24:10 +0000] "GET /en/destinations/divoselo HTTP/1.1" 200 3951 "-" "Mozilla/5.0 (compatible; AhrefsBot/6.1; +http://ahrefs.com/robot/)"
141.101.104.179 - - [26/Jul/2019:19:27:09 +0000] "GET /en/destinations/berane-airport-me HTTP/1.1" 200 3969 "-" "Mozilla/5.0 (compatible; AhrefsBot/6.1; +http://ahrefs.com/robot/)"
172.68.245.203 - - [26/Jul/2019:19:29:07 +0000] "GET /robots.txt HTTP/1.1" 301 253 "-" "Mozilla/5.0 (compatible; YandexBot/3.0; +http://yandex.com/bots)"
172.69.160.150 - - [26/Jul/2019:19:29:08 +0000] "GET /robots.txt HTTP/1.1" 200 24 "-" "Mozilla/5.0 (compatible; YandexBot/3.0; +http://yandex.com/bots)"
172.68.10.104 - - [26/Jul/2019:19:29:11 +0000] "GET / HTTP/1.1" 301 243 "-" "Mozilla/5.0 (compatible; YandexBot/3.0; +http://yandex.com/bots)"
172.68.245.185 - - [26/Jul/2019:19:29:11 +0000] "GET / HTTP/1.1" 200 4688 "-" "Mozilla/5.0 (compatible; YandexBot/3.0; +http://yandex.com/bots)"
141.101.105.34 - - [26/Jul/2019:19:29:54 +0000] "GET /taxi-transfer/pag-pag/split-airport HTTP/1.1" 200 7938 "-" "Mozilla/5.0 (compatible; AhrefsBot/6.1; +http://ahrefs.com/robot/)"
108.162.241.34 - - [26/Jul/2019:19:30:33 +0000] "GET /en/taxi-transfer/baska-voda/igrane HTTP/1.1" 200 7659 "-" "Mozilla/5.0 (compatible; SemrushBot/3~bl; +http://www.semrush.com/bot.html)"
108.162.229.246 - - [26/Jul/2019:19:32:19 +0000] "GET /en/destinations/boljenovici HTTP/1.1" 200 3963 "-" "Mozilla/5.0 (compatible; AhrefsBot/6.1; +http://ahrefs.com/robot/)"
108.162.229.36 - - [26/Jul/2019:19:32:48 +0000] "GET /en/taxi-transfer/tucepi/drvenik HTTP/1.1" 200 7642 "-" "Mozilla/5.0 (compatible; AhrefsBot/6.1; +http://ahrefs.com/robot/)"
108.162.229.58 - - [26/Jul/2019:19:34:52 +0000] "GET /hr/destinacije/golubic HTTP/1.1" 200 4032 "-" "Mozilla/5.0 (compatible; AhrefsBot/6.1; +http://ahrefs.com/robot/)"
108.162.241.148 - - [26/Jul/2019:19:36:04 +0000] "GET /taxi-transfer/baska-voda/brist HTTP/1.1" 200 7656 "-" "Mozilla/5.0 (Linux; Android 4.2.1; en-us; Nexus 5 Build/JOP40D) AppleWebKit/535.19 (KHTML, like Gecko; googleweblight) Chrome/38.0.1025.166 Mobile Safari/535.19"
108.162.241.76 - - [26/Jul/2019:19:36:04 +0000] "GET /css/all.css?v=20 HTTP/1.1" 200 82999 "https://www.cheapridetransfers.com/taxi-transfer/baska-voda/brist" "Mozilla/5.0 (Linux; Android 4.2.1; en-us; Nexus 5 Build/JOP40D) AppleWebKit/535.19 (KHTML, like Gecko; googleweblight) Chrome/38.0.1025.166 Mobile Safari/535.19"
108.162.242.19 - - [26/Jul/2019:19:36:04 +0000] "GET /uploads/thumbnails/cf37764e255f821fbdf3a8ffceb1f574.png HTTP/1.1" 200 125120 "https://www.cheapridetransfers.com/taxi-transfer/baska-voda/brist" "Mozilla/5.0 (Linux; Android 4.2.1; en-us; Nexus 5 Build/JOP40D) AppleWebKit/535.19 (KHTML, like Gecko; googleweblight) Chrome/38.0.1025.166 Mobile Safari/535.19"
108.162.241.184 - - [26/Jul/2019:19:36:04 +0000] "GET /uploads/thumbnails/341afffe569b334de054fa9a47b81ab6.png HTTP/1.1" 200 135215 "https://www.cheapridetransfers.com/taxi-transfer/baska-voda/brist" "Mozilla/5.0 (Linux; Android 4.2.1; en-us; Nexus 5 Build/JOP40D) AppleWebKit/535.19 (KHTML, like Gecko; googleweblight) Chrome/38.0.1025.166 Mobile Safari/535.19"
108.162.241.208 - - [26/Jul/2019:19:36:04 +0000] "GET /uploads/thumbnails/54020c63b8a67ca635e3805640cc52cf.png HTTP/1.1" 200 125464 "https://www.cheapridetransfers.com/taxi-transfer/baska-voda/brist" "Mozilla/5.0 (Linux; Android 4.2.1; en-us; Nexus 5 Build/JOP40D) AppleWebKit/535.19 (KHTML, like Gecko; googleweblight) Chrome/38.0.1025.166 Mobile Safari/535.19"
108.162.241.76 - - [26/Jul/2019:19:36:05 +0000] "GET /img/quote.svg HTTP/1.1" 200 2166 "https://www.cheapridetransfers.com/css/all.css?v=20" "Mozilla/5.0 (Linux; Android 4.2.1; en-us; Nexus 5 Build/JOP40D) AppleWebKit/535.19 (KHTML, like Gecko; googleweblight) Chrome/38.0.1025.166 Mobile Safari/535.19"
172.68.174.32 - - [26/Jul/2019:19:37:26 +0000] "GET /destinations/karalic HTTP/1.1" 200 3951 "-" "Mozilla/5.0 (compatible; DotBot/1.1; http://www.opensiteexplorer.org/dotbot, help@moz.com)"
172.68.174.32 - - [26/Jul/2019:19:37:31 +0000] "GET /destinations/zidarici-krk HTTP/1.1" 200 3965 "-" "Mozilla/5.0 (compatible; DotBot/1.1; http://www.opensiteexplorer.org/dotbot, help@moz.com)"
108.162.241.214 - - [26/Jul/2019:19:39:53 +0000] "GET /destinations/loviste HTTP/1.1" 200 4026 "-" "Mozilla/5.0 (compatible; SemrushBot/3~bl; +http://www.semrush.com/bot.html)"
162.158.34.68 - - [26/Jul/2019:19:40:03 +0000] "GET / HTTP/1.1" 200 4688 "https://www.google.com/" "Mozilla/5.0 (iPhone; CPU iPhone OS 12_4 like Mac OS X) AppleWebKit/605.1.15 (KHTML, like Gecko) Version/12.1.2 Mobile/15E148 Safari/604.1"
162.158.34.152 - - [26/Jul/2019:19:40:03 +0000] "GET /css/all.css?v=20 HTTP/1.1" 200 82999 "https://www.cheapridetransfers.com/" "Mozilla/5.0 (iPhone; CPU iPhone OS 12_4 like Mac OS X) AppleWebKit/605.1.15 (KHTML, like Gecko) Version/12.1.2 Mobile/15E148 Safari/604.1"
162.158.34.194 - - [26/Jul/2019:19:40:03 +0000] "GET /img/taxi.jpg HTTP/1.1" 200 15835 "https://www.cheapridetransfers.com/" "Mozilla/5.0 (iPhone; CPU iPhone OS 12_4 like Mac OS X) AppleWebKit/605.1.15 (KHTML, like Gecko) Version/12.1.2 Mobile/15E148 Safari/604.1"
162.158.34.68 - - [26/Jul/2019:19:40:03 +0000] "GET /img/transfer.jpg HTTP/1.1" 200 12830 "https://www.cheapridetransfers.com/" "Mozilla/5.0 (iPhone; CPU iPhone OS 12_4 like Mac OS X) AppleWebKit/605.1.15 (KHTML, like Gecko) Version/12.1.2 Mobile/15E148 Safari/604.1"
162.158.34.50 - - [26/Jul/2019:19:40:03 +0000] "GET /img/tours.jpg HTTP/1.1" 200 24282 "https://www.cheapridetransfers.com/" "Mozilla/5.0 (iPhone; CPU iPhone OS 12_4 like Mac OS X) AppleWebKit/605.1.15 (KHTML, like Gecko) Version/12.1.2 Mobile/15E148 Safari/604.1"
162.158.34.44 - - [26/Jul/2019:19:40:03 +0000] "GET /js/all.js?v=25 HTTP/1.1" 200 162862 "https://www.cheapridetransfers.com/" "Mozilla/5.0 (iPhone; CPU iPhone OS 12_4 like Mac OS X) AppleWebKit/605.1.15 (KHTML, like Gecko) Version/12.1.2 Mobile/15E148 Safari/604.1"
162.158.34.68 - - [26/Jul/2019:19:40:04 +0000] "GET /img/slide_hero_2.jpg HTTP/1.1" 200 33901 "https://www.cheapridetransfers.com/" "Mozilla/5.0 (iPhone; CPU iPhone OS 12_4 like Mac OS X) AppleWebKit/605.1.15 (KHTML, like Gecko) Version/12.1.2 Mobile/15E148 Safari/604.1"
162.158.34.92 - - [26/Jul/2019:19:40:04 +0000] "GET /font/icon_set_1.woff?55361665 HTTP/1.1" 200 41852 "https://www.cheapridetransfers.com/" "Mozilla/5.0 (iPhone; CPU iPhone OS 12_4 like Mac OS X) AppleWebKit/605.1.15 (KHTML, like Gecko) Version/12.1.2 Mobile/15E148 Safari/604.1"
162.158.34.98 - - [26/Jul/2019:19:40:04 +0000] "GET /img/slide_hero.jpg HTTP/1.1" 200 142391 "https://www.cheapridetransfers.com/" "Mozilla/5.0 (iPhone; CPU iPhone OS 12_4 like Mac OS X) AppleWebKit/605.1.15 (KHTML, like Gecko) Version/12.1.2 Mobile/15E148 Safari/604.1"
162.158.34.38 - - [26/Jul/2019:19:40:04 +0000] "GET /fonts/fontawesome-webfont.woff2?v=4.7.0 HTTP/1.1" 200 77160 "https://www.cheapridetransfers.com/" "Mozilla/5.0 (iPhone; CPU iPhone OS 12_4 like Mac OS X) AppleWebKit/605.1.15 (KHTML, like Gecko) Version/12.1.2 Mobile/15E148 Safari/604.1"
162.158.34.158 - - [26/Jul/2019:19:40:04 +0000] "GET /font/fontello.woff?32974303 HTTP/1.1" 200 320576 "https://www.cheapridetransfers.com/" "Mozilla/5.0 (iPhone; CPU iPhone OS 12_4 like Mac OS X) AppleWebKit/605.1.15 (KHTML, like Gecko) Version/12.1.2 Mobile/15E148 Safari/604.1"
162.158.34.140 - - [26/Jul/2019:19:40:04 +0000] "GET /img/logo_2x.jpg HTTP/1.1" 200 3711 "https://www.cheapridetransfers.com/" "Mozilla/5.0 (iPhone; CPU iPhone OS 12_4 like Mac OS X) AppleWebKit/605.1.15 (KHTML, like Gecko) Version/12.1.2 Mobile/15E148 Safari/604.1"
162.158.34.158 - - [26/Jul/2019:19:40:04 +0000] "GET /favicon-16x16.png HTTP/1.1" 200 884 "https://www.cheapridetransfers.com/" "Mozilla/5.0 (iPhone; CPU iPhone OS 12_4 like Mac OS X) AppleWebKit/605.1.15 (KHTML, like Gecko) Version/12.1.2 Mobile/15E148 Safari/604.1"
162.158.34.68 - - [26/Jul/2019:19:40:09 +0000] "POST /startlocation HTTP/1.1" 200 2 "https://www.cheapridetransfers.com/" "Mozilla/5.0 (iPhone; CPU iPhone OS 12_4 like Mac OS X) AppleWebKit/605.1.15 (KHTML, like Gecko) Version/12.1.2 Mobile/15E148 Safari/604.1"
162.158.34.68 - - [26/Jul/2019:19:40:09 +0000] "POST /startlocation HTTP/1.1" 200 2 "https://www.cheapridetransfers.com/" "Mozilla/5.0 (iPhone; CPU iPhone OS 12_4 like Mac OS X) AppleWebKit/605.1.15 (KHTML, like Gecko) Version/12.1.2 Mobile/15E148 Safari/604.1"
162.158.34.68 - - [26/Jul/2019:19:40:10 +0000] "POST /startlocation HTTP/1.1" 200 2 "https://www.cheapridetransfers.com/" "Mozilla/5.0 (iPhone; CPU iPhone OS 12_4 like Mac OS X) AppleWebKit/605.1.15 (KHTML, like Gecko) Version/12.1.2 Mobile/15E148 Safari/604.1"
162.158.34.68 - - [26/Jul/2019:19:40:10 +0000] "POST /startlocation HTTP/1.1" 200 2 "https://www.cheapridetransfers.com/" "Mozilla/5.0 (iPhone; CPU iPhone OS 12_4 like Mac OS X) AppleWebKit/605.1.15 (KHTML, like Gecko) Version/12.1.2 Mobile/15E148 Safari/604.1"
162.158.34.68 - - [26/Jul/2019:19:40:11 +0000] "POST /startlocation HTTP/1.1" 200 2 "https://www.cheapridetransfers.com/" "Mozilla/5.0 (iPhone; CPU iPhone OS 12_4 like Mac OS X) AppleWebKit/605.1.15 (KHTML, like Gecko) Version/12.1.2 Mobile/15E148 Safari/604.1"
108.162.241.34 - - [26/Jul/2019:19:40:13 +0000] "GET /hr/taksi-transfer/dubrovnik/rijeka HTTP/1.1" 200 7854 "-" "Mozilla/5.0 (compatible; SemrushBot/3~bl; +http://www.semrush.com/bot.html)"
162.158.34.68 - - [26/Jul/2019:19:40:15 +0000] "POST /startlocation HTTP/1.1" 200 2 "https://www.cheapridetransfers.com/" "Mozilla/5.0 (iPhone; CPU iPhone OS 12_4 like Mac OS X) AppleWebKit/605.1.15 (KHTML, like Gecko) Version/12.1.2 Mobile/15E148 Safari/604.1"
162.158.34.68 - - [26/Jul/2019:19:40:15 +0000] "POST /startlocation HTTP/1.1" 200 2 "https://www.cheapridetransfers.com/" "Mozilla/5.0 (iPhone; CPU iPhone OS 12_4 like Mac OS X) AppleWebKit/605.1.15 (KHTML, like Gecko) Version/12.1.2 Mobile/15E148 Safari/604.1"
162.158.34.68 - - [26/Jul/2019:19:40:16 +0000] "POST /startlocation HTTP/1.1" 200 2 "https://www.cheapridetransfers.com/" "Mozilla/5.0 (iPhone; CPU iPhone OS 12_4 like Mac OS X) AppleWebKit/605.1.15 (KHTML, like Gecko) Version/12.1.2 Mobile/15E148 Safari/604.1"
162.158.34.68 - - [26/Jul/2019:19:40:18 +0000] "POST /startlocation HTTP/1.1" 200 2 "https://www.cheapridetransfers.com/" "Mozilla/5.0 (iPhone; CPU iPhone OS 12_4 like Mac OS X) AppleWebKit/605.1.15 (KHTML, like Gecko) Version/12.1.2 Mobile/15E148 Safari/604.1"
162.158.34.68 - - [26/Jul/2019:19:40:22 +0000] "POST /endlocation HTTP/1.1" 200 2 "https://www.cheapridetransfers.com/" "Mozilla/5.0 (iPhone; CPU iPhone OS 12_4 like Mac OS X) AppleWebKit/605.1.15 (KHTML, like Gecko) Version/12.1.2 Mobile/15E148 Safari/604.1"
162.158.34.68 - - [26/Jul/2019:19:40:26 +0000] "POST /endlocation HTTP/1.1" 200 2 "https://www.cheapridetransfers.com/" "Mozilla/5.0 (iPhone; CPU iPhone OS 12_4 like Mac OS X) AppleWebKit/605.1.15 (KHTML, like Gecko) Version/12.1.2 Mobile/15E148 Safari/604.1"
162.158.34.68 - - [26/Jul/2019:19:40:31 +0000] "GET /search?start_location=Hotel+Punta%2C+vodice+&end_location=Split+airport&date=31.07.2019 HTTP/1.1" 302 428 "https://www.cheapridetransfers.com/" "Mozilla/5.0 (iPhone; CPU iPhone OS 12_4 like Mac OS X) AppleWebKit/605.1.15 (KHTML, like Gecko) Version/12.1.2 Mobile/15E148 Safari/604.1"
162.158.34.68 - - [26/Jul/2019:19:40:32 +0000] "GET /get-a-quote HTTP/1.1" 200 3819 "https://www.cheapridetransfers.com/" "Mozilla/5.0 (iPhone; CPU iPhone OS 12_4 like Mac OS X) AppleWebKit/605.1.15 (KHTML, like Gecko) Version/12.1.2 Mobile/15E148 Safari/604.1"
162.158.34.68 - - [26/Jul/2019:19:40:57 +0000] "GET /search?start_location=Hotel+Punta%2C+vodice+&end_location=Split+airport&date=31.07.2019 HTTP/1.1" 302 428 "https://www.cheapridetransfers.com/get-a-quote" "Mozilla/5.0 (iPhone; CPU iPhone OS 12_4 like Mac OS X) AppleWebKit/605.1.15 (KHTML, like Gecko) Version/12.1.2 Mobile/15E148 Safari/604.1"
162.158.34.68 - - [26/Jul/2019:19:40:58 +0000] "GET /get-a-quote HTTP/1.1" 200 3819 "https://www.cheapridetransfers.com/get-a-quote" "Mozilla/5.0 (iPhone; CPU iPhone OS 12_4 like Mac OS X) AppleWebKit/605.1.15 (KHTML, like Gecko) Version/12.1.2 Mobile/15E148 Safari/604.1"
108.162.229.58 - - [26/Jul/2019:19:45:20 +0000] "GET /en/taxi-transfer/brist/gradac HTTP/1.1" 200 7631 "-" "Mozilla/5.0 (compatible; AhrefsBot/6.1; +http://ahrefs.com/robot/)"
108.162.229.104 - - [26/Jul/2019:19:46:18 +0000] "GET /hr/destinacije/ernestinovo HTTP/1.1" 200 4029 "-" "Mozilla/5.0 (compatible; AhrefsBot/6.1; +http://ahrefs.com/robot/)"
141.101.104.235 - - [26/Jul/2019:19:47:51 +0000] "GET /en/destinations/konjsko-brdo HTTP/1.1" 200 3961 "-" "Mozilla/5.0 (compatible; AhrefsBot/6.1; +http://ahrefs.com/robot/)"
172.69.234.132 - - [26/Jul/2019:19:50:05 +0000] "GET / HTTP/1.1" 200 4688 "-" "FreeWebMonitoring SiteChecker/0.2 (+https://www.freewebmonitoring.com/bot.html)"
108.162.229.168 - - [26/Jul/2019:19:52:42 +0000] "GET /en/taxi-transfer/drvenik/promajna HTTP/1.1" 200 7635 "-" "Mozilla/5.0 (compatible; AhrefsBot/6.1; +http://ahrefs.com/robot/)"
108.162.229.212 - - [26/Jul/2019:19:56:21 +0000] "GET /hr/destinations/sveti-jakov-losinj HTTP/1.1" 302 516 "-" "Mozilla/5.0 (compatible; AhrefsBot/6.1; +http://ahrefs.com/robot/)"
108.162.229.218 - - [26/Jul/2019:19:56:31 +0000] "GET /en/taxi-transfer/podaca/split-airport HTTP/1.1" 200 8092 "-" "Mozilla/5.0 (compatible; AhrefsBot/6.1; +http://ahrefs.com/robot/)"
108.162.241.4 - - [26/Jul/2019:20:04:16 +0000] "GET /taxi-transfer/baska-voda/podaca HTTP/1.1" 200 7656 "-" "Mozilla/5.0 (compatible; SemrushBot/3~bl; +http://www.semrush.com/bot.html)"
141.101.69.67 - - [26/Jul/2019:20:04:35 +0000] "GET /en/destinations/broce HTTP/1.1" 200 3947 "-" "Mozilla/5.0 (compatible; AhrefsBot/6.1; +http://ahrefs.com/robot/)"
141.101.77.126 - - [26/Jul/2019:20:05:25 +0000] "GET /en/taxi-transfer/podaca/dubrovnik-airport HTTP/1.1" 200 7948 "-" "Mozilla/5.0 (compatible; AhrefsBot/6.1; +http://ahrefs.com/robot/)"
141.101.69.67 - - [26/Jul/2019:20:08:27 +0000] "GET /en/destinations/ist-ist HTTP/1.1" 200 3953 "-" "Mozilla/5.0 (compatible; AhrefsBot/6.1; +http://ahrefs.com/robot/)"
108.162.229.104 - - [26/Jul/2019:20:09:43 +0000] "GET /hr/destinacije/dobropoljana-pasman HTTP/1.1" 200 4051 "-" "Mozilla/5.0 (compatible; AhrefsBot/6.1; +http://ahrefs.com/robot/)"
172.68.174.44 - - [26/Jul/2019:20:10:44 +0000] "GET /destinations/brela HTTP/1.1" 200 4609 "-" "Mozilla/5.0 (compatible; DotBot/1.1; http://www.opensiteexplorer.org/dotbot, help@moz.com)"
172.68.174.110 - - [26/Jul/2019:20:10:49 +0000] "GET /destinations/cabar HTTP/1.1" 200 3947 "-" "Mozilla/5.0 (compatible; DotBot/1.1; http://www.opensiteexplorer.org/dotbot, help@moz.com)"
172.68.174.32 - - [26/Jul/2019:20:10:54 +0000] "GET /destinations/milna-vis HTTP/1.1" 200 3951 "-" "Mozilla/5.0 (compatible; DotBot/1.1; http://www.opensiteexplorer.org/dotbot, help@moz.com)"
172.68.174.32 - - [26/Jul/2019:20:10:58 +0000] "GET /destinations/runovici HTTP/1.1" 200 3953 "-" "Mozilla/5.0 (compatible; DotBot/1.1; http://www.opensiteexplorer.org/dotbot, help@moz.com)"
172.68.174.32 - - [26/Jul/2019:20:11:02 +0000] "GET /destinations/velika-popina HTTP/1.1" 200 3955 "-" "Mozilla/5.0 (compatible; DotBot/1.1; http://www.opensiteexplorer.org/dotbot, help@moz.com)"
172.68.174.110 - - [26/Jul/2019:20:11:03 +0000] "GET /destinations/zedno-ciovo HTTP/1.1" 200 4027 "-" "Mozilla/5.0 (compatible; DotBot/1.1; http://www.opensiteexplorer.org/dotbot, help@moz.com)"
172.68.174.32 - - [26/Jul/2019:20:11:23 +0000] "GET /destinations/pasadur-lastovo HTTP/1.1" 200 3959 "-" "Mozilla/5.0 (compatible; DotBot/1.1; http://www.opensiteexplorer.org/dotbot, help@moz.com)"
162.158.111.65 - - [26/Jul/2019:20:15:15 +0000] "GET /destinations/selnica HTTP/1.1" 200 3944 "-" "Mozilla/5.0 (compatible; AhrefsBot/6.1; +http://ahrefs.com/robot/)"
141.101.104.9 - - [26/Jul/2019:20:18:50 +0000] "GET /taxi-transfer/pakostane/zadar-airport HTTP/1.1" 200 7953 "-" "Mozilla/5.0 (compatible; AhrefsBot/6.1; +http://ahrefs.com/robot/)"
172.69.160.148 - - [26/Jul/2019:20:19:11 +0000] "GET /hr/izleti/izlet-split HTTP/1.1" 200 5548 "-" "Mozilla/5.0 (compatible; YandexBot/3.0; +http://yandex.com/bots)"
141.101.104.9 - - [26/Jul/2019:20:23:10 +0000] "GET /destinations/promajna HTTP/1.1" 200 4574 "-" "Mozilla/5.0 (compatible; AhrefsBot/6.1; +http://ahrefs.com/robot/)"
108.162.241.252 - - [26/Jul/2019:20:24:16 +0000] "GET /hr/taksi-transfer/zaton-nin/split-airport HTTP/1.1" 200 8165 "-" "Mozilla/5.0 (compatible; Googlebot/2.1; +http://www.google.com/bot.html)"
172.68.222.98 - - [26/Jul/2019:20:24:52 +0000] "GET /uploads/images/561aa874006f6f1a1ace98e330a3a6e3.jpg HTTP/1.1" 200 263795 "https://www.google.com/blank.html" "Mozilla/5.0 (Linux; Android 8.1.0; SM-J610FN Build/M1AJQ; wv) AppleWebKit/537.36 (KHTML, like Gecko) Version/4.0 Chrome/75.0.3770.143 Mobile Safari/537.36 GSA/10.24.6.21.arm"
141.101.69.7 - - [26/Jul/2019:20:25:41 +0000] "GET /en/taxi-transfer/split-airport/drasnice HTTP/1.1" 200 8142 "-" "Mozilla/5.0 (compatible; AhrefsBot/6.1; +http://ahrefs.com/robot/)"
172.69.55.134 - - [26/Jul/2019:20:26:39 +0000] "GET /en/taxi-transfer/split-airport/grude-bih HTTP/1.1" 200 7961 "-" "Mozilla/5.0 (compatible; AhrefsBot/6.1; +http://ahrefs.com/robot/)"
108.162.229.20 - - [26/Jul/2019:20:27:40 +0000] "GET /en/taxi-transfer/split-airport/katuni HTTP/1.1" 200 7928 "-" "Mozilla/5.0 (compatible; AhrefsBot/6.1; +http://ahrefs.com/robot/)"
172.68.222.32 - - [26/Jul/2019:20:28:04 +0000] "GET /hr/destinacije/zadvarje HTTP/1.1" 200 4029 "https://www.google.com/" "Mozilla/5.0 (iPhone; CPU iPhone OS 12_3 like Mac OS X) AppleWebKit/605.1.15 (KHTML, like Gecko) GSA/78.0.257670029 Mobile/15E148 Safari/605.1"
172.68.222.32 - - [26/Jul/2019:20:28:18 +0000] "POST /startlocation HTTP/1.1" 200 178 "https://www.cheapridetransfers.com/hr/destinacije/zadvarje" "Mozilla/5.0 (iPhone; CPU iPhone OS 12_3 like Mac OS X) AppleWebKit/605.1.15 (KHTML, like Gecko) GSA/78.0.257670029 Mobile/15E148 Safari/605.1"
172.68.222.32 - - [26/Jul/2019:20:28:18 +0000] "POST /startlocation HTTP/1.1" 200 33 "https://www.cheapridetransfers.com/hr/destinacije/zadvarje" "Mozilla/5.0 (iPhone; CPU iPhone OS 12_3 like Mac OS X) AppleWebKit/605.1.15 (KHTML, like Gecko) GSA/78.0.257670029 Mobile/15E148 Safari/605.1"
172.68.222.32 - - [26/Jul/2019:20:28:20 +0000] "POST /startlocation HTTP/1.1" 200 33 "https://www.cheapridetransfers.com/hr/destinacije/zadvarje" "Mozilla/5.0 (iPhone; CPU iPhone OS 12_3 like Mac OS X) AppleWebKit/605.1.15 (KHTML, like Gecko) GSA/78.0.257670029 Mobile/15E148 Safari/605.1"
172.68.222.32 - - [26/Jul/2019:20:28:20 +0000] "POST /startlocation HTTP/1.1" 200 33 "https://www.cheapridetransfers.com/hr/destinacije/zadvarje" "Mozilla/5.0 (iPhone; CPU iPhone OS 12_3 like Mac OS X) AppleWebKit/605.1.15 (KHTML, like Gecko) GSA/78.0.257670029 Mobile/15E148 Safari/605.1"
172.68.222.32 - - [26/Jul/2019:20:28:21 +0000] "POST /startlocation HTTP/1.1" 200 33 "https://www.cheapridetransfers.com/hr/destinacije/zadvarje" "Mozilla/5.0 (iPhone; CPU iPhone OS 12_3 like Mac OS X) AppleWebKit/605.1.15 (KHTML, like Gecko) GSA/78.0.257670029 Mobile/15E148 Safari/605.1"
172.68.222.32 - - [26/Jul/2019:20:28:26 +0000] "POST /endlocation HTTP/1.1" 200 79 "https://www.cheapridetransfers.com/hr/destinacije/zadvarje" "Mozilla/5.0 (iPhone; CPU iPhone OS 12_3 like Mac OS X) AppleWebKit/605.1.15 (KHTML, like Gecko) GSA/78.0.257670029 Mobile/15E148 Safari/605.1"
172.68.222.32 - - [26/Jul/2019:20:28:27 +0000] "POST /endlocation HTTP/1.1" 200 2 "https://www.cheapridetransfers.com/hr/destinacije/zadvarje" "Mozilla/5.0 (iPhone; CPU iPhone OS 12_3 like Mac OS X) AppleWebKit/605.1.15 (KHTML, like Gecko) GSA/78.0.257670029 Mobile/15E148 Safari/605.1"
172.68.222.32 - - [26/Jul/2019:20:28:28 +0000] "POST /endlocation HTTP/1.1" 200 79 "https://www.cheapridetransfers.com/hr/destinacije/zadvarje" "Mozilla/5.0 (iPhone; CPU iPhone OS 12_3 like Mac OS X) AppleWebKit/605.1.15 (KHTML, like Gecko) GSA/78.0.257670029 Mobile/15E148 Safari/605.1"
172.68.222.32 - - [26/Jul/2019:20:28:48 +0000] "GET /hr/pretraga?start_location=Zadvarje&end_location=Makarska&date=26.07.2019 HTTP/1.1" 302 524 "https://www.cheapridetransfers.com/hr/destinacije/zadvarje" "Mozilla/5.0 (iPhone; CPU iPhone OS 12_3 like Mac OS X) AppleWebKit/605.1.15 (KHTML, like Gecko) GSA/78.0.257670029 Mobile/15E148 Safari/605.1"
172.68.222.32 - - [26/Jul/2019:20:28:48 +0000] "GET /hr/taksi-transfer/zadvarje/makarska HTTP/1.1" 302 460 "https://www.cheapridetransfers.com/hr/destinacije/zadvarje" "Mozilla/5.0 (iPhone; CPU iPhone OS 12_3 like Mac OS X) AppleWebKit/605.1.15 (KHTML, like Gecko) GSA/78.0.257670029 Mobile/15E148 Safari/605.1"
172.68.222.32 - - [26/Jul/2019:20:28:48 +0000] "GET /hr/zatrazite-ponudu HTTP/1.1" 200 3888 "https://www.cheapridetransfers.com/hr/destinacije/zadvarje" "Mozilla/5.0 (iPhone; CPU iPhone OS 12_3 like Mac OS X) AppleWebKit/605.1.15 (KHTML, like Gecko) GSA/78.0.257670029 Mobile/15E148 Safari/605.1"
172.68.222.32 - - [26/Jul/2019:20:28:59 +0000] "GET /hr/pretraga?start_location=Zadvarje&end_location=Makarska&date=26.07.2019 HTTP/1.1" 302 524 "https://www.cheapridetransfers.com/hr/zatrazite-ponudu" "Mozilla/5.0 (iPhone; CPU iPhone OS 12_3 like Mac OS X) AppleWebKit/605.1.15 (KHTML, like Gecko) GSA/78.0.257670029 Mobile/15E148 Safari/605.1"
172.68.222.32 - - [26/Jul/2019:20:28:59 +0000] "GET /hr/taksi-transfer/zadvarje/makarska HTTP/1.1" 302 460 "https://www.cheapridetransfers.com/hr/zatrazite-ponudu" "Mozilla/5.0 (iPhone; CPU iPhone OS 12_3 like Mac OS X) AppleWebKit/605.1.15 (KHTML, like Gecko) GSA/78.0.257670029 Mobile/15E148 Safari/605.1"
172.68.222.32 - - [26/Jul/2019:20:28:59 +0000] "GET /hr/zatrazite-ponudu HTTP/1.1" 200 3888 "https://www.cheapridetransfers.com/hr/zatrazite-ponudu" "Mozilla/5.0 (iPhone; CPU iPhone OS 12_3 like Mac OS X) AppleWebKit/605.1.15 (KHTML, like Gecko) GSA/78.0.257670029 Mobile/15E148 Safari/605.1"
172.68.222.32 - - [26/Jul/2019:20:29:05 +0000] "GET /hr/pretraga?start_location=Zadvarje&end_location=Makarska&date=26.07.2019 HTTP/1.1" 302 524 "https://www.cheapridetransfers.com/hr/zatrazite-ponudu" "Mozilla/5.0 (iPhone; CPU iPhone OS 12_3 like Mac OS X) AppleWebKit/605.1.15 (KHTML, like Gecko) GSA/78.0.257670029 Mobile/15E148 Safari/605.1"
172.68.222.32 - - [26/Jul/2019:20:29:06 +0000] "GET /hr/taksi-transfer/zadvarje/makarska HTTP/1.1" 302 460 "https://www.cheapridetransfers.com/hr/zatrazite-ponudu" "Mozilla/5.0 (iPhone; CPU iPhone OS 12_3 like Mac OS X) AppleWebKit/605.1.15 (KHTML, like Gecko) GSA/78.0.257670029 Mobile/15E148 Safari/605.1"
172.68.222.32 - - [26/Jul/2019:20:29:06 +0000] "GET /hr/zatrazite-ponudu HTTP/1.1" 200 3888 "https://www.cheapridetransfers.com/hr/zatrazite-ponudu" "Mozilla/5.0 (iPhone; CPU iPhone OS 12_3 like Mac OS X) AppleWebKit/605.1.15 (KHTML, like Gecko) GSA/78.0.257670029 Mobile/15E148 Safari/605.1"
141.101.69.67 - - [26/Jul/2019:20:34:44 +0000] "GET /hr/destinacije/obrs HTTP/1.1" 200 4031 "-" "Mozilla/5.0 (compatible; AhrefsBot/6.1; +http://ahrefs.com/robot/)"
108.162.241.214 - - [26/Jul/2019:20:37:53 +0000] "GET /hr/destinacije/split-airport HTTP/1.1" 200 8700 "-" "Mozilla/5.0 (compatible; SemrushBot/3~bl; +http://www.semrush.com/bot.html)"
108.162.229.58 - - [26/Jul/2019:20:38:29 +0000] "GET /destinations/crni-dabar HTTP/1.1" 200 3951 "-" "Mozilla/5.0 (compatible; AhrefsBot/6.1; +http://ahrefs.com/robot/)"
141.101.104.179 - - [26/Jul/2019:20:40:07 +0000] "GET /destinations/sveti-martin-na-muri HTTP/1.1" 200 3968 "-" "Mozilla/5.0 (compatible; AhrefsBot/6.1; +http://ahrefs.com/robot/)"
108.162.229.168 - - [26/Jul/2019:20:42:09 +0000] "GET /destinations/krivi-put HTTP/1.1" 200 3950 "-" "Mozilla/5.0 (compatible; AhrefsBot/6.1; +http://ahrefs.com/robot/)"
108.162.229.218 - - [26/Jul/2019:20:46:17 +0000] "GET /en/taxi-transfer/split-airport/zagreb HTTP/1.1" 200 8118 "-" "Mozilla/5.0 (compatible; AhrefsBot/6.1; +http://ahrefs.com/robot/)"
162.158.146.62 - - [26/Jul/2019:20:47:59 +0000] "GET /destinations/sarajevo-airport-bih HTTP/1.1" 200 3971 "-" "Mozilla/5.0 (compatible; bingbot/2.0; +http://www.bing.com/bingbot.htm)"
141.101.69.67 - - [26/Jul/2019:20:50:50 +0000] "GET /taxi-transfer/brist/drvenik HTTP/1.1" 200 7635 "-" "Mozilla/5.0 (compatible; AhrefsBot/6.1; +http://ahrefs.com/robot/)"
172.69.234.140 - - [26/Jul/2019:20:51:31 +0000] "GET / HTTP/1.1" 200 4688 "-" "FreeWebMonitoring SiteChecker/0.2 (+https://www.freewebmonitoring.com/bot.html)"
141.101.76.80 - - [26/Jul/2019:20:52:01 +0000] "GET /en/destinations/promajna HTTP/1.1" 200 4577 "-" "Mozilla/5.0 (compatible; AhrefsBot/6.1; +http://ahrefs.com/robot/)"
172.68.174.110 - - [26/Jul/2019:20:53:56 +0000] "GET /destinations/galovac HTTP/1.1" 200 3944 "-" "Mozilla/5.0 (compatible; DotBot/1.1; http://www.opensiteexplorer.org/dotbot, help@moz.com)"
172.68.174.110 - - [26/Jul/2019:20:54:01 +0000] "GET /destinations/krneza HTTP/1.1" 200 3944 "-" "Mozilla/5.0 (compatible; DotBot/1.1; http://www.opensiteexplorer.org/dotbot, help@moz.com)"
172.68.174.110 - - [26/Jul/2019:20:54:06 +0000] "GET /destinations/plesce HTTP/1.1" 200 3962 "-" "Mozilla/5.0 (compatible; DotBot/1.1; http://www.opensiteexplorer.org/dotbot, help@moz.com)"
172.68.174.110 - - [26/Jul/2019:20:54:11 +0000] "GET /destinations/radasinovci HTTP/1.1" 200 3969 "-" "Mozilla/5.0 (compatible; DotBot/1.1; http://www.opensiteexplorer.org/dotbot, help@moz.com)"
172.68.174.32 - - [26/Jul/2019:20:54:14 +0000] "GET /destinations/sveti-lovrec HTTP/1.1" 200 3961 "-" "Mozilla/5.0 (compatible; DotBot/1.1; http://www.opensiteexplorer.org/dotbot, help@moz.com)"
172.68.174.44 - - [26/Jul/2019:20:54:55 +0000] "GET /destinations/kastel-gomilica HTTP/1.1" 200 3976 "-" "Mozilla/5.0 (compatible; DotBot/1.1; http://www.opensiteexplorer.org/dotbot, help@moz.com)"
172.68.174.110 - - [26/Jul/2019:20:55:01 +0000] "GET /destinations/podgradina-posedarje HTTP/1.1" 200 3967 "-" "Mozilla/5.0 (compatible; DotBot/1.1; http://www.opensiteexplorer.org/dotbot, help@moz.com)"
172.68.10.242 - - [26/Jul/2019:20:55:25 +0000] "GET /favicon.ico HTTP/1.1" 200 15086 "-" "Mozilla/5.0 (compatible; YandexBot/3.0; +http://yandex.com/bots)"
172.68.222.32 - - [26/Jul/2019:20:58:44 +0000] "GET /hr/taxi HTTP/1.1" 200 4770 "https://www.google.com/" "Mozilla/5.0 (Linux; Android 8.0.0; SM-J600FN) AppleWebKit/537.36 (KHTML, like Gecko) Chrome/75.0.3770.143 Mobile Safari/537.36"
172.68.222.32 - - [26/Jul/2019:20:58:48 +0000] "GET /site.webmanifest HTTP/1.1" 200 426 "https://www.cheapridetransfers.com/hr/taxi" "Mozilla/5.0 (Linux; Android 8.0.0; SM-J600FN) AppleWebKit/537.36 (KHTML, like Gecko) Chrome/75.0.3770.143 Mobile Safari/537.36"
172.68.222.32 - - [26/Jul/2019:20:58:55 +0000] "POST /endlocation HTTP/1.1" 200 2 "https://www.cheapridetransfers.com/hr/taxi" "Mozilla/5.0 (Linux; Android 8.0.0; SM-J600FN) AppleWebKit/537.36 (KHTML, like Gecko) Chrome/75.0.3770.143 Mobile Safari/537.36"
172.68.222.32 - - [26/Jul/2019:20:58:55 +0000] "POST /endlocation HTTP/1.1" 200 2 "https://www.cheapridetransfers.com/hr/taxi" "Mozilla/5.0 (Linux; Android 8.0.0; SM-J600FN) AppleWebKit/537.36 (KHTML, like Gecko) Chrome/75.0.3770.143 Mobile Safari/537.36"
172.68.222.32 - - [26/Jul/2019:20:58:56 +0000] "POST /endlocation HTTP/1.1" 200 2 "https://www.cheapridetransfers.com/hr/taxi" "Mozilla/5.0 (Linux; Android 8.0.0; SM-J600FN) AppleWebKit/537.36 (KHTML, like Gecko) Chrome/75.0.3770.143 Mobile Safari/537.36"
172.68.222.32 - - [26/Jul/2019:20:58:57 +0000] "POST /endlocation HTTP/1.1" 200 2 "https://www.cheapridetransfers.com/hr/taxi" "Mozilla/5.0 (Linux; Android 8.0.0; SM-J600FN) AppleWebKit/537.36 (KHTML, like Gecko) Chrome/75.0.3770.143 Mobile Safari/537.36"
162.158.111.95 - - [26/Jul/2019:21:01:44 +0000] "GET /hr/destinations/donji-kukuruzari HTTP/1.1" 302 508 "-" "Mozilla/5.0 (compatible; AhrefsBot/6.1; +http://ahrefs.com/robot/)"
108.162.229.20 - - [26/Jul/2019:21:04:19 +0000] "GET /destinations/cepin HTTP/1.1" 200 3963 "-" "Mozilla/5.0 (compatible; AhrefsBot/6.1; +http://ahrefs.com/robot/)"
172.68.222.32 - - [26/Jul/2019:21:05:10 +0000] "GET /hr/destinacije/lopar-rab HTTP/1.1" 200 4035 "-" "Mozilla/5.0 (Linux; Android 9; SM-A600FN) AppleWebKit/537.36 (KHTML, like Gecko) Chrome/75.0.3770.101 Mobile Safari/537.36"
172.68.222.44 - - [26/Jul/2019:21:05:13 +0000] "GET /site.webmanifest HTTP/1.1" 200 426 "https://www.cheapridetransfers.com/hr/destinacije/lopar-rab" "Mozilla/5.0 (Linux; Android 9; SM-A600FN) AppleWebKit/537.36 (KHTML, like Gecko) Chrome/75.0.3770.101 Mobile Safari/537.36"
108.162.229.36 - - [26/Jul/2019:21:05:25 +0000] "GET /en/destinations/novska HTTP/1.1" 200 3950 "-" "Mozilla/5.0 (compatible; AhrefsBot/6.1; +http://ahrefs.com/robot/)"
172.68.222.32 - - [26/Jul/2019:21:05:34 +0000] "POST /startlocation HTTP/1.1" 200 152 "https://www.cheapridetransfers.com/hr/destinacije/lopar-rab" "Mozilla/5.0 (Linux; Android 9; SM-A600FN) AppleWebKit/537.36 (KHTML, like Gecko) Chrome/75.0.3770.101 Mobile Safari/537.36"
172.68.222.32 - - [26/Jul/2019:21:05:35 +0000] "POST /startlocation HTTP/1.1" 200 117 "https://www.cheapridetransfers.com/hr/destinacije/lopar-rab" "Mozilla/5.0 (Linux; Android 9; SM-A600FN) AppleWebKit/537.36 (KHTML, like Gecko) Chrome/75.0.3770.101 Mobile Safari/537.36"
172.68.222.32 - - [26/Jul/2019:21:05:44 +0000] "POST /startlocation HTTP/1.1" 200 36 "https://www.cheapridetransfers.com/hr/destinacije/lopar-rab" "Mozilla/5.0 (Linux; Android 9; SM-A600FN) AppleWebKit/537.36 (KHTML, like Gecko) Chrome/75.0.3770.101 Mobile Safari/537.36"
172.68.222.32 - - [26/Jul/2019:21:06:30 +0000] "POST /endlocation HTTP/1.1" 200 454 "https://www.cheapridetransfers.com/hr/destinacije/lopar-rab" "Mozilla/5.0 (Linux; Android 9; SM-A600FN) AppleWebKit/537.36 (KHTML, like Gecko) Chrome/75.0.3770.101 Mobile Safari/537.36"
108.162.229.218 - - [26/Jul/2019:21:06:38 +0000] "GET /en/taxi-transfer/dubrovnik-airport/drvenik HTTP/1.1" 200 7961 "-" "Mozilla/5.0 (compatible; AhrefsBot/6.1; +http://ahrefs.com/robot/)"
172.68.222.32 - - [26/Jul/2019:21:06:39 +0000] "POST /endlocation HTTP/1.1" 200 2 "https://www.cheapridetransfers.com/hr/destinacije/lopar-rab" "Mozilla/5.0 (Linux; Android 9; SM-A600FN) AppleWebKit/537.36 (KHTML, like Gecko) Chrome/75.0.3770.101 Mobile Safari/537.36"
172.68.222.32 - - [26/Jul/2019:21:06:52 +0000] "POST /endlocation HTTP/1.1" 200 2 "https://www.cheapridetransfers.com/hr/destinacije/lopar-rab" "Mozilla/5.0 (Linux; Android 9; SM-A600FN) AppleWebKit/537.36 (KHTML, like Gecko) Chrome/75.0.3770.101 Mobile Safari/537.36"
172.68.222.32 - - [26/Jul/2019:21:07:00 +0000] "POST /endlocation HTTP/1.1" 200 2 "https://www.cheapridetransfers.com/hr/destinacije/lopar-rab" "Mozilla/5.0 (Linux; Android 9; SM-A600FN) AppleWebKit/537.36 (KHTML, like Gecko) Chrome/75.0.3770.101 Mobile Safari/537.36"
172.68.222.32 - - [26/Jul/2019:21:07:02 +0000] "POST /endlocation HTTP/1.1" 200 2 "https://www.cheapridetransfers.com/hr/destinacije/lopar-rab" "Mozilla/5.0 (Linux; Android 9; SM-A600FN) AppleWebKit/537.36 (KHTML, like Gecko) Chrome/75.0.3770.101 Mobile Safari/537.36"
172.68.222.32 - - [26/Jul/2019:21:07:12 +0000] "POST /endlocation HTTP/1.1" 200 2 "https://www.cheapridetransfers.com/hr/destinacije/lopar-rab" "Mozilla/5.0 (Linux; Android 9; SM-A600FN) AppleWebKit/537.36 (KHTML, like Gecko) Chrome/75.0.3770.101 Mobile Safari/537.36"
172.68.222.32 - - [26/Jul/2019:21:07:14 +0000] "POST /endlocation HTTP/1.1" 200 2 "https://www.cheapridetransfers.com/hr/destinacije/lopar-rab" "Mozilla/5.0 (Linux; Android 9; SM-A600FN) AppleWebKit/537.36 (KHTML, like Gecko) Chrome/75.0.3770.101 Mobile Safari/537.36"
172.68.222.32 - - [26/Jul/2019:21:07:15 +0000] "POST /endlocation HTTP/1.1" 200 2 "https://www.cheapridetransfers.com/hr/destinacije/lopar-rab" "Mozilla/5.0 (Linux; Android 9; SM-A600FN) AppleWebKit/537.36 (KHTML, like Gecko) Chrome/75.0.3770.101 Mobile Safari/537.36"
172.68.222.32 - - [26/Jul/2019:21:07:23 +0000] "POST /endlocation HTTP/1.1" 200 2 "https://www.cheapridetransfers.com/hr/destinacije/lopar-rab" "Mozilla/5.0 (Linux; Android 9; SM-A600FN) AppleWebKit/537.36 (KHTML, like Gecko) Chrome/75.0.3770.101 Mobile Safari/537.36"
172.68.222.32 - - [26/Jul/2019:21:07:25 +0000] "POST /endlocation HTTP/1.1" 200 2 "https://www.cheapridetransfers.com/hr/destinacije/lopar-rab" "Mozilla/5.0 (Linux; Android 9; SM-A600FN) AppleWebKit/537.36 (KHTML, like Gecko) Chrome/75.0.3770.101 Mobile Safari/537.36"
172.68.222.32 - - [26/Jul/2019:21:07:31 +0000] "POST /endlocation HTTP/1.1" 200 2 "https://www.cheapridetransfers.com/hr/destinacije/lopar-rab" "Mozilla/5.0 (Linux; Android 9; SM-A600FN) AppleWebKit/537.36 (KHTML, like Gecko) Chrome/75.0.3770.101 Mobile Safari/537.36"
172.68.222.32 - - [26/Jul/2019:21:07:35 +0000] "POST /endlocation HTTP/1.1" 200 2 "https://www.cheapridetransfers.com/hr/destinacije/lopar-rab" "Mozilla/5.0 (Linux; Android 9; SM-A600FN) AppleWebKit/537.36 (KHTML, like Gecko) Chrome/75.0.3770.101 Mobile Safari/537.36"
172.68.222.32 - - [26/Jul/2019:21:07:39 +0000] "POST /endlocation HTTP/1.1" 200 2 "https://www.cheapridetransfers.com/hr/destinacije/lopar-rab" "Mozilla/5.0 (Linux; Android 9; SM-A600FN) AppleWebKit/537.36 (KHTML, like Gecko) Chrome/75.0.3770.101 Mobile Safari/537.36"
172.68.222.32 - - [26/Jul/2019:21:07:42 +0000] "POST /endlocation HTTP/1.1" 200 2 "https://www.cheapridetransfers.com/hr/destinacije/lopar-rab" "Mozilla/5.0 (Linux; Android 9; SM-A600FN) AppleWebKit/537.36 (KHTML, like Gecko) Chrome/75.0.3770.101 Mobile Safari/537.36"
172.68.222.32 - - [26/Jul/2019:21:07:43 +0000] "POST /endlocation HTTP/1.1" 200 2 "https://www.cheapridetransfers.com/hr/destinacije/lopar-rab" "Mozilla/5.0 (Linux; Android 9; SM-A600FN) AppleWebKit/537.36 (KHTML, like Gecko) Chrome/75.0.3770.101 Mobile Safari/537.36"
172.68.222.32 - - [26/Jul/2019:21:07:50 +0000] "POST /endlocation HTTP/1.1" 200 2 "https://www.cheapridetransfers.com/hr/destinacije/lopar-rab" "Mozilla/5.0 (Linux; Android 9; SM-A600FN) AppleWebKit/537.36 (KHTML, like Gecko) Chrome/75.0.3770.101 Mobile Safari/537.36"
172.68.222.32 - - [26/Jul/2019:21:07:50 +0000] "POST /endlocation HTTP/1.1" 200 2 "https://www.cheapridetransfers.com/hr/destinacije/lopar-rab" "Mozilla/5.0 (Linux; Android 9; SM-A600FN) AppleWebKit/537.36 (KHTML, like Gecko) Chrome/75.0.3770.101 Mobile Safari/537.36"
172.68.222.32 - - [26/Jul/2019:21:07:52 +0000] "POST /endlocation HTTP/1.1" 200 2 "https://www.cheapridetransfers.com/hr/destinacije/lopar-rab" "Mozilla/5.0 (Linux; Android 9; SM-A600FN) AppleWebKit/537.36 (KHTML, like Gecko) Chrome/75.0.3770.101 Mobile Safari/537.36"
172.68.222.32 - - [26/Jul/2019:21:07:56 +0000] "POST /endlocation HTTP/1.1" 200 2 "https://www.cheapridetransfers.com/hr/destinacije/lopar-rab" "Mozilla/5.0 (Linux; Android 9; SM-A600FN) AppleWebKit/537.36 (KHTML, like Gecko) Chrome/75.0.3770.101 Mobile Safari/537.36"
172.68.222.32 - - [26/Jul/2019:21:07:59 +0000] "POST /endlocation HTTP/1.1" 200 2 "https://www.cheapridetransfers.com/hr/destinacije/lopar-rab" "Mozilla/5.0 (Linux; Android 9; SM-A600FN) AppleWebKit/537.36 (KHTML, like Gecko) Chrome/75.0.3770.101 Mobile Safari/537.36"
172.68.222.32 - - [26/Jul/2019:21:08:00 +0000] "POST /endlocation HTTP/1.1" 200 2 "https://www.cheapridetransfers.com/hr/destinacije/lopar-rab" "Mozilla/5.0 (Linux; Android 9; SM-A600FN) AppleWebKit/537.36 (KHTML, like Gecko) Chrome/75.0.3770.101 Mobile Safari/537.36"
172.68.222.32 - - [26/Jul/2019:21:08:06 +0000] "GET /hr/taxi HTTP/1.1" 200 4770 "https://www.google.com/" "Mozilla/5.0 (iPhone; CPU iPhone OS 12_3 like Mac OS X) AppleWebKit/605.1.15 (KHTML, like Gecko) CriOS/75.0.3770.103 Mobile/15E148 Safari/605.1"
172.68.222.32 - - [26/Jul/2019:21:08:17 +0000] "POST /startlocation HTTP/1.1" 200 2 "https://www.cheapridetransfers.com/hr/taxi" "Mozilla/5.0 (iPhone; CPU iPhone OS 12_3 like Mac OS X) AppleWebKit/605.1.15 (KHTML, like Gecko) CriOS/75.0.3770.103 Mobile/15E148 Safari/605.1"
172.68.222.32 - - [26/Jul/2019:21:08:18 +0000] "POST /startlocation HTTP/1.1" 200 2 "https://www.cheapridetransfers.com/hr/taxi" "Mozilla/5.0 (iPhone; CPU iPhone OS 12_3 like Mac OS X) AppleWebKit/605.1.15 (KHTML, like Gecko) CriOS/75.0.3770.103 Mobile/15E148 Safari/605.1"
172.68.222.32 - - [26/Jul/2019:21:08:19 +0000] "POST /startlocation HTTP/1.1" 200 2 "https://www.cheapridetransfers.com/hr/taxi" "Mozilla/5.0 (iPhone; CPU iPhone OS 12_3 like Mac OS X) AppleWebKit/605.1.15 (KHTML, like Gecko) CriOS/75.0.3770.103 Mobile/15E148 Safari/605.1"
172.68.222.32 - - [26/Jul/2019:21:08:24 +0000] "POST /endlocation HTTP/1.1" 200 2 "https://www.cheapridetransfers.com/hr/taxi" "Mozilla/5.0 (iPhone; CPU iPhone OS 12_3 like Mac OS X) AppleWebKit/605.1.15 (KHTML, like Gecko) CriOS/75.0.3770.103 Mobile/15E148 Safari/605.1"
172.68.222.32 - - [26/Jul/2019:21:08:25 +0000] "POST /endlocation HTTP/1.1" 200 2 "https://www.cheapridetransfers.com/hr/taxi" "Mozilla/5.0 (iPhone; CPU iPhone OS 12_3 like Mac OS X) AppleWebKit/605.1.15 (KHTML, like Gecko) CriOS/75.0.3770.103 Mobile/15E148 Safari/605.1"
172.68.222.32 - - [26/Jul/2019:21:08:26 +0000] "GET /hr/pretraga?start_location=Restoran+bura&end_location=Kaufland&date= HTTP/1.1" 302 460 "https://www.cheapridetransfers.com/hr/taxi" "Mozilla/5.0 (iPhone; CPU iPhone OS 12_3 like Mac OS X) AppleWebKit/605.1.15 (KHTML, like Gecko) CriOS/75.0.3770.103 Mobile/15E148 Safari/605.1"
172.68.222.32 - - [26/Jul/2019:21:08:26 +0000] "GET /hr/zatrazite-ponudu HTTP/1.1" 200 3881 "https://www.cheapridetransfers.com/hr/taxi" "Mozilla/5.0 (iPhone; CPU iPhone OS 12_3 like Mac OS X) AppleWebKit/605.1.15 (KHTML, like Gecko) CriOS/75.0.3770.103 Mobile/15E148 Safari/605.1"
141.101.69.7 - - [26/Jul/2019:21:12:06 +0000] "GET /destinations/zagreb HTTP/1.1" 200 4260 "-" "Mozilla/5.0 (compatible; AhrefsBot/6.1; +http://ahrefs.com/robot/)"
108.162.241.130 - - [26/Jul/2019:21:16:55 +0000] "GET /taxi-transfer/zaostrog/podgora HTTP/1.1" 200 7635 "-" "Mozilla/5.0 (compatible; SemrushBot/3~bl; +http://www.semrush.com/bot.html)"
108.162.229.212 - - [26/Jul/2019:21:18:40 +0000] "GET /taxi-transfer/zaostrog/drvenik HTTP/1.1" 200 7640 "-" "Mozilla/5.0 (compatible; AhrefsBot/6.1; +http://ahrefs.com/robot/)"
108.162.229.246 - - [26/Jul/2019:21:20:02 +0000] "GET /en/destinations/klenovnik HTTP/1.1" 200 3954 "-" "Mozilla/5.0 (compatible; AhrefsBot/6.1; +http://ahrefs.com/robot/)"
141.101.69.67 - - [26/Jul/2019:21:24:22 +0000] "GET /en/taxi-transfer/bratus/split-airport HTTP/1.1" 200 8110 "-" "Mozilla/5.0 (compatible; AhrefsBot/6.1; +http://ahrefs.com/robot/)"
108.162.241.130 - - [26/Jul/2019:21:26:12 +0000] "GET /hr/destinacije/rupalj HTTP/1.1" 200 4025 "-" "Mozilla/5.0 (compatible; SemrushBot/3~bl; +http://www.semrush.com/bot.html)"
141.101.104.179 - - [26/Jul/2019:21:29:04 +0000] "GET /hr/taksi-transfer/split/plitvice-lakes HTTP/1.1" 200 7854 "-" "Mozilla/5.0 (compatible; AhrefsBot/6.1; +http://ahrefs.com/robot/)"
108.162.229.20 - - [26/Jul/2019:21:30:07 +0000] "GET /taxi-transfer/zagreb/sibenik HTTP/1.1" 200 7651 "-" "Mozilla/5.0 (compatible; AhrefsBot/6.1; +http://ahrefs.com/robot/)"
172.69.55.8 - - [26/Jul/2019:21:31:00 +0000] "GET /hr/destinations/cacinci HTTP/1.1" 302 472 "-" "Mozilla/5.0 (compatible; AhrefsBot/6.1; +http://ahrefs.com/robot/)"
108.162.229.218 - - [26/Jul/2019:21:31:04 +0000] "GET /en/destinations/stivan-cres HTTP/1.1" 200 3958 "-" "Mozilla/5.0 (compatible; AhrefsBot/6.1; +http://ahrefs.com/robot/)"
108.162.241.4 - - [26/Jul/2019:21:33:35 +0000] "GET /hr/taksi-transfer/bast/tucepi HTTP/1.1" 200 7838 "-" "Mozilla/5.0 (compatible; SemrushBot/3~bl; +http://www.semrush.com/bot.html)"
141.101.104.235 - - [26/Jul/2019:21:37:11 +0000] "GET /en/taxi-transfer/bast/zaostrog HTTP/1.1" 200 7636 "-" "Mozilla/5.0 (compatible; AhrefsBot/6.1; +http://ahrefs.com/robot/)"
108.162.229.104 - - [26/Jul/2019:21:37:43 +0000] "GET /destinations/osijek HTTP/1.1" 200 3944 "-" "Mozilla/5.0 (compatible; AhrefsBot/6.1; +http://ahrefs.com/robot/)"
108.162.241.214 - - [26/Jul/2019:21:46:52 +0000] "GET /hr/taksi-transfer/bratus/bast HTTP/1.1" 200 7846 "-" "Mozilla/5.0 (compatible; SemrushBot/3~bl; +http://www.semrush.com/bot.html)"
172.69.54.169 - - [26/Jul/2019:21:48:36 +0000] "GET /destinations/gornji-strbci HTTP/1.1" 200 3972 "-" "Mozilla/5.0 (compatible; AhrefsBot/6.1; +http://ahrefs.com/robot/)"
172.69.234.132 - - [26/Jul/2019:21:52:16 +0000] "GET / HTTP/1.1" 200 4688 "-" "FreeWebMonitoring SiteChecker/0.2 (+https://www.freewebmonitoring.com/bot.html)"
172.68.51.26 - - [26/Jul/2019:21:56:52 +0000] "GET /uploads/thumbnails/53cdc3782accd89c88369b501e3af6d7.jpg HTTP/1.1" 200 91946 "https://www.google.com/" "Mozilla/5.0 (Windows NT 10.0; Win64; x64) AppleWebKit/537.36 (KHTML, like Gecko) Chrome/75.0.3770.142 Safari/537.36"
108.162.229.36 - - [26/Jul/2019:21:58:31 +0000] "GET /en/taxi-transfer/brela/brist HTTP/1.1" 200 7630 "-" "Mozilla/5.0 (compatible; AhrefsBot/6.1; +http://ahrefs.com/robot/)"
172.69.138.56 - - [26/Jul/2019:21:59:11 +0000] "GET / HTTP/1.1" 200 4688 "-" "Mozilla/5.0 (Linux; U; Android 9; bs-ba; POCOPHONE F1 Build/PKQ1.180729.001) AppleWebKit/537.36 (KHTML, like Gecko) Version/4.0 Chrome/71.0.3578.141 Mobile Safari/537.36 XiaoMi/MiuiBrowser/10.9.5-g"
172.69.138.14 - - [26/Jul/2019:21:59:11 +0000] "GET /img/logo.jpg HTTP/1.1" 200 3711 "https://www.cheapridetransfers.com/" "Mozilla/5.0 (Linux; U; Android 9; bs-ba; POCOPHONE F1 Build/PKQ1.180729.001) AppleWebKit/537.36 (KHTML, like Gecko) Version/4.0 Chrome/71.0.3578.141 Mobile Safari/537.36 XiaoMi/MiuiBrowser/10.9.5-g"
172.69.138.32 - - [26/Jul/2019:21:59:11 +0000] "GET /img/taxi.jpg HTTP/1.1" 200 15835 "https://www.cheapridetransfers.com/" "Mozilla/5.0 (Linux; U; Android 9; bs-ba; POCOPHONE F1 Build/PKQ1.180729.001) AppleWebKit/537.36 (KHTML, like Gecko) Version/4.0 Chrome/71.0.3578.141 Mobile Safari/537.36 XiaoMi/MiuiBrowser/10.9.5-g"
172.69.138.50 - - [26/Jul/2019:21:59:11 +0000] "GET /img/transfer.jpg HTTP/1.1" 200 12830 "https://www.cheapridetransfers.com/" "Mozilla/5.0 (Linux; U; Android 9; bs-ba; POCOPHONE F1 Build/PKQ1.180729.001) AppleWebKit/537.36 (KHTML, like Gecko) Version/4.0 Chrome/71.0.3578.141 Mobile Safari/537.36 XiaoMi/MiuiBrowser/10.9.5-g"
172.69.138.32 - - [26/Jul/2019:21:59:11 +0000] "GET /css/all.css?v=20 HTTP/1.1" 200 82999 "https://www.cheapridetransfers.com/" "Mozilla/5.0 (Linux; U; Android 9; bs-ba; POCOPHONE F1 Build/PKQ1.180729.001) AppleWebKit/537.36 (KHTML, like Gecko) Version/4.0 Chrome/71.0.3578.141 Mobile Safari/537.36 XiaoMi/MiuiBrowser/10.9.5-g"
172.69.138.38 - - [26/Jul/2019:21:59:11 +0000] "GET /img/tours.jpg HTTP/1.1" 200 24282 "https://www.cheapridetransfers.com/" "Mozilla/5.0 (Linux; U; Android 9; bs-ba; POCOPHONE F1 Build/PKQ1.180729.001) AppleWebKit/537.36 (KHTML, like Gecko) Version/4.0 Chrome/71.0.3578.141 Mobile Safari/537.36 XiaoMi/MiuiBrowser/10.9.5-g"
172.69.138.20 - - [26/Jul/2019:21:59:11 +0000] "GET /img/cursor.svg HTTP/1.1" 200 1179 "https://www.cheapridetransfers.com/css/all.css?v=20" "Mozilla/5.0 (Linux; U; Android 9; bs-ba; POCOPHONE F1 Build/PKQ1.180729.001) AppleWebKit/537.36 (KHTML, like Gecko) Version/4.0 Chrome/71.0.3578.141 Mobile Safari/537.36 XiaoMi/MiuiBrowser/10.9.5-g"
172.69.138.50 - - [26/Jul/2019:21:59:11 +0000] "GET /img/down_arrow_select.png HTTP/1.1" 200 211 "https://www.cheapridetransfers.com/css/all.css?v=20" "Mozilla/5.0 (Linux; U; Android 9; bs-ba; POCOPHONE F1 Build/PKQ1.180729.001) AppleWebKit/537.36 (KHTML, like Gecko) Version/4.0 Chrome/71.0.3578.141 Mobile Safari/537.36 XiaoMi/MiuiBrowser/10.9.5-g"
172.69.138.44 - - [26/Jul/2019:21:59:11 +0000] "GET /img/slide_hero_2.jpg HTTP/1.1" 200 33901 "https://www.cheapridetransfers.com/css/all.css?v=20" "Mozilla/5.0 (Linux; U; Android 9; bs-ba; POCOPHONE F1 Build/PKQ1.180729.001) AppleWebKit/537.36 (KHTML, like Gecko) Version/4.0 Chrome/71.0.3578.141 Mobile Safari/537.36 XiaoMi/MiuiBrowser/10.9.5-g"
172.69.138.56 - - [26/Jul/2019:21:59:11 +0000] "GET /img/quote.svg HTTP/1.1" 200 2166 "https://www.cheapridetransfers.com/css/all.css?v=20" "Mozilla/5.0 (Linux; U; Android 9; bs-ba; POCOPHONE F1 Build/PKQ1.180729.001) AppleWebKit/537.36 (KHTML, like Gecko) Version/4.0 Chrome/71.0.3578.141 Mobile Safari/537.36 XiaoMi/MiuiBrowser/10.9.5-g"
172.69.138.38 - - [26/Jul/2019:21:59:11 +0000] "GET /font/icon_set_1.woff?55361665 HTTP/1.1" 200 41852 "https://www.cheapridetransfers.com/css/all.css?v=20" "Mozilla/5.0 (Linux; U; Android 9; bs-ba; POCOPHONE F1 Build/PKQ1.180729.001) AppleWebKit/537.36 (KHTML, like Gecko) Version/4.0 Chrome/71.0.3578.141 Mobile Safari/537.36 XiaoMi/MiuiBrowser/10.9.5-g"
172.69.138.26 - - [26/Jul/2019:21:59:11 +0000] "GET /js/all.js?v=25 HTTP/1.1" 200 162862 "https://www.cheapridetransfers.com/" "Mozilla/5.0 (Linux; U; Android 9; bs-ba; POCOPHONE F1 Build/PKQ1.180729.001) AppleWebKit/537.36 (KHTML, like Gecko) Version/4.0 Chrome/71.0.3578.141 Mobile Safari/537.36 XiaoMi/MiuiBrowser/10.9.5-g"
172.69.138.14 - - [26/Jul/2019:21:59:11 +0000] "GET /img/pattern.png HTTP/1.1" 200 12299 "https://www.cheapridetransfers.com/css/all.css?v=20" "Mozilla/5.0 (Linux; U; Android 9; bs-ba; POCOPHONE F1 Build/PKQ1.180729.001) AppleWebKit/537.36 (KHTML, like Gecko) Version/4.0 Chrome/71.0.3578.141 Mobile Safari/537.36 XiaoMi/MiuiBrowser/10.9.5-g"
172.69.138.26 - - [26/Jul/2019:21:59:11 +0000] "GET /img/phone.svg HTTP/1.1" 200 2830 "https://www.cheapridetransfers.com/css/all.css?v=20" "Mozilla/5.0 (Linux; U; Android 9; bs-ba; POCOPHONE F1 Build/PKQ1.180729.001) AppleWebKit/537.36 (KHTML, like Gecko) Version/4.0 Chrome/71.0.3578.141 Mobile Safari/537.36 XiaoMi/MiuiBrowser/10.9.5-g"
172.69.138.14 - - [26/Jul/2019:21:59:11 +0000] "GET /fonts/fontawesome-webfont.woff2?v=4.7.0 HTTP/1.1" 200 77160 "https://www.cheapridetransfers.com/css/all.css?v=20" "Mozilla/5.0 (Linux; U; Android 9; bs-ba; POCOPHONE F1 Build/PKQ1.180729.001) AppleWebKit/537.36 (KHTML, like Gecko) Version/4.0 Chrome/71.0.3578.141 Mobile Safari/537.36 XiaoMi/MiuiBrowser/10.9.5-g"
172.69.138.38 - - [26/Jul/2019:21:59:11 +0000] "GET /img/slide_hero.jpg HTTP/1.1" 200 142391 "https://www.cheapridetransfers.com/css/all.css?v=20" "Mozilla/5.0 (Linux; U; Android 9; bs-ba; POCOPHONE F1 Build/PKQ1.180729.001) AppleWebKit/537.36 (KHTML, like Gecko) Version/4.0 Chrome/71.0.3578.141 Mobile Safari/537.36 XiaoMi/MiuiBrowser/10.9.5-g"
172.69.138.32 - - [26/Jul/2019:21:59:11 +0000] "GET /font/fontello.woff?32974303 HTTP/1.1" 200 320576 "https://www.cheapridetransfers.com/css/all.css?v=20" "Mozilla/5.0 (Linux; U; Android 9; bs-ba; POCOPHONE F1 Build/PKQ1.180729.001) AppleWebKit/537.36 (KHTML, like Gecko) Version/4.0 Chrome/71.0.3578.141 Mobile Safari/537.36 XiaoMi/MiuiBrowser/10.9.5-g"
172.69.138.50 - - [26/Jul/2019:21:59:12 +0000] "GET /apple-touch-icon.png HTTP/1.1" 200 9651 "-" "Mozilla%2F5.0+%28Linux%3B+U%3B+Android+9%3B+bs-ba%3B+POCOPHONE+F1+Build%2FPKQ1.180729.001%29+AppleWebKit%2F537.36+%28KHTML%2C+like+Gecko%29+Version%2F4.0+Chrome%2F71.0.3578.141+Mobile+Safari%2F537.36+XiaoMi%2FMiuiBrowser%2F10.9.5-g"
172.69.138.50 - - [26/Jul/2019:21:59:12 +0000] "GET /img/logo_2x.jpg HTTP/1.1" 200 3711 "https://www.cheapridetransfers.com/" "Mozilla/5.0 (Linux; U; Android 9; bs-ba; POCOPHONE F1 Build/PKQ1.180729.001) AppleWebKit/537.36 (KHTML, like Gecko) Version/4.0 Chrome/71.0.3578.141 Mobile Safari/537.36 XiaoMi/MiuiBrowser/10.9.5-g"
172.69.138.44 - - [26/Jul/2019:21:59:12 +0000] "GET /favicon-16x16.png HTTP/1.1" 200 884 "https://www.cheapridetransfers.com/" "Mozilla/5.0 (Linux; U; Android 9; bs-ba; POCOPHONE F1 Build/PKQ1.180729.001) AppleWebKit/537.36 (KHTML, like Gecko) Version/4.0 Chrome/71.0.3578.141 Mobile Safari/537.36 XiaoMi/MiuiBrowser/10.9.5-g"
172.69.138.26 - - [26/Jul/2019:21:59:12 +0000] "GET /favicon-32x32.png HTTP/1.1" 200 1555 "https://www.cheapridetransfers.com/" "Mozilla/5.0 (Linux; U; Android 9; bs-ba; POCOPHONE F1 Build/PKQ1.180729.001) AppleWebKit/537.36 (KHTML, like Gecko) Version/4.0 Chrome/71.0.3578.141 Mobile Safari/537.36 XiaoMi/MiuiBrowser/10.9.5-g"
172.69.138.8 - - [26/Jul/2019:21:59:12 +0000] "GET /site.webmanifest HTTP/1.1" 200 426 "https://www.cheapridetransfers.com/" "Mozilla/5.0 (Linux; U; Android 9; bs-ba; POCOPHONE F1 Build/PKQ1.180729.001) AppleWebKit/537.36 (KHTML, like Gecko) Version/4.0 Chrome/71.0.3578.141 Mobile Safari/537.36 XiaoMi/MiuiBrowser/10.9.5-g"
172.69.138.56 - - [26/Jul/2019:21:59:20 +0000] "POST /startlocation HTTP/1.1" 200 110 "https://www.cheapridetransfers.com/" "Mozilla/5.0 (Linux; U; Android 9; bs-ba; POCOPHONE F1 Build/PKQ1.180729.001) AppleWebKit/537.36 (KHTML, like Gecko) Version/4.0 Chrome/71.0.3578.141 Mobile Safari/537.36 XiaoMi/MiuiBrowser/10.9.5-g"
