172.68.222.44 - - [30/Jul/2019:00:46:26 +0000] "GET /site.webmanifest HTTP/1.1" 200 426 "https://www.cheapridetransfers.com/hr/destinacije/orahovica" "Mozilla/5.0 (Windows NT 10.0; Win64; x64) AppleWebKit/537.36 (KHTML, like Gecko) Chrome/75.0.3770.142 Safari/537.36"
172.69.234.140 - - [30/Jul/2019:00:48:32 +0000] "GET / HTTP/1.1" 200 4688 "-" "FreeWebMonitoring SiteChecker/0.2 (+https://www.freewebmonitoring.com/bot.html)"
108.162.229.246 - - [30/Jul/2019:00:51:22 +0000] "GET /en/destinations/batomalj-krk HTTP/1.1" 200 3962 "-" "Mozilla/5.0 (compatible; AhrefsBot/6.1; +http://ahrefs.com/robot/)"
108.162.229.36 - - [30/Jul/2019:00:52:57 +0000] "GET /hr/destinacije/donji-kukuruzari HTTP/1.1" 200 4038 "-" "Mozilla/5.0 (compatible; AhrefsBot/6.1; +http://ahrefs.com/robot/)"
108.162.241.130 - - [30/Jul/2019:01:00:46 +0000] "GET /destinations/veliko-trgovisce HTTP/1.1" 200 3982 "-" "Mozilla/5.0 (compatible; SemrushBot/3~bl; +http://www.semrush.com/bot.html)"
162.158.58.19 - - [30/Jul/2019:01:01:49 +0000] "GET /uploads/images/561aa874006f6f1a1ace98e330a3a6e3.jpg HTTP/1.1" 200 263795 "https://www.google.com/" "Mozilla/5.0 (Windows NT 10.0; Win64; x64; rv:68.0) Gecko/20100101 Firefox/68.0"
108.162.241.214 - - [30/Jul/2019:01:03:23 +0000] "GET /hr/destinacije/bijeli-vir HTTP/1.1" 200 4033 "-" "Mozilla/5.0 (compatible; SemrushBot/3~bl; +http://www.semrush.com/bot.html)"
108.162.241.252 - - [30/Jul/2019:01:04:00 +0000] "GET /hr/destinacije/baska-krk HTTP/1.1" 200 4043 "-" "Mozilla/5.0 (compatible; Googlebot/2.1; +http://www.google.com/bot.html)"
172.68.222.32 - - [30/Jul/2019:01:05:09 +0000] "POST /startlocation HTTP/1.1" 200 2 "https://www.cheapridetransfers.com/hr/destinacije/orahovica" "Mozilla/5.0 (Windows NT 10.0; Win64; x64) AppleWebKit/537.36 (KHTML, like Gecko) Chrome/75.0.3770.142 Safari/537.36"
172.68.222.32 - - [30/Jul/2019:01:05:11 +0000] "POST /startlocation HTTP/1.1" 200 2 "https://www.cheapridetransfers.com/hr/destinacije/orahovica" "Mozilla/5.0 (Windows NT 10.0; Win64; x64) AppleWebKit/537.36 (KHTML, like Gecko) Chrome/75.0.3770.142 Safari/537.36"
172.68.222.32 - - [30/Jul/2019:01:05:12 +0000] "POST /startlocation HTTP/1.1" 200 128 "https://www.cheapridetransfers.com/hr/destinacije/orahovica" "Mozilla/5.0 (Windows NT 10.0; Win64; x64) AppleWebKit/537.36 (KHTML, like Gecko) Chrome/75.0.3770.142 Safari/537.36"
172.68.222.32 - - [30/Jul/2019:01:05:12 +0000] "POST /startlocation HTTP/1.1" 200 2 "https://www.cheapridetransfers.com/hr/destinacije/orahovica" "Mozilla/5.0 (Windows NT 10.0; Win64; x64) AppleWebKit/537.36 (KHTML, like Gecko) Chrome/75.0.3770.142 Safari/537.36"
172.68.222.32 - - [30/Jul/2019:01:05:13 +0000] "POST /startlocation HTTP/1.1" 200 128 "https://www.cheapridetransfers.com/hr/destinacije/orahovica" "Mozilla/5.0 (Windows NT 10.0; Win64; x64) AppleWebKit/537.36 (KHTML, like Gecko) Chrome/75.0.3770.142 Safari/537.36"
172.68.222.32 - - [30/Jul/2019:01:05:14 +0000] "POST /startlocation HTTP/1.1" 200 2 "https://www.cheapridetransfers.com/hr/destinacije/orahovica" "Mozilla/5.0 (Windows NT 10.0; Win64; x64) AppleWebKit/537.36 (KHTML, like Gecko) Chrome/75.0.3770.142 Safari/537.36"
172.68.222.32 - - [30/Jul/2019:01:05:15 +0000] "POST /startlocation HTTP/1.1" 200 128 "https://www.cheapridetransfers.com/hr/destinacije/orahovica" "Mozilla/5.0 (Windows NT 10.0; Win64; x64) AppleWebKit/537.36 (KHTML, like Gecko) Chrome/75.0.3770.142 Safari/537.36"
172.68.222.32 - - [30/Jul/2019:01:05:18 +0000] "POST /startlocation HTTP/1.1" 200 2 "https://www.cheapridetransfers.com/hr/destinacije/orahovica" "Mozilla/5.0 (Windows NT 10.0; Win64; x64) AppleWebKit/537.36 (KHTML, like Gecko) Chrome/75.0.3770.142 Safari/537.36"
172.68.222.32 - - [30/Jul/2019:01:05:19 +0000] "POST /startlocation HTTP/1.1" 200 2 "https://www.cheapridetransfers.com/hr/destinacije/orahovica" "Mozilla/5.0 (Windows NT 10.0; Win64; x64) AppleWebKit/537.36 (KHTML, like Gecko) Chrome/75.0.3770.142 Safari/537.36"
172.68.222.32 - - [30/Jul/2019:01:05:19 +0000] "POST /startlocation HTTP/1.1" 200 2 "https://www.cheapridetransfers.com/hr/destinacije/orahovica" "Mozilla/5.0 (Windows NT 10.0; Win64; x64) AppleWebKit/537.36 (KHTML, like Gecko) Chrome/75.0.3770.142 Safari/537.36"
172.68.222.32 - - [30/Jul/2019:01:05:21 +0000] "POST /endlocation HTTP/1.1" 200 2 "https://www.cheapridetransfers.com/hr/destinacije/orahovica" "Mozilla/5.0 (Windows NT 10.0; Win64; x64) AppleWebKit/537.36 (KHTML, like Gecko) Chrome/75.0.3770.142 Safari/537.36"
172.68.222.32 - - [30/Jul/2019:01:05:21 +0000] "GET /hr/pretraga?start_location=jezero+&end_location=cuge&date= HTTP/1.1" 302 460 "https://www.cheapridetransfers.com/hr/destinacije/orahovica" "Mozilla/5.0 (Windows NT 10.0; Win64; x64) AppleWebKit/537.36 (KHTML, like Gecko) Chrome/75.0.3770.142 Safari/537.36"
172.68.222.32 - - [30/Jul/2019:01:05:21 +0000] "POST /endlocation HTTP/1.1" 200 2 "https://www.cheapridetransfers.com/hr/destinacije/orahovica" "Mozilla/5.0 (Windows NT 10.0; Win64; x64) AppleWebKit/537.36 (KHTML, like Gecko) Chrome/75.0.3770.142 Safari/537.36"
172.68.222.32 - - [30/Jul/2019:01:05:21 +0000] "GET /hr/zatrazite-ponudu HTTP/1.1" 200 3880 "https://www.cheapridetransfers.com/hr/destinacije/orahovica" "Mozilla/5.0 (Windows NT 10.0; Win64; x64) AppleWebKit/537.36 (KHTML, like Gecko) Chrome/75.0.3770.142 Safari/537.36"
172.68.222.32 - - [30/Jul/2019:01:05:29 +0000] "GET /hr/taxi HTTP/1.1" 200 4770 "https://www.cheapridetransfers.com/hr/zatrazite-ponudu" "Mozilla/5.0 (Windows NT 10.0; Win64; x64) AppleWebKit/537.36 (KHTML, like Gecko) Chrome/75.0.3770.142 Safari/537.36"
108.162.229.212 - - [30/Jul/2019:01:07:39 +0000] "GET /en/destinations/krkovic HTTP/1.1" 200 3957 "-" "Mozilla/5.0 (compatible; AhrefsBot/6.1; +http://ahrefs.com/robot/)"
108.162.241.166 - - [30/Jul/2019:01:07:53 +0000] "GET /hr/destinacije/ravca HTTP/1.1" 200 4092 "-" "Mozilla/5.0 (compatible; Googlebot/2.1; +http://www.google.com/bot.html)"
108.162.229.6 - - [30/Jul/2019:01:09:22 +0000] "GET /destinations/gornje-ceranje HTTP/1.1" 200 3956 "-" "Mozilla/5.0 (compatible; AhrefsBot/6.1; +http://ahrefs.com/robot/)"
108.162.229.6 - - [30/Jul/2019:01:09:23 +0000] "GET /en/taxi-transfer/zadar/sibenik HTTP/1.1" 200 7653 "-" "Mozilla/5.0 (compatible; AhrefsBot/6.1; +http://ahrefs.com/robot/)"
108.162.241.58 - - [30/Jul/2019:01:10:02 +0000] "GET /hr/taksi-transfer/ravca/split-airport HTTP/1.1" 200 8159 "-" "Mozilla/5.0 (compatible; Googlebot/2.1; +http://www.google.com/bot.html)"
108.162.242.17 - - [30/Jul/2019:01:14:10 +0000] "GET /taxi-transfer/baska-voda/makarska HTTP/1.1" 200 7653 "-" "Mozilla/5.0 (compatible; Googlebot/2.1; +http://www.google.com/bot.html)"
108.162.241.4 - - [30/Jul/2019:01:16:53 +0000] "GET /taxi-transfer/gradac/zaostrog HTTP/1.1" 200 7635 "-" "Mozilla/5.0 (compatible; SemrushBot/3~bl; +http://www.semrush.com/bot.html)"
108.162.241.214 - - [30/Jul/2019:01:17:58 +0000] "GET /destinations/smokvica-krmpotska HTTP/1.1" 200 3962 "-" "Mozilla/5.0 (compatible; SemrushBot/3~bl; +http://www.semrush.com/bot.html)"
108.162.229.246 - - [30/Jul/2019:01:19:21 +0000] "GET /en/taxi-transfer/opatija/rijeka-airport HTTP/1.1" 200 7929 "-" "Mozilla/5.0 (compatible; AhrefsBot/6.1; +http://ahrefs.com/robot/)"
141.101.104.9 - - [30/Jul/2019:01:24:19 +0000] "GET /en/destinations/dabar-otocac HTTP/1.1" 200 3970 "-" "Mozilla/5.0 (compatible; AhrefsBot/6.1; +http://ahrefs.com/robot/)"
108.162.242.17 - - [30/Jul/2019:01:24:35 +0000] "GET /hr/destinacije/niksic-airport-me HTTP/1.1" 200 4058 "-" "Mozilla/5.0 (compatible; Googlebot/2.1; +http://www.google.com/bot.html)"
141.101.105.34 - - [30/Jul/2019:01:24:59 +0000] "GET /destinations/pula HTTP/1.1" 200 3940 "-" "Mozilla/5.0 (compatible; AhrefsBot/6.1; +http://ahrefs.com/robot/)"
108.162.241.130 - - [30/Jul/2019:01:27:23 +0000] "GET /hr/destinacije/dazlina HTTP/1.1" 200 4025 "-" "Mozilla/5.0 (compatible; SemrushBot/3~bl; +http://www.semrush.com/bot.html)"
108.162.229.104 - - [30/Jul/2019:01:36:07 +0000] "GET /en/taxi-transfer/split-airport/krvavica HTTP/1.1" 200 8120 "-" "Mozilla/5.0 (compatible; AhrefsBot/6.1; +http://ahrefs.com/robot/)"
108.162.229.246 - - [30/Jul/2019:01:36:52 +0000] "GET /en/taxi-transfer/promajna/dubrovnik HTTP/1.1" 200 7651 "-" "Mozilla/5.0 (compatible; AhrefsBot/6.1; +http://ahrefs.com/robot/)"
141.101.77.126 - - [30/Jul/2019:01:41:12 +0000] "GET /hr/destinacije/kupjak HTTP/1.1" 200 4026 "-" "Mozilla/5.0 (compatible; AhrefsBot/6.1; +http://ahrefs.com/robot/)"
108.162.229.104 - - [30/Jul/2019:01:42:08 +0000] "GET /en/destinations/preko-ugljan HTTP/1.1" 200 3961 "-" "Mozilla/5.0 (compatible; AhrefsBot/6.1; +http://ahrefs.com/robot/)"
141.101.69.7 - - [30/Jul/2019:01:42:23 +0000] "GET /hr/destinations/klana HTTP/1.1" 302 464 "-" "Mozilla/5.0 (compatible; AhrefsBot/6.1; +http://ahrefs.com/robot/)"
108.162.241.232 - - [30/Jul/2019:01:45:02 +0000] "GET /hr/destinacije/cepin HTTP/1.1" 200 4042 "-" "Mozilla/5.0 (compatible; Googlebot/2.1; +http://www.google.com/bot.html)"
108.162.241.214 - - [30/Jul/2019:01:48:21 +0000] "GET /hr/destinacije/licki-osik HTTP/1.1" 200 4041 "-" "Mozilla/5.0 (compatible; SemrushBot/3~bl; +http://www.semrush.com/bot.html)"
108.162.241.130 - - [30/Jul/2019:01:48:26 +0000] "GET /en/destinations/barat-kanfanar HTTP/1.1" 200 3967 "-" "Mozilla/5.0 (compatible; SemrushBot/3~bl; +http://www.semrush.com/bot.html)"
172.69.54.103 - - [30/Jul/2019:01:49:37 +0000] "GET /robots.txt HTTP/1.1" 301 253 "-" "Mozilla/5.0 (compatible; AhrefsBot/6.1; +http://ahrefs.com/robot/)"
172.69.234.132 - - [30/Jul/2019:01:49:37 +0000] "GET / HTTP/1.1" 200 4688 "-" "FreeWebMonitoring SiteChecker/0.2 (+https://www.freewebmonitoring.com/bot.html)"
141.101.76.80 - - [30/Jul/2019:01:52:07 +0000] "GET /hr/destinations/ricice HTTP/1.1" 302 468 "-" "Mozilla/5.0 (compatible; AhrefsBot/6.1; +http://ahrefs.com/robot/)"
108.162.241.4 - - [30/Jul/2019:01:52:23 +0000] "GET /hr/destinacije/gornja-ploca HTTP/1.1" 200 4040 "-" "Mozilla/5.0 (compatible; SemrushBot/3~bl; +http://www.semrush.com/bot.html)"
172.69.55.8 - - [30/Jul/2019:01:55:01 +0000] "GET /hr/destinations/mali-brgud HTTP/1.1" 302 484 "-" "Mozilla/5.0 (compatible; AhrefsBot/6.1; +http://ahrefs.com/robot/)"
108.162.229.218 - - [30/Jul/2019:01:55:01 +0000] "GET /taxi-transfer/split/igrane HTTP/1.1" 200 7757 "-" "Mozilla/5.0 (compatible; AhrefsBot/6.1; +http://ahrefs.com/robot/)"
108.162.229.20 - - [30/Jul/2019:02:04:28 +0000] "GET /en/destinations/prapatnica HTTP/1.1" 200 3952 "-" "Mozilla/5.0 (compatible; AhrefsBot/6.1; +http://ahrefs.com/robot/)"
141.101.105.244 - - [30/Jul/2019:02:12:38 +0000] "GET /destinations/draganic HTTP/1.1" 200 3952 "-" "Mozilla/5.0 (compatible; AhrefsBot/6.1; +http://ahrefs.com/robot/)"
108.162.241.130 - - [30/Jul/2019:02:15:26 +0000] "GET /hr/taksi-transfer/bratus/promajna HTTP/1.1" 200 7848 "-" "Mozilla/5.0 (compatible; SemrushBot/3~bl; +http://www.semrush.com/bot.html)"
108.162.241.34 - - [30/Jul/2019:02:25:09 +0000] "GET /destinations/crljenik HTTP/1.1" 200 3946 "-" "Mozilla/5.0 (compatible; SemrushBot/6~bl; +http://www.semrush.com/bot.html)"
108.162.242.15 - - [30/Jul/2019:02:25:21 +0000] "GET /hr/destinacije/otocac HTTP/1.1" 200 4031 "-" "Mozilla/5.0 (compatible; Googlebot/2.1; +http://www.google.com/bot.html)"
141.101.69.7 - - [30/Jul/2019:02:31:49 +0000] "GET /hr/destinations/umag HTTP/1.1" 302 460 "-" "Mozilla/5.0 (compatible; AhrefsBot/6.1; +http://ahrefs.com/robot/)"
108.162.241.190 - - [30/Jul/2019:02:35:08 +0000] "GET /contact HTTP/1.1" 200 4223 "-" "Mozilla/5.0 (compatible; Googlebot/2.1; +http://www.google.com/bot.html)"
108.162.241.4 - - [30/Jul/2019:02:42:53 +0000] "GET /destinations/vrginmost HTTP/1.1" 200 3947 "-" "Mozilla/5.0 (compatible; SemrushBot/3~bl; +http://www.semrush.com/bot.html)"
108.162.241.34 - - [30/Jul/2019:02:42:57 +0000] "GET /destinations/dugopolje HTTP/1.1" 200 3948 "-" "Mozilla/5.0 (compatible; SemrushBot/3~bl; +http://www.semrush.com/bot.html)"
108.162.241.214 - - [30/Jul/2019:02:43:47 +0000] "GET /hr/destinations/ustrine-cres HTTP/1.1" 302 492 "-" "Mozilla/5.0 (compatible; SemrushBot/3~bl; +http://www.semrush.com/bot.html)"
108.162.241.4 - - [30/Jul/2019:02:43:49 +0000] "GET /hr/destinacije/ustrine-cres HTTP/1.1" 200 4035 "-" "Mozilla/5.0 (compatible; SemrushBot/3~bl; +http://www.semrush.com/bot.html)"
108.162.241.130 - - [30/Jul/2019:02:44:43 +0000] "GET /hr/destinacije/bast HTTP/1.1" 200 5500 "-" "Mozilla/5.0 (compatible; SemrushBot/3~bl; +http://www.semrush.com/bot.html)"
108.162.241.34 - - [30/Jul/2019:02:45:19 +0000] "GET /destinations/brckovljani HTTP/1.1" 200 3951 "-" "Mozilla/5.0 (compatible; SemrushBot/3~bl; +http://www.semrush.com/bot.html)"
141.101.105.196 - - [30/Jul/2019:02:46:58 +0000] "GET /en/destinations/danilo-kraljice HTTP/1.1" 200 3964 "-" "Mozilla/5.0 (compatible; AhrefsBot/6.1; +http://ahrefs.com/robot/)"
108.162.241.22 - - [30/Jul/2019:02:47:36 +0000] "GET /hr/destinacije/klana HTTP/1.1" 200 4024 "-" "Mozilla/5.0 (compatible; Googlebot/2.1; +http://www.google.com/bot.html)"
172.69.234.142 - - [30/Jul/2019:02:51:17 +0000] "GET / HTTP/1.1" 200 4688 "-" "FreeWebMonitoring SiteChecker/0.2 (+https://www.freewebmonitoring.com/bot.html)"
108.162.241.246 - - [30/Jul/2019:02:55:21 +0000] "GET /hr/izleti/izlet-slapovi-krke-nacionalni-park HTTP/1.1" 200 6260 "-" "Mozilla/5.0 (compatible; Googlebot/2.1; +http://www.google.com/bot.html)"
108.162.241.34 - - [30/Jul/2019:02:56:13 +0000] "GET /taxi-transfer/split/novalja-pag HTTP/1.1" 200 7652 "-" "Mozilla/5.0 (compatible; SemrushBot/3~bl; +http://www.semrush.com/bot.html)"
108.162.229.58 - - [30/Jul/2019:02:59:47 +0000] "GET /taxi-transfer/zaostrog/podgora HTTP/1.1" 200 7636 "-" "Mozilla/5.0 (compatible; AhrefsBot/6.1; +http://ahrefs.com/robot/)"
108.162.241.34 - - [30/Jul/2019:03:01:03 +0000] "GET /en/destinations/bale HTTP/1.1" 200 3945 "-" "Mozilla/5.0 (compatible; SemrushBot/3~bl; +http://www.semrush.com/bot.html)"
108.162.241.214 - - [30/Jul/2019:03:01:23 +0000] "GET /destinations/dolac-primosten HTTP/1.1" 200 3978 "-" "Mozilla/5.0 (compatible; SemrushBot/3~bl; +http://www.semrush.com/bot.html)"
108.162.241.214 - - [30/Jul/2019:03:02:11 +0000] "GET /destinations/oprtalj HTTP/1.1" 200 3943 "-" "Mozilla/5.0 (compatible; SemrushBot/3~bl; +http://www.semrush.com/bot.html)"
108.162.241.214 - - [30/Jul/2019:03:03:43 +0000] "GET /destinations/krupa-obrovac HTTP/1.1" 200 3960 "-" "Mozilla/5.0 (compatible; SemrushBot/3~bl; +http://www.semrush.com/bot.html)"
172.69.54.169 - - [30/Jul/2019:03:04:07 +0000] "GET /destinations/vidovici-cres HTTP/1.1" 200 3962 "-" "Mozilla/5.0 (compatible; AhrefsBot/6.1; +http://ahrefs.com/robot/)"
108.162.241.208 - - [30/Jul/2019:03:05:41 +0000] "GET /taxi HTTP/1.1" 200 4592 "-" "Mozilla/5.0 (compatible; Googlebot/2.1; +http://www.google.com/bot.html)"
108.162.241.148 - - [30/Jul/2019:03:06:02 +0000] "GET /hr/destinacije/bristane HTTP/1.1" 200 4036 "-" "Mozilla/5.0 (compatible; Googlebot/2.1; +http://www.google.com/bot.html)"
172.69.55.8 - - [30/Jul/2019:03:08:16 +0000] "GET /en/taxi-transfer/bast/promajna HTTP/1.1" 200 7634 "-" "Mozilla/5.0 (compatible; AhrefsBot/6.1; +http://ahrefs.com/robot/)"
108.162.241.34 - - [30/Jul/2019:03:08:45 +0000] "GET /taxi-transfer/split-airport/krvavica HTTP/1.1" 200 8118 "-" "Mozilla/5.0 (compatible; SemrushBot/3~bl; +http://www.semrush.com/bot.html)"
162.158.126.124 - - [30/Jul/2019:03:09:36 +0000] "GET /tours/imotski-tour-red-and-blue-lake HTTP/1.1" 200 5362 "-" "Mozilla/5.0 (compatible; bingbot/2.0; +http://www.bing.com/bingbot.htm)"
108.162.241.214 - - [30/Jul/2019:03:13:39 +0000] "GET /destinations/barat-kanfanar HTTP/1.1" 200 3961 "-" "Mozilla/5.0 (compatible; SemrushBot/3~bl; +http://www.semrush.com/bot.html)"
172.68.222.44 - - [30/Jul/2019:03:14:38 +0000] "GET /destinations/liznjan HTTP/1.1" 200 3952 "https://www.google.com/" "Mozilla/5.0 (iPhone; CPU iPhone OS 12_3_1 like Mac OS X) AppleWebKit/605.1.15 (KHTML, like Gecko) Version/12.1.1 Mobile/15E148 Safari/604.1"
172.68.222.44 - - [30/Jul/2019:03:14:53 +0000] "POST /startlocation HTTP/1.1" 200 111 "https://www.cheapridetransfers.com/destinations/liznjan" "Mozilla/5.0 (iPhone; CPU iPhone OS 12_3_1 like Mac OS X) AppleWebKit/605.1.15 (KHTML, like Gecko) Version/12.1.1 Mobile/15E148 Safari/604.1"
172.68.222.44 - - [30/Jul/2019:03:14:54 +0000] "POST /startlocation HTTP/1.1" 200 2 "https://www.cheapridetransfers.com/destinations/liznjan" "Mozilla/5.0 (iPhone; CPU iPhone OS 12_3_1 like Mac OS X) AppleWebKit/605.1.15 (KHTML, like Gecko) Version/12.1.1 Mobile/15E148 Safari/604.1"
172.68.222.44 - - [30/Jul/2019:03:14:56 +0000] "POST /startlocation HTTP/1.1" 200 111 "https://www.cheapridetransfers.com/destinations/liznjan" "Mozilla/5.0 (iPhone; CPU iPhone OS 12_3_1 like Mac OS X) AppleWebKit/605.1.15 (KHTML, like Gecko) Version/12.1.1 Mobile/15E148 Safari/604.1"
172.68.222.44 - - [30/Jul/2019:03:14:57 +0000] "POST /startlocation HTTP/1.1" 200 38 "https://www.cheapridetransfers.com/destinations/liznjan" "Mozilla/5.0 (iPhone; CPU iPhone OS 12_3_1 like Mac OS X) AppleWebKit/605.1.15 (KHTML, like Gecko) Version/12.1.1 Mobile/15E148 Safari/604.1"
172.68.222.44 - - [30/Jul/2019:03:15:06 +0000] "POST /startlocation HTTP/1.1" 200 2 "https://www.cheapridetransfers.com/destinations/liznjan" "Mozilla/5.0 (iPhone; CPU iPhone OS 12_3_1 like Mac OS X) AppleWebKit/605.1.15 (KHTML, like Gecko) Version/12.1.1 Mobile/15E148 Safari/604.1"
172.68.222.44 - - [30/Jul/2019:03:15:06 +0000] "POST /startlocation HTTP/1.1" 200 117 "https://www.cheapridetransfers.com/destinations/liznjan" "Mozilla/5.0 (iPhone; CPU iPhone OS 12_3_1 like Mac OS X) AppleWebKit/605.1.15 (KHTML, like Gecko) Version/12.1.1 Mobile/15E148 Safari/604.1"
172.68.222.44 - - [30/Jul/2019:03:15:06 +0000] "POST /startlocation HTTP/1.1" 200 33 "https://www.cheapridetransfers.com/destinations/liznjan" "Mozilla/5.0 (iPhone; CPU iPhone OS 12_3_1 like Mac OS X) AppleWebKit/605.1.15 (KHTML, like Gecko) Version/12.1.1 Mobile/15E148 Safari/604.1"
172.68.222.44 - - [30/Jul/2019:03:15:10 +0000] "POST /endlocation HTTP/1.1" 200 38 "https://www.cheapridetransfers.com/destinations/liznjan" "Mozilla/5.0 (iPhone; CPU iPhone OS 12_3_1 like Mac OS X) AppleWebKit/605.1.15 (KHTML, like Gecko) Version/12.1.1 Mobile/15E148 Safari/604.1"
172.68.222.44 - - [30/Jul/2019:03:15:15 +0000] "GET /search?start_location=Medulin&end_location=Li%C5%BEnjan&date= HTTP/1.1" 302 500 "https://www.cheapridetransfers.com/destinations/liznjan" "Mozilla/5.0 (iPhone; CPU iPhone OS 12_3_1 like Mac OS X) AppleWebKit/605.1.15 (KHTML, like Gecko) Version/12.1.1 Mobile/15E148 Safari/604.1"
172.68.222.44 - - [30/Jul/2019:03:15:16 +0000] "GET /search?start_location=Medulin&end_location=Li%C5%BEnjan&date= HTTP/1.1" 302 500 "https://www.cheapridetransfers.com/destinations/liznjan" "Mozilla/5.0 (iPhone; CPU iPhone OS 12_3_1 like Mac OS X) AppleWebKit/605.1.15 (KHTML, like Gecko) Version/12.1.1 Mobile/15E148 Safari/604.1"
172.68.222.44 - - [30/Jul/2019:03:15:16 +0000] "GET /taxi-transfer/medulin/liznjan HTTP/1.1" 302 428 "https://www.cheapridetransfers.com/destinations/liznjan" "Mozilla/5.0 (iPhone; CPU iPhone OS 12_3_1 like Mac OS X) AppleWebKit/605.1.15 (KHTML, like Gecko) Version/12.1.1 Mobile/15E148 Safari/604.1"
172.68.222.44 - - [30/Jul/2019:03:15:16 +0000] "GET /get-a-quote HTTP/1.1" 200 3804 "https://www.cheapridetransfers.com/destinations/liznjan" "Mozilla/5.0 (iPhone; CPU iPhone OS 12_3_1 like Mac OS X) AppleWebKit/605.1.15 (KHTML, like Gecko) Version/12.1.1 Mobile/15E148 Safari/604.1"
172.68.222.44 - - [30/Jul/2019:03:15:30 +0000] "GET /search?start_location=Medulin&end_location=Li%C5%BEnjan&date=30.07.2019 HTTP/1.1" 302 500 "https://www.cheapridetransfers.com/get-a-quote" "Mozilla/5.0 (iPhone; CPU iPhone OS 12_3_1 like Mac OS X) AppleWebKit/605.1.15 (KHTML, like Gecko) Version/12.1.1 Mobile/15E148 Safari/604.1"
172.68.222.44 - - [30/Jul/2019:03:15:30 +0000] "GET /taxi-transfer/medulin/liznjan HTTP/1.1" 302 428 "https://www.cheapridetransfers.com/get-a-quote" "Mozilla/5.0 (iPhone; CPU iPhone OS 12_3_1 like Mac OS X) AppleWebKit/605.1.15 (KHTML, like Gecko) Version/12.1.1 Mobile/15E148 Safari/604.1"
172.68.222.44 - - [30/Jul/2019:03:15:31 +0000] "GET /get-a-quote HTTP/1.1" 200 3814 "https://www.cheapridetransfers.com/get-a-quote" "Mozilla/5.0 (iPhone; CPU iPhone OS 12_3_1 like Mac OS X) AppleWebKit/605.1.15 (KHTML, like Gecko) Version/12.1.1 Mobile/15E148 Safari/604.1"
108.162.241.214 - - [30/Jul/2019:03:15:52 +0000] "GET /hr/taksi-transfer/zadar-airport/imotski HTTP/1.1" 200 8176 "-" "Mozilla/5.0 (compatible; Googlebot/2.1; +http://www.google.com/bot.html)"
172.68.222.44 - - [30/Jul/2019:03:16:22 +0000] "POST /mail HTTP/1.1" 302 420 "https://www.cheapridetransfers.com/get-a-quote" "Mozilla/5.0 (iPhone; CPU iPhone OS 12_3_1 like Mac OS X) AppleWebKit/605.1.15 (KHTML, like Gecko) Version/12.1.1 Mobile/15E148 Safari/604.1"
172.68.222.44 - - [30/Jul/2019:03:16:22 +0000] "GET /thank-you HTTP/1.1" 200 4109 "https://www.cheapridetransfers.com/get-a-quote" "Mozilla/5.0 (iPhone; CPU iPhone OS 12_3_1 like Mac OS X) AppleWebKit/605.1.15 (KHTML, like Gecko) Version/12.1.1 Mobile/15E148 Safari/604.1"
172.68.222.44 - - [30/Jul/2019:03:18:23 +0000] "GET /destinations/liznjan HTTP/1.1" 200 3952 "https://www.google.com/" "Mozilla/5.0 (iPhone; CPU iPhone OS 12_3_1 like Mac OS X) AppleWebKit/605.1.15 (KHTML, like Gecko) Version/12.1.1 Mobile/15E148 Safari/604.1"
108.162.241.214 - - [30/Jul/2019:03:21:34 +0000] "GET /hr/taksi-transfer/baska-voda/split HTTP/1.1" 200 7852 "-" "Mozilla/5.0 (compatible; SemrushBot/3~bl; +http://www.semrush.com/bot.html)"
108.162.241.130 - - [30/Jul/2019:03:24:34 +0000] "GET /taxi-transfer/split/drasnice HTTP/1.1" 200 7781 "-" "Mozilla/5.0 (compatible; SemrushBot/3~bl; +http://www.semrush.com/bot.html)"
108.162.241.22 - - [30/Jul/2019:03:25:49 +0000] "GET /hr/destinacije/banja-luka-bih HTTP/1.1" 200 4107 "-" "Mozilla/5.0 (compatible; Googlebot/2.1; +http://www.google.com/bot.html)"
172.68.174.32 - - [30/Jul/2019:03:30:12 +0000] "GET /destinations/bunic HTTP/1.1" 200 3949 "-" "Mozilla/5.0 (compatible; DotBot/1.1; http://www.opensiteexplorer.org/dotbot, help@moz.com)"
172.68.174.110 - - [30/Jul/2019:03:30:18 +0000] "GET /destinations/donja-banda HTTP/1.1" 200 3954 "-" "Mozilla/5.0 (compatible; DotBot/1.1; http://www.opensiteexplorer.org/dotbot, help@moz.com)"
172.68.174.32 - - [30/Jul/2019:03:31:47 +0000] "GET /destinations/javorje-novi-vinodolski HTTP/1.1" 200 3977 "-" "Mozilla/5.0 (compatible; DotBot/1.1; http://www.opensiteexplorer.org/dotbot, help@moz.com)"
172.68.174.44 - - [30/Jul/2019:03:31:52 +0000] "GET /destinations/selca-kod-starog-grada-hvar HTTP/1.1" 200 3982 "-" "Mozilla/5.0 (compatible; DotBot/1.1; http://www.opensiteexplorer.org/dotbot, help@moz.com)"
108.162.242.17 - - [30/Jul/2019:03:35:59 +0000] "GET /taxi-transfer/split-airport/tisno HTTP/1.1" 200 7944 "-" "Mozilla/5.0 (compatible; Googlebot/2.1; +http://www.google.com/bot.html)"
108.162.229.104 - - [30/Jul/2019:03:38:55 +0000] "GET /en/destinations/medvidovica-draga HTTP/1.1" 200 3973 "-" "Mozilla/5.0 (compatible; AhrefsBot/6.1; +http://ahrefs.com/robot/)"
108.162.241.214 - - [30/Jul/2019:03:41:49 +0000] "GET /hr/destinacije/krstatice HTTP/1.1" 200 4029 "-" "Mozilla/5.0 (compatible; SemrushBot/3~bl; +http://www.semrush.com/bot.html)"
108.162.241.4 - - [30/Jul/2019:03:45:55 +0000] "GET /destinations/mali-brgud HTTP/1.1" 200 3952 "-" "Mozilla/5.0 (compatible; SemrushBot/3~bl; +http://www.semrush.com/bot.html)"
108.162.241.232 - - [30/Jul/2019:03:46:10 +0000] "GET /hr/taksi-transfer/zadar-airport/krvavica HTTP/1.1" 200 8183 "-" "Mozilla/5.0 (compatible; Googlebot/2.1; +http://www.google.com/bot.html)"
172.69.234.140 - - [30/Jul/2019:03:52:59 +0000] "GET / HTTP/1.1" 200 4688 "-" "FreeWebMonitoring SiteChecker/0.2 (+https://www.freewebmonitoring.com/bot.html)"
108.162.241.34 - - [30/Jul/2019:03:53:15 +0000] "GET /taxi-transfer/split-airport/banja-luka-bih HTTP/1.1" 200 7969 "-" "Mozilla/5.0 (compatible; SemrushBot/3~bl; +http://www.semrush.com/bot.html)"
162.158.126.8 - - [30/Jul/2019:03:54:11 +0000] "GET /hr/destinacije/bosana-pag HTTP/1.1" 200 4044 "-" "Mozilla/5.0 (compatible; bingbot/2.0; +http://www.bing.com/bingbot.htm)"
108.162.229.218 - - [30/Jul/2019:03:59:39 +0000] "GET /en/taxi-transfer/veliko-brdo-makarska/makarska HTTP/1.1" 200 7637 "-" "Mozilla/5.0 (compatible; AhrefsBot/6.1; +http://ahrefs.com/robot/)"
172.69.54.169 - - [30/Jul/2019:04:00:44 +0000] "GET /hr/destinacije/liganj HTTP/1.1" 200 4025 "-" "Mozilla/5.0 (compatible; AhrefsBot/6.1; +http://ahrefs.com/robot/)"
108.162.241.34 - - [30/Jul/2019:04:06:19 +0000] "GET /hr/destinacije/cetingrad HTTP/1.1" 200 4027 "-" "Mozilla/5.0 (compatible; SemrushBot/6~bl; +http://www.semrush.com/bot.html)"
162.158.255.116 - - [30/Jul/2019:04:08:44 +0000] "GET /blog/5-reasons-to-book-airport-transfer-in-croatia HTTP/1.1" 200 5406 "-" "Twitterbot/1.0"
108.162.229.168 - - [30/Jul/2019:04:09:42 +0000] "GET /hr/taksi-transfer/baska-voda/brela HTTP/1.1" 200 7854 "-" "Mozilla/5.0 (compatible; AhrefsBot/6.1; +http://ahrefs.com/robot/)"
108.162.241.214 - - [30/Jul/2019:04:12:42 +0000] "GET /hr/taksi-transfer/split-airport/drvenik HTTP/1.1" 200 8333 "-" "Mozilla/5.0 (compatible; SemrushBot/3~bl; +http://www.semrush.com/bot.html)"
108.162.241.244 - - [30/Jul/2019:04:16:19 +0000] "GET /destinations/rupe-skradin HTTP/1.1" 200 3958 "-" "Mozilla/5.0 (compatible; Googlebot/2.1; +http://www.google.com/bot.html)"
108.162.241.130 - - [30/Jul/2019:04:21:18 +0000] "GET /tours HTTP/1.1" 200 4145 "-" "Mozilla/5.0 (compatible; SemrushBot/3~bl; +http://www.semrush.com/bot.html)"
141.101.69.7 - - [30/Jul/2019:04:21:41 +0000] "GET /destinations/mihovljan HTTP/1.1" 200 3946 "-" "Mozilla/5.0 (compatible; AhrefsBot/6.1; +http://ahrefs.com/robot/)"
108.162.241.4 - - [30/Jul/2019:04:23:10 +0000] "GET /destinations/bast HTTP/1.1" 200 5434 "-" "Mozilla/5.0 (compatible; SemrushBot/3~bl; +http://www.semrush.com/bot.html)"
108.162.229.54 - - [30/Jul/2019:04:24:08 +0000] "GET /en/taxi-transfer/split-airport/split HTTP/1.1" 200 8092 "-" "Mozilla/5.0 (compatible; AhrefsBot/6.1; +http://ahrefs.com/robot/)"
108.162.241.254 - - [30/Jul/2019:04:27:19 +0000] "GET /hr/destinacije/koska HTTP/1.1" 200 4035 "-" "Mozilla/5.0 (compatible; Googlebot/2.1; +http://www.google.com/bot.html)"
108.162.229.104 - - [30/Jul/2019:04:28:25 +0000] "GET /destinations/kaptol HTTP/1.1" 200 3944 "-" "Mozilla/5.0 (compatible; AhrefsBot/6.1; +http://ahrefs.com/robot/)"
172.69.54.169 - - [30/Jul/2019:04:40:03 +0000] "GET /taxi-transfer/sibenik/makarska HTTP/1.1" 200 7653 "-" "Mozilla/5.0 (compatible; AhrefsBot/6.1; +http://ahrefs.com/robot/)"
108.162.229.168 - - [30/Jul/2019:04:40:55 +0000] "GET /en/taxi-transfer/drvenik/zaostrog HTTP/1.1" 200 7642 "-" "Mozilla/5.0 (compatible; AhrefsBot/6.1; +http://ahrefs.com/robot/)"
108.162.241.34 - - [30/Jul/2019:04:41:00 +0000] "GET /taxi-transfer/makarska/promajna HTTP/1.1" 200 7625 "-" "Mozilla/5.0 (compatible; SemrushBot/3~bl; +http://www.semrush.com/bot.html)"
108.162.229.58 - - [30/Jul/2019:04:45:08 +0000] "GET /hr/destinacije/arzano HTTP/1.1" 200 4030 "-" "Mozilla/5.0 (compatible; Qwantify/2.4w; +https://www.qwant.com/)/2.4w"
108.162.229.218 - - [30/Jul/2019:04:45:34 +0000] "GET /taxi-transfer/split-airport/tuzla-bih HTTP/1.1" 200 7953 "-" "Mozilla/5.0 (compatible; AhrefsBot/6.1; +http://ahrefs.com/robot/)"
108.162.229.246 - - [30/Jul/2019:04:46:00 +0000] "GET /hr/destinacije/gornje-vrhovine HTTP/1.1" 200 4037 "-" "Mozilla/5.0 (compatible; AhrefsBot/6.1; +http://ahrefs.com/robot/)"
172.68.222.32 - - [30/Jul/2019:04:47:57 +0000] "GET /taxi-transfer/makarska/split-airport HTTP/1.1" 200 8082 "-" "Mozilla/5.0 (iPhone; CPU iPhone OS 12_3_1 like Mac OS X) AppleWebKit/605.1.15 (KHTML, like Gecko) Version/12.1.1 Mobile/15E148 Safari/604.1"
172.68.222.32 - - [30/Jul/2019:04:49:04 +0000] "GET /search?start_location=Makarska&end_location=Split+Airport+&date=01.08.2019 HTTP/1.1" 302 528 "https://www.cheapridetransfers.com/taxi-transfer/makarska/split-airport" "Mozilla/5.0 (iPhone; CPU iPhone OS 12_3_1 like Mac OS X) AppleWebKit/605.1.15 (KHTML, like Gecko) Version/12.1.1 Mobile/15E148 Safari/604.1"
172.68.222.32 - - [30/Jul/2019:04:49:05 +0000] "GET /taxi-transfer/makarska/split-airport HTTP/1.1" 200 8093 "https://www.cheapridetransfers.com/taxi-transfer/makarska/split-airport" "Mozilla/5.0 (iPhone; CPU iPhone OS 12_3_1 like Mac OS X) AppleWebKit/605.1.15 (KHTML, like Gecko) Version/12.1.1 Mobile/15E148 Safari/604.1"
162.158.111.95 - - [30/Jul/2019:04:49:13 +0000] "GET /en/taxi-transfer/split-airport/sevid HTTP/1.1" 200 7942 "-" "Mozilla/5.0 (compatible; AhrefsBot/6.1; +http://ahrefs.com/robot/)"
172.69.234.142 - - [30/Jul/2019:04:53:49 +0000] "GET / HTTP/1.1" 200 4688 "-" "FreeWebMonitoring SiteChecker/0.2 (+https://www.freewebmonitoring.com/bot.html)"
141.101.105.196 - - [30/Jul/2019:04:56:40 +0000] "GET /hr/destinations/breze-novi-vinodolski HTTP/1.1" 302 528 "-" "Mozilla/5.0 (compatible; AhrefsBot/6.1; +http://ahrefs.com/robot/)"
172.68.222.44 - - [30/Jul/2019:04:57:00 +0000] "POST /reservation HTTP/1.1" 302 420 "https://www.cheapridetransfers.com/taxi-transfer/makarska/split-airport" "Mozilla/5.0 (iPhone; CPU iPhone OS 12_3_1 like Mac OS X) AppleWebKit/605.1.15 (KHTML, like Gecko) Version/12.1.1 Mobile/15E148 Safari/604.1"
172.68.222.44 - - [30/Jul/2019:04:57:01 +0000] "GET /thank-you HTTP/1.1" 200 4233 "https://www.cheapridetransfers.com/taxi-transfer/makarska/split-airport" "Mozilla/5.0 (iPhone; CPU iPhone OS 12_3_1 like Mac OS X) AppleWebKit/605.1.15 (KHTML, like Gecko) Version/12.1.1 Mobile/15E148 Safari/604.1"
108.162.241.4 - - [30/Jul/2019:05:02:30 +0000] "GET /taxi-transfer/makarska/trogir HTTP/1.1" 200 7622 "-" "Mozilla/5.0 (compatible; SemrushBot/3~bl; +http://www.semrush.com/bot.html)"
108.162.241.214 - - [30/Jul/2019:05:06:05 +0000] "GET /taxi-transfer/split-airport/mostar-bih HTTP/1.1" 200 7960 "-" "Mozilla/5.0 (compatible; SemrushBot/3~bl; +http://www.semrush.com/bot.html)"
108.162.229.246 - - [30/Jul/2019:05:06:30 +0000] "GET /hr/destinacije/olib-olib HTTP/1.1" 200 4031 "-" "Mozilla/5.0 (compatible; AhrefsBot/6.1; +http://ahrefs.com/robot/)"
108.162.229.168 - - [30/Jul/2019:05:06:49 +0000] "GET /taxi-transfer/tisno/split-airport HTTP/1.1" 200 7934 "-" "Mozilla/5.0 (compatible; AhrefsBot/6.1; +http://ahrefs.com/robot/)"
108.162.241.202 - - [30/Jul/2019:05:06:55 +0000] "GET /destinations/baric-draga HTTP/1.1" 200 3960 "-" "Mozilla/5.0 (compatible; Googlebot/2.1; +http://www.google.com/bot.html)"
108.162.229.58 - - [30/Jul/2019:05:11:57 +0000] "GET /hr/taksi-transfer/zaostrog/brela HTTP/1.1" 200 7838 "-" "Mozilla/5.0 (compatible; AhrefsBot/6.1; +http://ahrefs.com/robot/)"
141.101.104.9 - - [30/Jul/2019:05:13:52 +0000] "GET /hr/taksi-transfer/makarska/zivogosce HTTP/1.1" 200 7851 "-" "Mozilla/5.0 (compatible; AhrefsBot/6.1; +http://ahrefs.com/robot/)"
108.162.241.112 - - [30/Jul/2019:05:16:50 +0000] "GET /hr/taksi-transfer/split-airport/sveti-filip-i-jakov HTTP/1.1" 200 8199 "-" "Mozilla/5.0 (compatible; Googlebot/2.1; +http://www.google.com/bot.html)"
141.101.69.67 - - [30/Jul/2019:05:21:05 +0000] "GET /en/destinations/zakucac-omis HTTP/1.1" 200 3986 "-" "Mozilla/5.0 (compatible; AhrefsBot/6.1; +http://ahrefs.com/robot/)"
108.162.241.4 - - [30/Jul/2019:05:21:26 +0000] "GET /hr/destinacije/baredine-buzet HTTP/1.1" 200 4040 "-" "Mozilla/5.0 (compatible; SemrushBot/3~bl; +http://www.semrush.com/bot.html)"
108.162.242.11 - - [30/Jul/2019:05:26:38 +0000] "GET /hr/destinacije/fuzine HTTP/1.1" 200 4028 "-" "Mozilla/5.0 (compatible; Googlebot/2.1; +http://www.google.com/bot.html)"
108.162.229.58 - - [30/Jul/2019:05:28:21 +0000] "GET /taxi-transfer/sibenik/split HTTP/1.1" 200 7653 "-" "Mozilla/5.0 (compatible; AhrefsBot/6.1; +http://ahrefs.com/robot/)"
141.101.105.244 - - [30/Jul/2019:05:28:43 +0000] "GET /hr/destinacije/srima HTTP/1.1" 200 4084 "-" "Mozilla/5.0 (compatible; AhrefsBot/6.1; +http://ahrefs.com/robot/)"
141.101.105.147 - - [30/Jul/2019:05:36:08 +0000] "GET /en/destinations/sveti-ivan-dobrinjski-krk HTTP/1.1" 200 3983 "-" "Mozilla/5.0 (compatible; AhrefsBot/6.1; +http://ahrefs.com/robot/)"
162.158.146.134 - - [30/Jul/2019:05:36:50 +0000] "GET / HTTP/1.1" 200 4688 "-" "Mozilla/5.0 (compatible; bingbot/2.0; +http://www.bing.com/bingbot.htm)"
108.162.241.76 - - [30/Jul/2019:05:37:11 +0000] "GET /css/all.css?v=20 HTTP/1.1" 200 82999 "https://www.cheapridetransfers.com/" "Mozilla/5.0 (Windows NT 6.1; WOW64) AppleWebKit/534+ (KHTML, like Gecko) BingPreview/1.0b"
108.162.241.76 - - [30/Jul/2019:05:37:18 +0000] "GET /img/quote.svg HTTP/1.1" 200 2166 "https://www.cheapridetransfers.com/" "Mozilla/5.0 (Windows NT 6.1; WOW64) AppleWebKit/534+ (KHTML, like Gecko) BingPreview/1.0b"
172.68.34.56 - - [30/Jul/2019:05:37:18 +0000] "GET /img/phone.svg HTTP/1.1" 200 2830 "https://www.cheapridetransfers.com/" "Mozilla/5.0 (Windows NT 6.1; WOW64) AppleWebKit/534+ (KHTML, like Gecko) BingPreview/1.0b"
108.162.242.5 - - [30/Jul/2019:05:37:18 +0000] "GET /fonts/fontawesome-webfont.ttf?v=4.7.0 HTTP/1.1" 200 165548 "https://www.cheapridetransfers.com/" "Mozilla/5.0 (Windows NT 6.1; WOW64) AppleWebKit/534+ (KHTML, like Gecko) BingPreview/1.0b"
172.68.34.8 - - [30/Jul/2019:05:37:18 +0000] "GET /font/icon_set_1.ttf?55361665 HTTP/1.1" 200 71464 "https://www.cheapridetransfers.com/" "Mozilla/5.0 (Windows NT 6.1; WOW64) AppleWebKit/534+ (KHTML, like Gecko) BingPreview/1.0b"
108.162.242.17 - - [30/Jul/2019:05:37:18 +0000] "GET /font/fontello.ttf?32974303 HTTP/1.1" 200 532464 "https://www.cheapridetransfers.com/" "Mozilla/5.0 (Windows NT 6.1; WOW64) AppleWebKit/534+ (KHTML, like Gecko) BingPreview/1.0b"
108.162.242.17 - - [30/Jul/2019:05:37:20 +0000] "GET /flags/4x3/gb.svg HTTP/1.1" 200 831 "https://www.cheapridetransfers.com/" "Mozilla/5.0 (Windows NT 6.1; WOW64) AppleWebKit/534+ (KHTML, like Gecko) BingPreview/1.0b"
108.162.229.168 - - [30/Jul/2019:05:38:18 +0000] "GET /destinations/kampor-rab HTTP/1.1" 200 3954 "-" "Mozilla/5.0 (compatible; AhrefsBot/6.1; +http://ahrefs.com/robot/)"
108.162.229.6 - - [30/Jul/2019:05:41:12 +0000] "GET /destinations/blace HTTP/1.1" 200 3942 "-" "Mozilla/5.0 (compatible; AhrefsBot/6.1; +http://ahrefs.com/robot/)"
162.158.146.164 - - [30/Jul/2019:05:43:01 +0000] "GET /hr/destinacije/barilovic HTTP/1.1" 200 4035 "-" "Mozilla/5.0 (compatible; bingbot/2.0; +http://www.bing.com/bingbot.htm)"
108.162.229.212 - - [30/Jul/2019:05:43:49 +0000] "GET /taxi-transfer/bast/krvavica HTTP/1.1" 200 7630 "-" "Mozilla/5.0 (compatible; AhrefsBot/6.1; +http://ahrefs.com/robot/)"
108.162.241.34 - - [30/Jul/2019:05:46:00 +0000] "GET /destinations/caska-pag HTTP/1.1" 200 4012 "-" "Mozilla/5.0 (compatible; SemrushBot/3~bl; +http://www.semrush.com/bot.html)"
108.162.241.4 - - [30/Jul/2019:05:46:50 +0000] "GET /hr/destinacije/volarice HTTP/1.1" 200 4027 "-" "Mozilla/5.0 (compatible; Googlebot/2.1; +http://www.google.com/bot.html)"
141.101.104.235 - - [30/Jul/2019:05:47:33 +0000] "GET / HTTP/1.1" 200 4688 "-" "Mozilla/5.0 (Windows NT 6.1; Trident/7.0; rv:11.0) like Gecko"
108.162.241.214 - - [30/Jul/2019:05:54:52 +0000] "GET /hr/taksi-transfer/zadar-airport/orebic HTTP/1.1" 200 8183 "-" "Mozilla/5.0 (compatible; SemrushBot/3~bl; +http://www.semrush.com/bot.html)"
172.69.234.140 - - [30/Jul/2019:05:55:36 +0000] "GET / HTTP/1.1" 200 4688 "-" "FreeWebMonitoring SiteChecker/0.2 (+https://www.freewebmonitoring.com/bot.html)"
108.162.241.4 - - [30/Jul/2019:05:57:13 +0000] "GET /hr/taksi-transfer/bratus/krvavica HTTP/1.1" 200 7843 "-" "Mozilla/5.0 (compatible; SemrushBot/6~bl; +http://www.semrush.com/bot.html)"
172.69.55.134 - - [30/Jul/2019:05:58:13 +0000] "GET /en/taxi-transfer/split-airport/privlaka HTTP/1.1" 200 7945 "-" "Mozilla/5.0 (compatible; AhrefsBot/6.1; +http://ahrefs.com/robot/)"
141.101.104.235 - - [30/Jul/2019:05:58:51 +0000] "GET /taxi-transfer/split/bratus HTTP/1.1" 200 7770 "-" "Mozilla/5.0 (compatible; AhrefsBot/6.1; +http://ahrefs.com/robot/)"
108.162.241.130 - - [30/Jul/2019:06:01:10 +0000] "GET /en/taxi-transfer/baska-voda/brela HTTP/1.1" 200 7661 "-" "Mozilla/5.0 (compatible; SemrushBot/3~bl; +http://www.semrush.com/bot.html)"
172.68.222.32 - - [30/Jul/2019:06:04:18 +0000] "GET /hr/destinacije/cista-provo HTTP/1.1" 200 4032 "https://www.google.com/" "Mozilla/5.0 (Linux; Android 8.0.0; RNE-L21) AppleWebKit/537.36 (KHTML, like Gecko) Chrome/75.0.3770.143 Mobile Safari/537.36"
172.68.222.32 - - [30/Jul/2019:06:04:22 +0000] "GET /site.webmanifest HTTP/1.1" 200 426 "https://www.cheapridetransfers.com/hr/destinacije/cista-provo" "Mozilla/5.0 (Linux; Android 8.0.0; RNE-L21) AppleWebKit/537.36 (KHTML, like Gecko) Chrome/75.0.3770.143 Mobile Safari/537.36"
172.68.222.32 - - [30/Jul/2019:06:04:32 +0000] "GET /hr/destinacije/cista-provo HTTP/1.1" 200 4032 "https://www.google.com/" "Mozilla/5.0 (Linux; Android 8.0.0; RNE-L21) AppleWebKit/537.36 (KHTML, like Gecko) Chrome/75.0.3770.143 Mobile Safari/537.36"
108.162.241.34 - - [30/Jul/2019:06:07:02 +0000] "GET /hr/destinacije/pican HTTP/1.1" 200 4030 "-" "Mozilla/5.0 (compatible; Googlebot/2.1; +http://www.google.com/bot.html)"
108.162.241.40 - - [30/Jul/2019:06:07:05 +0000] "GET / HTTP/1.1" 301 243 "-" "Mozilla/5.0 (Linux; Android 6.0.1; Nexus 5X Build/MMB29P) AppleWebKit/537.36 (KHTML, like Gecko) Chrome/41.0.2272.96 Mobile Safari/537.36 (compatible; Googlebot/2.1; +http://www.google.com/bot.html)"
108.162.241.190 - - [30/Jul/2019:06:07:07 +0000] "GET / HTTP/1.1" 200 4688 "-" "Mozilla/5.0 (Linux; Android 6.0.1; Nexus 5X Build/MMB29P) AppleWebKit/537.36 (KHTML, like Gecko) Chrome/41.0.2272.96 Mobile Safari/537.36 (compatible; Googlebot/2.1; +http://www.google.com/bot.html)"
162.158.178.25 - - [30/Jul/2019:06:09:23 +0000] "GET /wp-login.php HTTP/1.1" 404 1104 "-" "Mozilla/5.0 (Windows NT 6.1; WOW64; rv:40.0) Gecko/20100101 Firefox/40.1"
162.158.178.25 - - [30/Jul/2019:06:09:24 +0000] "GET / HTTP/1.1" 200 4688 "-" "Mozilla/5.0 (Windows NT 6.1; WOW64; rv:40.0) Gecko/20100101 Firefox/40.1"
108.162.241.34 - - [30/Jul/2019:06:11:24 +0000] "GET /hr/destinations/makarska HTTP/1.1" 302 476 "-" "Mozilla/5.0 (compatible; SemrushBot/3~bl; +http://www.semrush.com/bot.html)"
108.162.241.130 - - [30/Jul/2019:06:11:26 +0000] "GET /hr/destinacije/makarska HTTP/1.1" 200 5035 "-" "Mozilla/5.0 (compatible; SemrushBot/3~bl; +http://www.semrush.com/bot.html)"
141.101.104.179 - - [30/Jul/2019:06:14:00 +0000] "GET /taxi-transfer/igrane/split-airport HTTP/1.1" 200 8077 "-" "Mozilla/5.0 (compatible; AhrefsBot/6.1; +http://ahrefs.com/robot/)"
108.162.229.54 - - [30/Jul/2019:06:14:50 +0000] "GET /hr/destinations/herceg-novi-me HTTP/1.1" 302 500 "-" "Mozilla/5.0 (compatible; AhrefsBot/6.1; +http://ahrefs.com/robot/)"
141.101.76.80 - - [30/Jul/2019:06:14:58 +0000] "GET /hr/destinacije/gubavcevo-polje HTTP/1.1" 200 4045 "-" "Mozilla/5.0 (compatible; AhrefsBot/6.1; +http://ahrefs.com/robot/)"
141.101.105.196 - - [30/Jul/2019:06:16:41 +0000] "GET /en/destinations/smrika HTTP/1.1" 200 3968 "-" "Mozilla/5.0 (compatible; AhrefsBot/6.1; +http://ahrefs.com/robot/)"
108.162.229.168 - - [30/Jul/2019:06:18:19 +0000] "GET /taxi-transfer/split-airport/murter-murter HTTP/1.1" 200 7945 "-" "Mozilla/5.0 (compatible; AhrefsBot/6.1; +http://ahrefs.com/robot/)"
141.101.104.235 - - [30/Jul/2019:06:18:22 +0000] "GET /hr/destinacije/soline-dugi-otok HTTP/1.1" 200 4040 "-" "Mozilla/5.0 (compatible; AhrefsBot/6.1; +http://ahrefs.com/robot/)"
108.162.229.212 - - [30/Jul/2019:06:19:02 +0000] "GET /destinations/funtana HTTP/1.1" 200 3943 "-" "Mozilla/5.0 (compatible; AhrefsBot/6.1; +http://ahrefs.com/robot/)"
108.162.229.20 - - [30/Jul/2019:06:23:53 +0000] "GET /destinations/radovin HTTP/1.1" 200 3944 "-" "Mozilla/5.0 (compatible; AhrefsBot/6.1; +http://ahrefs.com/robot/)"
108.162.241.58 - - [30/Jul/2019:06:27:01 +0000] "GET /hr/destinacije/baskoti HTTP/1.1" 200 4037 "-" "Mozilla/5.0 (compatible; Googlebot/2.1; +http://www.google.com/bot.html)"
141.101.96.117 - - [30/Jul/2019:06:28:00 +0000] "GET /destinations/baska-krk HTTP/1.1" 200 3971 "-" "Mozilla/5.0 (compatible; SeznamBot/3.2; +http://napoveda.seznam.cz/en/seznambot-intro/)"
141.101.77.90 - - [30/Jul/2019:06:32:36 +0000] "GET /en/destinations/blizna-gornja HTTP/1.1" 200 3963 "-" "Mozilla/5.0 (compatible; AhrefsBot/6.1; +http://ahrefs.com/robot/)"
172.68.110.104 - - [30/Jul/2019:06:33:01 +0000] "GET /thank-you HTTP/1.1" 200 4109 "https://www.cheapridetransfers.com/taxi-transfer/split-airport/primosten" "Mozilla/5.0 (iPhone; CPU iPhone OS 12_3_1 like Mac OS X) AppleWebKit/605.1.15 (KHTML, like Gecko) Version/12.1.1 Mobile/15E148 Safari/604.1"
108.162.229.168 - - [30/Jul/2019:06:34:42 +0000] "GET /hr/destinations/gornji-mihaljevec HTTP/1.1" 302 512 "-" "Mozilla/5.0 (compatible; AhrefsBot/6.1; +http://ahrefs.com/robot/)"
108.162.229.212 - - [30/Jul/2019:06:35:45 +0000] "GET /destinations/vrhovine HTTP/1.1" 200 3945 "-" "Mozilla/5.0 (compatible; AhrefsBot/6.1; +http://ahrefs.com/robot/)"
141.101.105.244 - - [30/Jul/2019:06:38:38 +0000] "GET /hr/destinations/jesenice HTTP/1.1" 302 476 "-" "Mozilla/5.0 (compatible; AhrefsBot/6.1; +http://ahrefs.com/robot/)"
162.158.126.120 - - [30/Jul/2019:06:43:56 +0000] "GET /destinations HTTP/1.1" 200 6867 "-" "Mozilla/5.0 (compatible; bingbot/2.0; +http://www.bing.com/bingbot.htm)"
108.162.241.34 - - [30/Jul/2019:06:45:30 +0000] "GET /hr/destinacije/banja-luka-bih HTTP/1.1" 200 4107 "-" "Mozilla/5.0 (compatible; SemrushBot/3~bl; +http://www.semrush.com/bot.html)"
108.162.241.58 - - [30/Jul/2019:06:47:19 +0000] "GET /hr/destinacije/dubrava HTTP/1.1" 200 4026 "-" "Mozilla/5.0 (compatible; Googlebot/2.1; +http://www.google.com/bot.html)"
108.162.229.36 - - [30/Jul/2019:06:48:02 +0000] "GET /hr/destinations/cernik HTTP/1.1" 302 468 "-" "Mozilla/5.0 (compatible; AhrefsBot/6.1; +http://ahrefs.com/robot/)"
108.162.241.214 - - [30/Jul/2019:06:48:50 +0000] "GET /destinations/tribanj HTTP/1.1" 200 3944 "-" "Mozilla/5.0 (compatible; SemrushBot/3~bl; +http://www.semrush.com/bot.html)"
162.158.111.65 - - [30/Jul/2019:06:52:19 +0000] "GET /en/destinations/jagodnjak HTTP/1.1" 200 3954 "-" "Mozilla/5.0 (compatible; AhrefsBot/6.1; +http://ahrefs.com/robot/)"
162.158.111.65 - - [30/Jul/2019:06:55:31 +0000] "GET /en/destinations/supetar-brac HTTP/1.1" 200 3968 "-" "Mozilla/5.0 (compatible; AhrefsBot/6.1; +http://ahrefs.com/robot/)"
172.69.234.140 - - [30/Jul/2019:06:56:38 +0000] "GET / HTTP/1.1" 200 4688 "-" "FreeWebMonitoring SiteChecker/0.2 (+https://www.freewebmonitoring.com/bot.html)"
108.162.241.214 - - [30/Jul/2019:06:59:32 +0000] "GET /taxi-transfer/dubrovnik-airport/podgora HTTP/1.1" 200 7953 "-" "Mozilla/5.0 (compatible; SemrushBot/3~bl; +http://www.semrush.com/bot.html)"
172.69.54.91 - - [30/Jul/2019:07:05:59 +0000] "GET /hr/destinations/orlec-cres HTTP/1.1" 302 484 "-" "Mozilla/5.0 (compatible; AhrefsBot/6.1; +http://ahrefs.com/robot/)"
108.162.241.40 - - [30/Jul/2019:07:07:42 +0000] "GET / HTTP/1.1" 301 243 "-" "Mozilla/5.0 (compatible; Googlebot/2.1; +http://www.google.com/bot.html)"
108.162.241.190 - - [30/Jul/2019:07:07:43 +0000] "GET / HTTP/1.1" 200 4688 "-" "Mozilla/5.0 (compatible; Googlebot/2.1; +http://www.google.com/bot.html)"
108.162.241.190 - - [30/Jul/2019:07:17:41 +0000] "GET / HTTP/1.1" 200 4688 "-" "Mozilla/5.0 (compatible; Googlebot/2.1; +http://www.google.com/bot.html)"
172.69.55.134 - - [30/Jul/2019:07:17:47 +0000] "GET /taxi-transfer/bast/baska-voda HTTP/1.1" 200 7652 "-" "Mozilla/5.0 (compatible; AhrefsBot/6.1; +http://ahrefs.com/robot/)"
108.162.229.20 - - [30/Jul/2019:07:18:31 +0000] "GET /en/taxi-transfer/podgora/zaostrog HTTP/1.1" 200 7638 "-" "Mozilla/5.0 (compatible; AhrefsBot/6.1; +http://ahrefs.com/robot/)"
108.162.241.214 - - [30/Jul/2019:07:21:56 +0000] "GET /destinations/krkovic HTTP/1.1" 200 3952 "-" "Mozilla/5.0 (compatible; SemrushBot/3~bl; +http://www.semrush.com/bot.html)"
108.162.241.190 - - [30/Jul/2019:07:27:56 +0000] "GET / HTTP/1.1" 200 4688 "-" "Mozilla/5.0 (Linux; Android 6.0.1; Nexus 5X Build/MMB29P) AppleWebKit/537.36 (KHTML, like Gecko) Chrome/41.0.2272.96 Mobile Safari/537.36 (compatible; Googlebot/2.1; +http://www.google.com/bot.html)"
108.162.229.212 - - [30/Jul/2019:07:28:45 +0000] "GET /en/destinations/niksic-me HTTP/1.1" 200 3983 "-" "Mozilla/5.0 (compatible; AhrefsBot/6.1; +http://ahrefs.com/robot/)"
108.162.241.64 - - [30/Jul/2019:07:29:01 +0000] "GET /tel:+385976142824 HTTP/1.1" 301 260 "-" "Mozilla/5.0 (compatible; SemrushBot/3~bl; +http://www.semrush.com/bot.html)"
108.162.241.34 - - [30/Jul/2019:07:29:02 +0000] "GET /tel:+385976142824 HTTP/1.1" 404 1104 "-" "Mozilla/5.0 (compatible; SemrushBot/3~bl; +http://www.semrush.com/bot.html)"
141.101.105.196 - - [30/Jul/2019:07:31:29 +0000] "GET /hr/destinations/kokorici HTTP/1.1" 302 476 "-" "Mozilla/5.0 (compatible; AhrefsBot/6.1; +http://ahrefs.com/robot/)"
108.162.241.4 - - [30/Jul/2019:07:34:04 +0000] "GET /taxi-transfer/gradac/baska-voda HTTP/1.1" 200 7653 "-" "Mozilla/5.0 (compatible; SemrushBot/3~bl; +http://www.semrush.com/bot.html)"
108.162.241.226 - - [30/Jul/2019:07:37:47 +0000] "GET /dlbmlbtvlclo.html HTTP/1.1" 404 1104 "-" "Mozilla/5.0 (compatible; Googlebot/2.1; +http://www.google.com/bot.html)"
108.162.241.10 - - [30/Jul/2019:07:38:01 +0000] "GET /hr/taksi-transfer/bast/split HTTP/1.1" 200 7837 "-" "Mozilla/5.0 (compatible; Googlebot/2.1; +http://www.google.com/bot.html)"
108.162.229.6 - - [30/Jul/2019:07:39:37 +0000] "GET /hr/destinacije/varazdin HTTP/1.1" 200 4032 "-" "Mozilla/5.0 (compatible; AhrefsBot/6.1; +http://ahrefs.com/robot/)"
108.162.229.212 - - [30/Jul/2019:07:43:26 +0000] "GET /destinations/zirje-zirje HTTP/1.1" 200 3958 "-" "Mozilla/5.0 (compatible; AhrefsBot/6.1; +http://ahrefs.com/robot/)"
108.162.241.190 - - [30/Jul/2019:07:46:45 +0000] "GET /hr/destinacije/slunj HTTP/1.1" 200 4024 "-" "Mozilla/5.0 (compatible; Googlebot/2.1; +http://www.google.com/bot.html)"
108.162.241.4 - - [30/Jul/2019:07:52:34 +0000] "GET /en/destinations/bedenica HTTP/1.1" 200 3952 "-" "Mozilla/5.0 (compatible; SemrushBot/3~bl; +http://www.semrush.com/bot.html)"
141.101.69.7 - - [30/Jul/2019:07:53:55 +0000] "GET /en/taxi-transfer/brist/bast HTTP/1.1" 200 7630 "-" "Mozilla/5.0 (compatible; AhrefsBot/6.1; +http://ahrefs.com/robot/)"
108.162.229.36 - - [30/Jul/2019:07:56:27 +0000] "GET /hr/destinations/sveti-petar-na-moru HTTP/1.1" 302 520 "-" "Mozilla/5.0 (compatible; AhrefsBot/6.1; +http://ahrefs.com/robot/)"
172.68.154.44 - - [30/Jul/2019:07:58:54 +0000] "GET /hr/izleti/izlet-slapovi-krke-nacionalni-park HTTP/1.1" 200 6260 "https://www.google.com/" "Mozilla/5.0 (Windows NT 6.1; Win64; x64; rv:68.0) Gecko/20100101 Firefox/68.0"
172.68.154.20 - - [30/Jul/2019:07:58:55 +0000] "GET /css/all.css?v=20 HTTP/1.1" 200 82999 "https://www.cheapridetransfers.com/hr/izleti/izlet-slapovi-krke-nacionalni-park" "Mozilla/5.0 (Windows NT 6.1; Win64; x64; rv:68.0) Gecko/20100101 Firefox/68.0"
172.68.154.92 - - [30/Jul/2019:07:58:55 +0000] "GET /unitegallery/css/unite-gallery.css HTTP/1.1" 200 4825 "https://www.cheapridetransfers.com/hr/izleti/izlet-slapovi-krke-nacionalni-park" "Mozilla/5.0 (Windows NT 6.1; Win64; x64; rv:68.0) Gecko/20100101 Firefox/68.0"
172.68.154.44 - - [30/Jul/2019:07:58:55 +0000] "GET /uploads/thumbnails/91e32f8ff2e003507ce1397e6c6da5ae.jpg HTTP/1.1" 200 111284 "https://www.cheapridetransfers.com/hr/izleti/izlet-slapovi-krke-nacionalni-park" "Mozilla/5.0 (Windows NT 6.1; Win64; x64; rv:68.0) Gecko/20100101 Firefox/68.0"
172.68.154.74 - - [30/Jul/2019:07:58:55 +0000] "GET /uploads/thumbnails/ba5794724237eafdd7b3d598b6e8ad66.jpg HTTP/1.1" 200 83540 "https://www.cheapridetransfers.com/hr/izleti/izlet-slapovi-krke-nacionalni-park" "Mozilla/5.0 (Windows NT 6.1; Win64; x64; rv:68.0) Gecko/20100101 Firefox/68.0"
172.68.154.68 - - [30/Jul/2019:07:58:55 +0000] "GET /uploads/thumbnails/c23c8c7350f8d88bb1b5722be2b09b00.jpg HTTP/1.1" 200 106231 "https://www.cheapridetransfers.com/hr/izleti/izlet-slapovi-krke-nacionalni-park" "Mozilla/5.0 (Windows NT 6.1; Win64; x64; rv:68.0) Gecko/20100101 Firefox/68.0"
172.68.154.104 - - [30/Jul/2019:07:58:55 +0000] "GET /uploads/thumbnails/d8420b407a3cf896a0bc24eb010cac35.jpg HTTP/1.1" 200 77561 "https://www.cheapridetransfers.com/hr/izleti/izlet-slapovi-krke-nacionalni-park" "Mozilla/5.0 (Windows NT 6.1; Win64; x64; rv:68.0) Gecko/20100101 Firefox/68.0"
172.68.154.74 - - [30/Jul/2019:07:58:55 +0000] "GET /font/icon_set_1.woff?55361665 HTTP/1.1" 200 41852 "https://www.cheapridetransfers.com/css/all.css?v=20" "Mozilla/5.0 (Windows NT 6.1; Win64; x64; rv:68.0) Gecko/20100101 Firefox/68.0"
172.68.154.44 - - [30/Jul/2019:07:58:55 +0000] "GET /fonts/fontawesome-webfont.woff2?v=4.7.0 HTTP/1.1" 200 77160 "https://www.cheapridetransfers.com/css/all.css?v=20" "Mozilla/5.0 (Windows NT 6.1; Win64; x64; rv:68.0) Gecko/20100101 Firefox/68.0"
172.68.154.20 - - [30/Jul/2019:07:58:55 +0000] "GET /font/fontello.woff?32974303 HTTP/1.1" 200 320576 "https://www.cheapridetransfers.com/css/all.css?v=20" "Mozilla/5.0 (Windows NT 6.1; Win64; x64; rv:68.0) Gecko/20100101 Firefox/68.0"
172.68.154.44 - - [30/Jul/2019:07:58:55 +0000] "GET /js/all.js?v=25 HTTP/1.1" 200 162862 "https://www.cheapridetransfers.com/hr/izleti/izlet-slapovi-krke-nacionalni-park" "Mozilla/5.0 (Windows NT 6.1; Win64; x64; rv:68.0) Gecko/20100101 Firefox/68.0"
172.68.154.104 - - [30/Jul/2019:07:58:56 +0000] "GET /apple-touch-icon.png HTTP/1.1" 200 9651 "-" "Mozilla/5.0 (Windows NT 6.1; Win64; x64; rv:68.0) Gecko/20100101 Firefox/68.0"
172.68.154.8 - - [30/Jul/2019:07:58:56 +0000] "GET /favicon-16x16.png HTTP/1.1" 200 884 "-" "Mozilla/5.0 (Windows NT 6.1; Win64; x64; rv:68.0) Gecko/20100101 Firefox/68.0"
172.68.154.74 - - [30/Jul/2019:07:58:56 +0000] "GET /unitegallery/js/unitegallery.min.js HTTP/1.1" 200 66910 "https://www.cheapridetransfers.com/hr/izleti/izlet-slapovi-krke-nacionalni-park" "Mozilla/5.0 (Windows NT 6.1; Win64; x64; rv:68.0) Gecko/20100101 Firefox/68.0"
