172.68.51.122 - - [03/Aug/2019:10:59:44 +0000] "GET /uploads/images/618cb9b3639db900b9e40efdf1904333.jpg HTTP/1.1" 200 198211 "https://www.cheapridetransfers.com/hr/izleti/izlet-planina-biokovo-park-prirode" "Mozilla/5.0 (Linux; Android 8.1.0; SM-J710F) AppleWebKit/537.36 (KHTML, like Gecko) Chrome/70.0.3538.110 Mobile Safari/537.36"
172.68.51.20 - - [03/Aug/2019:10:59:46 +0000] "GET /hr/pretraga?start_location=Biokovo&end_location=Biokovo&date=17.08.2019 HTTP/1.1" 302 460 "https://www.cheapridetransfers.com/hr/izleti/izlet-planina-biokovo-park-prirode" "Mozilla/5.0 (Linux; Android 8.1.0; SM-J710F) AppleWebKit/537.36 (KHTML, like Gecko) Chrome/70.0.3538.110 Mobile Safari/537.36"
172.68.51.20 - - [03/Aug/2019:10:59:46 +0000] "GET /hr/zatrazite-ponudu HTTP/1.1" 200 3877 "https://www.cheapridetransfers.com/hr/izleti/izlet-planina-biokovo-park-prirode" "Mozilla/5.0 (Linux; Android 8.1.0; SM-J710F) AppleWebKit/537.36 (KHTML, like Gecko) Chrome/70.0.3538.110 Mobile Safari/537.36"
172.68.51.20 - - [03/Aug/2019:10:59:53 +0000] "POST /startlocation HTTP/1.1" 200 39 "https://www.cheapridetransfers.com/hr/zatrazite-ponudu" "Mozilla/5.0 (Linux; Android 8.1.0; SM-J710F) AppleWebKit/537.36 (KHTML, like Gecko) Chrome/70.0.3538.110 Mobile Safari/537.36"
172.68.51.20 - - [03/Aug/2019:10:59:56 +0000] "POST /startlocation HTTP/1.1" 200 79 "https://www.cheapridetransfers.com/hr/zatrazite-ponudu" "Mozilla/5.0 (Linux; Android 8.1.0; SM-J710F) AppleWebKit/537.36 (KHTML, like Gecko) Chrome/70.0.3538.110 Mobile Safari/537.36"
172.68.51.20 - - [03/Aug/2019:10:59:57 +0000] "POST /startlocation HTTP/1.1" 200 79 "https://www.cheapridetransfers.com/hr/zatrazite-ponudu" "Mozilla/5.0 (Linux; Android 8.1.0; SM-J710F) AppleWebKit/537.36 (KHTML, like Gecko) Chrome/70.0.3538.110 Mobile Safari/537.36"
172.68.51.20 - - [03/Aug/2019:11:00:03 +0000] "GET /hr/pretraga?start_location=Makarska&end_location=Biokovo&date=17.08.2019 HTTP/1.1" 302 460 "https://www.cheapridetransfers.com/hr/zatrazite-ponudu" "Mozilla/5.0 (Linux; Android 8.1.0; SM-J710F) AppleWebKit/537.36 (KHTML, like Gecko) Chrome/70.0.3538.110 Mobile Safari/537.36"
172.68.51.20 - - [03/Aug/2019:11:00:03 +0000] "GET /hr/zatrazite-ponudu HTTP/1.1" 200 3880 "https://www.cheapridetransfers.com/hr/zatrazite-ponudu" "Mozilla/5.0 (Linux; Android 8.1.0; SM-J710F) AppleWebKit/537.36 (KHTML, like Gecko) Chrome/70.0.3538.110 Mobile Safari/537.36"
172.68.51.20 - - [03/Aug/2019:11:00:11 +0000] "GET /hr/zatrazite-ponudu HTTP/1.1" 200 3860 "https://www.cheapridetransfers.com/hr/zatrazite-ponudu" "Mozilla/5.0 (Linux; Android 8.1.0; SM-J710F) AppleWebKit/537.36 (KHTML, like Gecko) Chrome/70.0.3538.110 Mobile Safari/537.36"
108.162.241.4 - - [03/Aug/2019:11:03:20 +0000] "GET /hr/destinations/arzano HTTP/1.1" 302 468 "-" "Mozilla/5.0 (compatible; SemrushBot/3~bl; +http://www.semrush.com/bot.html)"
108.162.241.4 - - [03/Aug/2019:11:03:23 +0000] "GET /hr/destinacije/arzano HTTP/1.1" 200 4030 "-" "Mozilla/5.0 (compatible; SemrushBot/3~bl; +http://www.semrush.com/bot.html)"
172.69.234.138 - - [03/Aug/2019:11:04:59 +0000] "GET / HTTP/1.1" 200 4688 "-" "FreeWebMonitoring SiteChecker/0.2 (+https://www.freewebmonitoring.com/bot.html)"
172.69.55.8 - - [03/Aug/2019:11:07:13 +0000] "GET /hr/izleti/izlet-planina-biokovo-park-prirode HTTP/1.1" 200 5626 "https://www.google.com/" "Mozilla/5.0 (Linux; Android 8.1.0; SM-J710F) AppleWebKit/537.36 (KHTML, like Gecko) Chrome/70.0.3538.110 Mobile Safari/537.36"
108.162.241.34 - - [03/Aug/2019:11:07:14 +0000] "GET /taxi-transfer/trogir/dubrovnik-airport HTTP/1.1" 200 7945 "-" "Mozilla/5.0 (compatible; SemrushBot/3~bl; +http://www.semrush.com/bot.html)"
141.101.105.196 - - [03/Aug/2019:11:07:38 +0000] "GET /taxi-transfer/zaboric/split-airport HTTP/1.1" 200 7943 "-" "Mozilla/5.0 (compatible; AhrefsBot/6.1; +http://ahrefs.com/robot/)"
108.162.229.168 - - [03/Aug/2019:11:09:54 +0000] "GET /destinations/marsici-krk HTTP/1.1" 200 3978 "-" "Mozilla/5.0 (compatible; AhrefsBot/6.1; +http://ahrefs.com/robot/)"
141.101.69.7 - - [03/Aug/2019:11:13:12 +0000] "GET /hr/destinacije/tounj HTTP/1.1" 200 4023 "-" "Mozilla/5.0 (compatible; AhrefsBot/6.1; +http://ahrefs.com/robot/)"
172.68.222.110 - - [03/Aug/2019:11:13:42 +0000] "GET / HTTP/1.1" 200 4688 "https://cheapride.com.hr/taxi-podgora/" "Mozilla/5.0 (Linux; Android 9; SM-G955F) AppleWebKit/537.36 (KHTML, like Gecko) Chrome/76.0.3809.89 Mobile Safari/537.36"
172.68.222.32 - - [03/Aug/2019:11:13:45 +0000] "GET /site.webmanifest HTTP/1.1" 200 426 "https://www.cheapridetransfers.com/" "Mozilla/5.0 (Linux; Android 9; SM-G955F) AppleWebKit/537.36 (KHTML, like Gecko) Chrome/76.0.3809.89 Mobile Safari/537.36"
172.68.222.110 - - [03/Aug/2019:11:13:50 +0000] "POST /startlocation HTTP/1.1" 200 2 "https://www.cheapridetransfers.com/" "Mozilla/5.0 (Linux; Android 9; SM-G955F) AppleWebKit/537.36 (KHTML, like Gecko) Chrome/76.0.3809.89 Mobile Safari/537.36"
172.68.222.110 - - [03/Aug/2019:11:13:51 +0000] "POST /startlocation HTTP/1.1" 200 2 "https://www.cheapridetransfers.com/" "Mozilla/5.0 (Linux; Android 9; SM-G955F) AppleWebKit/537.36 (KHTML, like Gecko) Chrome/76.0.3809.89 Mobile Safari/537.36"
172.68.222.110 - - [03/Aug/2019:11:13:51 +0000] "POST /startlocation HTTP/1.1" 200 2 "https://www.cheapridetransfers.com/" "Mozilla/5.0 (Linux; Android 9; SM-G955F) AppleWebKit/537.36 (KHTML, like Gecko) Chrome/76.0.3809.89 Mobile Safari/537.36"
172.68.222.110 - - [03/Aug/2019:11:13:52 +0000] "POST /startlocation HTTP/1.1" 200 2 "https://www.cheapridetransfers.com/" "Mozilla/5.0 (Linux; Android 9; SM-G955F) AppleWebKit/537.36 (KHTML, like Gecko) Chrome/76.0.3809.89 Mobile Safari/537.36"
172.68.222.110 - - [03/Aug/2019:11:13:58 +0000] "POST /startlocation HTTP/1.1" 200 2 "https://www.cheapridetransfers.com/" "Mozilla/5.0 (Linux; Android 9; SM-G955F) AppleWebKit/537.36 (KHTML, like Gecko) Chrome/76.0.3809.89 Mobile Safari/537.36"
172.68.222.110 - - [03/Aug/2019:11:13:59 +0000] "POST /startlocation HTTP/1.1" 200 2 "https://www.cheapridetransfers.com/" "Mozilla/5.0 (Linux; Android 9; SM-G955F) AppleWebKit/537.36 (KHTML, like Gecko) Chrome/76.0.3809.89 Mobile Safari/537.36"
172.68.222.110 - - [03/Aug/2019:11:14:04 +0000] "POST /endlocation HTTP/1.1" 200 2 "https://www.cheapridetransfers.com/" "Mozilla/5.0 (Linux; Android 9; SM-G955F) AppleWebKit/537.36 (KHTML, like Gecko) Chrome/76.0.3809.89 Mobile Safari/537.36"
172.68.222.110 - - [03/Aug/2019:11:14:11 +0000] "GET /search?start_location=Branimirova+obala+27&end_location=Makarska&date=03.08.2019 HTTP/1.1" 302 428 "https://www.cheapridetransfers.com/" "Mozilla/5.0 (Linux; Android 9; SM-G955F) AppleWebKit/537.36 (KHTML, like Gecko) Chrome/76.0.3809.89 Mobile Safari/537.36"
172.68.222.110 - - [03/Aug/2019:11:14:11 +0000] "GET /get-a-quote HTTP/1.1" 200 3811 "https://www.cheapridetransfers.com/" "Mozilla/5.0 (Linux; Android 9; SM-G955F) AppleWebKit/537.36 (KHTML, like Gecko) Chrome/76.0.3809.89 Mobile Safari/537.36"
172.68.222.110 - - [03/Aug/2019:11:14:27 +0000] "POST /endlocation HTTP/1.1" 200 2 "https://www.cheapridetransfers.com/get-a-quote" "Mozilla/5.0 (Linux; Android 9; SM-G955F) AppleWebKit/537.36 (KHTML, like Gecko) Chrome/76.0.3809.89 Mobile Safari/537.36"
172.68.222.110 - - [03/Aug/2019:11:15:19 +0000] "POST /endlocation HTTP/1.1" 200 2 "https://www.cheapridetransfers.com/get-a-quote" "Mozilla/5.0 (Linux; Android 9; SM-G955F) AppleWebKit/537.36 (KHTML, like Gecko) Chrome/76.0.3809.89 Mobile Safari/537.36"
172.68.222.110 - - [03/Aug/2019:11:15:20 +0000] "POST /endlocation HTTP/1.1" 200 2 "https://www.cheapridetransfers.com/get-a-quote" "Mozilla/5.0 (Linux; Android 9; SM-G955F) AppleWebKit/537.36 (KHTML, like Gecko) Chrome/76.0.3809.89 Mobile Safari/537.36"
172.68.222.110 - - [03/Aug/2019:11:15:21 +0000] "POST /endlocation HTTP/1.1" 200 2 "https://www.cheapridetransfers.com/get-a-quote" "Mozilla/5.0 (Linux; Android 9; SM-G955F) AppleWebKit/537.36 (KHTML, like Gecko) Chrome/76.0.3809.89 Mobile Safari/537.36"
172.68.222.110 - - [03/Aug/2019:11:15:22 +0000] "POST /endlocation HTTP/1.1" 200 2 "https://www.cheapridetransfers.com/get-a-quote" "Mozilla/5.0 (Linux; Android 9; SM-G955F) AppleWebKit/537.36 (KHTML, like Gecko) Chrome/76.0.3809.89 Mobile Safari/537.36"
172.68.222.110 - - [03/Aug/2019:11:15:22 +0000] "POST /endlocation HTTP/1.1" 200 2 "https://www.cheapridetransfers.com/get-a-quote" "Mozilla/5.0 (Linux; Android 9; SM-G955F) AppleWebKit/537.36 (KHTML, like Gecko) Chrome/76.0.3809.89 Mobile Safari/537.36"
172.68.222.110 - - [03/Aug/2019:11:15:23 +0000] "POST /endlocation HTTP/1.1" 200 2 "https://www.cheapridetransfers.com/get-a-quote" "Mozilla/5.0 (Linux; Android 9; SM-G955F) AppleWebKit/537.36 (KHTML, like Gecko) Chrome/76.0.3809.89 Mobile Safari/537.36"
172.68.222.110 - - [03/Aug/2019:11:15:25 +0000] "POST /endlocation HTTP/1.1" 200 2 "https://www.cheapridetransfers.com/get-a-quote" "Mozilla/5.0 (Linux; Android 9; SM-G955F) AppleWebKit/537.36 (KHTML, like Gecko) Chrome/76.0.3809.89 Mobile Safari/537.36"
172.68.222.110 - - [03/Aug/2019:11:15:26 +0000] "GET /search?start_location=Branimirova+obala+27&end_location=Gradaska+plaza+Makarska&date=03.08.2019 HTTP/1.1" 302 428 "https://www.cheapridetransfers.com/get-a-quote" "Mozilla/5.0 (Linux; Android 9; SM-G955F) AppleWebKit/537.36 (KHTML, like Gecko) Chrome/76.0.3809.89 Mobile Safari/537.36"
172.68.222.110 - - [03/Aug/2019:11:15:26 +0000] "GET /get-a-quote HTTP/1.1" 200 3820 "https://www.cheapridetransfers.com/get-a-quote" "Mozilla/5.0 (Linux; Android 9; SM-G955F) AppleWebKit/537.36 (KHTML, like Gecko) Chrome/76.0.3809.89 Mobile Safari/537.36"
172.68.222.110 - - [03/Aug/2019:11:15:47 +0000] "POST /endlocation HTTP/1.1" 200 2 "https://www.cheapridetransfers.com/get-a-quote" "Mozilla/5.0 (Linux; Android 9; SM-G955F) AppleWebKit/537.36 (KHTML, like Gecko) Chrome/76.0.3809.89 Mobile Safari/537.36"
172.68.222.110 - - [03/Aug/2019:11:15:50 +0000] "POST /endlocation HTTP/1.1" 200 2 "https://www.cheapridetransfers.com/get-a-quote" "Mozilla/5.0 (Linux; Android 9; SM-G955F) AppleWebKit/537.36 (KHTML, like Gecko) Chrome/76.0.3809.89 Mobile Safari/537.36"
172.68.222.110 - - [03/Aug/2019:11:15:51 +0000] "POST /endlocation HTTP/1.1" 200 2 "https://www.cheapridetransfers.com/get-a-quote" "Mozilla/5.0 (Linux; Android 9; SM-G955F) AppleWebKit/537.36 (KHTML, like Gecko) Chrome/76.0.3809.89 Mobile Safari/537.36"
172.68.222.110 - - [03/Aug/2019:11:15:53 +0000] "POST /endlocation HTTP/1.1" 200 2 "https://www.cheapridetransfers.com/get-a-quote" "Mozilla/5.0 (Linux; Android 9; SM-G955F) AppleWebKit/537.36 (KHTML, like Gecko) Chrome/76.0.3809.89 Mobile Safari/537.36"
172.68.222.110 - - [03/Aug/2019:11:15:54 +0000] "POST /endlocation HTTP/1.1" 200 2 "https://www.cheapridetransfers.com/get-a-quote" "Mozilla/5.0 (Linux; Android 9; SM-G955F) AppleWebKit/537.36 (KHTML, like Gecko) Chrome/76.0.3809.89 Mobile Safari/537.36"
172.68.222.110 - - [03/Aug/2019:11:15:54 +0000] "POST /endlocation HTTP/1.1" 200 2 "https://www.cheapridetransfers.com/get-a-quote" "Mozilla/5.0 (Linux; Android 9; SM-G955F) AppleWebKit/537.36 (KHTML, like Gecko) Chrome/76.0.3809.89 Mobile Safari/537.36"
172.68.222.110 - - [03/Aug/2019:11:15:56 +0000] "POST /endlocation HTTP/1.1" 200 2 "https://www.cheapridetransfers.com/get-a-quote" "Mozilla/5.0 (Linux; Android 9; SM-G955F) AppleWebKit/537.36 (KHTML, like Gecko) Chrome/76.0.3809.89 Mobile Safari/537.36"
172.68.222.110 - - [03/Aug/2019:11:15:57 +0000] "POST /startlocation HTTP/1.1" 200 2 "https://www.cheapridetransfers.com/get-a-quote" "Mozilla/5.0 (Linux; Android 9; SM-G955F) AppleWebKit/537.36 (KHTML, like Gecko) Chrome/76.0.3809.89 Mobile Safari/537.36"
172.68.222.110 - - [03/Aug/2019:11:15:58 +0000] "POST /startlocation HTTP/1.1" 200 2 "https://www.cheapridetransfers.com/get-a-quote" "Mozilla/5.0 (Linux; Android 9; SM-G955F) AppleWebKit/537.36 (KHTML, like Gecko) Chrome/76.0.3809.89 Mobile Safari/537.36"
172.68.222.110 - - [03/Aug/2019:11:15:59 +0000] "POST /startlocation HTTP/1.1" 200 2 "https://www.cheapridetransfers.com/get-a-quote" "Mozilla/5.0 (Linux; Android 9; SM-G955F) AppleWebKit/537.36 (KHTML, like Gecko) Chrome/76.0.3809.89 Mobile Safari/537.36"
172.68.222.110 - - [03/Aug/2019:11:16:00 +0000] "POST /startlocation HTTP/1.1" 200 2 "https://www.cheapridetransfers.com/get-a-quote" "Mozilla/5.0 (Linux; Android 9; SM-G955F) AppleWebKit/537.36 (KHTML, like Gecko) Chrome/76.0.3809.89 Mobile Safari/537.36"
172.68.222.110 - - [03/Aug/2019:11:16:01 +0000] "GET /search?start_location=Branimirova+obala+27+podgora&end_location=Setaliste+svetog+Petra+1+Makarska+&date=03.08.2019 HTTP/1.1" 302 428 "https://www.cheapridetransfers.com/get-a-quote" "Mozilla/5.0 (Linux; Android 9; SM-G955F) AppleWebKit/537.36 (KHTML, like Gecko) Chrome/76.0.3809.89 Mobile Safari/537.36"
172.68.222.110 - - [03/Aug/2019:11:16:01 +0000] "GET /get-a-quote HTTP/1.1" 200 3834 "https://www.cheapridetransfers.com/get-a-quote" "Mozilla/5.0 (Linux; Android 9; SM-G955F) AppleWebKit/537.36 (KHTML, like Gecko) Chrome/76.0.3809.89 Mobile Safari/537.36"
141.101.104.235 - - [03/Aug/2019:11:17:41 +0000] "GET /destinations/krasic HTTP/1.1" 200 3968 "-" "Mozilla/5.0 (compatible; AhrefsBot/6.1; +http://ahrefs.com/robot/)"
108.162.241.34 - - [03/Aug/2019:11:25:51 +0000] "GET /destinations/mandre-pag HTTP/1.1" 200 3952 "-" "Mozilla/5.0 (compatible; SemrushBot/3~bl; +http://www.semrush.com/bot.html)"
108.162.241.4 - - [03/Aug/2019:11:28:02 +0000] "GET /taxi-transfer/brela/dubrovnik-airport HTTP/1.1" 200 7942 "-" "Mozilla/5.0 (compatible; SemrushBot/3~bl; +http://www.semrush.com/bot.html)"
108.162.241.4 - - [03/Aug/2019:11:28:19 +0000] "GET /hr/destinations/cacinci HTTP/1.1" 302 472 "-" "Mozilla/5.0 (compatible; SemrushBot/3~bl; +http://www.semrush.com/bot.html)"
108.162.241.214 - - [03/Aug/2019:11:28:21 +0000] "GET /hr/destinacije/cacinci HTTP/1.1" 200 4035 "-" "Mozilla/5.0 (compatible; SemrushBot/3~bl; +http://www.semrush.com/bot.html)"
108.162.241.214 - - [03/Aug/2019:11:33:02 +0000] "GET /hr/taksi-transfer/split-airport/dvornica HTTP/1.1" 200 8165 "-" "Mozilla/5.0 (compatible; SemrushBot/3~bl; +http://www.semrush.com/bot.html)"
162.158.106.202 - - [03/Aug/2019:11:43:29 +0000] "GET /hr/destinacije/baldasi HTTP/1.1" 200 4035 "-" "Mozilla/5.0 (compatible; bingbot/2.0; +http://www.bing.com/bingbot.htm)"
108.162.245.80 - - [03/Aug/2019:11:43:36 +0000] "GET /en/taxi-transfer/sibenik/split-airport HTTP/1.1" 200 7944 "-" "Mozilla/5.0 (Linux; Android 6.0.1; Nexus 5X Build/MMB29P) AppleWebKit/537.36 (KHTML, like Gecko) Chrome/41.0.2272.96 Mobile Safari/537.36 (compatible; Googlebot/2.1; +http://www.google.com/bot.html)"
108.162.229.168 - - [03/Aug/2019:11:45:53 +0000] "GET /taxi-transfer/marusici/split-airport HTTP/1.1" 200 7950 "-" "Mozilla/5.0 (compatible; AhrefsBot/6.1; +http://ahrefs.com/robot/)"
108.162.241.214 - - [03/Aug/2019:11:52:25 +0000] "GET /taxi-transfer/tucepi/zadar-airport HTTP/1.1" 200 7939 "-" "Mozilla/5.0 (compatible; SemrushBot/3~bl; +http://www.semrush.com/bot.html)"
108.162.229.36 - - [03/Aug/2019:11:52:49 +0000] "GET /hr/taksi-transfer/tuzla-bih/split-airport HTTP/1.1" 200 8169 "-" "Mozilla/5.0 (compatible; AhrefsBot/6.1; +http://ahrefs.com/robot/)"
108.162.241.130 - - [03/Aug/2019:11:58:52 +0000] "GET /destinations/zavojane HTTP/1.1" 200 4010 "-" "Mozilla/5.0 (compatible; SemrushBot/3~bl; +http://www.semrush.com/bot.html)"
162.158.107.151 - - [03/Aug/2019:12:03:33 +0000] "GET /destinations/gornji-vaganac HTTP/1.1" 200 3957 "-" "Mozilla/5.0 (Linux; Android 6.0.1; Nexus 5X Build/MMB29P) AppleWebKit/537.36 (KHTML, like Gecko) Chrome/41.0.2272.96 Mobile Safari/537.36 (compatible; Googlebot/2.1; +http://www.google.com/bot.html)"
108.162.229.20 - - [03/Aug/2019:12:06:19 +0000] "GET /hr/destinations/zgombici-krk HTTP/1.1" 302 492 "-" "Mozilla/5.0 (compatible; AhrefsBot/6.1; +http://ahrefs.com/robot/)"
172.69.234.138 - - [03/Aug/2019:12:07:57 +0000] "GET / HTTP/1.1" 200 4688 "-" "FreeWebMonitoring SiteChecker/0.2 (+https://www.freewebmonitoring.com/bot.html)"
108.162.241.34 - - [03/Aug/2019:12:08:31 +0000] "GET /taxi-transfer/split-airport/brela HTTP/1.1" 200 8105 "-" "Mozilla/5.0 (compatible; SemrushBot/3~bl; +http://www.semrush.com/bot.html)"
108.162.229.54 - - [03/Aug/2019:12:09:08 +0000] "GET /destinations/ustrine-cres HTTP/1.1" 200 3954 "https://www.google.com/" "Mozilla/5.0 (Linux; Android 8.0.0; FIG-LX1) AppleWebKit/537.36 (KHTML, like Gecko) Chrome/75.0.3770.143 Mobile Safari/537.36"
108.162.229.200 - - [03/Aug/2019:12:09:09 +0000] "GET /css/all.css?v=20 HTTP/1.1" 200 82999 "https://www.cheapridetransfers.com/destinations/ustrine-cres" "Mozilla/5.0 (Linux; Android 8.0.0; FIG-LX1) AppleWebKit/537.36 (KHTML, like Gecko) Chrome/75.0.3770.143 Mobile Safari/537.36"
108.162.229.58 - - [03/Aug/2019:12:09:10 +0000] "GET /img/quote.svg HTTP/1.1" 200 2166 "https://www.cheapridetransfers.com/css/all.css?v=20" "Mozilla/5.0 (Linux; Android 8.0.0; FIG-LX1) AppleWebKit/537.36 (KHTML, like Gecko) Chrome/75.0.3770.143 Mobile Safari/537.36"
108.162.229.152 - - [03/Aug/2019:12:09:10 +0000] "GET /img/phone.svg HTTP/1.1" 200 2830 "https://www.cheapridetransfers.com/css/all.css?v=20" "Mozilla/5.0 (Linux; Android 8.0.0; FIG-LX1) AppleWebKit/537.36 (KHTML, like Gecko) Chrome/75.0.3770.143 Mobile Safari/537.36"
108.162.229.68 - - [03/Aug/2019:12:09:10 +0000] "GET /fonts/fontawesome-webfont.woff2?v=4.7.0 HTTP/1.1" 200 77160 "https://www.cheapridetransfers.com/css/all.css?v=20" "Mozilla/5.0 (Linux; Android 8.0.0; FIG-LX1) AppleWebKit/537.36 (KHTML, like Gecko) Chrome/75.0.3770.143 Mobile Safari/537.36"
108.162.229.88 - - [03/Aug/2019:12:09:11 +0000] "GET /img/logo_2x.jpg HTTP/1.1" 200 3711 "https://www.cheapridetransfers.com/destinations/ustrine-cres" "Mozilla/5.0 (Linux; Android 8.0.0; FIG-LX1) AppleWebKit/537.36 (KHTML, like Gecko) Chrome/75.0.3770.143 Mobile Safari/537.36"
108.162.229.212 - - [03/Aug/2019:12:09:11 +0000] "GET /site.webmanifest HTTP/1.1" 200 426 "https://www.cheapridetransfers.com/destinations/ustrine-cres" "Mozilla/5.0 (Linux; Android 8.0.0; FIG-LX1) AppleWebKit/537.36 (KHTML, like Gecko) Chrome/75.0.3770.143 Mobile Safari/537.36"
108.162.229.226 - - [03/Aug/2019:12:09:11 +0000] "GET /apple-touch-icon.png HTTP/1.1" 200 9651 "https://www.cheapridetransfers.com/destinations/ustrine-cres" "Mozilla/5.0 (Linux; Android 8.0.0; FIG-LX1) AppleWebKit/537.36 (KHTML, like Gecko) Chrome/75.0.3770.143 Mobile Safari/537.36"
162.158.111.95 - - [03/Aug/2019:12:10:31 +0000] "GET /hr/destinacije/bribir-vinodol HTTP/1.1" 200 4040 "https://www.google.com/" "Mozilla/5.0 (Linux; Android 6.0.1; Lenovo K33a48) AppleWebKit/537.36 (KHTML, like Gecko) Chrome/73.0.3683.90 Mobile Safari/537.36"
172.68.51.20 - - [03/Aug/2019:12:10:34 +0000] "GET /site.webmanifest HTTP/1.1" 200 426 "https://www.cheapridetransfers.com/hr/destinacije/bribir-vinodol" "Mozilla/5.0 (Linux; Android 6.0.1; Lenovo K33a48) AppleWebKit/537.36 (KHTML, like Gecko) Chrome/73.0.3683.90 Mobile Safari/537.36"
162.158.111.95 - - [03/Aug/2019:12:11:13 +0000] "POST /startlocation HTTP/1.1" 200 553 "https://www.cheapridetransfers.com/hr/destinacije/bribir-vinodol" "Mozilla/5.0 (Linux; Android 6.0.1; Lenovo K33a48) AppleWebKit/537.36 (KHTML, like Gecko) Chrome/73.0.3683.90 Mobile Safari/537.36"
162.158.111.95 - - [03/Aug/2019:12:11:14 +0000] "POST /startlocation HTTP/1.1" 200 42 "https://www.cheapridetransfers.com/hr/destinacije/bribir-vinodol" "Mozilla/5.0 (Linux; Android 6.0.1; Lenovo K33a48) AppleWebKit/537.36 (KHTML, like Gecko) Chrome/73.0.3683.90 Mobile Safari/537.36"
162.158.111.95 - - [03/Aug/2019:12:11:15 +0000] "POST /startlocation HTTP/1.1" 200 42 "https://www.cheapridetransfers.com/hr/destinacije/bribir-vinodol" "Mozilla/5.0 (Linux; Android 6.0.1; Lenovo K33a48) AppleWebKit/537.36 (KHTML, like Gecko) Chrome/73.0.3683.90 Mobile Safari/537.36"
162.158.111.95 - - [03/Aug/2019:12:11:15 +0000] "POST /startlocation HTTP/1.1" 200 42 "https://www.cheapridetransfers.com/hr/destinacije/bribir-vinodol" "Mozilla/5.0 (Linux; Android 6.0.1; Lenovo K33a48) AppleWebKit/537.36 (KHTML, like Gecko) Chrome/73.0.3683.90 Mobile Safari/537.36"
162.158.111.95 - - [03/Aug/2019:12:11:21 +0000] "POST /endlocation HTTP/1.1" 200 729 "https://www.cheapridetransfers.com/hr/destinacije/bribir-vinodol" "Mozilla/5.0 (Linux; Android 6.0.1; Lenovo K33a48) AppleWebKit/537.36 (KHTML, like Gecko) Chrome/73.0.3683.90 Mobile Safari/537.36"
162.158.111.95 - - [03/Aug/2019:12:11:21 +0000] "POST /endlocation HTTP/1.1" 200 174 "https://www.cheapridetransfers.com/hr/destinacije/bribir-vinodol" "Mozilla/5.0 (Linux; Android 6.0.1; Lenovo K33a48) AppleWebKit/537.36 (KHTML, like Gecko) Chrome/73.0.3683.90 Mobile Safari/537.36"
162.158.111.95 - - [03/Aug/2019:12:11:22 +0000] "POST /endlocation HTTP/1.1" 200 31 "https://www.cheapridetransfers.com/hr/destinacije/bribir-vinodol" "Mozilla/5.0 (Linux; Android 6.0.1; Lenovo K33a48) AppleWebKit/537.36 (KHTML, like Gecko) Chrome/73.0.3683.90 Mobile Safari/537.36"
108.162.229.246 - - [03/Aug/2019:12:13:19 +0000] "GET /en/destinations/ravna-gora HTTP/1.1" 200 3957 "-" "Mozilla/5.0 (compatible; AhrefsBot/6.1; +http://ahrefs.com/robot/)"
108.162.245.188 - - [03/Aug/2019:12:13:48 +0000] "GET /hr/destinacije/zapuzane HTTP/1.1" 200 4033 "-" "Mozilla/5.0 (Linux; Android 6.0.1; Nexus 5X Build/MMB29P) AppleWebKit/537.36 (KHTML, like Gecko) Chrome/41.0.2272.96 Mobile Safari/537.36 (compatible; Googlebot/2.1; +http://www.google.com/bot.html)"
141.101.77.90 - - [03/Aug/2019:12:19:01 +0000] "GET /hr/destinacije/trget HTTP/1.1" 200 4024 "-" "Mozilla/5.0 (compatible; AhrefsBot/6.1; +http://ahrefs.com/robot/)"
108.162.241.4 - - [03/Aug/2019:12:19:19 +0000] "GET /taxi-transfer/gradac/zaostrog HTTP/1.1" 200 7636 "-" "Mozilla/5.0 (compatible; SemrushBot/3~bl; +http://www.semrush.com/bot.html)"
108.162.229.246 - - [03/Aug/2019:12:20:02 +0000] "GET /hr/destinacije/soboli HTTP/1.1" 200 4023 "-" "Mozilla/5.0 (compatible; AhrefsBot/6.1; +http://ahrefs.com/robot/)"
108.162.229.246 - - [03/Aug/2019:12:22:15 +0000] "GET /destinations/bicine HTTP/1.1" 200 3949 "-" "Mozilla/5.0 (compatible; AhrefsBot/6.1; +http://ahrefs.com/robot/)"
108.162.241.130 - - [03/Aug/2019:12:23:16 +0000] "GET /hr/taksi-transfer/split-airport/ljubuski-bih HTTP/1.1" 200 8189 "-" "Mozilla/5.0 (compatible; SemrushBot/3~bl; +http://www.semrush.com/bot.html)"
108.162.229.58 - - [03/Aug/2019:12:23:24 +0000] "GET /destinations/kastel-gomilica HTTP/1.1" 200 3976 "-" "Mozilla/5.0 (compatible; AhrefsBot/6.1; +http://ahrefs.com/robot/)"
108.162.246.27 - - [03/Aug/2019:12:24:08 +0000] "GET /hr/taksi-transfer/split-airport/neum-bih HTTP/1.1" 200 8183 "-" "Mozilla/5.0 (Linux; Android 6.0.1; Nexus 5X Build/MMB29P) AppleWebKit/537.36 (KHTML, like Gecko) Chrome/41.0.2272.96 Mobile Safari/537.36 (compatible; Googlebot/2.1; +http://www.google.com/bot.html)"
108.162.241.214 - - [03/Aug/2019:12:28:58 +0000] "GET /hr/destinations/ustrine-cres HTTP/1.1" 302 492 "-" "Mozilla/5.0 (compatible; SemrushBot/3~bl; +http://www.semrush.com/bot.html)"
108.162.241.214 - - [03/Aug/2019:12:29:00 +0000] "GET /hr/destinacije/ustrine-cres HTTP/1.1" 200 4035 "-" "Mozilla/5.0 (compatible; SemrushBot/3~bl; +http://www.semrush.com/bot.html)"
172.68.222.44 - - [03/Aug/2019:12:36:11 +0000] "GET / HTTP/1.1" 200 4688 "-" "Mozilla/5.0 (Windows NT 10.0; Win64; x64) AppleWebKit/537.36 (KHTML, like Gecko) Chrome/75.0.3770.142 Safari/537.36"
172.68.222.44 - - [03/Aug/2019:12:36:17 +0000] "POST /startlocation HTTP/1.1" 200 110 "https://www.cheapridetransfers.com/" "Mozilla/5.0 (Windows NT 10.0; Win64; x64) AppleWebKit/537.36 (KHTML, like Gecko) Chrome/75.0.3770.142 Safari/537.36"
172.68.222.44 - - [03/Aug/2019:12:36:21 +0000] "POST /endlocation HTTP/1.1" 200 79 "https://www.cheapridetransfers.com/" "Mozilla/5.0 (Windows NT 10.0; Win64; x64) AppleWebKit/537.36 (KHTML, like Gecko) Chrome/75.0.3770.142 Safari/537.36"
172.68.222.44 - - [03/Aug/2019:12:36:28 +0000] "GET /search?start_location=Split+Airport+&end_location=Makarska&date=04.08.2019 HTTP/1.1" 302 528 "https://www.cheapridetransfers.com/" "Mozilla/5.0 (Windows NT 10.0; Win64; x64) AppleWebKit/537.36 (KHTML, like Gecko) Chrome/75.0.3770.142 Safari/537.36"
172.68.222.44 - - [03/Aug/2019:12:36:28 +0000] "GET /taxi-transfer/split-airport/makarska HTTP/1.1" 200 8122 "https://www.cheapridetransfers.com/" "Mozilla/5.0 (Windows NT 10.0; Win64; x64) AppleWebKit/537.36 (KHTML, like Gecko) Chrome/75.0.3770.142 Safari/537.36"
108.162.229.246 - - [03/Aug/2019:12:38:15 +0000] "GET /destinations/vrana-pakostane HTTP/1.1" 200 3978 "-" "Mozilla/5.0 (compatible; AhrefsBot/6.1; +http://ahrefs.com/robot/)"
108.162.241.214 - - [03/Aug/2019:12:38:38 +0000] "GET /taxi-transfer/split/zadar HTTP/1.1" 200 7635 "-" "Mozilla/5.0 (compatible; SemrushBot/3~bl; +http://www.semrush.com/bot.html)"
172.68.222.32 - - [03/Aug/2019:12:39:45 +0000] "GET /hr/destinacije/groznjan HTTP/1.1" 200 4029 "https://www.google.com/" "Mozilla/5.0 (Linux; Android 8.0.0; ANE-LX1) AppleWebKit/537.36 (KHTML, like Gecko) Chrome/75.0.3770.143 Mobile Safari/537.36"
172.68.222.110 - - [03/Aug/2019:12:39:48 +0000] "GET /site.webmanifest HTTP/1.1" 200 426 "https://www.cheapridetransfers.com/hr/destinacije/groznjan" "Mozilla/5.0 (Linux; Android 8.0.0; ANE-LX1) AppleWebKit/537.36 (KHTML, like Gecko) Chrome/75.0.3770.143 Mobile Safari/537.36"
172.68.222.110 - - [03/Aug/2019:12:43:37 +0000] "GET /destinations/visnjan HTTP/1.1" 200 3963 "https://www.google.com/" "Mozilla/5.0 (Linux; Android 9; SNE-LX1) AppleWebKit/537.36 (KHTML, like Gecko) Chrome/75.0.3770.101 Mobile Safari/537.36"
172.68.222.110 - - [03/Aug/2019:12:43:40 +0000] "GET /site.webmanifest HTTP/1.1" 200 426 "https://www.cheapridetransfers.com/destinations/visnjan" "Mozilla/5.0 (Linux; Android 9; SNE-LX1) AppleWebKit/537.36 (KHTML, like Gecko) Chrome/75.0.3770.101 Mobile Safari/537.36"
108.162.241.4 - - [03/Aug/2019:12:50:13 +0000] "GET /destinations/veliko-trgovisce HTTP/1.1" 200 3982 "-" "Mozilla/5.0 (compatible; SemrushBot/3~bl; +http://www.semrush.com/bot.html)"
108.162.229.20 - - [03/Aug/2019:12:52:58 +0000] "GET /hr/taksi-transfer/drvenik/krvavica HTTP/1.1" 200 7841 "-" "Mozilla/5.0 (compatible; AhrefsBot/6.1; +http://ahrefs.com/robot/)"
108.162.241.214 - - [03/Aug/2019:12:53:58 +0000] "GET /hr/o-nama HTTP/1.1" 200 3896 "-" "Mozilla/5.0 (compatible; SemrushBot/3~bl; +http://www.semrush.com/bot.html)"
108.162.241.34 - - [03/Aug/2019:12:55:06 +0000] "GET /hr/taksi-transfer/lun-pag/split-airport HTTP/1.1" 200 8167 "-" "Mozilla/5.0 (compatible; SemrushBot/3~bl; +http://www.semrush.com/bot.html)"
108.162.241.4 - - [03/Aug/2019:12:59:24 +0000] "GET /hr/destinations/belej-cres HTTP/1.1" 302 484 "-" "Mozilla/5.0 (compatible; SemrushBot/3~bl; +http://www.semrush.com/bot.html)"
108.162.241.130 - - [03/Aug/2019:12:59:27 +0000] "GET /hr/destinacije/belej-cres HTTP/1.1" 200 4033 "-" "Mozilla/5.0 (compatible; SemrushBot/3~bl; +http://www.semrush.com/bot.html)"
108.162.241.214 - - [03/Aug/2019:13:04:18 +0000] "GET /destinations/zapuzane HTTP/1.1" 200 3956 "-" "Mozilla/5.0 (compatible; SemrushBot/3~bl; +http://www.semrush.com/bot.html)"
141.101.77.90 - - [03/Aug/2019:13:07:56 +0000] "GET /hr/destinacije/orahovica HTTP/1.1" 200 4026 "https://www.google.com/" "Mozilla/5.0 (Linux; Android 7.0; SAMSUNG SM-J730F Build/NRD90M) AppleWebKit/537.36 (KHTML, like Gecko) SamsungBrowser/6.4 Chrome/56.0.2924.87 Mobile Safari/537.36"
141.101.105.147 - - [03/Aug/2019:13:07:59 +0000] "GET /site.webmanifest HTTP/1.1" 200 426 "https://www.cheapridetransfers.com/hr/destinacije/orahovica" "Mozilla/5.0 (Linux; Android 7.0; SAMSUNG SM-J730F Build/NRD90M) AppleWebKit/537.36 (KHTML, like Gecko) SamsungBrowser/6.4 Chrome/56.0.2924.87 Mobile Safari/537.36"
172.69.234.132 - - [03/Aug/2019:13:09:12 +0000] "GET / HTTP/1.1" 200 4688 "-" "FreeWebMonitoring SiteChecker/0.2 (+https://www.freewebmonitoring.com/bot.html)"
141.101.69.7 - - [03/Aug/2019:13:11:37 +0000] "GET /destinations/jarmina HTTP/1.1" 200 3944 "-" "Mozilla/5.0 (compatible; AhrefsBot/6.1; +http://ahrefs.com/robot/)"
108.162.229.36 - - [03/Aug/2019:13:13:40 +0000] "GET /destinations/vrboska-hvar HTTP/1.1" 200 3955 "https://www.google.fr/" "Mozilla/5.0 (iPhone; CPU iPhone OS 11_1_2 like Mac OS X) AppleWebKit/604.3.5 (KHTML, like Gecko) Version/11.0 Mobile/15B202 Safari/604.1"
108.162.229.200 - - [03/Aug/2019:13:13:42 +0000] "GET /css/all.css?v=20 HTTP/1.1" 200 82999 "https://www.cheapridetransfers.com/destinations/vrboska-hvar" "Mozilla/5.0 (iPhone; CPU iPhone OS 11_1_2 like Mac OS X) AppleWebKit/604.3.5 (KHTML, like Gecko) Version/11.0 Mobile/15B202 Safari/604.1"
108.162.229.150 - - [03/Aug/2019:13:13:42 +0000] "GET /font/icon_set_1.woff?55361665 HTTP/1.1" 200 41852 "https://www.cheapridetransfers.com/destinations/vrboska-hvar" "Mozilla/5.0 (iPhone; CPU iPhone OS 11_1_2 like Mac OS X) AppleWebKit/604.3.5 (KHTML, like Gecko) Version/11.0 Mobile/15B202 Safari/604.1"
108.162.229.68 - - [03/Aug/2019:13:13:42 +0000] "GET /fonts/fontawesome-webfont.woff2?v=4.7.0 HTTP/1.1" 200 77160 "https://www.cheapridetransfers.com/destinations/vrboska-hvar" "Mozilla/5.0 (iPhone; CPU iPhone OS 11_1_2 like Mac OS X) AppleWebKit/604.3.5 (KHTML, like Gecko) Version/11.0 Mobile/15B202 Safari/604.1"
108.162.229.242 - - [03/Aug/2019:13:13:42 +0000] "GET /font/fontello.woff?32974303 HTTP/1.1" 200 320576 "https://www.cheapridetransfers.com/destinations/vrboska-hvar" "Mozilla/5.0 (iPhone; CPU iPhone OS 11_1_2 like Mac OS X) AppleWebKit/604.3.5 (KHTML, like Gecko) Version/11.0 Mobile/15B202 Safari/604.1"
108.162.229.168 - - [03/Aug/2019:13:15:31 +0000] "GET /destinations/dragalic HTTP/1.1" 200 3952 "-" "Mozilla/5.0 (compatible; AhrefsBot/6.1; +http://ahrefs.com/robot/)"
141.101.77.90 - - [03/Aug/2019:13:16:51 +0000] "GET /hr/destinations/barat-kanfanar HTTP/1.1" 302 500 "-" "Mozilla/5.0 (compatible; AhrefsBot/6.1; +http://ahrefs.com/robot/)"
108.162.229.168 - - [03/Aug/2019:13:20:31 +0000] "GET /en/taxi-transfer/rijeka-airport/zadar HTTP/1.1" 200 7952 "-" "Mozilla/5.0 (compatible; AhrefsBot/6.1; +http://ahrefs.com/robot/)"
172.68.222.32 - - [03/Aug/2019:13:31:34 +0000] "GET /get-a-quote HTTP/1.1" 200 3780 "https://www.cheapridetransfers.com/destinations/srinjine" "Mozilla/5.0 (iPhone; CPU iPhone OS 12_3_1 like Mac OS X) AppleWebKit/605.1.15 (KHTML, like Gecko) Version/12.1.1 Mobile/15E148 Safari/604.1"
108.162.245.110 - - [03/Aug/2019:13:33:00 +0000] "GET /js/all.js?v=22 HTTP/1.1" 200 162862 "https://www.cheapridetransfers.com/hr/destinations/kali-ugljan" "Mozilla/5.0 (Linux; Android 6.0.1; Nexus 5X Build/MMB29P) AppleWebKit/537.36 (KHTML, like Gecko) Chrome/41.0.2272.96 Mobile Safari/537.36 (compatible; Googlebot/2.1; +http://www.google.com/bot.html)"
141.101.104.9 - - [03/Aug/2019:13:34:27 +0000] "GET /hr/taksi-transfer/drasnice/drvenik HTTP/1.1" 200 7852 "-" "Mozilla/5.0 (compatible; AhrefsBot/6.1; +http://ahrefs.com/robot/)"
108.162.241.34 - - [03/Aug/2019:13:36:03 +0000] "GET /destinations/krupa-obrovac HTTP/1.1" 200 3960 "-" "Mozilla/5.0 (compatible; SemrushBot/3~bl; +http://www.semrush.com/bot.html)"
141.101.104.179 - - [03/Aug/2019:13:38:28 +0000] "GET /hr/destinations/jadrtovac HTTP/1.1" 302 480 "-" "Mozilla/5.0 (compatible; AhrefsBot/6.1; +http://ahrefs.com/robot/)"
141.101.104.179 - - [03/Aug/2019:13:40:13 +0000] "GET /en/destinations/islam-grcki HTTP/1.1" 200 3966 "-" "Mozilla/5.0 (compatible; AhrefsBot/6.1; +http://ahrefs.com/robot/)"
141.101.105.147 - - [03/Aug/2019:13:42:31 +0000] "GET /destinations/primosten HTTP/1.1" 200 4026 "-" "Mozilla/5.0 (compatible; AhrefsBot/6.1; +http://ahrefs.com/robot/)"
108.162.229.58 - - [03/Aug/2019:13:42:47 +0000] "GET /en/destinations/cista-mala HTTP/1.1" 200 3962 "-" "Mozilla/5.0 (compatible; AhrefsBot/6.1; +http://ahrefs.com/robot/)"
172.68.222.110 - - [03/Aug/2019:13:49:15 +0000] "GET /hr/izleti/izlet-planina-biokovo-park-prirode HTTP/1.1" 200 5627 "https://www.google.com/" "Mozilla/5.0 (Linux; Android 9; SM-A605FN) AppleWebKit/537.36 (KHTML, like Gecko) Chrome/75.0.3770.143 Mobile Safari/537.36"
172.68.222.8 - - [03/Aug/2019:13:49:16 +0000] "GET /unitegallery/css/unite-gallery.css HTTP/1.1" 200 4825 "https://www.cheapridetransfers.com/hr/izleti/izlet-planina-biokovo-park-prirode" "Mozilla/5.0 (Linux; Android 9; SM-A605FN) AppleWebKit/537.36 (KHTML, like Gecko) Chrome/75.0.3770.143 Mobile Safari/537.36"
172.68.222.26 - - [03/Aug/2019:13:49:16 +0000] "GET /uploads/thumbnails/e90dd81f1cb74a58bd308e34ce29a9b0.jpg HTTP/1.1" 200 64703 "https://www.cheapridetransfers.com/hr/izleti/izlet-planina-biokovo-park-prirode" "Mozilla/5.0 (Linux; Android 9; SM-A605FN) AppleWebKit/537.36 (KHTML, like Gecko) Chrome/75.0.3770.143 Mobile Safari/537.36"
172.68.222.86 - - [03/Aug/2019:13:49:16 +0000] "GET /uploads/thumbnails/618cb9b3639db900b9e40efdf1904333.jpg HTTP/1.1" 200 64883 "https://www.cheapridetransfers.com/hr/izleti/izlet-planina-biokovo-park-prirode" "Mozilla/5.0 (Linux; Android 9; SM-A605FN) AppleWebKit/537.36 (KHTML, like Gecko) Chrome/75.0.3770.143 Mobile Safari/537.36"
172.68.222.80 - - [03/Aug/2019:13:49:16 +0000] "GET /uploads/thumbnails/9887381e09daad70e92ac6bddb87273d.jpg HTTP/1.1" 200 66311 "https://www.cheapridetransfers.com/hr/izleti/izlet-planina-biokovo-park-prirode" "Mozilla/5.0 (Linux; Android 9; SM-A605FN) AppleWebKit/537.36 (KHTML, like Gecko) Chrome/75.0.3770.143 Mobile Safari/537.36"
172.68.222.32 - - [03/Aug/2019:13:49:16 +0000] "GET /uploads/thumbnails/5cf6972392780e27904802109336c633.jpg HTTP/1.1" 200 66609 "https://www.cheapridetransfers.com/hr/izleti/izlet-planina-biokovo-park-prirode" "Mozilla/5.0 (Linux; Android 9; SM-A605FN) AppleWebKit/537.36 (KHTML, like Gecko) Chrome/75.0.3770.143 Mobile Safari/537.36"
172.68.222.14 - - [03/Aug/2019:13:49:26 +0000] "GET /js/theia-sticky-sidebar.js HTTP/1.1" 200 3059 "https://www.cheapridetransfers.com/hr/izleti/izlet-planina-biokovo-park-prirode" "Mozilla/5.0 (Linux; Android 9; SM-A605FN) AppleWebKit/537.36 (KHTML, like Gecko) Chrome/75.0.3770.143 Mobile Safari/537.36"
172.68.222.62 - - [03/Aug/2019:13:49:26 +0000] "GET /unitegallery/themes/compact/ug-theme-compact.js HTTP/1.1" 200 2477 "https://www.cheapridetransfers.com/hr/izleti/izlet-planina-biokovo-park-prirode" "Mozilla/5.0 (Linux; Android 9; SM-A605FN) AppleWebKit/537.36 (KHTML, like Gecko) Chrome/75.0.3770.143 Mobile Safari/537.36"
172.68.222.26 - - [03/Aug/2019:13:49:26 +0000] "GET /unitegallery/js/unitegallery.min.js HTTP/1.1" 200 66910 "https://www.cheapridetransfers.com/hr/izleti/izlet-planina-biokovo-park-prirode" "Mozilla/5.0 (Linux; Android 9; SM-A605FN) AppleWebKit/537.36 (KHTML, like Gecko) Chrome/75.0.3770.143 Mobile Safari/537.36"
172.68.222.44 - - [03/Aug/2019:13:49:28 +0000] "GET /site.webmanifest HTTP/1.1" 200 426 "https://www.cheapridetransfers.com/hr/izleti/izlet-planina-biokovo-park-prirode" "Mozilla/5.0 (Linux; Android 9; SM-A605FN) AppleWebKit/537.36 (KHTML, like Gecko) Chrome/75.0.3770.143 Mobile Safari/537.36"
172.68.222.32 - - [03/Aug/2019:13:49:28 +0000] "GET /unitegallery/skins/default/slider_arrow_right.png HTTP/1.1" 200 493 "https://www.cheapridetransfers.com/unitegallery/css/unite-gallery.css" "Mozilla/5.0 (Linux; Android 9; SM-A605FN) AppleWebKit/537.36 (KHTML, like Gecko) Chrome/75.0.3770.143 Mobile Safari/537.36"
172.68.222.68 - - [03/Aug/2019:13:49:28 +0000] "GET /img/minus.png HTTP/1.1" 200 948 "https://www.cheapridetransfers.com/css/all.css?v=20" "Mozilla/5.0 (Linux; Android 9; SM-A605FN) AppleWebKit/537.36 (KHTML, like Gecko) Chrome/75.0.3770.143 Mobile Safari/537.36"
172.68.222.14 - - [03/Aug/2019:13:49:28 +0000] "GET /img/plus.png HTTP/1.1" 200 955 "https://www.cheapridetransfers.com/css/all.css?v=20" "Mozilla/5.0 (Linux; Android 9; SM-A605FN) AppleWebKit/537.36 (KHTML, like Gecko) Chrome/75.0.3770.143 Mobile Safari/537.36"
172.68.222.14 - - [03/Aug/2019:13:49:28 +0000] "GET /unitegallery/images/cover-grid.png HTTP/1.1" 200 933 "https://www.cheapridetransfers.com/unitegallery/css/unite-gallery.css" "Mozilla/5.0 (Linux; Android 9; SM-A605FN) AppleWebKit/537.36 (KHTML, like Gecko) Chrome/75.0.3770.143 Mobile Safari/537.36"
172.68.222.86 - - [03/Aug/2019:13:49:28 +0000] "GET /unitegallery/skins/default/grid_handle_black_top.png HTTP/1.1" 200 942 "https://www.cheapridetransfers.com/unitegallery/css/unite-gallery.css" "Mozilla/5.0 (Linux; Android 9; SM-A605FN) AppleWebKit/537.36 (KHTML, like Gecko) Chrome/75.0.3770.143 Mobile Safari/537.36"
172.68.222.38 - - [03/Aug/2019:13:49:28 +0000] "GET /unitegallery/images/loader.gif HTTP/1.1" 200 673 "https://www.cheapridetransfers.com/unitegallery/css/unite-gallery.css" "Mozilla/5.0 (Linux; Android 9; SM-A605FN) AppleWebKit/537.36 (KHTML, like Gecko) Chrome/75.0.3770.143 Mobile Safari/537.36"
172.68.222.44 - - [03/Aug/2019:13:49:28 +0000] "GET /unitegallery/images/loader-white1.gif HTTP/1.1" 200 2545 "https://www.cheapridetransfers.com/unitegallery/css/unite-gallery.css" "Mozilla/5.0 (Linux; Android 9; SM-A605FN) AppleWebKit/537.36 (KHTML, like Gecko) Chrome/75.0.3770.143 Mobile Safari/537.36"
172.68.222.74 - - [03/Aug/2019:13:49:28 +0000] "GET /unitegallery/images/not_loaded.png HTTP/1.1" 200 858 "https://www.cheapridetransfers.com/unitegallery/css/unite-gallery.css" "Mozilla/5.0 (Linux; Android 9; SM-A605FN) AppleWebKit/537.36 (KHTML, like Gecko) Chrome/75.0.3770.143 Mobile Safari/537.36"
172.68.222.56 - - [03/Aug/2019:13:49:28 +0000] "GET /unitegallery/skins/default/slider_arrow_left.png HTTP/1.1" 200 470 "https://www.cheapridetransfers.com/unitegallery/css/unite-gallery.css" "Mozilla/5.0 (Linux; Android 9; SM-A605FN) AppleWebKit/537.36 (KHTML, like Gecko) Chrome/75.0.3770.143 Mobile Safari/537.36"
172.68.222.8 - - [03/Aug/2019:13:49:28 +0000] "GET /unitegallery/skins/default/button_fullscreen.png HTTP/1.1" 200 1050 "https://www.cheapridetransfers.com/unitegallery/css/unite-gallery.css" "Mozilla/5.0 (Linux; Android 9; SM-A605FN) AppleWebKit/537.36 (KHTML, like Gecko) Chrome/75.0.3770.143 Mobile Safari/537.36"
172.68.222.56 - - [03/Aug/2019:13:49:28 +0000] "GET /unitegallery/images/button-close.png HTTP/1.1" 200 7155 "https://www.cheapridetransfers.com/unitegallery/css/unite-gallery.css" "Mozilla/5.0 (Linux; Android 9; SM-A605FN) AppleWebKit/537.36 (KHTML, like Gecko) Chrome/75.0.3770.143 Mobile Safari/537.36"
172.68.222.38 - - [03/Aug/2019:13:49:28 +0000] "GET /unitegallery/images/play-button-square.png HTTP/1.1" 200 4591 "https://www.cheapridetransfers.com/unitegallery/css/unite-gallery.css" "Mozilla/5.0 (Linux; Android 9; SM-A605FN) AppleWebKit/537.36 (KHTML, like Gecko) Chrome/75.0.3770.143 Mobile Safari/537.36"
172.68.222.68 - - [03/Aug/2019:13:49:28 +0000] "GET /unitegallery/images/loader-black1.gif HTTP/1.1" 200 5855 "https://www.cheapridetransfers.com/unitegallery/css/unite-gallery.css" "Mozilla/5.0 (Linux; Android 9; SM-A605FN) AppleWebKit/537.36 (KHTML, like Gecko) Chrome/75.0.3770.143 Mobile Safari/537.36"
172.68.222.56 - - [03/Aug/2019:13:49:29 +0000] "GET /uploads/images/e90dd81f1cb74a58bd308e34ce29a9b0.jpg HTTP/1.1" 200 158323 "https://www.cheapridetransfers.com/hr/izleti/izlet-planina-biokovo-park-prirode" "Mozilla/5.0 (Linux; Android 9; SM-A605FN) AppleWebKit/537.36 (KHTML, like Gecko) Chrome/75.0.3770.143 Mobile Safari/537.36"
172.68.222.86 - - [03/Aug/2019:13:49:29 +0000] "GET /uploads/images/5cf6972392780e27904802109336c633.jpg HTTP/1.1" 200 140686 "https://www.cheapridetransfers.com/hr/izleti/izlet-planina-biokovo-park-prirode" "Mozilla/5.0 (Linux; Android 9; SM-A605FN) AppleWebKit/537.36 (KHTML, like Gecko) Chrome/75.0.3770.143 Mobile Safari/537.36"
172.68.222.74 - - [03/Aug/2019:13:49:29 +0000] "GET /uploads/images/9887381e09daad70e92ac6bddb87273d.jpg HTTP/1.1" 200 199121 "https://www.cheapridetransfers.com/hr/izleti/izlet-planina-biokovo-park-prirode" "Mozilla/5.0 (Linux; Android 9; SM-A605FN) AppleWebKit/537.36 (KHTML, like Gecko) Chrome/75.0.3770.143 Mobile Safari/537.36"
108.162.229.212 - - [03/Aug/2019:13:49:49 +0000] "GET /en/destinations/kozlovac HTTP/1.1" 200 3960 "-" "Mozilla/5.0 (compatible; AhrefsBot/6.1; +http://ahrefs.com/robot/)"
172.68.222.110 - - [03/Aug/2019:13:50:09 +0000] "GET /hr/kontakt HTTP/1.1" 200 4332 "https://www.cheapridetransfers.com/hr/izleti/izlet-planina-biokovo-park-prirode" "Mozilla/5.0 (Linux; Android 9; SM-A605FN) AppleWebKit/537.36 (KHTML, like Gecko) Chrome/75.0.3770.143 Mobile Safari/537.36"
172.68.222.110 - - [03/Aug/2019:13:50:10 +0000] "GET /img/tape.png HTTP/1.1" 200 6075 "https://www.cheapridetransfers.com/css/all.css?v=20" "Mozilla/5.0 (Linux; Android 9; SM-A605FN) AppleWebKit/537.36 (KHTML, like Gecko) Chrome/75.0.3770.143 Mobile Safari/537.36"
108.162.241.214 - - [03/Aug/2019:13:50:29 +0000] "GET /taxi-transfer/split/novalja-pag HTTP/1.1" 200 7649 "-" "Mozilla/5.0 (compatible; SemrushBot/3~bl; +http://www.semrush.com/bot.html)"
108.162.241.34 - - [03/Aug/2019:13:54:46 +0000] "GET /en/destinations/barat-kanfanar HTTP/1.1" 200 3967 "-" "Mozilla/5.0 (compatible; SemrushBot/3~bl; +http://www.semrush.com/bot.html)"
141.101.69.7 - - [03/Aug/2019:13:55:19 +0000] "GET /hr/destinations/saborsko HTTP/1.1" 302 476 "-" "Mozilla/5.0 (compatible; AhrefsBot/6.1; +http://ahrefs.com/robot/)"
108.162.229.54 - - [03/Aug/2019:13:55:25 +0000] "GET /hr/destinations/hvar-hvar HTTP/1.1" 302 480 "-" "Mozilla/5.0 (compatible; AhrefsBot/6.1; +http://ahrefs.com/robot/)"
172.68.222.110 - - [03/Aug/2019:13:59:53 +0000] "GET /hr/destinacije/orahovica HTTP/1.1" 200 4026 "https://www.google.com/" "Mozilla/5.0 (Linux; Android 8.0.0; SM-G935F) AppleWebKit/537.36 (KHTML, like Gecko) Chrome/75.0.3770.143 Mobile Safari/537.36"
172.68.222.44 - - [03/Aug/2019:13:59:56 +0000] "GET /site.webmanifest HTTP/1.1" 200 426 "https://www.cheapridetransfers.com/hr/destinacije/orahovica" "Mozilla/5.0 (Linux; Android 8.0.0; SM-G935F) AppleWebKit/537.36 (KHTML, like Gecko) Chrome/75.0.3770.143 Mobile Safari/537.36"
108.162.241.130 - - [03/Aug/2019:14:01:01 +0000] "GET /hr/taksi-transfer/bratus/promajna HTTP/1.1" 200 7852 "-" "Mozilla/5.0 (compatible; SemrushBot/3~bl; +http://www.semrush.com/bot.html)"
172.69.54.169 - - [03/Aug/2019:14:02:14 +0000] "GET /en/destinations/dol-brac HTTP/1.1" 200 3962 "-" "Mozilla/5.0 (compatible; AhrefsBot/6.1; +http://ahrefs.com/robot/)"
108.162.241.130 - - [03/Aug/2019:14:02:41 +0000] "GET /destinations/barat-kanfanar HTTP/1.1" 200 3961 "-" "Mozilla/5.0 (compatible; SemrushBot/3~bl; +http://www.semrush.com/bot.html)"
162.158.106.106 - - [03/Aug/2019:14:04:08 +0000] "GET /taxi-transfer/drasnice/bast HTTP/1.1" 200 7645 "-" "Mozilla/5.0 (Linux; Android 6.0.1; Nexus 5X Build/MMB29P) AppleWebKit/537.36 (KHTML, like Gecko) Chrome/41.0.2272.96 Mobile Safari/537.36 (compatible; Googlebot/2.1; +http://www.google.com/bot.html)"
108.162.245.122 - - [03/Aug/2019:14:10:16 +0000] "GET /en/ HTTP/1.1" 301 244 "-" "Mozilla/5.0 (compatible; Googlebot/2.1; +http://www.google.com/bot.html)"
108.162.246.9 - - [03/Aug/2019:14:10:18 +0000] "GET /en HTTP/1.1" 200 4696 "-" "Mozilla/5.0 (compatible; Googlebot/2.1; +http://www.google.com/bot.html)"
172.69.234.140 - - [03/Aug/2019:14:12:08 +0000] "GET / HTTP/1.1" 200 4688 "-" "FreeWebMonitoring SiteChecker/0.2 (+https://www.freewebmonitoring.com/bot.html)"
108.162.229.168 - - [03/Aug/2019:14:13:23 +0000] "GET /hr/destinacije/stanista HTTP/1.1" 200 4034 "-" "Mozilla/5.0 (compatible; AhrefsBot/6.1; +http://ahrefs.com/robot/)"
108.162.229.36 - - [03/Aug/2019:14:18:57 +0000] "GET /destinations/kotoriba HTTP/1.1" 200 3946 "-" "Mozilla/5.0 (compatible; AhrefsBot/6.1; +http://ahrefs.com/robot/)"
108.162.229.20 - - [03/Aug/2019:14:18:59 +0000] "GET /taxi-transfer/kosljun-pag/split-airport HTTP/1.1" 200 7964 "-" "Mozilla/5.0 (compatible; AhrefsBot/6.1; +http://ahrefs.com/robot/)"
108.162.241.214 - - [03/Aug/2019:14:23:48 +0000] "GET /hr/taksi-transfer/makarska/tucepi HTTP/1.1" 200 7823 "-" "Mozilla/5.0 (compatible; SemrushBot/3~bl; +http://www.semrush.com/bot.html)"
108.162.241.130 - - [03/Aug/2019:14:34:13 +0000] "GET /hr/destinations/banjevci HTTP/1.1" 302 476 "-" "Mozilla/5.0 (compatible; SemrushBot/3~bl; +http://www.semrush.com/bot.html)"
108.162.241.34 - - [03/Aug/2019:14:34:15 +0000] "GET /hr/destinacije/banjevci HTTP/1.1" 200 4028 "-" "Mozilla/5.0 (compatible; SemrushBot/3~bl; +http://www.semrush.com/bot.html)"
162.158.158.219 - - [03/Aug/2019:14:34:52 +0000] "GET / HTTP/1.1" 200 4688 "-" "Mozilla/5.0 (iPhone; CPU iPhone OS 12_3_1 like Mac OS X) AppleWebKit/605.1.15 (KHTML, like Gecko) Version/12.1.1 Mobile/15E148 Safari/604.1"
162.158.154.95 - - [03/Aug/2019:14:34:52 +0000] "GET /img/slide_hero_2.jpg HTTP/1.1" 200 33901 "https://www.cheapridetransfers.com/" "Mozilla/5.0 (iPhone; CPU iPhone OS 12_3_1 like Mac OS X) AppleWebKit/605.1.15 (KHTML, like Gecko) Version/12.1.1 Mobile/15E148 Safari/604.1"
162.158.154.89 - - [03/Aug/2019:14:34:53 +0000] "GET /fonts/fontawesome-webfont.woff2?v=4.7.0 HTTP/1.1" 200 77160 "https://www.cheapridetransfers.com/" "Mozilla/5.0 (iPhone; CPU iPhone OS 12_3_1 like Mac OS X) AppleWebKit/605.1.15 (KHTML, like Gecko) Version/12.1.1 Mobile/15E148 Safari/604.1"
162.158.158.219 - - [03/Aug/2019:14:34:58 +0000] "GET / HTTP/1.1" 200 4688 "-" "Mozilla/5.0 (iPhone; CPU iPhone OS 12_3_1 like Mac OS X) AppleWebKit/605.1.15 (KHTML, like Gecko) Version/12.1.1 Mobile/15E148 Safari/604.1"
108.162.241.34 - - [03/Aug/2019:14:35:03 +0000] "GET /hr/destinacije/dazlina HTTP/1.1" 200 4025 "-" "Mozilla/5.0 (compatible; SemrushBot/3~bl; +http://www.semrush.com/bot.html)"
108.162.229.58 - - [03/Aug/2019:14:38:09 +0000] "GET /en/taxi-transfer/kosljun-pag/split-airport HTTP/1.1" 200 7965 "-" "Mozilla/5.0 (compatible; AhrefsBot/6.1; +http://ahrefs.com/robot/)"
172.69.54.169 - - [03/Aug/2019:14:42:13 +0000] "GET /hr/destinations/klek HTTP/1.1" 302 460 "-" "Mozilla/5.0 (compatible; AhrefsBot/6.1; +http://ahrefs.com/robot/)"
108.162.241.4 - - [03/Aug/2019:14:46:02 +0000] "GET /en/destinations/bale HTTP/1.1" 200 3945 "-" "Mozilla/5.0 (compatible; SemrushBot/3~bl; +http://www.semrush.com/bot.html)"
108.162.241.214 - - [03/Aug/2019:14:46:50 +0000] "GET /destinations/mali-brgud HTTP/1.1" 200 3952 "-" "Mozilla/5.0 (compatible; SemrushBot/3~bl; +http://www.semrush.com/bot.html)"
108.162.241.214 - - [03/Aug/2019:14:47:39 +0000] "GET /hr/destinacije/licki-osik HTTP/1.1" 200 4041 "-" "Mozilla/5.0 (compatible; SemrushBot/3~bl; +http://www.semrush.com/bot.html)"
141.101.105.34 - - [03/Aug/2019:14:51:40 +0000] "GET /destinations/debeljak HTTP/1.1" 200 3946 "-" "Mozilla/5.0 (compatible; AhrefsBot/6.1; +http://ahrefs.com/robot/)"
108.162.241.4 - - [03/Aug/2019:14:52:35 +0000] "GET /taxi-transfer/brela/igrane HTTP/1.1" 200 7629 "-" "Mozilla/5.0 (compatible; SemrushBot/3~bl; +http://www.semrush.com/bot.html)"
108.162.241.214 - - [03/Aug/2019:14:59:23 +0000] "GET /hr/destinations/zadar-airport HTTP/1.1" 302 496 "-" "Mozilla/5.0 (compatible; SemrushBot/3~bl; +http://www.semrush.com/bot.html)"
108.162.241.4 - - [03/Aug/2019:14:59:25 +0000] "GET /hr/destinacije/zadar-airport HTTP/1.1" 200 5664 "-" "Mozilla/5.0 (compatible; SemrushBot/3~bl; +http://www.semrush.com/bot.html)"
162.158.106.22 - - [03/Aug/2019:15:04:43 +0000] "GET /taxi-transfer/promajna/split HTTP/1.1" 200 7757 "-" "Mozilla/5.0 (Linux; Android 6.0.1; Nexus 5X Build/MMB29P) AppleWebKit/537.36 (KHTML, like Gecko) Chrome/41.0.2272.96 Mobile Safari/537.36 (compatible; Googlebot/2.1; +http://www.google.com/bot.html)"
141.101.105.196 - - [03/Aug/2019:15:06:19 +0000] "GET /destinations/cacinci HTTP/1.1" 200 3954 "-" "Mozilla/5.0 (compatible; AhrefsBot/6.1; +http://ahrefs.com/robot/)"
172.68.222.32 - - [03/Aug/2019:15:07:27 +0000] "GET /hr/taxi HTTP/1.1" 200 4770 "https://www.google.com/" "Mozilla/5.0 (Windows NT 10.0; Win64; x64; rv:68.0) Gecko/20100101 Firefox/68.0"
172.68.222.86 - - [03/Aug/2019:15:07:27 +0000] "GET /flags/4x3/hr.svg HTTP/1.1" 200 41588 "https://www.cheapridetransfers.com/css/all.css?v=20" "Mozilla/5.0 (Windows NT 10.0; Win64; x64; rv:68.0) Gecko/20100101 Firefox/68.0"
172.68.222.32 - - [03/Aug/2019:15:07:33 +0000] "POST /startlocation HTTP/1.1" 200 79 "https://www.cheapridetransfers.com/hr/taxi" "Mozilla/5.0 (Windows NT 10.0; Win64; x64; rv:68.0) Gecko/20100101 Firefox/68.0"
172.68.222.32 - - [03/Aug/2019:15:07:38 +0000] "POST /endlocation HTTP/1.1" 200 69 "https://www.cheapridetransfers.com/hr/taxi" "Mozilla/5.0 (Windows NT 10.0; Win64; x64; rv:68.0) Gecko/20100101 Firefox/68.0"
172.68.222.32 - - [03/Aug/2019:15:07:43 +0000] "GET /hr/pretraga?start_location=Makarska&end_location=Igrane&date=08.08.2019 HTTP/1.1" 302 516 "https://www.cheapridetransfers.com/hr/taxi" "Mozilla/5.0 (Windows NT 10.0; Win64; x64; rv:68.0) Gecko/20100101 Firefox/68.0"
172.68.222.32 - - [03/Aug/2019:15:07:43 +0000] "GET /hr/taksi-transfer/makarska/igrane HTTP/1.1" 200 7844 "https://www.cheapridetransfers.com/hr/taxi" "Mozilla/5.0 (Windows NT 10.0; Win64; x64; rv:68.0) Gecko/20100101 Firefox/68.0"
108.162.241.4 - - [03/Aug/2019:15:13:25 +0000] "GET /destinations/brckovljani HTTP/1.1" 200 3951 "-" "Mozilla/5.0 (compatible; SemrushBot/3~bl; +http://www.semrush.com/bot.html)"
172.69.234.142 - - [03/Aug/2019:15:14:01 +0000] "GET / HTTP/1.1" 200 4688 "-" "FreeWebMonitoring SiteChecker/0.2 (+https://www.freewebmonitoring.com/bot.html)"
162.158.134.188 - - [03/Aug/2019:15:14:49 +0000] "GET / HTTP/1.1" 200 4688 "-" "Mozilla/5.0 (iPhone; CPU iPhone OS 12_1_2 like Mac OS X) AppleWebKit/605.1.15 (KHTML, like Gecko) Version/12.0 Mobile/15E148 Safari/604.1"
108.162.229.218 - - [03/Aug/2019:15:17:37 +0000] "GET /hr/destinations/drasnice HTTP/1.1" 302 476 "-" "Mozilla/5.0 (compatible; AhrefsBot/6.1; +http://ahrefs.com/robot/)"
162.158.134.242 - - [03/Aug/2019:15:21:01 +0000] "GET /faq HTTP/1.1" 200 4532 "https://www.cheapridetransfers.com/" "Mozilla/5.0 (iPhone; CPU iPhone OS 12_1_2 like Mac OS X) AppleWebKit/605.1.15 (KHTML, like Gecko) Version/12.0 Mobile/15E148 Safari/604.1"
