162.158.238.182 - - [04/Aug/2019:17:19:13 +0000] "GET /hr/destinacije/milna-hvar HTTP/1.1" 200 4036 "-" "(info@domaincrawler.com; http://www.domaincrawler.com/cheapridetransfers.com)"
162.158.238.182 - - [04/Aug/2019:17:19:18 +0000] "GET /hr/destinacije/pasadur-lastovo HTTP/1.1" 200 4039 "-" "(info@domaincrawler.com; http://www.domaincrawler.com/cheapridetransfers.com)"
162.158.238.182 - - [04/Aug/2019:17:19:24 +0000] "GET /hr/destinacije/budinscina HTTP/1.1" 200 4046 "-" "(info@domaincrawler.com; http://www.domaincrawler.com/cheapridetransfers.com)"
162.158.238.182 - - [04/Aug/2019:17:19:28 +0000] "GET /hr/destinacije/milna-brac HTTP/1.1" 200 4040 "-" "(info@domaincrawler.com; http://www.domaincrawler.com/cheapridetransfers.com)"
162.158.238.182 - - [04/Aug/2019:17:19:34 +0000] "GET /hr/destinacije/necujam-solta HTTP/1.1" 200 4053 "-" "(info@domaincrawler.com; http://www.domaincrawler.com/cheapridetransfers.com)"
162.158.238.182 - - [04/Aug/2019:17:19:37 +0000] "GET /hr/destinacije/pasman-pasman HTTP/1.1" 200 4049 "-" "(info@domaincrawler.com; http://www.domaincrawler.com/cheapridetransfers.com)"
162.158.238.182 - - [04/Aug/2019:17:19:40 +0000] "GET /hr/destinacije/okuklje-mljet HTTP/1.1" 200 4038 "-" "(info@domaincrawler.com; http://www.domaincrawler.com/cheapridetransfers.com)"
162.158.238.182 - - [04/Aug/2019:17:19:45 +0000] "GET /hr/destinacije/bosanka HTTP/1.1" 200 4027 "-" "(info@domaincrawler.com; http://www.domaincrawler.com/cheapridetransfers.com)"
162.158.238.182 - - [04/Aug/2019:17:19:50 +0000] "GET /hr/destinacije/brestovac HTTP/1.1" 200 4029 "-" "(info@domaincrawler.com; http://www.domaincrawler.com/cheapridetransfers.com)"
162.158.238.182 - - [04/Aug/2019:17:19:54 +0000] "GET /hr/destinacije/brist HTTP/1.1" 200 4535 "-" "(info@domaincrawler.com; http://www.domaincrawler.com/cheapridetransfers.com)"
162.158.238.182 - - [04/Aug/2019:17:19:59 +0000] "GET /hr/destinacije/bristane HTTP/1.1" 200 4036 "-" "(info@domaincrawler.com; http://www.domaincrawler.com/cheapridetransfers.com)"
162.158.238.182 - - [04/Aug/2019:17:20:04 +0000] "GET /hr/destinacije/brod-na-kupi HTTP/1.1" 200 4037 "-" "(info@domaincrawler.com; http://www.domaincrawler.com/cheapridetransfers.com)"
162.158.238.182 - - [04/Aug/2019:17:20:07 +0000] "GET /hr/destinacije/metajna-pag HTTP/1.1" 200 4035 "-" "(info@domaincrawler.com; http://www.domaincrawler.com/cheapridetransfers.com)"
162.158.238.182 - - [04/Aug/2019:17:20:12 +0000] "GET /hr/destinacije/pinezici-krk HTTP/1.1" 200 4044 "-" "(info@domaincrawler.com; http://www.domaincrawler.com/cheapridetransfers.com)"
162.158.238.182 - - [04/Aug/2019:17:20:15 +0000] "GET /hr/destinacije/brusane HTTP/1.1" 200 4037 "-" "(info@domaincrawler.com; http://www.domaincrawler.com/cheapridetransfers.com)"
162.158.238.182 - - [04/Aug/2019:17:20:18 +0000] "GET /hr/destinacije/brasina HTTP/1.1" 200 4036 "-" "(info@domaincrawler.com; http://www.domaincrawler.com/cheapridetransfers.com)"
162.158.238.182 - - [04/Aug/2019:17:20:22 +0000] "GET /hr/destinacije/breg HTTP/1.1" 200 4022 "-" "(info@domaincrawler.com; http://www.domaincrawler.com/cheapridetransfers.com)"
162.158.238.182 - - [04/Aug/2019:17:20:26 +0000] "GET /hr/destinacije/milcetici-krk HTTP/1.1" 200 4050 "-" "(info@domaincrawler.com; http://www.domaincrawler.com/cheapridetransfers.com)"
162.158.238.182 - - [04/Aug/2019:17:20:30 +0000] "GET /hr/destinacije/palit-rab HTTP/1.1" 200 4033 "-" "(info@domaincrawler.com; http://www.domaincrawler.com/cheapridetransfers.com)"
162.158.238.182 - - [04/Aug/2019:17:20:33 +0000] "GET /hr/destinacije/pernat-cres HTTP/1.1" 200 4035 "-" "(info@domaincrawler.com; http://www.domaincrawler.com/cheapridetransfers.com)"
162.158.238.182 - - [04/Aug/2019:17:20:35 +0000] "GET /hr/destinacije/novalja-pag HTTP/1.1" 200 4111 "-" "(info@domaincrawler.com; http://www.domaincrawler.com/cheapridetransfers.com)"
162.158.238.182 - - [04/Aug/2019:17:20:40 +0000] "GET /hr/destinacije/borut-cerovlje HTTP/1.1" 200 4039 "-" "(info@domaincrawler.com; http://www.domaincrawler.com/cheapridetransfers.com)"
162.158.238.182 - - [04/Aug/2019:17:20:45 +0000] "GET /hr/destinacije/brela HTTP/1.1" 200 4689 "-" "(info@domaincrawler.com; http://www.domaincrawler.com/cheapridetransfers.com)"
162.158.238.182 - - [04/Aug/2019:17:20:49 +0000] "GET /hr/destinacije?page=1 HTTP/1.1" 200 6958 "-" "(info@domaincrawler.com; http://www.domaincrawler.com/cheapridetransfers.com)"
162.158.238.182 - - [04/Aug/2019:17:20:50 +0000] "GET /hr/destinacije/mali-losinj-losinj HTTP/1.1" 200 4059 "-" "(info@domaincrawler.com; http://www.domaincrawler.com/cheapridetransfers.com)"
162.158.238.182 - - [04/Aug/2019:17:20:53 +0000] "GET /hr/destinacije/nenadici-krk HTTP/1.1" 200 4043 "-" "(info@domaincrawler.com; http://www.domaincrawler.com/cheapridetransfers.com)"
162.158.238.182 - - [04/Aug/2019:17:20:57 +0000] "GET /hr/destinacije/breznicki-hum HTTP/1.1" 200 4046 "-" "(info@domaincrawler.com; http://www.domaincrawler.com/cheapridetransfers.com)"
162.158.238.182 - - [04/Aug/2019:17:20:59 +0000] "GET /hr/destinacije/miholascica-cres HTTP/1.1" 200 4057 "-" "(info@domaincrawler.com; http://www.domaincrawler.com/cheapridetransfers.com)"
162.158.238.182 - - [04/Aug/2019:17:21:04 +0000] "GET /hr/destinacije/pitve-hvar HTTP/1.1" 200 4035 "-" "(info@domaincrawler.com; http://www.domaincrawler.com/cheapridetransfers.com)"
162.158.238.182 - - [04/Aug/2019:17:21:07 +0000] "GET /hr/destinacije/bruvno HTTP/1.1" 200 4025 "-" "(info@domaincrawler.com; http://www.domaincrawler.com/cheapridetransfers.com)"
162.158.238.182 - - [04/Aug/2019:17:21:11 +0000] "GET /hr/destinacije/murvica-brac HTTP/1.1" 200 4040 "-" "(info@domaincrawler.com; http://www.domaincrawler.com/cheapridetransfers.com)"
162.158.238.182 - - [04/Aug/2019:17:21:15 +0000] "GET /hr/destinacije/bratovici HTTP/1.1" 200 4032 "-" "(info@domaincrawler.com; http://www.domaincrawler.com/cheapridetransfers.com)"
162.158.238.182 - - [04/Aug/2019:17:21:22 +0000] "GET /hr/destinacije/brodski-stupnik HTTP/1.1" 200 4039 "-" "(info@domaincrawler.com; http://www.domaincrawler.com/cheapridetransfers.com)"
162.158.238.182 - - [04/Aug/2019:17:21:26 +0000] "GET /hr/destinacije/malinska-krk HTTP/1.1" 200 4036 "-" "(info@domaincrawler.com; http://www.domaincrawler.com/cheapridetransfers.com)"
162.158.238.182 - - [04/Aug/2019:17:21:29 +0000] "GET /hr/destinacije/boskari HTTP/1.1" 200 4036 "-" "(info@domaincrawler.com; http://www.domaincrawler.com/cheapridetransfers.com)"
162.158.238.182 - - [04/Aug/2019:17:21:33 +0000] "GET /hr/destinacije/brnaze HTTP/1.1" 200 4025 "-" "(info@domaincrawler.com; http://www.domaincrawler.com/cheapridetransfers.com)"
162.158.238.182 - - [04/Aug/2019:17:21:36 +0000] "GET /hr/destinacije/osljak-osljak HTTP/1.1" 200 4049 "-" "(info@domaincrawler.com; http://www.domaincrawler.com/cheapridetransfers.com)"
162.158.238.182 - - [04/Aug/2019:17:21:38 +0000] "GET /hr/destinacije/bosiljevo HTTP/1.1" 200 4029 "-" "(info@domaincrawler.com; http://www.domaincrawler.com/cheapridetransfers.com)"
162.158.238.182 - - [04/Aug/2019:17:21:42 +0000] "GET /hr/destinacije/brodarica HTTP/1.1" 200 4090 "-" "(info@domaincrawler.com; http://www.domaincrawler.com/cheapridetransfers.com)"
162.158.238.182 - - [04/Aug/2019:17:21:45 +0000] "GET /hr/destinacije/poljana-ugljan HTTP/1.1" 200 4037 "-" "(info@domaincrawler.com; http://www.domaincrawler.com/cheapridetransfers.com)"
162.158.238.182 - - [04/Aug/2019:17:21:49 +0000] "GET /hr/destinacije/breze-novi-vinodolski HTTP/1.1" 200 4051 "-" "(info@domaincrawler.com; http://www.domaincrawler.com/cheapridetransfers.com)"
162.158.238.182 - - [04/Aug/2019:17:21:52 +0000] "GET /hr/destinacije/nerezisca-brac HTTP/1.1" 200 4061 "-" "(info@domaincrawler.com; http://www.domaincrawler.com/cheapridetransfers.com)"
162.158.238.182 - - [04/Aug/2019:17:21:56 +0000] "GET /hr/destinacije/orlec-cres HTTP/1.1" 200 4033 "-" "(info@domaincrawler.com; http://www.domaincrawler.com/cheapridetransfers.com)"
108.162.246.147 - - [04/Aug/2019:17:21:57 +0000] "GET /destinations/bogovici-krk HTTP/1.1" 200 3964 "-" "Mozilla/5.0 (Linux; Android 6.0.1; Nexus 5X Build/MMB29P) AppleWebKit/537.36 (KHTML, like Gecko) Chrome/41.0.2272.96 Mobile Safari/537.36 (compatible; Googlebot/2.1; +http://www.google.com/bot.html)"
162.158.238.182 - - [04/Aug/2019:17:22:02 +0000] "GET /hr/destinacije/brest-pod-uckom HTTP/1.1" 200 4042 "-" "(info@domaincrawler.com; http://www.domaincrawler.com/cheapridetransfers.com)"
162.158.238.182 - - [04/Aug/2019:17:22:04 +0000] "GET /hr/destinacije/brlog-otocac HTTP/1.1" 200 4043 "-" "(info@domaincrawler.com; http://www.domaincrawler.com/cheapridetransfers.com)"
162.158.238.182 - - [04/Aug/2019:17:22:10 +0000] "GET /hr/destinacije/brotnice HTTP/1.1" 200 4028 "-" "(info@domaincrawler.com; http://www.domaincrawler.com/cheapridetransfers.com)"
162.158.238.182 - - [04/Aug/2019:17:22:13 +0000] "GET /hr/destinacije/brotnja HTTP/1.1" 200 4027 "-" "(info@domaincrawler.com; http://www.domaincrawler.com/cheapridetransfers.com)"
162.158.238.182 - - [04/Aug/2019:17:22:17 +0000] "GET /hr/destinacije/brsecine HTTP/1.1" 200 4033 "-" "(info@domaincrawler.com; http://www.domaincrawler.com/cheapridetransfers.com)"
162.158.238.182 - - [04/Aug/2019:17:22:20 +0000] "GET /hr/destinacije/plisko-polje-vis HTTP/1.1" 200 4042 "-" "(info@domaincrawler.com; http://www.domaincrawler.com/cheapridetransfers.com)"
162.158.238.182 - - [04/Aug/2019:17:22:24 +0000] "GET /hr/destinacije/podstrazje-vis HTTP/1.1" 200 4041 "-" "(info@domaincrawler.com; http://www.domaincrawler.com/cheapridetransfers.com)"
162.158.238.182 - - [04/Aug/2019:17:22:29 +0000] "GET /hr/destinacije/brinje HTTP/1.1" 200 4025 "-" "(info@domaincrawler.com; http://www.domaincrawler.com/cheapridetransfers.com)"
162.158.238.182 - - [04/Aug/2019:17:22:33 +0000] "GET /hr/destinacije/marsici-krk HTTP/1.1" 200 4051 "-" "(info@domaincrawler.com; http://www.domaincrawler.com/cheapridetransfers.com)"
162.158.238.182 - - [04/Aug/2019:17:22:37 +0000] "GET /hr/destinacije/miskovici-pag HTTP/1.1" 200 4053 "-" "(info@domaincrawler.com; http://www.domaincrawler.com/cheapridetransfers.com)"
162.158.238.182 - - [04/Aug/2019:17:22:40 +0000] "GET /hr/destinacije/nevidane-pasman HTTP/1.1" 200 4057 "-" "(info@domaincrawler.com; http://www.domaincrawler.com/cheapridetransfers.com)"
162.158.238.182 - - [04/Aug/2019:17:22:45 +0000] "GET /hr/destinacije/brestova HTTP/1.1" 200 4027 "-" "(info@domaincrawler.com; http://www.domaincrawler.com/cheapridetransfers.com)"
162.158.238.182 - - [04/Aug/2019:17:22:47 +0000] "GET /hr/destinacije/mrljane-pasman HTTP/1.1" 200 4048 "-" "(info@domaincrawler.com; http://www.domaincrawler.com/cheapridetransfers.com)"
162.158.238.182 - - [04/Aug/2019:17:22:50 +0000] "GET /hr/destinacije/brgud HTTP/1.1" 200 4024 "-" "(info@domaincrawler.com; http://www.domaincrawler.com/cheapridetransfers.com)"
162.158.238.182 - - [04/Aug/2019:17:22:54 +0000] "GET /hr/destinacije/brsec HTTP/1.1" 200 4029 "-" "(info@domaincrawler.com; http://www.domaincrawler.com/cheapridetransfers.com)"
172.68.222.44 - - [04/Aug/2019:17:23:03 +0000] "GET /hr/destinacije/preko-ugljan HTTP/1.1" 200 4036 "https://www.google.com/" "Mozilla/5.0 (Linux; Android 7.0; AGS-W09) AppleWebKit/537.36 (KHTML, like Gecko) Chrome/75.0.3770.101 Safari/537.36"
172.68.222.32 - - [04/Aug/2019:17:23:06 +0000] "GET /site.webmanifest HTTP/1.1" 200 426 "https://www.cheapridetransfers.com/hr/destinacije/preko-ugljan" "Mozilla/5.0 (Linux; Android 7.0; AGS-W09) AppleWebKit/537.36 (KHTML, like Gecko) Chrome/75.0.3770.101 Safari/537.36"
162.158.238.182 - - [04/Aug/2019:17:23:18 +0000] "GET /hr/destinacije/brecici HTTP/1.1" 200 4037 "-" "(info@domaincrawler.com; http://www.domaincrawler.com/cheapridetransfers.com)"
162.158.238.182 - - [04/Aug/2019:17:23:21 +0000] "GET /hr/destinacije/brijesta HTTP/1.1" 200 4089 "-" "(info@domaincrawler.com; http://www.domaincrawler.com/cheapridetransfers.com)"
162.158.238.182 - - [04/Aug/2019:17:23:25 +0000] "GET /hr/destinacije/pag-pag HTTP/1.1" 200 4093 "-" "(info@domaincrawler.com; http://www.domaincrawler.com/cheapridetransfers.com)"
162.158.238.182 - - [04/Aug/2019:17:23:30 +0000] "GET /hr/destinacije/bribir-vinodol HTTP/1.1" 200 4040 "-" "(info@domaincrawler.com; http://www.domaincrawler.com/cheapridetransfers.com)"
162.158.238.182 - - [04/Aug/2019:17:23:32 +0000] "GET /hr/destinacije/brod-moravice HTTP/1.1" 200 4034 "-" "(info@domaincrawler.com; http://www.domaincrawler.com/cheapridetransfers.com)"
162.158.238.182 - - [04/Aug/2019:17:23:34 +0000] "GET /hr/destinacije/osor-cres HTTP/1.1" 200 4033 "-" "(info@domaincrawler.com; http://www.domaincrawler.com/cheapridetransfers.com)"
162.158.238.182 - - [04/Aug/2019:17:23:39 +0000] "GET /hr/destinacije/podspilje-vis HTTP/1.1" 200 4049 "-" "(info@domaincrawler.com; http://www.domaincrawler.com/cheapridetransfers.com)"
162.158.238.182 - - [04/Aug/2019:17:23:43 +0000] "GET /hr/destinacije/borinici HTTP/1.1" 200 4034 "-" "(info@domaincrawler.com; http://www.domaincrawler.com/cheapridetransfers.com)"
162.158.238.182 - - [04/Aug/2019:17:23:48 +0000] "GET /hr/destinacije/milna-vis HTTP/1.1" 200 4034 "-" "(info@domaincrawler.com; http://www.domaincrawler.com/cheapridetransfers.com)"
162.158.238.182 - - [04/Aug/2019:17:23:52 +0000] "GET /hr/destinacije/brckovljani HTTP/1.1" 200 4031 "-" "(info@domaincrawler.com; http://www.domaincrawler.com/cheapridetransfers.com)"
162.158.238.182 - - [04/Aug/2019:17:23:57 +0000] "GET /hr/destinacije/brdovec HTTP/1.1" 200 4028 "-" "(info@domaincrawler.com; http://www.domaincrawler.com/cheapridetransfers.com)"
162.158.238.182 - - [04/Aug/2019:17:24:04 +0000] "GET /hr/destinacije/bosnjaci HTTP/1.1" 200 4038 "-" "(info@domaincrawler.com; http://www.domaincrawler.com/cheapridetransfers.com)"
162.158.238.182 - - [04/Aug/2019:17:24:07 +0000] "GET /hr/destinacije/bruska HTTP/1.1" 200 4036 "-" "(info@domaincrawler.com; http://www.domaincrawler.com/cheapridetransfers.com)"
162.158.238.182 - - [04/Aug/2019:17:24:10 +0000] "GET /hr/destinacije/brisevo HTTP/1.1" 200 4037 "-" "(info@domaincrawler.com; http://www.domaincrawler.com/cheapridetransfers.com)"
162.158.238.182 - - [04/Aug/2019:17:24:14 +0000] "GET /hr/destinacije/ostrobradic-krk HTTP/1.1" 200 4054 "-" "(info@domaincrawler.com; http://www.domaincrawler.com/cheapridetransfers.com)"
162.158.238.182 - - [04/Aug/2019:17:24:17 +0000] "GET /hr/destinacije/borovo HTTP/1.1" 200 4038 "-" "(info@domaincrawler.com; http://www.domaincrawler.com/cheapridetransfers.com)"
172.68.222.32 - - [04/Aug/2019:17:24:19 +0000] "GET /hr/taxi HTTP/1.1" 200 4770 "https://www.google.se/" "Mozilla/5.0 (iPad; CPU OS 11_4_1 like Mac OS X) AppleWebKit/605.1.15 (KHTML, like Gecko) Version/11.0 Mobile/15E148 Safari/604.1"
108.162.241.34 - - [04/Aug/2019:17:24:18 +0000] "GET /destinations/kraljevica HTTP/1.1" 200 3948 "-" "Mozilla/5.0 (compatible; SemrushBot/3~bl; +http://www.semrush.com/bot.html)"
172.68.222.14 - - [04/Aug/2019:17:24:19 +0000] "GET /img/logo_sticky_2x.png HTTP/1.1" 200 6019 "https://www.cheapridetransfers.com/hr/taxi" "Mozilla/5.0 (iPad; CPU OS 11_4_1 like Mac OS X) AppleWebKit/605.1.15 (KHTML, like Gecko) Version/11.0 Mobile/15E148 Safari/604.1"
162.158.238.182 - - [04/Aug/2019:17:24:19 +0000] "GET /hr/destinacije/molat-molat HTTP/1.1" 200 4032 "-" "(info@domaincrawler.com; http://www.domaincrawler.com/cheapridetransfers.com)"
162.158.238.182 - - [04/Aug/2019:17:24:25 +0000] "GET /hr/destinacije/podselje-vis HTTP/1.1" 200 4037 "-" "(info@domaincrawler.com; http://www.domaincrawler.com/cheapridetransfers.com)"
162.158.238.182 - - [04/Aug/2019:17:24:27 +0000] "GET /hr/destinacije/merag-cres HTTP/1.1" 200 4033 "-" "(info@domaincrawler.com; http://www.domaincrawler.com/cheapridetransfers.com)"
172.68.222.32 - - [04/Aug/2019:17:24:31 +0000] "POST /startlocation HTTP/1.1" 200 35 "https://www.cheapridetransfers.com/hr/taxi" "Mozilla/5.0 (iPad; CPU OS 11_4_1 like Mac OS X) AppleWebKit/605.1.15 (KHTML, like Gecko) Version/11.0 Mobile/15E148 Safari/604.1"
172.68.222.32 - - [04/Aug/2019:17:24:32 +0000] "POST /startlocation HTTP/1.1" 200 35 "https://www.cheapridetransfers.com/hr/taxi" "Mozilla/5.0 (iPad; CPU OS 11_4_1 like Mac OS X) AppleWebKit/605.1.15 (KHTML, like Gecko) Version/11.0 Mobile/15E148 Safari/604.1"
162.158.238.182 - - [04/Aug/2019:17:24:32 +0000] "GET /hr/destinacije/milohnici-krk HTTP/1.1" 200 4044 "-" "(info@domaincrawler.com; http://www.domaincrawler.com/cheapridetransfers.com)"
172.68.222.32 - - [04/Aug/2019:17:24:33 +0000] "POST /startlocation HTTP/1.1" 200 2 "https://www.cheapridetransfers.com/hr/taxi" "Mozilla/5.0 (iPad; CPU OS 11_4_1 like Mac OS X) AppleWebKit/605.1.15 (KHTML, like Gecko) Version/11.0 Mobile/15E148 Safari/604.1"
162.158.238.182 - - [04/Aug/2019:17:24:36 +0000] "GET /hr/destinacije/boricevac HTTP/1.1" 200 4037 "-" "(info@domaincrawler.com; http://www.domaincrawler.com/cheapridetransfers.com)"
172.68.222.32 - - [04/Aug/2019:17:24:39 +0000] "POST /endlocation HTTP/1.1" 200 2 "https://www.cheapridetransfers.com/hr/taxi" "Mozilla/5.0 (iPad; CPU OS 11_4_1 like Mac OS X) AppleWebKit/605.1.15 (KHTML, like Gecko) Version/11.0 Mobile/15E148 Safari/604.1"
172.68.222.32 - - [04/Aug/2019:17:24:40 +0000] "POST /endlocation HTTP/1.1" 200 2 "https://www.cheapridetransfers.com/hr/taxi" "Mozilla/5.0 (iPad; CPU OS 11_4_1 like Mac OS X) AppleWebKit/605.1.15 (KHTML, like Gecko) Version/11.0 Mobile/15E148 Safari/604.1"
172.68.222.32 - - [04/Aug/2019:17:24:41 +0000] "POST /endlocation HTTP/1.1" 200 2 "https://www.cheapridetransfers.com/hr/taxi" "Mozilla/5.0 (iPad; CPU OS 11_4_1 like Mac OS X) AppleWebKit/605.1.15 (KHTML, like Gecko) Version/11.0 Mobile/15E148 Safari/604.1"
162.158.238.182 - - [04/Aug/2019:17:24:40 +0000] "GET /hr/destinacije/bralici HTTP/1.1" 200 4033 "-" "(info@domaincrawler.com; http://www.domaincrawler.com/cheapridetransfers.com)"
172.68.222.32 - - [04/Aug/2019:17:24:41 +0000] "POST /endlocation HTTP/1.1" 200 2 "https://www.cheapridetransfers.com/hr/taxi" "Mozilla/5.0 (iPad; CPU OS 11_4_1 like Mac OS X) AppleWebKit/605.1.15 (KHTML, like Gecko) Version/11.0 Mobile/15E148 Safari/604.1"
172.68.222.32 - - [04/Aug/2019:17:24:42 +0000] "POST /endlocation HTTP/1.1" 200 2 "https://www.cheapridetransfers.com/hr/taxi" "Mozilla/5.0 (iPad; CPU OS 11_4_1 like Mac OS X) AppleWebKit/605.1.15 (KHTML, like Gecko) Version/11.0 Mobile/15E148 Safari/604.1"
162.158.238.182 - - [04/Aug/2019:17:24:43 +0000] "GET /hr/destinacije/bristivica HTTP/1.1" 200 4029 "-" "(info@domaincrawler.com; http://www.domaincrawler.com/cheapridetransfers.com)"
162.158.238.182 - - [04/Aug/2019:17:24:46 +0000] "GET /hr/destinacije/murter-murter HTTP/1.1" 200 4095 "-" "(info@domaincrawler.com; http://www.domaincrawler.com/cheapridetransfers.com)"
162.158.238.182 - - [04/Aug/2019:17:24:50 +0000] "GET /hr/destinacije/broce HTTP/1.1" 200 4024 "-" "(info@domaincrawler.com; http://www.domaincrawler.com/cheapridetransfers.com)"
172.68.222.32 - - [04/Aug/2019:17:24:52 +0000] "GET /hr/pretraga?start_location=Tuce+&end_location=Makarska&date=04.08.2019 HTTP/1.1" 302 460 "https://www.cheapridetransfers.com/hr/taxi" "Mozilla/5.0 (iPad; CPU OS 11_4_1 like Mac OS X) AppleWebKit/605.1.15 (KHTML, like Gecko) Version/11.0 Mobile/15E148 Safari/604.1"
172.68.222.32 - - [04/Aug/2019:17:24:52 +0000] "GET /hr/zatrazite-ponudu HTTP/1.1" 200 3884 "https://www.cheapridetransfers.com/hr/taxi" "Mozilla/5.0 (iPad; CPU OS 11_4_1 like Mac OS X) AppleWebKit/605.1.15 (KHTML, like Gecko) Version/11.0 Mobile/15E148 Safari/604.1"
162.158.238.182 - - [04/Aug/2019:17:24:54 +0000] "GET /hr/destinacije/nerezine-losinj HTTP/1.1" 200 4051 "-" "(info@domaincrawler.com; http://www.domaincrawler.com/cheapridetransfers.com)"
162.158.238.182 - - [04/Aug/2019:17:24:58 +0000] "GET /hr/destinacije/borovci HTTP/1.1" 200 4027 "-" "(info@domaincrawler.com; http://www.domaincrawler.com/cheapridetransfers.com)"
162.158.238.182 - - [04/Aug/2019:17:25:02 +0000] "GET /hr/destinacije/brgujac HTTP/1.1" 200 4028 "-" "(info@domaincrawler.com; http://www.domaincrawler.com/cheapridetransfers.com)"
162.158.238.182 - - [04/Aug/2019:17:25:05 +0000] "GET /hr/destinacije/mali-podol-cres HTTP/1.1" 200 4042 "-" "(info@domaincrawler.com; http://www.domaincrawler.com/cheapridetransfers.com)"
162.158.238.182 - - [04/Aug/2019:17:25:09 +0000] "GET /hr/destinacije/mandre-pag HTTP/1.1" 200 4034 "-" "(info@domaincrawler.com; http://www.domaincrawler.com/cheapridetransfers.com)"
162.158.238.182 - - [04/Aug/2019:17:25:16 +0000] "GET /hr/destinacije/martinscica-cres HTTP/1.1" 200 4056 "-" "(info@domaincrawler.com; http://www.domaincrawler.com/cheapridetransfers.com)"
162.158.238.182 - - [04/Aug/2019:17:25:19 +0000] "GET /hr/destinacije/maslinica-solta HTTP/1.1" 200 4050 "-" "(info@domaincrawler.com; http://www.domaincrawler.com/cheapridetransfers.com)"
162.158.238.182 - - [04/Aug/2019:17:25:21 +0000] "GET /hr/destinacije/omisalj-krk HTTP/1.1" 200 4045 "-" "(info@domaincrawler.com; http://www.domaincrawler.com/cheapridetransfers.com)"
162.158.238.182 - - [04/Aug/2019:17:25:25 +0000] "GET /hr/destinacije/milovcici-krk HTTP/1.1" 200 4049 "-" "(info@domaincrawler.com; http://www.domaincrawler.com/cheapridetransfers.com)"
162.158.238.182 - - [04/Aug/2019:17:25:29 +0000] "GET /hr/destinacije/mundanije-rab HTTP/1.1" 200 4036 "-" "(info@domaincrawler.com; http://www.domaincrawler.com/cheapridetransfers.com)"
162.158.238.182 - - [04/Aug/2019:17:25:32 +0000] "GET /hr/destinacije/olib-olib HTTP/1.1" 200 4031 "-" "(info@domaincrawler.com; http://www.domaincrawler.com/cheapridetransfers.com)"
162.158.238.182 - - [04/Aug/2019:17:25:36 +0000] "GET /hr/destinacije/podhumlje-vis HTTP/1.1" 200 4038 "-" "(info@domaincrawler.com; http://www.domaincrawler.com/cheapridetransfers.com)"
162.158.238.182 - - [04/Aug/2019:17:25:40 +0000] "GET /hr/destinacije/poljica-krk HTTP/1.1" 200 4036 "-" "(info@domaincrawler.com; http://www.domaincrawler.com/cheapridetransfers.com)"
162.158.238.182 - - [04/Aug/2019:17:25:44 +0000] "GET /hr/destinacije/punta-kriza-cres HTTP/1.1" 200 4042 "-" "(info@domaincrawler.com; http://www.domaincrawler.com/cheapridetransfers.com)"
162.158.238.182 - - [04/Aug/2019:17:25:47 +0000] "GET /hr/destinacije/cilipi HTTP/1.1" 200 4030 "-" "(info@domaincrawler.com; http://www.domaincrawler.com/cheapridetransfers.com)"
162.158.238.182 - - [04/Aug/2019:17:25:49 +0000] "GET /hr/destinacije/cista-mala HTTP/1.1" 200 4035 "-" "(info@domaincrawler.com; http://www.domaincrawler.com/cheapridetransfers.com)"
162.158.238.182 - - [04/Aug/2019:17:25:54 +0000] "GET /hr/destinacije/smokvica-pag HTTP/1.1" 200 4099 "-" "(info@domaincrawler.com; http://www.domaincrawler.com/cheapridetransfers.com)"
162.158.238.182 - - [04/Aug/2019:17:25:56 +0000] "GET /hr/destinacije/buzet HTTP/1.1" 200 4024 "-" "(info@domaincrawler.com; http://www.domaincrawler.com/cheapridetransfers.com)"
162.158.238.182 - - [04/Aug/2019:17:26:01 +0000] "GET /hr/destinacije/cacinci HTTP/1.1" 200 4035 "-" "(info@domaincrawler.com; http://www.domaincrawler.com/cheapridetransfers.com)"
162.158.238.182 - - [04/Aug/2019:17:26:04 +0000] "GET /hr/destinacije/cakovec HTTP/1.1" 200 4032 "-" "(info@domaincrawler.com; http://www.domaincrawler.com/cheapridetransfers.com)"
162.158.238.182 - - [04/Aug/2019:17:26:07 +0000] "GET /hr/destinacije/preko-ugljan HTTP/1.1" 200 4036 "-" "(info@domaincrawler.com; http://www.domaincrawler.com/cheapridetransfers.com)"
162.158.238.182 - - [04/Aug/2019:17:26:11 +0000] "GET /hr/destinacije/premuda-premuda HTTP/1.1" 200 4032 "-" "(info@domaincrawler.com; http://www.domaincrawler.com/cheapridetransfers.com)"
162.158.238.182 - - [04/Aug/2019:17:26:15 +0000] "GET /hr/destinacije/dabasnica HTTP/1.1" 200 4039 "-" "(info@domaincrawler.com; http://www.domaincrawler.com/cheapridetransfers.com)"
162.158.238.182 - - [04/Aug/2019:17:26:19 +0000] "GET /hr/destinacije/povlja-brac HTTP/1.1" 200 4040 "-" "(info@domaincrawler.com; http://www.domaincrawler.com/cheapridetransfers.com)"
162.158.238.182 - - [04/Aug/2019:17:26:22 +0000] "GET /hr/destinacije/darda HTTP/1.1" 200 4021 "-" "(info@domaincrawler.com; http://www.domaincrawler.com/cheapridetransfers.com)"
162.158.238.182 - - [04/Aug/2019:17:26:26 +0000] "GET /hr/destinacije/postira-brac HTTP/1.1" 200 4041 "-" "(info@domaincrawler.com; http://www.domaincrawler.com/cheapridetransfers.com)"
162.158.238.182 - - [04/Aug/2019:17:26:30 +0000] "GET /hr/destinacije/sali-dugi-otok HTTP/1.1" 200 4040 "-" "(info@domaincrawler.com; http://www.domaincrawler.com/cheapridetransfers.com)"
162.158.238.182 - - [04/Aug/2019:17:26:34 +0000] "GET /hr/destinacije/cesarica HTTP/1.1" 200 4026 "-" "(info@domaincrawler.com; http://www.domaincrawler.com/cheapridetransfers.com)"
162.158.238.182 - - [04/Aug/2019:17:26:38 +0000] "GET /hr/destinacije/cista-velika HTTP/1.1" 200 4039 "-" "(info@domaincrawler.com; http://www.domaincrawler.com/cheapridetransfers.com)"
162.158.238.182 - - [04/Aug/2019:17:26:43 +0000] "GET /hr/destinacije/praznica-brac HTTP/1.1" 200 4044 "-" "(info@domaincrawler.com; http://www.domaincrawler.com/cheapridetransfers.com)"
162.158.238.182 - - [04/Aug/2019:17:26:48 +0000] "GET /hr/destinacije/cibaca HTTP/1.1" 200 4033 "-" "(info@domaincrawler.com; http://www.domaincrawler.com/cheapridetransfers.com)"
162.158.238.182 - - [04/Aug/2019:17:26:50 +0000] "GET /hr/destinacije/polje-krk HTTP/1.1" 200 4034 "-" "(info@domaincrawler.com; http://www.domaincrawler.com/cheapridetransfers.com)"
162.158.238.104 - - [04/Aug/2019:17:27:09 +0000] "GET /hr/destinacije/simuni-pag HTTP/1.1" 200 4044 "-" "(info@domaincrawler.com; http://www.domaincrawler.com/cheapridetransfers.com)"
162.158.238.104 - - [04/Aug/2019:17:27:14 +0000] "GET /hr/destinacije/civljane HTTP/1.1" 200 4027 "-" "(info@domaincrawler.com; http://www.domaincrawler.com/cheapridetransfers.com)"
162.158.238.104 - - [04/Aug/2019:17:27:19 +0000] "GET /hr/destinacije/porat-krk HTTP/1.1" 200 4034 "-" "(info@domaincrawler.com; http://www.domaincrawler.com/cheapridetransfers.com)"
162.158.238.104 - - [04/Aug/2019:17:27:25 +0000] "GET /hr/destinacije/saplunara-mljet HTTP/1.1" 200 4039 "-" "(info@domaincrawler.com; http://www.domaincrawler.com/cheapridetransfers.com)"
162.158.238.104 - - [04/Aug/2019:17:27:28 +0000] "GET /hr/destinacije/bukovlje HTTP/1.1" 200 4029 "-" "(info@domaincrawler.com; http://www.domaincrawler.com/cheapridetransfers.com)"
162.158.238.104 - - [04/Aug/2019:17:27:34 +0000] "GET /hr/destinacije/cavoglave HTTP/1.1" 200 4033 "-" "(info@domaincrawler.com; http://www.domaincrawler.com/cheapridetransfers.com)"
162.158.238.104 - - [04/Aug/2019:17:27:36 +0000] "GET /hr/destinacije/sobra-mljet HTTP/1.1" 200 4036 "-" "(info@domaincrawler.com; http://www.domaincrawler.com/cheapridetransfers.com)"
162.158.238.104 - - [04/Aug/2019:17:27:40 +0000] "GET /hr/destinacije/soline-krk HTTP/1.1" 200 4033 "-" "(info@domaincrawler.com; http://www.domaincrawler.com/cheapridetransfers.com)"
162.158.238.104 - - [04/Aug/2019:17:27:43 +0000] "GET /hr/destinacije/splitska-brac HTTP/1.1" 200 4038 "-" "(info@domaincrawler.com; http://www.domaincrawler.com/cheapridetransfers.com)"
162.158.238.104 - - [04/Aug/2019:17:27:46 +0000] "GET /hr/destinacije/cavle HTTP/1.1" 200 4028 "-" "(info@domaincrawler.com; http://www.domaincrawler.com/cheapridetransfers.com)"
172.69.234.138 - - [04/Aug/2019:17:27:49 +0000] "GET / HTTP/1.1" 200 4688 "-" "FreeWebMonitoring SiteChecker/0.2 (+https://www.freewebmonitoring.com/bot.html)"
162.158.238.104 - - [04/Aug/2019:17:27:51 +0000] "GET /hr/destinacije/cernik HTTP/1.1" 200 4026 "-" "(info@domaincrawler.com; http://www.domaincrawler.com/cheapridetransfers.com)"
162.158.238.104 - - [04/Aug/2019:17:27:54 +0000] "GET /hr/destinacije/cetinje-me HTTP/1.1" 200 4035 "-" "(info@domaincrawler.com; http://www.domaincrawler.com/cheapridetransfers.com)"
162.158.238.104 - - [04/Aug/2019:17:27:57 +0000] "GET /hr/destinacije/selca-kod-starog-grada-hvar HTTP/1.1" 200 4060 "-" "(info@domaincrawler.com; http://www.domaincrawler.com/cheapridetransfers.com)"
162.158.238.104 - - [04/Aug/2019:17:28:03 +0000] "GET /hr/destinacije/celina HTTP/1.1" 200 4089 "-" "(info@domaincrawler.com; http://www.domaincrawler.com/cheapridetransfers.com)"
162.158.238.104 - - [04/Aug/2019:17:28:08 +0000] "GET /hr/destinacije/crni-dabar HTTP/1.1" 200 4031 "-" "(info@domaincrawler.com; http://www.domaincrawler.com/cheapridetransfers.com)"
162.158.238.104 - - [04/Aug/2019:17:28:11 +0000] "GET /hr/destinacije/porozina-cres HTTP/1.1" 200 4036 "-" "(info@domaincrawler.com; http://www.domaincrawler.com/cheapridetransfers.com)"
162.158.238.104 - - [04/Aug/2019:17:28:14 +0000] "GET /hr/destinacije/silo-krk HTTP/1.1" 200 4045 "-" "(info@domaincrawler.com; http://www.domaincrawler.com/cheapridetransfers.com)"
162.158.238.104 - - [04/Aug/2019:17:28:19 +0000] "GET /hr/destinacije/cajkovica HTTP/1.1" 200 4032 "-" "(info@domaincrawler.com; http://www.domaincrawler.com/cheapridetransfers.com)"
162.158.238.104 - - [04/Aug/2019:17:28:22 +0000] "GET /hr/destinacije/daruvar HTTP/1.1" 200 4026 "-" "(info@domaincrawler.com; http://www.domaincrawler.com/cheapridetransfers.com)"
162.158.238.104 - - [04/Aug/2019:17:28:26 +0000] "GET /hr/destinacije/rava-rava HTTP/1.1" 200 4030 "-" "(info@domaincrawler.com; http://www.domaincrawler.com/cheapridetransfers.com)"
162.158.238.104 - - [04/Aug/2019:17:28:29 +0000] "GET /hr/destinacije/buzim HTTP/1.1" 200 4026 "-" "(info@domaincrawler.com; http://www.domaincrawler.com/cheapridetransfers.com)"
162.158.238.104 - - [04/Aug/2019:17:28:33 +0000] "GET /hr/destinacije/cabar HTTP/1.1" 200 4028 "-" "(info@domaincrawler.com; http://www.domaincrawler.com/cheapridetransfers.com)"
162.158.238.104 - - [04/Aug/2019:17:28:37 +0000] "GET /hr/destinacije/radici-krk HTTP/1.1" 200 4040 "-" "(info@domaincrawler.com; http://www.domaincrawler.com/cheapridetransfers.com)"
162.158.238.104 - - [04/Aug/2019:17:28:40 +0000] "GET /hr/destinacije/rudina-hvar HTTP/1.1" 200 4035 "-" "(info@domaincrawler.com; http://www.domaincrawler.com/cheapridetransfers.com)"
162.158.238.104 - - [04/Aug/2019:17:28:43 +0000] "GET /hr/destinacije/savar-dugi-otok HTTP/1.1" 200 4042 "-" "(info@domaincrawler.com; http://www.domaincrawler.com/cheapridetransfers.com)"
162.158.238.104 - - [04/Aug/2019:17:28:47 +0000] "GET /hr/destinacije/slatine-ciovo HTTP/1.1" 200 4103 "-" "(info@domaincrawler.com; http://www.domaincrawler.com/cheapridetransfers.com)"
162.158.238.104 - - [04/Aug/2019:17:28:49 +0000] "GET /hr/destinacije/cerovlje HTTP/1.1" 200 4027 "-" "(info@domaincrawler.com; http://www.domaincrawler.com/cheapridetransfers.com)"
162.158.238.104 - - [04/Aug/2019:17:28:51 +0000] "GET /hr/destinacije/danilo-biranj HTTP/1.1" 200 4036 "-" "(info@domaincrawler.com; http://www.domaincrawler.com/cheapridetransfers.com)"
162.158.238.104 - - [04/Aug/2019:17:28:57 +0000] "GET /hr/destinacije/cadavica HTTP/1.1" 200 4036 "-" "(info@domaincrawler.com; http://www.domaincrawler.com/cheapridetransfers.com)"
162.158.238.104 - - [04/Aug/2019:17:29:00 +0000] "GET /hr/destinacije/ropa-mljet HTTP/1.1" 200 4035 "-" "(info@domaincrawler.com; http://www.domaincrawler.com/cheapridetransfers.com)"
162.158.238.104 - - [04/Aug/2019:17:29:04 +0000] "GET /hr/destinacije/rudine-krk HTTP/1.1" 200 4035 "-" "(info@domaincrawler.com; http://www.domaincrawler.com/cheapridetransfers.com)"
162.158.238.104 - - [04/Aug/2019:17:29:06 +0000] "GET /hr/destinacije/soline-dugi-otok HTTP/1.1" 200 4040 "-" "(info@domaincrawler.com; http://www.domaincrawler.com/cheapridetransfers.com)"
162.158.238.104 - - [04/Aug/2019:17:29:09 +0000] "GET /hr/destinacije/srednje-selo-solta HTTP/1.1" 200 4056 "-" "(info@domaincrawler.com; http://www.domaincrawler.com/cheapridetransfers.com)"
162.158.238.104 - - [04/Aug/2019:17:29:13 +0000] "GET /hr/destinacije/canak HTTP/1.1" 200 4028 "-" "(info@domaincrawler.com; http://www.domaincrawler.com/cheapridetransfers.com)"
162.158.238.104 - - [04/Aug/2019:17:29:18 +0000] "GET /hr/destinacije/cerna HTTP/1.1" 200 4022 "-" "(info@domaincrawler.com; http://www.domaincrawler.com/cheapridetransfers.com)"
162.158.238.104 - - [04/Aug/2019:17:29:23 +0000] "GET /hr/destinacije/povljana-pag HTTP/1.1" 200 4036 "-" "(info@domaincrawler.com; http://www.domaincrawler.com/cheapridetransfers.com)"
162.158.238.104 - - [04/Aug/2019:17:29:26 +0000] "GET /hr/destinacije/selca-kod-bogomolja-hvar HTTP/1.1" 200 4053 "-" "(info@domaincrawler.com; http://www.domaincrawler.com/cheapridetransfers.com)"
162.158.238.104 - - [04/Aug/2019:17:29:29 +0000] "GET /hr/destinacije/cepin HTTP/1.1" 200 4042 "-" "(info@domaincrawler.com; http://www.domaincrawler.com/cheapridetransfers.com)"
162.158.238.104 - - [04/Aug/2019:17:29:33 +0000] "GET /hr/destinacije/crikvenica HTTP/1.1" 200 4028 "-" "(info@domaincrawler.com; http://www.domaincrawler.com/cheapridetransfers.com)"
162.158.238.104 - - [04/Aug/2019:17:29:36 +0000] "GET /hr/destinacije/crno-zadar HTTP/1.1" 200 4036 "-" "(info@domaincrawler.com; http://www.domaincrawler.com/cheapridetransfers.com)"
162.158.238.104 - - [04/Aug/2019:17:29:41 +0000] "GET /hr/destinacije/ceminac HTTP/1.1" 200 4031 "-" "(info@domaincrawler.com; http://www.domaincrawler.com/cheapridetransfers.com)"
162.158.238.104 - - [04/Aug/2019:17:29:44 +0000] "GET /hr/destinacije/skrivena-luka-lastovo HTTP/1.1" 200 4047 "-" "(info@domaincrawler.com; http://www.domaincrawler.com/cheapridetransfers.com)"
162.158.238.104 - - [04/Aug/2019:17:29:47 +0000] "GET /hr/destinacije/potocnica-pag HTTP/1.1" 200 4107 "-" "(info@domaincrawler.com; http://www.domaincrawler.com/cheapridetransfers.com)"
162.158.238.104 - - [04/Aug/2019:17:29:52 +0000] "GET /hr/destinacije/punat-krk HTTP/1.1" 200 4034 "-" "(info@domaincrawler.com; http://www.domaincrawler.com/cheapridetransfers.com)"
162.158.238.104 - - [04/Aug/2019:17:29:55 +0000] "GET /hr/destinacije/skrbcici-krk HTTP/1.1" 200 4048 "-" "(info@domaincrawler.com; http://www.domaincrawler.com/cheapridetransfers.com)"
162.158.238.104 - - [04/Aug/2019:17:29:59 +0000] "GET /hr/destinacije/skrip-brac HTTP/1.1" 200 4050 "-" "(info@domaincrawler.com; http://www.domaincrawler.com/cheapridetransfers.com)"
162.158.238.104 - - [04/Aug/2019:17:30:02 +0000] "GET /hr/destinacije/rukavac-vis HTTP/1.1" 200 4036 "-" "(info@domaincrawler.com; http://www.domaincrawler.com/cheapridetransfers.com)"
162.158.238.104 - - [04/Aug/2019:17:30:05 +0000] "GET /hr/destinacije/bunica-senj HTTP/1.1" 200 4037 "-" "(info@domaincrawler.com; http://www.domaincrawler.com/cheapridetransfers.com)"
162.158.238.104 - - [04/Aug/2019:17:30:10 +0000] "GET /hr/destinacije/caglin HTTP/1.1" 200 4030 "-" "(info@domaincrawler.com; http://www.domaincrawler.com/cheapridetransfers.com)"
162.158.238.104 - - [04/Aug/2019:17:30:13 +0000] "GET /hr/destinacije/risika-krk HTTP/1.1" 200 4034 "-" "(info@domaincrawler.com; http://www.domaincrawler.com/cheapridetransfers.com)"
162.158.238.104 - - [04/Aug/2019:17:30:18 +0000] "GET /hr/destinacije/srsici-krk HTTP/1.1" 200 4050 "-" "(info@domaincrawler.com; http://www.domaincrawler.com/cheapridetransfers.com)"
162.158.238.104 - - [04/Aug/2019:17:30:22 +0000] "GET /hr/destinacije/cestica HTTP/1.1" 200 4025 "-" "(info@domaincrawler.com; http://www.domaincrawler.com/cheapridetransfers.com)"
162.158.238.104 - - [04/Aug/2019:17:30:26 +0000] "GET /hr/destinacije/cetingrad HTTP/1.1" 200 4027 "-" "(info@domaincrawler.com; http://www.domaincrawler.com/cheapridetransfers.com)"
162.158.238.104 - - [04/Aug/2019:17:30:29 +0000] "GET /hr/destinacije/prvic-luka-prvic HTTP/1.1" 200 4043 "-" "(info@domaincrawler.com; http://www.domaincrawler.com/cheapridetransfers.com)"
162.158.238.104 - - [04/Aug/2019:17:30:33 +0000] "GET /hr/destinacije/selca-brac HTTP/1.1" 200 4040 "-" "(info@domaincrawler.com; http://www.domaincrawler.com/cheapridetransfers.com)"
162.158.238.104 - - [04/Aug/2019:17:30:37 +0000] "GET /hr/destinacije/bunic HTTP/1.1" 200 4029 "-" "(info@domaincrawler.com; http://www.domaincrawler.com/cheapridetransfers.com)"
162.158.238.104 - - [04/Aug/2019:17:30:39 +0000] "GET /hr/destinacije/crno-novi-vinodolski HTTP/1.1" 200 4049 "-" "(info@domaincrawler.com; http://www.domaincrawler.com/cheapridetransfers.com)"
162.158.238.104 - - [04/Aug/2019:17:30:42 +0000] "GET /hr/destinacije/danilo-kraljice HTTP/1.1" 200 4037 "-" "(info@domaincrawler.com; http://www.domaincrawler.com/cheapridetransfers.com)"
162.158.238.104 - - [04/Aug/2019:17:30:47 +0000] "GET /hr/destinacije/rab-rab HTTP/1.1" 200 4030 "-" "(info@domaincrawler.com; http://www.domaincrawler.com/cheapridetransfers.com)"
162.158.238.104 - - [04/Aug/2019:17:30:54 +0000] "GET /hr/destinacije/dabar-otocac HTTP/1.1" 200 4044 "-" "(info@domaincrawler.com; http://www.domaincrawler.com/cheapridetransfers.com)"
162.158.238.104 - - [04/Aug/2019:17:30:57 +0000] "GET /hr/destinacije/smokvica-korcula HTTP/1.1" 200 4045 "-" "(info@domaincrawler.com; http://www.domaincrawler.com/cheapridetransfers.com)"
162.158.238.104 - - [04/Aug/2019:17:31:01 +0000] "GET /hr/destinacije/prvic-sepurine-prvic HTTP/1.1" 200 4064 "-" "(info@domaincrawler.com; http://www.domaincrawler.com/cheapridetransfers.com)"
162.158.238.104 - - [04/Aug/2019:17:31:05 +0000] "GET /hr/destinacije/rogac-solta HTTP/1.1" 200 4051 "-" "(info@domaincrawler.com; http://www.domaincrawler.com/cheapridetransfers.com)"
162.158.238.104 - - [04/Aug/2019:17:31:08 +0000] "GET /hr/destinacije/sabljici-krk HTTP/1.1" 200 4043 "-" "(info@domaincrawler.com; http://www.domaincrawler.com/cheapridetransfers.com)"
162.158.238.104 - - [04/Aug/2019:17:31:13 +0000] "GET /hr/destinacije/rasopasno-krk HTTP/1.1" 200 4037 "-" "(info@domaincrawler.com; http://www.domaincrawler.com/cheapridetransfers.com)"
162.158.238.104 - - [04/Aug/2019:17:31:16 +0000] "GET /hr/destinacije/cavtat HTTP/1.1" 200 4024 "-" "(info@domaincrawler.com; http://www.domaincrawler.com/cheapridetransfers.com)"
162.158.238.104 - - [04/Aug/2019:17:31:22 +0000] "GET /hr/destinacije/racisce-korcula HTTP/1.1" 200 4060 "-" "(info@domaincrawler.com; http://www.domaincrawler.com/cheapridetransfers.com)"
162.158.238.104 - - [04/Aug/2019:17:31:25 +0000] "GET /hr/destinacije/crljenik HTTP/1.1" 200 4029 "-" "(info@domaincrawler.com; http://www.domaincrawler.com/cheapridetransfers.com)"
162.158.238.104 - - [04/Aug/2019:17:31:27 +0000] "GET /hr/destinacije/budva-me HTTP/1.1" 200 4033 "-" "(info@domaincrawler.com; http://www.domaincrawler.com/cheapridetransfers.com)"
162.158.238.104 - - [04/Aug/2019:17:31:33 +0000] "GET /hr/destinacije/buje HTTP/1.1" 200 4023 "-" "(info@domaincrawler.com; http://www.domaincrawler.com/cheapridetransfers.com)"
162.158.238.104 - - [04/Aug/2019:17:31:36 +0000] "GET /hr/destinacije/cazma HTTP/1.1" 200 4027 "-" "(info@domaincrawler.com; http://www.domaincrawler.com/cheapridetransfers.com)"
162.158.238.104 - - [04/Aug/2019:17:31:41 +0000] "GET /hr/destinacije/danilo HTTP/1.1" 200 4024 "-" "(info@domaincrawler.com; http://www.domaincrawler.com/cheapridetransfers.com)"
162.158.238.104 - - [04/Aug/2019:17:31:44 +0000] "GET /hr/destinacije/predoscica-cres HTTP/1.1" 200 4054 "-" "(info@domaincrawler.com; http://www.domaincrawler.com/cheapridetransfers.com)"
162.158.91.219 - - [04/Aug/2019:17:31:49 +0000] "GET /hr/destinacije/povile HTTP/1.1" 200 4024 "https://www.google.com/" "Mozilla/5.0 (Linux; Android 8.0.0; RNE-L21) AppleWebKit/537.36 (KHTML, like Gecko) Chrome/75.0.3770.143 Mobile Safari/537.36"
162.158.238.104 - - [04/Aug/2019:17:31:49 +0000] "GET /hr/destinacije/silba-silba HTTP/1.1" 200 4031 "-" "(info@domaincrawler.com; http://www.domaincrawler.com/cheapridetransfers.com)"
162.158.92.74 - - [04/Aug/2019:17:31:52 +0000] "GET /site.webmanifest HTTP/1.1" 200 426 "https://www.cheapridetransfers.com/hr/destinacije/povile" "Mozilla/5.0 (Linux; Android 8.0.0; RNE-L21) AppleWebKit/537.36 (KHTML, like Gecko) Chrome/75.0.3770.143 Mobile Safari/537.36"
162.158.238.104 - - [04/Aug/2019:17:31:52 +0000] "GET /hr/destinacije/cicvare HTTP/1.1" 200 4026 "-" "(info@domaincrawler.com; http://www.domaincrawler.com/cheapridetransfers.com)"
162.158.238.104 - - [04/Aug/2019:17:31:56 +0000] "GET /hr/destinacije/crni-kal HTTP/1.1" 200 4030 "-" "(info@domaincrawler.com; http://www.domaincrawler.com/cheapridetransfers.com)"
162.158.238.104 - - [04/Aug/2019:17:31:59 +0000] "GET /hr/destinacije/busevic HTTP/1.1" 200 4042 "-" "(info@domaincrawler.com; http://www.domaincrawler.com/cheapridetransfers.com)"
162.158.91.219 - - [04/Aug/2019:17:32:01 +0000] "POST /startlocation HTTP/1.1" 200 2 "https://www.cheapridetransfers.com/hr/destinacije/povile" "Mozilla/5.0 (Linux; Android 8.0.0; RNE-L21) AppleWebKit/537.36 (KHTML, like Gecko) Chrome/75.0.3770.143 Mobile Safari/537.36"
162.158.91.219 - - [04/Aug/2019:17:32:02 +0000] "POST /startlocation HTTP/1.1" 200 2 "https://www.cheapridetransfers.com/hr/destinacije/povile" "Mozilla/5.0 (Linux; Android 8.0.0; RNE-L21) AppleWebKit/537.36 (KHTML, like Gecko) Chrome/75.0.3770.143 Mobile Safari/537.36"
162.158.91.219 - - [04/Aug/2019:17:32:02 +0000] "POST /startlocation HTTP/1.1" 200 2 "https://www.cheapridetransfers.com/hr/destinacije/povile" "Mozilla/5.0 (Linux; Android 8.0.0; RNE-L21) AppleWebKit/537.36 (KHTML, like Gecko) Chrome/75.0.3770.143 Mobile Safari/537.36"
162.158.238.104 - - [04/Aug/2019:17:32:02 +0000] "GET /hr/destinacije/crnac HTTP/1.1" 200 4023 "-" "(info@domaincrawler.com; http://www.domaincrawler.com/cheapridetransfers.com)"
162.158.91.219 - - [04/Aug/2019:17:32:05 +0000] "POST /startlocation HTTP/1.1" 200 2 "https://www.cheapridetransfers.com/hr/destinacije/povile" "Mozilla/5.0 (Linux; Android 8.0.0; RNE-L21) AppleWebKit/537.36 (KHTML, like Gecko) Chrome/75.0.3770.143 Mobile Safari/537.36"
162.158.91.219 - - [04/Aug/2019:17:32:05 +0000] "POST /startlocation HTTP/1.1" 200 2 "https://www.cheapridetransfers.com/hr/destinacije/povile" "Mozilla/5.0 (Linux; Android 8.0.0; RNE-L21) AppleWebKit/537.36 (KHTML, like Gecko) Chrome/75.0.3770.143 Mobile Safari/537.36"
162.158.91.219 - - [04/Aug/2019:17:32:07 +0000] "POST /startlocation HTTP/1.1" 200 2 "https://www.cheapridetransfers.com/hr/destinacije/povile" "Mozilla/5.0 (Linux; Android 8.0.0; RNE-L21) AppleWebKit/537.36 (KHTML, like Gecko) Chrome/75.0.3770.143 Mobile Safari/537.36"
162.158.91.219 - - [04/Aug/2019:17:32:08 +0000] "POST /startlocation HTTP/1.1" 200 2 "https://www.cheapridetransfers.com/hr/destinacije/povile" "Mozilla/5.0 (Linux; Android 8.0.0; RNE-L21) AppleWebKit/537.36 (KHTML, like Gecko) Chrome/75.0.3770.143 Mobile Safari/537.36"
162.158.238.104 - - [04/Aug/2019:17:32:07 +0000] "GET /hr/destinacije/ljutici-krk HTTP/1.1" 200 4042 "-" "(info@domaincrawler.com; http://www.domaincrawler.com/cheapridetransfers.com)"
162.158.91.219 - - [04/Aug/2019:17:32:08 +0000] "POST /startlocation HTTP/1.1" 200 2 "https://www.cheapridetransfers.com/hr/destinacije/povile" "Mozilla/5.0 (Linux; Android 8.0.0; RNE-L21) AppleWebKit/537.36 (KHTML, like Gecko) Chrome/75.0.3770.143 Mobile Safari/537.36"
162.158.91.219 - - [04/Aug/2019:17:32:09 +0000] "POST /startlocation HTTP/1.1" 200 2 "https://www.cheapridetransfers.com/hr/destinacije/povile" "Mozilla/5.0 (Linux; Android 8.0.0; RNE-L21) AppleWebKit/537.36 (KHTML, like Gecko) Chrome/75.0.3770.143 Mobile Safari/537.36"
162.158.238.104 - - [04/Aug/2019:17:32:12 +0000] "GET /hr/destinacije/loznati-cres HTTP/1.1" 200 4036 "-" "(info@domaincrawler.com; http://www.domaincrawler.com/cheapridetransfers.com)"
162.158.91.219 - - [04/Aug/2019:17:32:13 +0000] "POST /endlocation HTTP/1.1" 200 2 "https://www.cheapridetransfers.com/hr/destinacije/povile" "Mozilla/5.0 (Linux; Android 8.0.0; RNE-L21) AppleWebKit/537.36 (KHTML, like Gecko) Chrome/75.0.3770.143 Mobile Safari/537.36"
162.158.91.219 - - [04/Aug/2019:17:32:15 +0000] "POST /endlocation HTTP/1.1" 200 2 "https://www.cheapridetransfers.com/hr/destinacije/povile" "Mozilla/5.0 (Linux; Android 8.0.0; RNE-L21) AppleWebKit/537.36 (KHTML, like Gecko) Chrome/75.0.3770.143 Mobile Safari/537.36"
162.158.91.219 - - [04/Aug/2019:17:32:15 +0000] "POST /endlocation HTTP/1.1" 200 2 "https://www.cheapridetransfers.com/hr/destinacije/povile" "Mozilla/5.0 (Linux; Android 8.0.0; RNE-L21) AppleWebKit/537.36 (KHTML, like Gecko) Chrome/75.0.3770.143 Mobile Safari/537.36"
162.158.91.219 - - [04/Aug/2019:17:32:16 +0000] "POST /endlocation HTTP/1.1" 200 2 "https://www.cheapridetransfers.com/hr/destinacije/povile" "Mozilla/5.0 (Linux; Android 8.0.0; RNE-L21) AppleWebKit/537.36 (KHTML, like Gecko) Chrome/75.0.3770.143 Mobile Safari/537.36"
162.158.238.104 - - [04/Aug/2019:17:32:16 +0000] "GET /hr/destinacije/biljevine HTTP/1.1" 200 4028 "-" "(info@domaincrawler.com; http://www.domaincrawler.com/cheapridetransfers.com)"
162.158.238.104 - - [04/Aug/2019:17:32:21 +0000] "GET /hr/destinacije/bizovac HTTP/1.1" 200 4028 "-" "(info@domaincrawler.com; http://www.domaincrawler.com/cheapridetransfers.com)"
162.158.238.104 - - [04/Aug/2019:17:32:25 +0000] "GET /hr/destinacije/kukljica-ugljan HTTP/1.1" 200 4040 "-" "(info@domaincrawler.com; http://www.domaincrawler.com/cheapridetransfers.com)"
162.158.238.104 - - [04/Aug/2019:17:32:27 +0000] "GET /hr/destinacije/blizna-donja HTTP/1.1" 200 4035 "-" "(info@domaincrawler.com; http://www.domaincrawler.com/cheapridetransfers.com)"
162.158.238.104 - - [04/Aug/2019:17:32:30 +0000] "GET /hr/destinacije/bonaci HTTP/1.1" 200 4024 "-" "(info@domaincrawler.com; http://www.domaincrawler.com/cheapridetransfers.com)"
162.158.91.219 - - [04/Aug/2019:17:32:31 +0000] "GET /hr/pretraga?start_location=Guest+house+Garfild&end_location=Novi+Vinodolski+&date= HTTP/1.1" 302 460 "https://www.cheapridetransfers.com/hr/destinacije/povile" "Mozilla/5.0 (Linux; Android 8.0.0; RNE-L21) AppleWebKit/537.36 (KHTML, like Gecko) Chrome/75.0.3770.143 Mobile Safari/537.36"
162.158.91.219 - - [04/Aug/2019:17:32:31 +0000] "GET /hr/zatrazite-ponudu HTTP/1.1" 200 3897 "https://www.cheapridetransfers.com/hr/destinacije/povile" "Mozilla/5.0 (Linux; Android 8.0.0; RNE-L21) AppleWebKit/537.36 (KHTML, like Gecko) Chrome/75.0.3770.143 Mobile Safari/537.36"
162.158.238.104 - - [04/Aug/2019:17:32:35 +0000] "GET /hr/destinacije/benkovac-fuzinski HTTP/1.1" 200 4041 "-" "(info@domaincrawler.com; http://www.domaincrawler.com/cheapridetransfers.com)"
162.158.238.104 - - [04/Aug/2019:17:32:37 +0000] "GET /hr/destinacije/kaprije-kaprije HTTP/1.1" 200 4032 "-" "(info@domaincrawler.com; http://www.domaincrawler.com/cheapridetransfers.com)"
162.158.238.104 - - [04/Aug/2019:17:32:41 +0000] "GET /hr/destinacije/kremenici-krk HTTP/1.1" 200 4043 "-" "(info@domaincrawler.com; http://www.domaincrawler.com/cheapridetransfers.com)"
162.158.238.104 - - [04/Aug/2019:17:32:43 +0000] "GET /hr/destinacije/benkovac HTTP/1.1" 200 4027 "-" "(info@domaincrawler.com; http://www.domaincrawler.com/cheapridetransfers.com)"
162.158.238.104 - - [04/Aug/2019:17:32:48 +0000] "GET /hr/destinacije/bilje HTTP/1.1" 200 4024 "-" "(info@domaincrawler.com; http://www.domaincrawler.com/cheapridetransfers.com)"
162.158.238.104 - - [04/Aug/2019:17:32:53 +0000] "GET /hr/destinacije/blato-na-cetini HTTP/1.1" 200 4036 "-" "(info@domaincrawler.com; http://www.domaincrawler.com/cheapridetransfers.com)"
162.158.238.104 - - [04/Aug/2019:17:32:55 +0000] "GET /hr/destinacije/humac-hvar HTTP/1.1" 200 4036 "-" "(info@domaincrawler.com; http://www.domaincrawler.com/cheapridetransfers.com)"
162.158.238.104 - - [04/Aug/2019:17:32:58 +0000] "GET /hr/destinacije/bencani HTTP/1.1" 200 4032 "-" "(info@domaincrawler.com; http://www.domaincrawler.com/cheapridetransfers.com)"
162.158.238.104 - - [04/Aug/2019:17:33:03 +0000] "GET /hr/destinacije/bile HTTP/1.1" 200 4021 "-" "(info@domaincrawler.com; http://www.domaincrawler.com/cheapridetransfers.com)"
162.158.238.104 - - [04/Aug/2019:17:33:07 +0000] "GET /hr/destinacije/kosljun-pag HTTP/1.1" 200 4109 "-" "(info@domaincrawler.com; http://www.domaincrawler.com/cheapridetransfers.com)"
162.158.238.104 - - [04/Aug/2019:17:33:11 +0000] "GET /hr/destinacije/begovo-razdolje HTTP/1.1" 200 4037 "-" "(info@domaincrawler.com; http://www.domaincrawler.com/cheapridetransfers.com)"
162.158.238.104 - - [04/Aug/2019:17:33:15 +0000] "GET /hr/destinacije/bicine HTTP/1.1" 200 4030 "-" "(info@domaincrawler.com; http://www.domaincrawler.com/cheapridetransfers.com)"
162.158.238.104 - - [04/Aug/2019:17:33:19 +0000] "GET /hr/destinacije/bibali HTTP/1.1" 200 4024 "-" "(info@domaincrawler.com; http://www.domaincrawler.com/cheapridetransfers.com)"
162.158.238.104 - - [04/Aug/2019:17:33:22 +0000] "GET /hr/destinacije/belisce HTTP/1.1" 200 4053 "-" "(info@domaincrawler.com; http://www.domaincrawler.com/cheapridetransfers.com)"
162.158.238.104 - - [04/Aug/2019:17:33:25 +0000] "GET /hr/destinacije/bisko HTTP/1.1" 200 4024 "-" "(info@domaincrawler.com; http://www.domaincrawler.com/cheapridetransfers.com)"
162.158.238.104 - - [04/Aug/2019:17:33:29 +0000] "GET /hr/destinacije/govedari-mljet HTTP/1.1" 200 4044 "-" "(info@domaincrawler.com; http://www.domaincrawler.com/cheapridetransfers.com)"
162.158.238.104 - - [04/Aug/2019:17:33:32 +0000] "GET /hr/destinacije/benkovacko-selo HTTP/1.1" 200 4044 "-" "(info@domaincrawler.com; http://www.domaincrawler.com/cheapridetransfers.com)"
162.158.238.104 - - [04/Aug/2019:17:33:37 +0000] "GET /hr/destinacije/blace HTTP/1.1" 200 4023 "-" "(info@domaincrawler.com; http://www.domaincrawler.com/cheapridetransfers.com)"
162.158.238.104 - - [04/Aug/2019:17:33:39 +0000] "GET /hr/destinacije/bogatic HTTP/1.1" 200 4032 "-" "(info@domaincrawler.com; http://www.domaincrawler.com/cheapridetransfers.com)"
162.158.238.104 - - [04/Aug/2019:17:33:42 +0000] "GET /hr/destinacije/klanice-krk HTTP/1.1" 200 4036 "-" "(info@domaincrawler.com; http://www.domaincrawler.com/cheapridetransfers.com)"
162.158.238.104 - - [04/Aug/2019:17:33:47 +0000] "GET /hr/destinacije/kraj-pasman HTTP/1.1" 200 4045 "-" "(info@domaincrawler.com; http://www.domaincrawler.com/cheapridetransfers.com)"
162.158.238.104 - - [04/Aug/2019:17:33:50 +0000] "GET /hr/destinacije/lopar-rab HTTP/1.1" 200 4035 "-" "(info@domaincrawler.com; http://www.domaincrawler.com/cheapridetransfers.com)"
