172.68.222.32 - - [04/Aug/2019:15:22:39 +0000] "GET /thank-you HTTP/1.1" 200 4109 "https://www.cheapridetransfers.com/taxi-transfer/makarska/split-airport" "Mozilla/5.0 (iPhone; CPU iPhone OS 12_3_1 like Mac OS X) AppleWebKit/605.1.15 (KHTML, like Gecko) Version/12.1.1 Mobile/15E148 Safari/604.1"
162.158.238.104 - - [04/Aug/2019:15:22:38 +0000] "GET /destinations/batomalj-krk HTTP/1.1" 200 3956 "-" "(info@domaincrawler.com; http://www.domaincrawler.com/cheapridetransfers.com)"
162.158.238.104 - - [04/Aug/2019:15:22:40 +0000] "GET /destinations/bobovisca-brac HTTP/1.1" 200 3986 "-" "(info@domaincrawler.com; http://www.domaincrawler.com/cheapridetransfers.com)"
162.158.238.104 - - [04/Aug/2019:15:22:44 +0000] "GET /destinations/barilovic HTTP/1.1" 200 3953 "-" "(info@domaincrawler.com; http://www.domaincrawler.com/cheapridetransfers.com)"
162.158.238.104 - - [04/Aug/2019:15:22:48 +0000] "GET /destinations/bogovici-krk HTTP/1.1" 200 3964 "-" "(info@domaincrawler.com; http://www.domaincrawler.com/cheapridetransfers.com)"
162.158.238.104 - - [04/Aug/2019:15:22:51 +0000] "GET /destinations/cizici-krk HTTP/1.1" 200 3970 "-" "(info@domaincrawler.com; http://www.domaincrawler.com/cheapridetransfers.com)"
162.158.238.104 - - [04/Aug/2019:15:22:56 +0000] "GET /destinations/caska-pag HTTP/1.1" 200 4012 "-" "(info@domaincrawler.com; http://www.domaincrawler.com/cheapridetransfers.com)"
162.158.238.104 - - [04/Aug/2019:15:22:59 +0000] "GET /destinations/dobropoljana-pasman HTTP/1.1" 200 3981 "-" "(info@domaincrawler.com; http://www.domaincrawler.com/cheapridetransfers.com)"
162.158.238.104 - - [04/Aug/2019:15:23:04 +0000] "GET /destinations?page=3 HTTP/1.1" 200 6335 "-" "(info@domaincrawler.com; http://www.domaincrawler.com/cheapridetransfers.com)"
162.158.238.104 - - [04/Aug/2019:15:23:06 +0000] "GET /destinations/babindub HTTP/1.1" 200 3946 "-" "(info@domaincrawler.com; http://www.domaincrawler.com/cheapridetransfers.com)"
162.158.238.104 - - [04/Aug/2019:15:23:10 +0000] "GET /destinations/basarinka HTTP/1.1" 200 3966 "-" "(info@domaincrawler.com; http://www.domaincrawler.com/cheapridetransfers.com)"
108.162.241.130 - - [04/Aug/2019:15:23:12 +0000] "GET /hr/taksi-transfer/baska-voda/makarska HTTP/1.1" 200 7849 "-" "Mozilla/5.0 (compatible; SemrushBot/6~bl; +http://www.semrush.com/bot.html)"
162.158.238.104 - - [04/Aug/2019:15:23:15 +0000] "GET /destinations/mostar-airport-bih HTTP/1.1" 200 3968 "-" "(info@domaincrawler.com; http://www.domaincrawler.com/cheapridetransfers.com)"
162.158.238.104 - - [04/Aug/2019:15:23:20 +0000] "GET /destinations/pula-airport HTTP/1.1" 200 3953 "-" "(info@domaincrawler.com; http://www.domaincrawler.com/cheapridetransfers.com)"
162.158.238.104 - - [04/Aug/2019:15:23:27 +0000] "GET /destinations/gabonjin-krk HTTP/1.1" 200 3957 "-" "(info@domaincrawler.com; http://www.domaincrawler.com/cheapridetransfers.com)"
162.158.238.104 - - [04/Aug/2019:15:23:31 +0000] "GET /destinations/barban HTTP/1.1" 200 3943 "-" "(info@domaincrawler.com; http://www.domaincrawler.com/cheapridetransfers.com)"
162.158.238.104 - - [04/Aug/2019:15:23:37 +0000] "GET /destinations/baske-ostarije HTTP/1.1" 200 3984 "-" "(info@domaincrawler.com; http://www.domaincrawler.com/cheapridetransfers.com)"
162.158.238.104 - - [04/Aug/2019:15:23:41 +0000] "GET /destinations/begi HTTP/1.1" 200 3940 "-" "(info@domaincrawler.com; http://www.domaincrawler.com/cheapridetransfers.com)"
162.158.238.104 - - [04/Aug/2019:15:23:45 +0000] "GET /destinations/brgulje-molat HTTP/1.1" 200 3958 "-" "(info@domaincrawler.com; http://www.domaincrawler.com/cheapridetransfers.com)"
162.158.238.104 - - [04/Aug/2019:15:23:47 +0000] "GET /destinations/arzano HTTP/1.1" 200 3951 "-" "(info@domaincrawler.com; http://www.domaincrawler.com/cheapridetransfers.com)"
162.158.238.104 - - [04/Aug/2019:15:23:51 +0000] "GET /destinations/bater HTTP/1.1" 200 3941 "-" "(info@domaincrawler.com; http://www.domaincrawler.com/cheapridetransfers.com)"
162.158.238.104 - - [04/Aug/2019:15:23:54 +0000] "GET /destinations/baska-krk HTTP/1.1" 200 3971 "-" "(info@domaincrawler.com; http://www.domaincrawler.com/cheapridetransfers.com)"
162.158.238.104 - - [04/Aug/2019:15:23:56 +0000] "GET /destinations/bozava-dugi-otok HTTP/1.1" 200 3970 "-" "(info@domaincrawler.com; http://www.domaincrawler.com/cheapridetransfers.com)"
162.158.238.104 - - [04/Aug/2019:15:24:00 +0000] "GET /destinations/dol-hvar HTTP/1.1" 200 3950 "-" "(info@domaincrawler.com; http://www.domaincrawler.com/cheapridetransfers.com)"
162.158.238.104 - - [04/Aug/2019:15:24:04 +0000] "GET /destinations/gdinj-hvar HTTP/1.1" 200 3955 "-" "(info@domaincrawler.com; http://www.domaincrawler.com/cheapridetransfers.com)"
162.158.238.104 - - [04/Aug/2019:15:24:06 +0000] "GET /destinations/baredine-buje HTTP/1.1" 200 3960 "-" "(info@domaincrawler.com; http://www.domaincrawler.com/cheapridetransfers.com)"
162.158.238.104 - - [04/Aug/2019:15:24:11 +0000] "GET /destinations/baric-draga HTTP/1.1" 200 3960 "-" "(info@domaincrawler.com; http://www.domaincrawler.com/cheapridetransfers.com)"
162.158.238.104 - - [04/Aug/2019:15:24:14 +0000] "GET /destinations/basanija HTTP/1.1" 200 3965 "-" "(info@domaincrawler.com; http://www.domaincrawler.com/cheapridetransfers.com)"
162.158.238.104 - - [04/Aug/2019:15:24:19 +0000] "GET /destinations/beli-cres HTTP/1.1" 200 3949 "-" "(info@domaincrawler.com; http://www.domaincrawler.com/cheapridetransfers.com)"
162.158.238.104 - - [04/Aug/2019:15:24:23 +0000] "GET /destinations/bast HTTP/1.1" 200 5434 "-" "(info@domaincrawler.com; http://www.domaincrawler.com/cheapridetransfers.com)"
162.158.238.104 - - [04/Aug/2019:15:24:27 +0000] "GET /destinations/belej-cres HTTP/1.1" 200 3952 "-" "(info@domaincrawler.com; http://www.domaincrawler.com/cheapridetransfers.com)"
162.158.238.104 - - [04/Aug/2019:15:24:30 +0000] "GET /destinations/draga-bascanska-krk HTTP/1.1" 200 3991 "-" "(info@domaincrawler.com; http://www.domaincrawler.com/cheapridetransfers.com)"
162.158.238.104 - - [04/Aug/2019:15:24:32 +0000] "GET /destinations/brbinj-dugi-otok HTTP/1.1" 200 3963 "-" "(info@domaincrawler.com; http://www.domaincrawler.com/cheapridetransfers.com)"
162.158.238.104 - - [04/Aug/2019:15:24:37 +0000] "GET /destinations/dinjiska-pag HTTP/1.1" 200 3972 "-" "(info@domaincrawler.com; http://www.domaincrawler.com/cheapridetransfers.com)"
162.158.238.104 - - [04/Aug/2019:15:24:39 +0000] "GET /destinations/dobrinj-krk HTTP/1.1" 200 3956 "-" "(info@domaincrawler.com; http://www.domaincrawler.com/cheapridetransfers.com)"
162.158.238.104 - - [04/Aug/2019:15:24:42 +0000] "GET /destinations/bakar HTTP/1.1" 200 3941 "-" "(info@domaincrawler.com; http://www.domaincrawler.com/cheapridetransfers.com)"
162.158.238.104 - - [04/Aug/2019:15:24:46 +0000] "GET /destinations/banici HTTP/1.1" 200 3950 "-" "(info@domaincrawler.com; http://www.domaincrawler.com/cheapridetransfers.com)"
162.158.238.104 - - [04/Aug/2019:15:24:50 +0000] "GET /destinations/banja-luka-bih HTTP/1.1" 200 4028 "-" "(info@domaincrawler.com; http://www.domaincrawler.com/cheapridetransfers.com)"
162.158.238.104 - - [04/Aug/2019:15:24:52 +0000] "GET /destinations/barusici-krk HTTP/1.1" 200 3980 "-" "(info@domaincrawler.com; http://www.domaincrawler.com/cheapridetransfers.com)"
162.158.238.104 - - [04/Aug/2019:15:24:56 +0000] "GET /destinations/dracevo-polje-vis HTTP/1.1" 200 3971 "-" "(info@domaincrawler.com; http://www.domaincrawler.com/cheapridetransfers.com)"
162.158.238.104 - - [04/Aug/2019:15:24:59 +0000] "GET /destinations/gajac-pag HTTP/1.1" 200 4015 "-" "(info@domaincrawler.com; http://www.domaincrawler.com/cheapridetransfers.com)"
162.158.238.104 - - [04/Aug/2019:15:25:03 +0000] "GET /destinations/antonci-porec HTTP/1.1" 200 3965 "-" "(info@domaincrawler.com; http://www.domaincrawler.com/cheapridetransfers.com)"
162.158.238.104 - - [04/Aug/2019:15:25:07 +0000] "GET /destinations?page=8 HTTP/1.1" 200 5286 "-" "(info@domaincrawler.com; http://www.domaincrawler.com/cheapridetransfers.com)"
162.158.238.104 - - [04/Aug/2019:15:25:09 +0000] "GET /destinations/banjevci HTTP/1.1" 200 3946 "-" "(info@domaincrawler.com; http://www.domaincrawler.com/cheapridetransfers.com)"
162.158.238.104 - - [04/Aug/2019:15:25:14 +0000] "GET /destinations?page=22 HTTP/1.1" 200 5020 "-" "(info@domaincrawler.com; http://www.domaincrawler.com/cheapridetransfers.com)"
162.158.238.104 - - [04/Aug/2019:15:25:16 +0000] "GET /destinations/babino-polje-mljet HTTP/1.1" 200 3966 "-" "(info@domaincrawler.com; http://www.domaincrawler.com/cheapridetransfers.com)"
162.158.238.104 - - [04/Aug/2019:15:25:21 +0000] "GET /destinations/borovik-vis HTTP/1.1" 200 3955 "-" "(info@domaincrawler.com; http://www.domaincrawler.com/cheapridetransfers.com)"
162.158.238.104 - - [04/Aug/2019:15:25:31 +0000] "GET /destinations/dragozetici-cres HTTP/1.1" 200 3965 "-" "(info@domaincrawler.com; http://www.domaincrawler.com/cheapridetransfers.com)"
162.158.238.104 - - [04/Aug/2019:15:25:34 +0000] "GET /destinations/bebrina HTTP/1.1" 200 3944 "-" "(info@domaincrawler.com; http://www.domaincrawler.com/cheapridetransfers.com)"
162.158.238.104 - - [04/Aug/2019:15:25:39 +0000] "GET /destinations/osijek-airport HTTP/1.1" 200 3955 "-" "(info@domaincrawler.com; http://www.domaincrawler.com/cheapridetransfers.com)"
162.158.238.104 - - [04/Aug/2019:15:25:42 +0000] "GET /destinations/bajcici-krk HTTP/1.1" 200 3968 "-" "(info@domaincrawler.com; http://www.domaincrawler.com/cheapridetransfers.com)"
162.158.238.104 - - [04/Aug/2019:15:25:44 +0000] "GET /destinations/brusje-hvar HTTP/1.1" 200 3956 "-" "(info@domaincrawler.com; http://www.domaincrawler.com/cheapridetransfers.com)"
162.158.238.104 - - [04/Aug/2019:15:25:47 +0000] "GET /destinations/bale HTTP/1.1" 200 3940 "-" "(info@domaincrawler.com; http://www.domaincrawler.com/cheapridetransfers.com)"
162.158.238.104 - - [04/Aug/2019:15:25:51 +0000] "GET /destinations/barat-kanfanar HTTP/1.1" 200 3961 "-" "(info@domaincrawler.com; http://www.domaincrawler.com/cheapridetransfers.com)"
162.158.238.104 - - [04/Aug/2019:15:25:53 +0000] "GET /destinations/baredine-buzet HTTP/1.1" 200 3961 "-" "(info@domaincrawler.com; http://www.domaincrawler.com/cheapridetransfers.com)"
162.158.238.104 - - [04/Aug/2019:15:25:58 +0000] "GET /destinations?page=21 HTTP/1.1" 200 5231 "-" "(info@domaincrawler.com; http://www.domaincrawler.com/cheapridetransfers.com)"
162.158.238.104 - - [04/Aug/2019:15:26:00 +0000] "GET /destinations/banj-pasman HTTP/1.1" 200 3972 "-" "(info@domaincrawler.com; http://www.domaincrawler.com/cheapridetransfers.com)"
162.158.238.104 - - [04/Aug/2019:15:26:02 +0000] "GET /destinations/banjol-rab HTTP/1.1" 200 3954 "-" "(info@domaincrawler.com; http://www.domaincrawler.com/cheapridetransfers.com)"
162.158.238.104 - - [04/Aug/2019:15:26:07 +0000] "GET /destinations/anzici HTTP/1.1" 200 3955 "-" "(info@domaincrawler.com; http://www.domaincrawler.com/cheapridetransfers.com)"
172.68.222.44 - - [04/Aug/2019:15:26:07 +0000] "GET /hr/destinacije/karlobag HTTP/1.1" 200 4027 "https://www.google.com/" "Mozilla/5.0 (Linux; Android 9; FIG-LX1) AppleWebKit/537.36 (KHTML, like Gecko) Chrome/75.0.3770.143 Mobile Safari/537.36"
162.158.238.104 - - [04/Aug/2019:15:26:10 +0000] "GET /destinations/bar-me HTTP/1.1" 200 3948 "-" "(info@domaincrawler.com; http://www.domaincrawler.com/cheapridetransfers.com)"
162.158.238.104 - - [04/Aug/2019:15:26:13 +0000] "GET /destinations/bedekovcina HTTP/1.1" 200 3958 "-" "(info@domaincrawler.com; http://www.domaincrawler.com/cheapridetransfers.com)"
162.158.238.104 - - [04/Aug/2019:15:26:17 +0000] "GET /destinations/sarajevo-airport-bih HTTP/1.1" 200 3971 "-" "(info@domaincrawler.com; http://www.domaincrawler.com/cheapridetransfers.com)"
162.158.238.104 - - [04/Aug/2019:15:26:19 +0000] "GET /destinations/babici-umag HTTP/1.1" 200 3963 "-" "(info@domaincrawler.com; http://www.domaincrawler.com/cheapridetransfers.com)"
172.68.253.225 - - [04/Aug/2019:15:26:20 +0000] "GET /en/destinations/split-airport HTTP/1.1" 200 8904 "-" "Mozilla/5.0 (compatible; Baiduspider/2.0; +http://www.baidu.com/search/spider.html)"
162.158.238.104 - - [04/Aug/2019:15:26:23 +0000] "GET /destinations/barat-visnjan HTTP/1.1" 200 3977 "-" "(info@domaincrawler.com; http://www.domaincrawler.com/cheapridetransfers.com)"
162.158.238.104 - - [04/Aug/2019:15:26:28 +0000] "GET /destinations/arbanija-ciovo HTTP/1.1" 200 3963 "-" "(info@domaincrawler.com; http://www.domaincrawler.com/cheapridetransfers.com)"
172.68.222.32 - - [04/Aug/2019:15:26:32 +0000] "GET /site.webmanifest HTTP/1.1" 200 426 "https://www.cheapridetransfers.com/hr/destinacije/karlobag" "Mozilla/5.0 (Linux; Android 9; FIG-LX1) AppleWebKit/537.36 (KHTML, like Gecko) Chrome/75.0.3770.143 Mobile Safari/537.36"
162.158.238.104 - - [04/Aug/2019:15:26:31 +0000] "GET /destinations/donje-celo-kolocep HTTP/1.1" 200 3979 "-" "(info@domaincrawler.com; http://www.domaincrawler.com/cheapridetransfers.com)"
162.158.238.104 - - [04/Aug/2019:15:26:35 +0000] "GET /destinations/barlete HTTP/1.1" 200 3945 "-" "(info@domaincrawler.com; http://www.domaincrawler.com/cheapridetransfers.com)"
162.158.238.104 - - [04/Aug/2019:15:26:38 +0000] "GET /destinations/donji-humac-brac HTTP/1.1" 200 3970 "-" "(info@domaincrawler.com; http://www.domaincrawler.com/cheapridetransfers.com)"
162.158.238.104 - - [04/Aug/2019:15:26:41 +0000] "GET /destinations/filozici-cres HTTP/1.1" 200 3963 "-" "(info@domaincrawler.com; http://www.domaincrawler.com/cheapridetransfers.com)"
141.101.104.235 - - [04/Aug/2019:15:26:42 +0000] "GET /hr/destinations/verunic-dugi-otok HTTP/1.1" 302 512 "-" "Mozilla/5.0 (compatible; AhrefsBot/6.1; +http://ahrefs.com/robot/)"
162.158.238.104 - - [04/Aug/2019:15:26:45 +0000] "GET /destinations/antenal HTTP/1.1" 200 3942 "-" "(info@domaincrawler.com; http://www.domaincrawler.com/cheapridetransfers.com)"
162.158.238.104 - - [04/Aug/2019:15:26:48 +0000] "GET /destinations/badzula HTTP/1.1" 200 3953 "-" "(info@domaincrawler.com; http://www.domaincrawler.com/cheapridetransfers.com)"
162.158.238.104 - - [04/Aug/2019:15:26:51 +0000] "GET /destinations/blato-mljet HTTP/1.1" 200 3954 "-" "(info@domaincrawler.com; http://www.domaincrawler.com/cheapridetransfers.com)"
162.158.238.104 - - [04/Aug/2019:15:26:57 +0000] "GET /destinations/bol-brac HTTP/1.1" 200 3956 "-" "(info@domaincrawler.com; http://www.domaincrawler.com/cheapridetransfers.com)"
162.158.238.104 - - [04/Aug/2019:15:27:02 +0000] "GET /destinations/banki HTTP/1.1" 200 3943 "-" "(info@domaincrawler.com; http://www.domaincrawler.com/cheapridetransfers.com)"
162.158.238.104 - - [04/Aug/2019:15:27:04 +0000] "GET /destinations/berane-airport-me HTTP/1.1" 200 3963 "-" "(info@domaincrawler.com; http://www.domaincrawler.com/cheapridetransfers.com)"
162.158.238.158 - - [04/Aug/2019:15:27:33 +0000] "GET /destinations/niksic-airport-me HTTP/1.1" 200 3988 "-" "(info@domaincrawler.com; http://www.domaincrawler.com/cheapridetransfers.com)"
162.158.238.158 - - [04/Aug/2019:15:27:37 +0000] "GET /destinations/blato-korcula HTTP/1.1" 200 3964 "-" "(info@domaincrawler.com; http://www.domaincrawler.com/cheapridetransfers.com)"
162.158.238.158 - - [04/Aug/2019:15:27:40 +0000] "GET /destinations/bosana-pag HTTP/1.1" 200 3971 "-" "(info@domaincrawler.com; http://www.domaincrawler.com/cheapridetransfers.com)"
162.158.238.158 - - [04/Aug/2019:15:27:43 +0000] "GET /destinations/bartici HTTP/1.1" 200 3950 "-" "(info@domaincrawler.com; http://www.domaincrawler.com/cheapridetransfers.com)"
162.158.238.158 - - [04/Aug/2019:15:27:47 +0000] "GET /destinations/batlug HTTP/1.1" 200 3942 "-" "(info@domaincrawler.com; http://www.domaincrawler.com/cheapridetransfers.com)"
162.158.238.158 - - [04/Aug/2019:15:27:50 +0000] "GET /destinations/tuzla-airport-bih HTTP/1.1" 200 3966 "-" "(info@domaincrawler.com; http://www.domaincrawler.com/cheapridetransfers.com)"
162.158.238.158 - - [04/Aug/2019:15:27:54 +0000] "GET /destinations/donje-selo-solta HTTP/1.1" 200 3981 "-" "(info@domaincrawler.com; http://www.domaincrawler.com/cheapridetransfers.com)"
108.162.241.130 - - [04/Aug/2019:15:27:56 +0000] "GET /destinations/cilipi HTTP/1.1" 200 3948 "-" "Mozilla/5.0 (compatible; SemrushBot/3~bl; +http://www.semrush.com/bot.html)"
162.158.238.158 - - [04/Aug/2019:15:27:57 +0000] "GET /destinations/antunovac HTTP/1.1" 200 3947 "-" "(info@domaincrawler.com; http://www.domaincrawler.com/cheapridetransfers.com)"
162.158.238.158 - - [04/Aug/2019:15:28:00 +0000] "GET /destinations/bajkini HTTP/1.1" 200 3944 "-" "(info@domaincrawler.com; http://www.domaincrawler.com/cheapridetransfers.com)"
162.158.238.158 - - [04/Aug/2019:15:28:05 +0000] "GET /destinations/podgorica-airport-me HTTP/1.1" 200 3968 "-" "(info@domaincrawler.com; http://www.domaincrawler.com/cheapridetransfers.com)"
162.158.238.158 - - [04/Aug/2019:15:28:07 +0000] "GET /destinations/brusici-krk HTTP/1.1" 200 3962 "-" "(info@domaincrawler.com; http://www.domaincrawler.com/cheapridetransfers.com)"
162.158.238.158 - - [04/Aug/2019:15:28:11 +0000] "GET /destinations/dol-brac HTTP/1.1" 200 3956 "-" "(info@domaincrawler.com; http://www.domaincrawler.com/cheapridetransfers.com)"
162.158.238.158 - - [04/Aug/2019:15:28:16 +0000] "GET /destinations/dracevica-brac HTTP/1.1" 200 3965 "-" "(info@domaincrawler.com; http://www.domaincrawler.com/cheapridetransfers.com)"
162.158.238.158 - - [04/Aug/2019:15:28:19 +0000] "GET /destinations/bobovisca-na-moru-brac HTTP/1.1" 200 4000 "-" "(info@domaincrawler.com; http://www.domaincrawler.com/cheapridetransfers.com)"
162.158.238.158 - - [04/Aug/2019:15:28:23 +0000] "GET /destinations/brzac-krk HTTP/1.1" 200 3954 "-" "(info@domaincrawler.com; http://www.domaincrawler.com/cheapridetransfers.com)"
162.158.238.158 - - [04/Aug/2019:15:28:33 +0000] "GET /blog/5-reasons-to-book-airport-transfer-in-croatia HTTP/1.1" 200 5406 "-" "(info@domaincrawler.com; http://www.domaincrawler.com/cheapridetransfers.com)"
162.158.238.158 - - [04/Aug/2019:15:28:35 +0000] "GET /blog/who-we-are-we-are-cheap-ride HTTP/1.1" 200 4958 "-" "(info@domaincrawler.com; http://www.domaincrawler.com/cheapridetransfers.com)"
162.158.238.158 - - [04/Aug/2019:15:28:37 +0000] "GET /tours/plitvice-lakes-tour HTTP/1.1" 200 5917 "-" "(info@domaincrawler.com; http://www.domaincrawler.com/cheapridetransfers.com)"
162.158.238.158 - - [04/Aug/2019:15:28:40 +0000] "GET /tours/imotski-tour-red-and-blue-lake HTTP/1.1" 200 5360 "-" "(info@domaincrawler.com; http://www.domaincrawler.com/cheapridetransfers.com)"
162.158.238.158 - - [04/Aug/2019:15:28:42 +0000] "GET /tours/biokovo-mountain-tour HTTP/1.1" 200 5643 "-" "(info@domaincrawler.com; http://www.domaincrawler.com/cheapridetransfers.com)"
162.158.238.158 - - [04/Aug/2019:15:28:44 +0000] "GET /tours/city-of-medugorje-tour-bih HTTP/1.1" 200 5265 "-" "(info@domaincrawler.com; http://www.domaincrawler.com/cheapridetransfers.com)"
162.158.238.158 - - [04/Aug/2019:15:28:46 +0000] "GET /tours/city-of-trogir-tour HTTP/1.1" 200 5415 "-" "(info@domaincrawler.com; http://www.domaincrawler.com/cheapridetransfers.com)"
162.158.238.158 - - [04/Aug/2019:15:28:51 +0000] "GET /tours/city-of-mostar-tour-bih HTTP/1.1" 200 5210 "-" "(info@domaincrawler.com; http://www.domaincrawler.com/cheapridetransfers.com)"
162.158.238.158 - - [04/Aug/2019:15:28:53 +0000] "GET /tours/krka-waterfalls-tour-national-park HTTP/1.1" 200 6190 "-" "(info@domaincrawler.com; http://www.domaincrawler.com/cheapridetransfers.com)"
162.158.238.158 - - [04/Aug/2019:15:28:55 +0000] "GET /tours/city-of-split-tour HTTP/1.1" 200 5400 "-" "(info@domaincrawler.com; http://www.domaincrawler.com/cheapridetransfers.com)"
108.162.241.214 - - [04/Aug/2019:15:28:58 +0000] "GET /taxi-transfer/siroki-brijeg-bih/makarska HTTP/1.1" 200 7445 "-" "Mozilla/5.0 (compatible; SemrushBot/3~bl; +http://www.semrush.com/bot.html)"
162.158.238.158 - - [04/Aug/2019:15:28:59 +0000] "GET /tours/city-of-dubrovnik-tour HTTP/1.1" 200 5469 "-" "(info@domaincrawler.com; http://www.domaincrawler.com/cheapridetransfers.com)"
162.158.238.158 - - [04/Aug/2019:15:29:01 +0000] "GET /hr/destinacije HTTP/1.1" 200 6949 "-" "(info@domaincrawler.com; http://www.domaincrawler.com/cheapridetransfers.com)"
162.158.238.158 - - [04/Aug/2019:15:29:03 +0000] "GET /hr/blog HTTP/1.1" 200 4089 "-" "(info@domaincrawler.com; http://www.domaincrawler.com/cheapridetransfers.com)"
162.158.238.158 - - [04/Aug/2019:15:29:07 +0000] "GET /hr/o-nama HTTP/1.1" 200 3896 "-" "(info@domaincrawler.com; http://www.domaincrawler.com/cheapridetransfers.com)"
162.158.238.158 - - [04/Aug/2019:15:29:08 +0000] "GET /hr/zatrazite-ponudu HTTP/1.1" 200 3860 "-" "(info@domaincrawler.com; http://www.domaincrawler.com/cheapridetransfers.com)"
162.158.238.158 - - [04/Aug/2019:15:29:10 +0000] "GET /hr/taxi HTTP/1.1" 200 4770 "-" "(info@domaincrawler.com; http://www.domaincrawler.com/cheapridetransfers.com)"
162.158.238.158 - - [04/Aug/2019:15:29:14 +0000] "GET /hr/izleti HTTP/1.1" 200 4218 "-" "(info@domaincrawler.com; http://www.domaincrawler.com/cheapridetransfers.com)"
162.158.238.158 - - [04/Aug/2019:15:29:18 +0000] "GET /en HTTP/1.1" 200 4696 "-" "(info@domaincrawler.com; http://www.domaincrawler.com/cheapridetransfers.com)"
162.158.238.158 - - [04/Aug/2019:15:29:19 +0000] "GET /hr/kontakt HTTP/1.1" 200 4332 "-" "(info@domaincrawler.com; http://www.domaincrawler.com/cheapridetransfers.com)"
162.158.238.158 - - [04/Aug/2019:15:29:21 +0000] "GET /hr/faq HTTP/1.1" 200 4604 "-" "(info@domaincrawler.com; http://www.domaincrawler.com/cheapridetransfers.com)"
162.158.238.158 - - [04/Aug/2019:15:29:23 +0000] "GET /hr/uvjeti-i-odredbe HTTP/1.1" 200 4390 "-" "(info@domaincrawler.com; http://www.domaincrawler.com/cheapridetransfers.com)"
162.158.238.158 - - [04/Aug/2019:15:29:30 +0000] "GET /hr/pravila-o-privatnosti HTTP/1.1" 200 6351 "-" "(info@domaincrawler.com; http://www.domaincrawler.com/cheapridetransfers.com)"
162.158.238.158 - - [04/Aug/2019:15:29:30 +0000] "GET /destinations/durmanec HTTP/1.1" 200 3951 "-" "(info@domaincrawler.com; http://www.domaincrawler.com/cheapridetransfers.com)"
162.158.238.158 - - [04/Aug/2019:15:29:34 +0000] "GET /destinations/dubravice-skradin HTTP/1.1" 200 3961 "-" "(info@domaincrawler.com; http://www.domaincrawler.com/cheapridetransfers.com)"
162.158.238.158 - - [04/Aug/2019:15:29:37 +0000] "GET /destinations/durdenovac HTTP/1.1" 200 3958 "-" "(info@domaincrawler.com; http://www.domaincrawler.com/cheapridetransfers.com)"
162.158.238.158 - - [04/Aug/2019:15:29:40 +0000] "GET /destinations/durdevac HTTP/1.1" 200 3955 "-" "(info@domaincrawler.com; http://www.domaincrawler.com/cheapridetransfers.com)"
172.68.222.110 - - [04/Aug/2019:15:29:42 +0000] "POST /startlocation HTTP/1.1" 200 2 "https://www.cheapridetransfers.com/hr/destinacije/karlobag" "Mozilla/5.0 (Linux; Android 9; FIG-LX1) AppleWebKit/537.36 (KHTML, like Gecko) Chrome/75.0.3770.143 Mobile Safari/537.36"
172.68.222.110 - - [04/Aug/2019:15:29:42 +0000] "POST /startlocation HTTP/1.1" 200 344 "https://www.cheapridetransfers.com/hr/destinacije/karlobag" "Mozilla/5.0 (Linux; Android 9; FIG-LX1) AppleWebKit/537.36 (KHTML, like Gecko) Chrome/75.0.3770.143 Mobile Safari/537.36"
172.68.222.110 - - [04/Aug/2019:15:29:43 +0000] "POST /startlocation HTTP/1.1" 200 34 "https://www.cheapridetransfers.com/hr/destinacije/karlobag" "Mozilla/5.0 (Linux; Android 9; FIG-LX1) AppleWebKit/537.36 (KHTML, like Gecko) Chrome/75.0.3770.143 Mobile Safari/537.36"
172.68.222.110 - - [04/Aug/2019:15:29:44 +0000] "POST /startlocation HTTP/1.1" 200 34 "https://www.cheapridetransfers.com/hr/destinacije/karlobag" "Mozilla/5.0 (Linux; Android 9; FIG-LX1) AppleWebKit/537.36 (KHTML, like Gecko) Chrome/75.0.3770.143 Mobile Safari/537.36"
162.158.238.158 - - [04/Aug/2019:15:29:44 +0000] "GET /destinations/zastrazisce-hvar HTTP/1.1" 200 3992 "-" "(info@domaincrawler.com; http://www.domaincrawler.com/cheapridetransfers.com)"
162.158.238.158 - - [04/Aug/2019:15:29:48 +0000] "GET /destinations/erdut HTTP/1.1" 200 3941 "-" "(info@domaincrawler.com; http://www.domaincrawler.com/cheapridetransfers.com)"
162.158.238.158 - - [04/Aug/2019:15:29:52 +0000] "GET /destinations?page=1 HTTP/1.1" 200 6876 "-" "(info@domaincrawler.com; http://www.domaincrawler.com/cheapridetransfers.com)"
162.158.238.158 - - [04/Aug/2019:15:29:54 +0000] "GET /destinations/dracevac-ninski HTTP/1.1" 200 3967 "-" "(info@domaincrawler.com; http://www.domaincrawler.com/cheapridetransfers.com)"
172.68.222.110 - - [04/Aug/2019:15:29:56 +0000] "POST /endlocation HTTP/1.1" 200 543 "https://www.cheapridetransfers.com/hr/destinacije/karlobag" "Mozilla/5.0 (Linux; Android 9; FIG-LX1) AppleWebKit/537.36 (KHTML, like Gecko) Chrome/75.0.3770.143 Mobile Safari/537.36"
172.68.222.110 - - [04/Aug/2019:15:29:57 +0000] "POST /endlocation HTTP/1.1" 200 77 "https://www.cheapridetransfers.com/hr/destinacije/karlobag" "Mozilla/5.0 (Linux; Android 9; FIG-LX1) AppleWebKit/537.36 (KHTML, like Gecko) Chrome/75.0.3770.143 Mobile Safari/537.36"
162.158.238.158 - - [04/Aug/2019:15:29:56 +0000] "GET /destinations/duba-konavoska HTTP/1.1" 200 3959 "-" "(info@domaincrawler.com; http://www.domaincrawler.com/cheapridetransfers.com)"
172.68.222.110 - - [04/Aug/2019:15:29:57 +0000] "POST /endlocation HTTP/1.1" 200 77 "https://www.cheapridetransfers.com/hr/destinacije/karlobag" "Mozilla/5.0 (Linux; Android 9; FIG-LX1) AppleWebKit/537.36 (KHTML, like Gecko) Chrome/75.0.3770.143 Mobile Safari/537.36"
162.158.238.158 - - [04/Aug/2019:15:30:00 +0000] "GET /destinations/duge-njive HTTP/1.1" 200 4013 "-" "(info@domaincrawler.com; http://www.domaincrawler.com/cheapridetransfers.com)"
162.158.238.158 - - [04/Aug/2019:15:30:03 +0000] "GET /destinations/zupanje-krk HTTP/1.1" 200 3961 "-" "(info@domaincrawler.com; http://www.domaincrawler.com/cheapridetransfers.com)"
162.158.238.158 - - [04/Aug/2019:15:30:05 +0000] "GET /destinations/drinak HTTP/1.1" 200 3942 "-" "(info@domaincrawler.com; http://www.domaincrawler.com/cheapridetransfers.com)"
162.158.238.158 - - [04/Aug/2019:15:30:10 +0000] "GET /destinations/ervenik HTTP/1.1" 200 3944 "-" "(info@domaincrawler.com; http://www.domaincrawler.com/cheapridetransfers.com)"
172.68.222.110 - - [04/Aug/2019:15:30:19 +0000] "GET /hr/pretraga?start_location=Ribarica&end_location=Karlobag&date=05.08.2019 HTTP/1.1" 302 524 "https://www.cheapridetransfers.com/hr/destinacije/karlobag" "Mozilla/5.0 (Linux; Android 9; FIG-LX1) AppleWebKit/537.36 (KHTML, like Gecko) Chrome/75.0.3770.143 Mobile Safari/537.36"
172.68.222.110 - - [04/Aug/2019:15:30:19 +0000] "GET /hr/taksi-transfer/ribarica/karlobag HTTP/1.1" 302 460 "https://www.cheapridetransfers.com/hr/destinacije/karlobag" "Mozilla/5.0 (Linux; Android 9; FIG-LX1) AppleWebKit/537.36 (KHTML, like Gecko) Chrome/75.0.3770.143 Mobile Safari/537.36"
172.68.222.110 - - [04/Aug/2019:15:30:19 +0000] "GET /hr/zatrazite-ponudu HTTP/1.1" 200 3889 "https://www.cheapridetransfers.com/hr/destinacije/karlobag" "Mozilla/5.0 (Linux; Android 9; FIG-LX1) AppleWebKit/537.36 (KHTML, like Gecko) Chrome/75.0.3770.143 Mobile Safari/537.36"
162.158.238.158 - - [04/Aug/2019:15:30:18 +0000] "GET /destinations/draganic HTTP/1.1" 200 3952 "-" "(info@domaincrawler.com; http://www.domaincrawler.com/cheapridetransfers.com)"
162.158.238.158 - - [04/Aug/2019:15:30:22 +0000] "GET /destinations/drnis HTTP/1.1" 200 3958 "-" "(info@domaincrawler.com; http://www.domaincrawler.com/cheapridetransfers.com)"
162.158.238.158 - - [04/Aug/2019:15:30:27 +0000] "GET /destinations/dubrovnik HTTP/1.1" 200 4425 "-" "(info@domaincrawler.com; http://www.domaincrawler.com/cheapridetransfers.com)"
162.158.238.158 - - [04/Aug/2019:15:30:30 +0000] "GET /destinations/devrske HTTP/1.1" 200 3950 "-" "(info@domaincrawler.com; http://www.domaincrawler.com/cheapridetransfers.com)"
162.158.238.158 - - [04/Aug/2019:15:30:33 +0000] "GET /destinations/duce HTTP/1.1" 200 4008 "-" "(info@domaincrawler.com; http://www.domaincrawler.com/cheapridetransfers.com)"
162.158.238.158 - - [04/Aug/2019:15:30:38 +0000] "GET /destinations/fazana HTTP/1.1" 200 3950 "-" "(info@domaincrawler.com; http://www.domaincrawler.com/cheapridetransfers.com)"
162.158.238.158 - - [04/Aug/2019:15:30:40 +0000] "GET /destinations/zman-dugi-otok HTTP/1.1" 200 3966 "-" "(info@domaincrawler.com; http://www.domaincrawler.com/cheapridetransfers.com)"
162.158.238.158 - - [04/Aug/2019:15:30:44 +0000] "GET /destinations/zubovici-pag HTTP/1.1" 200 4026 "-" "(info@domaincrawler.com; http://www.domaincrawler.com/cheapridetransfers.com)"
162.158.238.158 - - [04/Aug/2019:15:30:47 +0000] "GET /destinations/draz HTTP/1.1" 200 3947 "-" "(info@domaincrawler.com; http://www.domaincrawler.com/cheapridetransfers.com)"
162.158.238.158 - - [04/Aug/2019:15:30:50 +0000] "GET /destinations/zbicina-cres HTTP/1.1" 200 3963 "-" "(info@domaincrawler.com; http://www.domaincrawler.com/cheapridetransfers.com)"
162.158.238.158 - - [04/Aug/2019:15:30:54 +0000] "GET /destinations/zestilac-krk HTTP/1.1" 200 3961 "-" "(info@domaincrawler.com; http://www.domaincrawler.com/cheapridetransfers.com)"
162.158.238.158 - - [04/Aug/2019:15:30:58 +0000] "GET /destinations/dragalic HTTP/1.1" 200 3952 "-" "(info@domaincrawler.com; http://www.domaincrawler.com/cheapridetransfers.com)"
162.158.238.158 - - [04/Aug/2019:15:31:02 +0000] "GET /destinations/dramalj HTTP/1.1" 200 3944 "-" "(info@domaincrawler.com; http://www.domaincrawler.com/cheapridetransfers.com)"
162.158.238.158 - - [04/Aug/2019:15:31:05 +0000] "GET /destinations/zidarici-krk HTTP/1.1" 200 3965 "-" "(info@domaincrawler.com; http://www.domaincrawler.com/cheapridetransfers.com)"
162.158.238.158 - - [04/Aug/2019:15:31:07 +0000] "GET /destinations/duboki-dol HTTP/1.1" 200 3952 "-" "(info@domaincrawler.com; http://www.domaincrawler.com/cheapridetransfers.com)"
162.158.238.158 - - [04/Aug/2019:15:31:12 +0000] "GET /destinations/dugo-selo HTTP/1.1" 200 3950 "-" "(info@domaincrawler.com; http://www.domaincrawler.com/cheapridetransfers.com)"
172.68.222.110 - - [04/Aug/2019:15:31:15 +0000] "POST /hr/mail HTTP/1.1" 302 432 "https://www.cheapridetransfers.com/hr/zatrazite-ponudu" "Mozilla/5.0 (Linux; Android 9; FIG-LX1) AppleWebKit/537.36 (KHTML, like Gecko) Chrome/75.0.3770.143 Mobile Safari/537.36"
172.68.222.110 - - [04/Aug/2019:15:31:15 +0000] "GET /hr/hvala-vam HTTP/1.1" 200 4210 "https://www.cheapridetransfers.com/hr/zatrazite-ponudu" "Mozilla/5.0 (Linux; Android 9; FIG-LX1) AppleWebKit/537.36 (KHTML, like Gecko) Chrome/75.0.3770.143 Mobile Safari/537.36"
162.158.238.158 - - [04/Aug/2019:15:31:15 +0000] "GET /destinations/dvor HTTP/1.1" 200 3941 "-" "(info@domaincrawler.com; http://www.domaincrawler.com/cheapridetransfers.com)"
162.158.106.52 - - [04/Aug/2019:15:31:16 +0000] "GET /hr/taksi-transfer/brist/tucepi HTTP/1.1" 200 7844 "-" "Mozilla/5.0 (Linux; Android 6.0.1; Nexus 5X Build/MMB29P) AppleWebKit/537.36 (KHTML, like Gecko) Chrome/41.0.2272.96 Mobile Safari/537.36 (compatible; Googlebot/2.1; +http://www.google.com/bot.html)"
162.158.238.158 - - [04/Aug/2019:15:31:20 +0000] "GET /destinations/dulovac HTTP/1.1" 200 3950 "-" "(info@domaincrawler.com; http://www.domaincrawler.com/cheapridetransfers.com)"
162.158.238.158 - - [04/Aug/2019:15:31:24 +0000] "GET /destinations/zgombici-krk HTTP/1.1" 200 3968 "-" "(info@domaincrawler.com; http://www.domaincrawler.com/cheapridetransfers.com)"
162.158.238.158 - - [04/Aug/2019:15:31:28 +0000] "GET /destinations/drasnice HTTP/1.1" 200 4559 "-" "(info@domaincrawler.com; http://www.domaincrawler.com/cheapridetransfers.com)"
162.158.238.158 - - [04/Aug/2019:15:31:31 +0000] "GET /destinations/dubrava HTTP/1.1" 200 3944 "-" "(info@domaincrawler.com; http://www.domaincrawler.com/cheapridetransfers.com)"
162.158.238.158 - - [04/Aug/2019:15:31:34 +0000] "GET /destinations/durinici HTTP/1.1" 200 3956 "-" "(info@domaincrawler.com; http://www.domaincrawler.com/cheapridetransfers.com)"
162.158.238.158 - - [04/Aug/2019:15:31:38 +0000] "GET /destinations/farkasevac HTTP/1.1" 200 3968 "-" "(info@domaincrawler.com; http://www.domaincrawler.com/cheapridetransfers.com)"
162.158.238.158 - - [04/Aug/2019:15:31:41 +0000] "GET /destinations/drazice HTTP/1.1" 200 3952 "-" "(info@domaincrawler.com; http://www.domaincrawler.com/cheapridetransfers.com)"
162.158.238.158 - - [04/Aug/2019:15:31:45 +0000] "GET /destinations/dunave HTTP/1.1" 200 3944 "-" "(info@domaincrawler.com; http://www.domaincrawler.com/cheapridetransfers.com)"
162.158.238.158 - - [04/Aug/2019:15:31:48 +0000] "GET /destinations/zverinac-zverinac HTTP/1.1" 200 3956 "-" "(info@domaincrawler.com; http://www.domaincrawler.com/cheapridetransfers.com)"
162.158.238.158 - - [04/Aug/2019:15:31:51 +0000] "GET /destinations/drenje HTTP/1.1" 200 3944 "-" "(info@domaincrawler.com; http://www.domaincrawler.com/cheapridetransfers.com)"
162.158.238.158 - - [04/Aug/2019:15:31:54 +0000] "GET /destinations/zedno-ciovo HTTP/1.1" 200 4027 "-" "(info@domaincrawler.com; http://www.domaincrawler.com/cheapridetransfers.com)"
162.158.238.158 - - [04/Aug/2019:15:31:58 +0000] "GET /destinations/duba HTTP/1.1" 200 3940 "-" "(info@domaincrawler.com; http://www.domaincrawler.com/cheapridetransfers.com)"
162.158.238.158 - - [04/Aug/2019:15:32:03 +0000] "GET /destinations/zdrelac-pasman HTTP/1.1" 200 3978 "-" "(info@domaincrawler.com; http://www.domaincrawler.com/cheapridetransfers.com)"
162.158.238.158 - - [04/Aug/2019:15:32:09 +0000] "GET /destinations/dubrava-kod-sibenika HTTP/1.1" 200 3985 "-" "(info@domaincrawler.com; http://www.domaincrawler.com/cheapridetransfers.com)"
162.158.238.158 - - [04/Aug/2019:15:32:13 +0000] "GET /destinations/dubravica HTTP/1.1" 200 3947 "-" "(info@domaincrawler.com; http://www.domaincrawler.com/cheapridetransfers.com)"
162.158.238.158 - - [04/Aug/2019:15:32:17 +0000] "GET /destinations/duga-resa HTTP/1.1" 200 3950 "-" "(info@domaincrawler.com; http://www.domaincrawler.com/cheapridetransfers.com)"
162.158.238.158 - - [04/Aug/2019:15:32:21 +0000] "GET /destinations/ernestinovo HTTP/1.1" 200 3948 "-" "(info@domaincrawler.com; http://www.domaincrawler.com/cheapridetransfers.com)"
162.158.238.158 - - [04/Aug/2019:15:32:25 +0000] "GET /destinations/drnje HTTP/1.1" 200 3942 "-" "(info@domaincrawler.com; http://www.domaincrawler.com/cheapridetransfers.com)"
162.158.238.158 - - [04/Aug/2019:15:32:29 +0000] "GET /destinations/duba-stonska HTTP/1.1" 200 3954 "-" "(info@domaincrawler.com; http://www.domaincrawler.com/cheapridetransfers.com)"
162.158.238.158 - - [04/Aug/2019:15:32:36 +0000] "GET /destinations/dugopolje HTTP/1.1" 200 3948 "-" "(info@domaincrawler.com; http://www.domaincrawler.com/cheapridetransfers.com)"
162.158.238.158 - - [04/Aug/2019:15:32:40 +0000] "GET /destinations/dugi-rat HTTP/1.1" 200 4010 "-" "(info@domaincrawler.com; http://www.domaincrawler.com/cheapridetransfers.com)"
162.158.238.158 - - [04/Aug/2019:15:32:45 +0000] "GET /destinations/delekovec HTTP/1.1" 200 3952 "-" "(info@domaincrawler.com; http://www.domaincrawler.com/cheapridetransfers.com)"
162.158.238.158 - - [04/Aug/2019:15:32:48 +0000] "GET /destinations/zirje-zirje HTTP/1.1" 200 3958 "-" "(info@domaincrawler.com; http://www.domaincrawler.com/cheapridetransfers.com)"
162.158.238.158 - - [04/Aug/2019:15:32:51 +0000] "GET /destinations/dvornica HTTP/1.1" 200 4007 "-" "(info@domaincrawler.com; http://www.domaincrawler.com/cheapridetransfers.com)"
162.158.238.158 - - [04/Aug/2019:15:32:55 +0000] "GET /destinations/zena-glava-vis HTTP/1.1" 200 3966 "-" "(info@domaincrawler.com; http://www.domaincrawler.com/cheapridetransfers.com)"
162.158.238.158 - - [04/Aug/2019:15:32:58 +0000] "GET /destinations/drenovci HTTP/1.1" 200 3945 "-" "(info@domaincrawler.com; http://www.domaincrawler.com/cheapridetransfers.com)"
162.158.238.158 - - [04/Aug/2019:15:33:01 +0000] "GET /destinations/drinovci-drnis HTTP/1.1" 200 3976 "-" "(info@domaincrawler.com; http://www.domaincrawler.com/cheapridetransfers.com)"
162.158.238.158 - - [04/Aug/2019:15:33:04 +0000] "GET /destinations/zbisina-cres HTTP/1.1" 200 3973 "-" "(info@domaincrawler.com; http://www.domaincrawler.com/cheapridetransfers.com)"
162.158.238.158 - - [04/Aug/2019:15:33:06 +0000] "GET /destinations/zgaljici-krk HTTP/1.1" 200 3968 "-" "(info@domaincrawler.com; http://www.domaincrawler.com/cheapridetransfers.com)"
162.158.238.158 - - [04/Aug/2019:15:33:10 +0000] "GET /destinations/drivenik HTTP/1.1" 200 3945 "-" "(info@domaincrawler.com; http://www.domaincrawler.com/cheapridetransfers.com)"
162.158.238.158 - - [04/Aug/2019:15:33:13 +0000] "GET /destinations/zarace-hvar HTTP/1.1" 200 3963 "-" "(info@domaincrawler.com; http://www.domaincrawler.com/cheapridetransfers.com)"
162.158.238.158 - - [04/Aug/2019:15:33:17 +0000] "GET /destinations/dubrava-kod-tisna HTTP/1.1" 200 3963 "-" "(info@domaincrawler.com; http://www.domaincrawler.com/cheapridetransfers.com)"
108.162.241.4 - - [04/Aug/2019:15:33:19 +0000] "GET /destinations/mala-rava-rava HTTP/1.1" 200 3958 "-" "Mozilla/5.0 (compatible; SemrushBot/3~bl; +http://www.semrush.com/bot.html)"
162.158.238.158 - - [04/Aug/2019:15:33:21 +0000] "GET /destinations/zigljen-pag HTTP/1.1" 200 3960 "-" "(info@domaincrawler.com; http://www.domaincrawler.com/cheapridetransfers.com)"
162.158.238.158 - - [04/Aug/2019:15:33:24 +0000] "GET /destinations/drvenik HTTP/1.1" 200 4506 "-" "(info@domaincrawler.com; http://www.domaincrawler.com/cheapridetransfers.com)"
162.158.238.158 - - [04/Aug/2019:15:33:27 +0000] "GET /destinations/dakovo HTTP/1.1" 200 3948 "-" "(info@domaincrawler.com; http://www.domaincrawler.com/cheapridetransfers.com)"
162.158.238.158 - - [04/Aug/2019:15:33:31 +0000] "GET /destinations/drage-pakostane HTTP/1.1" 200 4040 "-" "(info@domaincrawler.com; http://www.domaincrawler.com/cheapridetransfers.com)"
162.158.238.158 - - [04/Aug/2019:15:33:36 +0000] "GET /destinations/zlarin-zlarin HTTP/1.1" 200 3954 "-" "(info@domaincrawler.com; http://www.domaincrawler.com/cheapridetransfers.com)"
162.158.92.2 - - [04/Aug/2019:15:33:38 +0000] "GET /hr/destinacije/stubicke-toplice HTTP/1.1" 200 4044 "https://www.google.com/" "Mozilla/5.0 (Linux; Android 5.1; Lenovo P70-A) AppleWebKit/537.36 (KHTML, like Gecko) Chrome/76.0.3809.89 Mobile Safari/537.36"
162.158.238.158 - - [04/Aug/2019:15:33:40 +0000] "GET /destinations/dragljane HTTP/1.1" 200 3947 "-" "(info@domaincrawler.com; http://www.domaincrawler.com/cheapridetransfers.com)"
162.158.238.158 - - [04/Aug/2019:15:33:43 +0000] "GET /destinations/duba-peljeska HTTP/1.1" 200 3973 "-" "(info@domaincrawler.com; http://www.domaincrawler.com/cheapridetransfers.com)"
162.158.238.158 - - [04/Aug/2019:15:33:47 +0000] "GET /destinations/divoselo HTTP/1.1" 200 3945 "-" "(info@domaincrawler.com; http://www.domaincrawler.com/cheapridetransfers.com)"
162.158.238.158 - - [04/Aug/2019:15:33:49 +0000] "GET /destinations/stara-novalja-pag HTTP/1.1" 200 4027 "-" "(info@domaincrawler.com; http://www.domaincrawler.com/cheapridetransfers.com)"
162.158.238.158 - - [04/Aug/2019:15:33:56 +0000] "GET /destinations/unije-unije HTTP/1.1" 200 3952 "-" "(info@domaincrawler.com; http://www.domaincrawler.com/cheapridetransfers.com)"
162.158.238.158 - - [04/Aug/2019:15:33:59 +0000] "GET /destinations/donji-lepuri HTTP/1.1" 200 3955 "-" "(info@domaincrawler.com; http://www.domaincrawler.com/cheapridetransfers.com)"
162.158.238.158 - - [04/Aug/2019:15:34:05 +0000] "GET /destinations/veli-losinj-losinj HTTP/1.1" 200 3983 "-" "(info@domaincrawler.com; http://www.domaincrawler.com/cheapridetransfers.com)"
162.158.238.158 - - [04/Aug/2019:15:34:07 +0000] "GET /destinations/donji-babin-potok HTTP/1.1" 200 3964 "-" "(info@domaincrawler.com; http://www.domaincrawler.com/cheapridetransfers.com)"
162.158.238.158 - - [04/Aug/2019:15:34:10 +0000] "GET /destinations/stomorska-solta HTTP/1.1" 200 3973 "-" "(info@domaincrawler.com; http://www.domaincrawler.com/cheapridetransfers.com)"
162.158.238.158 - - [04/Aug/2019:15:34:14 +0000] "GET /destinations/sutomiscica-ugljan HTTP/1.1" 200 3987 "-" "(info@domaincrawler.com; http://www.domaincrawler.com/cheapridetransfers.com)"
162.158.238.158 - - [04/Aug/2019:15:34:17 +0000] "GET /destinations/sveti-jakov-losinj HTTP/1.1" 200 3987 "-" "(info@domaincrawler.com; http://www.domaincrawler.com/cheapridetransfers.com)"
162.158.238.158 - - [04/Aug/2019:15:34:19 +0000] "GET /destinations/tribulje-krk HTTP/1.1" 200 3956 "-" "(info@domaincrawler.com; http://www.domaincrawler.com/cheapridetransfers.com)"
162.158.238.158 - - [04/Aug/2019:15:34:23 +0000] "GET /destinations/veli-iz-iz HTTP/1.1" 200 3961 "-" "(info@domaincrawler.com; http://www.domaincrawler.com/cheapridetransfers.com)"
162.158.238.158 - - [04/Aug/2019:15:34:25 +0000] "GET /destinations/vrboska-hvar HTTP/1.1" 200 3955 "-" "(info@domaincrawler.com; http://www.domaincrawler.com/cheapridetransfers.com)"
162.158.238.158 - - [04/Aug/2019:15:34:27 +0000] "GET /destinations/delnice HTTP/1.1" 200 3943 "-" "(info@domaincrawler.com; http://www.domaincrawler.com/cheapridetransfers.com)"
162.158.238.158 - - [04/Aug/2019:15:34:30 +0000] "GET /destinations/donji-kosinj HTTP/1.1" 200 3956 "-" "(info@domaincrawler.com; http://www.domaincrawler.com/cheapridetransfers.com)"
162.158.238.158 - - [04/Aug/2019:15:34:33 +0000] "GET /destinations/donji-mekinjar HTTP/1.1" 200 3958 "-" "(info@domaincrawler.com; http://www.domaincrawler.com/cheapridetransfers.com)"
162.158.238.158 - - [04/Aug/2019:15:34:35 +0000] "GET /destinations/sumartin-brac HTTP/1.1" 200 3961 "-" "(info@domaincrawler.com; http://www.domaincrawler.com/cheapridetransfers.com)"
162.158.238.158 - - [04/Aug/2019:15:34:38 +0000] "GET /destinations/sveti-petar-cres HTTP/1.1" 200 3960 "-" "(info@domaincrawler.com; http://www.domaincrawler.com/cheapridetransfers.com)"
162.158.238.158 - - [04/Aug/2019:15:34:45 +0000] "GET /destinations/donji-strbci HTTP/1.1" 200 3972 "-" "(info@domaincrawler.com; http://www.domaincrawler.com/cheapridetransfers.com)"
162.158.238.158 - - [04/Aug/2019:15:34:47 +0000] "GET /destinations/dekanovec HTTP/1.1" 200 3946 "-" "(info@domaincrawler.com; http://www.domaincrawler.com/cheapridetransfers.com)"
172.68.51.38 - - [04/Aug/2019:15:34:49 +0000] "GET /site.webmanifest HTTP/1.1" 200 426 "https://www.cheapridetransfers.com/hr/destinacije/stubicke-toplice" "Mozilla/5.0 (Linux; Android 5.1; Lenovo P70-A) AppleWebKit/537.36 (KHTML, like Gecko) Chrome/76.0.3809.89 Mobile Safari/537.36"
162.158.238.158 - - [04/Aug/2019:15:34:52 +0000] "GET /destinations/vrcici-pag HTTP/1.1" 200 3963 "-" "(info@domaincrawler.com; http://www.domaincrawler.com/cheapridetransfers.com)"
162.158.238.158 - - [04/Aug/2019:15:34:55 +0000] "GET /destinations/donja-jagodnja HTTP/1.1" 200 3958 "-" "(info@domaincrawler.com; http://www.domaincrawler.com/cheapridetransfers.com)"
162.158.238.158 - - [04/Aug/2019:15:34:59 +0000] "GET /destinations/donja-vrucica HTTP/1.1" 200 4028 "-" "(info@domaincrawler.com; http://www.domaincrawler.com/cheapridetransfers.com)"
162.158.92.2 - - [04/Aug/2019:15:35:03 +0000] "GET /hr/destinacije/stubicke-toplice HTTP/1.1" 200 4044 "https://www.google.com/" "Mozilla/5.0 (Linux; Android 5.1; Lenovo P70-A) AppleWebKit/537.36 (KHTML, like Gecko) Chrome/76.0.3809.89 Mobile Safari/537.36"
162.158.238.158 - - [04/Aug/2019:15:35:03 +0000] "GET /destinations/donje-pazariste HTTP/1.1" 200 3975 "-" "(info@domaincrawler.com; http://www.domaincrawler.com/cheapridetransfers.com)"
162.158.238.158 - - [04/Aug/2019:15:35:06 +0000] "GET /destinations/donji-kraj-moscenicka-draga HTTP/1.1" 200 4014 "-" "(info@domaincrawler.com; http://www.domaincrawler.com/cheapridetransfers.com)"
162.158.92.2 - - [04/Aug/2019:15:35:10 +0000] "POST /startlocation HTTP/1.1" 200 162 "https://www.cheapridetransfers.com/hr/destinacije/stubicke-toplice" "Mozilla/5.0 (Linux; Android 5.1; Lenovo P70-A) AppleWebKit/537.36 (KHTML, like Gecko) Chrome/76.0.3809.89 Mobile Safari/537.36"
162.158.92.2 - - [04/Aug/2019:15:35:11 +0000] "POST /startlocation HTTP/1.1" 200 2 "https://www.cheapridetransfers.com/hr/destinacije/stubicke-toplice" "Mozilla/5.0 (Linux; Android 5.1; Lenovo P70-A) AppleWebKit/537.36 (KHTML, like Gecko) Chrome/76.0.3809.89 Mobile Safari/537.36"
162.158.92.2 - - [04/Aug/2019:15:35:11 +0000] "POST /startlocation HTTP/1.1" 200 2 "https://www.cheapridetransfers.com/hr/destinacije/stubicke-toplice" "Mozilla/5.0 (Linux; Android 5.1; Lenovo P70-A) AppleWebKit/537.36 (KHTML, like Gecko) Chrome/76.0.3809.89 Mobile Safari/537.36"
162.158.238.158 - - [04/Aug/2019:15:35:12 +0000] "GET /destinations/donji-miholjac HTTP/1.1" 200 3972 "-" "(info@domaincrawler.com; http://www.domaincrawler.com/cheapridetransfers.com)"
162.158.92.2 - - [04/Aug/2019:15:35:14 +0000] "POST /startlocation HTTP/1.1" 200 162 "https://www.cheapridetransfers.com/hr/destinacije/stubicke-toplice" "Mozilla/5.0 (Linux; Android 5.1; Lenovo P70-A) AppleWebKit/537.36 (KHTML, like Gecko) Chrome/76.0.3809.89 Mobile Safari/537.36"
162.158.92.2 - - [04/Aug/2019:15:35:15 +0000] "POST /startlocation HTTP/1.1" 200 718 "https://www.cheapridetransfers.com/hr/destinacije/stubicke-toplice" "Mozilla/5.0 (Linux; Android 5.1; Lenovo P70-A) AppleWebKit/537.36 (KHTML, like Gecko) Chrome/76.0.3809.89 Mobile Safari/537.36"
162.158.92.2 - - [04/Aug/2019:15:35:16 +0000] "POST /startlocation HTTP/1.1" 200 154 "https://www.cheapridetransfers.com/hr/destinacije/stubicke-toplice" "Mozilla/5.0 (Linux; Android 5.1; Lenovo P70-A) AppleWebKit/537.36 (KHTML, like Gecko) Chrome/76.0.3809.89 Mobile Safari/537.36"
162.158.92.2 - - [04/Aug/2019:15:35:16 +0000] "POST /startlocation HTTP/1.1" 200 154 "https://www.cheapridetransfers.com/hr/destinacije/stubicke-toplice" "Mozilla/5.0 (Linux; Android 5.1; Lenovo P70-A) AppleWebKit/537.36 (KHTML, like Gecko) Chrome/76.0.3809.89 Mobile Safari/537.36"
162.158.238.104 - - [04/Aug/2019:15:35:24 +0000] "GET /destinations/donje-planjane HTTP/1.1" 200 3958 "-" "(info@domaincrawler.com; http://www.domaincrawler.com/cheapridetransfers.com)"
162.158.92.2 - - [04/Aug/2019:15:35:27 +0000] "POST /startlocation HTTP/1.1" 200 168 "https://www.cheapridetransfers.com/hr/destinacije/stubicke-toplice" "Mozilla/5.0 (Linux; Android 5.1; Lenovo P70-A) AppleWebKit/537.36 (KHTML, like Gecko) Chrome/76.0.3809.89 Mobile Safari/537.36"
162.158.92.2 - - [04/Aug/2019:15:35:27 +0000] "POST /startlocation HTTP/1.1" 200 127 "https://www.cheapridetransfers.com/hr/destinacije/stubicke-toplice" "Mozilla/5.0 (Linux; Android 5.1; Lenovo P70-A) AppleWebKit/537.36 (KHTML, like Gecko) Chrome/76.0.3809.89 Mobile Safari/537.36"
162.158.92.2 - - [04/Aug/2019:15:35:27 +0000] "POST /startlocation HTTP/1.1" 200 127 "https://www.cheapridetransfers.com/hr/destinacije/stubicke-toplice" "Mozilla/5.0 (Linux; Android 5.1; Lenovo P70-A) AppleWebKit/537.36 (KHTML, like Gecko) Chrome/76.0.3809.89 Mobile Safari/537.36"
162.158.92.2 - - [04/Aug/2019:15:35:28 +0000] "POST /startlocation HTTP/1.1" 200 127 "https://www.cheapridetransfers.com/hr/destinacije/stubicke-toplice" "Mozilla/5.0 (Linux; Android 5.1; Lenovo P70-A) AppleWebKit/537.36 (KHTML, like Gecko) Chrome/76.0.3809.89 Mobile Safari/537.36"
162.158.238.104 - - [04/Aug/2019:15:35:28 +0000] "GET /destinations/sveti-ivan-dobrinjski-krk HTTP/1.1" 200 3980 "-" "(info@domaincrawler.com; http://www.domaincrawler.com/cheapridetransfers.com)"
162.158.92.2 - - [04/Aug/2019:15:35:29 +0000] "POST /startlocation HTTP/1.1" 200 48 "https://www.cheapridetransfers.com/hr/destinacije/stubicke-toplice" "Mozilla/5.0 (Linux; Android 5.1; Lenovo P70-A) AppleWebKit/537.36 (KHTML, like Gecko) Chrome/76.0.3809.89 Mobile Safari/537.36"
162.158.92.2 - - [04/Aug/2019:15:35:29 +0000] "POST /startlocation HTTP/1.1" 200 48 "https://www.cheapridetransfers.com/hr/destinacije/stubicke-toplice" "Mozilla/5.0 (Linux; Android 5.1; Lenovo P70-A) AppleWebKit/537.36 (KHTML, like Gecko) Chrome/76.0.3809.89 Mobile Safari/537.36"
162.158.92.2 - - [04/Aug/2019:15:35:30 +0000] "POST /startlocation HTTP/1.1" 200 48 "https://www.cheapridetransfers.com/hr/destinacije/stubicke-toplice" "Mozilla/5.0 (Linux; Android 5.1; Lenovo P70-A) AppleWebKit/537.36 (KHTML, like Gecko) Chrome/76.0.3809.89 Mobile Safari/537.36"
162.158.92.2 - - [04/Aug/2019:15:35:31 +0000] "POST /startlocation HTTP/1.1" 200 48 "https://www.cheapridetransfers.com/hr/destinacije/stubicke-toplice" "Mozilla/5.0 (Linux; Android 5.1; Lenovo P70-A) AppleWebKit/537.36 (KHTML, like Gecko) Chrome/76.0.3809.89 Mobile Safari/537.36"
162.158.92.2 - - [04/Aug/2019:15:35:31 +0000] "POST /startlocation HTTP/1.1" 200 48 "https://www.cheapridetransfers.com/hr/destinacije/stubicke-toplice" "Mozilla/5.0 (Linux; Android 5.1; Lenovo P70-A) AppleWebKit/537.36 (KHTML, like Gecko) Chrome/76.0.3809.89 Mobile Safari/537.36"
162.158.238.104 - - [04/Aug/2019:15:35:30 +0000] "GET /destinations/veli-rat-dugi-otok HTTP/1.1" 200 3967 "-" "(info@domaincrawler.com; http://www.domaincrawler.com/cheapridetransfers.com)"
162.158.92.2 - - [04/Aug/2019:15:35:32 +0000] "POST /startlocation HTTP/1.1" 200 48 "https://www.cheapridetransfers.com/hr/destinacije/stubicke-toplice" "Mozilla/5.0 (Linux; Android 5.1; Lenovo P70-A) AppleWebKit/537.36 (KHTML, like Gecko) Chrome/76.0.3809.89 Mobile Safari/537.36"
162.158.238.104 - - [04/Aug/2019:15:35:33 +0000] "GET /destinations/zapuntel-molat HTTP/1.1" 200 3959 "-" "(info@domaincrawler.com; http://www.domaincrawler.com/cheapridetransfers.com)"
162.158.238.104 - - [04/Aug/2019:15:35:37 +0000] "GET /destinations/susak-susak HTTP/1.1" 200 3951 "-" "(info@domaincrawler.com; http://www.domaincrawler.com/cheapridetransfers.com)"
162.158.92.2 - - [04/Aug/2019:15:35:38 +0000] "POST /endlocation HTTP/1.1" 200 718 "https://www.cheapridetransfers.com/hr/destinacije/stubicke-toplice" "Mozilla/5.0 (Linux; Android 5.1; Lenovo P70-A) AppleWebKit/537.36 (KHTML, like Gecko) Chrome/76.0.3809.89 Mobile Safari/537.36"
162.158.92.2 - - [04/Aug/2019:15:35:38 +0000] "POST /endlocation HTTP/1.1" 200 154 "https://www.cheapridetransfers.com/hr/destinacije/stubicke-toplice" "Mozilla/5.0 (Linux; Android 5.1; Lenovo P70-A) AppleWebKit/537.36 (KHTML, like Gecko) Chrome/76.0.3809.89 Mobile Safari/537.36"
