172.68.253.177 - - [04/Aug/2019:00:03:13 +0000] "GET /blog/who-we-are-we-are-cheap-ride HTTP/1.1" 200 4958 "-" "Mozilla/5.0 (compatible; Baiduspider/2.0; +http://www.baidu.com/search/spider.html)"
141.101.104.179 - - [04/Aug/2019:00:03:23 +0000] "GET /contact HTTP/1.1" 200 4223 "https://www.cheapridetransfers.com/contact" "Mozilla/5.0 (Windows NT 10.0) AppleWebKit/537.36 (KHTML, like Gecko) Chrome/67.0.3396.99 Safari/537.36"
141.101.77.126 - - [04/Aug/2019:00:03:24 +0000] "POST /mail HTTP/1.1" 200 - "https://www.cheapridetransfers.com/contact" "Mozilla/5.0 (Windows NT 10.0) AppleWebKit/537.36 (KHTML, like Gecko) Chrome/67.0.3396.99 Safari/537.36"
108.162.241.34 - - [04/Aug/2019:00:07:44 +0000] "GET /taxi-transfer/split-airport/plitvice-lakes HTTP/1.1" 200 7950 "-" "Mozilla/5.0 (compatible; SemrushBot/3~bl; +http://www.semrush.com/bot.html)"
108.162.241.130 - - [04/Aug/2019:00:08:50 +0000] "GET /blog HTTP/1.1" 200 3957 "-" "Mozilla/5.0 (compatible; SemrushBot/3~bl; +http://www.semrush.com/bot.html)"
108.162.229.212 - - [04/Aug/2019:00:09:56 +0000] "GET /destinations/ostrobradic-krk HTTP/1.1" 200 3982 "-" "Mozilla/5.0 (compatible; AhrefsBot/6.1; +http://ahrefs.com/robot/)"
141.101.104.235 - - [04/Aug/2019:00:12:03 +0000] "GET /hr/destinations/plat HTTP/1.1" 302 460 "-" "Mozilla/5.0 (compatible; AhrefsBot/6.1; +http://ahrefs.com/robot/)"
141.101.76.80 - - [04/Aug/2019:00:15:39 +0000] "GET /hr/destinacije/seget-donji HTTP/1.1" 200 4098 "-" "Mozilla/5.0 (compatible; AhrefsBot/6.1; +http://ahrefs.com/robot/)"
162.158.126.62 - - [04/Aug/2019:00:16:12 +0000] "GET /destinations/udbina HTTP/1.1" 200 3943 "-" "Mozilla/5.0 (compatible; SemrushBot/3~bl; +http://www.semrush.com/bot.html)"
108.162.229.212 - - [04/Aug/2019:00:18:39 +0000] "GET /destinations/boraja HTTP/1.1" 200 3944 "-" "Mozilla/5.0 (compatible; AhrefsBot/6.1; +http://ahrefs.com/robot/)"
108.162.229.168 - - [04/Aug/2019:00:24:51 +0000] "GET /destinations/berek HTTP/1.1" 200 3942 "-" "Mozilla/5.0 (compatible; AhrefsBot/6.1; +http://ahrefs.com/robot/)"
141.101.69.67 - - [04/Aug/2019:00:25:38 +0000] "GET /destinations/dicmo HTTP/1.1" 200 3940 "-" "Mozilla/5.0 (compatible; AhrefsBot/6.1; +http://ahrefs.com/robot/)"
108.162.229.168 - - [04/Aug/2019:00:27:26 +0000] "GET /hr/destinations/jablanac HTTP/1.1" 302 476 "-" "Mozilla/5.0 (compatible; AhrefsBot/6.1; +http://ahrefs.com/robot/)"
108.162.229.58 - - [04/Aug/2019:00:29:07 +0000] "GET /destinations/gradina-korenicka HTTP/1.1" 200 3967 "-" "Mozilla/5.0 (compatible; AhrefsBot/6.1; +http://ahrefs.com/robot/)"
108.162.229.218 - - [04/Aug/2019:00:33:50 +0000] "GET /hr/destinacije/kastel-stari HTTP/1.1" 200 4041 "-" "Mozilla/5.0 (compatible; AhrefsBot/6.1; +http://ahrefs.com/robot/)"
162.158.126.122 - - [04/Aug/2019:00:35:07 +0000] "GET /taxi-transfer/brela/zivogosce HTTP/1.1" 200 7660 "-" "Mozilla/5.0 (compatible; SemrushBot/3~bl; +http://www.semrush.com/bot.html)"
172.69.234.140 - - [04/Aug/2019:00:37:28 +0000] "GET / HTTP/1.1" 200 4688 "-" "FreeWebMonitoring SiteChecker/0.2 (+https://www.freewebmonitoring.com/bot.html)"
162.158.111.65 - - [04/Aug/2019:00:40:21 +0000] "GET /hr/destinacije/pula-airport HTTP/1.1" 200 4035 "-" "Mozilla/5.0 (compatible; AhrefsBot/6.1; +http://ahrefs.com/robot/)"
141.101.105.196 - - [04/Aug/2019:00:41:50 +0000] "GET /en/taxi-transfer/split-airport/omis HTTP/1.1" 200 8131 "-" "Mozilla/5.0 (compatible; AhrefsBot/6.1; +http://ahrefs.com/robot/)"
162.158.126.122 - - [04/Aug/2019:00:43:45 +0000] "GET /hr/destinacije/banki HTTP/1.1" 200 4023 "-" "Mozilla/5.0 (compatible; SemrushBot/3~bl; +http://www.semrush.com/bot.html)"
141.101.105.196 - - [04/Aug/2019:00:46:40 +0000] "GET /hr/destinacije/drenje HTTP/1.1" 200 4025 "-" "Mozilla/5.0 (compatible; AhrefsBot/6.1; +http://ahrefs.com/robot/)"
108.162.245.80 - - [04/Aug/2019:00:47:35 +0000] "GET /taxi-transfer/drasnice/split-airport HTTP/1.1" 200 8110 "-" "Mozilla/5.0 (Linux; Android 6.0.1; Nexus 5X Build/MMB29P) AppleWebKit/537.36 (KHTML, like Gecko) Chrome/41.0.2272.96 Mobile Safari/537.36 (compatible; Googlebot/2.1; +http://www.google.com/bot.html)"
172.69.54.169 - - [04/Aug/2019:00:47:57 +0000] "GET /hr/taxi HTTP/1.1" 200 4770 "https://www.google.com/" "Mozilla/5.0 (iPhone; CPU iPhone OS 12_3_1 like Mac OS X) AppleWebKit/605.1.15 (KHTML, like Gecko) Version/12.1.1 Mobile/15E148 Safari/604.1"
141.101.105.40 - - [04/Aug/2019:00:47:58 +0000] "GET /font/icon_set_1.woff?55361665 HTTP/1.1" 200 41852 "https://www.cheapridetransfers.com/hr/taxi" "Mozilla/5.0 (iPhone; CPU iPhone OS 12_3_1 like Mac OS X) AppleWebKit/605.1.15 (KHTML, like Gecko) Version/12.1.1 Mobile/15E148 Safari/604.1"
141.101.77.132 - - [04/Aug/2019:00:47:58 +0000] "GET /fonts/fontawesome-webfont.woff2?v=4.7.0 HTTP/1.1" 200 77160 "https://www.cheapridetransfers.com/hr/taxi" "Mozilla/5.0 (iPhone; CPU iPhone OS 12_3_1 like Mac OS X) AppleWebKit/605.1.15 (KHTML, like Gecko) Version/12.1.1 Mobile/15E148 Safari/604.1"
162.158.126.118 - - [04/Aug/2019:00:50:04 +0000] "GET /taxi-transfer/split-airport/privlaka HTTP/1.1" 200 7945 "-" "Mozilla/5.0 (compatible; SemrushBot/3~bl; +http://www.semrush.com/bot.html)"
141.101.104.9 - - [04/Aug/2019:00:57:56 +0000] "GET /hr/taksi-transfer/zivogosce/split HTTP/1.1" 200 7986 "-" "Mozilla/5.0 (compatible; AhrefsBot/6.1; +http://ahrefs.com/robot/)"
108.162.229.58 - - [04/Aug/2019:01:03:42 +0000] "GET /hr/destinacije/jadrtovac HTTP/1.1" 200 4030 "-" "Mozilla/5.0 (compatible; AhrefsBot/6.1; +http://ahrefs.com/robot/)"
162.158.111.65 - - [04/Aug/2019:01:04:32 +0000] "GET /hr/destinacije/saplunara-mljet HTTP/1.1" 200 4039 "-" "Mozilla/5.0 (compatible; AhrefsBot/6.1; +http://ahrefs.com/robot/)"
172.69.54.91 - - [04/Aug/2019:01:21:05 +0000] "GET /destinations/kuna-peljeska HTTP/1.1" 200 3974 "-" "Mozilla/5.0 (compatible; AhrefsBot/6.1; +http://ahrefs.com/robot/)"
108.162.229.54 - - [04/Aug/2019:01:22:57 +0000] "GET /hr/destinacije/brnaze HTTP/1.1" 200 4025 "-" "Mozilla/5.0 (compatible; AhrefsBot/6.1; +http://ahrefs.com/robot/)"
162.158.126.62 - - [04/Aug/2019:01:23:45 +0000] "GET /hr/taksi-transfer/zivogosce/makarska HTTP/1.1" 200 7853 "-" "Mozilla/5.0 (compatible; SemrushBot/3~bl; +http://www.semrush.com/bot.html)"
141.101.105.244 - - [04/Aug/2019:01:26:48 +0000] "GET /destinations/nenadici-krk HTTP/1.1" 200 3964 "-" "Mozilla/5.0 (compatible; AhrefsBot/6.1; +http://ahrefs.com/robot/)"
162.158.126.62 - - [04/Aug/2019:01:30:32 +0000] "GET /taxi-transfer/split-airport/gornji-karin HTTP/1.1" 200 7954 "-" "Mozilla/5.0 (compatible; SemrushBot/3~bl; +http://www.semrush.com/bot.html)"
108.162.229.168 - - [04/Aug/2019:01:36:44 +0000] "GET /en/taxi-transfer/split-airport/promajna HTTP/1.1" 200 8123 "-" "Mozilla/5.0 (compatible; AhrefsBot/6.1; +http://ahrefs.com/robot/)"
172.69.234.142 - - [04/Aug/2019:01:40:25 +0000] "GET / HTTP/1.1" 200 4688 "-" "FreeWebMonitoring SiteChecker/0.2 (+https://www.freewebmonitoring.com/bot.html)"
108.162.246.147 - - [04/Aug/2019:01:47:53 +0000] "GET /taxi-transfer/makarska/bast HTTP/1.1" 200 7627 "-" "Mozilla/5.0 (Linux; Android 6.0.1; Nexus 5X Build/MMB29P) AppleWebKit/537.36 (KHTML, like Gecko) Chrome/41.0.2272.96 Mobile Safari/537.36 (compatible; Googlebot/2.1; +http://www.google.com/bot.html)"
141.101.77.156 - - [04/Aug/2019:01:48:31 +0000] "GET / HTTP/1.1" 301 243 "-" "Mozilla/5.0 (compatible; AhrefsBot/6.1; +http://ahrefs.com/robot/)"
108.162.229.104 - - [04/Aug/2019:01:49:28 +0000] "GET /en/destinations/kravarsko HTTP/1.1" 200 3953 "-" "Mozilla/5.0 (compatible; AhrefsBot/6.1; +http://ahrefs.com/robot/)"
162.158.126.62 - - [04/Aug/2019:01:51:07 +0000] "GET /en/taxi-transfer/bast/split-airport HTTP/1.1" 200 8079 "-" "Mozilla/5.0 (compatible; SemrushBot/3~bl; +http://www.semrush.com/bot.html)"
108.162.229.246 - - [04/Aug/2019:01:54:58 +0000] "GET /hr/destinations/obrovac HTTP/1.1" 302 472 "-" "Mozilla/5.0 (compatible; AhrefsBot/6.1; +http://ahrefs.com/robot/)"
172.68.34.176 - - [04/Aug/2019:01:57:32 +0000] "GET / HTTP/1.1" 301 243 "-" "Go-http-client/2.0"
172.69.90.56 - - [04/Aug/2019:01:57:33 +0000] "GET / HTTP/1.1" 200 4688 "-" "Go-http-client/2.0"
162.158.107.125 - - [04/Aug/2019:01:58:11 +0000] "GET /hr/destinacije/smolonje HTTP/1.1" 200 4028 "-" "Mozilla/5.0 (Linux; Android 6.0.1; Nexus 5X Build/MMB29P) AppleWebKit/537.36 (KHTML, like Gecko) Chrome/41.0.2272.96 Mobile Safari/537.36 (compatible; Googlebot/2.1; +http://www.google.com/bot.html)"
162.158.126.62 - - [04/Aug/2019:02:00:04 +0000] "GET /en/taxi-transfer/bast/promajna HTTP/1.1" 200 7635 "-" "Mozilla/5.0 (compatible; SemrushBot/3~bl; +http://www.semrush.com/bot.html)"
141.101.69.7 - - [04/Aug/2019:02:03:01 +0000] "GET /hr/destinations/donji-humac-brac HTTP/1.1" 302 508 "-" "Mozilla/5.0 (compatible; AhrefsBot/6.1; +http://ahrefs.com/robot/)"
108.162.246.39 - - [04/Aug/2019:02:08:03 +0000] "GET /destinations/buje HTTP/1.1" 200 3941 "-" "Mozilla/5.0 (Linux; Android 6.0.1; Nexus 5X Build/MMB29P) AppleWebKit/537.36 (KHTML, like Gecko) Chrome/41.0.2272.96 Mobile Safari/537.36 (compatible; Googlebot/2.1; +http://www.google.com/bot.html)"
141.101.69.7 - - [04/Aug/2019:02:10:53 +0000] "GET /hr/taksi-transfer/podgora/krvavica HTTP/1.1" 200 7835 "-" "Mozilla/5.0 (compatible; AhrefsBot/6.1; +http://ahrefs.com/robot/)"
108.162.229.168 - - [04/Aug/2019:02:12:32 +0000] "GET /hr/destinations/berane-airport-me HTTP/1.1" 302 512 "-" "Mozilla/5.0 (compatible; AhrefsBot/6.1; +http://ahrefs.com/robot/)"
162.158.126.122 - - [04/Aug/2019:02:13:05 +0000] "GET /destinations/gornje-planjane HTTP/1.1" 200 3958 "-" "Mozilla/5.0 (compatible; SemrushBot/3~bl; +http://www.semrush.com/bot.html)"
141.101.69.67 - - [04/Aug/2019:02:14:54 +0000] "GET /hr/taksi-transfer/split-airport/rastovac-zagvozd HTTP/1.1" 200 8181 "-" "Mozilla/5.0 (compatible; AhrefsBot/6.1; +http://ahrefs.com/robot/)"
162.158.126.62 - - [04/Aug/2019:02:23:11 +0000] "GET /hr/taksi-transfer/rijeka-airport/zagreb HTTP/1.1" 200 8176 "-" "Mozilla/5.0 (compatible; SemrushBot/3~bl; +http://www.semrush.com/bot.html)"
141.101.69.7 - - [04/Aug/2019:02:29:00 +0000] "GET /hr/destinations/breg HTTP/1.1" 302 460 "-" "Mozilla/5.0 (compatible; AhrefsBot/6.1; +http://ahrefs.com/robot/)"
162.158.126.62 - - [04/Aug/2019:02:29:07 +0000] "GET /en/taxi-transfer/baska-voda/dubrovnik-airport HTTP/1.1" 200 7976 "-" "Mozilla/5.0 (compatible; SemrushBot/3~bl; +http://www.semrush.com/bot.html)"
141.101.76.80 - - [04/Aug/2019:02:36:42 +0000] "GET /hr/destinations/vratarusa HTTP/1.1" 302 480 "-" "Mozilla/5.0 (compatible; AhrefsBot/6.1; +http://ahrefs.com/robot/)"
162.158.126.62 - - [04/Aug/2019:02:36:50 +0000] "GET /taxi-transfer/metkovic/split-airport HTTP/1.1" 200 7939 "-" "Mozilla/5.0 (compatible; SemrushBot/3~bl; +http://www.semrush.com/bot.html)"
162.158.106.244 - - [04/Aug/2019:02:38:25 +0000] "GET /taxi-transfer/split-airport/smokvica-pag HTTP/1.1" 200 7954 "-" "Mozilla/5.0 (Linux; Android 6.0.1; Nexus 5X Build/MMB29P) AppleWebKit/537.36 (KHTML, like Gecko) Chrome/41.0.2272.96 Mobile Safari/537.36 (compatible; Googlebot/2.1; +http://www.google.com/bot.html)"
172.68.222.32 - - [04/Aug/2019:02:40:07 +0000] "GET /hr/destinacije/dulovac HTTP/1.1" 200 4031 "https://www.google.com/" "Mozilla/5.0 (Linux; Android 8.1.0; SM-J530F Build/M1AJQ) AppleWebKit/537.36 (KHTML, like Gecko) Chrome/68.0.3440.91 Mobile Safari/537.36"
172.68.222.32 - - [04/Aug/2019:02:40:11 +0000] "GET /site.webmanifest HTTP/1.1" 200 426 "https://www.cheapridetransfers.com/hr/destinacije/dulovac" "Mozilla/5.0 (Linux; Android 8.1.0; SM-J530F Build/M1AJQ) AppleWebKit/537.36 (KHTML, like Gecko) Chrome/68.0.3440.91 Mobile Safari/537.36"
172.69.234.140 - - [04/Aug/2019:02:42:23 +0000] "GET / HTTP/1.1" 200 4688 "-" "FreeWebMonitoring SiteChecker/0.2 (+https://www.freewebmonitoring.com/bot.html)"
162.158.126.62 - - [04/Aug/2019:02:43:19 +0000] "GET /destinations/begi HTTP/1.1" 200 3940 "-" "Mozilla/5.0 (compatible; SemrushBot/3~bl; +http://www.semrush.com/bot.html)"
141.101.69.7 - - [04/Aug/2019:02:47:53 +0000] "GET /hr/destinacije/podorljak HTTP/1.1" 200 4029 "-" "Mozilla/5.0 (compatible; AhrefsBot/6.1; +http://ahrefs.com/robot/)"
108.162.229.6 - - [04/Aug/2019:02:48:13 +0000] "GET /en/destinations/andrijasevci HTTP/1.1" 404 1104 "-" "Mozilla/5.0 (compatible; AhrefsBot/6.1; +http://ahrefs.com/robot/)"
108.162.229.168 - - [04/Aug/2019:02:50:12 +0000] "GET /hr/destinacije/ustrine-cres HTTP/1.1" 200 4035 "-" "Mozilla/5.0 (compatible; AhrefsBot/6.1; +http://ahrefs.com/robot/)"
172.68.222.32 - - [04/Aug/2019:02:51:58 +0000] "GET /hr/destinacije/daruvar HTTP/1.1" 200 4026 "https://www.google.com/" "Mozilla/5.0 (Linux; Android 8.1.0; SM-J530F Build/M1AJQ) AppleWebKit/537.36 (KHTML, like Gecko) Chrome/68.0.3440.91 Mobile Safari/537.36"
172.68.222.32 - - [04/Aug/2019:02:52:14 +0000] "POST /startlocation HTTP/1.1" 200 368 "https://www.cheapridetransfers.com/hr/destinacije/daruvar" "Mozilla/5.0 (Linux; Android 8.1.0; SM-J530F Build/M1AJQ) AppleWebKit/537.36 (KHTML, like Gecko) Chrome/68.0.3440.91 Mobile Safari/537.36"
172.68.222.32 - - [04/Aug/2019:02:52:14 +0000] "POST /startlocation HTTP/1.1" 200 34 "https://www.cheapridetransfers.com/hr/destinacije/daruvar" "Mozilla/5.0 (Linux; Android 8.1.0; SM-J530F Build/M1AJQ) AppleWebKit/537.36 (KHTML, like Gecko) Chrome/68.0.3440.91 Mobile Safari/537.36"
172.68.222.32 - - [04/Aug/2019:02:52:14 +0000] "POST /startlocation HTTP/1.1" 200 34 "https://www.cheapridetransfers.com/hr/destinacije/daruvar" "Mozilla/5.0 (Linux; Android 8.1.0; SM-J530F Build/M1AJQ) AppleWebKit/537.36 (KHTML, like Gecko) Chrome/68.0.3440.91 Mobile Safari/537.36"
172.68.222.32 - - [04/Aug/2019:02:52:15 +0000] "POST /startlocation HTTP/1.1" 200 34 "https://www.cheapridetransfers.com/hr/destinacije/daruvar" "Mozilla/5.0 (Linux; Android 8.1.0; SM-J530F Build/M1AJQ) AppleWebKit/537.36 (KHTML, like Gecko) Chrome/68.0.3440.91 Mobile Safari/537.36"
172.68.222.32 - - [04/Aug/2019:02:52:15 +0000] "POST /startlocation HTTP/1.1" 200 34 "https://www.cheapridetransfers.com/hr/destinacije/daruvar" "Mozilla/5.0 (Linux; Android 8.1.0; SM-J530F Build/M1AJQ) AppleWebKit/537.36 (KHTML, like Gecko) Chrome/68.0.3440.91 Mobile Safari/537.36"
172.68.222.32 - - [04/Aug/2019:02:52:21 +0000] "POST /endlocation HTTP/1.1" 200 39 "https://www.cheapridetransfers.com/hr/destinacije/daruvar" "Mozilla/5.0 (Linux; Android 8.1.0; SM-J530F Build/M1AJQ) AppleWebKit/537.36 (KHTML, like Gecko) Chrome/68.0.3440.91 Mobile Safari/537.36"
172.68.222.32 - - [04/Aug/2019:02:52:21 +0000] "POST /endlocation HTTP/1.1" 200 39 "https://www.cheapridetransfers.com/hr/destinacije/daruvar" "Mozilla/5.0 (Linux; Android 8.1.0; SM-J530F Build/M1AJQ) AppleWebKit/537.36 (KHTML, like Gecko) Chrome/68.0.3440.91 Mobile Safari/537.36"
172.68.222.32 - - [04/Aug/2019:02:52:22 +0000] "POST /endlocation HTTP/1.1" 200 39 "https://www.cheapridetransfers.com/hr/destinacije/daruvar" "Mozilla/5.0 (Linux; Android 8.1.0; SM-J530F Build/M1AJQ) AppleWebKit/537.36 (KHTML, like Gecko) Chrome/68.0.3440.91 Mobile Safari/537.36"
172.68.222.32 - - [04/Aug/2019:02:52:23 +0000] "POST /endlocation HTTP/1.1" 200 39 "https://www.cheapridetransfers.com/hr/destinacije/daruvar" "Mozilla/5.0 (Linux; Android 8.1.0; SM-J530F Build/M1AJQ) AppleWebKit/537.36 (KHTML, like Gecko) Chrome/68.0.3440.91 Mobile Safari/537.36"
172.68.222.32 - - [04/Aug/2019:02:52:23 +0000] "POST /endlocation HTTP/1.1" 200 39 "https://www.cheapridetransfers.com/hr/destinacije/daruvar" "Mozilla/5.0 (Linux; Android 8.1.0; SM-J530F Build/M1AJQ) AppleWebKit/537.36 (KHTML, like Gecko) Chrome/68.0.3440.91 Mobile Safari/537.36"
172.68.222.32 - - [04/Aug/2019:02:52:29 +0000] "GET /hr/pretraga?start_location=Daruvar&end_location=%C4%90ulovac&date=04.08.2019 HTTP/1.1" 302 516 "https://www.cheapridetransfers.com/hr/destinacije/daruvar" "Mozilla/5.0 (Linux; Android 8.1.0; SM-J530F Build/M1AJQ) AppleWebKit/537.36 (KHTML, like Gecko) Chrome/68.0.3440.91 Mobile Safari/537.36"
172.68.222.32 - - [04/Aug/2019:02:52:29 +0000] "GET /hr/taksi-transfer/daruvar/dulovac HTTP/1.1" 302 460 "https://www.cheapridetransfers.com/hr/destinacije/daruvar" "Mozilla/5.0 (Linux; Android 8.1.0; SM-J530F Build/M1AJQ) AppleWebKit/537.36 (KHTML, like Gecko) Chrome/68.0.3440.91 Mobile Safari/537.36"
172.68.222.32 - - [04/Aug/2019:02:52:30 +0000] "GET /hr/zatrazite-ponudu HTTP/1.1" 200 3894 "https://www.cheapridetransfers.com/hr/destinacije/daruvar" "Mozilla/5.0 (Linux; Android 8.1.0; SM-J530F Build/M1AJQ) AppleWebKit/537.36 (KHTML, like Gecko) Chrome/68.0.3440.91 Mobile Safari/537.36"
172.68.222.32 - - [04/Aug/2019:02:52:57 +0000] "GET /hr/pretraga?start_location=Daruvar&end_location=%C4%90ulovac&date=04.08.2019 HTTP/1.1" 302 516 "https://www.cheapridetransfers.com/hr/zatrazite-ponudu" "Mozilla/5.0 (Linux; Android 8.1.0; SM-J530F Build/M1AJQ) AppleWebKit/537.36 (KHTML, like Gecko) Chrome/68.0.3440.91 Mobile Safari/537.36"
172.68.222.32 - - [04/Aug/2019:02:52:58 +0000] "GET /hr/taksi-transfer/daruvar/dulovac HTTP/1.1" 302 460 "https://www.cheapridetransfers.com/hr/zatrazite-ponudu" "Mozilla/5.0 (Linux; Android 8.1.0; SM-J530F Build/M1AJQ) AppleWebKit/537.36 (KHTML, like Gecko) Chrome/68.0.3440.91 Mobile Safari/537.36"
172.68.222.32 - - [04/Aug/2019:02:52:58 +0000] "GET /hr/zatrazite-ponudu HTTP/1.1" 200 3894 "https://www.cheapridetransfers.com/hr/zatrazite-ponudu" "Mozilla/5.0 (Linux; Android 8.1.0; SM-J530F Build/M1AJQ) AppleWebKit/537.36 (KHTML, like Gecko) Chrome/68.0.3440.91 Mobile Safari/537.36"
172.68.222.32 - - [04/Aug/2019:02:53:15 +0000] "GET /hr HTTP/1.1" 200 4923 "https://www.cheapridetransfers.com/hr/zatrazite-ponudu" "Mozilla/5.0 (Linux; Android 8.1.0; SM-J530F Build/M1AJQ) AppleWebKit/537.36 (KHTML, like Gecko) Chrome/68.0.3440.91 Mobile Safari/537.36"
172.68.222.32 - - [04/Aug/2019:02:53:23 +0000] "GET /hr/zatrazite-ponudu HTTP/1.1" 200 3862 "https://www.cheapridetransfers.com/hr" "Mozilla/5.0 (Linux; Android 8.1.0; SM-J530F Build/M1AJQ) AppleWebKit/537.36 (KHTML, like Gecko) Chrome/68.0.3440.91 Mobile Safari/537.36"
141.101.105.196 - - [04/Aug/2019:02:57:39 +0000] "GET /hr/destinations/korlat HTTP/1.1" 302 468 "-" "Mozilla/5.0 (compatible; AhrefsBot/6.1; +http://ahrefs.com/robot/)"
162.158.107.113 - - [04/Aug/2019:02:58:26 +0000] "GET /hr/taksi-transfer/split/podgora HTTP/1.1" 200 7974 "-" "Mozilla/5.0 (Linux; Android 6.0.1; Nexus 5X Build/MMB29P) AppleWebKit/537.36 (KHTML, like Gecko) Chrome/41.0.2272.96 Mobile Safari/537.36 (compatible; Googlebot/2.1; +http://www.google.com/bot.html)"
162.158.126.62 - - [04/Aug/2019:03:01:59 +0000] "GET /hr/destinacije/drinak HTTP/1.1" 200 4025 "-" "Mozilla/5.0 (compatible; SemrushBot/3~bl; +http://www.semrush.com/bot.html)"
108.162.229.20 - - [04/Aug/2019:03:02:21 +0000] "GET /hr/destinations/krusvar HTTP/1.1" 302 472 "-" "Mozilla/5.0 (compatible; AhrefsBot/6.1; +http://ahrefs.com/robot/)"
162.158.126.62 - - [04/Aug/2019:03:03:27 +0000] "GET /hr/destinations/zezevica HTTP/1.1" 302 476 "-" "Mozilla/5.0 (compatible; SemrushBot/3~bl; +http://www.semrush.com/bot.html)"
162.158.126.62 - - [04/Aug/2019:03:03:29 +0000] "GET /hr/destinacije/zezevica HTTP/1.1" 200 4032 "-" "Mozilla/5.0 (compatible; SemrushBot/3~bl; +http://www.semrush.com/bot.html)"
108.162.229.36 - - [04/Aug/2019:03:04:06 +0000] "GET /hr/destinations/rudina-hvar HTTP/1.1" 302 488 "-" "Mozilla/5.0 (compatible; AhrefsBot/6.1; +http://ahrefs.com/robot/)"
162.158.126.62 - - [04/Aug/2019:03:05:20 +0000] "GET /destinations/rogac-solta HTTP/1.1" 200 3976 "-" "Mozilla/5.0 (compatible; SemrushBot/3~bl; +http://www.semrush.com/bot.html)"
172.68.51.152 - - [04/Aug/2019:03:07:17 +0000] "GET /hr/destinacije/imotski HTTP/1.1" 200 4187 "https://www.google.hu/" "Mozilla/5.0 (iPhone; CPU iPhone OS 10_1_1 like Mac OS X) AppleWebKit/602.2.14 (KHTML, like Gecko) Version/10.0 Mobile/14B150 Safari/602.1"
172.68.50.164 - - [04/Aug/2019:03:07:19 +0000] "GET /uploads/images/cff2bef421a11b2440dc88236b8c9796.jpg HTTP/1.1" 200 410522 "https://www.cheapridetransfers.com/hr/destinacije/imotski" "Mozilla/5.0 (iPhone; CPU iPhone OS 10_1_1 like Mac OS X) AppleWebKit/602.2.14 (KHTML, like Gecko) Version/10.0 Mobile/14B150 Safari/602.1"
172.68.50.194 - - [04/Aug/2019:03:07:29 +0000] "GET /flags/4x3/hr.svg HTTP/1.1" 200 41588 "https://www.cheapridetransfers.com/hr/destinacije/imotski" "Mozilla/5.0 (iPhone; CPU iPhone OS 10_1_1 like Mac OS X) AppleWebKit/602.2.14 (KHTML, like Gecko) Version/10.0 Mobile/14B150 Safari/602.1"
172.68.51.116 - - [04/Aug/2019:03:07:29 +0000] "GET /flags/4x3/gb.svg HTTP/1.1" 200 831 "https://www.cheapridetransfers.com/hr/destinacije/imotski" "Mozilla/5.0 (iPhone; CPU iPhone OS 10_1_1 like Mac OS X) AppleWebKit/602.2.14 (KHTML, like Gecko) Version/10.0 Mobile/14B150 Safari/602.1"
172.68.51.152 - - [04/Aug/2019:03:07:31 +0000] "POST /startlocation HTTP/1.1" 200 2 "https://www.cheapridetransfers.com/hr/destinacije/imotski" "Mozilla/5.0 (iPhone; CPU iPhone OS 10_1_1 like Mac OS X) AppleWebKit/602.2.14 (KHTML, like Gecko) Version/10.0 Mobile/14B150 Safari/602.1"
172.68.51.152 - - [04/Aug/2019:03:07:32 +0000] "POST /startlocation HTTP/1.1" 200 2 "https://www.cheapridetransfers.com/hr/destinacije/imotski" "Mozilla/5.0 (iPhone; CPU iPhone OS 10_1_1 like Mac OS X) AppleWebKit/602.2.14 (KHTML, like Gecko) Version/10.0 Mobile/14B150 Safari/602.1"
172.68.51.152 - - [04/Aug/2019:03:07:33 +0000] "POST /startlocation HTTP/1.1" 200 2 "https://www.cheapridetransfers.com/hr/destinacije/imotski" "Mozilla/5.0 (iPhone; CPU iPhone OS 10_1_1 like Mac OS X) AppleWebKit/602.2.14 (KHTML, like Gecko) Version/10.0 Mobile/14B150 Safari/602.1"
172.68.51.152 - - [04/Aug/2019:03:07:33 +0000] "POST /startlocation HTTP/1.1" 200 2 "https://www.cheapridetransfers.com/hr/destinacije/imotski" "Mozilla/5.0 (iPhone; CPU iPhone OS 10_1_1 like Mac OS X) AppleWebKit/602.2.14 (KHTML, like Gecko) Version/10.0 Mobile/14B150 Safari/602.1"
172.68.51.152 - - [04/Aug/2019:03:07:33 +0000] "POST /startlocation HTTP/1.1" 200 2 "https://www.cheapridetransfers.com/hr/destinacije/imotski" "Mozilla/5.0 (iPhone; CPU iPhone OS 10_1_1 like Mac OS X) AppleWebKit/602.2.14 (KHTML, like Gecko) Version/10.0 Mobile/14B150 Safari/602.1"
172.68.51.152 - - [04/Aug/2019:03:07:35 +0000] "POST /startlocation HTTP/1.1" 200 2 "https://www.cheapridetransfers.com/hr/destinacije/imotski" "Mozilla/5.0 (iPhone; CPU iPhone OS 10_1_1 like Mac OS X) AppleWebKit/602.2.14 (KHTML, like Gecko) Version/10.0 Mobile/14B150 Safari/602.1"
172.68.51.152 - - [04/Aug/2019:03:07:35 +0000] "POST /startlocation HTTP/1.1" 200 2 "https://www.cheapridetransfers.com/hr/destinacije/imotski" "Mozilla/5.0 (iPhone; CPU iPhone OS 10_1_1 like Mac OS X) AppleWebKit/602.2.14 (KHTML, like Gecko) Version/10.0 Mobile/14B150 Safari/602.1"
172.68.51.152 - - [04/Aug/2019:03:07:37 +0000] "POST /startlocation HTTP/1.1" 200 2 "https://www.cheapridetransfers.com/hr/destinacije/imotski" "Mozilla/5.0 (iPhone; CPU iPhone OS 10_1_1 like Mac OS X) AppleWebKit/602.2.14 (KHTML, like Gecko) Version/10.0 Mobile/14B150 Safari/602.1"
172.68.51.152 - - [04/Aug/2019:03:07:38 +0000] "POST /startlocation HTTP/1.1" 200 2 "https://www.cheapridetransfers.com/hr/destinacije/imotski" "Mozilla/5.0 (iPhone; CPU iPhone OS 10_1_1 like Mac OS X) AppleWebKit/602.2.14 (KHTML, like Gecko) Version/10.0 Mobile/14B150 Safari/602.1"
172.68.51.152 - - [04/Aug/2019:03:07:38 +0000] "POST /startlocation HTTP/1.1" 200 2 "https://www.cheapridetransfers.com/hr/destinacije/imotski" "Mozilla/5.0 (iPhone; CPU iPhone OS 10_1_1 like Mac OS X) AppleWebKit/602.2.14 (KHTML, like Gecko) Version/10.0 Mobile/14B150 Safari/602.1"
172.68.51.152 - - [04/Aug/2019:03:07:40 +0000] "POST /startlocation HTTP/1.1" 200 2 "https://www.cheapridetransfers.com/hr/destinacije/imotski" "Mozilla/5.0 (iPhone; CPU iPhone OS 10_1_1 like Mac OS X) AppleWebKit/602.2.14 (KHTML, like Gecko) Version/10.0 Mobile/14B150 Safari/602.1"
172.68.51.152 - - [04/Aug/2019:03:07:40 +0000] "POST /startlocation HTTP/1.1" 200 2 "https://www.cheapridetransfers.com/hr/destinacije/imotski" "Mozilla/5.0 (iPhone; CPU iPhone OS 10_1_1 like Mac OS X) AppleWebKit/602.2.14 (KHTML, like Gecko) Version/10.0 Mobile/14B150 Safari/602.1"
108.162.229.36 - - [04/Aug/2019:03:07:42 +0000] "GET /taxi-transfer/bratus/brela HTTP/1.1" 200 7645 "-" "Mozilla/5.0 (compatible; AhrefsBot/6.1; +http://ahrefs.com/robot/)"
172.68.51.152 - - [04/Aug/2019:03:07:43 +0000] "POST /endlocation HTTP/1.1" 200 2 "https://www.cheapridetransfers.com/hr/destinacije/imotski" "Mozilla/5.0 (iPhone; CPU iPhone OS 10_1_1 like Mac OS X) AppleWebKit/602.2.14 (KHTML, like Gecko) Version/10.0 Mobile/14B150 Safari/602.1"
172.68.51.152 - - [04/Aug/2019:03:07:44 +0000] "POST /endlocation HTTP/1.1" 200 2 "https://www.cheapridetransfers.com/hr/destinacije/imotski" "Mozilla/5.0 (iPhone; CPU iPhone OS 10_1_1 like Mac OS X) AppleWebKit/602.2.14 (KHTML, like Gecko) Version/10.0 Mobile/14B150 Safari/602.1"
172.68.51.152 - - [04/Aug/2019:03:07:55 +0000] "GET /hr/pretraga?start_location=Autobusni+kolodvor+Imotski+&end_location=Lovre%C4%8D+&date=04.08.2019 HTTP/1.1" 302 460 "https://www.cheapridetransfers.com/hr/destinacije/imotski" "Mozilla/5.0 (iPhone; CPU iPhone OS 10_1_1 like Mac OS X) AppleWebKit/602.2.14 (KHTML, like Gecko) Version/10.0 Mobile/14B150 Safari/602.1"
172.68.51.152 - - [04/Aug/2019:03:07:55 +0000] "GET /hr/zatrazite-ponudu HTTP/1.1" 200 3900 "https://www.cheapridetransfers.com/hr/destinacije/imotski" "Mozilla/5.0 (iPhone; CPU iPhone OS 10_1_1 like Mac OS X) AppleWebKit/602.2.14 (KHTML, like Gecko) Version/10.0 Mobile/14B150 Safari/602.1"
108.162.229.104 - - [04/Aug/2019:03:11:20 +0000] "GET /taxi-transfer/zagreb/split HTTP/1.1" 200 7764 "-" "Mozilla/5.0 (compatible; AhrefsBot/6.1; +http://ahrefs.com/robot/)"
108.162.229.20 - - [04/Aug/2019:03:17:31 +0000] "GET /en/destinations/podgorica-airport-me HTTP/1.1" 200 3972 "-" "Mozilla/5.0 (compatible; AhrefsBot/6.1; +http://ahrefs.com/robot/)"
162.158.126.122 - - [04/Aug/2019:03:23:04 +0000] "GET /hr/destinations/stivan-cres HTTP/1.1" 302 488 "-" "Mozilla/5.0 (compatible; SemrushBot/3~bl; +http://www.semrush.com/bot.html)"
162.158.126.122 - - [04/Aug/2019:03:23:06 +0000] "GET /hr/destinacije/stivan-cres HTTP/1.1" 200 4034 "-" "Mozilla/5.0 (compatible; SemrushBot/3~bl; +http://www.semrush.com/bot.html)"
162.158.126.122 - - [04/Aug/2019:03:25:56 +0000] "GET /hr/destinacije/gorica-pag HTTP/1.1" 200 4034 "-" "Mozilla/5.0 (compatible; SemrushBot/3~bl; +http://www.semrush.com/bot.html)"
162.158.126.62 - - [04/Aug/2019:03:27:25 +0000] "GET /hr/taksi-transfer/sibenik/split-airport HTTP/1.1" 200 8164 "-" "Mozilla/5.0 (compatible; SemrushBot/3~bl; +http://www.semrush.com/bot.html)"
141.101.105.196 - - [04/Aug/2019:03:28:14 +0000] "GET /hr/destinations/gornje-biljane HTTP/1.1" 302 500 "-" "Mozilla/5.0 (compatible; AhrefsBot/6.1; +http://ahrefs.com/robot/)"
162.158.106.88 - - [04/Aug/2019:03:29:11 +0000] "GET /robots.txt HTTP/1.1" 301 253 "-" "Mozilla/5.0 (compatible; Googlebot/2.1; +http://www.google.com/bot.html)"
162.158.106.94 - - [04/Aug/2019:03:29:13 +0000] "GET / HTTP/1.1" 301 243 "-" "Mozilla/5.0 (Linux; Android 6.0.1; Nexus 5X Build/MMB29P) AppleWebKit/537.36 (KHTML, like Gecko) Chrome/41.0.2272.96 Mobile Safari/537.36 (compatible; Googlebot/2.1; +http://www.google.com/bot.html)"
108.162.245.158 - - [04/Aug/2019:03:29:14 +0000] "GET / HTTP/1.1" 200 4688 "-" "Mozilla/5.0 (Linux; Android 6.0.1; Nexus 5X Build/MMB29P) AppleWebKit/537.36 (KHTML, like Gecko) Chrome/41.0.2272.96 Mobile Safari/537.36 (compatible; Googlebot/2.1; +http://www.google.com/bot.html)"
162.158.126.122 - - [04/Aug/2019:03:29:17 +0000] "GET /taxi-transfer/makarska/krka-national-park HTTP/1.1" 200 7644 "-" "Mozilla/5.0 (compatible; SemrushBot/3~bl; +http://www.semrush.com/bot.html)"
162.158.126.118 - - [04/Aug/2019:03:29:58 +0000] "GET /taxi-transfer/zaostrog/krvavica HTTP/1.1" 200 7637 "-" "Mozilla/5.0 (compatible; SemrushBot/3~bl; +http://www.semrush.com/bot.html)"
162.158.111.95 - - [04/Aug/2019:03:31:58 +0000] "GET /hr/destinacije/pinezici-krk HTTP/1.1" 200 4044 "-" "Mozilla/5.0 (compatible; AhrefsBot/6.1; +http://ahrefs.com/robot/)"
141.101.104.235 - - [04/Aug/2019:03:32:24 +0000] "GET /hr/destinacije/bibali HTTP/1.1" 200 4024 "-" "Mozilla/5.0 (compatible; AhrefsBot/6.1; +http://ahrefs.com/robot/)"
162.158.126.118 - - [04/Aug/2019:03:33:57 +0000] "GET /hr/taksi-transfer/dubrovnik/makarska HTTP/1.1" 200 7971 "-" "Mozilla/5.0 (compatible; SemrushBot/3~bl; +http://www.semrush.com/bot.html)"
162.158.126.62 - - [04/Aug/2019:03:36:30 +0000] "GET /hr/destinacije/novo-virje HTTP/1.1" 200 4034 "-" "Mozilla/5.0 (compatible; SemrushBot/3~bl; +http://www.semrush.com/bot.html)"
108.162.246.135 - - [04/Aug/2019:03:39:09 +0000] "GET /destinations/banjol-rab HTTP/1.1" 200 3954 "-" "Mozilla/5.0 (Linux; Android 6.0.1; Nexus 5X Build/MMB29P) AppleWebKit/537.36 (KHTML, like Gecko) Chrome/41.0.2272.96 Mobile Safari/537.36 (compatible; Googlebot/2.1; +http://www.google.com/bot.html)"
141.101.69.67 - - [04/Aug/2019:03:40:21 +0000] "GET /hr/destinacije/pomer HTTP/1.1" 200 4021 "-" "Mozilla/5.0 (compatible; AhrefsBot/6.1; +http://ahrefs.com/robot/)"
172.69.234.140 - - [04/Aug/2019:03:44:45 +0000] "GET / HTTP/1.1" 200 4688 "-" "FreeWebMonitoring SiteChecker/0.2 (+https://www.freewebmonitoring.com/bot.html)"
172.68.51.152 - - [04/Aug/2019:03:45:53 +0000] "GET /hr/destinacije/popovaca HTTP/1.1" 200 4034 "https://www.google.hr/" "Mozilla/5.0 (Linux; Android 8.0.0; PRA-LX1) AppleWebKit/537.36 (KHTML, like Gecko) Chrome/74.0.3729.157 Mobile Safari/537.36"
172.68.51.38 - - [04/Aug/2019:03:45:56 +0000] "GET /site.webmanifest HTTP/1.1" 200 426 "https://www.cheapridetransfers.com/hr/destinacije/popovaca" "Mozilla/5.0 (Linux; Android 8.0.0; PRA-LX1) AppleWebKit/537.36 (KHTML, like Gecko) Chrome/74.0.3729.157 Mobile Safari/537.36"
108.162.229.6 - - [04/Aug/2019:03:50:29 +0000] "GET /en/taxi-transfer/krvavica/brist HTTP/1.1" 200 7634 "-" "Mozilla/5.0 (compatible; AhrefsBot/6.1; +http://ahrefs.com/robot/)"
172.68.222.110 - - [04/Aug/2019:03:58:17 +0000] "GET /hr/destinacije/orahovica HTTP/1.1" 200 4026 "https://www.google.com/" "Mozilla/5.0 (Linux; Android 8.0.0; RNE-L01) AppleWebKit/537.36 (KHTML, like Gecko) Chrome/75.0.3770.143 Mobile Safari/537.36"
172.68.222.32 - - [04/Aug/2019:03:58:42 +0000] "GET /site.webmanifest HTTP/1.1" 200 426 "https://www.cheapridetransfers.com/hr/destinacije/orahovica" "Mozilla/5.0 (Linux; Android 8.0.0; RNE-L01) AppleWebKit/537.36 (KHTML, like Gecko) Chrome/75.0.3770.143 Mobile Safari/537.36"
108.162.229.6 - - [04/Aug/2019:04:00:13 +0000] "GET /hr/destinacije/zaton-obrovacki HTTP/1.1" 200 4045 "-" "Mozilla/5.0 (compatible; AhrefsBot/6.1; +http://ahrefs.com/robot/)"
108.162.229.6 - - [04/Aug/2019:04:02:16 +0000] "GET /en/taxi-transfer/split-airport/ploce HTTP/1.1" 200 7954 "-" "Mozilla/5.0 (compatible; AhrefsBot/6.1; +http://ahrefs.com/robot/)"
108.162.249.130 - - [04/Aug/2019:04:06:04 +0000] "HEAD / HTTP/1.1" 301 - "-" "Mozilla/5.0 (Windows NT 6.1; Win64; x64) AppleWebKit/537.36 (KHTML, like Gecko) Chrome/40.0.2214.85 Safari/537.36"
141.101.77.90 - - [04/Aug/2019:04:07:41 +0000] "GET /taxi-transfer/zivogosce/igrane HTTP/1.1" 200 7662 "-" "Mozilla/5.0 (compatible; AhrefsBot/6.1; +http://ahrefs.com/robot/)"
108.162.229.218 - - [04/Aug/2019:04:14:49 +0000] "GET /hr/destinacije/simuni-pag HTTP/1.1" 200 4044 "-" "Mozilla/5.0 (compatible; AhrefsBot/6.1; +http://ahrefs.com/robot/)"
108.162.246.69 - - [04/Aug/2019:04:19:01 +0000] "GET /destinations/kosljun-pag HTTP/1.1" 200 4036 "-" "Mozilla/5.0 (Linux; Android 6.0.1; Nexus 5X Build/MMB29P) AppleWebKit/537.36 (KHTML, like Gecko) Chrome/41.0.2272.96 Mobile Safari/537.36 (compatible; Googlebot/2.1; +http://www.google.com/bot.html)"
108.162.229.218 - - [04/Aug/2019:04:23:50 +0000] "GET /hr/destinacije/dugo-selo HTTP/1.1" 200 4031 "-" "Mozilla/5.0 (compatible; AhrefsBot/6.1; +http://ahrefs.com/robot/)"
162.158.126.62 - - [04/Aug/2019:04:26:55 +0000] "GET /destinations/ostrobradic-krk HTTP/1.1" 200 3982 "-" "Mozilla/5.0 (compatible; SemrushBot/3~bl; +http://www.semrush.com/bot.html)"
162.158.126.118 - - [04/Aug/2019:04:27:58 +0000] "GET /hr/destinations/rasopasno-krk HTTP/1.1" 302 496 "-" "Mozilla/5.0 (compatible; SemrushBot/3~bl; +http://www.semrush.com/bot.html)"
162.158.126.62 - - [04/Aug/2019:04:28:00 +0000] "GET /hr/destinacije/rasopasno-krk HTTP/1.1" 200 4037 "-" "Mozilla/5.0 (compatible; SemrushBot/3~bl; +http://www.semrush.com/bot.html)"
108.162.229.218 - - [04/Aug/2019:04:29:06 +0000] "GET /hr/destinacije/korenica HTTP/1.1" 200 4027 "-" "Mozilla/5.0 (compatible; AhrefsBot/6.1; +http://ahrefs.com/robot/)"
162.158.106.250 - - [04/Aug/2019:04:29:26 +0000] "GET /taxi-transfer/bratus/drasnice HTTP/1.1" 200 7657 "-" "Mozilla/5.0 (Linux; Android 6.0.1; Nexus 5X Build/MMB29P) AppleWebKit/537.36 (KHTML, like Gecko) Chrome/41.0.2272.96 Mobile Safari/537.36 (compatible; Googlebot/2.1; +http://www.google.com/bot.html)"
162.158.126.74 - - [04/Aug/2019:04:33:36 +0000] "GET /img/phone.svg HTTP/1.1" 200 2830 "-" "Mozilla/5.0 (compatible; bingbot/2.0; +http://www.bing.com/bingbot.htm)"
108.162.229.168 - - [04/Aug/2019:04:35:31 +0000] "GET /en/taxi-transfer/zaostrog/krvavica HTTP/1.1" 200 7640 "-" "Mozilla/5.0 (compatible; AhrefsBot/6.1; +http://ahrefs.com/robot/)"
172.69.54.169 - - [04/Aug/2019:04:35:59 +0000] "GET /hr/destinacije/srb HTTP/1.1" 200 4021 "-" "Mozilla/5.0 (compatible; AhrefsBot/6.1; +http://ahrefs.com/robot/)"
108.162.229.246 - - [04/Aug/2019:04:36:46 +0000] "GET /hr/destinations/bol-brac HTTP/1.1" 302 476 "-" "Mozilla/5.0 (compatible; AhrefsBot/6.1; +http://ahrefs.com/robot/)"
108.162.229.218 - - [04/Aug/2019:04:39:23 +0000] "GET /hr/destinations/kampor-rab HTTP/1.1" 302 484 "-" "Mozilla/5.0 (compatible; AhrefsBot/6.1; +http://ahrefs.com/robot/)"
108.162.245.68 - - [04/Aug/2019:04:39:32 +0000] "GET /destinations/janjina HTTP/1.1" 200 3945 "-" "Mozilla/5.0 (Linux; Android 6.0.1; Nexus 5X Build/MMB29P) AppleWebKit/537.36 (KHTML, like Gecko) Chrome/41.0.2272.96 Mobile Safari/537.36 (compatible; Googlebot/2.1; +http://www.google.com/bot.html)"
172.68.222.32 - - [04/Aug/2019:04:40:02 +0000] "GET / HTTP/1.1" 200 4688 "-" "Mozilla/5.0 (X11; Linux x86_64) AppleWebKit/538.1 (KHTML, like Gecko) cutycapt Safari/538.1"
172.68.222.50 - - [04/Aug/2019:04:40:03 +0000] "GET /fonts/fontawesome-webfont.woff?v=4.7.0 HTTP/1.1" 200 98024 "https://www.cheapridetransfers.com/" "Mozilla/5.0 (X11; Linux x86_64) AppleWebKit/538.1 (KHTML, like Gecko) cutycapt Safari/538.1"
108.162.229.6 - - [04/Aug/2019:04:46:15 +0000] "GET /destinations/kostanje HTTP/1.1" 200 3946 "-" "Mozilla/5.0 (compatible; AhrefsBot/6.1; +http://ahrefs.com/robot/)"
172.69.234.142 - - [04/Aug/2019:04:47:24 +0000] "GET / HTTP/1.1" 200 4688 "-" "FreeWebMonitoring SiteChecker/0.2 (+https://www.freewebmonitoring.com/bot.html)"
162.158.126.62 - - [04/Aug/2019:04:48:02 +0000] "GET /taxi-transfer/dubrovnik-airport/brela HTTP/1.1" 200 7957 "-" "Mozilla/5.0 (compatible; SemrushBot/3~bl; +http://www.semrush.com/bot.html)"
108.162.246.243 - - [04/Aug/2019:04:48:52 +0000] "GET /destinations/mravince HTTP/1.1" 200 3946 "-" "Mozilla/5.0 (Linux; Android 6.0.1; Nexus 5X Build/MMB29P) AppleWebKit/537.36 (KHTML, like Gecko) Chrome/41.0.2272.96 Mobile Safari/537.36 (compatible; Googlebot/2.1; +http://www.google.com/bot.html)"
108.162.229.218 - - [04/Aug/2019:04:49:57 +0000] "GET /destinations/vratnik-senj HTTP/1.1" 200 3958 "-" "Mozilla/5.0 (compatible; AhrefsBot/6.1; +http://ahrefs.com/robot/)"
108.162.229.58 - - [04/Aug/2019:04:53:17 +0000] "GET /hr/destinations/glavotok-krk HTTP/1.1" 302 492 "-" "Mozilla/5.0 (compatible; AhrefsBot/6.1; +http://ahrefs.com/robot/)"
108.162.229.212 - - [04/Aug/2019:04:54:22 +0000] "GET /hr/destinacije/orasac HTTP/1.1" 200 4036 "-" "Mozilla/5.0 (compatible; AhrefsBot/6.1; +http://ahrefs.com/robot/)"
162.158.126.122 - - [04/Aug/2019:04:55:55 +0000] "GET /destinations/plisko-polje-vis HTTP/1.1" 200 3963 "-" "Mozilla/5.0 (compatible; SemrushBot/3~bl; +http://www.semrush.com/bot.html)"
141.101.105.34 - - [04/Aug/2019:04:56:26 +0000] "GET /en/taxi-transfer/split-airport/vidalici-pag HTTP/1.1" 200 7968 "-" "Mozilla/5.0 (compatible; AhrefsBot/6.1; +http://ahrefs.com/robot/)"
141.101.69.7 - - [04/Aug/2019:04:56:29 +0000] "GET /destinations/ruzic HTTP/1.1" 200 3954 "-" "Mozilla/5.0 (compatible; AhrefsBot/6.1; +http://ahrefs.com/robot/)"
162.158.111.65 - - [04/Aug/2019:05:05:16 +0000] "GET /destinations/sumartin-brac HTTP/1.1" 200 3961 "-" "Mozilla/5.0 (compatible; AhrefsBot/6.1; +http://ahrefs.com/robot/)"
162.158.126.62 - - [04/Aug/2019:05:09:14 +0000] "GET /destinations/badzula HTTP/1.1" 200 3953 "-" "Mozilla/5.0 (compatible; SemrushBot/3~bl; +http://www.semrush.com/bot.html)"
141.101.105.196 - - [04/Aug/2019:05:09:43 +0000] "GET /en/taxi-transfer/igrane/bratus HTTP/1.1" 200 7648 "-" "Mozilla/5.0 (compatible; AhrefsBot/6.1; +http://ahrefs.com/robot/)"
141.101.104.235 - - [04/Aug/2019:05:11:12 +0000] "GET /hr/taksi-transfer/topici/split-airport HTTP/1.1" 200 8319 "-" "Mozilla/5.0 (compatible; AhrefsBot/6.1; +http://ahrefs.com/robot/)"
108.162.246.183 - - [04/Aug/2019:05:19:16 +0000] "GET /destinations/pucisca-brac HTTP/1.1" 200 3986 "-" "Mozilla/5.0 (Linux; Android 6.0.1; Nexus 5X Build/MMB29P) AppleWebKit/537.36 (KHTML, like Gecko) Chrome/41.0.2272.96 Mobile Safari/537.36 (compatible; Googlebot/2.1; +http://www.google.com/bot.html)"
172.68.222.110 - - [04/Aug/2019:05:19:25 +0000] "GET /destinations/orahovica HTTP/1.1" 200 3947 "https://www.google.com/" "Mozilla/5.0 (Linux; Android 9; ANE-LX1) AppleWebKit/537.36 (KHTML, like Gecko) Chrome/75.0.3770.143 Mobile Safari/537.36"
172.68.222.32 - - [04/Aug/2019:05:19:32 +0000] "GET /site.webmanifest HTTP/1.1" 200 426 "https://www.cheapridetransfers.com/destinations/orahovica" "Mozilla/5.0 (Linux; Android 9; ANE-LX1) AppleWebKit/537.36 (KHTML, like Gecko) Chrome/75.0.3770.143 Mobile Safari/537.36"
172.68.222.110 - - [04/Aug/2019:05:19:53 +0000] "POST /startlocation HTTP/1.1" 200 467 "https://www.cheapridetransfers.com/destinations/orahovica" "Mozilla/5.0 (Linux; Android 9; ANE-LX1) AppleWebKit/537.36 (KHTML, like Gecko) Chrome/75.0.3770.143 Mobile Safari/537.36"
172.68.222.110 - - [04/Aug/2019:05:19:54 +0000] "POST /startlocation HTTP/1.1" 200 36 "https://www.cheapridetransfers.com/destinations/orahovica" "Mozilla/5.0 (Linux; Android 9; ANE-LX1) AppleWebKit/537.36 (KHTML, like Gecko) Chrome/75.0.3770.143 Mobile Safari/537.36"
172.68.222.110 - - [04/Aug/2019:05:19:54 +0000] "POST /startlocation HTTP/1.1" 200 36 "https://www.cheapridetransfers.com/destinations/orahovica" "Mozilla/5.0 (Linux; Android 9; ANE-LX1) AppleWebKit/537.36 (KHTML, like Gecko) Chrome/75.0.3770.143 Mobile Safari/537.36"
172.68.222.110 - - [04/Aug/2019:05:19:54 +0000] "POST /startlocation HTTP/1.1" 200 2 "https://www.cheapridetransfers.com/destinations/orahovica" "Mozilla/5.0 (Linux; Android 9; ANE-LX1) AppleWebKit/537.36 (KHTML, like Gecko) Chrome/75.0.3770.143 Mobile Safari/537.36"
108.162.245.158 - - [04/Aug/2019:05:23:15 +0000] "GET / HTTP/1.1" 200 4688 "-" "Mozilla/5.0 (compatible; bingbot/2.0; +http://www.bing.com/bingbot.htm)"
162.158.126.62 - - [04/Aug/2019:05:23:32 +0000] "GET /taxi-transfer/makarska/split-airport HTTP/1.1" 200 8083 "-" "Mozilla/5.0 (compatible; SemrushBot/3~bl; +http://www.semrush.com/bot.html)"
108.162.229.36 - - [04/Aug/2019:05:23:56 +0000] "GET /hr/destinacije/rabac HTTP/1.1" 200 4023 "-" "Mozilla/5.0 (compatible; AhrefsBot/6.1; +http://ahrefs.com/robot/)"
162.158.126.118 - - [04/Aug/2019:05:24:12 +0000] "GET /destinations/pernat-cres HTTP/1.1" 200 3954 "-" "Mozilla/5.0 (compatible; SemrushBot/3~bl; +http://www.semrush.com/bot.html)"
162.158.126.62 - - [04/Aug/2019:05:29:16 +0000] "GET /hr/destinacije/glavotok-krk HTTP/1.1" 200 4036 "-" "Mozilla/5.0 (compatible; SemrushBot/3~bl; +http://www.semrush.com/bot.html)"
141.101.69.7 - - [04/Aug/2019:05:30:05 +0000] "GET /destinations/bedenica HTTP/1.1" 200 3946 "-" "Mozilla/5.0 (compatible; AhrefsBot/6.1; +http://ahrefs.com/robot/)"
162.158.106.94 - - [04/Aug/2019:05:30:17 +0000] "GET / HTTP/1.1" 301 243 "-" "Mozilla/5.0 (compatible; Googlebot/2.1; +http://www.google.com/bot.html)"
108.162.245.158 - - [04/Aug/2019:05:30:18 +0000] "GET / HTTP/1.1" 200 4688 "-" "Mozilla/5.0 (compatible; Googlebot/2.1; +http://www.google.com/bot.html)"
162.158.178.147 - - [04/Aug/2019:05:34:56 +0000] "GET /taxi HTTP/1.1" 200 4592 "-" "Mozilla/5.0 (compatible; Baiduspider/2.0; +http://www.baidu.com/search/spider.html)"
108.162.229.54 - - [04/Aug/2019:05:35:00 +0000] "GET /hr/izleti/izlet-trogir HTTP/1.1" 200 5503 "-" "Mozilla/5.0 (compatible; AhrefsBot/6.1; +http://ahrefs.com/robot/)"
162.158.126.62 - - [04/Aug/2019:05:35:53 +0000] "GET /taxi-transfer/split-airport/livno-bih HTTP/1.1" 200 7953 "-" "Mozilla/5.0 (compatible; SemrushBot/3~bl; +http://www.semrush.com/bot.html)"
141.101.105.244 - - [04/Aug/2019:05:37:45 +0000] "GET /en/destinations/zagorska-sela HTTP/1.1" 200 3962 "-" "Mozilla/5.0 (compatible; AhrefsBot/6.1; +http://ahrefs.com/robot/)"
108.162.229.6 - - [04/Aug/2019:05:39:25 +0000] "GET /hr/destinacije/humac-hvar HTTP/1.1" 200 4036 "-" "Mozilla/5.0 (compatible; AhrefsBot/6.1; +http://ahrefs.com/robot/)"
141.101.104.235 - - [04/Aug/2019:05:39:42 +0000] "GET /taxi-transfer/drasnice/brist HTTP/1.1" 200 7646 "-" "Mozilla/5.0 (compatible; AhrefsBot/6.1; +http://ahrefs.com/robot/)"
141.101.105.34 - - [04/Aug/2019:05:39:46 +0000] "GET /en/taxi-transfer/dubrovnik/krvavica HTTP/1.1" 200 7649 "-" "Mozilla/5.0 (compatible; AhrefsBot/6.1; +http://ahrefs.com/robot/)"
141.101.76.80 - - [04/Aug/2019:05:41:47 +0000] "GET /hr/destinations/donja-jagodnja HTTP/1.1" 302 500 "-" "Mozilla/5.0 (compatible; AhrefsBot/6.1; +http://ahrefs.com/robot/)"
162.158.126.62 - - [04/Aug/2019:05:43:56 +0000] "GET /destinations/vela-ucka HTTP/1.1" 200 3956 "-" "Mozilla/5.0 (compatible; SemrushBot/3~bl; +http://www.semrush.com/bot.html)"
108.162.229.54 - - [04/Aug/2019:05:46:30 +0000] "GET /hr/destinacije/sveti-kriz-zacretje HTTP/1.1" 200 4052 "-" "Mozilla/5.0 (compatible; AhrefsBot/6.1; +http://ahrefs.com/robot/)"
162.158.126.62 - - [04/Aug/2019:05:46:41 +0000] "GET /destinations/krizpolje HTTP/1.1" 200 3957 "-" "Mozilla/5.0 (compatible; SemrushBot/3~bl; +http://www.semrush.com/bot.html)"
162.158.126.122 - - [04/Aug/2019:05:49:19 +0000] "GET /en/taxi-transfer/baska-voda/drvenik HTTP/1.1" 200 7658 "-" "Mozilla/5.0 (compatible; SemrushBot/3~bl; +http://www.semrush.com/bot.html)"
108.162.246.57 - - [04/Aug/2019:05:49:26 +0000] "GET /taxi-transfer/podaca/bast HTTP/1.1" 200 7631 "-" "Mozilla/5.0 (Linux; Android 6.0.1; Nexus 5X Build/MMB29P) AppleWebKit/537.36 (KHTML, like Gecko) Chrome/41.0.2272.96 Mobile Safari/537.36 (compatible; Googlebot/2.1; +http://www.google.com/bot.html)"
172.69.234.138 - - [04/Aug/2019:05:52:23 +0000] "GET / HTTP/1.1" 200 4688 "-" "FreeWebMonitoring SiteChecker/0.2 (+https://www.freewebmonitoring.com/bot.html)"
172.68.222.110 - - [04/Aug/2019:05:56:22 +0000] "GET / HTTP/1.1" 200 4688 "https://cheapride.com.hr/taxi-tucepi/" "Mozilla/5.0 (iPhone; CPU iPhone OS 12_3_1 like Mac OS X) AppleWebKit/605.1.15 (KHTML, like Gecko) FxiOS/18.1b15719 Mobile/15E148 Safari/605.1.15"
172.68.222.110 - - [04/Aug/2019:05:56:31 +0000] "POST /startlocation HTTP/1.1" 200 35 "https://www.cheapridetransfers.com/" "Mozilla/5.0 (iPhone; CPU iPhone OS 12_3_1 like Mac OS X) AppleWebKit/605.1.15 (KHTML, like Gecko) FxiOS/18.1b15719 Mobile/15E148 Safari/605.1.15"
172.68.222.110 - - [04/Aug/2019:05:56:32 +0000] "POST /startlocation HTTP/1.1" 200 35 "https://www.cheapridetransfers.com/" "Mozilla/5.0 (iPhone; CPU iPhone OS 12_3_1 like Mac OS X) AppleWebKit/605.1.15 (KHTML, like Gecko) FxiOS/18.1b15719 Mobile/15E148 Safari/605.1.15"
172.68.222.110 - - [04/Aug/2019:05:56:33 +0000] "POST /startlocation HTTP/1.1" 200 35 "https://www.cheapridetransfers.com/" "Mozilla/5.0 (iPhone; CPU iPhone OS 12_3_1 like Mac OS X) AppleWebKit/605.1.15 (KHTML, like Gecko) FxiOS/18.1b15719 Mobile/15E148 Safari/605.1.15"
172.68.222.110 - - [04/Aug/2019:05:56:37 +0000] "POST /endlocation HTTP/1.1" 200 1380 "https://www.cheapridetransfers.com/" "Mozilla/5.0 (iPhone; CPU iPhone OS 12_3_1 like Mac OS X) AppleWebKit/605.1.15 (KHTML, like Gecko) FxiOS/18.1b15719 Mobile/15E148 Safari/605.1.15"
172.68.222.110 - - [04/Aug/2019:05:56:37 +0000] "POST /endlocation HTTP/1.1" 200 35 "https://www.cheapridetransfers.com/" "Mozilla/5.0 (iPhone; CPU iPhone OS 12_3_1 like Mac OS X) AppleWebKit/605.1.15 (KHTML, like Gecko) FxiOS/18.1b15719 Mobile/15E148 Safari/605.1.15"
172.68.222.110 - - [04/Aug/2019:05:56:38 +0000] "POST /endlocation HTTP/1.1" 200 2 "https://www.cheapridetransfers.com/" "Mozilla/5.0 (iPhone; CPU iPhone OS 12_3_1 like Mac OS X) AppleWebKit/605.1.15 (KHTML, like Gecko) FxiOS/18.1b15719 Mobile/15E148 Safari/605.1.15"
172.68.222.110 - - [04/Aug/2019:05:56:40 +0000] "POST /endlocation HTTP/1.1" 200 37 "https://www.cheapridetransfers.com/" "Mozilla/5.0 (iPhone; CPU iPhone OS 12_3_1 like Mac OS X) AppleWebKit/605.1.15 (KHTML, like Gecko) FxiOS/18.1b15719 Mobile/15E148 Safari/605.1.15"
162.158.126.122 - - [04/Aug/2019:05:56:40 +0000] "GET /taxi-transfer/dubrovnik-airport/drasnice HTTP/1.1" 200 7982 "-" "Mozilla/5.0 (compatible; SemrushBot/3~bl; +http://www.semrush.com/bot.html)"
172.68.222.110 - - [04/Aug/2019:05:56:48 +0000] "GET /search?start_location=Tu%C4%8Depi&end_location=Dra%C5%A1nice&date=05.08.2019 HTTP/1.1" 302 500 "https://www.cheapridetransfers.com/" "Mozilla/5.0 (iPhone; CPU iPhone OS 12_3_1 like Mac OS X) AppleWebKit/605.1.15 (KHTML, like Gecko) FxiOS/18.1b15719 Mobile/15E148 Safari/605.1.15"
172.68.222.110 - - [04/Aug/2019:05:56:48 +0000] "GET /taxi-transfer/tucepi/drasnice HTTP/1.1" 200 7661 "https://www.cheapridetransfers.com/" "Mozilla/5.0 (iPhone; CPU iPhone OS 12_3_1 like Mac OS X) AppleWebKit/605.1.15 (KHTML, like Gecko) FxiOS/18.1b15719 Mobile/15E148 Safari/605.1.15"
108.162.229.212 - - [04/Aug/2019:05:57:22 +0000] "GET /hr/destinations/gornji-vaganac HTTP/1.1" 302 500 "-" "Mozilla/5.0 (compatible; AhrefsBot/6.1; +http://ahrefs.com/robot/)"
108.162.246.135 - - [04/Aug/2019:05:59:21 +0000] "GET /destinations/nova-bukovica HTTP/1.1" 200 3956 "-" "Mozilla/5.0 (Linux; Android 6.0.1; Nexus 5X Build/MMB29P) AppleWebKit/537.36 (KHTML, like Gecko) Chrome/41.0.2272.96 Mobile Safari/537.36 (compatible; Googlebot/2.1; +http://www.google.com/bot.html)"
141.101.105.34 - - [04/Aug/2019:06:02:46 +0000] "GET /hr/destinations/baredine-buzet HTTP/1.1" 302 500 "-" "Mozilla/5.0 (compatible; AhrefsBot/6.1; +http://ahrefs.com/robot/)"
141.101.104.9 - - [04/Aug/2019:06:03:44 +0000] "GET /taxi-transfer/split/bast HTTP/1.1" 200 7634 "-" "Mozilla/5.0 (compatible; AhrefsBot/6.1; +http://ahrefs.com/robot/)"
141.101.105.147 - - [04/Aug/2019:06:03:48 +0000] "GET /hr/taksi-transfer/zaostrog/podaca HTTP/1.1" 200 7838 "-" "Mozilla/5.0 (compatible; AhrefsBot/6.1; +http://ahrefs.com/robot/)"
108.162.229.212 - - [04/Aug/2019:06:05:18 +0000] "GET /hr/destinacije/boskari HTTP/1.1" 200 4036 "-" "Mozilla/5.0 (compatible; AhrefsBot/6.1; +http://ahrefs.com/robot/)"
108.162.229.168 - - [04/Aug/2019:06:07:16 +0000] "GET /hr/destinacije/orle HTTP/1.1" 200 4021 "-" "Mozilla/5.0 (compatible; AhrefsBot/6.1; +http://ahrefs.com/robot/)"
172.68.255.48 - - [04/Aug/2019:06:08:16 +0000] "GET /privacy-policy HTTP/1.1" 200 6257 "-" "Mozilla/5.0 (compatible; Baiduspider/2.0; +http://www.baidu.com/search/spider.html)"
108.162.229.36 - - [04/Aug/2019:06:17:11 +0000] "GET /destinations/visnjan HTTP/1.1" 200 3963 "-" "Mozilla/5.0 (compatible; AhrefsBot/6.1; +http://ahrefs.com/robot/)"
162.158.126.62 - - [04/Aug/2019:06:18:15 +0000] "GET /destinations/sveti-petar-cres HTTP/1.1" 200 3960 "-" "Mozilla/5.0 (compatible; SemrushBot/3~bl; +http://www.semrush.com/bot.html)"
108.162.229.104 - - [04/Aug/2019:06:21:15 +0000] "GET /hr/destinations/vantacici-krk HTTP/1.1" 302 496 "-" "Mozilla/5.0 (compatible; AhrefsBot/6.1; +http://ahrefs.com/robot/)"
162.158.126.118 - - [04/Aug/2019:06:21:37 +0000] "GET /hr/taksi-transfer/split-airport/duge-njive HTTP/1.1" 200 8167 "-" "Mozilla/5.0 (compatible; SemrushBot/3~bl; +http://www.semrush.com/bot.html)"
108.162.229.168 - - [04/Aug/2019:06:29:54 +0000] "GET /en/taxi-transfer/krvavica/brela HTTP/1.1" 200 7633 "-" "Mozilla/5.0 (compatible; AhrefsBot/6.1; +http://ahrefs.com/robot/)"
108.162.229.246 - - [04/Aug/2019:06:29:54 +0000] "GET /en/taxi-transfer/dubrovnik/podaca HTTP/1.1" 200 7641 "-" "Mozilla/5.0 (compatible; AhrefsBot/6.1; +http://ahrefs.com/robot/)"
108.162.246.237 - - [04/Aug/2019:06:30:06 +0000] "GET /hr/taksi-transfer/split-airport/trpanj HTTP/1.1" 200 8172 "-" "Mozilla/5.0 (Linux; Android 6.0.1; Nexus 5X Build/MMB29P) AppleWebKit/537.36 (KHTML, like Gecko) Chrome/41.0.2272.96 Mobile Safari/537.36 (compatible; Googlebot/2.1; +http://www.google.com/bot.html)"
108.162.241.4 - - [04/Aug/2019:06:32:01 +0000] "GET /taxi-transfer/bast/podgora HTTP/1.1" 200 7634 "-" "Mozilla/5.0 (compatible; SemrushBot/3~bl; +http://www.semrush.com/bot.html)"
172.69.10.26 - - [04/Aug/2019:06:32:38 +0000] "GET /favicon.ico HTTP/1.1" 200 15086 "-" "Mozilla/5.0 (compatible; YandexBot/3.0; +http://yandex.com/bots)"
108.162.241.34 - - [04/Aug/2019:06:39:03 +0000] "GET /hr/taksi-transfer/sibenik/zadar HTTP/1.1" 200 7852 "-" "Mozilla/5.0 (compatible; SemrushBot/3~bl; +http://www.semrush.com/bot.html)"
162.158.107.113 - - [04/Aug/2019:06:40:13 +0000] "GET /hr/destinacije/turjaci HTTP/1.1" 200 4025 "-" "Mozilla/5.0 (Linux; Android 6.0.1; Nexus 5X Build/MMB29P) AppleWebKit/537.36 (KHTML, like Gecko) Chrome/41.0.2272.96 Mobile Safari/537.36 (compatible; Googlebot/2.1; +http://www.google.com/bot.html)"
108.162.241.34 - - [04/Aug/2019:06:43:00 +0000] "GET /hr/destinacije/lopar-rab HTTP/1.1" 200 4035 "-" "Mozilla/5.0 (compatible; SemrushBot/3~bl; +http://www.semrush.com/bot.html)"
108.162.241.4 - - [04/Aug/2019:06:43:04 +0000] "GET /en/taxi-transfer/baska-voda/podaca HTTP/1.1" 200 7655 "-" "Mozilla/5.0 (compatible; SemrushBot/3~bl; +http://www.semrush.com/bot.html)"
