162.158.92.2 - - [04/Aug/2019:15:35:39 +0000] "POST /endlocation HTTP/1.1" 200 81 "https://www.cheapridetransfers.com/hr/destinacije/stubicke-toplice" "Mozilla/5.0 (Linux; Android 5.1; Lenovo P70-A) AppleWebKit/537.36 (KHTML, like Gecko) Chrome/76.0.3809.89 Mobile Safari/537.36"
162.158.92.2 - - [04/Aug/2019:15:35:39 +0000] "POST /endlocation HTTP/1.1" 200 154 "https://www.cheapridetransfers.com/hr/destinacije/stubicke-toplice" "Mozilla/5.0 (Linux; Android 5.1; Lenovo P70-A) AppleWebKit/537.36 (KHTML, like Gecko) Chrome/76.0.3809.89 Mobile Safari/537.36"
162.158.92.2 - - [04/Aug/2019:15:35:40 +0000] "POST /endlocation HTTP/1.1" 200 42 "https://www.cheapridetransfers.com/hr/destinacije/stubicke-toplice" "Mozilla/5.0 (Linux; Android 5.1; Lenovo P70-A) AppleWebKit/537.36 (KHTML, like Gecko) Chrome/76.0.3809.89 Mobile Safari/537.36"
162.158.238.104 - - [04/Aug/2019:15:35:39 +0000] "GET /destinations/svirce-hvar HTTP/1.1" 200 3962 "-" "(info@domaincrawler.com; http://www.domaincrawler.com/cheapridetransfers.com)"
162.158.92.2 - - [04/Aug/2019:15:35:41 +0000] "POST /endlocation HTTP/1.1" 200 42 "https://www.cheapridetransfers.com/hr/destinacije/stubicke-toplice" "Mozilla/5.0 (Linux; Android 5.1; Lenovo P70-A) AppleWebKit/537.36 (KHTML, like Gecko) Chrome/76.0.3809.89 Mobile Safari/537.36"
162.158.92.2 - - [04/Aug/2019:15:35:42 +0000] "POST /endlocation HTTP/1.1" 200 42 "https://www.cheapridetransfers.com/hr/destinacije/stubicke-toplice" "Mozilla/5.0 (Linux; Android 5.1; Lenovo P70-A) AppleWebKit/537.36 (KHTML, like Gecko) Chrome/76.0.3809.89 Mobile Safari/537.36"
162.158.238.104 - - [04/Aug/2019:15:35:45 +0000] "GET /destinations/vazminec-cres HTTP/1.1" 200 3964 "-" "(info@domaincrawler.com; http://www.domaincrawler.com/cheapridetransfers.com)"
162.158.238.104 - - [04/Aug/2019:15:35:49 +0000] "GET /destinations/davor HTTP/1.1" 200 3940 "-" "(info@domaincrawler.com; http://www.domaincrawler.com/cheapridetransfers.com)"
162.158.92.2 - - [04/Aug/2019:15:35:50 +0000] "GET /hr/pretraga?start_location=Stubi%C4%8Dke+Toplice&end_location=Marija+Bistrica&date=07.08.2019 HTTP/1.1" 302 584 "https://www.cheapridetransfers.com/hr/destinacije/stubicke-toplice" "Mozilla/5.0 (Linux; Android 5.1; Lenovo P70-A) AppleWebKit/537.36 (KHTML, like Gecko) Chrome/76.0.3809.89 Mobile Safari/537.36"
162.158.92.2 - - [04/Aug/2019:15:35:51 +0000] "GET /hr/taksi-transfer/stubicke-toplice/marija-bistrica HTTP/1.1" 302 460 "https://www.cheapridetransfers.com/hr/destinacije/stubicke-toplice" "Mozilla/5.0 (Linux; Android 5.1; Lenovo P70-A) AppleWebKit/537.36 (KHTML, like Gecko) Chrome/76.0.3809.89 Mobile Safari/537.36"
162.158.92.2 - - [04/Aug/2019:15:35:51 +0000] "GET /hr/zatrazite-ponudu HTTP/1.1" 200 3903 "https://www.cheapridetransfers.com/hr/destinacije/stubicke-toplice" "Mozilla/5.0 (Linux; Android 5.1; Lenovo P70-A) AppleWebKit/537.36 (KHTML, like Gecko) Chrome/76.0.3809.89 Mobile Safari/537.36"
162.158.238.104 - - [04/Aug/2019:15:35:53 +0000] "GET /destinations/dobroselo HTTP/1.1" 200 3947 "-" "(info@domaincrawler.com; http://www.domaincrawler.com/cheapridetransfers.com)"
162.158.238.104 - - [04/Aug/2019:15:35:57 +0000] "GET /destinations/vidalici-pag HTTP/1.1" 200 4026 "-" "(info@domaincrawler.com; http://www.domaincrawler.com/cheapridetransfers.com)"
162.158.238.104 - - [04/Aug/2019:15:36:00 +0000] "GET /destinations/donji-kraljevec HTTP/1.1" 200 3959 "-" "(info@domaincrawler.com; http://www.domaincrawler.com/cheapridetransfers.com)"
162.158.238.104 - - [04/Aug/2019:15:36:04 +0000] "GET /destinations/stari-grad-hvar HTTP/1.1" 200 3961 "-" "(info@domaincrawler.com; http://www.domaincrawler.com/cheapridetransfers.com)"
162.158.238.104 - - [04/Aug/2019:15:36:06 +0000] "GET /destinations/vlasici-pag HTTP/1.1" 200 3976 "-" "(info@domaincrawler.com; http://www.domaincrawler.com/cheapridetransfers.com)"
162.158.238.104 - - [04/Aug/2019:15:36:10 +0000] "GET /destinations/dnopolje HTTP/1.1" 200 3946 "-" "(info@domaincrawler.com; http://www.domaincrawler.com/cheapridetransfers.com)"
162.158.238.104 - - [04/Aug/2019:15:36:14 +0000] "GET /destinations/donji-brgat HTTP/1.1" 200 3954 "-" "(info@domaincrawler.com; http://www.domaincrawler.com/cheapridetransfers.com)"
162.158.238.104 - - [04/Aug/2019:15:36:17 +0000] "GET /destinations/stara-baska-krk HTTP/1.1" 200 3982 "-" "(info@domaincrawler.com; http://www.domaincrawler.com/cheapridetransfers.com)"
162.158.238.104 - - [04/Aug/2019:15:36:22 +0000] "GET /destinations/ustrine-cres HTTP/1.1" 200 3954 "-" "(info@domaincrawler.com; http://www.domaincrawler.com/cheapridetransfers.com)"
162.158.238.104 - - [04/Aug/2019:15:36:25 +0000] "GET /destinations/zaklopatica-lastovo HTTP/1.1" 200 3965 "-" "(info@domaincrawler.com; http://www.domaincrawler.com/cheapridetransfers.com)"
162.158.238.104 - - [04/Aug/2019:15:36:30 +0000] "GET /destinations/donji-kukuruzari HTTP/1.1" 200 3960 "-" "(info@domaincrawler.com; http://www.domaincrawler.com/cheapridetransfers.com)"
162.158.238.104 - - [04/Aug/2019:15:36:33 +0000] "GET /destinations/supetarska-draga-rab HTTP/1.1" 200 3966 "-" "(info@domaincrawler.com; http://www.domaincrawler.com/cheapridetransfers.com)"
162.158.238.104 - - [04/Aug/2019:15:36:35 +0000] "GET /destinations/dezanovac HTTP/1.1" 200 3954 "-" "(info@domaincrawler.com; http://www.domaincrawler.com/cheapridetransfers.com)"
162.158.238.104 - - [04/Aug/2019:15:36:39 +0000] "GET /destinations/donja-suvaja HTTP/1.1" 200 3955 "-" "(info@domaincrawler.com; http://www.domaincrawler.com/cheapridetransfers.com)"
162.158.238.104 - - [04/Aug/2019:15:36:43 +0000] "GET /destinations/donji-zagon HTTP/1.1" 200 3955 "-" "(info@domaincrawler.com; http://www.domaincrawler.com/cheapridetransfers.com)"
162.158.238.104 - - [04/Aug/2019:15:36:47 +0000] "GET /destinations/dolac-primosten HTTP/1.1" 200 3978 "-" "(info@domaincrawler.com; http://www.domaincrawler.com/cheapridetransfers.com)"
162.158.238.104 - - [04/Aug/2019:15:36:50 +0000] "GET /destinations/doli HTTP/1.1" 200 3940 "-" "(info@domaincrawler.com; http://www.domaincrawler.com/cheapridetransfers.com)"
162.158.238.104 - - [04/Aug/2019:15:36:53 +0000] "GET /destinations/donja-moticina HTTP/1.1" 200 3964 "-" "(info@domaincrawler.com; http://www.domaincrawler.com/cheapridetransfers.com)"
162.158.238.104 - - [04/Aug/2019:15:36:58 +0000] "GET /destinations/sucuraj-hvar HTTP/1.1" 200 3964 "-" "(info@domaincrawler.com; http://www.domaincrawler.com/cheapridetransfers.com)"
162.158.238.104 - - [04/Aug/2019:15:37:02 +0000] "GET /destinations/verunic-dugi-otok HTTP/1.1" 200 3970 "-" "(info@domaincrawler.com; http://www.domaincrawler.com/cheapridetransfers.com)"
162.158.238.104 - - [04/Aug/2019:15:37:06 +0000] "GET /destinations/strilcici-krk HTTP/1.1" 200 3970 "-" "(info@domaincrawler.com; http://www.domaincrawler.com/cheapridetransfers.com)"
162.158.238.104 - - [04/Aug/2019:15:37:09 +0000] "GET /destinations/vidovici-cres HTTP/1.1" 200 3962 "-" "(info@domaincrawler.com; http://www.domaincrawler.com/cheapridetransfers.com)"
162.158.238.104 - - [04/Aug/2019:15:37:11 +0000] "GET /destinations/vrgada-vrgada HTTP/1.1" 200 3953 "-" "(info@domaincrawler.com; http://www.domaincrawler.com/cheapridetransfers.com)"
162.158.238.104 - - [04/Aug/2019:15:37:16 +0000] "GET /destinations/donja-stubica HTTP/1.1" 200 3956 "-" "(info@domaincrawler.com; http://www.domaincrawler.com/cheapridetransfers.com)"
162.158.238.104 - - [04/Aug/2019:15:37:19 +0000] "GET /destinations/vrbnik-krk HTTP/1.1" 200 3955 "-" "(info@domaincrawler.com; http://www.domaincrawler.com/cheapridetransfers.com)"
162.158.238.104 - - [04/Aug/2019:15:37:22 +0000] "GET /destinations/donje-biljane HTTP/1.1" 200 3956 "-" "(info@domaincrawler.com; http://www.domaincrawler.com/cheapridetransfers.com)"
162.158.238.104 - - [04/Aug/2019:15:37:27 +0000] "GET /destinations/suzan-krk HTTP/1.1" 200 3961 "-" "(info@domaincrawler.com; http://www.domaincrawler.com/cheapridetransfers.com)"
162.158.238.104 - - [04/Aug/2019:15:37:31 +0000] "GET /destinations/debeljak HTTP/1.1" 200 3946 "-" "(info@domaincrawler.com; http://www.domaincrawler.com/cheapridetransfers.com)"
162.158.238.104 - - [04/Aug/2019:15:37:37 +0000] "GET /destinations/dicmo HTTP/1.1" 200 3940 "-" "(info@domaincrawler.com; http://www.domaincrawler.com/cheapridetransfers.com)"
162.158.238.104 - - [04/Aug/2019:15:37:39 +0000] "GET /destinations/dobra-voda-benkovac HTTP/1.1" 200 3971 "-" "(info@domaincrawler.com; http://www.domaincrawler.com/cheapridetransfers.com)"
162.158.92.2 - - [04/Aug/2019:15:37:43 +0000] "POST /hr/mail HTTP/1.1" 302 432 "https://www.cheapridetransfers.com/hr/zatrazite-ponudu" "Mozilla/5.0 (Linux; Android 5.1; Lenovo P70-A) AppleWebKit/537.36 (KHTML, like Gecko) Chrome/76.0.3809.89 Mobile Safari/537.36"
162.158.238.104 - - [04/Aug/2019:15:37:43 +0000] "GET /destinations/ugljan-ugljan HTTP/1.1" 200 3953 "-" "(info@domaincrawler.com; http://www.domaincrawler.com/cheapridetransfers.com)"
162.158.92.2 - - [04/Aug/2019:15:37:44 +0000] "GET /hr/hvala-vam HTTP/1.1" 200 4210 "https://www.cheapridetransfers.com/hr/zatrazite-ponudu" "Mozilla/5.0 (Linux; Android 5.1; Lenovo P70-A) AppleWebKit/537.36 (KHTML, like Gecko) Chrome/76.0.3809.89 Mobile Safari/537.36"
162.158.88.180 - - [04/Aug/2019:15:37:46 +0000] "GET /img/tape.png HTTP/1.1" 200 6075 "https://www.cheapridetransfers.com/css/all.css?v=20" "Mozilla/5.0 (Linux; Android 5.1; Lenovo P70-A) AppleWebKit/537.36 (KHTML, like Gecko) Chrome/76.0.3809.89 Mobile Safari/537.36"
162.158.238.104 - - [04/Aug/2019:15:37:47 +0000] "GET /destinations/zaglav-dugi-otok HTTP/1.1" 200 3964 "-" "(info@domaincrawler.com; http://www.domaincrawler.com/cheapridetransfers.com)"
162.158.238.104 - - [04/Aug/2019:15:37:50 +0000] "GET /destinations/donji-lapac HTTP/1.1" 200 3954 "-" "(info@domaincrawler.com; http://www.domaincrawler.com/cheapridetransfers.com)"
162.158.238.104 - - [04/Aug/2019:15:37:53 +0000] "GET /destinations/donji-vaganac HTTP/1.1" 200 3956 "-" "(info@domaincrawler.com; http://www.domaincrawler.com/cheapridetransfers.com)"
162.158.238.104 - - [04/Aug/2019:15:37:58 +0000] "GET /destinations/vantacici-krk HTTP/1.1" 200 3970 "-" "(info@domaincrawler.com; http://www.domaincrawler.com/cheapridetransfers.com)"
162.158.238.104 - - [04/Aug/2019:15:38:02 +0000] "GET /destinations/vrh-krk HTTP/1.1" 200 3949 "-" "(info@domaincrawler.com; http://www.domaincrawler.com/cheapridetransfers.com)"
162.158.238.104 - - [04/Aug/2019:15:38:05 +0000] "GET /destinations/dazlina HTTP/1.1" 200 3943 "-" "(info@domaincrawler.com; http://www.domaincrawler.com/cheapridetransfers.com)"
162.158.238.104 - - [04/Aug/2019:15:38:11 +0000] "GET /destinations/domasinec HTTP/1.1" 200 3967 "-" "(info@domaincrawler.com; http://www.domaincrawler.com/cheapridetransfers.com)"
162.158.238.104 - - [04/Aug/2019:15:38:14 +0000] "GET /destinations/donji-karin HTTP/1.1" 200 3954 "-" "(info@domaincrawler.com; http://www.domaincrawler.com/cheapridetransfers.com)"
162.158.238.104 - - [04/Aug/2019:15:38:18 +0000] "GET /destinations/sveta-nedilja-hvar HTTP/1.1" 200 3965 "-" "(info@domaincrawler.com; http://www.domaincrawler.com/cheapridetransfers.com)"
162.158.238.104 - - [04/Aug/2019:15:38:21 +0000] "GET /destinations/tkon-pasman HTTP/1.1" 200 3971 "-" "(info@domaincrawler.com; http://www.domaincrawler.com/cheapridetransfers.com)"
162.158.238.104 - - [04/Aug/2019:15:38:23 +0000] "GET /destinations/donja-dubrava HTTP/1.1" 200 3956 "-" "(info@domaincrawler.com; http://www.domaincrawler.com/cheapridetransfers.com)"
162.158.238.104 - - [04/Aug/2019:15:38:28 +0000] "GET /destinations/donje-ceranje HTTP/1.1" 200 3955 "-" "(info@domaincrawler.com; http://www.domaincrawler.com/cheapridetransfers.com)"
162.158.238.104 - - [04/Aug/2019:15:38:31 +0000] "GET /destinations/donje-sitno HTTP/1.1" 200 3954 "-" "(info@domaincrawler.com; http://www.domaincrawler.com/cheapridetransfers.com)"
162.158.238.104 - - [04/Aug/2019:15:38:33 +0000] "GET /destinations/stara-vas-pag HTTP/1.1" 200 3960 "-" "(info@domaincrawler.com; http://www.domaincrawler.com/cheapridetransfers.com)"
162.158.238.104 - - [04/Aug/2019:15:38:39 +0000] "GET /destinations/stivan-cres HTTP/1.1" 200 3952 "-" "(info@domaincrawler.com; http://www.domaincrawler.com/cheapridetransfers.com)"
162.158.238.104 - - [04/Aug/2019:15:38:41 +0000] "GET /destinations/deringaj HTTP/1.1" 200 3945 "-" "(info@domaincrawler.com; http://www.domaincrawler.com/cheapridetransfers.com)"
162.158.238.104 - - [04/Aug/2019:15:38:45 +0000] "GET /destinations/velo-grablje-hvar HTTP/1.1" 200 3962 "-" "(info@domaincrawler.com; http://www.domaincrawler.com/cheapridetransfers.com)"
162.158.238.104 - - [04/Aug/2019:15:38:48 +0000] "GET /destinations/donji-vidovec HTTP/1.1" 200 3956 "-" "(info@domaincrawler.com; http://www.domaincrawler.com/cheapridetransfers.com)"
162.158.238.104 - - [04/Aug/2019:15:38:52 +0000] "GET /destinations/vrisnik-hvar HTTP/1.1" 200 3956 "-" "(info@domaincrawler.com; http://www.domaincrawler.com/cheapridetransfers.com)"
162.158.111.95 - - [04/Aug/2019:15:38:54 +0000] "GET /destinations/bile HTTP/1.1" 200 3939 "-" "Mozilla/5.0 (compatible; AhrefsBot/6.1; +http://ahrefs.com/robot/)"
162.158.238.104 - - [04/Aug/2019:15:38:54 +0000] "GET /destinations/sveti-vid-miholjice-krk HTTP/1.1" 200 3980 "-" "(info@domaincrawler.com; http://www.domaincrawler.com/cheapridetransfers.com)"
162.158.238.104 - - [04/Aug/2019:15:38:57 +0000] "GET /destinations/donja-banda HTTP/1.1" 200 3954 "-" "(info@domaincrawler.com; http://www.domaincrawler.com/cheapridetransfers.com)"
162.158.238.104 - - [04/Aug/2019:15:39:01 +0000] "GET /destinations/donje-polje HTTP/1.1" 200 3954 "-" "(info@domaincrawler.com; http://www.domaincrawler.com/cheapridetransfers.com)"
162.158.238.104 - - [04/Aug/2019:15:39:04 +0000] "GET /destinations/donje-rastane HTTP/1.1" 200 3973 "-" "(info@domaincrawler.com; http://www.domaincrawler.com/cheapridetransfers.com)"
162.158.238.104 - - [04/Aug/2019:15:39:07 +0000] "GET /destinations/donji-andrijevci HTTP/1.1" 200 3959 "-" "(info@domaincrawler.com; http://www.domaincrawler.com/cheapridetransfers.com)"
162.158.238.104 - - [04/Aug/2019:15:39:11 +0000] "GET /destinations/donji-kasic HTTP/1.1" 200 3977 "-" "(info@domaincrawler.com; http://www.domaincrawler.com/cheapridetransfers.com)"
162.158.238.104 - - [04/Aug/2019:15:39:14 +0000] "GET /destinations/supetar-brac HTTP/1.1" 200 3962 "-" "(info@domaincrawler.com; http://www.domaincrawler.com/cheapridetransfers.com)"
162.158.238.104 - - [04/Aug/2019:15:39:17 +0000] "GET /destinations/valun-cres HTTP/1.1" 200 3952 "-" "(info@domaincrawler.com; http://www.domaincrawler.com/cheapridetransfers.com)"
162.158.238.104 - - [04/Aug/2019:15:39:22 +0000] "GET /destinations/desinic HTTP/1.1" 200 3950 "-" "(info@domaincrawler.com; http://www.domaincrawler.com/cheapridetransfers.com)"
162.158.238.104 - - [04/Aug/2019:15:39:25 +0000] "GET /destinations/sveti-anton-krk HTTP/1.1" 200 3964 "-" "(info@domaincrawler.com; http://www.domaincrawler.com/cheapridetransfers.com)"
162.158.238.104 - - [04/Aug/2019:15:39:30 +0000] "GET /destinations/donja-voca HTTP/1.1" 200 3958 "-" "(info@domaincrawler.com; http://www.domaincrawler.com/cheapridetransfers.com)"
162.158.238.104 - - [04/Aug/2019:15:39:32 +0000] "GET /destinations/sutivan-brac HTTP/1.1" 200 3961 "-" "(info@domaincrawler.com; http://www.domaincrawler.com/cheapridetransfers.com)"
162.158.238.104 - - [04/Aug/2019:15:39:37 +0000] "GET /destinations/vrana-cres HTTP/1.1" 200 3951 "-" "(info@domaincrawler.com; http://www.domaincrawler.com/cheapridetransfers.com)"
162.158.238.104 - - [04/Aug/2019:15:39:39 +0000] "GET /destinations/dobropoljci HTTP/1.1" 200 3949 "-" "(info@domaincrawler.com; http://www.domaincrawler.com/cheapridetransfers.com)"
162.158.238.104 - - [04/Aug/2019:15:39:43 +0000] "GET /destinations/turcic-krk HTTP/1.1" 200 3965 "-" "(info@domaincrawler.com; http://www.domaincrawler.com/cheapridetransfers.com)"
162.158.238.104 - - [04/Aug/2019:15:39:47 +0000] "GET /destinations/vela-luka-korcula HTTP/1.1" 200 3971 "-" "(info@domaincrawler.com; http://www.domaincrawler.com/cheapridetransfers.com)"
162.158.238.104 - - [04/Aug/2019:15:39:50 +0000] "GET /destinations/benkovac-fuzinski HTTP/1.1" 200 3969 "-" "(info@domaincrawler.com; http://www.domaincrawler.com/cheapridetransfers.com)"
162.158.238.104 - - [04/Aug/2019:15:39:54 +0000] "GET /destinations/hvar-hvar HTTP/1.1" 200 3947 "-" "(info@domaincrawler.com; http://www.domaincrawler.com/cheapridetransfers.com)"
162.158.238.104 - - [04/Aug/2019:15:39:57 +0000] "GET /destinations/boljunsko-polje HTTP/1.1" 200 3958 "-" "(info@domaincrawler.com; http://www.domaincrawler.com/cheapridetransfers.com)"
162.158.238.104 - - [04/Aug/2019:15:39:59 +0000] "GET /destinations/gostinjac-krk HTTP/1.1" 200 3957 "-" "(info@domaincrawler.com; http://www.domaincrawler.com/cheapridetransfers.com)"
162.158.238.104 - - [04/Aug/2019:15:40:04 +0000] "GET /destinations/jelsa-hvar HTTP/1.1" 200 3955 "-" "(info@domaincrawler.com; http://www.domaincrawler.com/cheapridetransfers.com)"
162.158.238.104 - - [04/Aug/2019:15:40:12 +0000] "GET /destinations/kampelje-krk HTTP/1.1" 200 3957 "-" "(info@domaincrawler.com; http://www.domaincrawler.com/cheapridetransfers.com)"
162.158.238.104 - - [04/Aug/2019:15:40:15 +0000] "GET /destinations/jezera-murter HTTP/1.1" 200 3958 "-" "(info@domaincrawler.com; http://www.domaincrawler.com/cheapridetransfers.com)"
141.101.77.90 - - [04/Aug/2019:15:40:18 +0000] "GET /destinations/danilo HTTP/1.1" 200 3942 "-" "Mozilla/5.0 (compatible; AhrefsBot/6.1; +http://ahrefs.com/robot/)"
162.158.238.104 - - [04/Aug/2019:15:40:18 +0000] "GET /destinations/klimno-krk HTTP/1.1" 200 3955 "-" "(info@domaincrawler.com; http://www.domaincrawler.com/cheapridetransfers.com)"
162.158.238.104 - - [04/Aug/2019:15:40:21 +0000] "GET /destinations/kosljun-pag HTTP/1.1" 200 4036 "-" "(info@domaincrawler.com; http://www.domaincrawler.com/cheapridetransfers.com)"
162.158.238.104 - - [04/Aug/2019:15:40:23 +0000] "GET /destinations/belica HTTP/1.1" 200 3943 "-" "(info@domaincrawler.com; http://www.domaincrawler.com/cheapridetransfers.com)"
162.158.238.104 - - [04/Aug/2019:15:40:25 +0000] "GET /destinations/bibinje HTTP/1.1" 200 4009 "-" "(info@domaincrawler.com; http://www.domaincrawler.com/cheapridetransfers.com)"
162.158.238.104 - - [04/Aug/2019:15:40:29 +0000] "GET /destinations/bilje HTTP/1.1" 200 3942 "-" "(info@domaincrawler.com; http://www.domaincrawler.com/cheapridetransfers.com)"
162.158.238.104 - - [04/Aug/2019:15:40:32 +0000] "GET /destinations/bizovac HTTP/1.1" 200 3945 "-" "(info@domaincrawler.com; http://www.domaincrawler.com/cheapridetransfers.com)"
162.158.238.104 - - [04/Aug/2019:15:40:37 +0000] "GET /destinations/blato-na-cetini HTTP/1.1" 200 3957 "-" "(info@domaincrawler.com; http://www.domaincrawler.com/cheapridetransfers.com)"
162.158.238.104 - - [04/Aug/2019:15:40:40 +0000] "GET /destinations/lukoran-ugljan HTTP/1.1" 200 3958 "-" "(info@domaincrawler.com; http://www.domaincrawler.com/cheapridetransfers.com)"
162.158.238.104 - - [04/Aug/2019:15:40:45 +0000] "GET /destinations/bencani HTTP/1.1" 200 3952 "-" "(info@domaincrawler.com; http://www.domaincrawler.com/cheapridetransfers.com)"
162.158.238.104 - - [04/Aug/2019:15:40:48 +0000] "GET /destinations/blace HTTP/1.1" 200 3942 "-" "(info@domaincrawler.com; http://www.domaincrawler.com/cheapridetransfers.com)"
162.158.238.104 - - [04/Aug/2019:15:40:53 +0000] "GET /destinations/gromin-dolac-hvar HTTP/1.1" 200 3963 "-" "(info@domaincrawler.com; http://www.domaincrawler.com/cheapridetransfers.com)"
172.68.222.32 - - [04/Aug/2019:15:40:55 +0000] "GET /hr/destinacije/tkon-pasman HTTP/1.1" 200 4044 "https://www.google.com/" "Mozilla/5.0 (Linux; Android 9; CLT-L29) AppleWebKit/537.36 (KHTML, like Gecko) Chrome/75.0.3770.143 Mobile Safari/537.36"
162.158.238.104 - - [04/Aug/2019:15:40:56 +0000] "GET /destinations/kaprije-kaprije HTTP/1.1" 200 3954 "-" "(info@domaincrawler.com; http://www.domaincrawler.com/cheapridetransfers.com)"
162.158.238.104 - - [04/Aug/2019:15:40:58 +0000] "GET /destinations/ivanje-cres HTTP/1.1" 200 3953 "-" "(info@domaincrawler.com; http://www.domaincrawler.com/cheapridetransfers.com)"
172.68.222.32 - - [04/Aug/2019:15:41:02 +0000] "GET /site.webmanifest HTTP/1.1" 200 426 "https://www.cheapridetransfers.com/hr/destinacije/tkon-pasman" "Mozilla/5.0 (Linux; Android 9; CLT-L29) AppleWebKit/537.36 (KHTML, like Gecko) Chrome/75.0.3770.143 Mobile Safari/537.36"
162.158.238.104 - - [04/Aug/2019:15:41:02 +0000] "GET /destinations/kozarica-mljet HTTP/1.1" 200 3959 "-" "(info@domaincrawler.com; http://www.domaincrawler.com/cheapridetransfers.com)"
162.158.238.104 - - [04/Aug/2019:15:41:04 +0000] "GET /destinations/blaca HTTP/1.1" 200 3942 "-" "(info@domaincrawler.com; http://www.domaincrawler.com/cheapridetransfers.com)"
162.158.238.104 - - [04/Aug/2019:15:41:08 +0000] "GET /destinations/boljun HTTP/1.1" 200 3944 "-" "(info@domaincrawler.com; http://www.domaincrawler.com/cheapridetransfers.com)"
162.158.238.104 - - [04/Aug/2019:15:41:13 +0000] "GET /destinations/berek HTTP/1.1" 200 3942 "-" "(info@domaincrawler.com; http://www.domaincrawler.com/cheapridetransfers.com)"
172.68.222.32 - - [04/Aug/2019:15:41:15 +0000] "POST /startlocation HTTP/1.1" 200 81 "https://www.cheapridetransfers.com/hr/destinacije/tkon-pasman" "Mozilla/5.0 (Linux; Android 9; CLT-L29) AppleWebKit/537.36 (KHTML, like Gecko) Chrome/75.0.3770.143 Mobile Safari/537.36"
172.68.222.32 - - [04/Aug/2019:15:41:15 +0000] "POST /startlocation HTTP/1.1" 200 43 "https://www.cheapridetransfers.com/hr/destinacije/tkon-pasman" "Mozilla/5.0 (Linux; Android 9; CLT-L29) AppleWebKit/537.36 (KHTML, like Gecko) Chrome/75.0.3770.143 Mobile Safari/537.36"
162.158.238.104 - - [04/Aug/2019:15:41:17 +0000] "GET /destinations/boraja HTTP/1.1" 200 3944 "-" "(info@domaincrawler.com; http://www.domaincrawler.com/cheapridetransfers.com)"
172.68.222.32 - - [04/Aug/2019:15:41:18 +0000] "POST /endlocation HTTP/1.1" 200 110 "https://www.cheapridetransfers.com/hr/destinacije/tkon-pasman" "Mozilla/5.0 (Linux; Android 9; CLT-L29) AppleWebKit/537.36 (KHTML, like Gecko) Chrome/75.0.3770.143 Mobile Safari/537.36"
172.68.222.32 - - [04/Aug/2019:15:41:19 +0000] "POST /endlocation HTTP/1.1" 200 41 "https://www.cheapridetransfers.com/hr/destinacije/tkon-pasman" "Mozilla/5.0 (Linux; Android 9; CLT-L29) AppleWebKit/537.36 (KHTML, like Gecko) Chrome/75.0.3770.143 Mobile Safari/537.36"
162.158.238.104 - - [04/Aug/2019:15:41:21 +0000] "GET /destinations/grmov-cres HTTP/1.1" 200 3951 "-" "(info@domaincrawler.com; http://www.domaincrawler.com/cheapridetransfers.com)"
162.158.238.104 - - [04/Aug/2019:15:41:24 +0000] "GET /destinations/kornic-krk HTTP/1.1" 200 3961 "-" "(info@domaincrawler.com; http://www.domaincrawler.com/cheapridetransfers.com)"
172.68.222.32 - - [04/Aug/2019:15:41:27 +0000] "GET /hr/pretraga?start_location=Tkon%2C+Pa%C5%A1man&end_location=Biograd+na+Moru&date= HTTP/1.1" 302 564 "https://www.cheapridetransfers.com/hr/destinacije/tkon-pasman" "Mozilla/5.0 (Linux; Android 9; CLT-L29) AppleWebKit/537.36 (KHTML, like Gecko) Chrome/75.0.3770.143 Mobile Safari/537.36"
172.68.222.32 - - [04/Aug/2019:15:41:27 +0000] "GET /hr/taksi-transfer/tkon-pasman/biograd-na-moru HTTP/1.1" 302 460 "https://www.cheapridetransfers.com/hr/destinacije/tkon-pasman" "Mozilla/5.0 (Linux; Android 9; CLT-L29) AppleWebKit/537.36 (KHTML, like Gecko) Chrome/75.0.3770.143 Mobile Safari/537.36"
172.68.222.32 - - [04/Aug/2019:15:41:27 +0000] "GET /hr/zatrazite-ponudu HTTP/1.1" 200 3891 "https://www.cheapridetransfers.com/hr/destinacije/tkon-pasman" "Mozilla/5.0 (Linux; Android 9; CLT-L29) AppleWebKit/537.36 (KHTML, like Gecko) Chrome/75.0.3770.143 Mobile Safari/537.36"
162.158.238.104 - - [04/Aug/2019:15:41:28 +0000] "GET /destinations/bijeli-vir HTTP/1.1" 200 3952 "-" "(info@domaincrawler.com; http://www.domaincrawler.com/cheapridetransfers.com)"
162.158.238.104 - - [04/Aug/2019:15:41:31 +0000] "GET /destinations/glavotok-krk HTTP/1.1" 200 3956 "-" "(info@domaincrawler.com; http://www.domaincrawler.com/cheapridetransfers.com)"
162.158.238.104 - - [04/Aug/2019:15:41:36 +0000] "GET /destinations/kali-ugljan HTTP/1.1" 200 3955 "-" "(info@domaincrawler.com; http://www.domaincrawler.com/cheapridetransfers.com)"
162.158.238.104 - - [04/Aug/2019:15:41:40 +0000] "GET /destinations/kampor-rab HTTP/1.1" 200 3954 "-" "(info@domaincrawler.com; http://www.domaincrawler.com/cheapridetransfers.com)"
162.158.238.104 - - [04/Aug/2019:15:41:44 +0000] "GET /destinations/ivan-dolac-hvar HTTP/1.1" 200 3961 "-" "(info@domaincrawler.com; http://www.domaincrawler.com/cheapridetransfers.com)"
162.158.238.104 - - [04/Aug/2019:15:41:47 +0000] "GET /destinations/klanice-krk HTTP/1.1" 200 3956 "-" "(info@domaincrawler.com; http://www.domaincrawler.com/cheapridetransfers.com)"
162.158.238.104 - - [04/Aug/2019:15:41:51 +0000] "GET /destinations/komiza-vis HTTP/1.1" 200 3961 "-" "(info@domaincrawler.com; http://www.domaincrawler.com/cheapridetransfers.com)"
162.158.238.104 - - [04/Aug/2019:15:41:54 +0000] "GET /destinations/bilaj HTTP/1.1" 200 3942 "-" "(info@domaincrawler.com; http://www.domaincrawler.com/cheapridetransfers.com)"
162.158.238.104 - - [04/Aug/2019:15:41:57 +0000] "GET /destinations/biskupija HTTP/1.1" 200 3948 "-" "(info@domaincrawler.com; http://www.domaincrawler.com/cheapridetransfers.com)"
162.158.238.104 - - [04/Aug/2019:15:42:01 +0000] "GET /destinations/krapanj-krapanj HTTP/1.1" 200 3954 "-" "(info@domaincrawler.com; http://www.domaincrawler.com/cheapridetransfers.com)"
162.158.238.104 - - [04/Aug/2019:15:42:04 +0000] "GET /destinations/beram HTTP/1.1" 200 3942 "-" "(info@domaincrawler.com; http://www.domaincrawler.com/cheapridetransfers.com)"
162.158.238.104 - - [04/Aug/2019:15:42:06 +0000] "GET /destinations/hlapa-krk HTTP/1.1" 200 3953 "-" "(info@domaincrawler.com; http://www.domaincrawler.com/cheapridetransfers.com)"
162.158.238.104 - - [04/Aug/2019:15:42:11 +0000] "GET /destinations/jurandvor-krk HTTP/1.1" 200 3958 "-" "(info@domaincrawler.com; http://www.domaincrawler.com/cheapridetransfers.com)"
162.158.238.104 - - [04/Aug/2019:15:42:14 +0000] "GET /destinations/bilice HTTP/1.1" 200 3943 "-" "(info@domaincrawler.com; http://www.domaincrawler.com/cheapridetransfers.com)"
162.158.238.104 - - [04/Aug/2019:15:42:22 +0000] "GET /destinations/grohote-solta HTTP/1.1" 200 3970 "-" "(info@domaincrawler.com; http://www.domaincrawler.com/cheapridetransfers.com)"
108.162.229.6 - - [04/Aug/2019:15:42:25 +0000] "GET /hr/destinacije/okuklje-mljet HTTP/1.1" 200 4038 "-" "Mozilla/5.0 (compatible; AhrefsBot/6.1; +http://ahrefs.com/robot/)"
162.158.238.104 - - [04/Aug/2019:15:42:26 +0000] "GET /destinations/ist-ist HTTP/1.1" 200 3947 "-" "(info@domaincrawler.com; http://www.domaincrawler.com/cheapridetransfers.com)"
162.158.238.104 - - [04/Aug/2019:15:42:31 +0000] "GET /destinations/bjelovar HTTP/1.1" 200 3946 "-" "(info@domaincrawler.com; http://www.domaincrawler.com/cheapridetransfers.com)"
162.158.238.104 - - [04/Aug/2019:15:42:34 +0000] "GET /destinations/gornje-selo-solta HTTP/1.1" 200 3982 "-" "(info@domaincrawler.com; http://www.domaincrawler.com/cheapridetransfers.com)"
162.158.238.104 - - [04/Aug/2019:15:42:37 +0000] "GET /destinations/humac-hvar HTTP/1.1" 200 3955 "-" "(info@domaincrawler.com; http://www.domaincrawler.com/cheapridetransfers.com)"
162.158.238.104 - - [04/Aug/2019:15:42:40 +0000] "GET /destinations/ilovik-ilovik HTTP/1.1" 200 3953 "-" "(info@domaincrawler.com; http://www.domaincrawler.com/cheapridetransfers.com)"
162.158.238.104 - - [04/Aug/2019:15:42:45 +0000] "GET /destinations/lopar-rab HTTP/1.1" 200 3951 "-" "(info@domaincrawler.com; http://www.domaincrawler.com/cheapridetransfers.com)"
162.158.238.104 - - [04/Aug/2019:15:42:49 +0000] "GET /destinations/bibali HTTP/1.1" 200 3943 "-" "(info@domaincrawler.com; http://www.domaincrawler.com/cheapridetransfers.com)"
162.158.238.104 - - [04/Aug/2019:15:42:53 +0000] "GET /destinations/blatna-vas HTTP/1.1" 200 3951 "-" "(info@domaincrawler.com; http://www.domaincrawler.com/cheapridetransfers.com)"
162.158.238.104 - - [04/Aug/2019:15:42:56 +0000] "GET /destinations/bogdanovici HTTP/1.1" 200 3957 "-" "(info@domaincrawler.com; http://www.domaincrawler.com/cheapridetransfers.com)"
162.158.238.104 - - [04/Aug/2019:15:43:00 +0000] "GET /destinations/bonaci HTTP/1.1" 200 3943 "-" "(info@domaincrawler.com; http://www.domaincrawler.com/cheapridetransfers.com)"
162.158.238.104 - - [04/Aug/2019:15:43:03 +0000] "GET /destinations/beretinec HTTP/1.1" 200 3946 "-" "(info@domaincrawler.com; http://www.domaincrawler.com/cheapridetransfers.com)"
162.158.238.104 - - [04/Aug/2019:15:43:07 +0000] "GET /destinations/kukljica-ugljan HTTP/1.1" 200 3961 "-" "(info@domaincrawler.com; http://www.domaincrawler.com/cheapridetransfers.com)"
162.158.238.104 - - [04/Aug/2019:15:43:11 +0000] "GET /destinations/belaj HTTP/1.1" 200 3942 "-" "(info@domaincrawler.com; http://www.domaincrawler.com/cheapridetransfers.com)"
162.158.238.104 - - [04/Aug/2019:15:43:14 +0000] "GET /destinations/benkovac HTTP/1.1" 200 3946 "-" "(info@domaincrawler.com; http://www.domaincrawler.com/cheapridetransfers.com)"
162.158.238.104 - - [04/Aug/2019:15:43:17 +0000] "GET /destinations/bilisane HTTP/1.1" 200 3966 "-" "(info@domaincrawler.com; http://www.domaincrawler.com/cheapridetransfers.com)"
162.158.238.104 - - [04/Aug/2019:15:43:20 +0000] "GET /destinations/blizna-gornja HTTP/1.1" 200 3956 "-" "(info@domaincrawler.com; http://www.domaincrawler.com/cheapridetransfers.com)"
162.158.238.104 - - [04/Aug/2019:15:43:27 +0000] "GET /destinations/krk-krk HTTP/1.1" 200 3948 "-" "(info@domaincrawler.com; http://www.domaincrawler.com/cheapridetransfers.com)"
162.158.238.104 - - [04/Aug/2019:15:43:31 +0000] "GET /destinations/lakmartin-krk HTTP/1.1" 200 3956 "-" "(info@domaincrawler.com; http://www.domaincrawler.com/cheapridetransfers.com)"
162.158.238.104 - - [04/Aug/2019:15:43:37 +0000] "GET /destinations/lozisca-brac HTTP/1.1" 200 3988 "-" "(info@domaincrawler.com; http://www.domaincrawler.com/cheapridetransfers.com)"
162.158.238.104 - - [04/Aug/2019:15:43:40 +0000] "GET /destinations/bicine HTTP/1.1" 200 3949 "-" "(info@domaincrawler.com; http://www.domaincrawler.com/cheapridetransfers.com)"
162.158.238.104 - - [04/Aug/2019:15:43:44 +0000] "GET /destinations/gorica-pag HTTP/1.1" 200 3952 "-" "(info@domaincrawler.com; http://www.domaincrawler.com/cheapridetransfers.com)"
162.158.238.104 - - [04/Aug/2019:15:43:48 +0000] "GET /destinations/gornji-humac-brac HTTP/1.1" 200 3971 "-" "(info@domaincrawler.com; http://www.domaincrawler.com/cheapridetransfers.com)"
162.158.238.104 - - [04/Aug/2019:15:43:52 +0000] "GET /destinations/beli-manastir HTTP/1.1" 200 3970 "-" "(info@domaincrawler.com; http://www.domaincrawler.com/cheapridetransfers.com)"
162.158.238.104 - - [04/Aug/2019:15:43:55 +0000] "GET /destinations/bisevo HTTP/1.1" 200 3962 "-" "(info@domaincrawler.com; http://www.domaincrawler.com/cheapridetransfers.com)"
162.158.238.104 - - [04/Aug/2019:15:43:58 +0000] "GET /destinations/kolan-pag HTTP/1.1" 200 3952 "-" "(info@domaincrawler.com; http://www.domaincrawler.com/cheapridetransfers.com)"
162.158.238.104 - - [04/Aug/2019:15:44:02 +0000] "GET /destinations/biorine HTTP/1.1" 200 3943 "-" "(info@domaincrawler.com; http://www.domaincrawler.com/cheapridetransfers.com)"
162.158.238.104 - - [04/Aug/2019:15:44:04 +0000] "GET /destinations/bogdanovci HTTP/1.1" 200 3949 "-" "(info@domaincrawler.com; http://www.domaincrawler.com/cheapridetransfers.com)"
108.162.229.168 - - [04/Aug/2019:15:44:04 +0000] "GET /en/destinations/privlaka HTTP/1.1" 200 4010 "-" "Mozilla/5.0 (compatible; AhrefsBot/6.1; +http://ahrefs.com/robot/)"
162.158.238.104 - - [04/Aug/2019:15:44:07 +0000] "GET /destinations/kremenici-krk HTTP/1.1" 200 3964 "-" "(info@domaincrawler.com; http://www.domaincrawler.com/cheapridetransfers.com)"
162.158.238.104 - - [04/Aug/2019:15:44:11 +0000] "GET /destinations/govedari-mljet HTTP/1.1" 200 3965 "-" "(info@domaincrawler.com; http://www.domaincrawler.com/cheapridetransfers.com)"
162.158.238.104 - - [04/Aug/2019:15:44:14 +0000] "GET /destinations/begovo-razdolje HTTP/1.1" 200 3959 "-" "(info@domaincrawler.com; http://www.domaincrawler.com/cheapridetransfers.com)"
162.158.238.104 - - [04/Aug/2019:15:44:22 +0000] "GET /destinations/biljevine HTTP/1.1" 200 3946 "-" "(info@domaincrawler.com; http://www.domaincrawler.com/cheapridetransfers.com)"
162.158.238.104 - - [04/Aug/2019:15:44:27 +0000] "GET /destinations/blizna-donja HTTP/1.1" 200 3956 "-" "(info@domaincrawler.com; http://www.domaincrawler.com/cheapridetransfers.com)"
162.158.238.104 - - [04/Aug/2019:15:44:30 +0000] "GET /destinations/bokordici HTTP/1.1" 200 3954 "-" "(info@domaincrawler.com; http://www.domaincrawler.com/cheapridetransfers.com)"
162.158.238.104 - - [04/Aug/2019:15:44:35 +0000] "GET /destinations/bila-vlaka HTTP/1.1" 200 3950 "-" "(info@domaincrawler.com; http://www.domaincrawler.com/cheapridetransfers.com)"
162.158.238.104 - - [04/Aug/2019:15:44:42 +0000] "GET /destinations/biograd-na-moru HTTP/1.1" 200 4022 "-" "(info@domaincrawler.com; http://www.domaincrawler.com/cheapridetransfers.com)"
162.158.238.104 - - [04/Aug/2019:15:44:45 +0000] "GET /destinations/kornati-kornat HTTP/1.1" 200 3954 "-" "(info@domaincrawler.com; http://www.domaincrawler.com/cheapridetransfers.com)"
162.158.238.104 - - [04/Aug/2019:15:44:47 +0000] "GET /destinations/bertosi HTTP/1.1" 200 3962 "-" "(info@domaincrawler.com; http://www.domaincrawler.com/cheapridetransfers.com)"
162.158.238.104 - - [04/Aug/2019:15:44:49 +0000] "GET /destinations/bobodol HTTP/1.1" 200 3944 "-" "(info@domaincrawler.com; http://www.domaincrawler.com/cheapridetransfers.com)"
162.158.238.104 - - [04/Aug/2019:15:44:54 +0000] "GET /destinations/lumbarda-korcula HTTP/1.1" 200 3968 "-" "(info@domaincrawler.com; http://www.domaincrawler.com/cheapridetransfers.com)"
162.158.238.104 - - [04/Aug/2019:15:44:57 +0000] "GET /destinations/linardici-krk HTTP/1.1" 200 3964 "-" "(info@domaincrawler.com; http://www.domaincrawler.com/cheapridetransfers.com)"
162.158.238.104 - - [04/Aug/2019:15:45:02 +0000] "GET /destinations/bile HTTP/1.1" 200 3939 "-" "(info@domaincrawler.com; http://www.domaincrawler.com/cheapridetransfers.com)"
162.158.238.104 - - [04/Aug/2019:15:45:12 +0000] "GET /destinations/bjelopolje HTTP/1.1" 200 3948 "-" "(info@domaincrawler.com; http://www.domaincrawler.com/cheapridetransfers.com)"
108.162.241.4 - - [04/Aug/2019:15:45:14 +0000] "GET /hr/destinacije/ustrine-cres HTTP/1.1" 200 4035 "-" "Mozilla/5.0 (compatible; SemrushBot/3~bl; +http://www.semrush.com/bot.html)"
162.158.238.104 - - [04/Aug/2019:15:45:14 +0000] "GET /destinations/korcula-korcula HTTP/1.1" 200 3962 "-" "(info@domaincrawler.com; http://www.domaincrawler.com/cheapridetransfers.com)"
162.158.238.104 - - [04/Aug/2019:15:45:19 +0000] "GET /destinations/bisko HTTP/1.1" 200 3942 "-" "(info@domaincrawler.com; http://www.domaincrawler.com/cheapridetransfers.com)"
162.158.238.104 - - [04/Aug/2019:15:45:21 +0000] "GET /destinations/ljutici-krk HTTP/1.1" 200 3963 "-" "(info@domaincrawler.com; http://www.domaincrawler.com/cheapridetransfers.com)"
162.158.238.104 - - [04/Aug/2019:15:45:26 +0000] "GET /destinations/belisce HTTP/1.1" 200 3981 "-" "(info@domaincrawler.com; http://www.domaincrawler.com/cheapridetransfers.com)"
162.158.238.104 - - [04/Aug/2019:15:45:28 +0000] "GET /destinations/biokovsko-selo HTTP/1.1" 200 3958 "-" "(info@domaincrawler.com; http://www.domaincrawler.com/cheapridetransfers.com)"
162.158.238.104 - - [04/Aug/2019:15:45:31 +0000] "GET /destinations/loznati-cres HTTP/1.1" 200 3954 "-" "(info@domaincrawler.com; http://www.domaincrawler.com/cheapridetransfers.com)"
162.158.238.104 - - [04/Aug/2019:15:45:36 +0000] "GET /destinations/mala-rava-rava HTTP/1.1" 200 3958 "-" "(info@domaincrawler.com; http://www.domaincrawler.com/cheapridetransfers.com)"
162.158.238.104 - - [04/Aug/2019:15:45:40 +0000] "GET /destinations/kustici-pag HTTP/1.1" 200 4024 "-" "(info@domaincrawler.com; http://www.domaincrawler.com/cheapridetransfers.com)"
162.158.238.104 - - [04/Aug/2019:15:45:45 +0000] "GET /destinations/lun-pag HTTP/1.1" 200 4011 "-" "(info@domaincrawler.com; http://www.domaincrawler.com/cheapridetransfers.com)"
162.158.238.104 - - [04/Aug/2019:15:45:50 +0000] "GET /destinations/boljenovici HTTP/1.1" 200 3957 "-" "(info@domaincrawler.com; http://www.domaincrawler.com/cheapridetransfers.com)"
162.158.238.104 - - [04/Aug/2019:15:45:54 +0000] "GET /destinations/borak HTTP/1.1" 200 3942 "-" "(info@domaincrawler.com; http://www.domaincrawler.com/cheapridetransfers.com)"
162.158.238.104 - - [04/Aug/2019:15:45:58 +0000] "GET /destinations/benkovacko-selo HTTP/1.1" 200 3966 "-" "(info@domaincrawler.com; http://www.domaincrawler.com/cheapridetransfers.com)"
162.158.238.104 - - [04/Aug/2019:15:46:00 +0000] "GET /destinations/bogatic HTTP/1.1" 200 3951 "-" "(info@domaincrawler.com; http://www.domaincrawler.com/cheapridetransfers.com)"
162.158.238.104 - - [04/Aug/2019:15:46:04 +0000] "GET /destinations/kraj-pasman HTTP/1.1" 200 3972 "-" "(info@domaincrawler.com; http://www.domaincrawler.com/cheapridetransfers.com)"
162.158.238.104 - - [04/Aug/2019:15:46:07 +0000] "GET /destinations/lubenice-cres HTTP/1.1" 200 3956 "-" "(info@domaincrawler.com; http://www.domaincrawler.com/cheapridetransfers.com)"
162.158.238.104 - - [04/Aug/2019:15:46:13 +0000] "GET /destinations/luka-dugi-otok HTTP/1.1" 200 3960 "-" "(info@domaincrawler.com; http://www.domaincrawler.com/cheapridetransfers.com)"
162.158.238.104 - - [04/Aug/2019:15:46:15 +0000] "GET /destinations/gornji-brgat HTTP/1.1" 200 3955 "-" "(info@domaincrawler.com; http://www.domaincrawler.com/cheapridetransfers.com)"
162.158.238.104 - - [04/Aug/2019:15:46:21 +0000] "GET /destinations/gracisce HTTP/1.1" 200 3974 "-" "(info@domaincrawler.com; http://www.domaincrawler.com/cheapridetransfers.com)"
162.158.238.104 - - [04/Aug/2019:15:46:24 +0000] "GET /destinations/gradac HTTP/1.1" 200 4511 "-" "(info@domaincrawler.com; http://www.domaincrawler.com/cheapridetransfers.com)"
162.158.238.104 - - [04/Aug/2019:15:46:29 +0000] "GET /destinations?page=10 HTTP/1.1" 200 5235 "-" "(info@domaincrawler.com; http://www.domaincrawler.com/cheapridetransfers.com)"
162.158.238.104 - - [04/Aug/2019:15:46:30 +0000] "GET /destinations/golubic HTTP/1.1" 200 3951 "-" "(info@domaincrawler.com; http://www.domaincrawler.com/cheapridetransfers.com)"
162.158.238.104 - - [04/Aug/2019:15:46:35 +0000] "GET /destinations/gornji-karin HTTP/1.1" 200 4018 "-" "(info@domaincrawler.com; http://www.domaincrawler.com/cheapridetransfers.com)"
162.158.238.104 - - [04/Aug/2019:15:46:40 +0000] "GET /destinations/gornji-vaganac HTTP/1.1" 200 3957 "-" "(info@domaincrawler.com; http://www.domaincrawler.com/cheapridetransfers.com)"
162.158.238.104 - - [04/Aug/2019:15:46:42 +0000] "GET /destinations/gornja-suvaja HTTP/1.1" 200 3956 "-" "(info@domaincrawler.com; http://www.domaincrawler.com/cheapridetransfers.com)"
162.158.238.104 - - [04/Aug/2019:15:46:47 +0000] "GET /destinations/gornje-rastane HTTP/1.1" 200 3974 "-" "(info@domaincrawler.com; http://www.domaincrawler.com/cheapridetransfers.com)"
162.158.238.104 - - [04/Aug/2019:15:46:50 +0000] "GET /destinations/gornji-kosinj HTTP/1.1" 200 3956 "-" "(info@domaincrawler.com; http://www.domaincrawler.com/cheapridetransfers.com)"
162.158.238.104 - - [04/Aug/2019:15:46:52 +0000] "GET /destinations/grabrova HTTP/1.1" 200 3943 "-" "(info@domaincrawler.com; http://www.domaincrawler.com/cheapridetransfers.com)"
162.158.238.104 - - [04/Aug/2019:15:46:58 +0000] "GET /destinations/gornji-bogicevci HTTP/1.1" 200 3967 "-" "(info@domaincrawler.com; http://www.domaincrawler.com/cheapridetransfers.com)"
162.158.238.104 - - [04/Aug/2019:15:47:00 +0000] "GET /destinations/gradina HTTP/1.1" 200 3942 "-" "(info@domaincrawler.com; http://www.domaincrawler.com/cheapridetransfers.com)"
162.158.238.104 - - [04/Aug/2019:15:47:08 +0000] "GET /destinations/glogovo HTTP/1.1" 200 3943 "-" "(info@domaincrawler.com; http://www.domaincrawler.com/cheapridetransfers.com)"
162.158.238.104 - - [04/Aug/2019:15:47:12 +0000] "GET /destinations/gorican HTTP/1.1" 200 3952 "-" "(info@domaincrawler.com; http://www.domaincrawler.com/cheapridetransfers.com)"
162.158.238.104 - - [04/Aug/2019:15:47:15 +0000] "GET /destinations/gornje-ceranje HTTP/1.1" 200 3956 "-" "(info@domaincrawler.com; http://www.domaincrawler.com/cheapridetransfers.com)"
162.158.238.104 - - [04/Aug/2019:15:47:18 +0000] "GET /destinations/fericanci HTTP/1.1" 200 3954 "-" "(info@domaincrawler.com; http://www.domaincrawler.com/cheapridetransfers.com)"
162.158.238.104 - - [04/Aug/2019:15:47:22 +0000] "GET /destinations/galovac HTTP/1.1" 200 3944 "-" "(info@domaincrawler.com; http://www.domaincrawler.com/cheapridetransfers.com)"
162.158.238.104 - - [04/Aug/2019:15:47:25 +0000] "GET /destinations/gacelezi HTTP/1.1" 200 3953 "-" "(info@domaincrawler.com; http://www.domaincrawler.com/cheapridetransfers.com)"
162.158.238.104 - - [04/Aug/2019:15:47:30 +0000] "GET /destinations/gola HTTP/1.1" 200 3940 "-" "(info@domaincrawler.com; http://www.domaincrawler.com/cheapridetransfers.com)"
162.158.238.104 - - [04/Aug/2019:15:47:32 +0000] "GET /destinations/gornja-jagodnja HTTP/1.1" 200 3958 "-" "(info@domaincrawler.com; http://www.domaincrawler.com/cheapridetransfers.com)"
172.68.222.44 - - [04/Aug/2019:15:47:35 +0000] "GET /taxi HTTP/1.1" 200 4592 "https://www.google.si/" "Mozilla/5.0 (Linux; Android 7.0; PRA-LX1) AppleWebKit/537.36 (KHTML, like Gecko) Chrome/76.0.3809.89 Mobile Safari/537.36"
162.158.238.104 - - [04/Aug/2019:15:47:35 +0000] "GET /destinations/gornje-igrane HTTP/1.1" 200 3955 "-" "(info@domaincrawler.com; http://www.domaincrawler.com/cheapridetransfers.com)"
172.68.222.44 - - [04/Aug/2019:15:47:37 +0000] "GET /site.webmanifest HTTP/1.1" 200 426 "https://www.cheapridetransfers.com/taxi" "Mozilla/5.0 (Linux; Android 7.0; PRA-LX1) AppleWebKit/537.36 (KHTML, like Gecko) Chrome/76.0.3809.89 Mobile Safari/537.36"
162.158.238.104 - - [04/Aug/2019:15:47:39 +0000] "GET /destinations/gornji-lapac HTTP/1.1" 200 3954 "-" "(info@domaincrawler.com; http://www.domaincrawler.com/cheapridetransfers.com)"
162.158.238.104 - - [04/Aug/2019:15:47:42 +0000] "GET /destinations/gornji-strbci HTTP/1.1" 200 3972 "-" "(info@domaincrawler.com; http://www.domaincrawler.com/cheapridetransfers.com)"
162.158.238.104 - - [04/Aug/2019:15:47:44 +0000] "GET /destinations/gorjani HTTP/1.1" 200 3944 "-" "(info@domaincrawler.com; http://www.domaincrawler.com/cheapridetransfers.com)"
172.68.222.44 - - [04/Aug/2019:15:47:47 +0000] "POST /startlocation HTTP/1.1" 200 2 "https://www.cheapridetransfers.com/taxi" "Mozilla/5.0 (Linux; Android 7.0; PRA-LX1) AppleWebKit/537.36 (KHTML, like Gecko) Chrome/76.0.3809.89 Mobile Safari/537.36"
172.68.222.44 - - [04/Aug/2019:15:47:49 +0000] "POST /startlocation HTTP/1.1" 200 35 "https://www.cheapridetransfers.com/taxi" "Mozilla/5.0 (Linux; Android 7.0; PRA-LX1) AppleWebKit/537.36 (KHTML, like Gecko) Chrome/76.0.3809.89 Mobile Safari/537.36"
162.158.238.104 - - [04/Aug/2019:15:47:48 +0000] "GET /destinations/gornje-planjane HTTP/1.1" 200 3958 "-" "(info@domaincrawler.com; http://www.domaincrawler.com/cheapridetransfers.com)"
162.158.238.104 - - [04/Aug/2019:15:47:51 +0000] "GET /destinations/gornji-babin-potok HTTP/1.1" 200 3965 "-" "(info@domaincrawler.com; http://www.domaincrawler.com/cheapridetransfers.com)"
162.158.238.104 - - [04/Aug/2019:15:47:56 +0000] "GET /destinations/gornji-kneginec HTTP/1.1" 200 3959 "-" "(info@domaincrawler.com; http://www.domaincrawler.com/cheapridetransfers.com)"
172.68.222.44 - - [04/Aug/2019:15:48:00 +0000] "POST /endlocation HTTP/1.1" 200 2 "https://www.cheapridetransfers.com/taxi" "Mozilla/5.0 (Linux; Android 7.0; PRA-LX1) AppleWebKit/537.36 (KHTML, like Gecko) Chrome/76.0.3809.89 Mobile Safari/537.36"
162.158.238.104 - - [04/Aug/2019:15:48:00 +0000] "GET /destinations/glina HTTP/1.1" 200 3940 "-" "(info@domaincrawler.com; http://www.domaincrawler.com/cheapridetransfers.com)"
172.68.222.44 - - [04/Aug/2019:15:48:01 +0000] "POST /endlocation HTTP/1.1" 200 79 "https://www.cheapridetransfers.com/taxi" "Mozilla/5.0 (Linux; Android 7.0; PRA-LX1) AppleWebKit/537.36 (KHTML, like Gecko) Chrome/76.0.3809.89 Mobile Safari/537.36"
162.158.238.104 - - [04/Aug/2019:15:48:06 +0000] "GET /destinations/gracac HTTP/1.1" 200 3949 "-" "(info@domaincrawler.com; http://www.domaincrawler.com/cheapridetransfers.com)"
162.158.238.104 - - [04/Aug/2019:15:48:09 +0000] "GET /destinations/gornje-vrhovine HTTP/1.1" 200 3957 "-" "(info@domaincrawler.com; http://www.domaincrawler.com/cheapridetransfers.com)"
162.158.238.104 - - [04/Aug/2019:15:48:12 +0000] "GET /destinations/gornji-mihaljevec HTTP/1.1" 200 3960 "-" "(info@domaincrawler.com; http://www.domaincrawler.com/cheapridetransfers.com)"
172.68.222.44 - - [04/Aug/2019:15:48:15 +0000] "GET /search?start_location=Tu%C4%8Depi&end_location=Makarska&date=04.08.2019 HTTP/1.1" 302 500 "https://www.cheapridetransfers.com/taxi" "Mozilla/5.0 (Linux; Android 7.0; PRA-LX1) AppleWebKit/537.36 (KHTML, like Gecko) Chrome/76.0.3809.89 Mobile Safari/537.36"
172.68.222.44 - - [04/Aug/2019:15:48:15 +0000] "GET /taxi-transfer/tucepi/makarska HTTP/1.1" 200 7570 "https://www.cheapridetransfers.com/taxi" "Mozilla/5.0 (Linux; Android 7.0; PRA-LX1) AppleWebKit/537.36 (KHTML, like Gecko) Chrome/76.0.3809.89 Mobile Safari/537.36"
162.158.238.104 - - [04/Aug/2019:15:48:17 +0000] "GET /destinations/gornji-zagon HTTP/1.1" 200 3955 "-" "(info@domaincrawler.com; http://www.domaincrawler.com/cheapridetransfers.com)"
162.158.238.104 - - [04/Aug/2019:15:48:20 +0000] "GET /destinations/gospic HTTP/1.1" 200 3965 "-" "(info@domaincrawler.com; http://www.domaincrawler.com/cheapridetransfers.com)"
162.158.238.104 - - [04/Aug/2019:15:48:24 +0000] "GET /destinations/grabusic HTTP/1.1" 200 3970 "-" "(info@domaincrawler.com; http://www.domaincrawler.com/cheapridetransfers.com)"
162.158.238.104 - - [04/Aug/2019:15:48:27 +0000] "GET /destinations/goris HTTP/1.1" 200 3958 "-" "(info@domaincrawler.com; http://www.domaincrawler.com/cheapridetransfers.com)"
162.158.238.104 - - [04/Aug/2019:15:48:31 +0000] "GET /destinations/garesnica HTTP/1.1" 200 3966 "-" "(info@domaincrawler.com; http://www.domaincrawler.com/cheapridetransfers.com)"
162.158.238.104 - - [04/Aug/2019:15:48:36 +0000] "GET /destinations/generalski-stol HTTP/1.1" 200 3957 "-" "(info@domaincrawler.com; http://www.domaincrawler.com/cheapridetransfers.com)"
162.158.238.104 - - [04/Aug/2019:15:48:39 +0000] "GET /destinations/ferdinandovac HTTP/1.1" 200 3951 "-" "(info@domaincrawler.com; http://www.domaincrawler.com/cheapridetransfers.com)"
162.158.238.104 - - [04/Aug/2019:15:48:43 +0000] "GET /destinations/gabrili HTTP/1.1" 200 3943 "-" "(info@domaincrawler.com; http://www.domaincrawler.com/cheapridetransfers.com)"
162.158.238.104 - - [04/Aug/2019:15:48:48 +0000] "GET /destinations/gornja-vrba HTTP/1.1" 200 3954 "-" "(info@domaincrawler.com; http://www.domaincrawler.com/cheapridetransfers.com)"
162.158.238.104 - - [04/Aug/2019:15:48:52 +0000] "GET /destinations/gorica-sukosan HTTP/1.1" 200 3977 "-" "(info@domaincrawler.com; http://www.domaincrawler.com/cheapridetransfers.com)"
162.158.238.104 - - [04/Aug/2019:15:48:55 +0000] "GET /destinations/gornja-rijeka HTTP/1.1" 200 3956 "-" "(info@domaincrawler.com; http://www.domaincrawler.com/cheapridetransfers.com)"
162.158.238.104 - - [04/Aug/2019:15:48:59 +0000] "GET /destinations/funtana HTTP/1.1" 200 3943 "-" "(info@domaincrawler.com; http://www.domaincrawler.com/cheapridetransfers.com)"
162.158.238.104 - - [04/Aug/2019:15:49:04 +0000] "GET /destinations/gornja-stubica HTTP/1.1" 200 3957 "-" "(info@domaincrawler.com; http://www.domaincrawler.com/cheapridetransfers.com)"
162.158.238.104 - - [04/Aug/2019:15:49:08 +0000] "GET /destinations/gornja-ploca HTTP/1.1" 200 3962 "-" "(info@domaincrawler.com; http://www.domaincrawler.com/cheapridetransfers.com)"
162.158.238.104 - - [04/Aug/2019:15:49:12 +0000] "GET /destinations/gornje-biljane HTTP/1.1" 200 3957 "-" "(info@domaincrawler.com; http://www.domaincrawler.com/cheapridetransfers.com)"
162.158.238.104 - - [04/Aug/2019:15:49:15 +0000] "GET /destinations?page=9 HTTP/1.1" 200 5171 "-" "(info@domaincrawler.com; http://www.domaincrawler.com/cheapridetransfers.com)"
162.158.238.104 - - [04/Aug/2019:15:49:19 +0000] "GET /destinations/grabovci-vodice HTTP/1.1" 200 3959 "-" "(info@domaincrawler.com; http://www.domaincrawler.com/cheapridetransfers.com)"
162.158.238.104 - - [04/Aug/2019:15:49:21 +0000] "GET /destinations/fuzine HTTP/1.1" 200 3949 "-" "(info@domaincrawler.com; http://www.domaincrawler.com/cheapridetransfers.com)"
162.158.238.104 - - [04/Aug/2019:15:49:24 +0000] "GET /destinations/golovik HTTP/1.1" 200 3944 "-" "(info@domaincrawler.com; http://www.domaincrawler.com/cheapridetransfers.com)"
162.158.238.104 - - [04/Aug/2019:15:49:28 +0000] "GET /destinations/gornja-brela HTTP/1.1" 200 4015 "-" "(info@domaincrawler.com; http://www.domaincrawler.com/cheapridetransfers.com)"
162.158.238.104 - - [04/Aug/2019:15:49:32 +0000] "GET /taxi-transfer/rijeka-airport/zadar HTTP/1.1" 200 7951 "-" "(info@domaincrawler.com; http://www.domaincrawler.com/cheapridetransfers.com)"
162.158.238.104 - - [04/Aug/2019:15:49:33 +0000] "GET /taxi-transfer/rijeka-airport/opatija HTTP/1.1" 200 7941 "-" "(info@domaincrawler.com; http://www.domaincrawler.com/cheapridetransfers.com)"
162.158.238.104 - - [04/Aug/2019:15:49:36 +0000] "GET /taxi-transfer/rijeka-airport/zagreb HTTP/1.1" 200 7953 "-" "(info@domaincrawler.com; http://www.domaincrawler.com/cheapridetransfers.com)"
162.158.238.104 - - [04/Aug/2019:15:49:38 +0000] "GET /taxi-transfer/rijeka-airport/split HTTP/1.1" 200 7956 "-" "(info@domaincrawler.com; http://www.domaincrawler.com/cheapridetransfers.com)"
