162.158.183.21 - - [15/Aug/2019:13:58:08 +0000] "GET /destinations/zaluznica HTTP/1.1" 200 3957 "-" "(info@domaincrawler.com; http://www.domaincrawler.com/cheapridetransfers.com)"
172.68.182.38 - - [15/Aug/2019:13:58:11 +0000] "GET /destinations/zelengrad HTTP/1.1" 200 3948 "-" "(info@domaincrawler.com; http://www.domaincrawler.com/cheapridetransfers.com)"
162.158.183.21 - - [15/Aug/2019:13:58:15 +0000] "GET /destinations/zdenci HTTP/1.1" 200 3944 "-" "(info@domaincrawler.com; http://www.domaincrawler.com/cheapridetransfers.com)"
162.158.183.93 - - [15/Aug/2019:13:58:18 +0000] "GET /destinations/zagore HTTP/1.1" 200 3945 "-" "(info@domaincrawler.com; http://www.domaincrawler.com/cheapridetransfers.com)"
172.68.182.170 - - [15/Aug/2019:13:58:21 +0000] "GET /destinations/zemunik-donji HTTP/1.1" 200 3957 "-" "(info@domaincrawler.com; http://www.domaincrawler.com/cheapridetransfers.com)"
172.68.182.38 - - [15/Aug/2019:13:58:24 +0000] "GET /destinations?page=16 HTTP/1.1" 200 5183 "-" "(info@domaincrawler.com; http://www.domaincrawler.com/cheapridetransfers.com)"
162.158.183.75 - - [15/Aug/2019:13:58:25 +0000] "GET /destinations/zadar HTTP/1.1" 200 5546 "-" "(info@domaincrawler.com; http://www.domaincrawler.com/cheapridetransfers.com)"
172.68.182.38 - - [15/Aug/2019:13:58:28 +0000] "GET /destinations/zitnic HTTP/1.1" 200 3955 "-" "(info@domaincrawler.com; http://www.domaincrawler.com/cheapridetransfers.com)"
172.68.182.38 - - [15/Aug/2019:13:58:32 +0000] "GET /destinations/zaton-obrovacki HTTP/1.1" 200 3968 "-" "(info@domaincrawler.com; http://www.domaincrawler.com/cheapridetransfers.com)"
162.158.183.21 - - [15/Aug/2019:13:58:35 +0000] "GET /destinations/zezevica HTTP/1.1" 200 3955 "-" "(info@domaincrawler.com; http://www.domaincrawler.com/cheapridetransfers.com)"
172.68.182.38 - - [15/Aug/2019:13:58:38 +0000] "GET /destinations/zabok HTTP/1.1" 200 3942 "-" "(info@domaincrawler.com; http://www.domaincrawler.com/cheapridetransfers.com)"
172.68.182.206 - - [15/Aug/2019:13:58:43 +0000] "GET /destinations/zatoglav HTTP/1.1" 200 3945 "-" "(info@domaincrawler.com; http://www.domaincrawler.com/cheapridetransfers.com)"
172.68.182.38 - - [15/Aug/2019:13:58:45 +0000] "GET /destinations/zavojane HTTP/1.1" 200 4010 "-" "(info@domaincrawler.com; http://www.domaincrawler.com/cheapridetransfers.com)"
162.158.183.75 - - [15/Aug/2019:13:58:52 +0000] "GET /destinations/vukovar HTTP/1.1" 200 3944 "-" "(info@domaincrawler.com; http://www.domaincrawler.com/cheapridetransfers.com)"
162.158.183.21 - - [15/Aug/2019:13:58:55 +0000] "GET /destinations/zmijavci HTTP/1.1" 200 4010 "-" "(info@domaincrawler.com; http://www.domaincrawler.com/cheapridetransfers.com)"
172.68.182.170 - - [15/Aug/2019:13:58:58 +0000] "GET /destinations/zaton-nin HTTP/1.1" 200 4016 "-" "(info@domaincrawler.com; http://www.domaincrawler.com/cheapridetransfers.com)"
162.158.183.27 - - [15/Aug/2019:13:59:01 +0000] "GET /destinations/zlobin HTTP/1.1" 200 3944 "-" "(info@domaincrawler.com; http://www.domaincrawler.com/cheapridetransfers.com)"
162.158.183.27 - - [15/Aug/2019:13:59:04 +0000] "GET /destinations?page=14 HTTP/1.1" 200 5169 "-" "(info@domaincrawler.com; http://www.domaincrawler.com/cheapridetransfers.com)"
162.158.183.121 - - [15/Aug/2019:13:59:06 +0000] "GET /destinations/zakucac-omis HTTP/1.1" 200 3980 "-" "(info@domaincrawler.com; http://www.domaincrawler.com/cheapridetransfers.com)"
162.158.183.121 - - [15/Aug/2019:13:59:09 +0000] "GET /destinations/zecevo-rogoznicko HTTP/1.1" 200 3973 "-" "(info@domaincrawler.com; http://www.domaincrawler.com/cheapridetransfers.com)"
172.68.182.38 - - [15/Aug/2019:13:59:11 +0000] "GET /destinations?page=17 HTTP/1.1" 200 5221 "-" "(info@domaincrawler.com; http://www.domaincrawler.com/cheapridetransfers.com)"
172.68.182.170 - - [15/Aug/2019:13:59:14 +0000] "GET /destinations/zagreb HTTP/1.1" 200 4260 "-" "(info@domaincrawler.com; http://www.domaincrawler.com/cheapridetransfers.com)"
172.68.182.206 - - [15/Aug/2019:13:59:17 +0000] "GET /destinations/vuksic HTTP/1.1" 200 3969 "-" "(info@domaincrawler.com; http://www.domaincrawler.com/cheapridetransfers.com)"
162.158.183.93 - - [15/Aug/2019:13:59:20 +0000] "GET /destinations/zupanja HTTP/1.1" 200 3966 "-" "(info@domaincrawler.com; http://www.domaincrawler.com/cheapridetransfers.com)"
162.158.183.21 - - [15/Aug/2019:13:59:22 +0000] "GET /destinations?page=15 HTTP/1.1" 200 5191 "-" "(info@domaincrawler.com; http://www.domaincrawler.com/cheapridetransfers.com)"
162.158.183.75 - - [15/Aug/2019:13:59:24 +0000] "GET /destinations/zaton-sibenik HTTP/1.1" 200 3977 "-" "(info@domaincrawler.com; http://www.domaincrawler.com/cheapridetransfers.com)"
162.158.183.75 - - [15/Aug/2019:13:59:28 +0000] "GET /destinations?page=18 HTTP/1.1" 200 5286 "-" "(info@domaincrawler.com; http://www.domaincrawler.com/cheapridetransfers.com)"
162.158.183.21 - - [15/Aug/2019:13:59:34 +0000] "GET /destinations/zagrad-benkovac HTTP/1.1" 200 3962 "-" "(info@domaincrawler.com; http://www.domaincrawler.com/cheapridetransfers.com)"
162.158.183.27 - - [15/Aug/2019:13:59:36 +0000] "GET /destinations/zapuzane HTTP/1.1" 200 3956 "-" "(info@domaincrawler.com; http://www.domaincrawler.com/cheapridetransfers.com)"
172.68.182.206 - - [15/Aug/2019:13:59:40 +0000] "GET /destinations/zaboric HTTP/1.1" 200 4018 "-" "(info@domaincrawler.com; http://www.domaincrawler.com/cheapridetransfers.com)"
162.158.183.27 - - [15/Aug/2019:13:59:42 +0000] "GET /destinations/zagorska-sela HTTP/1.1" 200 3955 "-" "(info@domaincrawler.com; http://www.domaincrawler.com/cheapridetransfers.com)"
162.158.183.75 - - [15/Aug/2019:13:59:45 +0000] "GET /destinations/zapresic HTTP/1.1" 200 3972 "-" "(info@domaincrawler.com; http://www.domaincrawler.com/cheapridetransfers.com)"
162.158.183.121 - - [15/Aug/2019:13:59:48 +0000] "GET /destinations/zaton-doli HTTP/1.1" 200 3952 "-" "(info@domaincrawler.com; http://www.domaincrawler.com/cheapridetransfers.com)"
162.158.183.75 - - [15/Aug/2019:13:59:51 +0000] "GET /destinations/zaostrog HTTP/1.1" 200 4436 "-" "(info@domaincrawler.com; http://www.domaincrawler.com/cheapridetransfers.com)"
172.68.182.170 - - [15/Aug/2019:13:59:53 +0000] "GET /destinations/zemunik-gornji HTTP/1.1" 200 3958 "-" "(info@domaincrawler.com; http://www.domaincrawler.com/cheapridetransfers.com)"
162.158.183.27 - - [15/Aug/2019:13:59:58 +0000] "GET /destinations/zagvozd HTTP/1.1" 200 4009 "-" "(info@domaincrawler.com; http://www.domaincrawler.com/cheapridetransfers.com)"
172.68.182.38 - - [15/Aug/2019:14:00:03 +0000] "GET /destinations/zminj HTTP/1.1" 200 3949 "-" "(info@domaincrawler.com; http://www.domaincrawler.com/cheapridetransfers.com)"
172.68.182.170 - - [15/Aug/2019:14:00:06 +0000] "GET /destinations/zlatar HTTP/1.1" 200 3944 "-" "(info@domaincrawler.com; http://www.domaincrawler.com/cheapridetransfers.com)"
172.68.182.38 - - [15/Aug/2019:14:00:09 +0000] "GET /destinations/zastenice HTTP/1.1" 200 3948 "-" "(info@domaincrawler.com; http://www.domaincrawler.com/cheapridetransfers.com)"
162.158.183.27 - - [15/Aug/2019:14:00:12 +0000] "GET /destinations/zenica-bih HTTP/1.1" 200 3958 "-" "(info@domaincrawler.com; http://www.domaincrawler.com/cheapridetransfers.com)"
172.68.51.206 - - [15/Aug/2019:14:00:12 +0000] "GET /hr/destinacije/varazdinske-toplice HTTP/1.1" 200 4046 "https://www.google.com/" "Mozilla/5.0 (Linux; Android 7.0; SM-G920F) AppleWebKit/537.36 (KHTML, like Gecko) Chrome/76.0.3809.111 Mobile Safari/537.36"
172.68.50.110 - - [15/Aug/2019:14:00:14 +0000] "GET /font/icon_set_1.woff?55361665 HTTP/1.1" 200 41852 "https://www.cheapridetransfers.com/css/all.css?v=20" "Mozilla/5.0 (Linux; Android 7.0; SM-G920F) AppleWebKit/537.36 (KHTML, like Gecko) Chrome/76.0.3809.111 Mobile Safari/537.36"
172.68.51.38 - - [15/Aug/2019:14:00:15 +0000] "GET /site.webmanifest HTTP/1.1" 200 426 "https://www.cheapridetransfers.com/hr/destinacije/varazdinske-toplice" "Mozilla/5.0 (Linux; Android 7.0; SM-G920F) AppleWebKit/537.36 (KHTML, like Gecko) Chrome/76.0.3809.111 Mobile Safari/537.36"
162.158.183.121 - - [15/Aug/2019:14:00:15 +0000] "GET /destinations/zumberak HTTP/1.1" 200 3952 "-" "(info@domaincrawler.com; http://www.domaincrawler.com/cheapridetransfers.com)"
172.68.182.170 - - [15/Aug/2019:14:00:20 +0000] "GET /destinations?page=19 HTTP/1.1" 200 5327 "-" "(info@domaincrawler.com; http://www.domaincrawler.com/cheapridetransfers.com)"
162.158.183.27 - - [15/Aug/2019:14:00:21 +0000] "GET /destinations?page=20 HTTP/1.1" 200 5308 "-" "(info@domaincrawler.com; http://www.domaincrawler.com/cheapridetransfers.com)"
172.68.51.206 - - [15/Aug/2019:14:00:23 +0000] "POST /startlocation HTTP/1.1" 200 90 "https://www.cheapridetransfers.com/hr/destinacije/varazdinske-toplice" "Mozilla/5.0 (Linux; Android 7.0; SM-G920F) AppleWebKit/537.36 (KHTML, like Gecko) Chrome/76.0.3809.111 Mobile Safari/537.36"
172.68.51.206 - - [15/Aug/2019:14:00:24 +0000] "POST /startlocation HTTP/1.1" 200 90 "https://www.cheapridetransfers.com/hr/destinacije/varazdinske-toplice" "Mozilla/5.0 (Linux; Android 7.0; SM-G920F) AppleWebKit/537.36 (KHTML, like Gecko) Chrome/76.0.3809.111 Mobile Safari/537.36"
172.68.51.206 - - [15/Aug/2019:14:00:24 +0000] "POST /startlocation HTTP/1.1" 200 90 "https://www.cheapridetransfers.com/hr/destinacije/varazdinske-toplice" "Mozilla/5.0 (Linux; Android 7.0; SM-G920F) AppleWebKit/537.36 (KHTML, like Gecko) Chrome/76.0.3809.111 Mobile Safari/537.36"
162.158.183.93 - - [15/Aug/2019:14:00:23 +0000] "GET /destinations/zadvarje HTTP/1.1" 200 3947 "-" "(info@domaincrawler.com; http://www.domaincrawler.com/cheapridetransfers.com)"
172.68.51.206 - - [15/Aug/2019:14:00:25 +0000] "POST /startlocation HTTP/1.1" 200 90 "https://www.cheapridetransfers.com/hr/destinacije/varazdinske-toplice" "Mozilla/5.0 (Linux; Android 7.0; SM-G920F) AppleWebKit/537.36 (KHTML, like Gecko) Chrome/76.0.3809.111 Mobile Safari/537.36"
172.68.51.206 - - [15/Aug/2019:14:00:25 +0000] "POST /startlocation HTTP/1.1" 200 90 "https://www.cheapridetransfers.com/hr/destinacije/varazdinske-toplice" "Mozilla/5.0 (Linux; Android 7.0; SM-G920F) AppleWebKit/537.36 (KHTML, like Gecko) Chrome/76.0.3809.111 Mobile Safari/537.36"
172.68.51.206 - - [15/Aug/2019:14:00:26 +0000] "POST /startlocation HTTP/1.1" 200 51 "https://www.cheapridetransfers.com/hr/destinacije/varazdinske-toplice" "Mozilla/5.0 (Linux; Android 7.0; SM-G920F) AppleWebKit/537.36 (KHTML, like Gecko) Chrome/76.0.3809.111 Mobile Safari/537.36"
172.68.51.206 - - [15/Aug/2019:14:00:26 +0000] "POST /startlocation HTTP/1.1" 200 2 "https://www.cheapridetransfers.com/hr/destinacije/varazdinske-toplice" "Mozilla/5.0 (Linux; Android 7.0; SM-G920F) AppleWebKit/537.36 (KHTML, like Gecko) Chrome/76.0.3809.111 Mobile Safari/537.36"
172.68.51.206 - - [15/Aug/2019:14:00:27 +0000] "POST /startlocation HTTP/1.1" 200 2 "https://www.cheapridetransfers.com/hr/destinacije/varazdinske-toplice" "Mozilla/5.0 (Linux; Android 7.0; SM-G920F) AppleWebKit/537.36 (KHTML, like Gecko) Chrome/76.0.3809.111 Mobile Safari/537.36"
172.68.182.170 - - [15/Aug/2019:14:00:26 +0000] "GET /destinations/zivogosce HTTP/1.1" 200 4580 "-" "(info@domaincrawler.com; http://www.domaincrawler.com/cheapridetransfers.com)"
172.68.51.206 - - [15/Aug/2019:14:00:28 +0000] "POST /startlocation HTTP/1.1" 200 2 "https://www.cheapridetransfers.com/hr/destinacije/varazdinske-toplice" "Mozilla/5.0 (Linux; Android 7.0; SM-G920F) AppleWebKit/537.36 (KHTML, like Gecko) Chrome/76.0.3809.111 Mobile Safari/537.36"
172.68.51.206 - - [15/Aug/2019:14:00:28 +0000] "POST /startlocation HTTP/1.1" 200 2 "https://www.cheapridetransfers.com/hr/destinacije/varazdinske-toplice" "Mozilla/5.0 (Linux; Android 7.0; SM-G920F) AppleWebKit/537.36 (KHTML, like Gecko) Chrome/76.0.3809.111 Mobile Safari/537.36"
172.68.51.206 - - [15/Aug/2019:14:00:29 +0000] "POST /startlocation HTTP/1.1" 200 2 "https://www.cheapridetransfers.com/hr/destinacije/varazdinske-toplice" "Mozilla/5.0 (Linux; Android 7.0; SM-G920F) AppleWebKit/537.36 (KHTML, like Gecko) Chrome/76.0.3809.111 Mobile Safari/537.36"
172.68.51.206 - - [15/Aug/2019:14:00:30 +0000] "POST /startlocation HTTP/1.1" 200 2 "https://www.cheapridetransfers.com/hr/destinacije/varazdinske-toplice" "Mozilla/5.0 (Linux; Android 7.0; SM-G920F) AppleWebKit/537.36 (KHTML, like Gecko) Chrome/76.0.3809.111 Mobile Safari/537.36"
172.68.51.206 - - [15/Aug/2019:14:00:30 +0000] "POST /startlocation HTTP/1.1" 200 2 "https://www.cheapridetransfers.com/hr/destinacije/varazdinske-toplice" "Mozilla/5.0 (Linux; Android 7.0; SM-G920F) AppleWebKit/537.36 (KHTML, like Gecko) Chrome/76.0.3809.111 Mobile Safari/537.36"
172.68.51.206 - - [15/Aug/2019:14:00:31 +0000] "POST /startlocation HTTP/1.1" 200 2 "https://www.cheapridetransfers.com/hr/destinacije/varazdinske-toplice" "Mozilla/5.0 (Linux; Android 7.0; SM-G920F) AppleWebKit/537.36 (KHTML, like Gecko) Chrome/76.0.3809.111 Mobile Safari/537.36"
172.68.51.206 - - [15/Aug/2019:14:00:31 +0000] "POST /startlocation HTTP/1.1" 200 2 "https://www.cheapridetransfers.com/hr/destinacije/varazdinske-toplice" "Mozilla/5.0 (Linux; Android 7.0; SM-G920F) AppleWebKit/537.36 (KHTML, like Gecko) Chrome/76.0.3809.111 Mobile Safari/537.36"
172.68.182.170 - - [15/Aug/2019:14:00:32 +0000] "GET /taxi-transfer/caska-pag/split-airport HTTP/1.1" 200 7939 "-" "(info@domaincrawler.com; http://www.domaincrawler.com/cheapridetransfers.com)"
162.158.183.93 - - [15/Aug/2019:14:00:33 +0000] "GET /taxi-transfer/zagreb-airport/rijeka HTTP/1.1" 200 7951 "-" "(info@domaincrawler.com; http://www.domaincrawler.com/cheapridetransfers.com)"
172.68.51.206 - - [15/Aug/2019:14:00:35 +0000] "POST /endlocation HTTP/1.1" 200 2 "https://www.cheapridetransfers.com/hr/destinacije/varazdinske-toplice" "Mozilla/5.0 (Linux; Android 7.0; SM-G920F) AppleWebKit/537.36 (KHTML, like Gecko) Chrome/76.0.3809.111 Mobile Safari/537.36"
162.158.183.75 - - [15/Aug/2019:14:00:35 +0000] "GET /taxi-transfer/zagreb-airport/zadar HTTP/1.1" 200 7958 "-" "(info@domaincrawler.com; http://www.domaincrawler.com/cheapridetransfers.com)"
172.68.51.206 - - [15/Aug/2019:14:00:36 +0000] "POST /endlocation HTTP/1.1" 200 2 "https://www.cheapridetransfers.com/hr/destinacije/varazdinske-toplice" "Mozilla/5.0 (Linux; Android 7.0; SM-G920F) AppleWebKit/537.36 (KHTML, like Gecko) Chrome/76.0.3809.111 Mobile Safari/537.36"
172.68.51.206 - - [15/Aug/2019:14:00:36 +0000] "POST /endlocation HTTP/1.1" 200 2 "https://www.cheapridetransfers.com/hr/destinacije/varazdinske-toplice" "Mozilla/5.0 (Linux; Android 7.0; SM-G920F) AppleWebKit/537.36 (KHTML, like Gecko) Chrome/76.0.3809.111 Mobile Safari/537.36"
172.68.51.206 - - [15/Aug/2019:14:00:37 +0000] "POST /endlocation HTTP/1.1" 200 2 "https://www.cheapridetransfers.com/hr/destinacije/varazdinske-toplice" "Mozilla/5.0 (Linux; Android 7.0; SM-G920F) AppleWebKit/537.36 (KHTML, like Gecko) Chrome/76.0.3809.111 Mobile Safari/537.36"
162.158.183.93 - - [15/Aug/2019:14:00:37 +0000] "GET /taxi-transfer/zagreb-airport/makarska HTTP/1.1" 200 7950 "-" "(info@domaincrawler.com; http://www.domaincrawler.com/cheapridetransfers.com)"
172.68.51.206 - - [15/Aug/2019:14:00:37 +0000] "POST /endlocation HTTP/1.1" 200 2 "https://www.cheapridetransfers.com/hr/destinacije/varazdinske-toplice" "Mozilla/5.0 (Linux; Android 7.0; SM-G920F) AppleWebKit/537.36 (KHTML, like Gecko) Chrome/76.0.3809.111 Mobile Safari/537.36"
172.68.51.206 - - [15/Aug/2019:14:00:38 +0000] "POST /endlocation HTTP/1.1" 200 2 "https://www.cheapridetransfers.com/hr/destinacije/varazdinske-toplice" "Mozilla/5.0 (Linux; Android 7.0; SM-G920F) AppleWebKit/537.36 (KHTML, like Gecko) Chrome/76.0.3809.111 Mobile Safari/537.36"
172.68.182.206 - - [15/Aug/2019:14:00:38 +0000] "GET /taxi-transfer/zagreb-airport/split HTTP/1.1" 200 8117 "-" "(info@domaincrawler.com; http://www.domaincrawler.com/cheapridetransfers.com)"
172.68.182.38 - - [15/Aug/2019:14:00:40 +0000] "GET /taxi-transfer/zagreb-airport/opatija HTTP/1.1" 200 7950 "-" "(info@domaincrawler.com; http://www.domaincrawler.com/cheapridetransfers.com)"
162.158.183.75 - - [15/Aug/2019:14:00:42 +0000] "GET /destinations/brist HTTP/1.1" 200 4451 "-" "(info@domaincrawler.com; http://www.domaincrawler.com/cheapridetransfers.com)"
162.158.183.75 - - [15/Aug/2019:14:00:45 +0000] "GET /destinations/ostrobradic-krk HTTP/1.1" 200 3982 "-" "(info@domaincrawler.com; http://www.domaincrawler.com/cheapridetransfers.com)"
172.68.51.206 - - [15/Aug/2019:14:00:48 +0000] "GET /hr/pretraga?start_location=Varazdinsne+toplice&end_location=Varazdin&date=28.08.2019 HTTP/1.1" 302 460 "https://www.cheapridetransfers.com/hr/destinacije/varazdinske-toplice" "Mozilla/5.0 (Linux; Android 7.0; SM-G920F) AppleWebKit/537.36 (KHTML, like Gecko) Chrome/76.0.3809.111 Mobile Safari/537.36"
172.68.51.206 - - [15/Aug/2019:14:00:49 +0000] "GET /hr/zatrazite-ponudu HTTP/1.1" 200 3891 "https://www.cheapridetransfers.com/hr/destinacije/varazdinske-toplice" "Mozilla/5.0 (Linux; Android 7.0; SM-G920F) AppleWebKit/537.36 (KHTML, like Gecko) Chrome/76.0.3809.111 Mobile Safari/537.36"
172.68.182.38 - - [15/Aug/2019:14:00:48 +0000] "GET /destinations/pernat-cres HTTP/1.1" 200 3954 "-" "(info@domaincrawler.com; http://www.domaincrawler.com/cheapridetransfers.com)"
162.158.183.93 - - [15/Aug/2019:14:00:51 +0000] "GET /destinations/bratovici HTTP/1.1" 200 3953 "-" "(info@domaincrawler.com; http://www.domaincrawler.com/cheapridetransfers.com)"
162.158.183.75 - - [15/Aug/2019:14:00:54 +0000] "GET /destinations/breg HTTP/1.1" 200 3940 "-" "(info@domaincrawler.com; http://www.domaincrawler.com/cheapridetransfers.com)"
172.68.51.206 - - [15/Aug/2019:14:00:56 +0000] "GET /hr/pretraga?start_location=Varazdinsne+toplice&end_location=Varazdin&date=28.08.2019 HTTP/1.1" 302 460 "https://www.cheapridetransfers.com/hr/zatrazite-ponudu" "Mozilla/5.0 (Linux; Android 7.0; SM-G920F) AppleWebKit/537.36 (KHTML, like Gecko) Chrome/76.0.3809.111 Mobile Safari/537.36"
172.68.51.206 - - [15/Aug/2019:14:00:56 +0000] "GET /hr/zatrazite-ponudu HTTP/1.1" 200 3891 "https://www.cheapridetransfers.com/hr/zatrazite-ponudu" "Mozilla/5.0 (Linux; Android 7.0; SM-G920F) AppleWebKit/537.36 (KHTML, like Gecko) Chrome/76.0.3809.111 Mobile Safari/537.36"
172.69.54.127 - - [15/Aug/2019:14:00:56 +0000] "GET /hr/destinacije/kijevo HTTP/1.1" 200 4023 "-" "Mozilla/5.0 (compatible; AhrefsBot/6.1; +http://ahrefs.com/robot/)"
172.68.182.170 - - [15/Aug/2019:14:00:58 +0000] "GET /destinations/brotnice HTTP/1.1" 200 3946 "-" "(info@domaincrawler.com; http://www.domaincrawler.com/cheapridetransfers.com)"
172.68.182.38 - - [15/Aug/2019:14:01:00 +0000] "GET /destinations/martinscica-cres HTTP/1.1" 200 3983 "-" "(info@domaincrawler.com; http://www.domaincrawler.com/cheapridetransfers.com)"
172.68.182.206 - - [15/Aug/2019:14:01:05 +0000] "GET /destinations/brecici HTTP/1.1" 200 3957 "-" "(info@domaincrawler.com; http://www.domaincrawler.com/cheapridetransfers.com)"
162.158.183.21 - - [15/Aug/2019:14:01:09 +0000] "GET /destinations/brotnja HTTP/1.1" 200 3945 "-" "(info@domaincrawler.com; http://www.domaincrawler.com/cheapridetransfers.com)"
162.158.183.27 - - [15/Aug/2019:14:01:11 +0000] "GET /destinations/novalja-pag HTTP/1.1" 200 4028 "-" "(info@domaincrawler.com; http://www.domaincrawler.com/cheapridetransfers.com)"
172.68.51.152 - - [15/Aug/2019:14:01:14 +0000] "GET /hr/destinacije/donje-celo-kolocep HTTP/1.1" 200 4055 "https://www.google.com/" "Mozilla/5.0 (Windows NT 10.0; Win64; x64) AppleWebKit/537.36 (KHTML, like Gecko) Chrome/71.0.3578.80 Safari/537.36"
172.68.182.170 - - [15/Aug/2019:14:01:15 +0000] "GET /destinations/poljana-ugljan HTTP/1.1" 200 3957 "-" "(info@domaincrawler.com; http://www.domaincrawler.com/cheapridetransfers.com)"
172.68.51.128 - - [15/Aug/2019:14:01:17 +0000] "GET /favicon-16x16.png HTTP/1.1" 200 884 "https://www.cheapridetransfers.com/hr/destinacije/donje-celo-kolocep" "Mozilla/5.0 (Windows NT 10.0; Win64; x64) AppleWebKit/537.36 (KHTML, like Gecko) Chrome/71.0.3578.80 Safari/537.36"
172.68.51.110 - - [15/Aug/2019:14:01:18 +0000] "GET /site.webmanifest HTTP/1.1" 200 426 "https://www.cheapridetransfers.com/hr/destinacije/donje-celo-kolocep" "Mozilla/5.0 (Windows NT 10.0; Win64; x64) AppleWebKit/537.36 (KHTML, like Gecko) Chrome/71.0.3578.80 Safari/537.36"
162.158.183.21 - - [15/Aug/2019:14:01:18 +0000] "GET /destinations/brlog-otocac HTTP/1.1" 200 3964 "-" "(info@domaincrawler.com; http://www.domaincrawler.com/cheapridetransfers.com)"
172.68.182.38 - - [15/Aug/2019:14:01:23 +0000] "GET /destinations/breze-novi-vinodolski HTTP/1.1" 200 3974 "-" "(info@domaincrawler.com; http://www.domaincrawler.com/cheapridetransfers.com)"
172.68.182.170 - - [15/Aug/2019:14:01:26 +0000] "GET /destinations/brtonigla HTTP/1.1" 200 3949 "-" "(info@domaincrawler.com; http://www.domaincrawler.com/cheapridetransfers.com)"
162.158.183.27 - - [15/Aug/2019:14:01:29 +0000] "GET /destinations/brest-pod-uckom HTTP/1.1" 200 3964 "-" "(info@domaincrawler.com; http://www.domaincrawler.com/cheapridetransfers.com)"
162.158.183.121 - - [15/Aug/2019:14:01:32 +0000] "GET /destinations/brgud HTTP/1.1" 200 3942 "-" "(info@domaincrawler.com; http://www.domaincrawler.com/cheapridetransfers.com)"
162.158.183.121 - - [15/Aug/2019:14:01:35 +0000] "GET /destinations/bristivica HTTP/1.1" 200 3948 "-" "(info@domaincrawler.com; http://www.domaincrawler.com/cheapridetransfers.com)"
162.158.183.21 - - [15/Aug/2019:14:01:38 +0000] "GET /destinations/okuklje-mljet HTTP/1.1" 200 3957 "-" "(info@domaincrawler.com; http://www.domaincrawler.com/cheapridetransfers.com)"
162.158.183.75 - - [15/Aug/2019:14:01:41 +0000] "GET /destinations/miskovici-pag HTTP/1.1" 200 3980 "-" "(info@domaincrawler.com; http://www.domaincrawler.com/cheapridetransfers.com)"
162.158.183.75 - - [15/Aug/2019:14:01:47 +0000] "GET /destinations/olib-olib HTTP/1.1" 200 3948 "-" "(info@domaincrawler.com; http://www.domaincrawler.com/cheapridetransfers.com)"
172.68.182.206 - - [15/Aug/2019:14:01:50 +0000] "GET /destinations/borovci HTTP/1.1" 200 3944 "-" "(info@domaincrawler.com; http://www.domaincrawler.com/cheapridetransfers.com)"
172.68.182.38 - - [15/Aug/2019:14:01:53 +0000] "GET /destinations/brasina HTTP/1.1" 200 3963 "-" "(info@domaincrawler.com; http://www.domaincrawler.com/cheapridetransfers.com)"
162.158.183.93 - - [15/Aug/2019:14:01:56 +0000] "GET /destinations/brsecine HTTP/1.1" 200 3953 "-" "(info@domaincrawler.com; http://www.domaincrawler.com/cheapridetransfers.com)"
162.158.183.75 - - [15/Aug/2019:14:01:58 +0000] "GET /destinations/milna-vis HTTP/1.1" 200 3951 "-" "(info@domaincrawler.com; http://www.domaincrawler.com/cheapridetransfers.com)"
162.158.183.21 - - [15/Aug/2019:14:02:01 +0000] "GET /destinations/nevidane-pasman HTTP/1.1" 200 3982 "-" "(info@domaincrawler.com; http://www.domaincrawler.com/cheapridetransfers.com)"
172.68.182.206 - - [15/Aug/2019:14:02:04 +0000] "GET /destinations/njivice-krk HTTP/1.1" 200 3954 "-" "(info@domaincrawler.com; http://www.domaincrawler.com/cheapridetransfers.com)"
162.158.183.27 - - [15/Aug/2019:14:02:07 +0000] "GET /destinations/boskari HTTP/1.1" 200 3963 "-" "(info@domaincrawler.com; http://www.domaincrawler.com/cheapridetransfers.com)"
172.68.182.206 - - [15/Aug/2019:14:02:11 +0000] "GET /destinations/mali-iz-iz HTTP/1.1" 200 3961 "-" "(info@domaincrawler.com; http://www.domaincrawler.com/cheapridetransfers.com)"
162.158.183.75 - - [15/Aug/2019:14:02:14 +0000] "GET /destinations/merag-cres HTTP/1.1" 200 3953 "-" "(info@domaincrawler.com; http://www.domaincrawler.com/cheapridetransfers.com)"
162.158.183.93 - - [15/Aug/2019:14:02:17 +0000] "GET /destinations/boricevac HTTP/1.1" 200 3956 "-" "(info@domaincrawler.com; http://www.domaincrawler.com/cheapridetransfers.com)"
172.68.182.170 - - [15/Aug/2019:14:02:20 +0000] "GET /destinations/brnaze HTTP/1.1" 200 3944 "-" "(info@domaincrawler.com; http://www.domaincrawler.com/cheapridetransfers.com)"
162.158.183.93 - - [15/Aug/2019:14:02:22 +0000] "GET /destinations/brod-moravice HTTP/1.1" 200 3955 "-" "(info@domaincrawler.com; http://www.domaincrawler.com/cheapridetransfers.com)"
162.158.183.93 - - [15/Aug/2019:14:02:25 +0000] "GET /destinations/bruska HTTP/1.1" 200 3963 "-" "(info@domaincrawler.com; http://www.domaincrawler.com/cheapridetransfers.com)"
172.68.51.152 - - [15/Aug/2019:14:02:29 +0000] "GET /hr/destinacije/donje-celo-kolocep HTTP/1.1" 200 4055 "https://www.google.com/" "Mozilla/5.0 (Windows NT 10.0; Win64; x64) AppleWebKit/537.36 (KHTML, like Gecko) Chrome/71.0.3578.80 Safari/537.36"
162.158.183.27 - - [15/Aug/2019:14:02:29 +0000] "GET /destinations/milohnici-krk HTTP/1.1" 200 3965 "-" "(info@domaincrawler.com; http://www.domaincrawler.com/cheapridetransfers.com)"
172.68.51.152 - - [15/Aug/2019:14:02:30 +0000] "GET /hr/destinacije/donje-celo-kolocep HTTP/1.1" 200 4055 "https://www.google.com/" "Mozilla/5.0 (Windows NT 10.0; Win64; x64) AppleWebKit/537.36 (KHTML, like Gecko) Chrome/71.0.3578.80 Safari/537.36"
162.158.183.75 - - [15/Aug/2019:14:02:32 +0000] "GET /destinations/breznicki-hum HTTP/1.1" 200 3965 "-" "(info@domaincrawler.com; http://www.domaincrawler.com/cheapridetransfers.com)"
162.158.183.21 - - [15/Aug/2019:14:02:36 +0000] "GET /destinations/milna-hvar HTTP/1.1" 200 3954 "-" "(info@domaincrawler.com; http://www.domaincrawler.com/cheapridetransfers.com)"
162.158.183.93 - - [15/Aug/2019:14:02:39 +0000] "GET /destinations/borovo HTTP/1.1" 200 3960 "-" "(info@domaincrawler.com; http://www.domaincrawler.com/cheapridetransfers.com)"
172.68.182.38 - - [15/Aug/2019:14:02:41 +0000] "GET /destinations/brod-na-kupi HTTP/1.1" 200 3957 "-" "(info@domaincrawler.com; http://www.domaincrawler.com/cheapridetransfers.com)"
172.68.182.206 - - [15/Aug/2019:14:02:45 +0000] "GET /destinations/podspilje-vis HTTP/1.1" 200 3974 "-" "(info@domaincrawler.com; http://www.domaincrawler.com/cheapridetransfers.com)"
162.158.183.121 - - [15/Aug/2019:14:02:49 +0000] "GET /destinations/brnjica HTTP/1.1" 200 3945 "-" "(info@domaincrawler.com; http://www.domaincrawler.com/cheapridetransfers.com)"
162.158.183.75 - - [15/Aug/2019:14:02:51 +0000] "GET /destinations/mali-losinj-losinj HTTP/1.1" 200 3984 "-" "(info@domaincrawler.com; http://www.domaincrawler.com/cheapridetransfers.com)"
172.68.182.170 - - [15/Aug/2019:14:02:54 +0000] "GET /destinations/bristane HTTP/1.1" 200 3966 "-" "(info@domaincrawler.com; http://www.domaincrawler.com/cheapridetransfers.com)"
162.158.183.27 - - [15/Aug/2019:14:02:57 +0000] "GET /destinations/murvica-brac HTTP/1.1" 200 3962 "-" "(info@domaincrawler.com; http://www.domaincrawler.com/cheapridetransfers.com)"
162.158.183.93 - - [15/Aug/2019:14:03:00 +0000] "GET /destinations/necujam-solta HTTP/1.1" 200 3980 "-" "(info@domaincrawler.com; http://www.domaincrawler.com/cheapridetransfers.com)"
172.68.51.152 - - [15/Aug/2019:14:03:02 +0000] "GET /hr/destinacije/donje-celo-kolocep HTTP/1.1" 200 4055 "https://www.google.com/" "Mozilla/5.0 (Windows NT 10.0; Win64; x64) AppleWebKit/537.36 (KHTML, like Gecko) Chrome/71.0.3578.80 Safari/537.36"
172.68.182.206 - - [15/Aug/2019:14:03:02 +0000] "GET /destinations/podstrazje-vis HTTP/1.1" 200 3965 "-" "(info@domaincrawler.com; http://www.domaincrawler.com/cheapridetransfers.com)"
172.68.182.170 - - [15/Aug/2019:14:03:06 +0000] "GET /destinations/borinici HTTP/1.1" 200 3953 "-" "(info@domaincrawler.com; http://www.domaincrawler.com/cheapridetransfers.com)"
162.158.183.121 - - [15/Aug/2019:14:03:08 +0000] "GET /destinations/broce HTTP/1.1" 200 3942 "-" "(info@domaincrawler.com; http://www.domaincrawler.com/cheapridetransfers.com)"
172.68.182.38 - - [15/Aug/2019:14:03:10 +0000] "GET /destinations/metajna-pag HTTP/1.1" 200 3954 "-" "(info@domaincrawler.com; http://www.domaincrawler.com/cheapridetransfers.com)"
162.158.183.121 - - [15/Aug/2019:14:03:14 +0000] "GET /destinations/miholascica-cres HTTP/1.1" 200 3984 "-" "(info@domaincrawler.com; http://www.domaincrawler.com/cheapridetransfers.com)"
162.158.183.93 - - [15/Aug/2019:14:03:17 +0000] "GET /destinations/osljak-osljak HTTP/1.1" 200 3973 "-" "(info@domaincrawler.com; http://www.domaincrawler.com/cheapridetransfers.com)"
172.68.182.38 - - [15/Aug/2019:14:03:23 +0000] "GET /destinations/brijesta HTTP/1.1" 200 4009 "-" "(info@domaincrawler.com; http://www.domaincrawler.com/cheapridetransfers.com)"
162.158.183.21 - - [15/Aug/2019:14:03:27 +0000] "GET /destinations/bruvno HTTP/1.1" 200 3943 "-" "(info@domaincrawler.com; http://www.domaincrawler.com/cheapridetransfers.com)"
162.158.183.75 - - [15/Aug/2019:14:03:31 +0000] "GET /destinations/budinscina HTTP/1.1" 200 3973 "-" "(info@domaincrawler.com; http://www.domaincrawler.com/cheapridetransfers.com)"
172.68.182.38 - - [15/Aug/2019:14:03:35 +0000] "GET /destinations/pasman-pasman HTTP/1.1" 200 3972 "-" "(info@domaincrawler.com; http://www.domaincrawler.com/cheapridetransfers.com)"
162.158.183.27 - - [15/Aug/2019:14:03:37 +0000] "GET /destinations/brckovljani HTTP/1.1" 200 3951 "-" "(info@domaincrawler.com; http://www.domaincrawler.com/cheapridetransfers.com)"
162.158.183.27 - - [15/Aug/2019:14:03:40 +0000] "GET /destinations/brestovac HTTP/1.1" 200 3947 "-" "(info@domaincrawler.com; http://www.domaincrawler.com/cheapridetransfers.com)"
162.158.183.21 - - [15/Aug/2019:14:03:45 +0000] "GET /destinations/brinje HTTP/1.1" 200 3944 "-" "(info@domaincrawler.com; http://www.domaincrawler.com/cheapridetransfers.com)"
172.68.51.152 - - [15/Aug/2019:14:03:49 +0000] "GET /hr/destinacije/donje-celo-kolocep HTTP/1.1" 200 4055 "https://www.google.com/" "Mozilla/5.0 (Windows NT 10.0; Win64; x64) AppleWebKit/537.36 (KHTML, like Gecko) Chrome/71.0.3578.80 Safari/537.36"
162.158.183.21 - - [15/Aug/2019:14:03:52 +0000] "GET /destinations/milna-brac HTTP/1.1" 200 3960 "-" "(info@domaincrawler.com; http://www.domaincrawler.com/cheapridetransfers.com)"
162.158.183.121 - - [15/Aug/2019:14:03:56 +0000] "GET /destinations/pinezici-krk HTTP/1.1" 200 3965 "-" "(info@domaincrawler.com; http://www.domaincrawler.com/cheapridetransfers.com)"
172.68.51.152 - - [15/Aug/2019:14:03:58 +0000] "POST /startlocation HTTP/1.1" 200 76 "https://www.cheapridetransfers.com/hr/destinacije/donje-celo-kolocep" "Mozilla/5.0 (Windows NT 10.0; Win64; x64) AppleWebKit/537.36 (KHTML, like Gecko) Chrome/71.0.3578.80 Safari/537.36"
172.68.51.152 - - [15/Aug/2019:14:03:59 +0000] "POST /startlocation HTTP/1.1" 200 76 "https://www.cheapridetransfers.com/hr/destinacije/donje-celo-kolocep" "Mozilla/5.0 (Windows NT 10.0; Win64; x64) AppleWebKit/537.36 (KHTML, like Gecko) Chrome/71.0.3578.80 Safari/537.36"
172.68.51.152 - - [15/Aug/2019:14:04:00 +0000] "POST /startlocation HTTP/1.1" 200 76 "https://www.cheapridetransfers.com/hr/destinacije/donje-celo-kolocep" "Mozilla/5.0 (Windows NT 10.0; Win64; x64) AppleWebKit/537.36 (KHTML, like Gecko) Chrome/71.0.3578.80 Safari/537.36"
172.68.182.206 - - [15/Aug/2019:14:03:58 +0000] "GET /destinations/borut-cerovlje HTTP/1.1" 200 3960 "-" "(info@domaincrawler.com; http://www.domaincrawler.com/cheapridetransfers.com)"
162.158.183.21 - - [15/Aug/2019:14:04:01 +0000] "GET /destinations/breznica HTTP/1.1" 200 3947 "-" "(info@domaincrawler.com; http://www.domaincrawler.com/cheapridetransfers.com)"
172.68.51.152 - - [15/Aug/2019:14:04:04 +0000] "POST /endlocation HTTP/1.1" 200 55 "https://www.cheapridetransfers.com/hr/destinacije/donje-celo-kolocep" "Mozilla/5.0 (Windows NT 10.0; Win64; x64) AppleWebKit/537.36 (KHTML, like Gecko) Chrome/71.0.3578.80 Safari/537.36"
162.158.183.75 - - [15/Aug/2019:14:04:04 +0000] "GET /destinations/brodarica HTTP/1.1" 200 4009 "-" "(info@domaincrawler.com; http://www.domaincrawler.com/cheapridetransfers.com)"
172.68.182.170 - - [15/Aug/2019:14:04:07 +0000] "GET /destinations/nerezine-losinj HTTP/1.1" 200 3978 "-" "(info@domaincrawler.com; http://www.domaincrawler.com/cheapridetransfers.com)"
172.68.182.206 - - [15/Aug/2019:14:04:10 +0000] "GET /destinations/podselje-vis HTTP/1.1" 200 3955 "-" "(info@domaincrawler.com; http://www.domaincrawler.com/cheapridetransfers.com)"
162.158.183.21 - - [15/Aug/2019:14:04:14 +0000] "GET /destinations/bosnjaci HTTP/1.1" 200 3965 "-" "(info@domaincrawler.com; http://www.domaincrawler.com/cheapridetransfers.com)"
172.68.51.152 - - [15/Aug/2019:14:04:16 +0000] "GET /hr/pretraga?start_location=Dubrovnik&end_location=kolocep&date=01.09.2019 HTTP/1.1" 302 460 "https://www.cheapridetransfers.com/hr/destinacije/donje-celo-kolocep" "Mozilla/5.0 (Windows NT 10.0; Win64; x64) AppleWebKit/537.36 (KHTML, like Gecko) Chrome/71.0.3578.80 Safari/537.36"
172.68.51.152 - - [15/Aug/2019:14:04:16 +0000] "GET /hr/zatrazite-ponudu HTTP/1.1" 200 3887 "https://www.cheapridetransfers.com/hr/destinacije/donje-celo-kolocep" "Mozilla/5.0 (Windows NT 10.0; Win64; x64) AppleWebKit/537.36 (KHTML, like Gecko) Chrome/71.0.3578.80 Safari/537.36"
172.68.182.170 - - [15/Aug/2019:14:04:17 +0000] "GET /destinations/bralici HTTP/1.1" 200 3952 "-" "(info@domaincrawler.com; http://www.domaincrawler.com/cheapridetransfers.com)"
172.68.182.206 - - [15/Aug/2019:14:04:20 +0000] "GET /destinations/brsec HTTP/1.1" 200 3948 "-" "(info@domaincrawler.com; http://www.domaincrawler.com/cheapridetransfers.com)"
162.158.183.75 - - [15/Aug/2019:14:04:24 +0000] "GET /destinations/mali-podol-cres HTTP/1.1" 200 3961 "-" "(info@domaincrawler.com; http://www.domaincrawler.com/cheapridetransfers.com)"
172.68.182.170 - - [15/Aug/2019:14:04:26 +0000] "GET /destinations/mundanije-rab HTTP/1.1" 200 3958 "-" "(info@domaincrawler.com; http://www.domaincrawler.com/cheapridetransfers.com)"
162.158.183.21 - - [15/Aug/2019:14:04:30 +0000] "GET /destinations/bosanka HTTP/1.1" 200 3945 "-" "(info@domaincrawler.com; http://www.domaincrawler.com/cheapridetransfers.com)"
172.68.182.38 - - [15/Aug/2019:14:04:32 +0000] "GET /destinations/bosiljevo HTTP/1.1" 200 3947 "-" "(info@domaincrawler.com; http://www.domaincrawler.com/cheapridetransfers.com)"
162.158.183.27 - - [15/Aug/2019:14:04:38 +0000] "GET /destinations/brestova HTTP/1.1" 200 3945 "-" "(info@domaincrawler.com; http://www.domaincrawler.com/cheapridetransfers.com)"
172.68.182.170 - - [15/Aug/2019:14:04:40 +0000] "GET /destinations/brisevo HTTP/1.1" 200 3964 "-" "(info@domaincrawler.com; http://www.domaincrawler.com/cheapridetransfers.com)"
172.68.182.38 - - [15/Aug/2019:14:04:42 +0000] "GET /destinations/malinska-krk HTTP/1.1" 200 3956 "-" "(info@domaincrawler.com; http://www.domaincrawler.com/cheapridetransfers.com)"
162.158.183.21 - - [15/Aug/2019:14:04:45 +0000] "GET /destinations/mandre-pag HTTP/1.1" 200 3952 "-" "(info@domaincrawler.com; http://www.domaincrawler.com/cheapridetransfers.com)"
162.158.183.75 - - [15/Aug/2019:14:04:49 +0000] "GET /destinations/mrljane-pasman HTTP/1.1" 200 3975 "-" "(info@domaincrawler.com; http://www.domaincrawler.com/cheapridetransfers.com)"
172.68.182.170 - - [15/Aug/2019:14:04:52 +0000] "GET /destinations/murter-murter HTTP/1.1" 200 4016 "-" "(info@domaincrawler.com; http://www.domaincrawler.com/cheapridetransfers.com)"
162.158.183.93 - - [15/Aug/2019:14:04:56 +0000] "GET /destinations/orlec-cres HTTP/1.1" 200 3952 "-" "(info@domaincrawler.com; http://www.domaincrawler.com/cheapridetransfers.com)"
172.68.182.38 - - [15/Aug/2019:14:05:04 +0000] "GET /destinations/palit-rab HTTP/1.1" 200 3951 "-" "(info@domaincrawler.com; http://www.domaincrawler.com/cheapridetransfers.com)"
162.158.183.21 - - [15/Aug/2019:14:05:07 +0000] "GET /destinations/podhumlje-vis HTTP/1.1" 200 3957 "-" "(info@domaincrawler.com; http://www.domaincrawler.com/cheapridetransfers.com)"
162.158.183.75 - - [15/Aug/2019:14:05:10 +0000] "GET /destinations/brdovec HTTP/1.1" 200 3943 "-" "(info@domaincrawler.com; http://www.domaincrawler.com/cheapridetransfers.com)"
172.68.182.38 - - [15/Aug/2019:14:05:12 +0000] "GET /destinations/osor-cres HTTP/1.1" 200 3949 "-" "(info@domaincrawler.com; http://www.domaincrawler.com/cheapridetransfers.com)"
172.68.182.206 - - [15/Aug/2019:14:05:15 +0000] "GET /destinations/bratus HTTP/1.1" 200 4576 "-" "(info@domaincrawler.com; http://www.domaincrawler.com/cheapridetransfers.com)"
162.158.183.93 - - [15/Aug/2019:14:05:20 +0000] "GET /destinations/maslinica-solta HTTP/1.1" 200 3975 "-" "(info@domaincrawler.com; http://www.domaincrawler.com/cheapridetransfers.com)"
172.68.182.38 - - [15/Aug/2019:14:05:24 +0000] "GET /destinations/milovcici-krk HTTP/1.1" 200 3969 "-" "(info@domaincrawler.com; http://www.domaincrawler.com/cheapridetransfers.com)"
162.158.183.93 - - [15/Aug/2019:14:05:29 +0000] "GET /destinations/brgujac HTTP/1.1" 200 3945 "-" "(info@domaincrawler.com; http://www.domaincrawler.com/cheapridetransfers.com)"
172.68.182.38 - - [15/Aug/2019:14:05:32 +0000] "GET /destinations/pasadur-lastovo HTTP/1.1" 200 3959 "-" "(info@domaincrawler.com; http://www.domaincrawler.com/cheapridetransfers.com)"
141.101.77.126 - - [15/Aug/2019:14:05:36 +0000] "GET /hr/destinations/vratisinec HTTP/1.1" 302 484 "-" "Mozilla/5.0 (compatible; AhrefsBot/6.1; +http://ahrefs.com/robot/)"
162.158.183.93 - - [15/Aug/2019:14:05:35 +0000] "GET /destinations/pitve-hvar HTTP/1.1" 200 3954 "-" "(info@domaincrawler.com; http://www.domaincrawler.com/cheapridetransfers.com)"
162.158.183.75 - - [15/Aug/2019:14:05:38 +0000] "GET /destinations/bribir-vinodol HTTP/1.1" 200 3960 "-" "(info@domaincrawler.com; http://www.domaincrawler.com/cheapridetransfers.com)"
162.158.183.75 - - [15/Aug/2019:14:05:44 +0000] "GET /destinations/brusane HTTP/1.1" 200 3964 "-" "(info@domaincrawler.com; http://www.domaincrawler.com/cheapridetransfers.com)"
172.68.65.160 - - [15/Aug/2019:14:05:47 +0000] "GET /taxi-transfer/makarska/zivogosce HTTP/1.1" 200 7653 "-" "Mozilla/5.0 (compatible; SemrushBot/3~bl; +http://www.semrush.com/bot.html)"
162.158.183.21 - - [15/Aug/2019:14:05:47 +0000] "GET /destinations/nenadici-krk HTTP/1.1" 200 3964 "-" "(info@domaincrawler.com; http://www.domaincrawler.com/cheapridetransfers.com)"
162.158.183.93 - - [15/Aug/2019:14:05:49 +0000] "GET /destinations/brodski-stupnik HTTP/1.1" 200 3958 "-" "(info@domaincrawler.com; http://www.domaincrawler.com/cheapridetransfers.com)"
172.68.182.38 - - [15/Aug/2019:14:05:52 +0000] "GET /destinations/molat-molat HTTP/1.1" 200 3951 "-" "(info@domaincrawler.com; http://www.domaincrawler.com/cheapridetransfers.com)"
172.68.182.38 - - [15/Aug/2019:14:05:54 +0000] "GET /destinations/pag-pag HTTP/1.1" 200 4009 "-" "(info@domaincrawler.com; http://www.domaincrawler.com/cheapridetransfers.com)"
162.158.183.75 - - [15/Aug/2019:14:05:57 +0000] "GET /destinations/marsici-krk HTTP/1.1" 200 3978 "-" "(info@domaincrawler.com; http://www.domaincrawler.com/cheapridetransfers.com)"
172.68.182.206 - - [15/Aug/2019:14:06:00 +0000] "GET /destinations/brela HTTP/1.1" 200 4608 "-" "(info@domaincrawler.com; http://www.domaincrawler.com/cheapridetransfers.com)"
162.158.183.27 - - [15/Aug/2019:14:06:04 +0000] "GET /destinations/milcetici-krk HTTP/1.1" 200 3970 "-" "(info@domaincrawler.com; http://www.domaincrawler.com/cheapridetransfers.com)"
162.158.183.93 - - [15/Aug/2019:14:06:07 +0000] "GET /destinations/nerezisca-brac HTTP/1.1" 200 3991 "-" "(info@domaincrawler.com; http://www.domaincrawler.com/cheapridetransfers.com)"
162.158.183.121 - - [15/Aug/2019:14:06:09 +0000] "GET /destinations/omisalj-krk HTTP/1.1" 200 3974 "-" "(info@domaincrawler.com; http://www.domaincrawler.com/cheapridetransfers.com)"
162.158.183.121 - - [15/Aug/2019:14:06:13 +0000] "GET /destinations/plisko-polje-vis HTTP/1.1" 200 3963 "-" "(info@domaincrawler.com; http://www.domaincrawler.com/cheapridetransfers.com)"
172.68.182.170 - - [15/Aug/2019:14:06:18 +0000] "GET /taxi-transfer/dubrovnik-airport/makarska HTTP/1.1" 200 8121 "-" "(info@domaincrawler.com; http://www.domaincrawler.com/cheapridetransfers.com)"
162.158.183.27 - - [15/Aug/2019:14:06:19 +0000] "GET /taxi-transfer/dubrovnik-airport/zivogosce HTTP/1.1" 200 7987 "-" "(info@domaincrawler.com; http://www.domaincrawler.com/cheapridetransfers.com)"
162.158.183.121 - - [15/Aug/2019:14:06:21 +0000] "GET /taxi-transfer/dubrovnik-airport/gradac HTTP/1.1" 200 7954 "-" "(info@domaincrawler.com; http://www.domaincrawler.com/cheapridetransfers.com)"
162.158.183.121 - - [15/Aug/2019:14:06:23 +0000] "GET /taxi-transfer/dubrovnik-airport/podgora HTTP/1.1" 200 7952 "-" "(info@domaincrawler.com; http://www.domaincrawler.com/cheapridetransfers.com)"
162.158.183.93 - - [15/Aug/2019:14:06:31 +0000] "GET /taxi-transfer/dubrovnik-airport/zadar HTTP/1.1" 200 7957 "-" "(info@domaincrawler.com; http://www.domaincrawler.com/cheapridetransfers.com)"
162.158.183.75 - - [15/Aug/2019:14:06:33 +0000] "GET /taxi-transfer/dubrovnik-airport/podaca HTTP/1.1" 200 7962 "-" "(info@domaincrawler.com; http://www.domaincrawler.com/cheapridetransfers.com)"
172.68.182.38 - - [15/Aug/2019:14:06:34 +0000] "GET /taxi-transfer/dubrovnik-airport/tucepi HTTP/1.1" 200 7965 "-" "(info@domaincrawler.com; http://www.domaincrawler.com/cheapridetransfers.com)"
172.68.182.206 - - [15/Aug/2019:14:06:35 +0000] "GET /taxi-transfer/dubrovnik-airport/drvenik HTTP/1.1" 200 7955 "-" "(info@domaincrawler.com; http://www.domaincrawler.com/cheapridetransfers.com)"
172.68.182.170 - - [15/Aug/2019:14:06:41 +0000] "GET /taxi-transfer/dubrovnik-airport/baska-voda HTTP/1.1" 200 7987 "-" "(info@domaincrawler.com; http://www.domaincrawler.com/cheapridetransfers.com)"
162.158.183.93 - - [15/Aug/2019:14:06:42 +0000] "GET /taxi-transfer/dubrovnik-airport/drasnice HTTP/1.1" 200 7983 "-" "(info@domaincrawler.com; http://www.domaincrawler.com/cheapridetransfers.com)"
162.158.183.121 - - [15/Aug/2019:14:06:44 +0000] "GET /taxi-transfer/dubrovnik-airport/brela HTTP/1.1" 200 7957 "-" "(info@domaincrawler.com; http://www.domaincrawler.com/cheapridetransfers.com)"
162.158.183.27 - - [15/Aug/2019:14:06:45 +0000] "GET /taxi-transfer/dubrovnik-airport/krvavica HTTP/1.1" 200 7965 "-" "(info@domaincrawler.com; http://www.domaincrawler.com/cheapridetransfers.com)"
162.158.183.93 - - [15/Aug/2019:14:06:46 +0000] "GET /taxi-transfer/dubrovnik-airport/split HTTP/1.1" 200 8118 "-" "(info@domaincrawler.com; http://www.domaincrawler.com/cheapridetransfers.com)"
172.68.182.206 - - [15/Aug/2019:14:06:48 +0000] "GET /taxi-transfer/dubrovnik-airport/trogir HTTP/1.1" 200 7960 "-" "(info@domaincrawler.com; http://www.domaincrawler.com/cheapridetransfers.com)"
162.158.183.21 - - [15/Aug/2019:14:06:49 +0000] "GET /taxi-transfer/dubrovnik-airport/promajna HTTP/1.1" 200 7965 "-" "(info@domaincrawler.com; http://www.domaincrawler.com/cheapridetransfers.com)"
172.68.182.170 - - [15/Aug/2019:14:06:51 +0000] "GET /taxi-transfer/dubrovnik-airport/igrane HTTP/1.1" 200 7961 "-" "(info@domaincrawler.com; http://www.domaincrawler.com/cheapridetransfers.com)"
172.68.182.170 - - [15/Aug/2019:14:06:52 +0000] "GET /taxi-transfer/dubrovnik-airport/ploce HTTP/1.1" 200 7959 "-" "(info@domaincrawler.com; http://www.domaincrawler.com/cheapridetransfers.com)"
162.158.183.121 - - [15/Aug/2019:14:06:54 +0000] "GET /destinations/vrhovine HTTP/1.1" 200 3945 "-" "(info@domaincrawler.com; http://www.domaincrawler.com/cheapridetransfers.com)"
172.68.182.206 - - [15/Aug/2019:14:06:57 +0000] "GET /destinations/vrsine HTTP/1.1" 200 3942 "-" "(info@domaincrawler.com; http://www.domaincrawler.com/cheapridetransfers.com)"
172.68.182.170 - - [15/Aug/2019:14:07:00 +0000] "GET /destinations/vrsno HTTP/1.1" 200 3941 "-" "(info@domaincrawler.com; http://www.domaincrawler.com/cheapridetransfers.com)"
162.158.183.121 - - [15/Aug/2019:14:07:03 +0000] "GET /destinations/vinica HTTP/1.1" 200 3943 "-" "(info@domaincrawler.com; http://www.domaincrawler.com/cheapridetransfers.com)"
162.158.183.21 - - [15/Aug/2019:14:07:06 +0000] "GET /destinations/visocane HTTP/1.1" 200 3953 "-" "(info@domaincrawler.com; http://www.domaincrawler.com/cheapridetransfers.com)"
162.158.183.121 - - [15/Aug/2019:14:07:11 +0000] "GET /destinations/vrzici HTTP/1.1" 200 3950 "-" "(info@domaincrawler.com; http://www.domaincrawler.com/cheapridetransfers.com)"
162.158.183.75 - - [15/Aug/2019:14:07:14 +0000] "GET /destinations/veprinac HTTP/1.1" 200 3944 "-" "(info@domaincrawler.com; http://www.domaincrawler.com/cheapridetransfers.com)"
172.68.182.38 - - [15/Aug/2019:14:07:18 +0000] "GET /destinations/viljevo HTTP/1.1" 200 3944 "-" "(info@domaincrawler.com; http://www.domaincrawler.com/cheapridetransfers.com)"
172.68.182.206 - - [15/Aug/2019:14:07:21 +0000] "GET /destinations/vocin HTTP/1.1" 200 3948 "-" "(info@domaincrawler.com; http://www.domaincrawler.com/cheapridetransfers.com)"
162.158.123.137 - - [15/Aug/2019:14:07:25 +0000] "GET /destinations/pitomaca HTTP/1.1" 200 3953 "-" "Mozilla/5.0 (Linux; Android 6.0.1; Nexus 5X Build/MMB29P) AppleWebKit/537.36 (KHTML, like Gecko) Chrome/41.0.2272.96 Mobile Safari/537.36 (compatible; Googlebot/2.1; +http://www.google.com/bot.html)"
172.68.182.206 - - [15/Aug/2019:14:07:28 +0000] "GET /destinations/vrana-pakostane HTTP/1.1" 200 3978 "-" "(info@domaincrawler.com; http://www.domaincrawler.com/cheapridetransfers.com)"
172.68.226.74 - - [15/Aug/2019:14:11:07 +0000] "GET /destinations/barbat-rab HTTP/1.1" 200 3954 "https://www.google.com/" "Mozilla/5.0 (Linux; Android 9; ANE-LX1) AppleWebKit/537.36 (KHTML, like Gecko) Chrome/76.0.3809.111 Mobile Safari/537.36"
172.68.226.86 - - [15/Aug/2019:14:11:09 +0000] "GET /font/icon_set_1.woff?55361665 HTTP/1.1" 200 41852 "https://www.cheapridetransfers.com/css/all.css?v=20" "Mozilla/5.0 (Linux; Android 9; ANE-LX1) AppleWebKit/537.36 (KHTML, like Gecko) Chrome/76.0.3809.111 Mobile Safari/537.36"
172.68.226.44 - - [15/Aug/2019:14:11:09 +0000] "GET /fonts/fontawesome-webfont.woff2?v=4.7.0 HTTP/1.1" 200 77160 "https://www.cheapridetransfers.com/css/all.css?v=20" "Mozilla/5.0 (Linux; Android 9; ANE-LX1) AppleWebKit/537.36 (KHTML, like Gecko) Chrome/76.0.3809.111 Mobile Safari/537.36"
172.68.226.132 - - [15/Aug/2019:14:11:11 +0000] "GET /site.webmanifest HTTP/1.1" 200 426 "https://www.cheapridetransfers.com/destinations/barbat-rab" "Mozilla/5.0 (Linux; Android 9; ANE-LX1) AppleWebKit/537.36 (KHTML, like Gecko) Chrome/76.0.3809.111 Mobile Safari/537.36"
172.68.65.130 - - [15/Aug/2019:14:16:41 +0000] "GET /hr/destinations/ustrine-cres HTTP/1.1" 302 492 "-" "Mozilla/5.0 (compatible; SemrushBot/3~bl; +http://www.semrush.com/bot.html)"
172.68.65.82 - - [15/Aug/2019:14:16:43 +0000] "GET /hr/destinacije/ustrine-cres HTTP/1.1" 200 4035 "-" "Mozilla/5.0 (compatible; SemrushBot/3~bl; +http://www.semrush.com/bot.html)"
162.158.122.136 - - [15/Aug/2019:14:21:19 +0000] "GET /hr/destinacije/puljane HTTP/1.1" 200 4027 "-" "Mozilla/5.0 (compatible; Googlebot/2.1; +http://www.google.com/bot.html)"
172.69.62.62 - - [15/Aug/2019:14:22:11 +0000] "GET /taxi-transfer/brela/dubrovnik-airport HTTP/1.1" 200 7944 "-" "Mozilla/5.0 (compatible; SemrushBot/3~bl; +http://www.semrush.com/bot.html)"
172.68.222.44 - - [15/Aug/2019:14:26:21 +0000] "GET /hr/destinacije/vizinada HTTP/1.1" 200 4029 "-" "Mozilla/5.0 (Windows NT 10.0; Win64; x64) AppleWebKit/537.36 (KHTML, like Gecko) Chrome/76.0.3809.100 Safari/537.36"
108.162.229.236 - - [15/Aug/2019:14:27:33 +0000] "GET /hr/taksi-transfer/drasnice/brist HTTP/1.1" 200 7844 "-" "Mozilla/5.0 (compatible; AhrefsBot/6.1; +http://ahrefs.com/robot/)"
141.101.76.188 - - [15/Aug/2019:14:28:22 +0000] "GET /en/destinations/kornati-kornat HTTP/1.1" 200 3960 "-" "Mozilla/5.0 (compatible; AhrefsBot/6.1; +http://ahrefs.com/robot/)"
108.162.229.108 - - [15/Aug/2019:14:28:54 +0000] "GET /hr/destinacije?page=8 HTTP/1.1" 200 5367 "-" "Mozilla/5.0 (compatible; AhrefsBot/6.1; +http://ahrefs.com/robot/)"
172.69.54.127 - - [15/Aug/2019:14:29:17 +0000] "GET /hr/destinations/velika-trnovitica HTTP/1.1" 302 512 "-" "Mozilla/5.0 (compatible; AhrefsBot/6.1; +http://ahrefs.com/robot/)"
108.162.229.180 - - [15/Aug/2019:14:34:14 +0000] "GET /hr/destinations/kriz HTTP/1.1" 302 460 "-" "Mozilla/5.0 (compatible; AhrefsBot/6.1; +http://ahrefs.com/robot/)"
172.69.63.89 - - [15/Aug/2019:14:37:24 +0000] "GET / HTTP/1.1" 200 4688 "-" "FreeWebMonitoring SiteChecker/0.2 (+https://www.freewebmonitoring.com/bot.html)"
108.162.229.180 - - [15/Aug/2019:14:39:08 +0000] "GET /destinations/brest-pod-uckom HTTP/1.1" 200 3964 "-" "Mozilla/5.0 (compatible; AhrefsBot/6.1; +http://ahrefs.com/robot/)"
172.69.63.123 - - [15/Aug/2019:14:39:14 +0000] "GET /taxi-transfer/bast/drvenik HTTP/1.1" 200 7629 "-" "Mozilla/5.0 (compatible; SemrushBot/3~bl; +http://www.semrush.com/bot.html)"
108.162.229.18 - - [15/Aug/2019:14:40:31 +0000] "GET /en/destinations/majur HTTP/1.1" 200 3947 "-" "Mozilla/5.0 (compatible; AhrefsBot/6.1; +http://ahrefs.com/robot/)"
141.101.77.150 - - [15/Aug/2019:14:45:07 +0000] "GET /taxi-transfer/stanici/split-airport HTTP/1.1" 200 7927 "-" "Mozilla/5.0 (compatible; AhrefsBot/6.1; +http://ahrefs.com/robot/)"
162.158.79.171 - - [15/Aug/2019:14:45:15 +0000] "GET /taxi-transfer/gradac/zaostrog HTTP/1.1" 200 7635 "-" "Mozilla/5.0 (compatible; SemrushBot/3~bl; +http://www.semrush.com/bot.html)"
108.162.229.12 - - [15/Aug/2019:14:46:12 +0000] "GET /destinations/nova-gradiska HTTP/1.1" 200 3970 "-" "Mozilla/5.0 (compatible; AhrefsBot/6.1; +http://ahrefs.com/robot/)"
172.69.62.32 - - [15/Aug/2019:14:46:51 +0000] "GET /hr/taksi-transfer/split-airport/ljubuski-bih HTTP/1.1" 200 8186 "-" "Mozilla/5.0 (compatible; SemrushBot/3~bl; +http://www.semrush.com/bot.html)"
172.69.63.5 - - [15/Aug/2019:14:47:44 +0000] "GET /hr/taksi-transfer/lun-pag/split-airport HTTP/1.1" 200 8168 "-" "Mozilla/5.0 (compatible; SemrushBot/3~bl; +http://www.semrush.com/bot.html)"
108.162.210.236 - - [15/Aug/2019:14:47:59 +0000] "GET /taxi-transfer/split-airport/novalja-pag HTTP/1.1" 200 7958 "-" "Mozilla/5.0 (compatible; Googlebot/2.1; +http://www.google.com/bot.html)"
172.68.238.44 - - [15/Aug/2019:14:50:34 +0000] "GET /destinations/baska-voda HTTP/1.1" 200 4589 "https://www.google.com.ua/" "Mozilla/5.0 (iPad; CPU OS 11_3 like Mac OS X) AppleWebKit/605.1.15 (KHTML, like Gecko) Version/11.0 Mobile/15E148 Safari/604.1"
