172.69.63.89 - - [22/Aug/2019:00:07:50 +0000] "GET /taxi-transfer/kupres-bih/split-airport HTTP/1.1" 200 7938 "-" "Mozilla/5.0 (compatible; SemrushBot/6~bl; +http://www.semrush.com/bot.html)"
172.69.63.53 - - [22/Aug/2019:00:10:24 +0000] "GET /hr/destinacije/konjsko-brdo HTTP/1.1" 200 4036 "-" "Mozilla/5.0 (compatible; SemrushBot/6~bl; +http://www.semrush.com/bot.html)"
162.158.79.75 - - [22/Aug/2019:00:16:44 +0000] "GET /taxi-transfer/bratus/podaca HTTP/1.1" 200 7648 "-" "Mozilla/5.0 (compatible; SemrushBot/6~bl; +http://www.semrush.com/bot.html)"
172.69.63.89 - - [22/Aug/2019:00:16:46 +0000] "GET /taxi-transfer/bast/podaca HTTP/1.1" 200 7628 "-" "CCBot/2.0 (https://commoncrawl.org/faq/)"
172.69.63.53 - - [22/Aug/2019:00:16:52 +0000] "GET /taxi-transfer/podgora/bratus HTTP/1.1" 200 7643 "-" "CCBot/2.0 (https://commoncrawl.org/faq/)"
162.158.79.249 - - [22/Aug/2019:00:16:58 +0000] "GET /en/taxi-transfer/split-airport/stara-novalja-pag HTTP/1.1" 200 7968 "-" "CCBot/2.0 (https://commoncrawl.org/faq/)"
162.158.79.159 - - [22/Aug/2019:00:17:02 +0000] "GET /taxi-transfer/brela/brist HTTP/1.1" 200 7627 "-" "CCBot/2.0 (https://commoncrawl.org/faq/)"
162.158.79.225 - - [22/Aug/2019:00:17:05 +0000] "GET /privacy-policy HTTP/1.1" 200 6257 "-" "CCBot/2.0 (https://commoncrawl.org/faq/)"
172.69.62.32 - - [22/Aug/2019:00:17:10 +0000] "GET /destinations/gornja-jagodnja HTTP/1.1" 200 3958 "-" "CCBot/2.0 (https://commoncrawl.org/faq/)"
172.69.63.123 - - [22/Aug/2019:00:17:14 +0000] "GET /blog HTTP/1.1" 200 3957 "-" "CCBot/2.0 (https://commoncrawl.org/faq/)"
162.158.79.249 - - [22/Aug/2019:00:17:18 +0000] "GET /en/taxi-transfer/split-airport/krka-national-park HTTP/1.1" 200 7961 "-" "CCBot/2.0 (https://commoncrawl.org/faq/)"
172.69.62.62 - - [22/Aug/2019:00:17:24 +0000] "GET /taxi-transfer/promajna/igrane HTTP/1.1" 200 7629 "-" "CCBot/2.0 (https://commoncrawl.org/faq/)"
162.158.79.171 - - [22/Aug/2019:00:17:28 +0000] "GET /en/taxi-transfer/split-airport/zaostrog HTTP/1.1" 200 8107 "-" "CCBot/2.0 (https://commoncrawl.org/faq/)"
172.68.65.124 - - [22/Aug/2019:00:17:32 +0000] "GET /en/terms-and-conditions HTTP/1.1" 200 4304 "-" "CCBot/2.0 (https://commoncrawl.org/faq/)"
141.101.97.31 - - [22/Aug/2019:00:17:34 +0000] "GET /destinations/batlug HTTP/1.1" 200 3942 "-" "Mozilla/5.0 (compatible; SeznamBot/3.2; +http://napoveda.seznam.cz/en/seznambot-intro/)"
172.68.65.160 - - [22/Aug/2019:00:17:37 +0000] "GET /en/taxi-transfer/split-airport/dugi-rat HTTP/1.1" 200 8108 "-" "CCBot/2.0 (https://commoncrawl.org/faq/)"
172.68.65.136 - - [22/Aug/2019:00:17:41 +0000] "GET /destinations/fuzine HTTP/1.1" 200 3949 "-" "CCBot/2.0 (https://commoncrawl.org/faq/)"
162.158.79.249 - - [22/Aug/2019:00:17:45 +0000] "GET /taxi-transfer/makarska/omis HTTP/1.1" 200 7756 "-" "CCBot/2.0 (https://commoncrawl.org/faq/)"
172.69.62.254 - - [22/Aug/2019:00:17:50 +0000] "GET /taxi-transfer/tucepi/igrane HTTP/1.1" 200 7639 "-" "CCBot/2.0 (https://commoncrawl.org/faq/)"
162.158.79.33 - - [22/Aug/2019:00:17:54 +0000] "GET /taxi-transfer/podgora/zaostrog HTTP/1.1" 200 7630 "-" "CCBot/2.0 (https://commoncrawl.org/faq/)"
162.158.79.171 - - [22/Aug/2019:00:17:57 +0000] "GET /taxi-transfer/podgora/dubrovnik HTTP/1.1" 200 7638 "-" "CCBot/2.0 (https://commoncrawl.org/faq/)"
172.69.63.93 - - [22/Aug/2019:00:18:02 +0000] "GET /en/taxi-transfer/split-airport/podstrana HTTP/1.1" 200 7945 "-" "CCBot/2.0 (https://commoncrawl.org/faq/)"
172.68.65.178 - - [22/Aug/2019:00:18:05 +0000] "GET /taxi-transfer/bast/split HTTP/1.1" 200 7627 "-" "CCBot/2.0 (https://commoncrawl.org/faq/)"
162.158.79.159 - - [22/Aug/2019:00:18:10 +0000] "GET /destinations/funtana HTTP/1.1" 200 3943 "-" "CCBot/2.0 (https://commoncrawl.org/faq/)"
172.68.65.226 - - [22/Aug/2019:00:18:15 +0000] "GET /taxi-transfer/podgora/podaca HTTP/1.1" 200 7625 "-" "CCBot/2.0 (https://commoncrawl.org/faq/)"
162.158.79.75 - - [22/Aug/2019:00:18:18 +0000] "GET /en/taxi-transfer/split-airport/topici HTTP/1.1" 200 8121 "-" "CCBot/2.0 (https://commoncrawl.org/faq/)"
162.158.78.20 - - [22/Aug/2019:00:18:23 +0000] "GET /taxi-transfer/bast/makarska HTTP/1.1" 200 7630 "-" "CCBot/2.0 (https://commoncrawl.org/faq/)"
172.69.63.123 - - [22/Aug/2019:00:18:27 +0000] "GET /en/tours HTTP/1.1" 200 4149 "-" "CCBot/2.0 (https://commoncrawl.org/faq/)"
172.68.65.226 - - [22/Aug/2019:00:18:31 +0000] "GET /hr/destinacije/barat-visnjan HTTP/1.1" 200 4049 "-" "CCBot/2.0 (https://commoncrawl.org/faq/)"
172.68.65.226 - - [22/Aug/2019:00:18:36 +0000] "GET /hr HTTP/1.1" 200 4923 "-" "CCBot/2.0 (https://commoncrawl.org/faq/)"
162.158.78.218 - - [22/Aug/2019:00:18:40 +0000] "GET /taxi-transfer/promajna/gradac HTTP/1.1" 200 7628 "-" "CCBot/2.0 (https://commoncrawl.org/faq/)"
172.69.63.93 - - [22/Aug/2019:00:18:44 +0000] "GET /en/faq HTTP/1.1" 200 4537 "-" "CCBot/2.0 (https://commoncrawl.org/faq/)"
172.68.65.82 - - [22/Aug/2019:00:18:48 +0000] "GET /destinations/gornji-brgat HTTP/1.1" 200 3955 "-" "CCBot/2.0 (https://commoncrawl.org/faq/)"
162.158.78.200 - - [22/Aug/2019:00:18:53 +0000] "GET /destinations/gracac HTTP/1.1" 200 3949 "-" "CCBot/2.0 (https://commoncrawl.org/faq/)"
172.68.65.160 - - [22/Aug/2019:00:18:57 +0000] "GET /taxi-transfer/brela/makarska HTTP/1.1" 200 7622 "-" "CCBot/2.0 (https://commoncrawl.org/faq/)"
172.69.62.182 - - [22/Aug/2019:00:19:02 +0000] "GET /taxi-transfer/bast/drasnice HTTP/1.1" 200 7649 "-" "CCBot/2.0 (https://commoncrawl.org/faq/)"
172.68.65.178 - - [22/Aug/2019:00:19:05 +0000] "GET /taxi-transfer/podgora/drasnice HTTP/1.1" 200 7648 "-" "CCBot/2.0 (https://commoncrawl.org/faq/)"
172.69.63.133 - - [22/Aug/2019:00:19:10 +0000] "GET /en/taxi-transfer/split-airport/rogotin HTTP/1.1" 200 7958 "-" "CCBot/2.0 (https://commoncrawl.org/faq/)"
172.68.65.124 - - [22/Aug/2019:00:19:43 +0000] "GET /taxi-transfer/makarska/dubrovnik HTTP/1.1" 200 7753 "-" "CCBot/2.0 (https://commoncrawl.org/faq/)"
172.68.222.44 - - [22/Aug/2019:00:19:48 +0000] "GET /hr/izleti/izlet-planina-biokovo-park-prirode HTTP/1.1" 200 5627 "https://www.google.com/" "Mozilla/5.0 (Linux; Android 7.0; meanIT_C1) AppleWebKit/537.36 (KHTML, like Gecko) Chrome/76.0.3809.89 Mobile Safari/537.36"
172.68.222.32 - - [22/Aug/2019:00:19:51 +0000] "GET /site.webmanifest HTTP/1.1" 200 426 "https://www.cheapridetransfers.com/hr/izleti/izlet-planina-biokovo-park-prirode" "Mozilla/5.0 (Linux; Android 7.0; meanIT_C1) AppleWebKit/537.36 (KHTML, like Gecko) Chrome/76.0.3809.89 Mobile Safari/537.36"
172.69.63.53 - - [22/Aug/2019:00:20:11 +0000] "GET /en/taxi-transfer/split-airport/bast HTTP/1.1" 200 8108 "-" "CCBot/2.0 (https://commoncrawl.org/faq/)"
162.158.79.249 - - [22/Aug/2019:00:20:14 +0000] "GET /destinations/gabrili HTTP/1.1" 200 3943 "-" "CCBot/2.0 (https://commoncrawl.org/faq/)"
172.69.62.182 - - [22/Aug/2019:00:20:43 +0000] "GET /taxi-transfer/bast/zaostrog HTTP/1.1" 200 7635 "-" "CCBot/2.0 (https://commoncrawl.org/faq/)"
162.158.79.159 - - [22/Aug/2019:00:20:52 +0000] "GET /taxi-transfer/podgora/gradac HTTP/1.1" 200 7632 "-" "CCBot/2.0 (https://commoncrawl.org/faq/)"
108.162.229.38 - - [22/Aug/2019:00:21:10 +0000] "GET /hr/taksi-transfer/rijeka-airport/zadar HTTP/1.1" 200 8173 "-" "Mozilla/5.0 (compatible; AhrefsBot/6.1; +http://ahrefs.com/robot/)"
141.101.77.126 - - [22/Aug/2019:00:21:17 +0000] "GET /destinations/sunja HTTP/1.1" 200 3942 "-" "Mozilla/5.0 (compatible; AhrefsBot/6.1; +http://ahrefs.com/robot/)"
162.158.79.75 - - [22/Aug/2019:00:22:49 +0000] "GET / HTTP/1.1" 200 4688 "-" "CCBot/2.0 (https://commoncrawl.org/faq/)"
172.69.63.103 - - [22/Aug/2019:00:24:02 +0000] "GET /hr/destinacije/rijeka-airport HTTP/1.1" 200 4259 "-" "CCBot/2.0 (https://commoncrawl.org/faq/)"
172.68.65.124 - - [22/Aug/2019:00:24:42 +0000] "GET /en/get-a-quote HTTP/1.1" 200 3781 "-" "CCBot/2.0 (https://commoncrawl.org/faq/)"
162.158.78.218 - - [22/Aug/2019:00:25:08 +0000] "GET /destinations/gornja-vrba HTTP/1.1" 200 3954 "-" "CCBot/2.0 (https://commoncrawl.org/faq/)"
172.68.222.44 - - [22/Aug/2019:00:25:46 +0000] "GET /hr/izleti/izlet-planina-biokovo-park-prirode HTTP/1.1" 200 5627 "https://www.google.com/" "Mozilla/5.0 (Linux; Android 7.0; meanIT_C1) AppleWebKit/537.36 (KHTML, like Gecko) Chrome/76.0.3809.89 Mobile Safari/537.36"
172.69.62.182 - - [22/Aug/2019:00:25:52 +0000] "GET /en/get-a-quote HTTP/1.1" 200 3782 "-" "Mozilla/5.0 (compatible; SemrushBot/6~bl; +http://www.semrush.com/bot.html)"
162.158.78.218 - - [22/Aug/2019:00:25:53 +0000] "GET /en/taxi-transfer/split-airport/drvenik HTTP/1.1" 200 8108 "-" "CCBot/2.0 (https://commoncrawl.org/faq/)"
172.69.63.123 - - [22/Aug/2019:00:26:00 +0000] "GET /taxi-transfer/brela/bratus HTTP/1.1" 200 7642 "-" "CCBot/2.0 (https://commoncrawl.org/faq/)"
172.69.63.109 - - [22/Aug/2019:00:26:07 +0000] "GET /destinations HTTP/1.1" 200 6867 "-" "CCBot/2.0 (https://commoncrawl.org/faq/)"
172.68.222.44 - - [22/Aug/2019:00:26:08 +0000] "POST /startlocation HTTP/1.1" 200 79 "https://www.cheapridetransfers.com/hr/izleti/izlet-planina-biokovo-park-prirode" "Mozilla/5.0 (Linux; Android 7.0; meanIT_C1) AppleWebKit/537.36 (KHTML, like Gecko) Chrome/76.0.3809.89 Mobile Safari/537.36"
172.68.222.44 - - [22/Aug/2019:00:26:08 +0000] "POST /startlocation HTTP/1.1" 200 79 "https://www.cheapridetransfers.com/hr/izleti/izlet-planina-biokovo-park-prirode" "Mozilla/5.0 (Linux; Android 7.0; meanIT_C1) AppleWebKit/537.36 (KHTML, like Gecko) Chrome/76.0.3809.89 Mobile Safari/537.36"
172.68.222.44 - - [22/Aug/2019:00:26:09 +0000] "POST /startlocation HTTP/1.1" 200 79 "https://www.cheapridetransfers.com/hr/izleti/izlet-planina-biokovo-park-prirode" "Mozilla/5.0 (Linux; Android 7.0; meanIT_C1) AppleWebKit/537.36 (KHTML, like Gecko) Chrome/76.0.3809.89 Mobile Safari/537.36"
172.68.222.44 - - [22/Aug/2019:00:26:09 +0000] "POST /startlocation HTTP/1.1" 200 79 "https://www.cheapridetransfers.com/hr/izleti/izlet-planina-biokovo-park-prirode" "Mozilla/5.0 (Linux; Android 7.0; meanIT_C1) AppleWebKit/537.36 (KHTML, like Gecko) Chrome/76.0.3809.89 Mobile Safari/537.36"
172.68.222.44 - - [22/Aug/2019:00:26:16 +0000] "POST /endlocation HTTP/1.1" 200 110 "https://www.cheapridetransfers.com/hr/izleti/izlet-planina-biokovo-park-prirode" "Mozilla/5.0 (Linux; Android 7.0; meanIT_C1) AppleWebKit/537.36 (KHTML, like Gecko) Chrome/76.0.3809.89 Mobile Safari/537.36"
172.68.222.44 - - [22/Aug/2019:00:26:17 +0000] "POST /endlocation HTTP/1.1" 200 39 "https://www.cheapridetransfers.com/hr/izleti/izlet-planina-biokovo-park-prirode" "Mozilla/5.0 (Linux; Android 7.0; meanIT_C1) AppleWebKit/537.36 (KHTML, like Gecko) Chrome/76.0.3809.89 Mobile Safari/537.36"
172.68.222.44 - - [22/Aug/2019:00:26:20 +0000] "POST /endlocation HTTP/1.1" 200 39 "https://www.cheapridetransfers.com/hr/izleti/izlet-planina-biokovo-park-prirode" "Mozilla/5.0 (Linux; Android 7.0; meanIT_C1) AppleWebKit/537.36 (KHTML, like Gecko) Chrome/76.0.3809.89 Mobile Safari/537.36"
162.158.78.200 - - [22/Aug/2019:00:26:21 +0000] "GET /taxi-transfer/tucepi/podaca HTTP/1.1" 200 7635 "-" "CCBot/2.0 (https://commoncrawl.org/faq/)"
172.68.222.44 - - [22/Aug/2019:00:26:23 +0000] "POST /endlocation HTTP/1.1" 200 39 "https://www.cheapridetransfers.com/hr/izleti/izlet-planina-biokovo-park-prirode" "Mozilla/5.0 (Linux; Android 7.0; meanIT_C1) AppleWebKit/537.36 (KHTML, like Gecko) Chrome/76.0.3809.89 Mobile Safari/537.36"
172.68.222.44 - - [22/Aug/2019:00:26:24 +0000] "POST /endlocation HTTP/1.1" 200 2 "https://www.cheapridetransfers.com/hr/izleti/izlet-planina-biokovo-park-prirode" "Mozilla/5.0 (Linux; Android 7.0; meanIT_C1) AppleWebKit/537.36 (KHTML, like Gecko) Chrome/76.0.3809.89 Mobile Safari/537.36"
172.68.222.44 - - [22/Aug/2019:00:26:41 +0000] "GET /hr/pretraga?start_location=Makarska&end_location=Biokovo&date=24.08.2019 HTTP/1.1" 302 460 "https://www.cheapridetransfers.com/hr/izleti/izlet-planina-biokovo-park-prirode" "Mozilla/5.0 (Linux; Android 7.0; meanIT_C1) AppleWebKit/537.36 (KHTML, like Gecko) Chrome/76.0.3809.89 Mobile Safari/537.36"
172.68.222.44 - - [22/Aug/2019:00:26:41 +0000] "GET /hr/zatrazite-ponudu HTTP/1.1" 200 3886 "https://www.cheapridetransfers.com/hr/izleti/izlet-planina-biokovo-park-prirode" "Mozilla/5.0 (Linux; Android 7.0; meanIT_C1) AppleWebKit/537.36 (KHTML, like Gecko) Chrome/76.0.3809.89 Mobile Safari/537.36"
162.158.78.98 - - [22/Aug/2019:00:26:42 +0000] "GET /en/contact HTTP/1.1" 200 4227 "-" "CCBot/2.0 (https://commoncrawl.org/faq/)"
172.69.63.107 - - [22/Aug/2019:00:27:31 +0000] "GET /en/taxi-transfer/split-airport/razanj-rogoznica HTTP/1.1" 200 7963 "-" "CCBot/2.0 (https://commoncrawl.org/faq/)"
172.68.65.82 - - [22/Aug/2019:00:27:35 +0000] "GET /taxi-transfer/bast/bratus HTTP/1.1" 200 7644 "-" "CCBot/2.0 (https://commoncrawl.org/faq/)"
162.158.78.80 - - [22/Aug/2019:00:27:45 +0000] "GET /taxi-transfer/makarska/krvavica HTTP/1.1" 200 7622 "-" "CCBot/2.0 (https://commoncrawl.org/faq/)"
172.69.62.32 - - [22/Aug/2019:00:28:00 +0000] "GET /faq HTTP/1.1" 200 4532 "-" "CCBot/2.0 (https://commoncrawl.org/faq/)"
162.158.78.218 - - [22/Aug/2019:00:28:45 +0000] "GET /taxi-transfer/bratus/zaostrog HTTP/1.1" 200 7652 "-" "Mozilla/5.0 (compatible; SemrushBot/6~bl; +http://www.semrush.com/bot.html)"
172.69.63.5 - - [22/Aug/2019:00:29:33 +0000] "GET /destinations/gornja-rijeka HTTP/1.1" 200 3956 "-" "CCBot/2.0 (https://commoncrawl.org/faq/)"
172.68.65.178 - - [22/Aug/2019:00:29:37 +0000] "GET /taxi HTTP/1.1" 200 4592 "-" "CCBot/2.0 (https://commoncrawl.org/faq/)"
108.162.229.38 - - [22/Aug/2019:00:30:59 +0000] "GET /en/destinations/antonci-porec HTTP/1.1" 200 3971 "-" "Mozilla/5.0 (compatible; AhrefsBot/6.1; +http://ahrefs.com/robot/)"
172.69.63.93 - - [22/Aug/2019:00:31:45 +0000] "GET /en/taxi-transfer/split-airport/sarajevo-bih HTTP/1.1" 200 7960 "-" "CCBot/2.0 (https://commoncrawl.org/faq/)"
172.69.62.32 - - [22/Aug/2019:00:32:14 +0000] "GET /en/taxi-transfer/split-airport/tisno HTTP/1.1" 200 7947 "-" "CCBot/2.0 (https://commoncrawl.org/faq/)"
172.69.63.53 - - [22/Aug/2019:00:33:06 +0000] "GET /taxi-transfer/split-airport/gajac-pag HTTP/1.1" 200 7947 "-" "Mozilla/5.0 (compatible; SemrushBot/6~bl; +http://www.semrush.com/bot.html)"
141.101.77.150 - - [22/Aug/2019:00:34:06 +0000] "GET /en/destinations/runovici HTTP/1.1" 200 3958 "-" "Mozilla/5.0 (compatible; AhrefsBot/6.1; +http://ahrefs.com/robot/)"
162.158.79.225 - - [22/Aug/2019:00:35:47 +0000] "GET /hr/destinacije/bater HTTP/1.1" 200 4021 "-" "CCBot/2.0 (https://commoncrawl.org/faq/)"
172.69.63.103 - - [22/Aug/2019:00:35:58 +0000] "GET /en/taxi-transfer/split-airport/zubovici-pag HTTP/1.1" 200 7962 "-" "CCBot/2.0 (https://commoncrawl.org/faq/)"
172.69.62.254 - - [22/Aug/2019:00:36:49 +0000] "GET /taxi-transfer/makarska/rascane-gornje HTTP/1.1" 200 7787 "-" "CCBot/2.0 (https://commoncrawl.org/faq/)"
172.69.54.61 - - [22/Aug/2019:00:36:57 +0000] "GET /hr/destinations/pomer HTTP/1.1" 302 464 "-" "Mozilla/5.0 (compatible; AhrefsBot/6.1; +http://ahrefs.com/robot/)"
162.158.79.159 - - [22/Aug/2019:00:37:52 +0000] "GET /taxi-transfer/bast/zivogosce HTTP/1.1" 200 7657 "-" "CCBot/2.0 (https://commoncrawl.org/faq/)"
172.68.65.136 - - [22/Aug/2019:00:40:00 +0000] "GET /destinations/gorican HTTP/1.1" 200 3952 "-" "CCBot/2.0 (https://commoncrawl.org/faq/)"
172.69.63.89 - - [22/Aug/2019:00:40:45 +0000] "GET /en/about-us HTTP/1.1" 200 3784 "-" "CCBot/2.0 (https://commoncrawl.org/faq/)"
162.158.78.80 - - [22/Aug/2019:00:42:48 +0000] "GET /en/privacy-policy HTTP/1.1" 200 6262 "-" "CCBot/2.0 (https://commoncrawl.org/faq/)"
172.69.63.107 - - [22/Aug/2019:00:42:48 +0000] "GET /destinations/stara-vas-pag HTTP/1.1" 200 3960 "-" "Mozilla/5.0 (compatible; SemrushBot/6~bl; +http://www.semrush.com/bot.html)"
162.158.78.200 - - [22/Aug/2019:00:43:14 +0000] "GET /taxi-transfer/bast/brist HTTP/1.1" 200 7632 "-" "CCBot/2.0 (https://commoncrawl.org/faq/)"
162.158.79.159 - - [22/Aug/2019:00:43:41 +0000] "GET /en/destinations/baldasi HTTP/1.1" 200 3969 "-" "Mozilla/5.0 (compatible; SemrushBot/6~bl; +http://www.semrush.com/bot.html)"
108.162.229.148 - - [22/Aug/2019:00:44:17 +0000] "GET /hr/destinacije/lipovljani HTTP/1.1" 200 4029 "-" "Mozilla/5.0 (compatible; AhrefsBot/6.1; +http://ahrefs.com/robot/)"
172.68.65.178 - - [22/Aug/2019:00:44:35 +0000] "GET /taxi-transfer/makarska/zadar HTTP/1.1" 200 7625 "-" "CCBot/2.0 (https://commoncrawl.org/faq/)"
172.68.222.32 - - [22/Aug/2019:00:45:46 +0000] "GET /hr/izleti/izlet-planina-biokovo-park-prirode HTTP/1.1" 200 5627 "https://www.google.com/" "Mozilla/5.0 (Linux; Android 7.0; meanIT_C1) AppleWebKit/537.36 (KHTML, like Gecko) Chrome/76.0.3809.89 Mobile Safari/537.36"
172.68.222.32 - - [22/Aug/2019:00:45:57 +0000] "POST /startlocation HTTP/1.1" 200 2 "https://www.cheapridetransfers.com/hr/izleti/izlet-planina-biokovo-park-prirode" "Mozilla/5.0 (Linux; Android 7.0; meanIT_C1) AppleWebKit/537.36 (KHTML, like Gecko) Chrome/76.0.3809.89 Mobile Safari/537.36"
172.68.222.32 - - [22/Aug/2019:00:46:04 +0000] "POST /startlocation HTTP/1.1" 200 79 "https://www.cheapridetransfers.com/hr/izleti/izlet-planina-biokovo-park-prirode" "Mozilla/5.0 (Linux; Android 7.0; meanIT_C1) AppleWebKit/537.36 (KHTML, like Gecko) Chrome/76.0.3809.89 Mobile Safari/537.36"
172.68.222.32 - - [22/Aug/2019:00:46:04 +0000] "POST /startlocation HTTP/1.1" 200 2 "https://www.cheapridetransfers.com/hr/izleti/izlet-planina-biokovo-park-prirode" "Mozilla/5.0 (Linux; Android 7.0; meanIT_C1) AppleWebKit/537.36 (KHTML, like Gecko) Chrome/76.0.3809.89 Mobile Safari/537.36"
172.68.222.32 - - [22/Aug/2019:00:46:07 +0000] "POST /startlocation HTTP/1.1" 200 79 "https://www.cheapridetransfers.com/hr/izleti/izlet-planina-biokovo-park-prirode" "Mozilla/5.0 (Linux; Android 7.0; meanIT_C1) AppleWebKit/537.36 (KHTML, like Gecko) Chrome/76.0.3809.89 Mobile Safari/537.36"
172.68.222.32 - - [22/Aug/2019:00:46:13 +0000] "POST /endlocation HTTP/1.1" 200 110 "https://www.cheapridetransfers.com/hr/izleti/izlet-planina-biokovo-park-prirode" "Mozilla/5.0 (Linux; Android 7.0; meanIT_C1) AppleWebKit/537.36 (KHTML, like Gecko) Chrome/76.0.3809.89 Mobile Safari/537.36"
172.68.222.32 - - [22/Aug/2019:00:46:14 +0000] "POST /endlocation HTTP/1.1" 200 39 "https://www.cheapridetransfers.com/hr/izleti/izlet-planina-biokovo-park-prirode" "Mozilla/5.0 (Linux; Android 7.0; meanIT_C1) AppleWebKit/537.36 (KHTML, like Gecko) Chrome/76.0.3809.89 Mobile Safari/537.36"
172.68.222.32 - - [22/Aug/2019:00:46:15 +0000] "POST /endlocation HTTP/1.1" 200 39 "https://www.cheapridetransfers.com/hr/izleti/izlet-planina-biokovo-park-prirode" "Mozilla/5.0 (Linux; Android 7.0; meanIT_C1) AppleWebKit/537.36 (KHTML, like Gecko) Chrome/76.0.3809.89 Mobile Safari/537.36"
172.68.222.32 - - [22/Aug/2019:00:46:15 +0000] "POST /endlocation HTTP/1.1" 200 2 "https://www.cheapridetransfers.com/hr/izleti/izlet-planina-biokovo-park-prirode" "Mozilla/5.0 (Linux; Android 7.0; meanIT_C1) AppleWebKit/537.36 (KHTML, like Gecko) Chrome/76.0.3809.89 Mobile Safari/537.36"
172.68.222.32 - - [22/Aug/2019:00:46:24 +0000] "GET /hr/pretraga?start_location=Makarska&end_location=Biokovo&date= HTTP/1.1" 302 460 "https://www.cheapridetransfers.com/hr/izleti/izlet-planina-biokovo-park-prirode" "Mozilla/5.0 (Linux; Android 7.0; meanIT_C1) AppleWebKit/537.36 (KHTML, like Gecko) Chrome/76.0.3809.89 Mobile Safari/537.36"
172.68.222.32 - - [22/Aug/2019:00:46:24 +0000] "GET /hr/zatrazite-ponudu HTTP/1.1" 200 3874 "https://www.cheapridetransfers.com/hr/izleti/izlet-planina-biokovo-park-prirode" "Mozilla/5.0 (Linux; Android 7.0; meanIT_C1) AppleWebKit/537.36 (KHTML, like Gecko) Chrome/76.0.3809.89 Mobile Safari/537.36"
172.68.222.32 - - [22/Aug/2019:00:46:41 +0000] "GET /hr/izleti HTTP/1.1" 200 4218 "https://www.cheapridetransfers.com/hr/zatrazite-ponudu" "Mozilla/5.0 (Linux; Android 7.0; meanIT_C1) AppleWebKit/537.36 (KHTML, like Gecko) Chrome/76.0.3809.89 Mobile Safari/537.36"
172.68.222.92 - - [22/Aug/2019:00:46:42 +0000] "GET /uploads/thumbnails/1fd3d62e3c1a66fae3d0a8aeb58515a7.jpg HTTP/1.1" 200 143812 "https://www.cheapridetransfers.com/hr/izleti" "Mozilla/5.0 (Linux; Android 7.0; meanIT_C1) AppleWebKit/537.36 (KHTML, like Gecko) Chrome/76.0.3809.89 Mobile Safari/537.36"
172.68.222.116 - - [22/Aug/2019:00:46:42 +0000] "GET /uploads/thumbnails/a6cc8c64a1c8c84ca99b55b21a9cc144.jpg HTTP/1.1" 200 82285 "https://www.cheapridetransfers.com/hr/izleti" "Mozilla/5.0 (Linux; Android 7.0; meanIT_C1) AppleWebKit/537.36 (KHTML, like Gecko) Chrome/76.0.3809.89 Mobile Safari/537.36"
172.68.222.98 - - [22/Aug/2019:00:46:42 +0000] "GET /uploads/thumbnails/b5954ad10a5d6fa53080f61277bc589e.jpg HTTP/1.1" 200 86963 "https://www.cheapridetransfers.com/hr/izleti" "Mozilla/5.0 (Linux; Android 7.0; meanIT_C1) AppleWebKit/537.36 (KHTML, like Gecko) Chrome/76.0.3809.89 Mobile Safari/537.36"
172.68.222.32 - - [22/Aug/2019:00:46:42 +0000] "GET /uploads/thumbnails/7edf26dc7d5e807b72cc82ce9e6fc814.jpg HTTP/1.1" 200 86582 "https://www.cheapridetransfers.com/hr/izleti" "Mozilla/5.0 (Linux; Android 7.0; meanIT_C1) AppleWebKit/537.36 (KHTML, like Gecko) Chrome/76.0.3809.89 Mobile Safari/537.36"
172.68.222.14 - - [22/Aug/2019:00:46:42 +0000] "GET /uploads/thumbnails/508e9c6ce6f71dc323b96ed6b489a387.jpg HTTP/1.1" 200 63615 "https://www.cheapridetransfers.com/hr/izleti" "Mozilla/5.0 (Linux; Android 7.0; meanIT_C1) AppleWebKit/537.36 (KHTML, like Gecko) Chrome/76.0.3809.89 Mobile Safari/537.36"
172.68.222.50 - - [22/Aug/2019:00:46:42 +0000] "GET /uploads/thumbnails/b982f9b2844cda929d5101cd523ed0dc.jpg HTTP/1.1" 200 111338 "https://www.cheapridetransfers.com/hr/izleti" "Mozilla/5.0 (Linux; Android 7.0; meanIT_C1) AppleWebKit/537.36 (KHTML, like Gecko) Chrome/76.0.3809.89 Mobile Safari/537.36"
172.68.222.20 - - [22/Aug/2019:00:46:42 +0000] "GET /uploads/thumbnails/ba5794724237eafdd7b3d598b6e8ad66.jpg HTTP/1.1" 200 83540 "https://www.cheapridetransfers.com/hr/izleti" "Mozilla/5.0 (Linux; Android 7.0; meanIT_C1) AppleWebKit/537.36 (KHTML, like Gecko) Chrome/76.0.3809.89 Mobile Safari/537.36"
172.68.222.20 - - [22/Aug/2019:00:46:42 +0000] "GET /img/shadow_tour.png HTTP/1.1" 200 235 "https://www.cheapridetransfers.com/css/all.css?v=20" "Mozilla/5.0 (Linux; Android 7.0; meanIT_C1) AppleWebKit/537.36 (KHTML, like Gecko) Chrome/76.0.3809.89 Mobile Safari/537.36"
172.68.222.32 - - [22/Aug/2019:00:47:05 +0000] "GET /hr/izleti/izlet-planina-biokovo-park-prirode HTTP/1.1" 200 5627 "https://www.cheapridetransfers.com/hr/izleti" "Mozilla/5.0 (Linux; Android 7.0; meanIT_C1) AppleWebKit/537.36 (KHTML, like Gecko) Chrome/76.0.3809.89 Mobile Safari/537.36"
172.69.62.62 - - [22/Aug/2019:00:47:30 +0000] "GET /en/taxi-transfer/split-airport/split HTTP/1.1" 200 8093 "-" "CCBot/2.0 (https://commoncrawl.org/faq/)"
108.162.229.4 - - [22/Aug/2019:00:47:41 +0000] "GET /destinations/gorjani HTTP/1.1" 200 3944 "-" "Mozilla/5.0 (compatible; AhrefsBot/6.1; +http://ahrefs.com/robot/)"
172.68.65.178 - - [22/Aug/2019:00:48:06 +0000] "GET /terms-and-conditions HTTP/1.1" 200 4296 "-" "CCBot/2.0 (https://commoncrawl.org/faq/)"
162.158.78.20 - - [22/Aug/2019:00:48:13 +0000] "GET /taxi-transfer/promajna/drasnice HTTP/1.1" 200 7652 "-" "CCBot/2.0 (https://commoncrawl.org/faq/)"
162.158.78.218 - - [22/Aug/2019:00:48:24 +0000] "GET /en/taxi-transfer/split-airport/vodice HTTP/1.1" 200 7943 "-" "CCBot/2.0 (https://commoncrawl.org/faq/)"
172.68.222.32 - - [22/Aug/2019:00:48:42 +0000] "GET /hr/izleti/izlet-planina-biokovo-park-prirode HTTP/1.1" 200 5627 "https://www.cheapridetransfers.com/hr/izleti" "Mozilla/5.0 (Linux; Android 7.0; meanIT_C1) AppleWebKit/537.36 (KHTML, like Gecko) Chrome/76.0.3809.89 Mobile Safari/537.36"
172.68.65.226 - - [22/Aug/2019:00:48:53 +0000] "GET /en/taxi-transfer/split-airport/naklice HTTP/1.1" 200 7945 "-" "CCBot/2.0 (https://commoncrawl.org/faq/)"
172.69.63.107 - - [22/Aug/2019:00:49:37 +0000] "GET /en/blog HTTP/1.1" 200 3962 "-" "CCBot/2.0 (https://commoncrawl.org/faq/)"
141.101.69.25 - - [22/Aug/2019:00:50:29 +0000] "GET /destinations/hum-na-sutli HTTP/1.1" 200 3956 "-" "Mozilla/5.0 (compatible; AhrefsBot/6.1; +http://ahrefs.com/robot/)"
172.68.65.124 - - [22/Aug/2019:00:50:56 +0000] "GET /taxi-transfer/brela/tucepi HTTP/1.1" 200 7636 "-" "CCBot/2.0 (https://commoncrawl.org/faq/)"
162.158.79.225 - - [22/Aug/2019:00:51:21 +0000] "GET /destinations/gornja-brela HTTP/1.1" 200 4015 "-" "CCBot/2.0 (https://commoncrawl.org/faq/)"
172.69.62.32 - - [22/Aug/2019:00:52:00 +0000] "GET /en/taxi-transfer/split-airport/podaca HTTP/1.1" 200 8115 "-" "CCBot/2.0 (https://commoncrawl.org/faq/)"
172.68.65.82 - - [22/Aug/2019:00:52:05 +0000] "GET /taxi-transfer/bast/drvenik HTTP/1.1" 200 7629 "-" "CCBot/2.0 (https://commoncrawl.org/faq/)"
162.158.79.171 - - [22/Aug/2019:00:52:15 +0000] "GET /en/taxi-transfer/split-airport/sukosan HTTP/1.1" 200 7955 "-" "CCBot/2.0 (https://commoncrawl.org/faq/)"
162.158.78.20 - - [22/Aug/2019:00:52:34 +0000] "GET /taxi-transfer/bast/split-airport HTTP/1.1" 200 8081 "-" "CCBot/2.0 (https://commoncrawl.org/faq/)"
108.162.229.62 - - [22/Aug/2019:00:53:37 +0000] "GET /hr/taksi-transfer/split/sarajevo-bih HTTP/1.1" 200 7852 "-" "Mozilla/5.0 (compatible; AhrefsBot/6.1; +http://ahrefs.com/robot/)"
162.158.78.98 - - [22/Aug/2019:00:54:45 +0000] "GET /hr/destinacije/banja-luka-airport-bih HTTP/1.1" 200 4056 "-" "CCBot/2.0 (https://commoncrawl.org/faq/)"
172.69.63.53 - - [22/Aug/2019:00:57:12 +0000] "GET /hr/destinacije/antonci-porec HTTP/1.1" 200 4045 "-" "CCBot/2.0 (https://commoncrawl.org/faq/)"
162.158.79.159 - - [22/Aug/2019:00:57:17 +0000] "GET /destinations/ferdinandovac HTTP/1.1" 200 3951 "-" "CCBot/2.0 (https://commoncrawl.org/faq/)"
172.69.63.133 - - [22/Aug/2019:00:58:56 +0000] "GET /hr/destinacije/bogovici-krk HTTP/1.1" 200 4043 "-" "CCBot/2.0 (https://commoncrawl.org/faq/)"
162.158.74.253 - - [22/Aug/2019:00:59:16 +0000] "GET /hr/destinacije/kanfanar HTTP/1.1" 200 4029 "-" "Mozilla/5.0 (compatible; Googlebot/2.1; +http://www.google.com/bot.html)"
172.69.63.5 - - [22/Aug/2019:01:00:11 +0000] "GET /taxi-transfer/bast/gradac HTTP/1.1" 200 7624 "-" "CCBot/2.0 (https://commoncrawl.org/faq/)"
172.68.65.160 - - [22/Aug/2019:01:01:21 +0000] "GET /taxi-transfer/bast/igrane HTTP/1.1" 200 7630 "-" "CCBot/2.0 (https://commoncrawl.org/faq/)"
162.158.78.80 - - [22/Aug/2019:01:01:44 +0000] "GET /taxi-transfer/brela/bast HTTP/1.1" 200 7626 "-" "CCBot/2.0 (https://commoncrawl.org/faq/)"
108.162.229.62 - - [22/Aug/2019:01:02:16 +0000] "GET /taxi-transfer/split-airport/banja-luka-bih HTTP/1.1" 200 7972 "-" "Mozilla/5.0 (compatible; AhrefsBot/6.1; +http://ahrefs.com/robot/)"
172.69.62.254 - - [22/Aug/2019:01:02:40 +0000] "GET /en/taxi-transfer/split-airport/brijesta HTTP/1.1" 200 7952 "-" "CCBot/2.0 (https://commoncrawl.org/faq/)"
162.158.91.171 - - [22/Aug/2019:01:02:51 +0000] "GET /destinations/donji-karin HTTP/1.1" 200 3954 "-" "Mozilla/5.0 (compatible; SeznamBot/3.2; +http://napoveda.seznam.cz/en/seznambot-intro/)"
172.69.62.110 - - [22/Aug/2019:01:02:55 +0000] "GET /taxi-transfer/promajna/split-airport HTTP/1.1" 200 8091 "-" "CCBot/2.0 (https://commoncrawl.org/faq/)"
172.69.62.32 - - [22/Aug/2019:01:05:14 +0000] "GET /en/destinations HTTP/1.1" 200 6873 "-" "CCBot/2.0 (https://commoncrawl.org/faq/)"
172.68.65.178 - - [22/Aug/2019:01:05:17 +0000] "GET /tours HTTP/1.1" 200 4145 "-" "CCBot/2.0 (https://commoncrawl.org/faq/)"
172.68.65.136 - - [22/Aug/2019:01:06:56 +0000] "GET /en/taxi-transfer/split-airport/skradin HTTP/1.1" 200 7949 "-" "CCBot/2.0 (https://commoncrawl.org/faq/)"
172.69.62.110 - - [22/Aug/2019:01:07:01 +0000] "GET /hr HTTP/1.1" 200 4923 "-" "Mozilla/5.0 (compatible; SemrushBot/6~bl; +http://www.semrush.com/bot.html)"
162.158.78.200 - - [22/Aug/2019:01:07:05 +0000] "GET /destinations/gracisce HTTP/1.1" 200 3974 "-" "CCBot/2.0 (https://commoncrawl.org/faq/)"
172.69.62.254 - - [22/Aug/2019:01:08:12 +0000] "GET /destinations/goris HTTP/1.1" 200 3958 "-" "CCBot/2.0 (https://commoncrawl.org/faq/)"
172.69.63.103 - - [22/Aug/2019:01:08:20 +0000] "GET /taxi-transfer/bast/tucepi HTTP/1.1" 200 7632 "-" "CCBot/2.0 (https://commoncrawl.org/faq/)"
172.69.63.93 - - [22/Aug/2019:01:08:42 +0000] "GET /destinations/gornje-ceranje HTTP/1.1" 200 3956 "-" "CCBot/2.0 (https://commoncrawl.org/faq/)"
172.69.62.110 - - [22/Aug/2019:01:09:09 +0000] "GET /taxi-transfer/promajna/brela HTTP/1.1" 200 7628 "-" "CCBot/2.0 (https://commoncrawl.org/faq/)"
172.69.62.254 - - [22/Aug/2019:01:09:35 +0000] "GET /taxi-transfer/bast/krvavica HTTP/1.1" 200 7632 "-" "CCBot/2.0 (https://commoncrawl.org/faq/)"
162.158.78.20 - - [22/Aug/2019:01:11:05 +0000] "GET /en/taxi-transfer/split-airport/zivogosce HTTP/1.1" 200 8135 "-" "CCBot/2.0 (https://commoncrawl.org/faq/)"
172.69.63.103 - - [22/Aug/2019:01:11:53 +0000] "GET /en/taxi-transfer/split-airport/gradac HTTP/1.1" 200 8114 "-" "CCBot/2.0 (https://commoncrawl.org/faq/)"
172.68.65.82 - - [22/Aug/2019:01:12:56 +0000] "GET /get-a-quote HTTP/1.1" 200 3779 "-" "CCBot/2.0 (https://commoncrawl.org/faq/)"
172.68.65.178 - - [22/Aug/2019:01:12:55 +0000] "GET /destinations/nakovanj HTTP/1.1" 200 4008 "-" "Mozilla/5.0 (compatible; SemrushBot/6~bl; +http://www.semrush.com/bot.html)"
172.69.62.182 - - [22/Aug/2019:01:13:49 +0000] "GET /taxi-transfer/promajna/brist HTTP/1.1" 200 7635 "-" "CCBot/2.0 (https://commoncrawl.org/faq/)"
162.158.79.159 - - [22/Aug/2019:01:14:20 +0000] "GET /about-us HTTP/1.1" 200 3783 "-" "CCBot/2.0 (https://commoncrawl.org/faq/)"
141.101.76.188 - - [22/Aug/2019:01:14:48 +0000] "GET /destinations/kolarina HTTP/1.1" 200 3946 "-" "Mozilla/5.0 (compatible; AhrefsBot/6.1; +http://ahrefs.com/robot/)"
172.69.62.254 - - [22/Aug/2019:01:14:56 +0000] "GET /en/taxi-transfer/split-airport/baska-voda HTTP/1.1" 200 8143 "-" "CCBot/2.0 (https://commoncrawl.org/faq/)"
162.158.79.249 - - [22/Aug/2019:01:14:59 +0000] "GET /taxi-transfer/bast/promajna HTTP/1.1" 200 7631 "-" "CCBot/2.0 (https://commoncrawl.org/faq/)"
162.158.79.171 - - [22/Aug/2019:01:16:23 +0000] "GET /taxi-transfer/bast/brela HTTP/1.1" 200 7627 "-" "CCBot/2.0 (https://commoncrawl.org/faq/)"
172.69.63.53 - - [22/Aug/2019:01:17:35 +0000] "GET /en/taxi-transfer/split-airport/seget-donji HTTP/1.1" 200 7928 "-" "CCBot/2.0 (https://commoncrawl.org/faq/)"
172.69.62.62 - - [22/Aug/2019:01:17:40 +0000] "GET /taxi-transfer/bast/baska-voda HTTP/1.1" 200 7653 "-" "CCBot/2.0 (https://commoncrawl.org/faq/)"
172.69.63.5 - - [22/Aug/2019:01:18:16 +0000] "GET /taxi-transfer/brela/podaca HTTP/1.1" 200 7629 "-" "CCBot/2.0 (https://commoncrawl.org/faq/)"
108.162.245.80 - - [22/Aug/2019:01:19:55 +0000] "GET /hr/destinacije/gabonjin-krk HTTP/1.1" 200 4037 "-" "Mozilla/5.0 (compatible; bingbot/2.0; +http://www.bing.com/bingbot.htm)"
162.158.78.80 - - [22/Aug/2019:01:20:17 +0000] "GET /en/taxi-transfer/split-airport/sibenik HTTP/1.1" 200 7963 "-" "CCBot/2.0 (https://commoncrawl.org/faq/)"
172.69.63.109 - - [22/Aug/2019:01:20:38 +0000] "GET /contact HTTP/1.1" 200 4223 "-" "CCBot/2.0 (https://commoncrawl.org/faq/)"
162.158.74.73 - - [22/Aug/2019:01:23:38 +0000] "GET /uploads/thumbnails/1fd3d62e3c1a66fae3d0a8aeb58515a7.jpg HTTP/1.1" 200 143812 "-" "Googlebot-Image/1.0"
172.68.65.124 - - [22/Aug/2019:01:24:42 +0000] "GET /destinations/gornji-mihaljevec HTTP/1.1" 200 3960 "-" "CCBot/2.0 (https://commoncrawl.org/faq/)"
172.69.62.254 - - [22/Aug/2019:01:25:14 +0000] "GET /destinations/gospic HTTP/1.1" 200 3965 "-" "CCBot/2.0 (https://commoncrawl.org/faq/)"
172.69.54.253 - - [22/Aug/2019:01:25:26 +0000] "GET /hr/destinations/danilo-kraljice HTTP/1.1" 302 504 "-" "Mozilla/5.0 (compatible; AhrefsBot/6.1; +http://ahrefs.com/robot/)"
108.162.229.62 - - [22/Aug/2019:01:27:00 +0000] "GET /hr/taksi-transfer/makarska/veliko-brdo-makarska HTTP/1.1" 200 7841 "-" "Mozilla/5.0 (compatible; AhrefsBot/6.1; +http://ahrefs.com/robot/)"
172.69.63.123 - - [22/Aug/2019:01:27:48 +0000] "GET /taxi-transfer/podgora/split HTTP/1.1" 200 7761 "-" "CCBot/2.0 (https://commoncrawl.org/faq/)"
162.158.78.218 - - [22/Aug/2019:01:27:54 +0000] "GET /en/taxi-transfer/split-airport/primosten HTTP/1.1" 200 7965 "-" "CCBot/2.0 (https://commoncrawl.org/faq/)"
172.68.65.178 - - [22/Aug/2019:01:28:37 +0000] "GET /en/taxi-transfer/split-airport/siroki-brijeg-bih HTTP/1.1" 200 7987 "-" "CCBot/2.0 (https://commoncrawl.org/faq/)"
172.68.65.124 - - [22/Aug/2019:01:28:49 +0000] "GET /en/taxi-transfer/split-airport/bratus HTTP/1.1" 200 8134 "-" "CCBot/2.0 (https://commoncrawl.org/faq/)"
172.69.63.93 - - [22/Aug/2019:01:29:32 +0000] "GET /hr/destinacije/baric-draga HTTP/1.1" 200 4039 "-" "CCBot/2.0 (https://commoncrawl.org/faq/)"
162.158.78.20 - - [22/Aug/2019:01:31:03 +0000] "GET /taxi-transfer/makarska/zadar-airport HTTP/1.1" 200 7928 "-" "CCBot/2.0 (https://commoncrawl.org/faq/)"
172.69.63.123 - - [22/Aug/2019:01:31:34 +0000] "GET /en/taxi HTTP/1.1" 200 4597 "-" "CCBot/2.0 (https://commoncrawl.org/faq/)"
162.158.79.159 - - [22/Aug/2019:01:32:02 +0000] "GET /taxi-transfer/bast/gradac HTTP/1.1" 200 7625 "-" "Mozilla/5.0 (compatible; SemrushBot/6~bl; +http://www.semrush.com/bot.html)"
108.162.229.38 - - [22/Aug/2019:01:32:08 +0000] "GET /en/destinations/kraj-pasman HTTP/1.1" 200 3978 "-" "Mozilla/5.0 (compatible; AhrefsBot/6.1; +http://ahrefs.com/robot/)"
162.158.79.225 - - [22/Aug/2019:01:32:21 +0000] "GET /taxi-transfer/bast/podgora HTTP/1.1" 200 7632 "-" "CCBot/2.0 (https://commoncrawl.org/faq/)"
172.69.62.254 - - [22/Aug/2019:01:32:51 +0000] "GET /en/taxi-transfer/split-airport/podgora HTTP/1.1" 200 8107 "-" "CCBot/2.0 (https://commoncrawl.org/faq/)"
162.158.107.83 - - [22/Aug/2019:01:35:22 +0000] "GET /hr HTTP/1.1" 200 4923 "-" "Mozilla/5.0 (compatible; bingbot/2.0; +http://www.bing.com/bingbot.htm)"
172.68.65.178 - - [22/Aug/2019:01:42:15 +0000] "GET /taxi-transfer/dubrovnik-airport/igrane HTTP/1.1" 200 7961 "-" "Mozilla/5.0 (compatible; SemrushBot/6~bl; +http://www.semrush.com/bot.html)"
108.162.229.38 - - [22/Aug/2019:01:46:33 +0000] "GET /taxi-transfer/dubrovnik-airport/drvenik HTTP/1.1" 200 7956 "-" "Mozilla/5.0 (compatible; AhrefsBot/6.1; +http://ahrefs.com/robot/)"
172.68.59.94 - - [22/Aug/2019:01:46:42 +0000] "GET /taxi-transfer/dubrovnik-airport/podaca HTTP/1.1" 200 7959 "-" "Mozilla/5.0 (Linux; Android 6.0.1; Nexus 5X Build/MMB29P) AppleWebKit/537.36 (KHTML, like Gecko) Chrome/41.0.2272.96 Mobile Safari/537.36 (compatible; Googlebot/2.1; +http://www.google.com/bot.html)"
141.101.76.188 - - [22/Aug/2019:01:47:33 +0000] "GET /destinations/kalebovac HTTP/1.1" 200 3948 "-" "Mozilla/5.0 (compatible; AhrefsBot/6.1; +http://ahrefs.com/robot/)"
162.158.78.200 - - [22/Aug/2019:01:52:26 +0000] "GET /hr/taksi-transfer/bratus/igrane HTTP/1.1" 200 7849 "-" "Mozilla/5.0 (compatible; SemrushBot/6~bl; +http://www.semrush.com/bot.html)"
108.162.229.38 - - [22/Aug/2019:01:55:47 +0000] "GET /hr/taksi-transfer/split-airport/zaboric HTTP/1.1" 200 8179 "-" "Mozilla/5.0 (compatible; AhrefsBot/6.1; +http://ahrefs.com/robot/)"
162.158.75.56 - - [22/Aug/2019:01:57:07 +0000] "GET /destinations/udbina HTTP/1.1" 200 3943 "-" "Mozilla/5.0 (compatible; Googlebot/2.1; +http://www.google.com/bot.html)"
162.158.92.50 - - [22/Aug/2019:02:00:34 +0000] "GET /destinations/gornja-ploca HTTP/1.1" 200 3962 "-" "Mozilla/5.0 (compatible; SeznamBot/3.2; +http://napoveda.seznam.cz/en/seznambot-intro/)"
172.69.63.109 - - [22/Aug/2019:02:09:48 +0000] "GET /destinations/glogovo HTTP/1.1" 200 3943 "-" "Mozilla/5.0 (compatible; SemrushBot/6~bl; +http://www.semrush.com/bot.html)"
172.69.55.122 - - [22/Aug/2019:02:15:39 +0000] "GET /hr/destinacije/nova-raca HTTP/1.1" 200 4037 "-" "Mozilla/5.0 (compatible; AhrefsBot/6.1; +http://ahrefs.com/robot/)"
172.69.54.253 - - [22/Aug/2019:02:23:26 +0000] "GET /destinations/breznicki-hum HTTP/1.1" 200 3965 "-" "Mozilla/5.0 (compatible; AhrefsBot/6.1; +http://ahrefs.com/robot/)"
172.68.59.34 - - [22/Aug/2019:02:26:28 +0000] "GET /hr/taksi-transfer/brela/split-airport HTTP/1.1" 200 8313 "-" "Mozilla/5.0 (compatible; Googlebot/2.1; +http://www.google.com/bot.html)"
108.162.229.62 - - [22/Aug/2019:02:30:29 +0000] "GET /taxi-transfer/baska-voda/split HTTP/1.1" 200 7656 "-" "Mozilla/5.0 (compatible; AhrefsBot/6.1; +http://ahrefs.com/robot/)"
108.162.229.4 - - [22/Aug/2019:02:34:16 +0000] "GET /destinations/satnica-dakovacka HTTP/1.1" 200 3971 "-" "Mozilla/5.0 (compatible; AhrefsBot/6.1; +http://ahrefs.com/robot/)"
141.101.105.184 - - [22/Aug/2019:02:34:43 +0000] "GET /en/destinations/donja-vrucica HTTP/1.1" 200 4032 "-" "Mozilla/5.0 (compatible; AhrefsBot/6.1; +http://ahrefs.com/robot/)"
162.158.111.113 - - [22/Aug/2019:02:35:44 +0000] "GET /en/destinations/sikovo HTTP/1.1" 200 3949 "-" "Mozilla/5.0 (compatible; AhrefsBot/6.1; +http://ahrefs.com/robot/)"
108.162.229.174 - - [22/Aug/2019:02:35:59 +0000] "GET /en/destinations/kutjevo HTTP/1.1" 200 3952 "-" "Mozilla/5.0 (compatible; AhrefsBot/6.1; +http://ahrefs.com/robot/)"
108.162.216.188 - - [22/Aug/2019:02:37:36 +0000] "GET /hr/taksi-transfer/mostar-bih/split-airport HTTP/1.1" 200 8171 "-" "Mozilla/5.0 (compatible; Googlebot/2.1; +http://www.google.com/bot.html)"
108.162.216.98 - - [22/Aug/2019:02:38:59 +0000] "GET /hr/destinacije/slivnica HTTP/1.1" 200 4026 "-" "Mozilla/5.0 (compatible; Googlebot/2.1; +http://www.google.com/bot.html)"
172.69.63.93 - - [22/Aug/2019:02:55:15 +0000] "GET /destinations/rovinj HTTP/1.1" 200 3944 "-" "Mozilla/5.0 (compatible; SemrushBot/6~bl; +http://www.semrush.com/bot.html)"
162.158.78.218 - - [22/Aug/2019:03:08:35 +0000] "GET /destinations/strizirep HTTP/1.1" 200 3948 "-" "Mozilla/5.0 (compatible; SemrushBot/6~bl; +http://www.semrush.com/bot.html)"
108.162.229.4 - - [22/Aug/2019:03:09:16 +0000] "GET /destinations/sveti-vid-miholjice-krk HTTP/1.1" 200 3980 "-" "Mozilla/5.0 (compatible; AhrefsBot/6.1; +http://ahrefs.com/robot/)"
172.68.65.124 - - [22/Aug/2019:03:09:40 +0000] "GET /destinations/ugljane HTTP/1.1" 200 3944 "-" "Mozilla/5.0 (compatible; SemrushBot/6~bl; +http://www.semrush.com/bot.html)"
162.158.63.236 - - [22/Aug/2019:03:12:43 +0000] "GET /uploads/images/ba5794724237eafdd7b3d598b6e8ad66.jpg HTTP/1.1" 200 239612 "https://www.google.com/" "Mozilla/5.0 (iPhone; CPU iPhone OS 12_4 like Mac OS X) AppleWebKit/605.1.15 (KHTML, like Gecko) Version/12.1.2 Mobile/15E148 Safari/604.1"
172.69.63.93 - - [22/Aug/2019:03:13:26 +0000] "GET /taxi-transfer/baska-voda/brist HTTP/1.1" 200 7657 "-" "Mozilla/5.0 (compatible; SemrushBot/6~bl; +http://www.semrush.com/bot.html)"
141.101.69.25 - - [22/Aug/2019:03:15:34 +0000] "GET /en/destinations/puljane HTTP/1.1" 200 3951 "-" "Mozilla/5.0 (compatible; AhrefsBot/6.1; +http://ahrefs.com/robot/)"
108.162.229.148 - - [22/Aug/2019:03:17:21 +0000] "GET /taxi-transfer/podaca/makarska HTTP/1.1" 200 7624 "-" "Mozilla/5.0 (compatible; AhrefsBot/6.1; +http://ahrefs.com/robot/)"
172.68.58.181 - - [22/Aug/2019:03:18:06 +0000] "GET /hr/destinacije/sicane HTTP/1.1" 200 4032 "-" "Mozilla/5.0 (compatible; Googlebot/2.1; +http://www.google.com/bot.html)"
108.162.229.238 - - [22/Aug/2019:03:18:20 +0000] "GET /en/destinations/korlat HTTP/1.1" 200 3949 "-" "Mozilla/5.0 (compatible; AhrefsBot/6.1; +http://ahrefs.com/robot/)"
141.101.69.17 - - [22/Aug/2019:03:21:19 +0000] "GET /hr/destinations/zupanja HTTP/1.1" 302 472 "-" "Mozilla/5.0 (compatible; AhrefsBot/6.1; +http://ahrefs.com/robot/)"
172.68.58.45 - - [22/Aug/2019:03:26:45 +0000] "GET /hr/taksi-transfer/krvavica/brela HTTP/1.1" 200 7833 "-" "Mozilla/5.0 (Linux; Android 6.0.1; Nexus 5X Build/MMB29P) AppleWebKit/537.36 (KHTML, like Gecko) Chrome/41.0.2272.96 Mobile Safari/537.36 (compatible; Googlebot/2.1; +http://www.google.com/bot.html)"
162.158.79.33 - - [22/Aug/2019:03:26:46 +0000] "GET /hr/taksi-transfer/bast/gradac HTTP/1.1" 200 7829 "-" "Mozilla/5.0 (compatible; SemrushBot/6~bl; +http://www.semrush.com/bot.html)"
141.101.69.25 - - [22/Aug/2019:03:35:32 +0000] "GET /taxi-transfer/tucepi/zadar HTTP/1.1" 200 7642 "-" "Mozilla/5.0 (compatible; AhrefsBot/6.1; +http://ahrefs.com/robot/)"
172.69.63.123 - - [22/Aug/2019:03:41:45 +0000] "GET /hr/destinacije/punat-krk HTTP/1.1" 200 4034 "-" "Mozilla/5.0 (compatible; SemrushBot/6~bl; +http://www.semrush.com/bot.html)"
162.158.78.200 - - [22/Aug/2019:03:50:11 +0000] "GET /hr/taksi-transfer/baska-voda/dubrovnik HTTP/1.1" 200 7870 "-" "Mozilla/5.0 (compatible; SemrushBot/6~bl; +http://www.semrush.com/bot.html)"
108.162.229.4 - - [22/Aug/2019:03:50:34 +0000] "GET /hr/destinacije/severin HTTP/1.1" 200 4026 "-" "Mozilla/5.0 (compatible; AhrefsBot/6.1; +http://ahrefs.com/robot/)"
172.69.63.133 - - [22/Aug/2019:03:53:24 +0000] "GET /taxi-transfer/brela/drvenik HTTP/1.1" 200 7632 "-" "Mozilla/5.0 (compatible; SemrushBot/6~bl; +http://www.semrush.com/bot.html)"
141.101.104.33 - - [22/Aug/2019:03:53:36 +0000] "GET /destinations/daruvar HTTP/1.1" 200 3943 "-" "Mozilla/5.0 (compatible; AhrefsBot/6.1; +http://ahrefs.com/robot/)"
162.158.75.86 - - [22/Aug/2019:03:57:18 +0000] "GET / HTTP/1.1" 200 4688 "-" "Mozilla/5.0 (compatible; Googlebot/2.1; +http://www.google.com/bot.html)"
172.68.50.48 - - [22/Aug/2019:03:57:47 +0000] "GET /hr/destinacije/cacinci HTTP/1.1" 200 4035 "https://www.google.com/" "Mozilla/5.0 (Linux; Android 8.0.0; SM-J330F) AppleWebKit/537.36 (KHTML, like Gecko) Chrome/76.0.3809.89 Mobile Safari/537.36"
172.68.51.152 - - [22/Aug/2019:03:57:51 +0000] "GET /site.webmanifest HTTP/1.1" 200 426 "https://www.cheapridetransfers.com/hr/destinacije/cacinci" "Mozilla/5.0 (Linux; Android 8.0.0; SM-J330F) AppleWebKit/537.36 (KHTML, like Gecko) Chrome/76.0.3809.89 Mobile Safari/537.36"
172.68.65.124 - - [22/Aug/2019:04:00:16 +0000] "GET /destinations/radici-krk HTTP/1.1" 200 3961 "-" "Mozilla/5.0 (compatible; SemrushBot/6~bl; +http://www.semrush.com/bot.html)"
172.68.51.20 - - [22/Aug/2019:04:04:46 +0000] "GET /hr/destinacije/cacinci HTTP/1.1" 200 4035 "https://www.google.com/" "Mozilla/5.0 (Linux; Android 8.0.0; SM-J330F) AppleWebKit/537.36 (KHTML, like Gecko) Chrome/76.0.3809.89 Mobile Safari/537.36"
108.162.229.62 - - [22/Aug/2019:04:05:21 +0000] "GET /hr/destinacije/gradina HTTP/1.1" 200 4024 "-" "Mozilla/5.0 (compatible; AhrefsBot/6.1; +http://ahrefs.com/robot/)"
141.101.77.150 - - [22/Aug/2019:04:07:39 +0000] "GET /destinations/roze HTTP/1.1" 200 3946 "-" "Mozilla/5.0 (compatible; AhrefsBot/6.1; +http://ahrefs.com/robot/)"
162.158.75.86 - - [22/Aug/2019:04:07:54 +0000] "GET / HTTP/1.1" 200 4688 "-" "Mozilla/5.0 (Linux; Android 6.0.1; Nexus 5X Build/MMB29P) AppleWebKit/537.36 (KHTML, like Gecko) Chrome/41.0.2272.96 Mobile Safari/537.36 (compatible; Googlebot/2.1; +http://www.google.com/bot.html)"
108.162.229.114 - - [22/Aug/2019:04:12:47 +0000] "GET /destinations/pozega HTTP/1.1" 200 3950 "-" "Mozilla/5.0 (compatible; AhrefsBot/6.1; +http://ahrefs.com/robot/)"
162.158.79.75 - - [22/Aug/2019:04:13:58 +0000] "GET /destinations/rtina HTTP/1.1" 200 3940 "-" "Mozilla/5.0 (compatible; SemrushBot/6~bl; +http://www.semrush.com/bot.html)"
162.158.107.11 - - [22/Aug/2019:04:17:58 +0000] "GET /hr/destinacije/bednja HTTP/1.1" 200 4023 "-" "Mozilla/5.0 (compatible; bingbot/2.0; +http://www.bing.com/bingbot.htm)"
172.68.59.178 - - [22/Aug/2019:04:18:42 +0000] "GET /hr/destinacije/kozlovac HTTP/1.1" 200 4032 "-" "Mozilla/5.0 (compatible; Googlebot/2.1; +http://www.google.com/bot.html)"
162.158.2.212 - - [22/Aug/2019:04:46:54 +0000] "GET / HTTP/1.1" 200 4688 "https://www.google.com/" "Mozilla/5.0 (Linux; Android 8.0.0; SAMSUNG SM-G930F Build/R16NW) AppleWebKit/537.36 (KHTML, like Gecko) SamsungBrowser/9.4 Chrome/67.0.3396.87 Mobile Safari/537.36"
162.158.2.206 - - [22/Aug/2019:04:46:56 +0000] "GET /css/all.css?v=20 HTTP/1.1" 200 82999 "https://www.cheapridetransfers.com/" "Mozilla/5.0 (Linux; Android 8.0.0; SAMSUNG SM-G930F Build/R16NW) AppleWebKit/537.36 (KHTML, like Gecko) SamsungBrowser/9.4 Chrome/67.0.3396.87 Mobile Safari/537.36"
162.158.2.206 - - [22/Aug/2019:04:46:58 +0000] "GET /js/all.js?v=25 HTTP/1.1" 200 162862 "https://www.cheapridetransfers.com/" "Mozilla/5.0 (Linux; Android 8.0.0; SAMSUNG SM-G930F Build/R16NW) AppleWebKit/537.36 (KHTML, like Gecko) SamsungBrowser/9.4 Chrome/67.0.3396.87 Mobile Safari/537.36"
162.158.2.198 - - [22/Aug/2019:04:46:59 +0000] "GET /img/cursor.svg HTTP/1.1" 200 1179 "https://www.cheapridetransfers.com/css/all.css?v=20" "Mozilla/5.0 (Linux; Android 8.0.0; SAMSUNG SM-G930F Build/R16NW) AppleWebKit/537.36 (KHTML, like Gecko) SamsungBrowser/9.4 Chrome/67.0.3396.87 Mobile Safari/537.36"
162.158.2.62 - - [22/Aug/2019:04:46:59 +0000] "GET /font/icon_set_1.woff?55361665 HTTP/1.1" 200 41852 "https://www.cheapridetransfers.com/css/all.css?v=20" "Mozilla/5.0 (Linux; Android 8.0.0; SAMSUNG SM-G930F Build/R16NW) AppleWebKit/537.36 (KHTML, like Gecko) SamsungBrowser/9.4 Chrome/67.0.3396.87 Mobile Safari/537.36"
162.158.2.62 - - [22/Aug/2019:04:46:59 +0000] "GET /fonts/fontawesome-webfont.woff2?v=4.7.0 HTTP/1.1" 200 77160 "https://www.cheapridetransfers.com/css/all.css?v=20" "Mozilla/5.0 (Linux; Android 8.0.0; SAMSUNG SM-G930F Build/R16NW) AppleWebKit/537.36 (KHTML, like Gecko) SamsungBrowser/9.4 Chrome/67.0.3396.87 Mobile Safari/537.36"
162.158.2.140 - - [22/Aug/2019:04:46:59 +0000] "GET /font/fontello.woff?32974303 HTTP/1.1" 200 320576 "https://www.cheapridetransfers.com/css/all.css?v=20" "Mozilla/5.0 (Linux; Android 8.0.0; SAMSUNG SM-G930F Build/R16NW) AppleWebKit/537.36 (KHTML, like Gecko) SamsungBrowser/9.4 Chrome/67.0.3396.87 Mobile Safari/537.36"
162.158.2.208 - - [22/Aug/2019:04:47:02 +0000] "GET /apple-touch-icon.png HTTP/1.1" 200 9651 "https://www.cheapridetransfers.com/" "Mozilla/5.0 (Linux; Android 8.0.0; SAMSUNG SM-G930F Build/R16NW) AppleWebKit/537.36 (KHTML, like Gecko) SamsungBrowser/9.4 Chrome/67.0.3396.87 Mobile Safari/537.36"
162.158.2.176 - - [22/Aug/2019:04:47:02 +0000] "GET /img/logo_2x.jpg HTTP/1.1" 200 3711 "https://www.cheapridetransfers.com/" "Mozilla/5.0 (Linux; Android 8.0.0; SAMSUNG SM-G930F Build/R16NW) AppleWebKit/537.36 (KHTML, like Gecko) SamsungBrowser/9.4 Chrome/67.0.3396.87 Mobile Safari/537.36"
172.69.62.254 - - [22/Aug/2019:04:51:27 +0000] "GET /destinations/icici HTTP/1.1" 200 3952 "-" "Mozilla/5.0 (compatible; SemrushBot/6~bl; +http://www.semrush.com/bot.html)"
141.101.77.150 - - [22/Aug/2019:04:51:37 +0000] "GET /taxi-transfer/split-airport/rogotin HTTP/1.1" 200 7953 "-" "Mozilla/5.0 (compatible; AhrefsBot/6.1; +http://ahrefs.com/robot/)"
162.158.79.33 - - [22/Aug/2019:04:51:55 +0000] "GET /taxi-transfer/brela/zadar HTTP/1.1" 200 7641 "-" "Mozilla/5.0 (compatible; SemrushBot/6~bl; +http://www.semrush.com/bot.html)"
162.158.79.33 - - [22/Aug/2019:04:53:52 +0000] "GET /destinations/gradac HTTP/1.1" 200 4511 "-" "Mozilla/5.0 (compatible; SemrushBot/6~bl; +http://www.semrush.com/bot.html)"
162.158.78.80 - - [22/Aug/2019:04:56:48 +0000] "GET /hr/destinacije/antenal HTTP/1.1" 200 4025 "-" "Mozilla/5.0 (compatible; SemrushBot/6~bl; +http://www.semrush.com/bot.html)"
108.162.229.4 - - [22/Aug/2019:04:57:13 +0000] "GET /hr/destinacije/potravlje HTTP/1.1" 200 4029 "-" "Mozilla/5.0 (compatible; AhrefsBot/6.1; +http://ahrefs.com/robot/)"
108.162.229.238 - - [22/Aug/2019:05:00:00 +0000] "GET /destinations/sparagovici HTTP/1.1" 200 3957 "-" "Mozilla/5.0 (compatible; AhrefsBot/6.1; +http://ahrefs.com/robot/)"
172.69.54.61 - - [22/Aug/2019:05:05:08 +0000] "GET /en/destinations/linardici-krk HTTP/1.1" 200 3970 "-" "Mozilla/5.0 (compatible; AhrefsBot/6.1; +http://ahrefs.com/robot/)"
162.158.74.127 - - [22/Aug/2019:05:09:09 +0000] "GET /hr/destinacije/obrovac HTTP/1.1" 200 4027 "-" "Mozilla/5.0 (compatible; Googlebot/2.1; +http://www.google.com/bot.html)"
108.162.229.114 - - [22/Aug/2019:05:09:53 +0000] "GET /hr/taksi-transfer/promajna/krvavica HTTP/1.1" 200 7838 "-" "Mozilla/5.0 (compatible; AhrefsBot/6.1; +http://ahrefs.com/robot/)"
172.69.62.62 - - [22/Aug/2019:05:15:23 +0000] "GET /destinations/klis HTTP/1.1" 200 3941 "-" "Mozilla/5.0 (compatible; SemrushBot/6~bl; +http://www.semrush.com/bot.html)"
172.68.51.38 - - [22/Aug/2019:05:16:40 +0000] "GET /hr/destinacije/klinca-sela HTTP/1.1" 200 4038 "https://www.google.com/" "Mozilla/5.0 (Linux; Android 8.0.0; SM-A520F) AppleWebKit/537.36 (KHTML, like Gecko) Chrome/76.0.3809.111 Mobile Safari/537.36"
172.68.50.24 - - [22/Aug/2019:05:16:43 +0000] "GET /site.webmanifest HTTP/1.1" 200 426 "https://www.cheapridetransfers.com/hr/destinacije/klinca-sela" "Mozilla/5.0 (Linux; Android 8.0.0; SM-A520F) AppleWebKit/537.36 (KHTML, like Gecko) Chrome/76.0.3809.111 Mobile Safari/537.36"
172.68.51.38 - - [22/Aug/2019:05:16:50 +0000] "POST /startlocation HTTP/1.1" 200 253 "https://www.cheapridetransfers.com/hr/destinacije/klinca-sela" "Mozilla/5.0 (Linux; Android 8.0.0; SM-A520F) AppleWebKit/537.36 (KHTML, like Gecko) Chrome/76.0.3809.111 Mobile Safari/537.36"
172.68.51.38 - - [22/Aug/2019:05:16:50 +0000] "POST /startlocation HTTP/1.1" 200 34 "https://www.cheapridetransfers.com/hr/destinacije/klinca-sela" "Mozilla/5.0 (Linux; Android 8.0.0; SM-A520F) AppleWebKit/537.36 (KHTML, like Gecko) Chrome/76.0.3809.111 Mobile Safari/537.36"
172.68.51.38 - - [22/Aug/2019:05:16:50 +0000] "POST /startlocation HTTP/1.1" 200 34 "https://www.cheapridetransfers.com/hr/destinacije/klinca-sela" "Mozilla/5.0 (Linux; Android 8.0.0; SM-A520F) AppleWebKit/537.36 (KHTML, like Gecko) Chrome/76.0.3809.111 Mobile Safari/537.36"
172.68.51.38 - - [22/Aug/2019:05:16:51 +0000] "POST /startlocation HTTP/1.1" 200 34 "https://www.cheapridetransfers.com/hr/destinacije/klinca-sela" "Mozilla/5.0 (Linux; Android 8.0.0; SM-A520F) AppleWebKit/537.36 (KHTML, like Gecko) Chrome/76.0.3809.111 Mobile Safari/537.36"
172.68.51.38 - - [22/Aug/2019:05:16:56 +0000] "POST /endlocation HTTP/1.1" 200 108 "https://www.cheapridetransfers.com/hr/destinacije/klinca-sela" "Mozilla/5.0 (Linux; Android 8.0.0; SM-A520F) AppleWebKit/537.36 (KHTML, like Gecko) Chrome/76.0.3809.111 Mobile Safari/537.36"
172.68.51.38 - - [22/Aug/2019:05:16:58 +0000] "POST /endlocation HTTP/1.1" 200 37 "https://www.cheapridetransfers.com/hr/destinacije/klinca-sela" "Mozilla/5.0 (Linux; Android 8.0.0; SM-A520F) AppleWebKit/537.36 (KHTML, like Gecko) Chrome/76.0.3809.111 Mobile Safari/537.36"
