172.69.130.32 - - [22/Aug/2019:20:36:15 +0000] "GET /destinations/veli-rat-dugi-otok HTTP/1.1" 200 3967 "https://www.cheapridetransfers.com/destinations?page=5" "Mozilla/5.0 (Macintosh; Intel Mac OS X 10.7; rv:26.0) Gecko/20100101 Firefox/26.0"
172.69.130.32 - - [22/Aug/2019:20:36:18 +0000] "GET /destinations/velo-grablje-hvar HTTP/1.1" 200 3962 "https://www.cheapridetransfers.com/destinations?page=5" "Mozilla/5.0 (X11; Linux x86_64) AppleWebKit/537.36 (KHTML, like Gecko) Chrome/31.0.1650.57 Safari/537.36"
172.69.130.38 - - [22/Aug/2019:20:36:18 +0000] "GET /destinations/verunic-dugi-otok HTTP/1.1" 200 3970 "https://www.cheapridetransfers.com/destinations?page=5" "Mozilla/5.0 (Windows NT 6.2; WOW64) AppleWebKit/537.36 (KHTML, like Gecko) Chrome/31.0.1650.63 Safari/537.36"
172.69.130.32 - - [22/Aug/2019:20:36:21 +0000] "GET /destinations/vidalici-pag HTTP/1.1" 200 4026 "https://www.cheapridetransfers.com/destinations?page=5" "Mozilla/5.0 (X11; Ubuntu; Linux x86_64; rv:26.0) Gecko/20100101 Firefox/26.0"
172.69.130.32 - - [22/Aug/2019:20:36:25 +0000] "GET /destinations/vidovici-cres HTTP/1.1" 200 3962 "https://www.cheapridetransfers.com/destinations?page=5" "Mozilla/5.0 (Macintosh; Intel Mac OS X 10_6_8) AppleWebKit/537.36 (KHTML, like Gecko) Chrome/31.0.1650.63 Safari/537.36"
172.69.130.32 - - [22/Aug/2019:20:36:29 +0000] "GET /destinations/vlasici-pag HTTP/1.1" 200 3976 "https://www.cheapridetransfers.com/destinations?page=5" "Mozilla/6.0 (compatible)"
172.69.130.38 - - [22/Aug/2019:20:36:30 +0000] "GET /destinations/vrbnik-krk HTTP/1.1" 200 3955 "https://www.cheapridetransfers.com/destinations?page=5" "Mozilla/5.0 (X11; Linux x86_64) AppleWebKit/537.36 (KHTML, like Gecko) Chrome/31.0.1650.63 Safari/537.36"
172.69.130.32 - - [22/Aug/2019:20:36:32 +0000] "GET /destinations/vrana-cres HTTP/1.1" 200 3951 "https://www.cheapridetransfers.com/destinations?page=5" "Mozilla/5.0 (Windows NT 6.3; WOW64) AppleWebKit/537.36 (KHTML, like Gecko) Chrome/31.0.1650.63 Safari/537.36"
172.69.130.32 - - [22/Aug/2019:20:36:37 +0000] "GET /destinations/vrboska-hvar HTTP/1.1" 200 3955 "https://www.cheapridetransfers.com/destinations?page=5" "Mozilla/5.0 (Windows NT 6.3; WOW64; Trident/7.0; Touch; rv:11.0) like Gecko"
172.69.130.38 - - [22/Aug/2019:20:36:37 +0000] "GET /destinations/vrgada-vrgada HTTP/1.1" 200 3953 "https://www.cheapridetransfers.com/destinations?page=5" "Mozilla/5.0 (Windows NT 6.0; WOW64) AppleWebKit/534.30 (KHTML, like Gecko) Chrome/12.0.742.91 Safari/534.30"
172.69.130.50 - - [22/Aug/2019:20:36:37 +0000] "GET /destinations/vrh-krk HTTP/1.1" 200 3949 "https://www.cheapridetransfers.com/destinations?page=5" "Mozilla/5.0 (Macintosh; Intel Mac OS X 10_8_4) AppleWebKit/537.36 (KHTML, like Gecko) Chrome/31.0.1650.63 Safari/537.36"
172.69.130.32 - - [22/Aug/2019:20:36:41 +0000] "GET /destinations/vrcici-pag HTTP/1.1" 200 3963 "https://www.cheapridetransfers.com/destinations?page=5" "Mozilla/5.0 (Windows NT 6.1; WOW64) AppleWebKit/537.36 (KHTML, like Gecko) Chrome/31.0.1650.63 Safari/537.36"
172.69.130.32 - - [22/Aug/2019:20:36:43 +0000] "GET /destinations/vrisnik-hvar HTTP/1.1" 200 3956 "https://www.cheapridetransfers.com/destinations?page=5" "Mozilla/5.0 (Windows NT 6.1) AppleWebKit/537.36 (KHTML, like Gecko) Chrome/32.0.1700.72 Safari/537.36"
172.69.130.32 - - [22/Aug/2019:20:36:48 +0000] "GET /destinations/zaglav-dugi-otok HTTP/1.1" 200 3964 "https://www.cheapridetransfers.com/destinations?page=5" "Mozilla/5.0 (Macintosh; Intel Mac OS X 10_9_1) AppleWebKit/537.36 (KHTML, like Gecko) Chrome/31.0.1650.63 Safari/537.36"
172.69.130.32 - - [22/Aug/2019:20:36:51 +0000] "GET /destinations/zaklopatica-lastovo HTTP/1.1" 200 3965 "https://www.cheapridetransfers.com/destinations?page=5" "Mozilla/5.0 (Windows NT 6.1) AppleWebKit/537.36 (KHTML, like Gecko) Chrome/31.0.1650.63 Safari/537.36"
172.69.130.32 - - [22/Aug/2019:20:36:54 +0000] "GET /destinations/ferdinandovac HTTP/1.1" 200 3951 "https://www.cheapridetransfers.com/destinations?page=7" "Mozilla/5.0 (Windows NT 6.1; rv:24.0) Gecko/20100101 Firefox/24.0"
172.69.130.38 - - [22/Aug/2019:20:36:54 +0000] "GET /destinations/zapuntel-molat HTTP/1.1" 200 3959 "https://www.cheapridetransfers.com/destinations?page=5" "Mozilla/5.0 (Macintosh; Intel Mac OS X 10_9_0) AppleWebKit/537.36 (KHTML, like Gecko) Chrome/31.0.1650.57 Safari/537.36"
172.69.130.32 - - [22/Aug/2019:20:37:00 +0000] "GET /destinations/fericanci HTTP/1.1" 200 3954 "https://www.cheapridetransfers.com/destinations?page=7" "Mozilla/5.0 (compatible; MSIE 9.0; Windows NT 6.1; WOW64; Trident/5.0)"
172.68.222.32 - - [22/Aug/2019:20:37:06 +0000] "GET /hr/taxi HTTP/1.1" 200 4770 "https://www.google.com/" "Mozilla/5.0 (Linux; Android 7.0; HUAWEI VNS-L21 Build/HUAWEIVNS-L21) AppleWebKit/537.36 (KHTML, like Gecko) Chrome/55.0.2883.91 Mobile Safari/537.36"
172.69.130.38 - - [22/Aug/2019:20:37:07 +0000] "GET /destinations/fuzine HTTP/1.1" 200 3949 "https://www.cheapridetransfers.com/destinations?page=7" "Mozilla/5.0 (X11; Ubuntu; Linux x86_64; rv:26.0) Gecko/20100101 Firefox/26.0"
172.69.130.50 - - [22/Aug/2019:20:37:07 +0000] "GET /destinations/gabrili HTTP/1.1" 200 3943 "https://www.cheapridetransfers.com/destinations?page=7" "Mozilla/5.0 (Windows NT 6.0) AppleWebKit/537.36 (KHTML, like Gecko) Chrome/31.0.1650.63 Safari/537.36"
172.69.130.32 - - [22/Aug/2019:20:37:07 +0000] "GET /destinations/funtana HTTP/1.1" 200 3943 "https://www.cheapridetransfers.com/destinations?page=7" "Mozilla/5.0 (Macintosh; Intel Mac OS X 10_7_5) AppleWebKit/537.73.11 (KHTML, like Gecko) Version/6.1.1 Safari/537.73.11"
172.69.130.38 - - [22/Aug/2019:20:37:08 +0000] "GET /destinations/gacelezi HTTP/1.1" 200 3953 "https://www.cheapridetransfers.com/destinations?page=7" "Mozilla/5.0 (X11; Ubuntu; Linux i686; rv:26.0) Gecko/20100101 Firefox/26.0"
172.68.222.32 - - [22/Aug/2019:20:37:17 +0000] "GET /site.webmanifest HTTP/1.1" 200 426 "https://www.cheapridetransfers.com/hr/taxi" "Mozilla/5.0 (Linux; Android 7.0; HUAWEI VNS-L21 Build/HUAWEIVNS-L21) AppleWebKit/537.36 (KHTML, like Gecko) Chrome/55.0.2883.91 Mobile Safari/537.36"
172.69.130.32 - - [22/Aug/2019:20:37:21 +0000] "GET /destinations/galovac HTTP/1.1" 200 3944 "https://www.cheapridetransfers.com/destinations?page=7" "Mozilla/5.0 (X11; Ubuntu; Linux i686; rv:26.0) Gecko/20100101 Firefox/26.0"
172.68.222.32 - - [22/Aug/2019:20:37:23 +0000] "POST /startlocation HTTP/1.1" 200 49 "https://www.cheapridetransfers.com/hr/taxi" "Mozilla/5.0 (Linux; Android 7.0; HUAWEI VNS-L21 Build/HUAWEIVNS-L21) AppleWebKit/537.36 (KHTML, like Gecko) Chrome/55.0.2883.91 Mobile Safari/537.36"
172.68.222.32 - - [22/Aug/2019:20:37:25 +0000] "POST /startlocation HTTP/1.1" 200 49 "https://www.cheapridetransfers.com/hr/taxi" "Mozilla/5.0 (Linux; Android 7.0; HUAWEI VNS-L21 Build/HUAWEIVNS-L21) AppleWebKit/537.36 (KHTML, like Gecko) Chrome/55.0.2883.91 Mobile Safari/537.36"
172.68.222.32 - - [22/Aug/2019:20:37:29 +0000] "POST /startlocation HTTP/1.1" 200 2 "https://www.cheapridetransfers.com/hr/taxi" "Mozilla/5.0 (Linux; Android 7.0; HUAWEI VNS-L21 Build/HUAWEIVNS-L21) AppleWebKit/537.36 (KHTML, like Gecko) Chrome/55.0.2883.91 Mobile Safari/537.36"
172.69.130.32 - - [22/Aug/2019:20:37:27 +0000] "GET /destinations/generalski-stol HTTP/1.1" 200 3957 "https://www.cheapridetransfers.com/destinations?page=7" "Mozilla/5.0 (Macintosh; Intel Mac OS X 10.7; rv:26.0) Gecko/20100101 Firefox/26.0"
172.68.222.32 - - [22/Aug/2019:20:37:31 +0000] "POST /endlocation HTTP/1.1" 200 2 "https://www.cheapridetransfers.com/hr/taxi" "Mozilla/5.0 (Linux; Android 7.0; HUAWEI VNS-L21 Build/HUAWEIVNS-L21) AppleWebKit/537.36 (KHTML, like Gecko) Chrome/55.0.2883.91 Mobile Safari/537.36"
172.69.130.32 - - [22/Aug/2019:20:37:30 +0000] "GET /destinations/glina HTTP/1.1" 200 3940 "https://www.cheapridetransfers.com/destinations?page=7" "Mozilla/5.0 (compatible; MSIE 9.0; Windows NT 6.1; WOW64; Trident/5.0)"
172.68.222.32 - - [22/Aug/2019:20:37:32 +0000] "POST /endlocation HTTP/1.1" 200 2 "https://www.cheapridetransfers.com/hr/taxi" "Mozilla/5.0 (Linux; Android 7.0; HUAWEI VNS-L21 Build/HUAWEIVNS-L21) AppleWebKit/537.36 (KHTML, like Gecko) Chrome/55.0.2883.91 Mobile Safari/537.36"
172.68.222.32 - - [22/Aug/2019:20:37:33 +0000] "POST /endlocation HTTP/1.1" 200 2 "https://www.cheapridetransfers.com/hr/taxi" "Mozilla/5.0 (Linux; Android 7.0; HUAWEI VNS-L21 Build/HUAWEIVNS-L21) AppleWebKit/537.36 (KHTML, like Gecko) Chrome/55.0.2883.91 Mobile Safari/537.36"
172.69.130.32 - - [22/Aug/2019:20:37:32 +0000] "GET /destinations/garesnica HTTP/1.1" 200 3966 "https://www.cheapridetransfers.com/destinations?page=7" "Mozilla/5.0 (Windows NT 6.1; Trident/7.0; rv:11.0) like Gecko"
172.69.130.38 - - [22/Aug/2019:20:37:32 +0000] "GET /destinations/glogovo HTTP/1.1" 200 3943 "https://www.cheapridetransfers.com/destinations?page=7" "Mozilla/6.0 (compatible)"
172.68.222.32 - - [22/Aug/2019:20:37:37 +0000] "GET /hr/pretraga?start_location=%C5%BDivogo%C5%A1%C4%87e+Blato&end_location=Makarana&date=22.08.2019 HTTP/1.1" 302 460 "https://www.cheapridetransfers.com/hr/taxi" "Mozilla/5.0 (Linux; Android 7.0; HUAWEI VNS-L21 Build/HUAWEIVNS-L21) AppleWebKit/537.36 (KHTML, like Gecko) Chrome/55.0.2883.91 Mobile Safari/537.36"
172.68.222.32 - - [22/Aug/2019:20:37:37 +0000] "GET /hr/zatrazite-ponudu HTTP/1.1" 200 3898 "https://www.cheapridetransfers.com/hr/taxi" "Mozilla/5.0 (Linux; Android 7.0; HUAWEI VNS-L21 Build/HUAWEIVNS-L21) AppleWebKit/537.36 (KHTML, like Gecko) Chrome/55.0.2883.91 Mobile Safari/537.36"
172.69.130.38 - - [22/Aug/2019:20:37:34 +0000] "GET /destinations/golovik HTTP/1.1" 200 3944 "https://www.cheapridetransfers.com/destinations?page=7" "Mozilla/5.0 (Windows NT 6.1; WOW64; rv:27.3) Gecko/20100101 Firefox/27.3"
172.69.130.50 - - [22/Aug/2019:20:37:34 +0000] "GET /destinations/gola HTTP/1.1" 200 3940 "https://www.cheapridetransfers.com/destinations?page=7" "Mozilla/5.0 (Macintosh; Intel Mac OS X 10_9_1) AppleWebKit/537.36 (KHTML, like Gecko) Chrome/31.0.1650.63 Safari/537.36"
172.69.130.32 - - [22/Aug/2019:20:37:44 +0000] "GET /destinations/golubic HTTP/1.1" 200 3951 "https://www.cheapridetransfers.com/destinations?page=7" "Mozilla/5.0 (Windows NT 6.3; WOW64; rv:26.0) Gecko/20100101 Firefox/26.0"
172.69.130.32 - - [22/Aug/2019:20:37:46 +0000] "GET /destinations/gorica-sukosan HTTP/1.1" 200 3977 "https://www.cheapridetransfers.com/destinations?page=7" "Mozilla/5.0 (Windows NT 6.1; WOW64; rv:27.0) Gecko/20100101 Firefox/27.0"
172.69.130.38 - - [22/Aug/2019:20:37:46 +0000] "GET /destinations/gorican HTTP/1.1" 200 3952 "https://www.cheapridetransfers.com/destinations?page=7" "Mozilla/5.0 (Macintosh; Intel Mac OS X 10_8_4) AppleWebKit/537.36 (KHTML, like Gecko) Chrome/31.0.1650.63 Safari/537.36"
172.69.130.38 - - [22/Aug/2019:20:37:51 +0000] "GET /destinations/gorjani HTTP/1.1" 200 3944 "https://www.cheapridetransfers.com/destinations?page=7" "Mozilla/5.0 (Windows NT 6.1; WOW64; rv:36.0) Gecko/20100101 Firefox/36.0"
172.69.130.32 - - [22/Aug/2019:20:37:51 +0000] "GET /destinations/goris HTTP/1.1" 200 3958 "https://www.cheapridetransfers.com/destinations?page=7" "Mozilla/5.0 (Windows NT 6.3; WOW64; Trident/7.0; Touch; rv:11.0) like Gecko"
172.69.130.32 - - [22/Aug/2019:20:37:58 +0000] "GET /destinations/gornja-brela HTTP/1.1" 200 4015 "https://www.cheapridetransfers.com/destinations?page=7" "Mozilla/5.0 (Macintosh; Intel Mac OS X 10_9_1) AppleWebKit/537.36 (KHTML, like Gecko) Chrome/32.0.1700.68 Safari/537.36"
172.69.130.38 - - [22/Aug/2019:20:38:00 +0000] "GET /destinations/gornja-ploca HTTP/1.1" 200 3962 "https://www.cheapridetransfers.com/destinations?page=7" "Mozilla/5.0 (Macintosh; Intel Mac OS X 10_9_1) AppleWebKit/537.36 (KHTML, like Gecko) Chrome/31.0.1650.57 Safari/537.36"
172.69.130.32 - - [22/Aug/2019:20:38:02 +0000] "GET /destinations/gornja-jagodnja HTTP/1.1" 200 3958 "https://www.cheapridetransfers.com/destinations?page=7" "Mozilla/5.0 (X11; Ubuntu; Linux i686; rv:26.0) Gecko/20100101 Firefox/26.0"
172.69.130.32 - - [22/Aug/2019:20:38:04 +0000] "GET /destinations/gornja-rijeka HTTP/1.1" 200 3956 "https://www.cheapridetransfers.com/destinations?page=7" "Mozilla/5.0 (Windows NT 6.2; Win64; x64; rv:27.0) Gecko/20100101 Firefox/27.0"
172.69.130.38 - - [22/Aug/2019:20:38:06 +0000] "GET /destinations/gornja-stubica HTTP/1.1" 200 3957 "https://www.cheapridetransfers.com/destinations?page=7" "Mozilla/5.0 (compatible; MSIE 10.0; Windows NT 6.1; Trident/6.0)"
172.69.130.32 - - [22/Aug/2019:20:38:08 +0000] "GET /destinations/gornja-suvaja HTTP/1.1" 200 3956 "https://www.cheapridetransfers.com/destinations?page=7" "Mozilla/5.0 (compatible; MSIE 9.0; Windows NT 6.1; Trident/5.0)"
172.69.130.38 - - [22/Aug/2019:20:38:08 +0000] "GET /destinations/gornja-vrba HTTP/1.1" 200 3954 "https://www.cheapridetransfers.com/destinations?page=7" "Mozilla/5.0 (Windows NT 6.1; WOW64; rv:33.0) Gecko/20100101 Firefox/33.0"
172.69.130.50 - - [22/Aug/2019:20:38:09 +0000] "GET /destinations/gornje-biljane HTTP/1.1" 200 3957 "https://www.cheapridetransfers.com/destinations?page=7" "Mozilla/5.0 (Macintosh; Intel Mac OS X 10_7_5) AppleWebKit/537.36 (KHTML, like Gecko) Chrome/31.0.1650.63 Safari/537.36"
172.69.130.38 - - [22/Aug/2019:20:38:10 +0000] "GET /destinations/gornje-ceranje HTTP/1.1" 200 3956 "https://www.cheapridetransfers.com/destinations?page=7" "Mozilla/5.0 (Windows NT 6.1; WOW64; rv:27.3) Gecko/20100101 Firefox/27.3"
172.69.130.32 - - [22/Aug/2019:20:38:16 +0000] "GET /destinations/gornje-igrane HTTP/1.1" 200 3955 "https://www.cheapridetransfers.com/destinations?page=7" "Mozilla/5.0 (Windows NT 6.3; WOW64; Trident/7.0; rv:11.0) like Gecko"
172.69.130.38 - - [22/Aug/2019:20:38:17 +0000] "GET /destinations/gornje-planjane HTTP/1.1" 200 3958 "https://www.cheapridetransfers.com/destinations?page=7" "Mozilla/5.0 (Macintosh; Intel Mac OS X 10_9) AppleWebKit/537.71 (KHTML, like Gecko) Version/7.0 Safari/537.71"
172.69.130.32 - - [22/Aug/2019:20:38:18 +0000] "GET /destinations/gornje-rastane HTTP/1.1" 200 3974 "https://www.cheapridetransfers.com/destinations?page=7" "Mozilla/5.0 (compatible; MSIE 10.0; Windows NT 6.1; WOW64; Trident/6.0)"
172.69.130.50 - - [22/Aug/2019:20:38:19 +0000] "GET /destinations/gornje-vrhovine HTTP/1.1" 200 3957 "https://www.cheapridetransfers.com/destinations?page=7" "Mozilla/5.0 (X11; Ubuntu; Linux x86_64; rv:26.0) Gecko/20100101 Firefox/26.0"
172.69.130.32 - - [22/Aug/2019:20:38:29 +0000] "GET /destinations/gornji-babin-potok HTTP/1.1" 200 3965 "https://www.cheapridetransfers.com/destinations?page=7" "Opera/9.80 (Windows NT 6.1; WOW64) Presto/2.12.388 Version/12.16"
172.69.130.32 - - [22/Aug/2019:20:38:31 +0000] "GET /destinations/gornji-bogicevci HTTP/1.1" 200 3967 "https://www.cheapridetransfers.com/destinations?page=7" "Mozilla/5.0 (Windows NT 5.1) AppleWebKit/537.36 (KHTML, like Gecko) Chrome/31.0.1650.63 Safari/537.36"
172.69.130.32 - - [22/Aug/2019:20:38:37 +0000] "GET /destinations/gornji-brgat HTTP/1.1" 200 3955 "https://www.cheapridetransfers.com/destinations?page=7" "Mozilla/5.0 (Windows NT 6.1; WOW64) AppleWebKit/537.36 (KHTML, like Gecko) Chrome/40.0.2214.111 Safari/537.36"
172.69.130.38 - - [22/Aug/2019:20:38:40 +0000] "GET /destinations/gornji-kneginec HTTP/1.1" 200 3959 "https://www.cheapridetransfers.com/destinations?page=7" "Mozilla/5.0 (X11; Linux i686) AppleWebKit/537.36 (KHTML, like Gecko) Chrome/31.0.1650.63 Safari/537.36"
172.69.130.32 - - [22/Aug/2019:20:38:40 +0000] "GET /destinations/gornji-karin HTTP/1.1" 200 4018 "https://www.cheapridetransfers.com/destinations?page=7" "Mozilla/5.0 (X11; Linux x86_64) AppleWebKit/537.36 (KHTML, like Gecko) Ubuntu Chromium/31.0.1650.63 Chrome/31.0.1650.63 Safari/537.36"
172.69.130.32 - - [22/Aug/2019:20:38:44 +0000] "GET /destinations/gornji-kosinj HTTP/1.1" 200 3956 "https://www.cheapridetransfers.com/destinations?page=7" "Mozilla/5.0 (Windows NT 6.1; rv:26.0) Gecko/20100101 Firefox/26.0"
172.69.130.38 - - [22/Aug/2019:20:38:45 +0000] "GET /destinations/gornji-lapac HTTP/1.1" 200 3954 "https://www.cheapridetransfers.com/destinations?page=7" "Mozilla/5.0 (Windows NT 6.1) AppleWebKit/537.36 (KHTML, like Gecko) Chrome/31.0.1650.63 Safari/537.36"
172.69.130.50 - - [22/Aug/2019:20:38:45 +0000] "GET /destinations/gornji-mihaljevec HTTP/1.1" 200 3960 "https://www.cheapridetransfers.com/destinations?page=7" "Mozilla/5.0 (Windows NT 6.1; Trident/7.0; rv:11.0) like Gecko"
172.69.130.38 - - [22/Aug/2019:20:38:48 +0000] "GET /destinations/gornji-vaganac HTTP/1.1" 200 3957 "https://www.cheapridetransfers.com/destinations?page=7" "Mozilla/5.0 (Windows NT 6.1) AppleWebKit/537.36 (KHTML, like Gecko) Chrome/31.0.1650.63 Safari/537.36"
172.69.130.38 - - [22/Aug/2019:20:38:49 +0000] "GET /destinations/gornji-zagon HTTP/1.1" 200 3955 "https://www.cheapridetransfers.com/destinations?page=7" "Mozilla/5.0 (compatible)"
172.69.130.50 - - [22/Aug/2019:20:38:49 +0000] "GET /destinations/gospic HTTP/1.1" 200 3965 "https://www.cheapridetransfers.com/destinations?page=7" "Mozilla/5.0 (Windows NT 6.1; WOW64) AppleWebKit/537.36 (KHTML, like Gecko) Chrome/35.0.1916.153 Safari/537.36"
172.69.130.38 - - [22/Aug/2019:20:38:53 +0000] "GET /destinations/grabrova HTTP/1.1" 200 3943 "https://www.cheapridetransfers.com/destinations?page=7" "Mozilla/5.0 (Windows NT 6.1; WOW64) AppleWebKit/537.36 (KHTML, like Gecko) Chrome/41.0.2227.0 Safari/537.36"
172.69.130.38 - - [22/Aug/2019:20:38:57 +0000] "GET /destinations/grabusic HTTP/1.1" 200 3970 "https://www.cheapridetransfers.com/destinations?page=7" "Mozilla/5.0 (Windows NT 6.2; Win64; x64; rv:27.0) Gecko/20100101 Firefox/27.0"
172.69.130.50 - - [22/Aug/2019:20:38:57 +0000] "GET /destinations/gracac HTTP/1.1" 200 3949 "https://www.cheapridetransfers.com/destinations?page=7" "Mozilla/5.0 (Windows NT 6.2; Win64; x64; rv:27.0) Gecko/20100101 Firefox/27.0"
172.69.130.38 - - [22/Aug/2019:20:38:58 +0000] "GET /destinations/gracisce HTTP/1.1" 200 3974 "https://www.cheapridetransfers.com/destinations?page=7" "Mozilla/5.0 (Windows NT 6.1; rv:25.0) Gecko/20100101 Firefox/25.0"
172.69.130.38 - - [22/Aug/2019:20:39:05 +0000] "GET /destinations?page=9 HTTP/1.1" 200 5171 "https://www.cheapridetransfers.com/destinations?page=7" "Mozilla/5.0 (Macintosh; Intel Mac OS X 10_8_5) AppleWebKit/537.36 (KHTML, like Gecko) Chrome/31.0.1650.63 Safari/537.36"
172.69.130.38 - - [22/Aug/2019:20:39:04 +0000] "GET /destinations/gradac HTTP/1.1" 200 4511 "https://www.cheapridetransfers.com/destinations?page=7" "Mozilla/5.0 (Windows NT 6.3; WOW64) AppleWebKit/537.36 (KHTML, like Gecko) Chrome/32.0.1700.72 Safari/537.36"
172.69.130.50 - - [22/Aug/2019:20:39:05 +0000] "GET /destinations/gradina HTTP/1.1" 200 3942 "https://www.cheapridetransfers.com/destinations?page=7" "Mozilla/5.0 (compatible; MSIE 9.0; Windows NT 6.1; Trident/5.0)"
172.69.130.38 - - [22/Aug/2019:20:39:07 +0000] "GET /destinations?page=10 HTTP/1.1" 200 5235 "https://www.cheapridetransfers.com/destinations?page=7" "Mozilla/5.0 (Macintosh; Intel Mac OS X 10_9_0) AppleWebKit/537.36 (KHTML, like Gecko) Chrome/31.0.1650.57 Safari/537.36"
172.69.130.38 - - [22/Aug/2019:20:39:08 +0000] "GET /destinations/gradina-sibenik HTTP/1.1" 200 3976 "https://www.cheapridetransfers.com/destinations?page=8" "Mozilla/5.0 (Windows NT 6.2; WOW64; rv:26.0) Gecko/20100101 Firefox/26.0"
172.69.130.38 - - [22/Aug/2019:20:39:09 +0000] "GET /destinations/gradiste HTTP/1.1" 200 3962 "https://www.cheapridetransfers.com/destinations?page=8" "Mozilla/5.0 (Macintosh; Intel Mac OS X 10_9_1) AppleWebKit/537.36 (KHTML, like Gecko) Chrome/31.0.1650.63 Safari/537.36"
172.69.130.50 - - [22/Aug/2019:20:39:09 +0000] "GET /destinations/gradina-korenicka HTTP/1.1" 200 3967 "https://www.cheapridetransfers.com/destinations?page=8" "Mozilla/5.0 (Macintosh; Intel Mac OS X 10_8_5) AppleWebKit/537.73.11 (KHTML, like Gecko) Version/6.1.1 Safari/537.73.11"
172.69.130.32 - - [22/Aug/2019:20:39:09 +0000] "GET /destinations/grabovci-vodice HTTP/1.1" 200 3959 "https://www.cheapridetransfers.com/destinations?page=7" "Mozilla/5.0 (Windows NT 5.1; rv:25.0) Gecko/20100101 Firefox/25.0"
172.69.130.38 - - [22/Aug/2019:20:39:16 +0000] "GET /destinations/grebastica HTTP/1.1" 200 3968 "https://www.cheapridetransfers.com/destinations?page=8" "Mozilla/5.0 (Windows NT 6.1; WOW64; rv:24.0) Gecko/20100101 Firefox/24.0"
172.69.130.50 - - [22/Aug/2019:20:39:16 +0000] "GET /destinations/grizane-belgrad HTTP/1.1" 200 3965 "https://www.cheapridetransfers.com/destinations?page=8" "Mozilla/5.0 (Windows NT 6.1; WOW64) AppleWebKit/537.36 (KHTML, like Gecko) Chrome/40.0.2214.111 Safari/537.36"
172.69.130.38 - - [22/Aug/2019:20:39:20 +0000] "GET /destinations/grobnik HTTP/1.1" 200 3943 "https://www.cheapridetransfers.com/destinations?page=8" "Mozilla/5.0 (Macintosh; Intel Mac OS X 10_8_5) AppleWebKit/537.71 (KHTML, like Gecko) Version/6.1 Safari/537.71"
172.69.130.38 - - [22/Aug/2019:20:39:23 +0000] "GET /destinations/groznjan HTTP/1.1" 200 3953 "https://www.cheapridetransfers.com/destinations?page=8" "Mozilla/5.0 (Macintosh; Intel Mac OS X 10.9; rv:26.0) Gecko/20100101 Firefox/26.0"
172.69.130.38 - - [22/Aug/2019:20:39:28 +0000] "GET /destinations/grubisno-polje HTTP/1.1" 200 3975 "https://www.cheapridetransfers.com/destinations?page=8" "Mozilla/5.0 (Macintosh; Intel Mac OS X 10_9_1) AppleWebKit/537.73.11 (KHTML, like Gecko) Version/7.0.1 Safari/537.73.11"
172.69.130.38 - - [22/Aug/2019:20:39:32 +0000] "GET /destinations/grude-bih HTTP/1.1" 200 4029 "https://www.cheapridetransfers.com/destinations?page=8" "Mozilla/5.0 (Macintosh; Intel Mac OS X 10_6_8) AppleWebKit/534.59.10 (KHTML, like Gecko) Version/5.1.9 Safari/534.59.10"
172.69.130.38 - - [22/Aug/2019:20:39:35 +0000] "GET /destinations/gubavcevo-polje HTTP/1.1" 200 3966 "https://www.cheapridetransfers.com/destinations?page=8" "Mozilla/5.0 (Windows NT 6.0; rv:26.0) Gecko/20100101 Firefox/26.0"
172.69.130.50 - - [22/Aug/2019:20:39:35 +0000] "GET /destinations/gruda HTTP/1.1" 200 3941 "https://www.cheapridetransfers.com/destinations?page=8" "Mozilla/5.0 (Macintosh; Intel Mac OS X 10_9_1) AppleWebKit/537.73.11 (KHTML, like Gecko) Version/7.0.1 Safari/537.73.11"
172.69.130.38 - - [22/Aug/2019:20:39:42 +0000] "GET /destinations/gundinci HTTP/1.1" 200 3945 "https://www.cheapridetransfers.com/destinations?page=8" "Mozilla/5.0 (Windows NT 6.1; WOW64) AppleWebKit/537.36 (KHTML, like Gecko) Chrome/41.0.2227.0 Safari/537.36"
172.69.130.50 - - [22/Aug/2019:20:39:44 +0000] "GET /destinations/gunja HTTP/1.1" 200 3942 "https://www.cheapridetransfers.com/destinations?page=8" "Mozilla/5.0 (X11; Linux i686) AppleWebKit/537.36 (KHTML, like Gecko) Chrome/31.0.1650.63 Safari/537.36"
172.69.130.38 - - [22/Aug/2019:20:39:46 +0000] "GET /destinations/hercegovac HTTP/1.1" 200 3948 "https://www.cheapridetransfers.com/destinations?page=8" "Mozilla/5.0 (Windows NT 6.1; WOW64; rv:28.0) Gecko/20100101 Firefox/28.0"
172.69.130.38 - - [22/Aug/2019:20:39:53 +0000] "GET /destinations/herceg-novi-me HTTP/1.1" 200 3963 "https://www.cheapridetransfers.com/destinations?page=8" "Mozilla/5.0 (compatible; MSIE 10.0; Windows NT 6.1; Trident/6.0)"
172.69.130.50 - - [22/Aug/2019:20:39:53 +0000] "GET /destinations/hlebine HTTP/1.1" 200 3943 "https://www.cheapridetransfers.com/destinations?page=8" "Mozilla/5.0 (compatible; MSIE 10.0; Windows NT 6.1; WOW64; Trident/6.0)"
172.69.130.38 - - [22/Aug/2019:20:39:55 +0000] "GET /destinations/hodilje HTTP/1.1" 200 3945 "https://www.cheapridetransfers.com/destinations?page=8" "Mozilla/5.0 (compatible; MSIE 10.0; Windows NT 6.1; WOW64; Trident/6.0)"
172.69.130.38 - - [22/Aug/2019:20:39:56 +0000] "GET /destinations/homoljac HTTP/1.1" 200 3944 "https://www.cheapridetransfers.com/destinations?page=8" "Mozilla/5.0 (Windows NT 5.1; rv:25.0) Gecko/20100101 Firefox/25.0"
172.69.130.38 - - [22/Aug/2019:20:40:00 +0000] "GET /destinations/hrascina HTTP/1.1" 200 3970 "https://www.cheapridetransfers.com/destinations?page=8" "Mozilla/5.0 (X11; Linux x86_64) AppleWebKit/537.36 (KHTML, like Gecko) Chrome/31.0.1650.63 Safari/537.36"
172.69.130.50 - - [22/Aug/2019:20:40:02 +0000] "GET /destinations/hreljin HTTP/1.1" 200 3944 "https://www.cheapridetransfers.com/destinations?page=8" "Mozilla/5.0 (Windows NT 6.1; WOW64; rv:24.0) Gecko/20100101 Firefox/24.0"
172.69.130.38 - - [22/Aug/2019:20:40:06 +0000] "GET /destinations/hrvace HTTP/1.1" 200 3941 "https://www.cheapridetransfers.com/destinations?page=8" "Mozilla/5.0 (Windows NT 6.1; WOW64; rv:27.3) Gecko/20100101 Firefox/27.3"
172.69.130.50 - - [22/Aug/2019:20:40:09 +0000] "GET /destinations/hrvatska-kostajnica HTTP/1.1" 200 3955 "https://www.cheapridetransfers.com/destinations?page=8" "Mozilla/5.0 (Macintosh; Intel Mac OS X 10_6_8) AppleWebKit/534.59.10 (KHTML, like Gecko) Version/5.1.9 Safari/534.59.10"
172.69.130.38 - - [22/Aug/2019:20:40:09 +0000] "GET /destinations/hrvatska-dubica HTTP/1.1" 200 3952 "https://www.cheapridetransfers.com/destinations?page=8" "Mozilla/5.0 (compatible; MSIE 10.0; Windows NT 6.1; Trident/6.0)"
172.69.130.38 - - [22/Aug/2019:20:40:13 +0000] "GET /destinations/hrvatsko-polje HTTP/1.1" 200 3951 "https://www.cheapridetransfers.com/destinations?page=8" "Mozilla/5.0 (Macintosh; Intel Mac OS X 10_7_5) AppleWebKit/537.71 (KHTML, like Gecko) Version/6.1 Safari/537.71"
172.69.130.38 - - [22/Aug/2019:20:40:17 +0000] "GET /destinations/hum-na-sutli HTTP/1.1" 200 3956 "https://www.cheapridetransfers.com/destinations?page=8" "Mozilla/5.0 (Windows NT 6.1; rv:24.0) Gecko/20100101 Firefox/24.0"
172.69.130.50 - - [22/Aug/2019:20:40:18 +0000] "GET /destinations/igrane HTTP/1.1" 200 4551 "https://www.cheapridetransfers.com/destinations?page=8" "Mozilla/5.0 (Windows NT 5.1; rv:26.0) Gecko/20100101 Firefox/26.0"
172.69.130.38 - - [22/Aug/2019:20:40:21 +0000] "GET /destinations/icici HTTP/1.1" 200 3952 "https://www.cheapridetransfers.com/destinations?page=8" "Mozilla/5.0 (compatible; MSIE 9.0; Windows NT 6.1; Trident/5.0)"
172.69.130.38 - - [22/Aug/2019:20:40:21 +0000] "GET /destinations/ika HTTP/1.1" 200 3940 "https://www.cheapridetransfers.com/destinations?page=8" "Mozilla/5.0 (Windows NT 6.1; Trident/7.0; rv:11.0) like Gecko"
172.69.130.50 - - [22/Aug/2019:20:40:23 +0000] "GET /destinations/ilok HTTP/1.1" 200 3956 "https://www.cheapridetransfers.com/destinations?page=8" "Mozilla/5.0 (Macintosh; Intel Mac OS X 10_8_5) AppleWebKit/537.36 (KHTML, like Gecko) Chrome/31.0.1650.63 Safari/537.36"
172.69.130.38 - - [22/Aug/2019:20:40:24 +0000] "GET /destinations/imotica HTTP/1.1" 200 3944 "https://www.cheapridetransfers.com/destinations?page=8" "Mozilla/5.0 (X11; Linux i686) AppleWebKit/537.36 (KHTML, like Gecko) Chrome/31.0.1650.63 Safari/537.36"
172.69.130.38 - - [22/Aug/2019:20:40:32 +0000] "GET /destinations/imotski HTTP/1.1" 200 4108 "https://www.cheapridetransfers.com/destinations?page=8" "Mozilla/5.0 (Windows NT 6.1; WOW64) AppleWebKit/537.36 (KHTML, like Gecko) Chrome/31.0.1650.63 Safari/537.36"
172.69.130.50 - - [22/Aug/2019:20:40:36 +0000] "GET /destinations/ivanec HTTP/1.1" 200 3942 "https://www.cheapridetransfers.com/destinations?page=8" "Mozilla/5.0 (Macintosh; Intel Mac OS X 10_9_1) AppleWebKit/537.36 (KHTML, like Gecko) Chrome/31.0.1650.57 Safari/537.36"
172.69.130.38 - - [22/Aug/2019:20:40:36 +0000] "GET /destinations/islam-grcki HTTP/1.1" 200 3961 "https://www.cheapridetransfers.com/destinations?page=8" "Mozilla/5.0 (Macintosh; Intel Mac OS X 10_9) AppleWebKit/537.71 (KHTML, like Gecko) Version/7.0 Safari/537.71"
172.69.130.38 - - [22/Aug/2019:20:40:36 +0000] "GET /destinations/islam-latinski HTTP/1.1" 200 3957 "https://www.cheapridetransfers.com/destinations?page=8" "Mozilla/5.0 (Macintosh; Intel Mac OS X 10_8_5) AppleWebKit/537.71 (KHTML, like Gecko) Version/6.1 Safari/537.71"
172.69.130.32 - - [22/Aug/2019:20:40:37 +0000] "GET /destinations/ivanic-grad HTTP/1.1" 200 3959 "https://www.cheapridetransfers.com/destinations?page=8" "Mozilla/5.0 (Macintosh; Intel Mac OS X 10.9; rv:26.0) Gecko/20100101 Firefox/26.0"
172.69.130.38 - - [22/Aug/2019:20:40:45 +0000] "GET /destinations/ivankovo HTTP/1.1" 200 3945 "https://www.cheapridetransfers.com/destinations?page=8" "Mozilla/5.0 (X11; Ubuntu; Linux x86_64; rv:25.0) Gecko/20100101 Firefox/25.0"
172.69.130.32 - - [22/Aug/2019:20:40:45 +0000] "GET /destinations/jablanac HTTP/1.1" 200 3946 "https://www.cheapridetransfers.com/destinations?page=8" "Mozilla/5.0 (Macintosh; Intel Mac OS X 10_6_8) AppleWebKit/537.36 (KHTML, like Gecko) Chrome/31.0.1650.63 Safari/537.36"
172.69.130.38 - - [22/Aug/2019:20:40:45 +0000] "GET /destinations/jadranovo HTTP/1.1" 200 3948 "https://www.cheapridetransfers.com/destinations?page=8" "Mozilla/5.0 (Windows NT 6.3; WOW64) AppleWebKit/537.36 (KHTML, like Gecko) Chrome/32.0.1700.72 Safari/537.36"
172.69.130.50 - - [22/Aug/2019:20:40:45 +0000] "GET /destinations/ivanska HTTP/1.1" 200 3943 "https://www.cheapridetransfers.com/destinations?page=8" "Mozilla/5.0 (compatible; MSIE 9.0; Windows NT 6.1; WOW64; Trident/5.0)"
172.69.130.38 - - [22/Aug/2019:20:40:59 +0000] "GET /destinations/jadrtovac HTTP/1.1" 200 3948 "https://www.cheapridetransfers.com/destinations?page=8" "Mozilla/5.0 (Macintosh; Intel Mac OS X 10_9_0) AppleWebKit/537.36 (KHTML, like Gecko) Chrome/31.0.1650.57 Safari/537.36"
172.69.130.50 - - [22/Aug/2019:20:41:00 +0000] "GET /destinations/jagodnjak HTTP/1.1" 200 3949 "https://www.cheapridetransfers.com/destinations?page=8" "Mozilla/5.0 (Windows NT 6.3; WOW64; Trident/7.0; rv:11.0) like Gecko"
172.69.130.38 - - [22/Aug/2019:20:41:05 +0000] "GET /destinations/jakovlje HTTP/1.1" 200 3947 "https://www.cheapridetransfers.com/destinations?page=8" "Opera/9.80 (Windows NT 6.1; WOW64) Presto/2.12.388 Version/12.16"
108.162.216.230 - - [22/Aug/2019:20:41:15 +0000] "GET /en/destinations/gornji-babin-potok HTTP/1.1" 200 3971 "-" "Mozilla/5.0 (compatible; Googlebot/2.1; +http://www.google.com/bot.html)"
172.69.130.38 - - [22/Aug/2019:20:41:15 +0000] "GET /destinations/janjina HTTP/1.1" 200 3945 "https://www.cheapridetransfers.com/destinations?page=8" "Mozilla/5.0 (Windows NT 6.1; WOW64) AppleWebKit/537.36 (KHTML, like Gecko) Chrome/31.0.1650.57 Safari/537.36"
172.69.130.50 - - [22/Aug/2019:20:41:15 +0000] "GET /destinations/jalzabet HTTP/1.1" 200 3955 "https://www.cheapridetransfers.com/destinations?page=8" "Mozilla/5.0 (Macintosh; Intel Mac OS X 10_8_5) AppleWebKit/537.71 (KHTML, like Gecko) Version/6.1 Safari/537.71"
172.69.130.38 - - [22/Aug/2019:20:41:15 +0000] "GET /destinations/jaksic HTTP/1.1" 200 3969 "https://www.cheapridetransfers.com/destinations?page=8" "Mozilla/5.0 (X11; Ubuntu; Linux x86_64; rv:26.0) Gecko/20100101 Firefox/26.0"
172.69.130.32 - - [22/Aug/2019:20:41:18 +0000] "GET /destinations/jarebinjak HTTP/1.1" 200 3950 "https://www.cheapridetransfers.com/destinations?page=8" "Mozilla/5.0 (Macintosh; Intel Mac OS X 10_7_5) AppleWebKit/537.36 (KHTML, like Gecko) Chrome/31.0.1650.63 Safari/537.36"
172.69.130.38 - - [22/Aug/2019:20:41:22 +0000] "GET /destinations/jarmina HTTP/1.1" 200 3944 "https://www.cheapridetransfers.com/destinations?page=8" "Mozilla/5.0 (Windows NT 6.1; WOW64; Trident/7.0; rv:11.0) like Gecko"
108.162.216.74 - - [22/Aug/2019:20:41:23 +0000] "GET /hr/destinacije/zatoglav HTTP/1.1" 200 4026 "-" "Mozilla/5.0 (compatible; Googlebot/2.1; +http://www.google.com/bot.html)"
172.69.130.38 - - [22/Aug/2019:20:41:26 +0000] "GET /destinations/jasenice HTTP/1.1" 200 4010 "https://www.cheapridetransfers.com/destinations?page=8" "Mozilla/5.0 (Windows NT 6.3; WOW64; Trident/7.0; rv:11.0) like Gecko"
172.69.130.50 - - [22/Aug/2019:20:41:27 +0000] "GET /destinations/jasenovac HTTP/1.1" 200 3948 "https://www.cheapridetransfers.com/destinations?page=8" "Mozilla/5.0 (X11; Linux x86_64) AppleWebKit/537.36 (KHTML, like Gecko) Chrome/31.0.1650.63 Safari/537.36"
172.69.130.38 - - [22/Aug/2019:20:41:29 +0000] "GET /destinations/jastrebarsko HTTP/1.1" 200 3950 "https://www.cheapridetransfers.com/destinations?page=8" "Mozilla/5.0 (Windows NT 6.1; WOW64) AppleWebKit/537.36 (KHTML, like Gecko) Chrome/31.0.1650.63 Safari/537.36"
172.69.130.38 - - [22/Aug/2019:20:41:31 +0000] "GET /destinations?page=11 HTTP/1.1" 200 5259 "https://www.cheapridetransfers.com/destinations?page=8" "Mozilla/5.0 (Windows NT 6.0) AppleWebKit/537.36 (KHTML, like Gecko) Chrome/31.0.1650.63 Safari/537.36"
172.69.130.38 - - [22/Aug/2019:20:41:35 +0000] "GET /destinations/veliko-trgovisce HTTP/1.1" 200 3982 "https://www.cheapridetransfers.com/destinations?page=21" "Mozilla/5.0 (Windows NT 6.1) AppleWebKit/537.36 (KHTML, like Gecko) Chrome/31.0.1650.63 Safari/537.36"
172.69.130.50 - - [22/Aug/2019:20:41:36 +0000] "GET /destinations/veliko-trojstvo HTTP/1.1" 200 3957 "https://www.cheapridetransfers.com/destinations?page=21" "Mozilla/5.0 (Macintosh; Intel Mac OS X 10_9_1) AppleWebKit/537.36 (KHTML, like Gecko) Chrome/31.0.1650.57 Safari/537.36"
172.69.130.38 - - [22/Aug/2019:20:41:37 +0000] "GET /destinations/velim HTTP/1.1" 200 3941 "https://www.cheapridetransfers.com/destinations?page=21" "Mozilla/5.0 (X11; Ubuntu; Linux i686; rv:26.0) Gecko/20100101 Firefox/26.0"
172.69.130.38 - - [22/Aug/2019:20:41:40 +0000] "GET /destinations/veljun-primorski HTTP/1.1" 200 3958 "https://www.cheapridetransfers.com/destinations?page=21" "Mozilla/5.0 (Windows NT 6.1; WOW64) AppleWebKit/537.36 (KHTML, like Gecko) Chrome/31.0.1650.57 Safari/537.36"
172.69.130.50 - - [22/Aug/2019:20:41:40 +0000] "GET /destinations/veprinac HTTP/1.1" 200 3944 "https://www.cheapridetransfers.com/destinations?page=21" "Mozilla/5.0 (Macintosh; Intel Mac OS X 10.6; rv:26.0) Gecko/20100101 Firefox/26.0"
172.69.130.38 - - [22/Aug/2019:20:41:40 +0000] "GET /destinations/vezac HTTP/1.1" 200 3942 "https://www.cheapridetransfers.com/destinations?page=21" "Mozilla/5.0 (Windows NT 6.1; WOW64; rv:36.0) Gecko/20100101 Firefox/36.0"
172.69.130.32 - - [22/Aug/2019:20:41:40 +0000] "GET /destinations/vidovac-cesaricki HTTP/1.1" 200 3968 "https://www.cheapridetransfers.com/destinations?page=21" "Mozilla/5.0 (Macintosh; Intel Mac OS X 10.8; rv:26.0) Gecko/20100101 Firefox/26.0"
172.69.130.38 - - [22/Aug/2019:20:41:51 +0000] "GET /destinations/vidovec HTTP/1.1" 200 3943 "https://www.cheapridetransfers.com/destinations?page=21" "Mozilla/5.0 (Windows NT 6.1; Trident/7.0; rv:11.0) like Gecko"
172.69.130.38 - - [22/Aug/2019:20:41:53 +0000] "GET /destinations/viljevo HTTP/1.1" 200 3944 "https://www.cheapridetransfers.com/destinations?page=21" "Mozilla/5.0 (X11; Ubuntu; Linux x86_64; rv:25.0) Gecko/20100101 Firefox/25.0"
172.69.130.38 - - [22/Aug/2019:20:41:58 +0000] "GET /destinations/vinica HTTP/1.1" 200 3943 "https://www.cheapridetransfers.com/destinations?page=21" "Mozilla/5.0 (X11; Ubuntu; Linux i686; rv:26.0) Gecko/20100101 Firefox/26.0"
172.69.130.50 - - [22/Aug/2019:20:41:58 +0000] "GET /destinations/viganj HTTP/1.1" 200 4007 "https://www.cheapridetransfers.com/destinations?page=21" "Mozilla/5.0 (Macintosh; Intel Mac OS X 10_7_5) AppleWebKit/537.36 (KHTML, like Gecko) Chrome/31.0.1650.63 Safari/537.36"
172.69.130.38 - - [22/Aug/2019:20:42:00 +0000] "GET /destinations/vinisce HTTP/1.1" 200 4030 "https://www.cheapridetransfers.com/destinations?page=21" "Mozilla/5.0 (Windows NT 6.3; WOW64; Trident/7.0; rv:11.0) like Gecko"
172.69.130.32 - - [22/Aug/2019:20:42:01 +0000] "GET /destinations/vinjerac HTTP/1.1" 200 3946 "https://www.cheapridetransfers.com/destinations?page=21" "Mozilla/5.0 (Windows NT 6.0; WOW64) AppleWebKit/534.30 (KHTML, like Gecko) Chrome/12.0.742.91 Safari/534.30"
172.69.130.38 - - [22/Aug/2019:20:42:07 +0000] "GET /destinations/vinkovci HTTP/1.1" 200 3946 "https://www.cheapridetransfers.com/destinations?page=21" "Mozilla/5.0 (Windows NT 6.1; rv:25.0) Gecko/20100101 Firefox/25.0"
172.69.130.38 - - [22/Aug/2019:20:42:12 +0000] "GET /destinations/vinovac HTTP/1.1" 200 3944 "https://www.cheapridetransfers.com/destinations?page=21" "Mozilla/5.0 (Windows NT 6.1; Trident/7.0; rv:11.0) like Gecko"
172.69.130.50 - - [22/Aug/2019:20:42:13 +0000] "GET /destinations/virje HTTP/1.1" 200 3942 "https://www.cheapridetransfers.com/destinations?page=21" "Mozilla/5.0 (Windows NT 6.1; WOW64; rv:25.0) Gecko/20100101 Firefox/25.0"
172.69.130.38 - - [22/Aug/2019:20:42:14 +0000] "GET /destinations/virovitica HTTP/1.1" 200 3948 "https://www.cheapridetransfers.com/destinations?page=21" "Mozilla/5.0 (Windows NT 6.1; WOW64; rv:36.0) Gecko/20100101 Firefox/36.0"
172.69.130.38 - - [22/Aug/2019:20:42:17 +0000] "GET /destinations/viskovci HTTP/1.1" 200 3965 "https://www.cheapridetransfers.com/destinations?page=21" "Mozilla/5.0 (Macintosh; Intel Mac OS X 10_9_0) AppleWebKit/537.36 (KHTML, like Gecko) Chrome/31.0.1650.57 Safari/537.36"
172.69.130.38 - - [22/Aug/2019:20:42:19 +0000] "GET /destinations/viskovo HTTP/1.1" 200 3964 "https://www.cheapridetransfers.com/destinations?page=21" "Mozilla/5.0 (Windows NT 6.1; WOW64; rv:36.0) Gecko/20100101 Firefox/36.0"
172.69.130.50 - - [22/Aug/2019:20:42:19 +0000] "GET /destinations/visnjan HTTP/1.1" 200 3963 "https://www.cheapridetransfers.com/destinations?page=21" "Mozilla/5.0 (compatible; MSIE 9.0; Windows NT 6.1; WOW64; Trident/5.0)"
172.69.130.38 - - [22/Aug/2019:20:42:19 +0000] "GET /destinations/visocane HTTP/1.1" 200 3953 "https://www.cheapridetransfers.com/destinations?page=21" "Mozilla/5.0 (Windows NT 6.3; WOW64) AppleWebKit/537.36 (KHTML, like Gecko) Chrome/31.0.1650.63 Safari/537.36"
172.69.130.32 - - [22/Aug/2019:20:42:21 +0000] "GET /destinations/vizinada HTTP/1.1" 200 3953 "https://www.cheapridetransfers.com/destinations?page=21" "Mozilla/5.0 (Windows NT 6.1; WOW64; rv:29.0) Gecko/20100101 Firefox/29.0"
172.69.130.38 - - [22/Aug/2019:20:42:27 +0000] "GET /destinations/vladislavci HTTP/1.1" 200 3947 "https://www.cheapridetransfers.com/destinations?page=21" "Mozilla/5.0 (Windows NT 6.2; WOW64; rv:26.0) Gecko/20100101 Firefox/26.0"
172.69.130.50 - - [22/Aug/2019:20:42:28 +0000] "GET /destinations/vocin HTTP/1.1" 200 3948 "https://www.cheapridetransfers.com/destinations?page=21" "Mozilla/5.0 (Windows NT 6.1; WOW64) AppleWebKit/537.36 (KHTML, like Gecko) Chrome/32.0.1700.41 Safari/537.36"
172.69.130.38 - - [22/Aug/2019:20:42:31 +0000] "GET /destinations/vodice HTTP/1.1" 200 4005 "https://www.cheapridetransfers.com/destinations?page=21" "Mozilla/5.0 (Windows NT 5.1) AppleWebKit/537.36 (KHTML, like Gecko) Chrome/31.0.1650.63 Safari/537.36"
172.69.130.50 - - [22/Aug/2019:20:42:32 +0000] "GET /destinations/vodnjan HTTP/1.1" 200 3944 "https://www.cheapridetransfers.com/destinations?page=21" "Mozilla/5.0 (Macintosh; Intel Mac OS X 10_6_8) AppleWebKit/534.59.10 (KHTML, like Gecko) Version/5.1.9 Safari/534.59.10"
172.69.130.38 - - [22/Aug/2019:20:42:37 +0000] "GET /destinations/vodinci HTTP/1.1" 200 3951 "https://www.cheapridetransfers.com/destinations?page=21" "Mozilla/5.0 (Windows NT 6.3; WOW64; Trident/7.0; rv:11.0) like Gecko"
172.69.130.38 - - [22/Aug/2019:20:42:37 +0000] "GET /destinations/vrana-pakostane HTTP/1.1" 200 3978 "https://www.cheapridetransfers.com/destinations?page=21" "Mozilla/5.0 (X11; Ubuntu; Linux x86_64; rv:26.0) Gecko/20100101 Firefox/26.0"
172.69.130.50 - - [22/Aug/2019:20:42:37 +0000] "GET /destinations/volarice HTTP/1.1" 200 3945 "https://www.cheapridetransfers.com/destinations?page=21" "Mozilla/5.0 (Windows NT 6.2; Win64; x64; rv:36.0) Gecko/20100101 Firefox/36.0"
172.69.130.32 - - [22/Aug/2019:20:42:37 +0000] "GET /destinations/vojnic HTTP/1.1" 200 3950 "https://www.cheapridetransfers.com/destinations?page=21" "Mozilla/5.0 (Windows NT 6.1; WOW64) AppleWebKit/537.36 (KHTML, like Gecko) Chrome/35.0.1916.153 Safari/537.36"
172.69.130.38 - - [22/Aug/2019:20:42:46 +0000] "GET /destinations/vranik HTTP/1.1" 200 3943 "https://www.cheapridetransfers.com/destinations?page=21" "Mozilla/5.0 (Windows NT 6.1; WOW64; rv:29.0) Gecko/20100101 Firefox/29.0"
172.69.130.50 - - [22/Aug/2019:20:42:47 +0000] "GET /destinations/vranjic HTTP/1.1" 200 3944 "https://www.cheapridetransfers.com/destinations?page=21" "Mozilla/5.0 (Windows NT 6.1; WOW64; rv:24.0) Gecko/20100101 Firefox/24.0"
172.69.130.38 - - [22/Aug/2019:20:42:48 +0000] "GET /destinations/vratarusa HTTP/1.1" 200 3964 "https://www.cheapridetransfers.com/destinations?page=21" "Mozilla/5.0 (Windows NT 6.2; Win64; x64; rv:27.0) Gecko/20100101 Firefox/27.0"
172.69.130.32 - - [22/Aug/2019:20:42:48 +0000] "GET /destinations/vratisinec HTTP/1.1" 200 3968 "https://www.cheapridetransfers.com/destinations?page=21" "Mozilla/5.0 (Windows NT 6.1; WOW64; rv:31.0) Gecko/20100101 Firefox/31.0"
172.69.130.38 - - [22/Aug/2019:20:42:52 +0000] "GET /destinations/vratnik-senj HTTP/1.1" 200 3958 "https://www.cheapridetransfers.com/destinations?page=21" "Mozilla/5.0 (Windows NT 6.1; WOW64; Trident/7.0; rv:11.0) like Gecko"
172.69.130.50 - - [22/Aug/2019:20:42:54 +0000] "GET /destinations/vrbanja HTTP/1.1" 200 3944 "https://www.cheapridetransfers.com/destinations?page=21" "Mozilla/5.0 (Macintosh; Intel Mac OS X 10_8_5) AppleWebKit/537.73.11 (KHTML, like Gecko) Version/6.1.1 Safari/537.73.11"
172.69.130.38 - - [22/Aug/2019:20:43:00 +0000] "GET /destinations/vrbje HTTP/1.1" 200 3942 "https://www.cheapridetransfers.com/destinations?page=21" "Mozilla/5.0 (Windows NT 6.1; WOW64) AppleWebKit/537.36 (KHTML, like Gecko) Chrome/31.0.1650.63 Safari/537.36"
172.69.130.50 - - [22/Aug/2019:20:43:01 +0000] "GET /destinations/vrbovec HTTP/1.1" 200 3944 "https://www.cheapridetransfers.com/destinations?page=21" "Mozilla/6.0 (compatible)"
172.69.130.38 - - [22/Aug/2019:20:43:03 +0000] "GET /destinations/vrbovsko HTTP/1.1" 200 3946 "https://www.cheapridetransfers.com/destinations?page=21" "Mozilla/5.0 (Windows NT 6.1; WOW64; rv:24.0) Gecko/20100101 Firefox/24.0"
172.69.130.32 - - [22/Aug/2019:20:43:03 +0000] "GET /destinations/vrginmost HTTP/1.1" 200 3947 "https://www.cheapridetransfers.com/destinations?page=21" "Mozilla/5.0 (Macintosh; Intel Mac OS X 10_9_0) AppleWebKit/537.36 (KHTML, like Gecko) Chrome/31.0.1650.57 Safari/537.36"
172.69.130.38 - - [22/Aug/2019:20:43:05 +0000] "GET /destinations/vrgorac HTTP/1.1" 200 4076 "https://www.cheapridetransfers.com/destinations?page=21" "Mozilla/5.0 (Windows NT 5.1; rv:25.0) Gecko/20100101 Firefox/25.0"
172.69.130.38 - - [22/Aug/2019:20:43:08 +0000] "GET /destinations/vrhovine HTTP/1.1" 200 3945 "https://www.cheapridetransfers.com/destinations?page=21" "Mozilla/5.0 (X11; Ubuntu; Linux x86_64; rv:25.0) Gecko/20100101 Firefox/25.0"
172.69.130.50 - - [22/Aug/2019:20:43:08 +0000] "GET /destinations/vrlika HTTP/1.1" 200 4019 "https://www.cheapridetransfers.com/destinations?page=21" "Mozilla/5.0 (Macintosh; Intel Mac OS X 10_8_5) AppleWebKit/536.30.1 (KHTML, like Gecko) Version/6.0.5 Safari/536.30.1"
162.158.78.200 - - [22/Aug/2019:20:43:13 +0000] "GET /hr/taksi-transfer/baska-voda/zaostrog HTTP/1.1" 200 7858 "-" "Mozilla/5.0 (compatible; SemrushBot/6~bl; +http://www.semrush.com/bot.html)"
172.69.130.38 - - [22/Aug/2019:20:43:09 +0000] "GET /destinations/vrpolje-sibenik HTTP/1.1" 200 3978 "https://www.cheapridetransfers.com/destinations?page=21" "Mozilla/5.0 (Windows NT 6.3; WOW64) AppleWebKit/537.36 (KHTML, like Gecko) Chrome/31.0.1650.63 Safari/537.36"
172.69.130.32 - - [22/Aug/2019:20:43:11 +0000] "GET /destinations/vrsar HTTP/1.1" 200 3941 "https://www.cheapridetransfers.com/destinations?page=21" "Mozilla/5.0 (Windows NT 6.0) AppleWebKit/537.36 (KHTML, like Gecko) Chrome/31.0.1650.63 Safari/537.36"
172.69.130.50 - - [22/Aug/2019:20:43:18 +0000] "GET /destinations/vrsine HTTP/1.1" 200 3942 "https://www.cheapridetransfers.com/destinations?page=21" "Mozilla/5.0 (Windows NT 6.2; WOW64; rv:26.0) Gecko/20100101 Firefox/26.0"
172.69.130.38 - - [22/Aug/2019:20:43:20 +0000] "GET /destinations/vrzici HTTP/1.1" 200 3950 "https://www.cheapridetransfers.com/destinations?page=21" "Mozilla/5.0 (Windows NT 6.1; WOW64; rv:29.0) Gecko/20100101 Firefox/29.0"
172.69.130.50 - - [22/Aug/2019:20:43:21 +0000] "GET /destinations/vuka HTTP/1.1" 200 3941 "https://www.cheapridetransfers.com/destinations?page=21" "Mozilla/5.0 (Windows NT 6.3; WOW64) AppleWebKit/537.36 (KHTML, like Gecko) Chrome/32.0.1700.72 Safari/537.36"
172.69.130.50 - - [22/Aug/2019:20:43:24 +0000] "GET /destinations/vrsno HTTP/1.1" 200 3941 "https://www.cheapridetransfers.com/destinations?page=21" "Mozilla/5.0 (Windows NT 6.1; WOW64; rv:28.0) Gecko/20100101 Firefox/28.0"
172.69.130.50 - - [22/Aug/2019:20:43:29 +0000] "GET /destinations?page=20 HTTP/1.1" 200 5308 "https://www.cheapridetransfers.com/destinations?page=21" "Mozilla/5.0 (Windows NT 6.3; WOW64; Trident/7.0; Touch; rv:11.0) like Gecko"
172.69.130.32 - - [22/Aug/2019:20:43:30 +0000] "GET /destinations?page=16 HTTP/1.1" 200 5183 "https://www.cheapridetransfers.com/destinations?page=21" "Mozilla/5.0 (Macintosh; Intel Mac OS X 10_9_1) AppleWebKit/537.36 (KHTML, like Gecko) Chrome/31.0.1650.63 Safari/537.36"
172.69.130.38 - - [22/Aug/2019:20:43:30 +0000] "GET /destinations?page=15 HTTP/1.1" 200 5191 "https://www.cheapridetransfers.com/destinations?page=21" "Mozilla/5.0 (Macintosh; Intel Mac OS X 10_9) AppleWebKit/537.71 (KHTML, like Gecko) Version/7.0 Safari/537.71"
172.69.130.50 - - [22/Aug/2019:20:43:30 +0000] "GET /destinations?page=14 HTTP/1.1" 200 5169 "https://www.cheapridetransfers.com/destinations?page=21" "Mozilla/5.0 (Windows NT 6.1; WOW64) AppleWebKit/537.36 (KHTML, like Gecko) Chrome/40.0.2214.111 Safari/537.36"
172.69.130.50 - - [22/Aug/2019:20:43:33 +0000] "GET /destinations?page=17 HTTP/1.1" 200 5221 "https://www.cheapridetransfers.com/destinations?page=21" "Mozilla/5.0 (Windows NT 5.1; rv:26.0) Gecko/20100101 Firefox/26.0"
172.69.130.50 - - [22/Aug/2019:20:43:34 +0000] "GET /destinations?page=19 HTTP/1.1" 200 5327 "https://www.cheapridetransfers.com/destinations?page=21" "Mozilla/5.0 (Macintosh; Intel Mac OS X 10_9_1) AppleWebKit/537.36 (KHTML, like Gecko) Chrome/31.0.1650.63 Safari/537.36"
172.69.130.50 - - [22/Aug/2019:20:43:37 +0000] "GET /destinations/dracevac-ninski HTTP/1.1" 200 3967 "https://www.cheapridetransfers.com/destinations?page=6" "Mozilla/5.0 (Macintosh; Intel Mac OS X 10_9) AppleWebKit/537.71 (KHTML, like Gecko) Version/7.0 Safari/537.71"
172.69.130.38 - - [22/Aug/2019:20:43:42 +0000] "GET /destinations?page=18 HTTP/1.1" 200 5286 "https://www.cheapridetransfers.com/destinations?page=21" "Mozilla/5.0 (Macintosh; Intel Mac OS X 10_7_5) AppleWebKit/537.36 (KHTML, like Gecko) Chrome/31.0.1650.63 Safari/537.36"
172.69.130.50 - - [22/Aug/2019:20:43:40 +0000] "GET /destinations/dragalic HTTP/1.1" 200 3952 "https://www.cheapridetransfers.com/destinations?page=6" "Mozilla/5.0 (Windows NT 6.1) AppleWebKit/537.36 (KHTML, like Gecko) Chrome/32.0.1700.72 Safari/537.36"
172.69.130.50 - - [22/Aug/2019:20:43:43 +0000] "GET /destinations/draganic HTTP/1.1" 200 3952 "https://www.cheapridetransfers.com/destinations?page=6" "Mozilla/5.0 (Windows NT 6.1; WOW64) AppleWebKit/537.36 (KHTML, like Gecko) Chrome/31.0.1650.63 Safari/537.36"
172.69.130.50 - - [22/Aug/2019:20:43:45 +0000] "GET /destinations/drage-pakostane HTTP/1.1" 200 4040 "https://www.cheapridetransfers.com/destinations?page=6" "Mozilla/5.0 (Windows NT 6.2; Win64; x64; rv:27.0) Gecko/20100101 Firefox/27.0"
172.69.130.50 - - [22/Aug/2019:20:43:49 +0000] "GET /destinations/dragljane HTTP/1.1" 200 3947 "https://www.cheapridetransfers.com/destinations?page=6" "Mozilla/5.0 (X11; Linux x86_64) AppleWebKit/537.36 (KHTML, like Gecko) Ubuntu Chromium/31.0.1650.63 Chrome/31.0.1650.63 Safari/537.36"
172.69.130.38 - - [22/Aug/2019:20:43:51 +0000] "GET /destinations/dramalj HTTP/1.1" 200 3944 "https://www.cheapridetransfers.com/destinations?page=6" "Mozilla/5.0 (X11; Linux i686) AppleWebKit/537.36 (KHTML, like Gecko) Chrome/31.0.1650.63 Safari/537.36"
172.69.130.50 - - [22/Aug/2019:20:43:54 +0000] "GET /destinations/drasnice HTTP/1.1" 200 4559 "https://www.cheapridetransfers.com/destinations?page=6" "Mozilla/5.0 (X11; Linux x86_64) AppleWebKit/537.36 (KHTML, like Gecko) Ubuntu Chromium/31.0.1650.63 Chrome/31.0.1650.63 Safari/537.36"
172.69.130.38 - - [22/Aug/2019:20:43:55 +0000] "GET /destinations/draz HTTP/1.1" 200 3947 "https://www.cheapridetransfers.com/destinations?page=6" "Mozilla/5.0 (Windows NT 6.1; rv:25.0) Gecko/20100101 Firefox/25.0"
172.69.130.50 - - [22/Aug/2019:20:43:58 +0000] "GET /destinations/drazice HTTP/1.1" 200 3952 "https://www.cheapridetransfers.com/destinations?page=6" "Mozilla/5.0 (Macintosh; Intel Mac OS X 10_7_5) AppleWebKit/537.71 (KHTML, like Gecko) Version/6.1 Safari/537.71"
172.69.130.50 - - [22/Aug/2019:20:44:02 +0000] "GET /destinations/drenje HTTP/1.1" 200 3944 "https://www.cheapridetransfers.com/destinations?page=6" "Mozilla/5.0 (X11; Linux x86_64) AppleWebKit/537.36 (KHTML, like Gecko) Chrome/31.0.1650.57 Safari/537.36"
172.69.130.50 - - [22/Aug/2019:20:44:05 +0000] "GET /destinations/drenovci HTTP/1.1" 200 3945 "https://www.cheapridetransfers.com/destinations?page=6" "Mozilla/5.0 (Windows NT 6.1) AppleWebKit/537.36 (KHTML, like Gecko) Chrome/32.0.1700.72 Safari/537.36"
172.69.130.38 - - [22/Aug/2019:20:44:05 +0000] "GET /destinations/drinak HTTP/1.1" 200 3942 "https://www.cheapridetransfers.com/destinations?page=6" "Mozilla/5.0 (X11; Ubuntu; Linux i686; rv:26.0) Gecko/20100101 Firefox/26.0"
172.69.130.50 - - [22/Aug/2019:20:44:08 +0000] "GET /destinations/drinovci-drnis HTTP/1.1" 200 3976 "https://www.cheapridetransfers.com/destinations?page=6" "Mozilla/5.0 (Macintosh; Intel Mac OS X 10.7; rv:26.0) Gecko/20100101 Firefox/26.0"
172.69.130.38 - - [22/Aug/2019:20:44:08 +0000] "GET /destinations/drivenik HTTP/1.1" 200 3945 "https://www.cheapridetransfers.com/destinations?page=6" "Mozilla/5.0 (Windows NT 6.1; WOW64) AppleWebKit/537.36 (KHTML, like Gecko) Chrome/40.0.2214.111 Safari/537.36"
172.69.130.38 - - [22/Aug/2019:20:44:09 +0000] "GET /destinations/drnje HTTP/1.1" 200 3942 "https://www.cheapridetransfers.com/destinations?page=6" "Mozilla/5.0 (Windows NT 6.2; Win64; x64; rv:27.0) Gecko/20100101 Firefox/27.0"
