162.158.89.95 - - [01/Sep/2019:20:43:29 +0000] "GET /en/taxi-transfer/zadar-airport/krvavica HTTP/1.1" 200 7954 "-" "serpstatbot/1.0 (advanced backlink tracking bot; curl/7.58.0; http://serpstatbot.com/; abuse@serpstatbot.com)"
162.158.91.237 - - [01/Sep/2019:20:43:34 +0000] "GET /en/taxi-transfer/zadar-airport/makarska HTTP/1.1" 200 7947 "-" "serpstatbot/1.0 (advanced backlink tracking bot; curl/7.58.0; http://serpstatbot.com/; abuse@serpstatbot.com)"
162.158.88.78 - - [01/Sep/2019:20:45:02 +0000] "GET /en/taxi-transfer/zadar-airport/omis HTTP/1.1" 200 7965 "-" "serpstatbot/1.0 (advanced backlink tracking bot; curl/7.58.0; http://serpstatbot.com/; abuse@serpstatbot.com)"
162.158.88.210 - - [01/Sep/2019:20:45:24 +0000] "GET /en/taxi-transfer/zadar-airport/orebic HTTP/1.1" 200 7961 "-" "serpstatbot/1.0 (advanced backlink tracking bot; curl/7.58.0; http://serpstatbot.com/; abuse@serpstatbot.com)"
162.158.92.236 - - [01/Sep/2019:20:45:59 +0000] "GET /en/taxi-transfer/zadar-airport/pakostane HTTP/1.1" 200 7972 "-" "serpstatbot/1.0 (advanced backlink tracking bot; curl/7.58.0; http://serpstatbot.com/; abuse@serpstatbot.com)"
172.69.70.249 - - [01/Sep/2019:20:47:21 +0000] "GET /hr/taxi HTTP/1.1" 200 4770 "-" "Mozilla/5.0 (compatible; Googlebot/2.1; +http://www.google.com/bot.html)"
162.158.89.239 - - [01/Sep/2019:20:47:28 +0000] "GET /en/taxi-transfer/zadar-airport/ploce HTTP/1.1" 200 7958 "-" "serpstatbot/1.0 (advanced backlink tracking bot; curl/7.58.0; http://serpstatbot.com/; abuse@serpstatbot.com)"
162.158.89.239 - - [01/Sep/2019:20:47:33 +0000] "GET /en/taxi-transfer/zadar-airport/podaca HTTP/1.1" 200 7949 "-" "serpstatbot/1.0 (advanced backlink tracking bot; curl/7.58.0; http://serpstatbot.com/; abuse@serpstatbot.com)"
172.69.63.131 - - [01/Sep/2019:20:47:43 +0000] "GET /destinations/kanica HTTP/1.1" 200 3944 "-" "Mozilla/5.0 (compatible; SemrushBot/6~bl; +http://www.semrush.com/bot.html)"
172.68.222.32 - - [01/Sep/2019:20:47:47 +0000] "GET /taxi HTTP/1.1" 200 4592 "https://www.google.com/" "Mozilla/5.0 (iPhone; CPU iPhone OS 12_4 like Mac OS X) AppleWebKit/605.1.15 (KHTML, like Gecko) Version/12.1.2 Mobile/15E148 Safari/604.1"
162.158.92.236 - - [01/Sep/2019:20:48:55 +0000] "GET /en/taxi-transfer/zadar-airport/podgora HTTP/1.1" 200 7953 "-" "serpstatbot/1.0 (advanced backlink tracking bot; curl/7.58.0; http://serpstatbot.com/; abuse@serpstatbot.com)"
162.158.91.177 - - [01/Sep/2019:20:49:12 +0000] "GET /en/taxi-transfer/zadar-airport/podstrana HTTP/1.1" 200 7954 "-" "serpstatbot/1.0 (advanced backlink tracking bot; curl/7.58.0; http://serpstatbot.com/; abuse@serpstatbot.com)"
162.158.92.236 - - [01/Sep/2019:20:50:22 +0000] "GET /en/taxi-transfer/zadar-airport/promajna HTTP/1.1" 200 7955 "-" "serpstatbot/1.0 (advanced backlink tracking bot; curl/7.58.0; http://serpstatbot.com/; abuse@serpstatbot.com)"
108.162.229.220 - - [01/Sep/2019:20:50:36 +0000] "GET /hr/destinacije/semeljci HTTP/1.1" 200 4027 "-" "Mozilla/5.0 (compatible; AhrefsBot/6.1; +http://ahrefs.com/robot/)"
162.158.91.237 - - [01/Sep/2019:20:51:13 +0000] "GET /en/taxi-transfer/zadar-airport/split HTTP/1.1" 200 7947 "-" "serpstatbot/1.0 (advanced backlink tracking bot; curl/7.58.0; http://serpstatbot.com/; abuse@serpstatbot.com)"
108.162.229.16 - - [01/Sep/2019:20:51:52 +0000] "GET /en/taxi-transfer/split-airport/orebic HTTP/1.1" 200 8129 "-" "Mozilla/5.0 (compatible; AhrefsBot/6.1; +http://ahrefs.com/robot/)"
162.158.93.181 - - [01/Sep/2019:20:51:59 +0000] "GET /en/taxi-transfer/zagreb-airport/opatija HTTP/1.1" 200 7956 "-" "serpstatbot/1.0 (advanced backlink tracking bot; curl/7.58.0; http://serpstatbot.com/; abuse@serpstatbot.com)"
162.158.92.236 - - [01/Sep/2019:20:52:32 +0000] "GET /en/taxi-transfer/zagreb-airport/rijeka HTTP/1.1" 200 7954 "-" "serpstatbot/1.0 (advanced backlink tracking bot; curl/7.58.0; http://serpstatbot.com/; abuse@serpstatbot.com)"
162.158.91.237 - - [01/Sep/2019:20:53:44 +0000] "GET /en/taxi-transfer/zagreb-airport/split HTTP/1.1" 200 8122 "-" "serpstatbot/1.0 (advanced backlink tracking bot; curl/7.58.0; http://serpstatbot.com/; abuse@serpstatbot.com)"
162.158.92.236 - - [01/Sep/2019:20:53:50 +0000] "GET /en/taxi-transfer/zagreb-airport/zadar HTTP/1.1" 200 7956 "-" "serpstatbot/1.0 (advanced backlink tracking bot; curl/7.58.0; http://serpstatbot.com/; abuse@serpstatbot.com)"
162.158.92.102 - - [01/Sep/2019:20:55:04 +0000] "GET /en/taxi-transfer/zagreb/dubrovnik HTTP/1.1" 200 7648 "-" "serpstatbot/1.0 (advanced backlink tracking bot; curl/7.58.0; http://serpstatbot.com/; abuse@serpstatbot.com)"
162.158.79.57 - - [01/Sep/2019:20:55:18 +0000] "GET /taxi-transfer/split-airport/trogir HTTP/1.1" 200 7934 "-" "Mozilla/5.0 (compatible; SemrushBot/6~bl; +http://www.semrush.com/bot.html)"
162.158.88.210 - - [01/Sep/2019:20:55:33 +0000] "GET /en/taxi-transfer/zagreb/makarska HTTP/1.1" 200 7640 "-" "serpstatbot/1.0 (advanced backlink tracking bot; curl/7.58.0; http://serpstatbot.com/; abuse@serpstatbot.com)"
141.101.104.151 - - [01/Sep/2019:20:55:58 +0000] "GET /en/destinations/gornji-brgat HTTP/1.1" 200 3960 "-" "Mozilla/5.0 (compatible; AhrefsBot/6.1; +http://ahrefs.com/robot/)"
162.158.88.210 - - [01/Sep/2019:20:56:18 +0000] "GET /hr/destinacije/solin HTTP/1.1" 200 4095 "-" "serpstatbot/1.0 (advanced backlink tracking bot; curl/7.58.0; http://serpstatbot.com/; abuse@serpstatbot.com)"
162.158.92.82 - - [01/Sep/2019:20:57:35 +0000] "GET /taxi-transfer/dvornica/split-airport HTTP/1.1" 200 7922 "-" "serpstatbot/1.0 (advanced backlink tracking bot; curl/7.58.0; http://serpstatbot.com/; abuse@serpstatbot.com)"
162.158.88.78 - - [01/Sep/2019:20:58:06 +0000] "GET /destinations/mali-podol-cres HTTP/1.1" 200 3961 "-" "serpstatbot/1.0 (advanced backlink tracking bot; curl/7.58.0; http://serpstatbot.com/; abuse@serpstatbot.com)"
162.158.94.6 - - [01/Sep/2019:20:59:01 +0000] "GET /taxi-transfer/split-airport/medugorje-bih HTTP/1.1" 200 8130 "-" "serpstatbot/1.0 (advanced backlink tracking bot; curl/7.58.0; http://serpstatbot.com/; abuse@serpstatbot.com)"
108.162.238.111 - - [01/Sep/2019:20:59:10 +0000] "GET /blog/5-reasons-to-book-airport-transfer-in-croatia HTTP/1.1" 206 5406 "-" "facebookexternalhit/1.1 (+http://www.facebook.com/externalhit_uatext.php)"
162.158.111.53 - - [01/Sep/2019:20:59:37 +0000] "GET /en/taxi-transfer/drvenik/baska-voda HTTP/1.1" 200 7660 "-" "Mozilla/5.0 (compatible; AhrefsBot/6.1; +http://ahrefs.com/robot/)"
162.158.91.237 - - [01/Sep/2019:20:59:44 +0000] "GET /taxi-transfer/brist/zaostrog HTTP/1.1" 200 7632 "-" "serpstatbot/1.0 (advanced backlink tracking bot; curl/7.58.0; http://serpstatbot.com/; abuse@serpstatbot.com)"
162.158.89.77 - - [01/Sep/2019:21:00:41 +0000] "GET /taxi-transfer/brist/zivogosce HTTP/1.1" 200 7659 "-" "serpstatbot/1.0 (advanced backlink tracking bot; curl/7.58.0; http://serpstatbot.com/; abuse@serpstatbot.com)"
162.158.91.177 - - [01/Sep/2019:21:01:49 +0000] "GET /taxi-transfer/brela/dubrovnik-airport HTTP/1.1" 200 7945 "-" "serpstatbot/1.0 (advanced backlink tracking bot; curl/7.58.0; http://serpstatbot.com/; abuse@serpstatbot.com)"
162.158.88.234 - - [01/Sep/2019:21:01:55 +0000] "GET /taxi-transfer/brela/gradac HTTP/1.1" 200 7624 "-" "serpstatbot/1.0 (advanced backlink tracking bot; curl/7.58.0; http://serpstatbot.com/; abuse@serpstatbot.com)"
162.158.78.14 - - [01/Sep/2019:21:02:40 +0000] "GET /destinations/sucuraj-hvar HTTP/1.1" 200 3964 "-" "Mozilla/5.0 (compatible; SemrushBot/6~bl; +http://www.semrush.com/bot.html)"
162.158.92.236 - - [01/Sep/2019:21:03:23 +0000] "GET /taxi-transfer/brela/igrane HTTP/1.1" 200 7631 "-" "serpstatbot/1.0 (advanced backlink tracking bot; curl/7.58.0; http://serpstatbot.com/; abuse@serpstatbot.com)"
162.158.89.95 - - [01/Sep/2019:21:03:47 +0000] "GET /taxi-transfer/brela/krvavica HTTP/1.1" 200 7631 "-" "serpstatbot/1.0 (advanced backlink tracking bot; curl/7.58.0; http://serpstatbot.com/; abuse@serpstatbot.com)"
162.158.88.210 - - [01/Sep/2019:21:04:46 +0000] "GET /taxi-transfer/brela/makarska HTTP/1.1" 200 7621 "-" "serpstatbot/1.0 (advanced backlink tracking bot; curl/7.58.0; http://serpstatbot.com/; abuse@serpstatbot.com)"
162.158.92.236 - - [01/Sep/2019:21:05:25 +0000] "GET /taxi-transfer/brela/podaca HTTP/1.1" 200 7631 "-" "serpstatbot/1.0 (advanced backlink tracking bot; curl/7.58.0; http://serpstatbot.com/; abuse@serpstatbot.com)"
162.158.92.102 - - [01/Sep/2019:21:06:23 +0000] "GET /taxi-transfer/brela/podgora HTTP/1.1" 200 7628 "-" "serpstatbot/1.0 (advanced backlink tracking bot; curl/7.58.0; http://serpstatbot.com/; abuse@serpstatbot.com)"
162.158.88.234 - - [01/Sep/2019:21:07:01 +0000] "GET /taxi-transfer/brela/promajna HTTP/1.1" 200 7630 "-" "serpstatbot/1.0 (advanced backlink tracking bot; curl/7.58.0; http://serpstatbot.com/; abuse@serpstatbot.com)"
162.158.88.210 - - [01/Sep/2019:21:08:13 +0000] "GET /taxi-transfer/brela/split HTTP/1.1" 200 7753 "-" "serpstatbot/1.0 (advanced backlink tracking bot; curl/7.58.0; http://serpstatbot.com/; abuse@serpstatbot.com)"
162.158.92.82 - - [01/Sep/2019:21:08:37 +0000] "GET /taxi-transfer/brela/split-airport HTTP/1.1" 200 8090 "-" "serpstatbot/1.0 (advanced backlink tracking bot; curl/7.58.0; http://serpstatbot.com/; abuse@serpstatbot.com)"
162.158.91.237 - - [01/Sep/2019:21:09:34 +0000] "GET /taxi-transfer/brela/tucepi HTTP/1.1" 200 7635 "-" "serpstatbot/1.0 (advanced backlink tracking bot; curl/7.58.0; http://serpstatbot.com/; abuse@serpstatbot.com)"
162.158.89.95 - - [01/Sep/2019:21:10:36 +0000] "GET /taxi-transfer/brela/zadar HTTP/1.1" 200 7637 "-" "serpstatbot/1.0 (advanced backlink tracking bot; curl/7.58.0; http://serpstatbot.com/; abuse@serpstatbot.com)"
162.158.92.82 - - [01/Sep/2019:21:10:52 +0000] "GET /taxi-transfer/brela/zadar-airport HTTP/1.1" 200 7936 "-" "serpstatbot/1.0 (advanced backlink tracking bot; curl/7.58.0; http://serpstatbot.com/; abuse@serpstatbot.com)"
162.158.91.237 - - [01/Sep/2019:21:11:57 +0000] "GET /taxi-transfer/brela/zaostrog HTTP/1.1" 200 7633 "-" "serpstatbot/1.0 (advanced backlink tracking bot; curl/7.58.0; http://serpstatbot.com/; abuse@serpstatbot.com)"
162.158.93.181 - - [01/Sep/2019:21:12:47 +0000] "GET /taxi-transfer/brela/zivogosce HTTP/1.1" 200 7660 "-" "serpstatbot/1.0 (advanced backlink tracking bot; curl/7.58.0; http://serpstatbot.com/; abuse@serpstatbot.com)"
141.101.105.250 - - [01/Sep/2019:21:13:04 +0000] "GET /en/taxi-transfer/split-airport/makarska HTTP/1.1" 200 8111 "-" "Mozilla/5.0 (compatible; AhrefsBot/6.1; +http://ahrefs.com/robot/)"
162.158.92.236 - - [01/Sep/2019:21:13:25 +0000] "GET /taxi-transfer/brijesta/split-airport HTTP/1.1" 200 7933 "-" "serpstatbot/1.0 (advanced backlink tracking bot; curl/7.58.0; http://serpstatbot.com/; abuse@serpstatbot.com)"
162.158.92.82 - - [01/Sep/2019:21:14:29 +0000] "GET /taxi-transfer/brist/baska-voda HTTP/1.1" 200 7652 "-" "serpstatbot/1.0 (advanced backlink tracking bot; curl/7.58.0; http://serpstatbot.com/; abuse@serpstatbot.com)"
162.158.92.82 - - [01/Sep/2019:21:14:51 +0000] "GET /taxi-transfer/brist/bast HTTP/1.1" 200 7627 "-" "serpstatbot/1.0 (advanced backlink tracking bot; curl/7.58.0; http://serpstatbot.com/; abuse@serpstatbot.com)"
162.158.88.234 - - [01/Sep/2019:21:16:12 +0000] "GET /taxi-transfer/split/sibenik HTTP/1.1" 200 7652 "-" "serpstatbot/1.0 (advanced backlink tracking bot; curl/7.58.0; http://serpstatbot.com/; abuse@serpstatbot.com)"
162.158.89.77 - - [01/Sep/2019:21:17:18 +0000] "GET /en/taxi-transfer/zivogosce/split HTTP/1.1" 200 7788 "-" "serpstatbot/1.0 (advanced backlink tracking bot; curl/7.58.0; http://serpstatbot.com/; abuse@serpstatbot.com)"
141.101.76.254 - - [01/Sep/2019:21:17:28 +0000] "GET /taxi-transfer/bast/gradac HTTP/1.1" 200 7626 "-" "Mozilla/5.0 (compatible; AhrefsBot/6.1; +http://ahrefs.com/robot/)"
162.158.92.82 - - [01/Sep/2019:21:18:07 +0000] "GET /hr/destinacije/bar-me HTTP/1.1" 200 4030 "-" "serpstatbot/1.0 (advanced backlink tracking bot; curl/7.58.0; http://serpstatbot.com/; abuse@serpstatbot.com)"
108.162.229.214 - - [01/Sep/2019:21:18:19 +0000] "GET /hr/taksi-transfer/baska-voda/makarska HTTP/1.1" 200 7850 "-" "Mozilla/5.0 (compatible; AhrefsBot/6.1; +http://ahrefs.com/robot/)"
162.158.92.102 - - [01/Sep/2019:21:19:09 +0000] "GET /en/taxi-transfer/zagreb/split HTTP/1.1" 200 7762 "-" "serpstatbot/1.0 (advanced backlink tracking bot; curl/7.58.0; http://serpstatbot.com/; abuse@serpstatbot.com)"
141.101.69.9 - - [01/Sep/2019:21:19:21 +0000] "GET /hr/destinations/lupoglav HTTP/1.1" 302 476 "-" "Mozilla/5.0 (compatible; AhrefsBot/6.1; +http://ahrefs.com/robot/)"
162.158.92.86 - - [01/Sep/2019:21:19:36 +0000] "GET /en/taxi-transfer/zagreb/split-airport HTTP/1.1" 200 8092 "-" "serpstatbot/1.0 (advanced backlink tracking bot; curl/7.58.0; http://serpstatbot.com/; abuse@serpstatbot.com)"
162.158.92.86 - - [01/Sep/2019:21:20:56 +0000] "GET /en/taxi-transfer/split/zagreb HTTP/1.1" 200 7766 "-" "serpstatbot/1.0 (advanced backlink tracking bot; curl/7.58.0; http://serpstatbot.com/; abuse@serpstatbot.com)"
162.158.91.237 - - [01/Sep/2019:21:21:25 +0000] "GET /en/taxi-transfer/split/zagreb-airport HTTP/1.1" 200 8094 "-" "serpstatbot/1.0 (advanced backlink tracking bot; curl/7.58.0; http://serpstatbot.com/; abuse@serpstatbot.com)"
162.158.89.95 - - [01/Sep/2019:21:22:31 +0000] "GET /en/taxi-transfer/split/zaostrog HTTP/1.1" 200 7760 "-" "serpstatbot/1.0 (advanced backlink tracking bot; curl/7.58.0; http://serpstatbot.com/; abuse@serpstatbot.com)"
162.158.94.6 - - [01/Sep/2019:21:23:22 +0000] "GET /en/taxi-transfer/split/zivogosce HTTP/1.1" 200 7789 "-" "serpstatbot/1.0 (advanced backlink tracking bot; curl/7.58.0; http://serpstatbot.com/; abuse@serpstatbot.com)"
162.158.92.236 - - [01/Sep/2019:21:23:53 +0000] "GET /en/taxi-transfer/srima/split-airport HTTP/1.1" 200 7934 "-" "serpstatbot/1.0 (advanced backlink tracking bot; curl/7.58.0; http://serpstatbot.com/; abuse@serpstatbot.com)"
162.158.91.237 - - [01/Sep/2019:21:25:08 +0000] "GET /en/taxi-transfer/stanici/split-airport HTTP/1.1" 200 7932 "-" "serpstatbot/1.0 (advanced backlink tracking bot; curl/7.58.0; http://serpstatbot.com/; abuse@serpstatbot.com)"
108.162.229.200 - - [01/Sep/2019:21:25:20 +0000] "GET /en/taxi-transfer/topici/split-airport HTTP/1.1" 200 8090 "-" "Mozilla/5.0 (compatible; AhrefsBot/6.1; +http://ahrefs.com/robot/)"
162.158.89.239 - - [01/Sep/2019:21:25:22 +0000] "GET /en/taxi-transfer/stara-novalja-pag/split-airport HTTP/1.1" 200 7955 "-" "serpstatbot/1.0 (advanced backlink tracking bot; curl/7.58.0; http://serpstatbot.com/; abuse@serpstatbot.com)"
162.158.92.102 - - [01/Sep/2019:21:26:44 +0000] "GET /en/taxi-transfer/stobrec/split-airport HTTP/1.1" 200 8093 "-" "serpstatbot/1.0 (advanced backlink tracking bot; curl/7.58.0; http://serpstatbot.com/; abuse@serpstatbot.com)"
162.158.89.95 - - [01/Sep/2019:21:27:00 +0000] "GET /en/taxi-transfer/ston/split-airport HTTP/1.1" 200 7934 "-" "serpstatbot/1.0 (advanced backlink tracking bot; curl/7.58.0; http://serpstatbot.com/; abuse@serpstatbot.com)"
141.101.76.134 - - [01/Sep/2019:21:27:12 +0000] "GET /hr/destinations/raslina HTTP/1.1" 302 472 "-" "Mozilla/5.0 (compatible; AhrefsBot/6.1; +http://ahrefs.com/robot/)"
162.158.92.102 - - [01/Sep/2019:21:28:11 +0000] "GET /en/taxi-transfer/sukosan/split-airport HTTP/1.1" 200 7951 "-" "serpstatbot/1.0 (advanced backlink tracking bot; curl/7.58.0; http://serpstatbot.com/; abuse@serpstatbot.com)"
162.158.93.181 - - [01/Sep/2019:21:28:40 +0000] "GET /en/taxi-transfer/sveti-filip-i-jakov/split-airport HTTP/1.1" 200 7956 "-" "serpstatbot/1.0 (advanced backlink tracking bot; curl/7.58.0; http://serpstatbot.com/; abuse@serpstatbot.com)"
141.101.77.222 - - [01/Sep/2019:21:29:26 +0000] "GET /hr/destinacije/barlete HTTP/1.1" 200 4027 "-" "Mozilla/5.0 (compatible; AhrefsBot/6.1; +http://ahrefs.com/robot/)"
162.158.89.95 - - [01/Sep/2019:21:29:45 +0000] "GET /en/taxi-transfer/sveti-petar-na-moru/split-airport HTTP/1.1" 200 7949 "-" "serpstatbot/1.0 (advanced backlink tracking bot; curl/7.58.0; http://serpstatbot.com/; abuse@serpstatbot.com)"
162.158.92.82 - - [01/Sep/2019:21:30:35 +0000] "GET /en/taxi-transfer/topici/split-airport HTTP/1.1" 200 8089 "-" "serpstatbot/1.0 (advanced backlink tracking bot; curl/7.58.0; http://serpstatbot.com/; abuse@serpstatbot.com)"
162.158.89.239 - - [01/Sep/2019:21:31:06 +0000] "GET /en/taxi-transfer/tribunj/split-airport HTTP/1.1" 200 7932 "-" "serpstatbot/1.0 (advanced backlink tracking bot; curl/7.58.0; http://serpstatbot.com/; abuse@serpstatbot.com)"
172.69.63.89 - - [01/Sep/2019:21:31:36 +0000] "GET /hr/destinations/risika-krk HTTP/1.1" 302 484 "-" "Mozilla/5.0 (compatible; SemrushBot/6~bl; +http://www.semrush.com/bot.html)"
162.158.79.213 - - [01/Sep/2019:21:31:38 +0000] "GET /hr/destinacije/risika-krk HTTP/1.1" 200 4034 "-" "Mozilla/5.0 (compatible; SemrushBot/6~bl; +http://www.semrush.com/bot.html)"
108.162.229.142 - - [01/Sep/2019:21:31:45 +0000] "GET /hr/destinacije/zaton-nin HTTP/1.1" 200 4097 "-" "Mozilla/5.0 (compatible; AhrefsBot/6.1; +http://ahrefs.com/robot/)"
162.158.92.236 - - [01/Sep/2019:21:32:22 +0000] "GET /en/taxi-transfer/trogir/dubrovnik-airport HTTP/1.1" 200 7947 "-" "serpstatbot/1.0 (advanced backlink tracking bot; curl/7.58.0; http://serpstatbot.com/; abuse@serpstatbot.com)"
162.158.88.78 - - [01/Sep/2019:21:32:34 +0000] "GET /en/taxi-transfer/trogir/makarska HTTP/1.1" 200 7629 "-" "serpstatbot/1.0 (advanced backlink tracking bot; curl/7.58.0; http://serpstatbot.com/; abuse@serpstatbot.com)"
172.68.65.178 - - [01/Sep/2019:21:32:39 +0000] "GET / HTTP/1.1" 200 4688 "-" "FreeWebMonitoring SiteChecker/0.2 (+https://www.freewebmonitoring.com/bot.html)"
172.68.222.110 - - [01/Sep/2019:21:32:54 +0000] "GET /hr/destinacije/cacinci HTTP/1.1" 200 4035 "https://www.google.com/" "Mozilla/5.0 (Linux; Android 9; JSN-L21) AppleWebKit/537.36 (KHTML, like Gecko) Chrome/76.0.3809.132 Mobile Safari/537.36"
172.68.222.32 - - [01/Sep/2019:21:32:57 +0000] "GET /site.webmanifest HTTP/1.1" 200 426 "https://www.cheapridetransfers.com/hr/destinacije/cacinci" "Mozilla/5.0 (Linux; Android 9; JSN-L21) AppleWebKit/537.36 (KHTML, like Gecko) Chrome/76.0.3809.132 Mobile Safari/537.36"
172.68.222.110 - - [01/Sep/2019:21:33:02 +0000] "POST /startlocation HTTP/1.1" 200 153 "https://www.cheapridetransfers.com/hr/destinacije/cacinci" "Mozilla/5.0 (Linux; Android 9; JSN-L21) AppleWebKit/537.36 (KHTML, like Gecko) Chrome/76.0.3809.132 Mobile Safari/537.36"
172.68.222.110 - - [01/Sep/2019:21:33:03 +0000] "POST /startlocation HTTP/1.1" 200 2 "https://www.cheapridetransfers.com/hr/destinacije/cacinci" "Mozilla/5.0 (Linux; Android 9; JSN-L21) AppleWebKit/537.36 (KHTML, like Gecko) Chrome/76.0.3809.132 Mobile Safari/537.36"
172.68.222.110 - - [01/Sep/2019:21:33:03 +0000] "POST /startlocation HTTP/1.1" 200 2 "https://www.cheapridetransfers.com/hr/destinacije/cacinci" "Mozilla/5.0 (Linux; Android 9; JSN-L21) AppleWebKit/537.36 (KHTML, like Gecko) Chrome/76.0.3809.132 Mobile Safari/537.36"
172.68.222.110 - - [01/Sep/2019:21:33:04 +0000] "POST /startlocation HTTP/1.1" 200 2 "https://www.cheapridetransfers.com/hr/destinacije/cacinci" "Mozilla/5.0 (Linux; Android 9; JSN-L21) AppleWebKit/537.36 (KHTML, like Gecko) Chrome/76.0.3809.132 Mobile Safari/537.36"
172.68.222.110 - - [01/Sep/2019:21:33:05 +0000] "POST /startlocation HTTP/1.1" 200 2 "https://www.cheapridetransfers.com/hr/destinacije/cacinci" "Mozilla/5.0 (Linux; Android 9; JSN-L21) AppleWebKit/537.36 (KHTML, like Gecko) Chrome/76.0.3809.132 Mobile Safari/537.36"
172.68.222.110 - - [01/Sep/2019:21:33:06 +0000] "POST /startlocation HTTP/1.1" 200 2 "https://www.cheapridetransfers.com/hr/destinacije/cacinci" "Mozilla/5.0 (Linux; Android 9; JSN-L21) AppleWebKit/537.36 (KHTML, like Gecko) Chrome/76.0.3809.132 Mobile Safari/537.36"
172.68.222.110 - - [01/Sep/2019:21:33:06 +0000] "POST /startlocation HTTP/1.1" 200 2 "https://www.cheapridetransfers.com/hr/destinacije/cacinci" "Mozilla/5.0 (Linux; Android 9; JSN-L21) AppleWebKit/537.36 (KHTML, like Gecko) Chrome/76.0.3809.132 Mobile Safari/537.36"
172.68.222.110 - - [01/Sep/2019:21:33:07 +0000] "POST /startlocation HTTP/1.1" 200 2 "https://www.cheapridetransfers.com/hr/destinacije/cacinci" "Mozilla/5.0 (Linux; Android 9; JSN-L21) AppleWebKit/537.36 (KHTML, like Gecko) Chrome/76.0.3809.132 Mobile Safari/537.36"
172.68.222.110 - - [01/Sep/2019:21:33:12 +0000] "POST /endlocation HTTP/1.1" 200 2 "https://www.cheapridetransfers.com/hr/destinacije/cacinci" "Mozilla/5.0 (Linux; Android 9; JSN-L21) AppleWebKit/537.36 (KHTML, like Gecko) Chrome/76.0.3809.132 Mobile Safari/537.36"
172.68.222.110 - - [01/Sep/2019:21:33:13 +0000] "POST /endlocation HTTP/1.1" 200 2 "https://www.cheapridetransfers.com/hr/destinacije/cacinci" "Mozilla/5.0 (Linux; Android 9; JSN-L21) AppleWebKit/537.36 (KHTML, like Gecko) Chrome/76.0.3809.132 Mobile Safari/537.36"
172.68.222.110 - - [01/Sep/2019:21:33:13 +0000] "POST /endlocation HTTP/1.1" 200 2 "https://www.cheapridetransfers.com/hr/destinacije/cacinci" "Mozilla/5.0 (Linux; Android 9; JSN-L21) AppleWebKit/537.36 (KHTML, like Gecko) Chrome/76.0.3809.132 Mobile Safari/537.36"
172.68.222.110 - - [01/Sep/2019:21:33:14 +0000] "POST /endlocation HTTP/1.1" 200 2 "https://www.cheapridetransfers.com/hr/destinacije/cacinci" "Mozilla/5.0 (Linux; Android 9; JSN-L21) AppleWebKit/537.36 (KHTML, like Gecko) Chrome/76.0.3809.132 Mobile Safari/537.36"
172.68.222.110 - - [01/Sep/2019:21:33:15 +0000] "POST /endlocation HTTP/1.1" 200 2 "https://www.cheapridetransfers.com/hr/destinacije/cacinci" "Mozilla/5.0 (Linux; Android 9; JSN-L21) AppleWebKit/537.36 (KHTML, like Gecko) Chrome/76.0.3809.132 Mobile Safari/537.36"
172.68.222.110 - - [01/Sep/2019:21:33:25 +0000] "GET /hr/pretraga?start_location=Vladimira+nazora+5&end_location=Kravljak+2&date=08.09.2019 HTTP/1.1" 302 460 "https://www.cheapridetransfers.com/hr/destinacije/cacinci" "Mozilla/5.0 (Linux; Android 9; JSN-L21) AppleWebKit/537.36 (KHTML, like Gecko) Chrome/76.0.3809.132 Mobile Safari/537.36"
172.68.222.110 - - [01/Sep/2019:21:33:25 +0000] "GET /hr/zatrazite-ponudu HTTP/1.1" 200 3893 "https://www.cheapridetransfers.com/hr/destinacije/cacinci" "Mozilla/5.0 (Linux; Android 9; JSN-L21) AppleWebKit/537.36 (KHTML, like Gecko) Chrome/76.0.3809.132 Mobile Safari/537.36"
172.68.222.110 - - [01/Sep/2019:21:33:46 +0000] "GET /hr/pretraga?start_location=Vladimira+nazora+5&end_location=Kravljak+2&date=08.09.2019 HTTP/1.1" 302 460 "https://www.cheapridetransfers.com/hr/zatrazite-ponudu" "Mozilla/5.0 (Linux; Android 9; JSN-L21) AppleWebKit/537.36 (KHTML, like Gecko) Chrome/76.0.3809.132 Mobile Safari/537.36"
172.68.222.110 - - [01/Sep/2019:21:33:46 +0000] "GET /hr/zatrazite-ponudu HTTP/1.1" 200 3893 "https://www.cheapridetransfers.com/hr/zatrazite-ponudu" "Mozilla/5.0 (Linux; Android 9; JSN-L21) AppleWebKit/537.36 (KHTML, like Gecko) Chrome/76.0.3809.132 Mobile Safari/537.36"
172.68.222.110 - - [01/Sep/2019:21:33:53 +0000] "GET /hr/taxi HTTP/1.1" 200 4770 "https://www.cheapridetransfers.com/hr/zatrazite-ponudu" "Mozilla/5.0 (Linux; Android 9; JSN-L21) AppleWebKit/537.36 (KHTML, like Gecko) Chrome/76.0.3809.132 Mobile Safari/537.36"
162.158.91.237 - - [01/Sep/2019:21:33:58 +0000] "GET /en/taxi-transfer/tucepi/zadar HTTP/1.1" 200 7646 "-" "serpstatbot/1.0 (advanced backlink tracking bot; curl/7.58.0; http://serpstatbot.com/; abuse@serpstatbot.com)"
162.158.94.6 - - [01/Sep/2019:21:34:05 +0000] "GET /en/taxi-transfer/tucepi/zadar-airport HTTP/1.1" 200 7937 "-" "serpstatbot/1.0 (advanced backlink tracking bot; curl/7.58.0; http://serpstatbot.com/; abuse@serpstatbot.com)"
162.158.89.239 - - [01/Sep/2019:21:35:27 +0000] "GET /en/taxi-transfer/tucepi/zaostrog HTTP/1.1" 200 7640 "-" "serpstatbot/1.0 (advanced backlink tracking bot; curl/7.58.0; http://serpstatbot.com/; abuse@serpstatbot.com)"
162.158.88.210 - - [01/Sep/2019:21:35:33 +0000] "GET /en/taxi-transfer/tucepi/zivogosce HTTP/1.1" 200 7665 "-" "serpstatbot/1.0 (advanced backlink tracking bot; curl/7.58.0; http://serpstatbot.com/; abuse@serpstatbot.com)"
162.158.78.242 - - [01/Sep/2019:21:36:39 +0000] "GET /taxi-transfer/imotski/zadar-airport HTTP/1.1" 200 7936 "-" "Mozilla/5.0 (compatible; SemrushBot/6~bl; +http://www.semrush.com/bot.html)"
162.158.91.237 - - [01/Sep/2019:21:36:44 +0000] "GET /hr/destinacije/homoljac HTTP/1.1" 200 4027 "-" "serpstatbot/1.0 (advanced backlink tracking bot; curl/7.58.0; http://serpstatbot.com/; abuse@serpstatbot.com)"
162.158.88.234 - - [01/Sep/2019:21:37:08 +0000] "GET /taxi-transfer/dubrovnik-airport/zivogosce HTTP/1.1" 200 7989 "-" "serpstatbot/1.0 (advanced backlink tracking bot; curl/7.58.0; http://serpstatbot.com/; abuse@serpstatbot.com)"
162.158.91.237 - - [01/Sep/2019:21:38:07 +0000] "GET /taxi-transfer/split-airport/potocnica-pag HTTP/1.1" 200 7955 "-" "serpstatbot/1.0 (advanced backlink tracking bot; curl/7.58.0; http://serpstatbot.com/; abuse@serpstatbot.com)"
172.69.63.89 - - [01/Sep/2019:21:38:51 +0000] "GET /hr/destinacije/prugovo HTTP/1.1" 200 4026 "-" "Mozilla/5.0 (compatible; SemrushBot/6~bl; +http://www.semrush.com/bot.html)"
162.158.93.181 - - [01/Sep/2019:21:39:29 +0000] "GET /taxi-transfer/brist/split-airport HTTP/1.1" 200 8090 "-" "serpstatbot/1.0 (advanced backlink tracking bot; curl/7.58.0; http://serpstatbot.com/; abuse@serpstatbot.com)"
162.158.91.237 - - [01/Sep/2019:21:39:34 +0000] "GET /taxi-transfer/brist/tucepi HTTP/1.1" 200 7636 "-" "serpstatbot/1.0 (advanced backlink tracking bot; curl/7.58.0; http://serpstatbot.com/; abuse@serpstatbot.com)"
162.158.91.177 - - [01/Sep/2019:21:40:31 +0000] "GET /taxi-transfer/bratus/drvenik HTTP/1.1" 200 7651 "-" "serpstatbot/1.0 (advanced backlink tracking bot; curl/7.58.0; http://serpstatbot.com/; abuse@serpstatbot.com)"
162.158.88.210 - - [01/Sep/2019:21:41:24 +0000] "GET /taxi-transfer/bratus/gradac HTTP/1.1" 200 7648 "-" "serpstatbot/1.0 (advanced backlink tracking bot; curl/7.58.0; http://serpstatbot.com/; abuse@serpstatbot.com)"
162.158.92.82 - - [01/Sep/2019:21:42:23 +0000] "GET /taxi-transfer/bratus/igrane HTTP/1.1" 200 7651 "-" "serpstatbot/1.0 (advanced backlink tracking bot; curl/7.58.0; http://serpstatbot.com/; abuse@serpstatbot.com)"
162.158.92.82 - - [01/Sep/2019:21:43:28 +0000] "GET /taxi-transfer/bratus/krvavica HTTP/1.1" 200 7644 "-" "serpstatbot/1.0 (advanced backlink tracking bot; curl/7.58.0; http://serpstatbot.com/; abuse@serpstatbot.com)"
141.101.104.63 - - [01/Sep/2019:21:43:31 +0000] "GET /hr/destinations/orlec-cres HTTP/1.1" 302 484 "-" "Mozilla/5.0 (compatible; AhrefsBot/6.1; +http://ahrefs.com/robot/)"
162.158.88.234 - - [01/Sep/2019:21:44:02 +0000] "GET /taxi-transfer/bratus/makarska HTTP/1.1" 200 7645 "-" "serpstatbot/1.0 (advanced backlink tracking bot; curl/7.58.0; http://serpstatbot.com/; abuse@serpstatbot.com)"
162.158.92.102 - - [01/Sep/2019:21:44:59 +0000] "GET /taxi-transfer/bratus/podgora HTTP/1.1" 200 7648 "-" "serpstatbot/1.0 (advanced backlink tracking bot; curl/7.58.0; http://serpstatbot.com/; abuse@serpstatbot.com)"
172.69.63.89 - - [01/Sep/2019:21:45:13 +0000] "GET /taxi-transfer/sukosan/split-airport HTTP/1.1" 200 7942 "-" "Mozilla/5.0 (compatible; SemrushBot/6~bl; +http://www.semrush.com/bot.html)"
162.158.91.237 - - [01/Sep/2019:21:45:34 +0000] "GET /taxi-transfer/bratus/promajna HTTP/1.1" 200 7648 "-" "serpstatbot/1.0 (advanced backlink tracking bot; curl/7.58.0; http://serpstatbot.com/; abuse@serpstatbot.com)"
172.69.54.241 - - [01/Sep/2019:21:45:39 +0000] "GET /taxi-transfer/baska-voda/zadar-airport HTTP/1.1" 200 7962 "-" "Mozilla/5.0 (compatible; AhrefsBot/6.1; +http://ahrefs.com/robot/)"
162.158.88.234 - - [01/Sep/2019:21:46:37 +0000] "GET /taxi-transfer/bratus/split HTTP/1.1" 200 7771 "-" "serpstatbot/1.0 (advanced backlink tracking bot; curl/7.58.0; http://serpstatbot.com/; abuse@serpstatbot.com)"
162.158.88.234 - - [01/Sep/2019:21:47:14 +0000] "GET /taxi-transfer/bratus/split-airport HTTP/1.1" 200 8107 "-" "serpstatbot/1.0 (advanced backlink tracking bot; curl/7.58.0; http://serpstatbot.com/; abuse@serpstatbot.com)"
162.158.89.239 - - [01/Sep/2019:21:48:17 +0000] "GET /taxi-transfer/bratus/tucepi HTTP/1.1" 200 7653 "-" "serpstatbot/1.0 (advanced backlink tracking bot; curl/7.58.0; http://serpstatbot.com/; abuse@serpstatbot.com)"
172.69.68.161 - - [01/Sep/2019:21:48:36 +0000] "GET /hr/destinacije/selca-kod-bogomolja-hvar HTTP/1.1" 200 4053 "-" "Mozilla/5.0 (compatible; Googlebot/2.1; +http://www.google.com/bot.html)"
162.158.92.86 - - [01/Sep/2019:21:49:05 +0000] "GET /taxi-transfer/bratus/zaostrog HTTP/1.1" 200 7651 "-" "serpstatbot/1.0 (advanced backlink tracking bot; curl/7.58.0; http://serpstatbot.com/; abuse@serpstatbot.com)"
162.158.92.236 - - [01/Sep/2019:21:49:41 +0000] "GET /taxi-transfer/bratus/zivogosce HTTP/1.1" 200 7669 "-" "serpstatbot/1.0 (advanced backlink tracking bot; curl/7.58.0; http://serpstatbot.com/; abuse@serpstatbot.com)"
162.158.92.236 - - [01/Sep/2019:21:50:30 +0000] "GET /taxi-transfer/brela/baska-voda HTTP/1.1" 200 7655 "-" "serpstatbot/1.0 (advanced backlink tracking bot; curl/7.58.0; http://serpstatbot.com/; abuse@serpstatbot.com)"
162.158.89.77 - - [01/Sep/2019:21:51:37 +0000] "GET /taxi-transfer/brela/bast HTTP/1.1" 200 7627 "-" "serpstatbot/1.0 (advanced backlink tracking bot; curl/7.58.0; http://serpstatbot.com/; abuse@serpstatbot.com)"
162.158.93.181 - - [01/Sep/2019:21:51:44 +0000] "GET /taxi-transfer/brela/bratus HTTP/1.1" 200 7643 "-" "serpstatbot/1.0 (advanced backlink tracking bot; curl/7.58.0; http://serpstatbot.com/; abuse@serpstatbot.com)"
162.158.94.6 - - [01/Sep/2019:21:53:02 +0000] "GET /taxi-transfer/brela/brist HTTP/1.1" 200 7625 "-" "serpstatbot/1.0 (advanced backlink tracking bot; curl/7.58.0; http://serpstatbot.com/; abuse@serpstatbot.com)"
172.69.62.200 - - [01/Sep/2019:21:53:32 +0000] "GET /destinations/slivnica HTTP/1.1" 200 3946 "-" "Mozilla/5.0 (compatible; SemrushBot/6~bl; +http://www.semrush.com/bot.html)"
162.158.88.78 - - [01/Sep/2019:21:53:33 +0000] "GET /taxi-transfer/brela/drasnice HTTP/1.1" 200 7648 "-" "serpstatbot/1.0 (advanced backlink tracking bot; curl/7.58.0; http://serpstatbot.com/; abuse@serpstatbot.com)"
162.158.92.102 - - [01/Sep/2019:21:54:38 +0000] "GET /taxi-transfer/brela/drvenik HTTP/1.1" 200 7634 "-" "serpstatbot/1.0 (advanced backlink tracking bot; curl/7.58.0; http://serpstatbot.com/; abuse@serpstatbot.com)"
162.158.92.6 - - [01/Sep/2019:21:55:00 +0000] "GET /taxi-transfer/brela/dubrovnik HTTP/1.1" 200 7643 "-" "serpstatbot/1.0 (advanced backlink tracking bot; curl/7.58.0; http://serpstatbot.com/; abuse@serpstatbot.com)"
162.158.88.234 - - [01/Sep/2019:21:55:39 +0000] "GET /taxi-transfer/brist/bratus HTTP/1.1" 200 7641 "-" "serpstatbot/1.0 (advanced backlink tracking bot; curl/7.58.0; http://serpstatbot.com/; abuse@serpstatbot.com)"
162.158.88.210 - - [01/Sep/2019:21:55:57 +0000] "GET /hr/destinacije/batomalj-krk HTTP/1.1" 200 4034 "-" "serpstatbot/1.0 (advanced backlink tracking bot; curl/7.58.0; http://serpstatbot.com/; abuse@serpstatbot.com)"
162.158.88.210 - - [01/Sep/2019:21:57:35 +0000] "GET /destinations/dugi-rat HTTP/1.1" 200 4010 "-" "serpstatbot/1.0 (advanced backlink tracking bot; curl/7.58.0; http://serpstatbot.com/; abuse@serpstatbot.com)"
162.158.89.77 - - [01/Sep/2019:21:57:41 +0000] "GET /hr/destinacije/bobovisca-na-moru-brac HTTP/1.1" 200 4073 "-" "serpstatbot/1.0 (advanced backlink tracking bot; curl/7.58.0; http://serpstatbot.com/; abuse@serpstatbot.com)"
172.69.70.105 - - [01/Sep/2019:21:57:55 +0000] "GET /hr/destinacije/lukovo-senj HTTP/1.1" 200 4038 "-" "Mozilla/5.0 (compatible; Googlebot/2.1; +http://www.google.com/bot.html)"
162.158.92.236 - - [01/Sep/2019:21:59:13 +0000] "GET /hr/destinacije HTTP/1.1" 200 6949 "-" "serpstatbot/1.0 (advanced backlink tracking bot; curl/7.58.0; http://serpstatbot.com/; abuse@serpstatbot.com)"
172.69.63.99 - - [01/Sep/2019:21:59:51 +0000] "GET /hr/destinations/novo-virje HTTP/1.1" 302 484 "-" "Mozilla/5.0 (compatible; SemrushBot/6~bl; +http://www.semrush.com/bot.html)"
172.69.62.170 - - [01/Sep/2019:21:59:53 +0000] "GET /hr/destinacije/novo-virje HTTP/1.1" 200 4034 "-" "Mozilla/5.0 (compatible; SemrushBot/6~bl; +http://www.semrush.com/bot.html)"
162.158.93.181 - - [01/Sep/2019:22:00:07 +0000] "GET /hr/destinacije/antenal HTTP/1.1" 200 4025 "-" "serpstatbot/1.0 (advanced backlink tracking bot; curl/7.58.0; http://serpstatbot.com/; abuse@serpstatbot.com)"
162.158.92.86 - - [01/Sep/2019:22:00:36 +0000] "GET /en/taxi-transfer/zivogosce/drasnice HTTP/1.1" 200 7675 "-" "serpstatbot/1.0 (advanced backlink tracking bot; curl/7.58.0; http://serpstatbot.com/; abuse@serpstatbot.com)"
162.158.92.82 - - [01/Sep/2019:22:01:43 +0000] "GET /en/taxi-transfer/zivogosce/drvenik HTTP/1.1" 200 7668 "-" "serpstatbot/1.0 (advanced backlink tracking bot; curl/7.58.0; http://serpstatbot.com/; abuse@serpstatbot.com)"
162.158.91.237 - - [01/Sep/2019:22:01:49 +0000] "GET /en/taxi-transfer/zivogosce/dubrovnik HTTP/1.1" 200 7670 "-" "serpstatbot/1.0 (advanced backlink tracking bot; curl/7.58.0; http://serpstatbot.com/; abuse@serpstatbot.com)"
162.158.89.95 - - [01/Sep/2019:22:02:43 +0000] "GET /en/taxi-transfer/zivogosce/dubrovnik-airport HTTP/1.1" 200 7979 "-" "serpstatbot/1.0 (advanced backlink tracking bot; curl/7.58.0; http://serpstatbot.com/; abuse@serpstatbot.com)"
172.69.63.73 - - [01/Sep/2019:22:02:57 +0000] "GET /robots.txt HTTP/1.1" 301 253 "-" "Mozilla/5.0 (compatible; SemrushBot/6~bl; +http://www.semrush.com/bot.html)"
172.69.62.158 - - [01/Sep/2019:22:02:59 +0000] "GET / HTTP/1.1" 301 243 "-" "Mozilla/5.0 (compatible; SemrushBot/6~bl; +http://www.semrush.com/bot.html)"
172.68.65.112 - - [01/Sep/2019:22:03:01 +0000] "GET / HTTP/1.1" 200 4688 "-" "Mozilla/5.0 (compatible; SemrushBot/6~bl; +http://www.semrush.com/bot.html)"
162.158.92.6 - - [01/Sep/2019:22:04:04 +0000] "GET /en/taxi-transfer/zivogosce/gradac HTTP/1.1" 200 7663 "-" "serpstatbot/1.0 (advanced backlink tracking bot; curl/7.58.0; http://serpstatbot.com/; abuse@serpstatbot.com)"
141.101.69.15 - - [01/Sep/2019:22:04:05 +0000] "GET /taxi-transfer/igrane/baska-voda HTTP/1.1" 200 7650 "-" "Mozilla/5.0 (compatible; AhrefsBot/6.1; +http://ahrefs.com/robot/)"
162.158.91.177 - - [01/Sep/2019:22:04:10 +0000] "GET /en/taxi-transfer/zivogosce/igrane HTTP/1.1" 200 7666 "-" "serpstatbot/1.0 (advanced backlink tracking bot; curl/7.58.0; http://serpstatbot.com/; abuse@serpstatbot.com)"
108.162.229.62 - - [01/Sep/2019:22:04:11 +0000] "GET /en/taxi-transfer/split-airport/zagvozd HTTP/1.1" 200 8112 "-" "Mozilla/5.0 (compatible; AhrefsBot/6.1; +http://ahrefs.com/robot/)"
162.158.89.77 - - [01/Sep/2019:22:05:35 +0000] "GET /en/taxi-transfer/zivogosce/makarska HTTP/1.1" 200 7658 "-" "serpstatbot/1.0 (advanced backlink tracking bot; curl/7.58.0; http://serpstatbot.com/; abuse@serpstatbot.com)"
162.158.91.237 - - [01/Sep/2019:22:05:57 +0000] "GET /en/taxi-transfer/zivogosce/podaca HTTP/1.1" 200 7660 "-" "serpstatbot/1.0 (advanced backlink tracking bot; curl/7.58.0; http://serpstatbot.com/; abuse@serpstatbot.com)"
108.162.229.8 - - [01/Sep/2019:22:06:55 +0000] "GET /destinations/murvica-brac HTTP/1.1" 200 3962 "-" "Mozilla/5.0 (compatible; AhrefsBot/6.1; +http://ahrefs.com/robot/)"
162.158.91.237 - - [01/Sep/2019:22:07:21 +0000] "GET /en/taxi-transfer/zivogosce/podgora HTTP/1.1" 200 7667 "-" "serpstatbot/1.0 (advanced backlink tracking bot; curl/7.58.0; http://serpstatbot.com/; abuse@serpstatbot.com)"
162.158.92.86 - - [01/Sep/2019:22:07:28 +0000] "GET /en/taxi-transfer/zivogosce/promajna HTTP/1.1" 200 7667 "-" "serpstatbot/1.0 (advanced backlink tracking bot; curl/7.58.0; http://serpstatbot.com/; abuse@serpstatbot.com)"
172.69.68.115 - - [01/Sep/2019:22:07:41 +0000] "GET /hr/destinacije/veliki-grdevac HTTP/1.1" 200 4042 "-" "Mozilla/5.0 (compatible; Googlebot/2.1; +http://www.google.com/bot.html)"
162.158.92.102 - - [01/Sep/2019:22:08:53 +0000] "GET /en/taxi-transfer/zivogosce/split-airport HTTP/1.1" 200 8108 "-" "serpstatbot/1.0 (advanced backlink tracking bot; curl/7.58.0; http://serpstatbot.com/; abuse@serpstatbot.com)"
162.158.88.210 - - [01/Sep/2019:22:09:17 +0000] "GET /en/taxi-transfer/zivogosce/tucepi HTTP/1.1" 200 7671 "-" "serpstatbot/1.0 (advanced backlink tracking bot; curl/7.58.0; http://serpstatbot.com/; abuse@serpstatbot.com)"
141.101.104.249 - - [01/Sep/2019:22:09:35 +0000] "GET /en/destinations/goris HTTP/1.1" 200 3963 "-" "Mozilla/5.0 (compatible; AhrefsBot/6.1; +http://ahrefs.com/robot/)"
162.158.92.236 - - [01/Sep/2019:22:10:18 +0000] "GET /en/taxi-transfer/zivogosce/zadar HTTP/1.1" 200 7674 "-" "serpstatbot/1.0 (advanced backlink tracking bot; curl/7.58.0; http://serpstatbot.com/; abuse@serpstatbot.com)"
162.158.88.210 - - [01/Sep/2019:22:11:01 +0000] "GET /en/taxi-transfer/zivogosce/zaostrog HTTP/1.1" 200 7668 "-" "serpstatbot/1.0 (advanced backlink tracking bot; curl/7.58.0; http://serpstatbot.com/; abuse@serpstatbot.com)"
172.69.63.85 - - [01/Sep/2019:22:11:04 +0000] "GET /taxi-transfer/brela/tucepi HTTP/1.1" 200 7635 "-" "Mozilla/5.0 (compatible; SemrushBot/6~bl; +http://www.semrush.com/bot.html)"
162.158.94.6 - - [01/Sep/2019:22:11:41 +0000] "GET /en/taxi-transfer/zubovici-pag/split-airport HTTP/1.1" 200 7952 "-" "serpstatbot/1.0 (advanced backlink tracking bot; curl/7.58.0; http://serpstatbot.com/; abuse@serpstatbot.com)"
162.158.92.86 - - [01/Sep/2019:22:12:48 +0000] "GET /en/terms-and-conditions HTTP/1.1" 200 4304 "-" "serpstatbot/1.0 (advanced backlink tracking bot; curl/7.58.0; http://serpstatbot.com/; abuse@serpstatbot.com)"
162.158.89.239 - - [01/Sep/2019:22:13:06 +0000] "GET /en/tours HTTP/1.1" 200 4149 "-" "serpstatbot/1.0 (advanced backlink tracking bot; curl/7.58.0; http://serpstatbot.com/; abuse@serpstatbot.com)"
162.158.92.6 - - [01/Sep/2019:22:14:14 +0000] "GET /en/tours/biokovo-mountain-tour HTTP/1.1" 200 5649 "-" "serpstatbot/1.0 (advanced backlink tracking bot; curl/7.58.0; http://serpstatbot.com/; abuse@serpstatbot.com)"
162.158.89.239 - - [01/Sep/2019:22:15:07 +0000] "GET /en/tours/city-of-dubrovnik-tour HTTP/1.1" 200 5471 "-" "serpstatbot/1.0 (advanced backlink tracking bot; curl/7.58.0; http://serpstatbot.com/; abuse@serpstatbot.com)"
162.158.92.236 - - [01/Sep/2019:22:15:46 +0000] "GET /en/tours/city-of-medugorje-tour-bih HTTP/1.1" 200 5269 "-" "serpstatbot/1.0 (advanced backlink tracking bot; curl/7.58.0; http://serpstatbot.com/; abuse@serpstatbot.com)"
108.162.229.20 - - [01/Sep/2019:22:16:33 +0000] "GET /en/taxi-transfer/stobrec/split-airport HTTP/1.1" 200 8093 "-" "Mozilla/5.0 (compatible; AhrefsBot/6.1; +http://ahrefs.com/robot/)"
162.158.93.181 - - [01/Sep/2019:22:16:40 +0000] "GET /get-a-quote HTTP/1.1" 200 3776 "-" "serpstatbot/1.0 (advanced backlink tracking bot; curl/7.58.0; http://serpstatbot.com/; abuse@serpstatbot.com)"
162.158.88.78 - - [01/Sep/2019:22:16:46 +0000] "GET /destinations/gornji-humac-brac HTTP/1.1" 200 3971 "-" "serpstatbot/1.0 (advanced backlink tracking bot; curl/7.58.0; http://serpstatbot.com/; abuse@serpstatbot.com)"
162.158.89.239 - - [01/Sep/2019:22:17:57 +0000] "GET /hr/destinacije/boraja HTTP/1.1" 200 4024 "-" "serpstatbot/1.0 (advanced backlink tracking bot; curl/7.58.0; http://serpstatbot.com/; abuse@serpstatbot.com)"
172.69.68.109 - - [01/Sep/2019:22:18:09 +0000] "GET /hr/destinacije/donja-suvaja HTTP/1.1" 200 4034 "-" "Mozilla/5.0 (compatible; Googlebot/2.1; +http://www.google.com/bot.html)"
162.158.89.239 - - [01/Sep/2019:22:18:59 +0000] "GET /en/taxi-transfer/veliko-brdo-makarska/makarska HTTP/1.1" 200 7634 "-" "serpstatbot/1.0 (advanced backlink tracking bot; curl/7.58.0; http://serpstatbot.com/; abuse@serpstatbot.com)"
162.158.91.177 - - [01/Sep/2019:22:20:00 +0000] "GET /en/taxi-transfer/veliko-brdo-makarska/split-airport HTTP/1.1" 200 8114 "-" "serpstatbot/1.0 (advanced backlink tracking bot; curl/7.58.0; http://serpstatbot.com/; abuse@serpstatbot.com)"
162.158.92.6 - - [01/Sep/2019:22:20:06 +0000] "GET /en/taxi-transfer/split-airport/sveti-filip-i-jakov HTTP/1.1" 200 7972 "-" "serpstatbot/1.0 (advanced backlink tracking bot; curl/7.58.0; http://serpstatbot.com/; abuse@serpstatbot.com)"
162.158.89.77 - - [01/Sep/2019:22:20:51 +0000] "GET /en/taxi-transfer/split-airport/zivogosce HTTP/1.1" 200 8136 "-" "serpstatbot/1.0 (advanced backlink tracking bot; curl/7.58.0; http://serpstatbot.com/; abuse@serpstatbot.com)"
141.101.76.254 - - [01/Sep/2019:22:21:28 +0000] "GET /taxi-transfer/podaca/dubrovnik-airport HTTP/1.1" 200 7943 "-" "Mozilla/5.0 (compatible; AhrefsBot/6.1; +http://ahrefs.com/robot/)"
162.158.94.6 - - [01/Sep/2019:22:22:21 +0000] "GET /en/taxi-transfer/split-airport/zmijavci HTTP/1.1" 200 7945 "-" "serpstatbot/1.0 (advanced backlink tracking bot; curl/7.58.0; http://serpstatbot.com/; abuse@serpstatbot.com)"
162.158.89.239 - - [01/Sep/2019:22:22:42 +0000] "GET /en/taxi-transfer/split-airport/zubovici-pag HTTP/1.1" 200 7963 "-" "serpstatbot/1.0 (advanced backlink tracking bot; curl/7.58.0; http://serpstatbot.com/; abuse@serpstatbot.com)"
162.158.92.102 - - [01/Sep/2019:22:23:50 +0000] "GET /en/taxi-transfer/split/baska-voda HTTP/1.1" 200 7661 "-" "serpstatbot/1.0 (advanced backlink tracking bot; curl/7.58.0; http://serpstatbot.com/; abuse@serpstatbot.com)"
162.158.92.6 - - [01/Sep/2019:22:24:04 +0000] "GET /en/taxi-transfer/split/bast HTTP/1.1" 200 7634 "-" "serpstatbot/1.0 (advanced backlink tracking bot; curl/7.58.0; http://serpstatbot.com/; abuse@serpstatbot.com)"
162.158.92.236 - - [01/Sep/2019:22:25:09 +0000] "GET /en/taxi-transfer/split/bratus HTTP/1.1" 200 7773 "-" "serpstatbot/1.0 (advanced backlink tracking bot; curl/7.58.0; http://serpstatbot.com/; abuse@serpstatbot.com)"
162.158.89.95 - - [01/Sep/2019:22:25:48 +0000] "GET /en/taxi-transfer/split/brela HTTP/1.1" 200 7756 "-" "serpstatbot/1.0 (advanced backlink tracking bot; curl/7.58.0; http://serpstatbot.com/; abuse@serpstatbot.com)"
162.158.89.77 - - [01/Sep/2019:22:26:58 +0000] "GET /en/taxi-transfer/split/drasnice HTTP/1.1" 200 7785 "-" "serpstatbot/1.0 (advanced backlink tracking bot; curl/7.58.0; http://serpstatbot.com/; abuse@serpstatbot.com)"
172.68.65.154 - - [01/Sep/2019:22:27:09 +0000] "GET /taxi-transfer/bast/baska-voda HTTP/1.1" 200 7651 "-" "Mozilla/5.0 (compatible; SemrushBot/6~bl; +http://www.semrush.com/bot.html)"
162.158.89.77 - - [01/Sep/2019:22:27:17 +0000] "GET /en/taxi-transfer/split/drvenik HTTP/1.1" 200 7757 "-" "serpstatbot/1.0 (advanced backlink tracking bot; curl/7.58.0; http://serpstatbot.com/; abuse@serpstatbot.com)"
162.158.88.210 - - [01/Sep/2019:22:28:23 +0000] "GET /en/taxi-transfer/split/dubrovnik HTTP/1.1" 200 7772 "-" "serpstatbot/1.0 (advanced backlink tracking bot; curl/7.58.0; http://serpstatbot.com/; abuse@serpstatbot.com)"
162.158.91.237 - - [01/Sep/2019:22:29:00 +0000] "GET /en/taxi-transfer/split/dubrovnik-airport HTTP/1.1" 200 8095 "-" "serpstatbot/1.0 (advanced backlink tracking bot; curl/7.58.0; http://serpstatbot.com/; abuse@serpstatbot.com)"
108.162.229.18 - - [01/Sep/2019:22:29:11 +0000] "GET /destinations/icici HTTP/1.1" 200 3952 "-" "Mozilla/5.0 (compatible; AhrefsBot/6.1; +http://ahrefs.com/robot/)"
141.101.104.9 - - [01/Sep/2019:22:29:30 +0000] "GET /en/taxi-transfer/split-airport/razanj-rogoznica HTTP/1.1" 200 7963 "-" "Mozilla/5.0 (compatible; AhrefsBot/6.1; +http://ahrefs.com/robot/)"
162.158.106.226 - - [01/Sep/2019:22:29:43 +0000] "GET /hr/destinacije/kraj HTTP/1.1" 200 4023 "-" "Mozilla/5.0 (compatible; DotBot/1.1; http://www.opensiteexplorer.org/dotbot, help@moz.com)"
162.158.88.210 - - [01/Sep/2019:22:30:09 +0000] "GET /en/taxi-transfer/split/gradac HTTP/1.1" 200 7763 "-" "serpstatbot/1.0 (advanced backlink tracking bot; curl/7.58.0; http://serpstatbot.com/; abuse@serpstatbot.com)"
162.158.94.6 - - [01/Sep/2019:22:30:14 +0000] "GET /en/taxi-transfer/split/krka-national-park HTTP/1.1" 200 7653 "-" "serpstatbot/1.0 (advanced backlink tracking bot; curl/7.58.0; http://serpstatbot.com/; abuse@serpstatbot.com)"
162.158.92.82 - - [01/Sep/2019:22:31:01 +0000] "GET /en/taxi-transfer/split/krvavica HTTP/1.1" 200 7762 "-" "serpstatbot/1.0 (advanced backlink tracking bot; curl/7.58.0; http://serpstatbot.com/; abuse@serpstatbot.com)"
162.158.88.210 - - [01/Sep/2019:22:31:56 +0000] "GET /en/taxi-transfer/split/makarska HTTP/1.1" 200 7758 "-" "serpstatbot/1.0 (advanced backlink tracking bot; curl/7.58.0; http://serpstatbot.com/; abuse@serpstatbot.com)"
162.158.88.210 - - [01/Sep/2019:22:32:57 +0000] "GET /en/taxi-transfer/split/mostar-bih HTTP/1.1" 200 7651 "-" "serpstatbot/1.0 (advanced backlink tracking bot; curl/7.58.0; http://serpstatbot.com/; abuse@serpstatbot.com)"
162.158.89.95 - - [01/Sep/2019:22:33:25 +0000] "GET /en/taxi-transfer/split/novalja-pag HTTP/1.1" 200 7651 "-" "serpstatbot/1.0 (advanced backlink tracking bot; curl/7.58.0; http://serpstatbot.com/; abuse@serpstatbot.com)"
162.158.78.224 - - [01/Sep/2019:22:34:18 +0000] "GET /destinations/grmov-cres HTTP/1.1" 200 3951 "-" "Mozilla/5.0 (compatible; SemrushBot/6~bl; +http://www.semrush.com/bot.html)"
162.158.78.80 - - [01/Sep/2019:22:34:22 +0000] "GET / HTTP/1.1" 200 4688 "-" "FreeWebMonitoring SiteChecker/0.2 (+https://www.freewebmonitoring.com/bot.html)"
141.101.104.139 - - [01/Sep/2019:22:34:22 +0000] "GET /en/destinations/stara-vas-pag HTTP/1.1" 200 3966 "-" "Mozilla/5.0 (compatible; AhrefsBot/6.1; +http://ahrefs.com/robot/)"
162.158.88.210 - - [01/Sep/2019:22:34:26 +0000] "GET /en/taxi-transfer/split/plitvice-lakes HTTP/1.1" 200 7648 "-" "serpstatbot/1.0 (advanced backlink tracking bot; curl/7.58.0; http://serpstatbot.com/; abuse@serpstatbot.com)"
108.162.229.26 - - [01/Sep/2019:22:34:29 +0000] "GET /hr/destinations/doli HTTP/1.1" 302 460 "-" "Mozilla/5.0 (compatible; AhrefsBot/6.1; +http://ahrefs.com/robot/)"
162.158.91.237 - - [01/Sep/2019:22:35:20 +0000] "GET /en/taxi-transfer/split/ploce HTTP/1.1" 200 7761 "-" "serpstatbot/1.0 (advanced backlink tracking bot; curl/7.58.0; http://serpstatbot.com/; abuse@serpstatbot.com)"
141.101.69.19 - - [01/Sep/2019:22:35:45 +0000] "GET /hr/destinacije/gornja-suvaja HTTP/1.1" 200 4034 "-" "Mozilla/5.0 (compatible; AhrefsBot/6.1; +http://ahrefs.com/robot/)"
162.158.88.210 - - [01/Sep/2019:22:36:30 +0000] "GET /hr/destinacije/smokovic HTTP/1.1" 200 4033 "-" "serpstatbot/1.0 (advanced backlink tracking bot; curl/7.58.0; http://serpstatbot.com/; abuse@serpstatbot.com)"
162.158.92.102 - - [01/Sep/2019:22:37:28 +0000] "GET /taxi-transfer/dubrovnik-airport/promajna HTTP/1.1" 200 7962 "-" "serpstatbot/1.0 (advanced backlink tracking bot; curl/7.58.0; http://serpstatbot.com/; abuse@serpstatbot.com)"
162.158.79.183 - - [01/Sep/2019:22:38:26 +0000] "GET /en/about-us HTTP/1.1" 200 3784 "-" "Mozilla/5.0 (compatible; SemrushBot/6~bl; +http://www.semrush.com/bot.html)"
162.158.88.78 - - [01/Sep/2019:22:38:28 +0000] "GET /en/destinations/cestica HTTP/1.1" 200 3949 "-" "serpstatbot/1.0 (advanced backlink tracking bot; curl/7.58.0; http://serpstatbot.com/; abuse@serpstatbot.com)"
162.158.92.82 - - [01/Sep/2019:22:38:42 +0000] "GET /taxi-transfer/split-airport/mali-ston HTTP/1.1" 200 7954 "-" "serpstatbot/1.0 (advanced backlink tracking bot; curl/7.58.0; http://serpstatbot.com/; abuse@serpstatbot.com)"
162.158.78.200 - - [01/Sep/2019:22:39:04 +0000] "GET /en/destinations/banki HTTP/1.1" 200 3948 "-" "Mozilla/5.0 (compatible; SemrushBot/6~bl; +http://www.semrush.com/bot.html)"
162.158.93.181 - - [01/Sep/2019:22:39:41 +0000] "GET /en/destinations/cetingrad HTTP/1.1" 200 3952 "-" "serpstatbot/1.0 (advanced backlink tracking bot; curl/7.58.0; http://serpstatbot.com/; abuse@serpstatbot.com)"
108.162.229.210 - - [01/Sep/2019:22:40:09 +0000] "GET /en/taxi-transfer/split-airport/ravca HTTP/1.1" 200 7948 "-" "Mozilla/5.0 (compatible; AhrefsBot/6.1; +http://ahrefs.com/robot/)"
162.158.89.77 - - [01/Sep/2019:22:40:35 +0000] "GET /taxi-transfer/brist/makarska HTTP/1.1" 200 7622 "-" "serpstatbot/1.0 (advanced backlink tracking bot; curl/7.58.0; http://serpstatbot.com/; abuse@serpstatbot.com)"
162.158.93.181 - - [01/Sep/2019:22:41:23 +0000] "GET /en/destinations/cetinje-me HTTP/1.1" 200 3959 "-" "serpstatbot/1.0 (advanced backlink tracking bot; curl/7.58.0; http://serpstatbot.com/; abuse@serpstatbot.com)"
162.158.88.78 - - [01/Sep/2019:22:42:06 +0000] "GET /taxi-transfer/brist/podaca HTTP/1.1" 200 7629 "-" "serpstatbot/1.0 (advanced backlink tracking bot; curl/7.58.0; http://serpstatbot.com/; abuse@serpstatbot.com)"
172.69.54.13 - - [01/Sep/2019:22:42:42 +0000] "GET /en/taxi-transfer/mali-ston/split-airport HTTP/1.1" 200 7942 "-" "Mozilla/5.0 (compatible; AhrefsBot/6.1; +http://ahrefs.com/robot/)"
162.158.92.6 - - [01/Sep/2019:22:42:43 +0000] "GET /taxi-transfer/baska-voda/zivogosce HTTP/1.1" 200 7676 "-" "serpstatbot/1.0 (advanced backlink tracking bot; curl/7.58.0; http://serpstatbot.com/; abuse@serpstatbot.com)"
162.158.94.6 - - [01/Sep/2019:22:43:52 +0000] "GET /taxi-transfer/bast/baska-voda HTTP/1.1" 200 7652 "-" "serpstatbot/1.0 (advanced backlink tracking bot; curl/7.58.0; http://serpstatbot.com/; abuse@serpstatbot.com)"
162.158.91.237 - - [01/Sep/2019:22:44:18 +0000] "GET /taxi-transfer/bast/bratus HTTP/1.1" 200 7646 "-" "serpstatbot/1.0 (advanced backlink tracking bot; curl/7.58.0; http://serpstatbot.com/; abuse@serpstatbot.com)"
162.158.88.78 - - [01/Sep/2019:22:45:21 +0000] "GET /taxi-transfer/bast/brela HTTP/1.1" 200 7626 "-" "serpstatbot/1.0 (advanced backlink tracking bot; curl/7.58.0; http://serpstatbot.com/; abuse@serpstatbot.com)"
162.158.89.77 - - [01/Sep/2019:22:46:01 +0000] "GET /taxi-transfer/bast/brist HTTP/1.1" 200 7629 "-" "serpstatbot/1.0 (advanced backlink tracking bot; curl/7.58.0; http://serpstatbot.com/; abuse@serpstatbot.com)"
162.158.91.177 - - [01/Sep/2019:22:46:57 +0000] "GET /taxi-transfer/bast/drasnice HTTP/1.1" 200 7651 "-" "serpstatbot/1.0 (advanced backlink tracking bot; curl/7.58.0; http://serpstatbot.com/; abuse@serpstatbot.com)"
