66.249.73.154 - - [18/Jul/2019:13:07:33 +0000] "GET /apartmani/bibinje-trosoban-apartman-drugi-red-do-mora-10324-m2-1646-m2 HTTP/1.1" 500 25403 "-" "Mozilla/5.0 (Linux; Android 6.0.1; Nexus 5X Build/MMB29P) AppleWebKit/537.36 (KHTML, like Gecko) Chrome/41.0.2272.96 Mobile Safari/537.36 (compatible; Googlebot/2.1; +http://www.google.com/bot.html)"
66.249.73.154 - - [18/Jul/2019:13:09:15 +0000] "GET /hr/pretraga?category=&type=&place=43&area=&price=1000000&surface=100 HTTP/1.1" 500 49618 "-" "Mozilla/5.0 (Linux; Android 6.0.1; Nexus 5X Build/MMB29P) AppleWebKit/537.36 (KHTML, like Gecko) Chrome/41.0.2272.96 Mobile Safari/537.36 (compatible; Googlebot/2.1; +http://www.google.com/bot.html)"
66.249.73.154 - - [18/Jul/2019:13:12:40 +0000] "GET /en/search?category=&type=&place=8&area=&price=500000&surface=50 HTTP/1.1" 500 49610 "-" "Mozilla/5.0 (Linux; Android 6.0.1; Nexus 5X Build/MMB29P) AppleWebKit/537.36 (KHTML, like Gecko) Chrome/41.0.2272.96 Mobile Safari/537.36 (compatible; Googlebot/2.1; +http://www.google.com/bot.html)"
216.244.66.226 - - [18/Jul/2019:13:13:08 +0000] "GET /en/blog/prosjecne-cijene-stanova-u-zadarskoj-zupaniji-porasle-za-981 HTTP/1.1" 200 19469 "-" "Mozilla/5.0 (compatible; DotBot/1.1; http://www.opensiteexplorer.org/dotbot, help@moz.com)"
216.244.66.226 - - [18/Jul/2019:13:13:11 +0000] "GET /en/lands/pasman-zdrelac-gradevinsko-zemljiste-s-pogledom-na-more-460-m2 HTTP/1.1" 200 22217 "-" "Mozilla/5.0 (compatible; DotBot/1.1; http://www.opensiteexplorer.org/dotbot, help@moz.com)"
213.147.110.246 - - [18/Jul/2019:13:16:03 +0000] "GET /uploads/images/91d510547ceaa160ca3ce9901b321e82.jpg HTTP/1.1" 200 110920 "https://www.google.com/" "Mozilla/5.0 (Windows NT 10.0; Win64; x64) AppleWebKit/537.36 (KHTML, like Gecko) Chrome/75.0.3770.142 Safari/537.36"
66.249.73.158 - - [18/Jul/2019:13:16:04 +0000] "GET /pretraga?category=&type=&place=47&area=&price=100000&surface=200 HTTP/1.1" 500 49618 "-" "Mozilla/5.0 (Linux; Android 6.0.1; Nexus 5X Build/MMB29P) AppleWebKit/537.36 (KHTML, like Gecko) Chrome/41.0.2272.96 Mobile Safari/537.36 (compatible; Googlebot/2.1; +http://www.google.com/bot.html)"
66.249.73.154 - - [18/Jul/2019:13:17:47 +0000] "GET /pretraga?category=&type=&place=20&area=&price=50000&surface=50 HTTP/1.1" 500 49618 "-" "Mozilla/5.0 (Linux; Android 6.0.1; Nexus 5X Build/MMB29P) AppleWebKit/537.36 (KHTML, like Gecko) Chrome/41.0.2272.96 Mobile Safari/537.36 (compatible; Googlebot/2.1; +http://www.google.com/bot.html)"
66.249.73.158 - - [18/Jul/2019:13:19:29 +0000] "GET /pretraga?category=&type=&place=14&area=&price=100000&surface=200 HTTP/1.1" 500 49618 "-" "Mozilla/5.0 (Linux; Android 6.0.1; Nexus 5X Build/MMB29P) AppleWebKit/537.36 (KHTML, like Gecko) Chrome/41.0.2272.96 Mobile Safari/537.36 (compatible; Googlebot/2.1; +http://www.google.com/bot.html)"
66.249.73.154 - - [18/Jul/2019:13:21:12 +0000] "GET /pretraga?category=&type=&place=47&area=&price=100000&surface=100 HTTP/1.1" 500 49618 "-" "Mozilla/5.0 (Linux; Android 6.0.1; Nexus 5X Build/MMB29P) AppleWebKit/537.36 (KHTML, like Gecko) Chrome/41.0.2272.96 Mobile Safari/537.36 (compatible; Googlebot/2.1; +http://www.google.com/bot.html)"
66.249.73.156 - - [18/Jul/2019:13:22:54 +0000] "GET /hr/pretraga?category=&type=&place=7&area=&price=300000&surface=10 HTTP/1.1" 500 49618 "-" "Mozilla/5.0 (Linux; Android 6.0.1; Nexus 5X Build/MMB29P) AppleWebKit/537.36 (KHTML, like Gecko) Chrome/41.0.2272.96 Mobile Safari/537.36 (compatible; Googlebot/2.1; +http://www.google.com/bot.html)"
5.43.163.251 - - [18/Jul/2019:13:24:55 +0000] "GET /blog/prosjecne-cijene-stanova-u-zadru-porasle-za-1308 HTTP/1.1" 200 4911 "https://www.google.com/" "Mozilla/5.0 (Linux; Android 8.0.0; MI 6) AppleWebKit/537.36 (KHTML, like Gecko) Chrome/75.0.3770.101 Mobile Safari/537.36"
5.43.163.251 - - [18/Jul/2019:13:24:55 +0000] "GET /css/bootstrap.css HTTP/1.1" 200 20712 "https://www.citadela.hr/blog/prosjecne-cijene-stanova-u-zadru-porasle-za-1308" "Mozilla/5.0 (Linux; Android 8.0.0; MI 6) AppleWebKit/537.36 (KHTML, like Gecko) Chrome/75.0.3770.101 Mobile Safari/537.36"
5.43.163.251 - - [18/Jul/2019:13:24:55 +0000] "GET /css/style.css?v=2 HTTP/1.1" 200 17441 "https://www.citadela.hr/blog/prosjecne-cijene-stanova-u-zadru-porasle-za-1308" "Mozilla/5.0 (Linux; Android 8.0.0; MI 6) AppleWebKit/537.36 (KHTML, like Gecko) Chrome/75.0.3770.101 Mobile Safari/537.36"
5.43.163.251 - - [18/Jul/2019:13:24:55 +0000] "GET /css/font-awesome.css HTTP/1.1" 200 7439 "https://www.citadela.hr/blog/prosjecne-cijene-stanova-u-zadru-porasle-za-1308" "Mozilla/5.0 (Linux; Android 8.0.0; MI 6) AppleWebKit/537.36 (KHTML, like Gecko) Chrome/75.0.3770.101 Mobile Safari/537.36"
5.43.163.251 - - [18/Jul/2019:13:24:55 +0000] "GET /fonts/flaticon.css HTTP/1.1" 200 699 "https://www.citadela.hr/blog/prosjecne-cijene-stanova-u-zadru-porasle-za-1308" "Mozilla/5.0 (Linux; Android 8.0.0; MI 6) AppleWebKit/537.36 (KHTML, like Gecko) Chrome/75.0.3770.101 Mobile Safari/537.36"
5.43.163.251 - - [18/Jul/2019:13:24:55 +0000] "GET /css/jslider.css HTTP/1.1" 200 763 "https://www.citadela.hr/blog/prosjecne-cijene-stanova-u-zadru-porasle-za-1308" "Mozilla/5.0 (Linux; Android 8.0.0; MI 6) AppleWebKit/537.36 (KHTML, like Gecko) Chrome/75.0.3770.101 Mobile Safari/537.36"
5.43.163.251 - - [18/Jul/2019:13:24:55 +0000] "GET /css/loader.css?v=2 HTTP/1.1" 200 772 "https://www.citadela.hr/blog/prosjecne-cijene-stanova-u-zadru-porasle-za-1308" "Mozilla/5.0 (Linux; Android 8.0.0; MI 6) AppleWebKit/537.36 (KHTML, like Gecko) Chrome/75.0.3770.101 Mobile Safari/537.36"
5.43.163.251 - - [18/Jul/2019:13:24:55 +0000] "GET /css/responsive.css HTTP/1.1" 200 2788 "https://www.citadela.hr/blog/prosjecne-cijene-stanova-u-zadru-porasle-za-1308" "Mozilla/5.0 (Linux; Android 8.0.0; MI 6) AppleWebKit/537.36 (KHTML, like Gecko) Chrome/75.0.3770.101 Mobile Safari/537.36"
5.43.163.251 - - [18/Jul/2019:13:24:55 +0000] "GET /css/colors/blue.css?v=2 HTTP/1.1" 200 3552 "https://www.citadela.hr/blog/prosjecne-cijene-stanova-u-zadru-porasle-za-1308" "Mozilla/5.0 (Linux; Android 8.0.0; MI 6) AppleWebKit/537.36 (KHTML, like Gecko) Chrome/75.0.3770.101 Mobile Safari/537.36"
5.43.163.251 - - [18/Jul/2019:13:24:55 +0000] "GET /assets/plugins/flag/css/flag-icon.css HTTP/1.1" 200 2837 "https://www.citadela.hr/blog/prosjecne-cijene-stanova-u-zadru-porasle-za-1308" "Mozilla/5.0 (Linux; Android 8.0.0; MI 6) AppleWebKit/537.36 (KHTML, like Gecko) Chrome/75.0.3770.101 Mobile Safari/537.36"
5.43.163.251 - - [18/Jul/2019:13:24:55 +0000] "GET /unitegallery/css/unite-gallery.css HTTP/1.1" 200 4825 "https://www.citadela.hr/blog/prosjecne-cijene-stanova-u-zadru-porasle-za-1308" "Mozilla/5.0 (Linux; Android 8.0.0; MI 6) AppleWebKit/537.36 (KHTML, like Gecko) Chrome/75.0.3770.101 Mobile Safari/537.36"
5.43.163.251 - - [18/Jul/2019:13:24:55 +0000] "GET /css/animate.min.css HTTP/1.1" 200 4242 "https://www.citadela.hr/blog/prosjecne-cijene-stanova-u-zadru-porasle-za-1308" "Mozilla/5.0 (Linux; Android 8.0.0; MI 6) AppleWebKit/537.36 (KHTML, like Gecko) Chrome/75.0.3770.101 Mobile Safari/537.36"
5.43.163.251 - - [18/Jul/2019:13:24:55 +0000] "GET /css/jquery.fancybox.css HTTP/1.1" 200 1434 "https://www.citadela.hr/blog/prosjecne-cijene-stanova-u-zadru-porasle-za-1308" "Mozilla/5.0 (Linux; Android 8.0.0; MI 6) AppleWebKit/537.36 (KHTML, like Gecko) Chrome/75.0.3770.101 Mobile Safari/537.36"
5.43.163.251 - - [18/Jul/2019:13:24:55 +0000] "GET /css/owl.css HTTP/1.1" 200 1348 "https://www.citadela.hr/blog/prosjecne-cijene-stanova-u-zadru-porasle-za-1308" "Mozilla/5.0 (Linux; Android 8.0.0; MI 6) AppleWebKit/537.36 (KHTML, like Gecko) Chrome/75.0.3770.101 Mobile Safari/537.36"
5.43.163.251 - - [18/Jul/2019:13:24:55 +0000] "GET /img/logo_header.png?v=2 HTTP/1.1" 200 4348 "https://www.citadela.hr/blog/prosjecne-cijene-stanova-u-zadru-porasle-za-1308" "Mozilla/5.0 (Linux; Android 8.0.0; MI 6) AppleWebKit/537.36 (KHTML, like Gecko) Chrome/75.0.3770.101 Mobile Safari/537.36"
5.43.163.251 - - [18/Jul/2019:13:24:55 +0000] "GET /js/jquery.min.js HTTP/1.1" 200 33760 "https://www.citadela.hr/blog/prosjecne-cijene-stanova-u-zadru-porasle-za-1308" "Mozilla/5.0 (Linux; Android 8.0.0; MI 6) AppleWebKit/537.36 (KHTML, like Gecko) Chrome/75.0.3770.101 Mobile Safari/537.36"
5.43.163.251 - - [18/Jul/2019:13:24:55 +0000] "GET /js/bootstrap.min.js HTTP/1.1" 200 9833 "https://www.citadela.hr/blog/prosjecne-cijene-stanova-u-zadru-porasle-za-1308" "Mozilla/5.0 (Linux; Android 8.0.0; MI 6) AppleWebKit/537.36 (KHTML, like Gecko) Chrome/75.0.3770.101 Mobile Safari/537.36"
5.43.163.251 - - [18/Jul/2019:13:24:55 +0000] "GET /js/bootstrap-select.js HTTP/1.1" 200 15633 "https://www.citadela.hr/blog/prosjecne-cijene-stanova-u-zadru-porasle-za-1308" "Mozilla/5.0 (Linux; Android 8.0.0; MI 6) AppleWebKit/537.36 (KHTML, like Gecko) Chrome/75.0.3770.101 Mobile Safari/537.36"
5.43.163.251 - - [18/Jul/2019:13:24:55 +0000] "GET /js/YouTubePopUp.jquery.js HTTP/1.1" 200 967 "https://www.citadela.hr/blog/prosjecne-cijene-stanova-u-zadru-porasle-za-1308" "Mozilla/5.0 (Linux; Android 8.0.0; MI 6) AppleWebKit/537.36 (KHTML, like Gecko) Chrome/75.0.3770.101 Mobile Safari/537.36"
5.43.163.251 - - [18/Jul/2019:13:24:55 +0000] "GET /js/jquery.fancybox.pack.js HTTP/1.1" 200 8634 "https://www.citadela.hr/blog/prosjecne-cijene-stanova-u-zadru-porasle-za-1308" "Mozilla/5.0 (Linux; Android 8.0.0; MI 6) AppleWebKit/537.36 (KHTML, like Gecko) Chrome/75.0.3770.101 Mobile Safari/537.36"
5.43.163.251 - - [18/Jul/2019:13:24:55 +0000] "GET /uploads/images/637f734f3f66250d52f27e7aa9a9c97d.jpg HTTP/1.1" 200 145795 "https://www.citadela.hr/blog/prosjecne-cijene-stanova-u-zadru-porasle-za-1308" "Mozilla/5.0 (Linux; Android 8.0.0; MI 6) AppleWebKit/537.36 (KHTML, like Gecko) Chrome/75.0.3770.101 Mobile Safari/537.36"
5.43.163.251 - - [18/Jul/2019:13:24:55 +0000] "GET /js/jquery.fancybox-media.js HTTP/1.1" 200 1973 "https://www.citadela.hr/blog/prosjecne-cijene-stanova-u-zadru-porasle-za-1308" "Mozilla/5.0 (Linux; Android 8.0.0; MI 6) AppleWebKit/537.36 (KHTML, like Gecko) Chrome/75.0.3770.101 Mobile Safari/537.36"
5.43.163.251 - - [18/Jul/2019:13:24:55 +0000] "GET /js/mixitup.js HTTP/1.1" 200 11347 "https://www.citadela.hr/blog/prosjecne-cijene-stanova-u-zadru-porasle-za-1308" "Mozilla/5.0 (Linux; Android 8.0.0; MI 6) AppleWebKit/537.36 (KHTML, like Gecko) Chrome/75.0.3770.101 Mobile Safari/537.36"
5.43.163.251 - - [18/Jul/2019:13:24:55 +0000] "GET /js/owl.js HTTP/1.1" 200 17545 "https://www.citadela.hr/blog/prosjecne-cijene-stanova-u-zadru-porasle-za-1308" "Mozilla/5.0 (Linux; Android 8.0.0; MI 6) AppleWebKit/537.36 (KHTML, like Gecko) Chrome/75.0.3770.101 Mobile Safari/537.36"
5.43.163.251 - - [18/Jul/2019:13:24:55 +0000] "GET /fonts/fontawesome-webfont.woff2?v=4.7.0 HTTP/1.1" 200 77160 "https://www.citadela.hr/css/font-awesome.css" "Mozilla/5.0 (Linux; Android 8.0.0; MI 6) AppleWebKit/537.36 (KHTML, like Gecko) Chrome/75.0.3770.101 Mobile Safari/537.36"
5.43.163.251 - - [18/Jul/2019:13:24:55 +0000] "GET /js/wow.js HTTP/1.1" 200 2198 "https://www.citadela.hr/blog/prosjecne-cijene-stanova-u-zadru-porasle-za-1308" "Mozilla/5.0 (Linux; Android 8.0.0; MI 6) AppleWebKit/537.36 (KHTML, like Gecko) Chrome/75.0.3770.101 Mobile Safari/537.36"
5.43.163.251 - - [18/Jul/2019:13:24:55 +0000] "GET /js/jquery.numberformatter-1.2.3.js HTTP/1.1" 200 4697 "https://www.citadela.hr/blog/prosjecne-cijene-stanova-u-zadru-porasle-za-1308" "Mozilla/5.0 (Linux; Android 8.0.0; MI 6) AppleWebKit/537.36 (KHTML, like Gecko) Chrome/75.0.3770.101 Mobile Safari/537.36"
5.43.163.251 - - [18/Jul/2019:13:24:55 +0000] "GET /js/jshashtable-2.1_src.js HTTP/1.1" 200 2957 "https://www.citadela.hr/blog/prosjecne-cijene-stanova-u-zadru-porasle-za-1308" "Mozilla/5.0 (Linux; Android 8.0.0; MI 6) AppleWebKit/537.36 (KHTML, like Gecko) Chrome/75.0.3770.101 Mobile Safari/537.36"
5.43.163.251 - - [18/Jul/2019:13:24:55 +0000] "GET /js/tmpl.js HTTP/1.1" 200 625 "https://www.citadela.hr/blog/prosjecne-cijene-stanova-u-zadru-porasle-za-1308" "Mozilla/5.0 (Linux; Android 8.0.0; MI 6) AppleWebKit/537.36 (KHTML, like Gecko) Chrome/75.0.3770.101 Mobile Safari/537.36"
5.43.163.251 - - [18/Jul/2019:13:24:55 +0000] "GET /js/jquery.dependClass-0.1.js HTTP/1.1" 200 458 "https://www.citadela.hr/blog/prosjecne-cijene-stanova-u-zadru-porasle-za-1308" "Mozilla/5.0 (Linux; Android 8.0.0; MI 6) AppleWebKit/537.36 (KHTML, like Gecko) Chrome/75.0.3770.101 Mobile Safari/537.36"
5.43.163.251 - - [18/Jul/2019:13:24:56 +0000] "GET /js/draggable-0.1.js HTTP/1.1" 200 1326 "https://www.citadela.hr/blog/prosjecne-cijene-stanova-u-zadru-porasle-za-1308" "Mozilla/5.0 (Linux; Android 8.0.0; MI 6) AppleWebKit/537.36 (KHTML, like Gecko) Chrome/75.0.3770.101 Mobile Safari/537.36"
5.43.163.251 - - [18/Jul/2019:13:24:56 +0000] "GET /js/jquery.slider.js HTTP/1.1" 200 4772 "https://www.citadela.hr/blog/prosjecne-cijene-stanova-u-zadru-porasle-za-1308" "Mozilla/5.0 (Linux; Android 8.0.0; MI 6) AppleWebKit/537.36 (KHTML, like Gecko) Chrome/75.0.3770.101 Mobile Safari/537.36"
5.43.163.251 - - [18/Jul/2019:13:24:56 +0000] "GET /js/jquery.barrating.js HTTP/1.1" 200 4280 "https://www.citadela.hr/blog/prosjecne-cijene-stanova-u-zadru-porasle-za-1308" "Mozilla/5.0 (Linux; Android 8.0.0; MI 6) AppleWebKit/537.36 (KHTML, like Gecko) Chrome/75.0.3770.101 Mobile Safari/537.36"
5.43.163.251 - - [18/Jul/2019:13:24:56 +0000] "GET /js/custom.js HTTP/1.1" 200 5159 "https://www.citadela.hr/blog/prosjecne-cijene-stanova-u-zadru-porasle-za-1308" "Mozilla/5.0 (Linux; Android 8.0.0; MI 6) AppleWebKit/537.36 (KHTML, like Gecko) Chrome/75.0.3770.101 Mobile Safari/537.36"
5.43.163.251 - - [18/Jul/2019:13:24:56 +0000] "GET /unitegallery/js/jquery-11.0.min.js HTTP/1.1" 200 33369 "https://www.citadela.hr/blog/prosjecne-cijene-stanova-u-zadru-porasle-za-1308" "Mozilla/5.0 (Linux; Android 8.0.0; MI 6) AppleWebKit/537.36 (KHTML, like Gecko) Chrome/75.0.3770.101 Mobile Safari/537.36"
5.43.163.251 - - [18/Jul/2019:13:24:56 +0000] "GET /unitegallery/js/unitegallery.min.js HTTP/1.1" 200 66910 "https://www.citadela.hr/blog/prosjecne-cijene-stanova-u-zadru-porasle-za-1308" "Mozilla/5.0 (Linux; Android 8.0.0; MI 6) AppleWebKit/537.36 (KHTML, like Gecko) Chrome/75.0.3770.101 Mobile Safari/537.36"
5.43.163.251 - - [18/Jul/2019:13:24:56 +0000] "GET /unitegallery/themes/compact/ug-theme-compact.js HTTP/1.1" 200 2477 "https://www.citadela.hr/blog/prosjecne-cijene-stanova-u-zadru-porasle-za-1308" "Mozilla/5.0 (Linux; Android 8.0.0; MI 6) AppleWebKit/537.36 (KHTML, like Gecko) Chrome/75.0.3770.101 Mobile Safari/537.36"
5.43.163.251 - - [18/Jul/2019:13:24:56 +0000] "GET /img/logo_footer.png HTTP/1.1" 200 4213 "https://www.citadela.hr/blog/prosjecne-cijene-stanova-u-zadru-porasle-za-1308" "Mozilla/5.0 (Linux; Android 8.0.0; MI 6) AppleWebKit/537.36 (KHTML, like Gecko) Chrome/75.0.3770.101 Mobile Safari/537.36"
5.43.163.251 - - [18/Jul/2019:13:24:56 +0000] "GET /img/banner/banner.png HTTP/1.1" 200 188379 "https://www.citadela.hr/css/style.css?v=2" "Mozilla/5.0 (Linux; Android 8.0.0; MI 6) AppleWebKit/537.36 (KHTML, like Gecko) Chrome/75.0.3770.101 Mobile Safari/537.36"
5.43.163.251 - - [18/Jul/2019:13:24:57 +0000] "GET /favicon-32x32.png HTTP/1.1" 200 1936 "https://www.citadela.hr/blog/prosjecne-cijene-stanova-u-zadru-porasle-za-1308" "Mozilla/5.0 (Linux; Android 8.0.0; MI 6) AppleWebKit/537.36 (KHTML, like Gecko) Chrome/75.0.3770.101 Mobile Safari/537.36"
5.43.163.251 - - [18/Jul/2019:13:24:57 +0000] "GET /apple-touch-icon.png HTTP/1.1" 200 9899 "https://www.citadela.hr/blog/prosjecne-cijene-stanova-u-zadru-porasle-za-1308" "Mozilla/5.0 (Linux; Android 8.0.0; MI 6) AppleWebKit/537.36 (KHTML, like Gecko) Chrome/75.0.3770.101 Mobile Safari/537.36"
5.43.163.251 - - [18/Jul/2019:13:24:57 +0000] "GET /site.webmanifest HTTP/1.1" 200 291 "https://www.citadela.hr/blog/prosjecne-cijene-stanova-u-zadru-porasle-za-1308" "Mozilla/5.0 (Linux; Android 8.0.0; MI 6) AppleWebKit/537.36 (KHTML, like Gecko) Chrome/75.0.3770.101 Mobile Safari/537.36"
66.249.73.158 - - [18/Jul/2019:13:28:01 +0000] "GET /en/search?category=&type=&place=&area=120&price=500000&surface=50&page=8 HTTP/1.1" 200 3965 "-" "Mozilla/5.0 (Linux; Android 6.0.1; Nexus 5X Build/MMB29P) AppleWebKit/537.36 (KHTML, like Gecko) Chrome/41.0.2272.96 Mobile Safari/537.36 (compatible; Googlebot/2.1; +http://www.google.com/bot.html)"
216.244.66.226 - - [18/Jul/2019:13:29:53 +0000] "GET /robots.txt HTTP/1.1" 301 242 "-" "Mozilla/5.0 (compatible; DotBot/1.1; http://www.opensiteexplorer.org/dotbot, help@moz.com)"
216.244.66.226 - - [18/Jul/2019:13:29:54 +0000] "GET /robots.txt HTTP/1.1" 200 24 "-" "Mozilla/5.0 (compatible; DotBot/1.1; http://www.opensiteexplorer.org/dotbot, help@moz.com)"
66.249.73.156 - - [18/Jul/2019:13:40:29 +0000] "GET /uploads/images/10c1c6c10023bd235669632f0be7c19a.jpg HTTP/1.1" 200 321758 "-" "Googlebot-Image/1.0"
95.168.124.135 - - [18/Jul/2019:13:42:19 +0000] "GET /uploads/images/47ec5f496d85f7f4ce356ce2d243c55b.jpg HTTP/1.1" 200 196808 "https://www.google.com/" "Mozilla/5.0 (Macintosh; Intel Mac OS X 10.10; rv:60.0) Gecko/20100101 Firefox/60.0"
31.217.36.137 - - [18/Jul/2019:13:54:43 +0000] "GET /uploads/thumbnails/4d12dd25a141b5f81b8f6709e8d8c627.jpg HTTP/1.1" 200 38004 "https://www.google.com/" "Mozilla/5.0 (Linux; Android 9; SM-A530F Build/PPR1.180610.011; wv) AppleWebKit/537.36 (KHTML, like Gecko) Version/4.0 Chrome/75.0.3770.101 Mobile Safari/537.36 GSA/10.16.6.21.arm64"
66.249.73.154 - - [18/Jul/2019:13:55:19 +0000] "GET /hr/pretraga?category=&type=&place=53&area=&price=&surface=50 HTTP/1.1" 500 49618 "-" "Mozilla/5.0 (Linux; Android 6.0.1; Nexus 5X Build/MMB29P) AppleWebKit/537.36 (KHTML, like Gecko) Chrome/41.0.2272.96 Mobile Safari/537.36 (compatible; Googlebot/2.1; +http://www.google.com/bot.html)"
66.249.73.158 - - [18/Jul/2019:13:57:01 +0000] "GET /pretraga?category=&type=&place=13&area=&price=50000&surface=100 HTTP/1.1" 500 49618 "-" "Mozilla/5.0 (Linux; Android 6.0.1; Nexus 5X Build/MMB29P) AppleWebKit/537.36 (KHTML, like Gecko) Chrome/41.0.2272.96 Mobile Safari/537.36 (compatible; Googlebot/2.1; +http://www.google.com/bot.html)"
66.249.73.154 - - [18/Jul/2019:13:58:44 +0000] "GET /pretraga?category=&type=&place=8&area=&price=300000&surface= HTTP/1.1" 500 49618 "-" "Mozilla/5.0 (Linux; Android 6.0.1; Nexus 5X Build/MMB29P) AppleWebKit/537.36 (KHTML, like Gecko) Chrome/41.0.2272.96 Mobile Safari/537.36 (compatible; Googlebot/2.1; +http://www.google.com/bot.html)"
66.249.73.158 - - [18/Jul/2019:14:00:26 +0000] "GET /pretraga?category=&type=&place=16&area=&price=50000&surface=10 HTTP/1.1" 500 49618 "-" "Mozilla/5.0 (Linux; Android 6.0.1; Nexus 5X Build/MMB29P) AppleWebKit/537.36 (KHTML, like Gecko) Chrome/41.0.2272.96 Mobile Safari/537.36 (compatible; Googlebot/2.1; +http://www.google.com/bot.html)"
66.249.73.154 - - [18/Jul/2019:14:02:08 +0000] "GET /apartmani/bibinje-trosoban-apartman-25-metara-od-plaze-10079-m2-1389-m2 HTTP/1.1" 500 25403 "-" "Mozilla/5.0 (Linux; Android 6.0.1; Nexus 5X Build/MMB29P) AppleWebKit/537.36 (KHTML, like Gecko) Chrome/41.0.2272.96 Mobile Safari/537.36 (compatible; Googlebot/2.1; +http://www.google.com/bot.html)"
66.249.73.156 - - [18/Jul/2019:14:03:51 +0000] "GET /en/houses/murter-centar-kuca-treci-red-do-plaze-25898-m2 HTTP/1.1" 500 25403 "-" "Mozilla/5.0 (Linux; Android 6.0.1; Nexus 5X Build/MMB29P) AppleWebKit/537.36 (KHTML, like Gecko) Chrome/41.0.2272.96 Mobile Safari/537.36 (compatible; Googlebot/2.1; +http://www.google.com/bot.html)"
46.229.168.148 - - [18/Jul/2019:14:05:20 +0000] "GET /robots.txt HTTP/1.1" 200 24 "-" "Mozilla/5.0 (compatible; SemrushBot/3~bl; +http://www.semrush.com/bot.html)"
46.229.168.138 - - [18/Jul/2019:14:05:21 +0000] "GET /en/blog/prosjecne-cijene-stanova-u-zadarskoj-zupaniji-porasle-za-981 HTTP/1.1" 200 4633 "-" "Mozilla/5.0 (compatible; SemrushBot/3~bl; +http://www.semrush.com/bot.html)"
66.249.73.158 - - [18/Jul/2019:14:07:16 +0000] "GET /en/search?category=3&type=&place=&area=&price=&surface=10&page=3 HTTP/1.1" 200 5474 "-" "Mozilla/5.0 (Linux; Android 6.0.1; Nexus 5X Build/MMB29P) AppleWebKit/537.36 (KHTML, like Gecko) Chrome/41.0.2272.96 Mobile Safari/537.36 (compatible; Googlebot/2.1; +http://www.google.com/bot.html)"
66.249.73.156 - - [18/Jul/2019:14:08:58 +0000] "GET /pretraga?category=1&place=&price=300000&surface=200 HTTP/1.1" 200 3937 "-" "Mozilla/5.0 (Linux; Android 6.0.1; Nexus 5X Build/MMB29P) AppleWebKit/537.36 (KHTML, like Gecko) Chrome/41.0.2272.96 Mobile Safari/537.36 (compatible; Googlebot/2.1; +http://www.google.com/bot.html)"
216.244.66.226 - - [18/Jul/2019:14:16:39 +0000] "GET /robots.txt HTTP/1.1" 301 242 "-" "Mozilla/5.0 (compatible; DotBot/1.1; http://www.opensiteexplorer.org/dotbot, help@moz.com)"
216.244.66.226 - - [18/Jul/2019:14:16:41 +0000] "GET /robots.txt HTTP/1.1" 200 24 "-" "Mozilla/5.0 (compatible; DotBot/1.1; http://www.opensiteexplorer.org/dotbot, help@moz.com)"
66.249.73.154 - - [18/Jul/2019:14:17:30 +0000] "GET /apartmani/bibinje-trosoban-apartman-drugi-red-do-mora-10324-m2-1646-m2 HTTP/1.1" 500 25403 "-" "Mozilla/5.0 (Linux; Android 6.0.1; Nexus 5X Build/MMB29P) AppleWebKit/537.36 (KHTML, like Gecko) Chrome/41.0.2272.96 Mobile Safari/537.36 (compatible; Googlebot/2.1; +http://www.google.com/bot.html)"
46.229.168.130 - - [18/Jul/2019:14:20:15 +0000] "GET /en/lands/maslenica-gradevinsko-zemljiste-s-pogledom-na-more-609m2 HTTP/1.1" 200 5724 "-" "Mozilla/5.0 (compatible; SemrushBot/3~bl; +http://www.semrush.com/bot.html)"
66.249.73.156 - - [18/Jul/2019:14:20:55 +0000] "GET /en/search?category=&type=&place=15&area=&price=&surface=100 HTTP/1.1" 500 49610 "-" "Mozilla/5.0 (Linux; Android 6.0.1; Nexus 5X Build/MMB29P) AppleWebKit/537.36 (KHTML, like Gecko) Chrome/41.0.2272.96 Mobile Safari/537.36 (compatible; Googlebot/2.1; +http://www.google.com/bot.html)"
66.249.73.154 - - [18/Jul/2019:14:22:37 +0000] "GET /en/search?category=&type=&place=&area=69&price=&surface=&page=2 HTTP/1.1" 200 3951 "-" "Mozilla/5.0 (Linux; Android 6.0.1; Nexus 5X Build/MMB29P) AppleWebKit/537.36 (KHTML, like Gecko) Chrome/41.0.2272.96 Mobile Safari/537.36 (compatible; Googlebot/2.1; +http://www.google.com/bot.html)"
66.249.73.154 - - [18/Jul/2019:14:24:19 +0000] "GET /en/search?category=&type=&place=&area=69&price=&surface=&page=11 HTTP/1.1" 200 3954 "-" "Mozilla/5.0 (Linux; Android 6.0.1; Nexus 5X Build/MMB29P) AppleWebKit/537.36 (KHTML, like Gecko) Chrome/41.0.2272.96 Mobile Safari/537.36 (compatible; Googlebot/2.1; +http://www.google.com/bot.html)"
66.249.73.154 - - [18/Jul/2019:14:27:44 +0000] "GET /pretraga?category=&type=&place=11&area=&price=&surface=200 HTTP/1.1" 500 49618 "-" "Mozilla/5.0 (Linux; Android 6.0.1; Nexus 5X Build/MMB29P) AppleWebKit/537.36 (KHTML, like Gecko) Chrome/41.0.2272.96 Mobile Safari/537.36 (compatible; Googlebot/2.1; +http://www.google.com/bot.html)"
216.244.66.226 - - [18/Jul/2019:14:30:29 +0000] "GET /en/houses/sibenik-dolac-kamena-kuca-na-rivi-60-m2 HTTP/1.1" 500 25403 "-" "Mozilla/5.0 (compatible; DotBot/1.1; http://www.opensiteexplorer.org/dotbot, help@moz.com)"
66.249.73.158 - - [18/Jul/2019:14:36:16 +0000] "GET /hr/pretraga?category=&type=&place=50&area=&price=500000&surface=10 HTTP/1.1" 500 49618 "-" "Mozilla/5.0 (Linux; Android 6.0.1; Nexus 5X Build/MMB29P) AppleWebKit/537.36 (KHTML, like Gecko) Chrome/41.0.2272.96 Mobile Safari/537.36 (compatible; Googlebot/2.1; +http://www.google.com/bot.html)"
66.249.73.158 - - [18/Jul/2019:14:37:58 +0000] "GET /pretraga?category=&type=&place=47&area=&price=100000&surface=200 HTTP/1.1" 500 49618 "-" "Mozilla/5.0 (Linux; Android 6.0.1; Nexus 5X Build/MMB29P) AppleWebKit/537.36 (KHTML, like Gecko) Chrome/41.0.2272.96 Mobile Safari/537.36 (compatible; Googlebot/2.1; +http://www.google.com/bot.html)"
216.244.66.226 - - [18/Jul/2019:14:38:02 +0000] "GET /en/houses/rovanjska-vila-s-bazenom-u-blizini-mora-250-m2 HTTP/1.1" 200 28869 "-" "Mozilla/5.0 (compatible; DotBot/1.1; http://www.opensiteexplorer.org/dotbot, help@moz.com)"
66.249.73.154 - - [18/Jul/2019:14:39:41 +0000] "GET /pretraga?category=&type=&place=47&area=&price=100000&surface=100 HTTP/1.1" 500 49618 "-" "Mozilla/5.0 (Linux; Android 6.0.1; Nexus 5X Build/MMB29P) AppleWebKit/537.36 (KHTML, like Gecko) Chrome/41.0.2272.96 Mobile Safari/537.36 (compatible; Googlebot/2.1; +http://www.google.com/bot.html)"
31.45.226.168 - - [18/Jul/2019:14:40:21 +0000] "GET /uploads/images/a576f45ae8747cddc39be8d5761e1057.jpg HTTP/1.1" 200 185559 "https://www.google.com/" "Mozilla/5.0 (iPhone; CPU iPhone OS 12_3_1 like Mac OS X) AppleWebKit/605.1.15 (KHTML, like Gecko) Version/12.1.1 Mobile/15E148 Safari/604.1"
66.249.73.156 - - [18/Jul/2019:14:41:25 +0000] "GET /hr/pretraga?category=&type=&place=7&area=&price=300000&surface=10 HTTP/1.1" 500 49618 "-" "Mozilla/5.0 (Linux; Android 6.0.1; Nexus 5X Build/MMB29P) AppleWebKit/537.36 (KHTML, like Gecko) Chrome/41.0.2272.96 Mobile Safari/537.36 (compatible; Googlebot/2.1; +http://www.google.com/bot.html)"
66.249.73.158 - - [18/Jul/2019:14:43:05 +0000] "GET /pretraga?category=&type=&place=20&area=&price=50000&surface=50 HTTP/1.1" 500 49618 "-" "Mozilla/5.0 (Linux; Android 6.0.1; Nexus 5X Build/MMB29P) AppleWebKit/537.36 (KHTML, like Gecko) Chrome/41.0.2272.96 Mobile Safari/537.36 (compatible; Googlebot/2.1; +http://www.google.com/bot.html)"
66.249.73.156 - - [18/Jul/2019:14:44:48 +0000] "GET /hr/pretraga?category=&type=&place=43&area=&price=1000000&surface=100 HTTP/1.1" 500 49618 "-" "Mozilla/5.0 (Linux; Android 6.0.1; Nexus 5X Build/MMB29P) AppleWebKit/537.36 (KHTML, like Gecko) Chrome/41.0.2272.96 Mobile Safari/537.36 (compatible; Googlebot/2.1; +http://www.google.com/bot.html)"
66.249.73.158 - - [18/Jul/2019:14:46:30 +0000] "GET /pretraga?category=&place=36&price=200000&surface=50 HTTP/1.1" 500 49618 "-" "Mozilla/5.0 (Linux; Android 6.0.1; Nexus 5X Build/MMB29P) AppleWebKit/537.36 (KHTML, like Gecko) Chrome/41.0.2272.96 Mobile Safari/537.36 (compatible; Googlebot/2.1; +http://www.google.com/bot.html)"
66.249.73.158 - - [18/Jul/2019:14:48:12 +0000] "GET /pretraga?category=&type=&place=9&area=&price=500000&surface=200 HTTP/1.1" 500 49618 "-" "Mozilla/5.0 (Linux; Android 6.0.1; Nexus 5X Build/MMB29P) AppleWebKit/537.36 (KHTML, like Gecko) Chrome/41.0.2272.96 Mobile Safari/537.36 (compatible; Googlebot/2.1; +http://www.google.com/bot.html)"
216.244.66.226 - - [18/Jul/2019:14:48:30 +0000] "GET /en/lands/sv-filip-i-jakov-gradevinsko-zemljiste-u-blizini-mora-490-m2 HTTP/1.1" 200 24272 "-" "Mozilla/5.0 (compatible; DotBot/1.1; http://www.opensiteexplorer.org/dotbot, help@moz.com)"
66.249.73.158 - - [18/Jul/2019:14:49:55 +0000] "GET /pretraga?category=&type=&place=13&area=&price=&surface=100 HTTP/1.1" 500 49618 "-" "Mozilla/5.0 (Linux; Android 6.0.1; Nexus 5X Build/MMB29P) AppleWebKit/537.36 (KHTML, like Gecko) Chrome/41.0.2272.96 Mobile Safari/537.36 (compatible; Googlebot/2.1; +http://www.google.com/bot.html)"
66.249.73.158 - - [18/Jul/2019:14:53:20 +0000] "GET /en/search?category=&type=&place=&area=69&price=&surface=&page=1 HTTP/1.1" 200 3869 "-" "Mozilla/5.0 (Linux; Android 6.0.1; Nexus 5X Build/MMB29P) AppleWebKit/537.36 (KHTML, like Gecko) Chrome/41.0.2272.96 Mobile Safari/537.36 (compatible; Googlebot/2.1; +http://www.google.com/bot.html)"
78.3.61.11 - - [18/Jul/2019:14:55:10 +0000] "GET /uploads/thumbnails/efe9903cf3ef48cfc8f77484b85a21f9.jpg HTTP/1.1" 200 27315 "https://www.google.com/" "Mozilla/5.0 (Windows NT 6.3; Win64; x64; rv:67.0) Gecko/20100101 Firefox/67.0"
66.249.73.156 - - [18/Jul/2019:14:56:44 +0000] "GET /en/search?category=3&type=sale&place=&area=&price=300000&surface=100&page=2 HTTP/1.1" 200 5276 "-" "Mozilla/5.0 (Linux; Android 6.0.1; Nexus 5X Build/MMB29P) AppleWebKit/537.36 (KHTML, like Gecko) Chrome/41.0.2272.96 Mobile Safari/537.36 (compatible; Googlebot/2.1; +http://www.google.com/bot.html)"
66.249.73.156 - - [18/Jul/2019:15:00:09 +0000] "GET /pretraga?category=&type=&place=&area=187&price=100000&surface=10&page=4 HTTP/1.1" 200 4025 "-" "Mozilla/5.0 (Linux; Android 6.0.1; Nexus 5X Build/MMB29P) AppleWebKit/537.36 (KHTML, like Gecko) Chrome/41.0.2272.96 Mobile Safari/537.36 (compatible; Googlebot/2.1; +http://www.google.com/bot.html)"
66.249.73.154 - - [18/Jul/2019:15:01:28 +0000] "GET /uploads/thumbnails/b79f9bc4ee717c82c04ee7cf06b3c632.jpg HTTP/1.1" 200 50378 "-" "Googlebot-Image/1.0"
216.244.66.226 - - [18/Jul/2019:15:02:53 +0000] "GET /robots.txt HTTP/1.1" 301 242 "-" "Mozilla/5.0 (compatible; DotBot/1.1; http://www.opensiteexplorer.org/dotbot, help@moz.com)"
216.244.66.226 - - [18/Jul/2019:15:02:54 +0000] "GET /robots.txt HTTP/1.1" 200 24 "-" "Mozilla/5.0 (compatible; DotBot/1.1; http://www.opensiteexplorer.org/dotbot, help@moz.com)"
93.136.13.34 - - [18/Jul/2019:15:07:10 +0000] "GET /apartmani/kozino-dvosoban-apartman-prvi-red-do-mora-5509-m2 HTTP/1.1" 200 6020 "https://www.google.com/" "Mozilla/5.0 (Windows NT 10.0; Win64; x64) AppleWebKit/537.36 (KHTML, like Gecko) Chrome/75.0.3770.100 Safari/537.36 OPR/62.0.3331.72"
93.136.13.34 - - [18/Jul/2019:15:07:10 +0000] "GET /css/bootstrap.css HTTP/1.1" 200 20712 "https://www.citadela.hr/apartmani/kozino-dvosoban-apartman-prvi-red-do-mora-5509-m2" "Mozilla/5.0 (Windows NT 10.0; Win64; x64) AppleWebKit/537.36 (KHTML, like Gecko) Chrome/75.0.3770.100 Safari/537.36 OPR/62.0.3331.72"
93.136.13.34 - - [18/Jul/2019:15:07:10 +0000] "GET /css/style.css?v=2 HTTP/1.1" 200 17441 "https://www.citadela.hr/apartmani/kozino-dvosoban-apartman-prvi-red-do-mora-5509-m2" "Mozilla/5.0 (Windows NT 10.0; Win64; x64) AppleWebKit/537.36 (KHTML, like Gecko) Chrome/75.0.3770.100 Safari/537.36 OPR/62.0.3331.72"
93.136.13.34 - - [18/Jul/2019:15:07:10 +0000] "GET /css/font-awesome.css HTTP/1.1" 200 7439 "https://www.citadela.hr/apartmani/kozino-dvosoban-apartman-prvi-red-do-mora-5509-m2" "Mozilla/5.0 (Windows NT 10.0; Win64; x64) AppleWebKit/537.36 (KHTML, like Gecko) Chrome/75.0.3770.100 Safari/537.36 OPR/62.0.3331.72"
93.136.13.34 - - [18/Jul/2019:15:07:10 +0000] "GET /fonts/flaticon.css HTTP/1.1" 200 699 "https://www.citadela.hr/apartmani/kozino-dvosoban-apartman-prvi-red-do-mora-5509-m2" "Mozilla/5.0 (Windows NT 10.0; Win64; x64) AppleWebKit/537.36 (KHTML, like Gecko) Chrome/75.0.3770.100 Safari/537.36 OPR/62.0.3331.72"
93.136.13.34 - - [18/Jul/2019:15:07:10 +0000] "GET /css/colors/blue.css?v=2 HTTP/1.1" 200 3552 "https://www.citadela.hr/apartmani/kozino-dvosoban-apartman-prvi-red-do-mora-5509-m2" "Mozilla/5.0 (Windows NT 10.0; Win64; x64) AppleWebKit/537.36 (KHTML, like Gecko) Chrome/75.0.3770.100 Safari/537.36 OPR/62.0.3331.72"
93.136.13.34 - - [18/Jul/2019:15:07:10 +0000] "GET /css/jslider.css HTTP/1.1" 200 763 "https://www.citadela.hr/apartmani/kozino-dvosoban-apartman-prvi-red-do-mora-5509-m2" "Mozilla/5.0 (Windows NT 10.0; Win64; x64) AppleWebKit/537.36 (KHTML, like Gecko) Chrome/75.0.3770.100 Safari/537.36 OPR/62.0.3331.72"
93.136.13.34 - - [18/Jul/2019:15:07:10 +0000] "GET /css/responsive.css HTTP/1.1" 200 2788 "https://www.citadela.hr/apartmani/kozino-dvosoban-apartman-prvi-red-do-mora-5509-m2" "Mozilla/5.0 (Windows NT 10.0; Win64; x64) AppleWebKit/537.36 (KHTML, like Gecko) Chrome/75.0.3770.100 Safari/537.36 OPR/62.0.3331.72"
93.136.13.34 - - [18/Jul/2019:15:07:10 +0000] "GET /css/loader.css?v=2 HTTP/1.1" 200 772 "https://www.citadela.hr/apartmani/kozino-dvosoban-apartman-prvi-red-do-mora-5509-m2" "Mozilla/5.0 (Windows NT 10.0; Win64; x64) AppleWebKit/537.36 (KHTML, like Gecko) Chrome/75.0.3770.100 Safari/537.36 OPR/62.0.3331.72"
93.136.13.34 - - [18/Jul/2019:15:07:10 +0000] "GET /assets/plugins/flag/css/flag-icon.css HTTP/1.1" 200 2837 "https://www.citadela.hr/apartmani/kozino-dvosoban-apartman-prvi-red-do-mora-5509-m2" "Mozilla/5.0 (Windows NT 10.0; Win64; x64) AppleWebKit/537.36 (KHTML, like Gecko) Chrome/75.0.3770.100 Safari/537.36 OPR/62.0.3331.72"
93.136.13.34 - - [18/Jul/2019:15:07:10 +0000] "GET /unitegallery/css/unite-gallery.css HTTP/1.1" 200 4825 "https://www.citadela.hr/apartmani/kozino-dvosoban-apartman-prvi-red-do-mora-5509-m2" "Mozilla/5.0 (Windows NT 10.0; Win64; x64) AppleWebKit/537.36 (KHTML, like Gecko) Chrome/75.0.3770.100 Safari/537.36 OPR/62.0.3331.72"
93.136.13.34 - - [18/Jul/2019:15:07:10 +0000] "GET /js/bootstrap.min.js HTTP/1.1" 200 9833 "https://www.citadela.hr/apartmani/kozino-dvosoban-apartman-prvi-red-do-mora-5509-m2" "Mozilla/5.0 (Windows NT 10.0; Win64; x64) AppleWebKit/537.36 (KHTML, like Gecko) Chrome/75.0.3770.100 Safari/537.36 OPR/62.0.3331.72"
93.136.13.34 - - [18/Jul/2019:15:07:10 +0000] "GET /js/jquery.min.js HTTP/1.1" 200 33760 "https://www.citadela.hr/apartmani/kozino-dvosoban-apartman-prvi-red-do-mora-5509-m2" "Mozilla/5.0 (Windows NT 10.0; Win64; x64) AppleWebKit/537.36 (KHTML, like Gecko) Chrome/75.0.3770.100 Safari/537.36 OPR/62.0.3331.72"
93.136.13.34 - - [18/Jul/2019:15:07:10 +0000] "GET /js/bootstrap-select.js HTTP/1.1" 200 15633 "https://www.citadela.hr/apartmani/kozino-dvosoban-apartman-prvi-red-do-mora-5509-m2" "Mozilla/5.0 (Windows NT 10.0; Win64; x64) AppleWebKit/537.36 (KHTML, like Gecko) Chrome/75.0.3770.100 Safari/537.36 OPR/62.0.3331.72"
93.136.13.34 - - [18/Jul/2019:15:07:10 +0000] "GET /js/YouTubePopUp.jquery.js HTTP/1.1" 200 967 "https://www.citadela.hr/apartmani/kozino-dvosoban-apartman-prvi-red-do-mora-5509-m2" "Mozilla/5.0 (Windows NT 10.0; Win64; x64) AppleWebKit/537.36 (KHTML, like Gecko) Chrome/75.0.3770.100 Safari/537.36 OPR/62.0.3331.72"
93.136.13.34 - - [18/Jul/2019:15:07:10 +0000] "GET /js/jquery.fancybox.pack.js HTTP/1.1" 200 8634 "https://www.citadela.hr/apartmani/kozino-dvosoban-apartman-prvi-red-do-mora-5509-m2" "Mozilla/5.0 (Windows NT 10.0; Win64; x64) AppleWebKit/537.36 (KHTML, like Gecko) Chrome/75.0.3770.100 Safari/537.36 OPR/62.0.3331.72"
93.136.13.34 - - [18/Jul/2019:15:07:10 +0000] "GET /js/jquery.fancybox-media.js HTTP/1.1" 200 1973 "https://www.citadela.hr/apartmani/kozino-dvosoban-apartman-prvi-red-do-mora-5509-m2" "Mozilla/5.0 (Windows NT 10.0; Win64; x64) AppleWebKit/537.36 (KHTML, like Gecko) Chrome/75.0.3770.100 Safari/537.36 OPR/62.0.3331.72"
93.136.13.34 - - [18/Jul/2019:15:07:10 +0000] "GET /js/owl.js HTTP/1.1" 200 17545 "https://www.citadela.hr/apartmani/kozino-dvosoban-apartman-prvi-red-do-mora-5509-m2" "Mozilla/5.0 (Windows NT 10.0; Win64; x64) AppleWebKit/537.36 (KHTML, like Gecko) Chrome/75.0.3770.100 Safari/537.36 OPR/62.0.3331.72"
93.136.13.34 - - [18/Jul/2019:15:07:10 +0000] "GET /js/mixitup.js HTTP/1.1" 200 11347 "https://www.citadela.hr/apartmani/kozino-dvosoban-apartman-prvi-red-do-mora-5509-m2" "Mozilla/5.0 (Windows NT 10.0; Win64; x64) AppleWebKit/537.36 (KHTML, like Gecko) Chrome/75.0.3770.100 Safari/537.36 OPR/62.0.3331.72"
93.136.13.34 - - [18/Jul/2019:15:07:10 +0000] "GET /js/wow.js HTTP/1.1" 200 2198 "https://www.citadela.hr/apartmani/kozino-dvosoban-apartman-prvi-red-do-mora-5509-m2" "Mozilla/5.0 (Windows NT 10.0; Win64; x64) AppleWebKit/537.36 (KHTML, like Gecko) Chrome/75.0.3770.100 Safari/537.36 OPR/62.0.3331.72"
93.136.13.34 - - [18/Jul/2019:15:07:10 +0000] "GET /js/jshashtable-2.1_src.js HTTP/1.1" 200 2957 "https://www.citadela.hr/apartmani/kozino-dvosoban-apartman-prvi-red-do-mora-5509-m2" "Mozilla/5.0 (Windows NT 10.0; Win64; x64) AppleWebKit/537.36 (KHTML, like Gecko) Chrome/75.0.3770.100 Safari/537.36 OPR/62.0.3331.72"
93.136.13.34 - - [18/Jul/2019:15:07:10 +0000] "GET /js/jquery.numberformatter-1.2.3.js HTTP/1.1" 200 4697 "https://www.citadela.hr/apartmani/kozino-dvosoban-apartman-prvi-red-do-mora-5509-m2" "Mozilla/5.0 (Windows NT 10.0; Win64; x64) AppleWebKit/537.36 (KHTML, like Gecko) Chrome/75.0.3770.100 Safari/537.36 OPR/62.0.3331.72"
93.136.13.34 - - [18/Jul/2019:15:07:10 +0000] "GET /js/tmpl.js HTTP/1.1" 200 625 "https://www.citadela.hr/apartmani/kozino-dvosoban-apartman-prvi-red-do-mora-5509-m2" "Mozilla/5.0 (Windows NT 10.0; Win64; x64) AppleWebKit/537.36 (KHTML, like Gecko) Chrome/75.0.3770.100 Safari/537.36 OPR/62.0.3331.72"
93.136.13.34 - - [18/Jul/2019:15:07:10 +0000] "GET /js/jquery.dependClass-0.1.js HTTP/1.1" 200 458 "https://www.citadela.hr/apartmani/kozino-dvosoban-apartman-prvi-red-do-mora-5509-m2" "Mozilla/5.0 (Windows NT 10.0; Win64; x64) AppleWebKit/537.36 (KHTML, like Gecko) Chrome/75.0.3770.100 Safari/537.36 OPR/62.0.3331.72"
93.136.13.34 - - [18/Jul/2019:15:07:11 +0000] "GET /js/draggable-0.1.js HTTP/1.1" 200 1326 "https://www.citadela.hr/apartmani/kozino-dvosoban-apartman-prvi-red-do-mora-5509-m2" "Mozilla/5.0 (Windows NT 10.0; Win64; x64) AppleWebKit/537.36 (KHTML, like Gecko) Chrome/75.0.3770.100 Safari/537.36 OPR/62.0.3331.72"
93.136.13.34 - - [18/Jul/2019:15:07:11 +0000] "GET /js/jquery.slider.js HTTP/1.1" 200 4772 "https://www.citadela.hr/apartmani/kozino-dvosoban-apartman-prvi-red-do-mora-5509-m2" "Mozilla/5.0 (Windows NT 10.0; Win64; x64) AppleWebKit/537.36 (KHTML, like Gecko) Chrome/75.0.3770.100 Safari/537.36 OPR/62.0.3331.72"
93.136.13.34 - - [18/Jul/2019:15:07:11 +0000] "GET /js/jquery.barrating.js HTTP/1.1" 200 4280 "https://www.citadela.hr/apartmani/kozino-dvosoban-apartman-prvi-red-do-mora-5509-m2" "Mozilla/5.0 (Windows NT 10.0; Win64; x64) AppleWebKit/537.36 (KHTML, like Gecko) Chrome/75.0.3770.100 Safari/537.36 OPR/62.0.3331.72"
93.136.13.34 - - [18/Jul/2019:15:07:11 +0000] "GET /js/custom.js HTTP/1.1" 200 5159 "https://www.citadela.hr/apartmani/kozino-dvosoban-apartman-prvi-red-do-mora-5509-m2" "Mozilla/5.0 (Windows NT 10.0; Win64; x64) AppleWebKit/537.36 (KHTML, like Gecko) Chrome/75.0.3770.100 Safari/537.36 OPR/62.0.3331.72"
93.136.13.34 - - [18/Jul/2019:15:07:11 +0000] "GET /img/logo_header.png?v=2 HTTP/1.1" 200 4348 "https://www.citadela.hr/apartmani/kozino-dvosoban-apartman-prvi-red-do-mora-5509-m2" "Mozilla/5.0 (Windows NT 10.0; Win64; x64) AppleWebKit/537.36 (KHTML, like Gecko) Chrome/75.0.3770.100 Safari/537.36 OPR/62.0.3331.72"
93.136.13.34 - - [18/Jul/2019:15:07:11 +0000] "GET /unitegallery/js/jquery-11.0.min.js HTTP/1.1" 200 33369 "https://www.citadela.hr/apartmani/kozino-dvosoban-apartman-prvi-red-do-mora-5509-m2" "Mozilla/5.0 (Windows NT 10.0; Win64; x64) AppleWebKit/537.36 (KHTML, like Gecko) Chrome/75.0.3770.100 Safari/537.36 OPR/62.0.3331.72"
93.136.13.34 - - [18/Jul/2019:15:07:11 +0000] "GET /unitegallery/themes/compact/ug-theme-compact.js HTTP/1.1" 200 2477 "https://www.citadela.hr/apartmani/kozino-dvosoban-apartman-prvi-red-do-mora-5509-m2" "Mozilla/5.0 (Windows NT 10.0; Win64; x64) AppleWebKit/537.36 (KHTML, like Gecko) Chrome/75.0.3770.100 Safari/537.36 OPR/62.0.3331.72"
93.136.13.34 - - [18/Jul/2019:15:07:11 +0000] "GET /uploads/thumbnails/804bded75e84e19c19900ac44a311f0c.jpg HTTP/1.1" 200 40206 "https://www.citadela.hr/apartmani/kozino-dvosoban-apartman-prvi-red-do-mora-5509-m2" "Mozilla/5.0 (Windows NT 10.0; Win64; x64) AppleWebKit/537.36 (KHTML, like Gecko) Chrome/75.0.3770.100 Safari/537.36 OPR/62.0.3331.72"
93.136.13.34 - - [18/Jul/2019:15:07:11 +0000] "GET /unitegallery/js/unitegallery.min.js HTTP/1.1" 200 66910 "https://www.citadela.hr/apartmani/kozino-dvosoban-apartman-prvi-red-do-mora-5509-m2" "Mozilla/5.0 (Windows NT 10.0; Win64; x64) AppleWebKit/537.36 (KHTML, like Gecko) Chrome/75.0.3770.100 Safari/537.36 OPR/62.0.3331.72"
93.136.13.34 - - [18/Jul/2019:15:07:11 +0000] "GET /css/animate.min.css HTTP/1.1" 200 4242 "https://www.citadela.hr/apartmani/kozino-dvosoban-apartman-prvi-red-do-mora-5509-m2" "Mozilla/5.0 (Windows NT 10.0; Win64; x64) AppleWebKit/537.36 (KHTML, like Gecko) Chrome/75.0.3770.100 Safari/537.36 OPR/62.0.3331.72"
93.136.13.34 - - [18/Jul/2019:15:07:11 +0000] "GET /css/jquery.fancybox.css HTTP/1.1" 200 1434 "https://www.citadela.hr/apartmani/kozino-dvosoban-apartman-prvi-red-do-mora-5509-m2" "Mozilla/5.0 (Windows NT 10.0; Win64; x64) AppleWebKit/537.36 (KHTML, like Gecko) Chrome/75.0.3770.100 Safari/537.36 OPR/62.0.3331.72"
93.136.13.34 - - [18/Jul/2019:15:07:11 +0000] "GET /css/owl.css HTTP/1.1" 200 1348 "https://www.citadela.hr/apartmani/kozino-dvosoban-apartman-prvi-red-do-mora-5509-m2" "Mozilla/5.0 (Windows NT 10.0; Win64; x64) AppleWebKit/537.36 (KHTML, like Gecko) Chrome/75.0.3770.100 Safari/537.36 OPR/62.0.3331.72"
93.136.13.34 - - [18/Jul/2019:15:07:11 +0000] "GET /uploads/thumbnails/4b2ca4646eacee6bfac4e0031c998031.jpg HTTP/1.1" 200 33927 "https://www.citadela.hr/apartmani/kozino-dvosoban-apartman-prvi-red-do-mora-5509-m2" "Mozilla/5.0 (Windows NT 10.0; Win64; x64) AppleWebKit/537.36 (KHTML, like Gecko) Chrome/75.0.3770.100 Safari/537.36 OPR/62.0.3331.72"
93.136.13.34 - - [18/Jul/2019:15:07:11 +0000] "GET /uploads/thumbnails/dae2bb6161fb0025436e34942d5b5ddd.jpg HTTP/1.1" 200 36130 "https://www.citadela.hr/apartmani/kozino-dvosoban-apartman-prvi-red-do-mora-5509-m2" "Mozilla/5.0 (Windows NT 10.0; Win64; x64) AppleWebKit/537.36 (KHTML, like Gecko) Chrome/75.0.3770.100 Safari/537.36 OPR/62.0.3331.72"
93.136.13.34 - - [18/Jul/2019:15:07:11 +0000] "GET /uploads/thumbnails/ff9855abde432da03cce6cb07fe574f4.jpg HTTP/1.1" 200 20506 "https://www.citadela.hr/apartmani/kozino-dvosoban-apartman-prvi-red-do-mora-5509-m2" "Mozilla/5.0 (Windows NT 10.0; Win64; x64) AppleWebKit/537.36 (KHTML, like Gecko) Chrome/75.0.3770.100 Safari/537.36 OPR/62.0.3331.72"
93.136.13.34 - - [18/Jul/2019:15:07:11 +0000] "GET /uploads/thumbnails/07e6b8e4b76b18bf51874f9e13ab10cc.jpg HTTP/1.1" 200 30390 "https://www.citadela.hr/apartmani/kozino-dvosoban-apartman-prvi-red-do-mora-5509-m2" "Mozilla/5.0 (Windows NT 10.0; Win64; x64) AppleWebKit/537.36 (KHTML, like Gecko) Chrome/75.0.3770.100 Safari/537.36 OPR/62.0.3331.72"
93.136.13.34 - - [18/Jul/2019:15:07:11 +0000] "GET /uploads/thumbnails/8a329a49e8d118f676740cc28a780973.jpg HTTP/1.1" 200 25101 "https://www.citadela.hr/apartmani/kozino-dvosoban-apartman-prvi-red-do-mora-5509-m2" "Mozilla/5.0 (Windows NT 10.0; Win64; x64) AppleWebKit/537.36 (KHTML, like Gecko) Chrome/75.0.3770.100 Safari/537.36 OPR/62.0.3331.72"
93.136.13.34 - - [18/Jul/2019:15:07:11 +0000] "GET /uploads/thumbnails/b9669e8bd4968ffa53765fa1795a0306.jpg HTTP/1.1" 200 22226 "https://www.citadela.hr/apartmani/kozino-dvosoban-apartman-prvi-red-do-mora-5509-m2" "Mozilla/5.0 (Windows NT 10.0; Win64; x64) AppleWebKit/537.36 (KHTML, like Gecko) Chrome/75.0.3770.100 Safari/537.36 OPR/62.0.3331.72"
93.136.13.34 - - [18/Jul/2019:15:07:11 +0000] "GET /uploads/thumbnails/202376e54d07d5c956488b058cdf8baf.jpg HTTP/1.1" 200 40382 "https://www.citadela.hr/apartmani/kozino-dvosoban-apartman-prvi-red-do-mora-5509-m2" "Mozilla/5.0 (Windows NT 10.0; Win64; x64) AppleWebKit/537.36 (KHTML, like Gecko) Chrome/75.0.3770.100 Safari/537.36 OPR/62.0.3331.72"
93.136.13.34 - - [18/Jul/2019:15:07:11 +0000] "GET /uploads/thumbnails/941551d9f91a40e2be3fa5d626dccd68.jpg HTTP/1.1" 200 39160 "https://www.citadela.hr/apartmani/kozino-dvosoban-apartman-prvi-red-do-mora-5509-m2" "Mozilla/5.0 (Windows NT 10.0; Win64; x64) AppleWebKit/537.36 (KHTML, like Gecko) Chrome/75.0.3770.100 Safari/537.36 OPR/62.0.3331.72"
93.136.13.34 - - [18/Jul/2019:15:07:11 +0000] "GET /img/mate.jpg HTTP/1.1" 200 14037 "https://www.citadela.hr/apartmani/kozino-dvosoban-apartman-prvi-red-do-mora-5509-m2" "Mozilla/5.0 (Windows NT 10.0; Win64; x64) AppleWebKit/537.36 (KHTML, like Gecko) Chrome/75.0.3770.100 Safari/537.36 OPR/62.0.3331.72"
93.136.13.34 - - [18/Jul/2019:15:07:11 +0000] "GET /fonts/fontawesome-webfont.woff2?v=4.7.0 HTTP/1.1" 200 77160 "https://www.citadela.hr/css/font-awesome.css" "Mozilla/5.0 (Windows NT 10.0; Win64; x64) AppleWebKit/537.36 (KHTML, like Gecko) Chrome/75.0.3770.100 Safari/537.36 OPR/62.0.3331.72"
93.136.13.34 - - [18/Jul/2019:15:07:11 +0000] "GET /img/logo_footer.png HTTP/1.1" 200 4213 "https://www.citadela.hr/apartmani/kozino-dvosoban-apartman-prvi-red-do-mora-5509-m2" "Mozilla/5.0 (Windows NT 10.0; Win64; x64) AppleWebKit/537.36 (KHTML, like Gecko) Chrome/75.0.3770.100 Safari/537.36 OPR/62.0.3331.72"
93.136.13.34 - - [18/Jul/2019:15:07:11 +0000] "GET /uploads/thumbnails/a201257eb4ea98b9c597747ccdffccbf.jpg HTTP/1.1" 200 54400 "https://www.citadela.hr/apartmani/kozino-dvosoban-apartman-prvi-red-do-mora-5509-m2" "Mozilla/5.0 (Windows NT 10.0; Win64; x64) AppleWebKit/537.36 (KHTML, like Gecko) Chrome/75.0.3770.100 Safari/537.36 OPR/62.0.3331.72"
93.136.13.34 - - [18/Jul/2019:15:07:11 +0000] "GET /assets/plugins/flag/flags/4x3/gb.svg HTTP/1.1" 200 989 "https://www.citadela.hr/assets/plugins/flag/css/flag-icon.css" "Mozilla/5.0 (Windows NT 10.0; Win64; x64) AppleWebKit/537.36 (KHTML, like Gecko) Chrome/75.0.3770.100 Safari/537.36 OPR/62.0.3331.72"
93.136.13.34 - - [18/Jul/2019:15:07:11 +0000] "GET /assets/plugins/flag/flags/4x3/hr.svg HTTP/1.1" 200 80697 "https://www.citadela.hr/assets/plugins/flag/css/flag-icon.css" "Mozilla/5.0 (Windows NT 10.0; Win64; x64) AppleWebKit/537.36 (KHTML, like Gecko) Chrome/75.0.3770.100 Safari/537.36 OPR/62.0.3331.72"
93.136.13.34 - - [18/Jul/2019:15:07:11 +0000] "GET /img/banner/banner.png HTTP/1.1" 200 188379 "https://www.citadela.hr/css/style.css?v=2" "Mozilla/5.0 (Windows NT 10.0; Win64; x64) AppleWebKit/537.36 (KHTML, like Gecko) Chrome/75.0.3770.100 Safari/537.36 OPR/62.0.3331.72"
93.136.13.34 - - [18/Jul/2019:15:07:12 +0000] "GET /unitegallery/images/cover-grid.png HTTP/1.1" 200 933 "https://www.citadela.hr/unitegallery/css/unite-gallery.css" "Mozilla/5.0 (Windows NT 10.0; Win64; x64) AppleWebKit/537.36 (KHTML, like Gecko) Chrome/75.0.3770.100 Safari/537.36 OPR/62.0.3331.72"
93.136.13.34 - - [18/Jul/2019:15:07:12 +0000] "GET /unitegallery/images/loader.gif HTTP/1.1" 200 673 "https://www.citadela.hr/unitegallery/css/unite-gallery.css" "Mozilla/5.0 (Windows NT 10.0; Win64; x64) AppleWebKit/537.36 (KHTML, like Gecko) Chrome/75.0.3770.100 Safari/537.36 OPR/62.0.3331.72"
93.136.13.34 - - [18/Jul/2019:15:07:12 +0000] "GET /unitegallery/images/loader-white1.gif HTTP/1.1" 200 2545 "https://www.citadela.hr/unitegallery/css/unite-gallery.css" "Mozilla/5.0 (Windows NT 10.0; Win64; x64) AppleWebKit/537.36 (KHTML, like Gecko) Chrome/75.0.3770.100 Safari/537.36 OPR/62.0.3331.72"
93.136.13.34 - - [18/Jul/2019:15:07:12 +0000] "GET /unitegallery/images/not_loaded.png HTTP/1.1" 200 858 "https://www.citadela.hr/unitegallery/css/unite-gallery.css" "Mozilla/5.0 (Windows NT 10.0; Win64; x64) AppleWebKit/537.36 (KHTML, like Gecko) Chrome/75.0.3770.100 Safari/537.36 OPR/62.0.3331.72"
93.136.13.34 - - [18/Jul/2019:15:07:12 +0000] "GET /unitegallery/images/play-button-square.png HTTP/1.1" 200 4591 "https://www.citadela.hr/unitegallery/css/unite-gallery.css" "Mozilla/5.0 (Windows NT 10.0; Win64; x64) AppleWebKit/537.36 (KHTML, like Gecko) Chrome/75.0.3770.100 Safari/537.36 OPR/62.0.3331.72"
93.136.13.34 - - [18/Jul/2019:15:07:12 +0000] "GET /unitegallery/skins/default/slider_arrow_left.png HTTP/1.1" 200 493 "https://www.citadela.hr/unitegallery/css/unite-gallery.css" "Mozilla/5.0 (Windows NT 10.0; Win64; x64) AppleWebKit/537.36 (KHTML, like Gecko) Chrome/75.0.3770.100 Safari/537.36 OPR/62.0.3331.72"
93.136.13.34 - - [18/Jul/2019:15:07:12 +0000] "GET /unitegallery/skins/default/slider_arrow_right.png HTTP/1.1" 200 505 "https://www.citadela.hr/unitegallery/css/unite-gallery.css" "Mozilla/5.0 (Windows NT 10.0; Win64; x64) AppleWebKit/537.36 (KHTML, like Gecko) Chrome/75.0.3770.100 Safari/537.36 OPR/62.0.3331.72"
93.136.13.34 - - [18/Jul/2019:15:07:12 +0000] "GET /unitegallery/skins/default/button_fullscreen.png HTTP/1.1" 200 1146 "https://www.citadela.hr/unitegallery/css/unite-gallery.css" "Mozilla/5.0 (Windows NT 10.0; Win64; x64) AppleWebKit/537.36 (KHTML, like Gecko) Chrome/75.0.3770.100 Safari/537.36 OPR/62.0.3331.72"
93.136.13.34 - - [18/Jul/2019:15:07:12 +0000] "GET /unitegallery/images/loader-black1.gif HTTP/1.1" 200 5855 "https://www.citadela.hr/unitegallery/css/unite-gallery.css" "Mozilla/5.0 (Windows NT 10.0; Win64; x64) AppleWebKit/537.36 (KHTML, like Gecko) Chrome/75.0.3770.100 Safari/537.36 OPR/62.0.3331.72"
93.136.13.34 - - [18/Jul/2019:15:07:12 +0000] "GET /unitegallery/images/button-close.png HTTP/1.1" 200 7155 "https://www.citadela.hr/unitegallery/css/unite-gallery.css" "Mozilla/5.0 (Windows NT 10.0; Win64; x64) AppleWebKit/537.36 (KHTML, like Gecko) Chrome/75.0.3770.100 Safari/537.36 OPR/62.0.3331.72"
93.136.13.34 - - [18/Jul/2019:15:07:12 +0000] "GET /uploads/images/804bded75e84e19c19900ac44a311f0c.jpg HTTP/1.1" 200 136900 "https://www.citadela.hr/apartmani/kozino-dvosoban-apartman-prvi-red-do-mora-5509-m2" "Mozilla/5.0 (Windows NT 10.0; Win64; x64) AppleWebKit/537.36 (KHTML, like Gecko) Chrome/75.0.3770.100 Safari/537.36 OPR/62.0.3331.72"
93.136.13.34 - - [18/Jul/2019:15:07:12 +0000] "GET /uploads/images/4b2ca4646eacee6bfac4e0031c998031.jpg HTTP/1.1" 200 135339 "https://www.citadela.hr/apartmani/kozino-dvosoban-apartman-prvi-red-do-mora-5509-m2" "Mozilla/5.0 (Windows NT 10.0; Win64; x64) AppleWebKit/537.36 (KHTML, like Gecko) Chrome/75.0.3770.100 Safari/537.36 OPR/62.0.3331.72"
93.136.13.34 - - [18/Jul/2019:15:07:12 +0000] "GET /uploads/images/a201257eb4ea98b9c597747ccdffccbf.jpg HTTP/1.1" 200 183120 "https://www.citadela.hr/apartmani/kozino-dvosoban-apartman-prvi-red-do-mora-5509-m2" "Mozilla/5.0 (Windows NT 10.0; Win64; x64) AppleWebKit/537.36 (KHTML, like Gecko) Chrome/75.0.3770.100 Safari/537.36 OPR/62.0.3331.72"
93.136.13.34 - - [18/Jul/2019:15:07:12 +0000] "GET /favicon-32x32.png HTTP/1.1" 200 1936 "https://www.citadela.hr/apartmani/kozino-dvosoban-apartman-prvi-red-do-mora-5509-m2" "Mozilla/5.0 (Windows NT 10.0; Win64; x64) AppleWebKit/537.36 (KHTML, like Gecko) Chrome/75.0.3770.100 Safari/537.36 OPR/62.0.3331.72"
66.249.73.158 - - [18/Jul/2019:15:10:23 +0000] "GET /pretraga?category=&type=&place=8&area=&price=300000&surface= HTTP/1.1" 500 49618 "-" "Mozilla/5.0 (Linux; Android 6.0.1; Nexus 5X Build/MMB29P) AppleWebKit/537.36 (KHTML, like Gecko) Chrome/41.0.2272.96 Mobile Safari/537.36 (compatible; Googlebot/2.1; +http://www.google.com/bot.html)"
66.249.73.158 - - [18/Jul/2019:15:11:21 +0000] "GET /uploads/images/4d66d27a633efa72abe2fe69fa0bb1bb.jpg HTTP/1.1" 200 83335 "-" "Googlebot-Image/1.0"
