46.229.168.154 - - [18/Jul/2019:00:01:49 +0000] "GET /en/lands/sukosan-gradevinsko-zemljiste-s-pogledom-na-more-1373-m2 HTTP/1.1" 200 5476 "-" "Mozilla/5.0 (compatible; SemrushBot/3~bl; +http://www.semrush.com/bot.html)"
66.249.73.156 - - [18/Jul/2019:00:02:26 +0000] "GET /robots.txt HTTP/1.1" 200 24 "-" "Mozilla/5.0 (compatible; Googlebot/2.1; +http://www.google.com/bot.html)"
66.249.73.156 - - [18/Jul/2019:00:02:26 +0000] "GET / HTTP/1.1" 200 5820 "-" "Mozilla/5.0 (compatible; Googlebot/2.1; +http://www.google.com/bot.html)"
66.249.73.158 - - [18/Jul/2019:00:07:42 +0000] "GET /pretraga?category=&type=&place=19&area=&price=1000000&surface=10 HTTP/1.1" 500 49618 "-" "Mozilla/5.0 (Linux; Android 6.0.1; Nexus 5X Build/MMB29P) AppleWebKit/537.36 (KHTML, like Gecko) Chrome/41.0.2272.96 Mobile Safari/537.36 (compatible; Googlebot/2.1; +http://www.google.com/bot.html)"
66.249.73.156 - - [18/Jul/2019:00:09:28 +0000] "GET /en/search?category=&type=&place=36&area=229&price=50000&surface=100 HTTP/1.1" 500 49610 "-" "Mozilla/5.0 (Linux; Android 6.0.1; Nexus 5X Build/MMB29P) AppleWebKit/537.36 (KHTML, like Gecko) Chrome/41.0.2272.96 Mobile Safari/537.36 (compatible; Googlebot/2.1; +http://www.google.com/bot.html)"
66.249.73.156 - - [18/Jul/2019:00:11:13 +0000] "GET /pretraga?category=&type=&place=10&area=&price=300000&surface=50 HTTP/1.1" 500 49618 "-" "Mozilla/5.0 (Linux; Android 6.0.1; Nexus 5X Build/MMB29P) AppleWebKit/537.36 (KHTML, like Gecko) Chrome/41.0.2272.96 Mobile Safari/537.36 (compatible; Googlebot/2.1; +http://www.google.com/bot.html)"
66.249.73.156 - - [18/Jul/2019:00:12:58 +0000] "GET /en/search?category=&type=&place=9&area=&price=300000&surface=50 HTTP/1.1" 500 49610 "-" "Mozilla/5.0 (Linux; Android 6.0.1; Nexus 5X Build/MMB29P) AppleWebKit/537.36 (KHTML, like Gecko) Chrome/41.0.2272.96 Mobile Safari/537.36 (compatible; Googlebot/2.1; +http://www.google.com/bot.html)"
216.244.66.226 - - [18/Jul/2019:00:16:59 +0000] "GET /en/houses/vir-kuca-556-m2-6-apartmana-i-poslovni-prostor-170-m-od-mora HTTP/1.1" 200 27991 "-" "Mozilla/5.0 (compatible; DotBot/1.1; http://www.opensiteexplorer.org/dotbot, help@moz.com)"
87.250.224.91 - - [18/Jul/2019:00:18:51 +0000] "GET /robots.txt HTTP/1.1" 200 24 "-" "Mozilla/5.0 (compatible; YandexBot/3.0; +http://yandex.com/bots)"
87.250.224.91 - - [18/Jul/2019:00:18:54 +0000] "GET /sitemap.xml HTTP/1.1" 200 4782 "-" "Mozilla/5.0 (compatible; YandexBot/3.0; +http://yandex.com/bots)"
54.36.149.93 - - [18/Jul/2019:00:20:23 +0000] "GET /en/apartments?page=2 HTTP/1.1" 200 4763 "-" "Mozilla/5.0 (compatible; AhrefsBot/6.1; +http://ahrefs.com/robot/)"
95.168.120.8 - - [18/Jul/2019:00:23:53 +0000] "GET /uploads/images/d9823bec0d381bdeb85aa4bbd21f212b.jpg HTTP/1.1" 200 201304 "https://www.google.hr/" "Mozilla/5.0 (iPhone; CPU iPhone OS 12_1_4 like Mac OS X) AppleWebKit/605.1.15 (KHTML, like Gecko) Version/12.0 Mobile/15E148 Safari/604.1"
66.249.73.158 - - [18/Jul/2019:00:34:03 +0000] "GET /pretraga?category=&type=&place=16&area=&price=50000&surface=10 HTTP/1.1" 500 49618 "-" "Mozilla/5.0 (Linux; Android 6.0.1; Nexus 5X Build/MMB29P) AppleWebKit/537.36 (KHTML, like Gecko) Chrome/41.0.2272.96 Mobile Safari/537.36 (compatible; Googlebot/2.1; +http://www.google.com/bot.html)"
66.249.73.137 - - [18/Jul/2019:00:53:22 +0000] "GET /robots.txt HTTP/1.1" 301 242 "-" "Mozilla/5.0 (compatible; Googlebot/2.1; +http://www.google.com/bot.html)"
66.249.73.135 - - [18/Jul/2019:00:53:22 +0000] "GET / HTTP/1.1" 301 232 "-" "Mozilla/5.0 (compatible; Googlebot/2.1; +http://www.google.com/bot.html)"
66.249.73.154 - - [18/Jul/2019:01:02:09 +0000] "GET /pretraga?category=&type=&place=19&area=&price=1000000&surface=10 HTTP/1.1" 500 49618 "-" "Mozilla/5.0 (Linux; Android 6.0.1; Nexus 5X Build/MMB29P) AppleWebKit/537.36 (KHTML, like Gecko) Chrome/41.0.2272.96 Mobile Safari/537.36 (compatible; Googlebot/2.1; +http://www.google.com/bot.html)"
66.249.73.154 - - [18/Jul/2019:01:03:54 +0000] "GET /hr/pretraga?category=&type=&place=3&area=&price=100000&surface=50 HTTP/1.1" 500 49618 "-" "Mozilla/5.0 (Linux; Android 6.0.1; Nexus 5X Build/MMB29P) AppleWebKit/537.36 (KHTML, like Gecko) Chrome/41.0.2272.96 Mobile Safari/537.36 (compatible; Googlebot/2.1; +http://www.google.com/bot.html)"
66.249.73.158 - - [18/Jul/2019:01:05:39 +0000] "GET /hr/pretraga?category=&type=&place=50&area=&price=500000&surface=10 HTTP/1.1" 500 49618 "-" "Mozilla/5.0 (Linux; Android 6.0.1; Nexus 5X Build/MMB29P) AppleWebKit/537.36 (KHTML, like Gecko) Chrome/41.0.2272.96 Mobile Safari/537.36 (compatible; Googlebot/2.1; +http://www.google.com/bot.html)"
46.229.168.133 - - [18/Jul/2019:01:12:42 +0000] "GET /robots.txt HTTP/1.1" 200 24 "-" "Mozilla/5.0 (compatible; SemrushBot/3~bl; +http://www.semrush.com/bot.html)"
46.229.168.138 - - [18/Jul/2019:01:12:43 +0000] "GET /hr/apartmani/kozino-namjesten-apartman-prvi-red-do-mora-4783-m2 HTTP/1.1" 200 5955 "-" "Mozilla/5.0 (compatible; SemrushBot/3~bl; +http://www.semrush.com/bot.html)"
216.244.66.226 - - [18/Jul/2019:01:16:29 +0000] "GET /robots.txt HTTP/1.1" 301 242 "-" "Mozilla/5.0 (compatible; DotBot/1.1; http://www.opensiteexplorer.org/dotbot, help@moz.com)"
216.244.66.226 - - [18/Jul/2019:01:16:30 +0000] "GET /robots.txt HTTP/1.1" 200 24 "-" "Mozilla/5.0 (compatible; DotBot/1.1; http://www.opensiteexplorer.org/dotbot, help@moz.com)"
66.249.73.154 - - [18/Jul/2019:01:32:00 +0000] "GET /hr/pretraga?category=&type=&place=5&area=&price=300000&surface=100 HTTP/1.1" 500 49618 "-" "Mozilla/5.0 (Linux; Android 6.0.1; Nexus 5X Build/MMB29P) AppleWebKit/537.36 (KHTML, like Gecko) Chrome/41.0.2272.96 Mobile Safari/537.36 (compatible; Googlebot/2.1; +http://www.google.com/bot.html)"
66.249.73.156 - - [18/Jul/2019:01:33:45 +0000] "GET /pretraga?category=&type=&place=10&area=&price=300000&surface=50 HTTP/1.1" 500 49618 "-" "Mozilla/5.0 (Linux; Android 6.0.1; Nexus 5X Build/MMB29P) AppleWebKit/537.36 (KHTML, like Gecko) Chrome/41.0.2272.96 Mobile Safari/537.36 (compatible; Googlebot/2.1; +http://www.google.com/bot.html)"
46.229.168.147 - - [18/Jul/2019:01:36:57 +0000] "GET /en/houses/biograd-na-moru-kuca-s-9-apartmana-508-m2 HTTP/1.1" 200 5563 "-" "Mozilla/5.0 (compatible; SemrushBot/3~bl; +http://www.semrush.com/bot.html)"
216.244.66.226 - - [18/Jul/2019:01:47:32 +0000] "GET /hr/apartmani/maslenica-cetverosoban-apartman-prvi-red-do-mora-8573-m2 HTTP/1.1" 200 28588 "-" "Mozilla/5.0 (compatible; DotBot/1.1; http://www.opensiteexplorer.org/dotbot, help@moz.com)"
216.244.66.226 - - [18/Jul/2019:01:47:35 +0000] "GET /hr/zemljista/sv-filip-i-jakov-gradevinsko-zemljiste-u-blizini-mora-490-m2 HTTP/1.1" 200 24461 "-" "Mozilla/5.0 (compatible; DotBot/1.1; http://www.opensiteexplorer.org/dotbot, help@moz.com)"
40.77.167.177 - - [18/Jul/2019:01:48:46 +0000] "GET /poslovni-prostori/sibenik-plisac-poslovni-prostor-uredski-4362-m2 HTTP/1.1" 200 5142 "-" "Mozilla/5.0 (compatible; bingbot/2.0; +http://www.bing.com/bingbot.htm)"
178.137.83.216 - - [18/Jul/2019:01:52:23 +0000] "GET / HTTP/1.1" 301 232 "https://voloslove.ru/" "Mozilla/4.0 (compatible; MSIE 6.0; Windows NT 5.1; SV1; .NET CLR 1.1.4322) NS8/0.9.6"
178.137.83.216 - - [18/Jul/2019:01:52:23 +0000] "GET / HTTP/1.1" 301 232 "https://voloslove.ru/" "Mozilla/4.0 (compatible; MSIE 6.0; Windows NT 5.1; SV1; .NET CLR 1.1.4322) NS8/0.9.6"
178.137.83.216 - - [18/Jul/2019:01:52:23 +0000] "GET / HTTP/1.1" 301 232 "https://voloslove.ru/" "Mozilla/4.0 (compatible; MSIE 6.0; Windows NT 5.1; SV1; .NET CLR 1.1.4322) NS8/0.9.6"
216.244.66.226 - - [18/Jul/2019:02:02:27 +0000] "GET /robots.txt HTTP/1.1" 301 242 "-" "Mozilla/5.0 (compatible; DotBot/1.1; http://www.opensiteexplorer.org/dotbot, help@moz.com)"
216.244.66.226 - - [18/Jul/2019:02:02:29 +0000] "GET /robots.txt HTTP/1.1" 200 24 "-" "Mozilla/5.0 (compatible; DotBot/1.1; http://www.opensiteexplorer.org/dotbot, help@moz.com)"
66.249.73.154 - - [18/Jul/2019:02:10:38 +0000] "GET /en/search?category=&type=&place=9&area=&price=300000&surface=50 HTTP/1.1" 500 49610 "-" "Mozilla/5.0 (Linux; Android 6.0.1; Nexus 5X Build/MMB29P) AppleWebKit/537.36 (KHTML, like Gecko) Chrome/41.0.2272.96 Mobile Safari/537.36 (compatible; Googlebot/2.1; +http://www.google.com/bot.html)"
66.249.73.154 - - [18/Jul/2019:02:12:23 +0000] "GET /pretraga?category=&type=&place=20&area=&price=1000000&surface= HTTP/1.1" 500 49618 "-" "Mozilla/5.0 (Linux; Android 6.0.1; Nexus 5X Build/MMB29P) AppleWebKit/537.36 (KHTML, like Gecko) Chrome/41.0.2272.96 Mobile Safari/537.36 (compatible; Googlebot/2.1; +http://www.google.com/bot.html)"
66.249.73.156 - - [18/Jul/2019:02:14:09 +0000] "GET /pretraga?category=&place=36&price=200000&surface=50 HTTP/1.1" 500 49618 "-" "Mozilla/5.0 (Linux; Android 6.0.1; Nexus 5X Build/MMB29P) AppleWebKit/537.36 (KHTML, like Gecko) Chrome/41.0.2272.96 Mobile Safari/537.36 (compatible; Googlebot/2.1; +http://www.google.com/bot.html)"
66.249.73.156 - - [18/Jul/2019:02:15:54 +0000] "GET /pretraga?category=&type=&place=16&area=&price=50000&surface=10 HTTP/1.1" 500 49618 "-" "Mozilla/5.0 (Linux; Android 6.0.1; Nexus 5X Build/MMB29P) AppleWebKit/537.36 (KHTML, like Gecko) Chrome/41.0.2272.96 Mobile Safari/537.36 (compatible; Googlebot/2.1; +http://www.google.com/bot.html)"
66.249.73.154 - - [18/Jul/2019:02:17:39 +0000] "GET /en/search?category=&type=&place=36&area=229&price=50000&surface=100 HTTP/1.1" 500 49610 "-" "Mozilla/5.0 (Linux; Android 6.0.1; Nexus 5X Build/MMB29P) AppleWebKit/537.36 (KHTML, like Gecko) Chrome/41.0.2272.96 Mobile Safari/537.36 (compatible; Googlebot/2.1; +http://www.google.com/bot.html)"
66.249.73.158 - - [18/Jul/2019:02:35:13 +0000] "GET /en/search?category=&type=&place=16&area=&price=100000&surface=10 HTTP/1.1" 500 49610 "-" "Mozilla/5.0 (Linux; Android 6.0.1; Nexus 5X Build/MMB29P) AppleWebKit/537.36 (KHTML, like Gecko) Chrome/41.0.2272.96 Mobile Safari/537.36 (compatible; Googlebot/2.1; +http://www.google.com/bot.html)"
216.244.66.226 - - [18/Jul/2019:02:35:29 +0000] "GET /hr/kuce/starigrad-kuca-s-bazenom-drugi-red-do-mora-260-m2 HTTP/1.1" 200 29385 "-" "Mozilla/5.0 (compatible; DotBot/1.1; http://www.opensiteexplorer.org/dotbot, help@moz.com)"
216.244.66.226 - - [18/Jul/2019:02:48:31 +0000] "GET /robots.txt HTTP/1.1" 301 242 "-" "Mozilla/5.0 (compatible; DotBot/1.1; http://www.opensiteexplorer.org/dotbot, help@moz.com)"
216.244.66.226 - - [18/Jul/2019:02:48:32 +0000] "GET /robots.txt HTTP/1.1" 200 24 "-" "Mozilla/5.0 (compatible; DotBot/1.1; http://www.opensiteexplorer.org/dotbot, help@moz.com)"
66.249.73.154 - - [18/Jul/2019:03:06:50 +0000] "GET /pretraga?category=&place=36&price=200000&surface=50 HTTP/1.1" 500 49618 "-" "Mozilla/5.0 (Linux; Android 6.0.1; Nexus 5X Build/MMB29P) AppleWebKit/537.36 (KHTML, like Gecko) Chrome/41.0.2272.96 Mobile Safari/537.36 (compatible; Googlebot/2.1; +http://www.google.com/bot.html)"
46.229.168.162 - - [18/Jul/2019:03:14:15 +0000] "GET /robots.txt HTTP/1.1" 200 24 "-" "Mozilla/5.0 (compatible; SemrushBot/3~bl; +http://www.semrush.com/bot.html)"
46.229.168.133 - - [18/Jul/2019:03:14:16 +0000] "GET /pretraga HTTP/1.1" 200 5488 "-" "Mozilla/5.0 (compatible; SemrushBot/3~bl; +http://www.semrush.com/bot.html)"
216.244.66.226 - - [18/Jul/2019:03:18:25 +0000] "GET /en/houses/sv-petar-na-moru-kuca-sa-6-apartmana-i-pogledom-na-more-39637m2 HTTP/1.1" 200 30734 "-" "Mozilla/5.0 (compatible; DotBot/1.1; http://www.opensiteexplorer.org/dotbot, help@moz.com)"
66.249.73.158 - - [18/Jul/2019:03:35:59 +0000] "GET /en/search?category=&type=&place=9&area=&price=300000&surface=50 HTTP/1.1" 500 49610 "-" "Mozilla/5.0 (Linux; Android 6.0.1; Nexus 5X Build/MMB29P) AppleWebKit/537.36 (KHTML, like Gecko) Chrome/41.0.2272.96 Mobile Safari/537.36 (compatible; Googlebot/2.1; +http://www.google.com/bot.html)"
66.249.73.158 - - [18/Jul/2019:03:37:41 +0000] "GET /pretraga?category=&type=&place=20&area=&price=1000000&surface= HTTP/1.1" 500 49618 "-" "Mozilla/5.0 (Linux; Android 6.0.1; Nexus 5X Build/MMB29P) AppleWebKit/537.36 (KHTML, like Gecko) Chrome/41.0.2272.96 Mobile Safari/537.36 (compatible; Googlebot/2.1; +http://www.google.com/bot.html)"
157.230.134.219 - - [18/Jul/2019:03:53:58 +0000] "GET /wp-login.php HTTP/1.1" 301 244 "-" "Mozilla/5.0 (X11; Ubuntu; Linux x86_64; rv:62.0) Gecko/20100101 Firefox/62.0"
157.230.134.219 - - [18/Jul/2019:03:54:00 +0000] "GET /wp-login.php HTTP/1.1" 500 25403 "http://citadela.hr/wp-login.php" "Mozilla/5.0 (X11; Ubuntu; Linux x86_64; rv:62.0) Gecko/20100101 Firefox/62.0"
66.249.73.154 - - [18/Jul/2019:03:56:27 +0000] "GET /pretraga?category=&type=&place=19&area=&price=1000000&surface=10 HTTP/1.1" 500 49618 "-" "Mozilla/5.0 (Linux; Android 6.0.1; Nexus 5X Build/MMB29P) AppleWebKit/537.36 (KHTML, like Gecko) Chrome/41.0.2272.96 Mobile Safari/537.36 (compatible; Googlebot/2.1; +http://www.google.com/bot.html)"
66.249.73.156 - - [18/Jul/2019:03:58:10 +0000] "GET /en/search?category=&type=&place=36&area=229&price=50000&surface=100 HTTP/1.1" 500 49610 "-" "Mozilla/5.0 (Linux; Android 6.0.1; Nexus 5X Build/MMB29P) AppleWebKit/537.36 (KHTML, like Gecko) Chrome/41.0.2272.96 Mobile Safari/537.36 (compatible; Googlebot/2.1; +http://www.google.com/bot.html)"
66.249.73.156 - - [18/Jul/2019:03:59:52 +0000] "GET /pretraga?category=&type=&place=16&area=&price=50000&surface=10 HTTP/1.1" 500 49618 "-" "Mozilla/5.0 (Linux; Android 6.0.1; Nexus 5X Build/MMB29P) AppleWebKit/537.36 (KHTML, like Gecko) Chrome/41.0.2272.96 Mobile Safari/537.36 (compatible; Googlebot/2.1; +http://www.google.com/bot.html)"
66.249.73.156 - - [18/Jul/2019:04:03:17 +0000] "GET /en/search?category=&type=&place=10&area=&price=1000000&surface=50 HTTP/1.1" 500 49610 "-" "Mozilla/5.0 (Linux; Android 6.0.1; Nexus 5X Build/MMB29P) AppleWebKit/537.36 (KHTML, like Gecko) Chrome/41.0.2272.96 Mobile Safari/537.36 (compatible; Googlebot/2.1; +http://www.google.com/bot.html)"
66.249.73.158 - - [18/Jul/2019:04:04:59 +0000] "GET /en/search?category=&place=4&price=&surface=100 HTTP/1.1" 500 49610 "-" "Mozilla/5.0 (Linux; Android 6.0.1; Nexus 5X Build/MMB29P) AppleWebKit/537.36 (KHTML, like Gecko) Chrome/41.0.2272.96 Mobile Safari/537.36 (compatible; Googlebot/2.1; +http://www.google.com/bot.html)"
46.229.168.146 - - [18/Jul/2019:04:14:36 +0000] "GET /robots.txt HTTP/1.1" 200 24 "-" "Mozilla/5.0 (compatible; SemrushBot/3~bl; +http://www.semrush.com/bot.html)"
46.229.168.140 - - [18/Jul/2019:04:14:37 +0000] "GET /en/houses/sibenik-kamena-kuca-u-centru-grada-87-m2 HTTP/1.1" 200 5521 "-" "Mozilla/5.0 (compatible; SemrushBot/3~bl; +http://www.semrush.com/bot.html)"
216.244.66.226 - - [18/Jul/2019:04:20:39 +0000] "GET /robots.txt HTTP/1.1" 301 242 "-" "Mozilla/5.0 (compatible; DotBot/1.1; http://www.opensiteexplorer.org/dotbot, help@moz.com)"
216.244.66.226 - - [18/Jul/2019:04:20:42 +0000] "GET /robots.txt HTTP/1.1" 200 24 "-" "Mozilla/5.0 (compatible; DotBot/1.1; http://www.opensiteexplorer.org/dotbot, help@moz.com)"
66.249.73.154 - - [18/Jul/2019:04:34:00 +0000] "GET /pretraga?category=&type=&place=20&area=&price=1000000&surface= HTTP/1.1" 500 49618 "-" "Mozilla/5.0 (Linux; Android 6.0.1; Nexus 5X Build/MMB29P) AppleWebKit/537.36 (KHTML, like Gecko) Chrome/41.0.2272.96 Mobile Safari/537.36 (compatible; Googlebot/2.1; +http://www.google.com/bot.html)"
66.249.73.158 - - [18/Jul/2019:04:35:42 +0000] "GET /en/search?category=&type=&place=6&area=&price=200000&surface=50 HTTP/1.1" 500 49610 "-" "Mozilla/5.0 (Linux; Android 6.0.1; Nexus 5X Build/MMB29P) AppleWebKit/537.36 (KHTML, like Gecko) Chrome/41.0.2272.96 Mobile Safari/537.36 (compatible; Googlebot/2.1; +http://www.google.com/bot.html)"
66.249.73.154 - - [18/Jul/2019:04:37:24 +0000] "GET /hr/pretraga?category=&type=&place=53&area=&price=&surface=50 HTTP/1.1" 500 49618 "-" "Mozilla/5.0 (Linux; Android 6.0.1; Nexus 5X Build/MMB29P) AppleWebKit/537.36 (KHTML, like Gecko) Chrome/41.0.2272.96 Mobile Safari/537.36 (compatible; Googlebot/2.1; +http://www.google.com/bot.html)"
66.249.73.154 - - [18/Jul/2019:04:40:49 +0000] "GET /pretraga?category=&type=&place=20&area=&price=100000&surface=200 HTTP/1.1" 500 49618 "-" "Mozilla/5.0 (Linux; Android 6.0.1; Nexus 5X Build/MMB29P) AppleWebKit/537.36 (KHTML, like Gecko) Chrome/41.0.2272.96 Mobile Safari/537.36 (compatible; Googlebot/2.1; +http://www.google.com/bot.html)"
66.249.73.156 - - [18/Jul/2019:04:42:31 +0000] "GET /pretraga?category=&type=&place=16&area=&price=200000&surface= HTTP/1.1" 500 49618 "-" "Mozilla/5.0 (Linux; Android 6.0.1; Nexus 5X Build/MMB29P) AppleWebKit/537.36 (KHTML, like Gecko) Chrome/41.0.2272.96 Mobile Safari/537.36 (compatible; Googlebot/2.1; +http://www.google.com/bot.html)"
66.249.73.156 - - [18/Jul/2019:04:45:56 +0000] "GET /en/search?category=&type=sale&place=&area=&price=50000&surface=10&page=2 HTTP/1.1" 200 3986 "-" "Mozilla/5.0 (Linux; Android 6.0.1; Nexus 5X Build/MMB29P) AppleWebKit/537.36 (KHTML, like Gecko) Chrome/41.0.2272.96 Mobile Safari/537.36 (compatible; Googlebot/2.1; +http://www.google.com/bot.html)"
66.249.73.158 - - [18/Jul/2019:04:49:21 +0000] "GET /hr/zemljista/murter-cigrada-zemljiste-prvi-red-do-mora-333-m2 HTTP/1.1" 200 5650 "-" "Mozilla/5.0 (Linux; Android 6.0.1; Nexus 5X Build/MMB29P) AppleWebKit/537.36 (KHTML, like Gecko) Chrome/41.0.2272.96 Mobile Safari/537.36 (compatible; Googlebot/2.1; +http://www.google.com/bot.html)"
198.199.123.175 - - [18/Jul/2019:04:49:35 +0000] "GET / HTTP/1.1" 200 33099 "-" "OutclicksBot/4 +https://www.outclicks.net/agent/d5fc5xbz9xeAkarknWJLiB7m1dlNYuFr43glQxHyAfH"
198.199.123.175 - - [18/Jul/2019:04:50:03 +0000] "GET / HTTP/1.1" 200 33099 "-" "OutclicksBot/4 +https://www.outclicks.net/agent/d5fc5xbz9xeAkarknWJLiB7m1dlNYuFr43glQxHyAfH"
198.199.123.175 - - [18/Jul/2019:04:50:22 +0000] "GET /ads.txt HTTP/1.1" 500 25403 "-" "OutclicksBot/4 +https://www.outclicks.net/agent/d5fc5xbz9xeAkarknWJLiB7m1dlNYuFr43glQxHyAfH"
216.244.66.226 - - [18/Jul/2019:04:50:40 +0000] "GET /hr/apartmani/starigrad-novi-trosoban-stan-s-pogledom-na-more-garsonjera9365-m2 HTTP/1.1" 200 27393 "-" "Mozilla/5.0 (compatible; DotBot/1.1; http://www.opensiteexplorer.org/dotbot, help@moz.com)"
66.249.73.158 - - [18/Jul/2019:04:51:03 +0000] "GET /en/search?category=&place=&price=&surface=10&page=11 HTTP/1.1" 200 4028 "-" "Mozilla/5.0 (Linux; Android 6.0.1; Nexus 5X Build/MMB29P) AppleWebKit/537.36 (KHTML, like Gecko) Chrome/41.0.2272.96 Mobile Safari/537.36 (compatible; Googlebot/2.1; +http://www.google.com/bot.html)"
46.229.168.147 - - [18/Jul/2019:04:56:42 +0000] "GET /apartmani?page=3 HTTP/1.1" 200 4005 "-" "Mozilla/5.0 (compatible; SemrushBot/3~bl; +http://www.semrush.com/bot.html)"
95.28.190.165 - - [18/Jul/2019:05:00:09 +0000] "GET /stanovi HTTP/1.1" 200 4417 "https://yandex.ru/clck/jsredir?from=yandex.ru%3Bsearch%3Bweb%3B%3B&text=&etext=2852.GLQU3v6tqGJfbpSh6GRzG0ydQkOcGDDJjk0dE4mTx977Urch1sdoCqzs4dVr_Az5.00ec6e77d9e9af3761ef34c29437887db11a8dda&uuid=&state=_BLhILn4SxNIvvL0W45KSic66uCIg23qh8iRG98qeIXmeppkgUc0YG-XUIUpxKrkaoPisARVvB8&data=UlNrNmk5WktYejY4cHFySjRXSWhXRk5MaW1GMXJwSEozYUVfYkxyejQ4UllFSjhEVGRobktfM3NtZURoQU1SVjVnOVhJOFdnOExSY2JiemJXZ1JxaTl0MWZ5MnJ5ekw1WG5tTUxVX3NhTW12aDZpSlFUT2RkQQ&b64e=2&sign=f4544e56262835b24b2270e00e2c2c83&keyno=0&cst=AiuY0DBWFJ7IXge4WdYJQa9gkHE_3kbi7Q0rKiQdn-xLPrq-meT8PxpgV_FFogr93brwGaoeefy0_TcFX8uZ7a7YVfhazMvhy_tXtit74LnhlQzACCQJ8jGqKjWtCF0Ke9adAkDRQ-bzrjiAhRbLGaedTeBzM0wX&ref=orjY4mGPRjk5boDnW0uvlrrd71vZw9kp5uQozpMtKCW1ltiJ8kQKW2_C95ZkcR8xQ90HnQCbFLzl7oaramnu3Tj4m_0Q0fiZCllrJJAcvHPRI02uasb2ZQ&l10n=ru&cts=1563425162706&mc=6.74957313735" "Mozilla/5.0 (compatible; MSIE 10.0; Windows NT 6.1; Trident/6.0; MANM)"
95.28.190.165 - - [18/Jul/2019:05:00:09 +0000] "GET /css/bootstrap.css HTTP/1.1" 200 20712 "https://www.citadela.hr/stanovi" "Mozilla/5.0 (compatible; MSIE 10.0; Windows NT 6.1; Trident/6.0; MANM)"
95.28.190.165 - - [18/Jul/2019:05:00:09 +0000] "GET /js/tmpl.js HTTP/1.1" 200 625 "https://www.citadela.hr/stanovi" "Mozilla/5.0 (compatible; MSIE 10.0; Windows NT 6.1; Trident/6.0; MANM)"
95.28.190.165 - - [18/Jul/2019:05:00:09 +0000] "GET /js/jquery.barrating.js HTTP/1.1" 200 4280 "https://www.citadela.hr/stanovi" "Mozilla/5.0 (compatible; MSIE 10.0; Windows NT 6.1; Trident/6.0; MANM)"
95.28.190.165 - - [18/Jul/2019:05:00:09 +0000] "GET /css/responsive.css HTTP/1.1" 200 2788 "https://www.citadela.hr/stanovi" "Mozilla/5.0 (compatible; MSIE 10.0; Windows NT 6.1; Trident/6.0; MANM)"
95.28.190.165 - - [18/Jul/2019:05:00:09 +0000] "GET /css/font-awesome.css HTTP/1.1" 200 7439 "https://www.citadela.hr/stanovi" "Mozilla/5.0 (compatible; MSIE 10.0; Windows NT 6.1; Trident/6.0; MANM)"
95.28.190.165 - - [18/Jul/2019:05:00:09 +0000] "GET /css/jslider.css HTTP/1.1" 200 763 "https://www.citadela.hr/stanovi" "Mozilla/5.0 (compatible; MSIE 10.0; Windows NT 6.1; Trident/6.0; MANM)"
95.28.190.165 - - [18/Jul/2019:05:00:09 +0000] "GET /css/colors/blue.css?v=2 HTTP/1.1" 200 3552 "https://www.citadela.hr/stanovi" "Mozilla/5.0 (compatible; MSIE 10.0; Windows NT 6.1; Trident/6.0; MANM)"
95.28.190.165 - - [18/Jul/2019:05:00:09 +0000] "GET /css/style.css?v=2 HTTP/1.1" 200 17441 "https://www.citadela.hr/stanovi" "Mozilla/5.0 (compatible; MSIE 10.0; Windows NT 6.1; Trident/6.0; MANM)"
95.28.190.165 - - [18/Jul/2019:05:00:09 +0000] "GET /js/jquery.min.js HTTP/1.1" 200 33760 "https://www.citadela.hr/stanovi" "Mozilla/5.0 (compatible; MSIE 10.0; Windows NT 6.1; Trident/6.0; MANM)"
95.28.190.165 - - [18/Jul/2019:05:00:09 +0000] "GET /js/bootstrap.min.js HTTP/1.1" 200 9833 "https://www.citadela.hr/stanovi" "Mozilla/5.0 (compatible; MSIE 10.0; Windows NT 6.1; Trident/6.0; MANM)"
95.28.190.165 - - [18/Jul/2019:05:00:09 +0000] "GET /js/mixitup.js HTTP/1.1" 200 11347 "https://www.citadela.hr/stanovi" "Mozilla/5.0 (compatible; MSIE 10.0; Windows NT 6.1; Trident/6.0; MANM)"
95.28.190.165 - - [18/Jul/2019:05:00:09 +0000] "GET /js/draggable-0.1.js HTTP/1.1" 200 1326 "https://www.citadela.hr/stanovi" "Mozilla/5.0 (compatible; MSIE 10.0; Windows NT 6.1; Trident/6.0; MANM)"
95.28.190.165 - - [18/Jul/2019:05:00:09 +0000] "GET /js/jshashtable-2.1_src.js HTTP/1.1" 200 2957 "https://www.citadela.hr/stanovi" "Mozilla/5.0 (compatible; MSIE 10.0; Windows NT 6.1; Trident/6.0; MANM)"
95.28.190.165 - - [18/Jul/2019:05:00:09 +0000] "GET /assets/plugins/flag/css/flag-icon.css HTTP/1.1" 200 2837 "https://www.citadela.hr/stanovi" "Mozilla/5.0 (compatible; MSIE 10.0; Windows NT 6.1; Trident/6.0; MANM)"
95.28.190.165 - - [18/Jul/2019:05:00:09 +0000] "GET /js/YouTubePopUp.jquery.js HTTP/1.1" 200 967 "https://www.citadela.hr/stanovi" "Mozilla/5.0 (compatible; MSIE 10.0; Windows NT 6.1; Trident/6.0; MANM)"
95.28.190.165 - - [18/Jul/2019:05:00:09 +0000] "GET /js/jquery.fancybox.pack.js HTTP/1.1" 200 8634 "https://www.citadela.hr/stanovi" "Mozilla/5.0 (compatible; MSIE 10.0; Windows NT 6.1; Trident/6.0; MANM)"
95.28.190.165 - - [18/Jul/2019:05:00:09 +0000] "GET /js/jquery.dependClass-0.1.js HTTP/1.1" 200 458 "https://www.citadela.hr/stanovi" "Mozilla/5.0 (compatible; MSIE 10.0; Windows NT 6.1; Trident/6.0; MANM)"
95.28.190.165 - - [18/Jul/2019:05:00:09 +0000] "GET /js/jquery.fancybox-media.js HTTP/1.1" 200 1973 "https://www.citadela.hr/stanovi" "Mozilla/5.0 (compatible; MSIE 10.0; Windows NT 6.1; Trident/6.0; MANM)"
95.28.190.165 - - [18/Jul/2019:05:00:09 +0000] "GET /js/wow.js HTTP/1.1" 200 2198 "https://www.citadela.hr/stanovi" "Mozilla/5.0 (compatible; MSIE 10.0; Windows NT 6.1; Trident/6.0; MANM)"
95.28.190.165 - - [18/Jul/2019:05:00:10 +0000] "GET /js/jquery.numberformatter-1.2.3.js HTTP/1.1" 200 4697 "https://www.citadela.hr/stanovi" "Mozilla/5.0 (compatible; MSIE 10.0; Windows NT 6.1; Trident/6.0; MANM)"
95.28.190.165 - - [18/Jul/2019:05:00:10 +0000] "GET /js/custom.js HTTP/1.1" 200 5159 "https://www.citadela.hr/stanovi" "Mozilla/5.0 (compatible; MSIE 10.0; Windows NT 6.1; Trident/6.0; MANM)"
95.28.190.165 - - [18/Jul/2019:05:00:10 +0000] "GET /js/jquery.slider.js HTTP/1.1" 200 4772 "https://www.citadela.hr/stanovi" "Mozilla/5.0 (compatible; MSIE 10.0; Windows NT 6.1; Trident/6.0; MANM)"
95.28.190.165 - - [18/Jul/2019:05:00:10 +0000] "GET /fonts/flaticon.css HTTP/1.1" 200 699 "https://www.citadela.hr/stanovi" "Mozilla/5.0 (compatible; MSIE 10.0; Windows NT 6.1; Trident/6.0; MANM)"
95.28.190.165 - - [18/Jul/2019:05:00:10 +0000] "GET /js/owl.js HTTP/1.1" 200 17545 "https://www.citadela.hr/stanovi" "Mozilla/5.0 (compatible; MSIE 10.0; Windows NT 6.1; Trident/6.0; MANM)"
95.28.190.165 - - [18/Jul/2019:05:00:10 +0000] "GET /css/loader.css?v=2 HTTP/1.1" 200 772 "https://www.citadela.hr/stanovi" "Mozilla/5.0 (compatible; MSIE 10.0; Windows NT 6.1; Trident/6.0; MANM)"
95.28.190.165 - - [18/Jul/2019:05:00:10 +0000] "GET /js/bootstrap-select.js HTTP/1.1" 200 15633 "https://www.citadela.hr/stanovi" "Mozilla/5.0 (compatible; MSIE 10.0; Windows NT 6.1; Trident/6.0; MANM)"
95.28.190.165 - - [18/Jul/2019:05:00:10 +0000] "GET /css/animate.min.css HTTP/1.1" 200 4242 "https://www.citadela.hr/stanovi" "Mozilla/5.0 (compatible; MSIE 10.0; Windows NT 6.1; Trident/6.0; MANM)"
95.28.190.165 - - [18/Jul/2019:05:00:10 +0000] "GET /css/jquery.fancybox.css HTTP/1.1" 200 1434 "https://www.citadela.hr/stanovi" "Mozilla/5.0 (compatible; MSIE 10.0; Windows NT 6.1; Trident/6.0; MANM)"
95.28.190.165 - - [18/Jul/2019:05:00:10 +0000] "GET /css/owl.css HTTP/1.1" 200 1348 "https://www.citadela.hr/stanovi" "Mozilla/5.0 (compatible; MSIE 10.0; Windows NT 6.1; Trident/6.0; MANM)"
95.28.190.165 - - [18/Jul/2019:05:00:11 +0000] "GET /css/bootstrap.css HTTP/1.1" 200 20712 "https://www.citadela.hr/stanovi" "Mozilla/5.0 (compatible; MSIE 10.0; Windows NT 6.1; Trident/6.0; MANM)"
95.28.190.165 - - [18/Jul/2019:05:00:11 +0000] "GET /fonts/fontawesome-webfont.eot?v=4.7.0 HTTP/1.1" 200 165742 "https://www.citadela.hr/stanovi" "Mozilla/5.0 (compatible; MSIE 10.0; Windows NT 6.1; Trident/6.0; MANM)"
95.28.190.165 - - [18/Jul/2019:05:00:12 +0000] "GET /css/style.css?v=2 HTTP/1.1" 200 17441 "https://www.citadela.hr/stanovi" "Mozilla/5.0 (compatible; MSIE 10.0; Windows NT 6.1; Trident/6.0; MANM)"
95.28.190.165 - - [18/Jul/2019:05:00:12 +0000] "GET /css/font-awesome.css HTTP/1.1" 200 7439 "https://www.citadela.hr/stanovi" "Mozilla/5.0 (compatible; MSIE 10.0; Windows NT 6.1; Trident/6.0; MANM)"
95.28.190.165 - - [18/Jul/2019:05:00:12 +0000] "GET /fonts/flaticon.css HTTP/1.1" 200 699 "https://www.citadela.hr/stanovi" "Mozilla/5.0 (compatible; MSIE 10.0; Windows NT 6.1; Trident/6.0; MANM)"
95.28.190.165 - - [18/Jul/2019:05:00:13 +0000] "GET /css/colors/blue.css?v=2 HTTP/1.1" 200 3552 "https://www.citadela.hr/stanovi" "Mozilla/5.0 (compatible; MSIE 10.0; Windows NT 6.1; Trident/6.0; MANM)"
95.28.190.165 - - [18/Jul/2019:05:00:13 +0000] "GET /css/jslider.css HTTP/1.1" 200 763 "https://www.citadela.hr/stanovi" "Mozilla/5.0 (compatible; MSIE 10.0; Windows NT 6.1; Trident/6.0; MANM)"
95.28.190.165 - - [18/Jul/2019:05:00:14 +0000] "GET /css/responsive.css HTTP/1.1" 200 2788 "https://www.citadela.hr/stanovi" "Mozilla/5.0 (compatible; MSIE 10.0; Windows NT 6.1; Trident/6.0; MANM)"
95.28.190.165 - - [18/Jul/2019:05:00:14 +0000] "GET /css/loader.css?v=2 HTTP/1.1" 200 772 "https://www.citadela.hr/stanovi" "Mozilla/5.0 (compatible; MSIE 10.0; Windows NT 6.1; Trident/6.0; MANM)"
95.28.190.165 - - [18/Jul/2019:05:00:14 +0000] "GET /assets/plugins/flag/css/flag-icon.css HTTP/1.1" 200 2837 "https://www.citadela.hr/stanovi" "Mozilla/5.0 (compatible; MSIE 10.0; Windows NT 6.1; Trident/6.0; MANM)"
66.249.73.154 - - [18/Jul/2019:05:09:49 +0000] "GET /en/search?category=&type=&place=16&area=&price=100000&surface=10 HTTP/1.1" 500 49610 "-" "Mozilla/5.0 (Linux; Android 6.0.1; Nexus 5X Build/MMB29P) AppleWebKit/537.36 (KHTML, like Gecko) Chrome/41.0.2272.96 Mobile Safari/537.36 (compatible; Googlebot/2.1; +http://www.google.com/bot.html)"
66.249.73.158 - - [18/Jul/2019:05:11:31 +0000] "GET /en/search?category=&type=&place=7&area=&price=1000000&surface=100 HTTP/1.1" 500 49610 "-" "Mozilla/5.0 (Linux; Android 6.0.1; Nexus 5X Build/MMB29P) AppleWebKit/537.36 (KHTML, like Gecko) Chrome/41.0.2272.96 Mobile Safari/537.36 (compatible; Googlebot/2.1; +http://www.google.com/bot.html)"
66.249.73.158 - - [18/Jul/2019:05:13:14 +0000] "GET /pretraga?category=&type=&place=6&area=&price=500000&surface=10 HTTP/1.1" 500 49618 "-" "Mozilla/5.0 (Linux; Android 6.0.1; Nexus 5X Build/MMB29P) AppleWebKit/537.36 (KHTML, like Gecko) Chrome/41.0.2272.96 Mobile Safari/537.36 (compatible; Googlebot/2.1; +http://www.google.com/bot.html)"
66.249.73.154 - - [18/Jul/2019:05:14:56 +0000] "GET /en/search?category=&type=&place=8&area=&price=500000&surface=50 HTTP/1.1" 500 49610 "-" "Mozilla/5.0 (Linux; Android 6.0.1; Nexus 5X Build/MMB29P) AppleWebKit/537.36 (KHTML, like Gecko) Chrome/41.0.2272.96 Mobile Safari/537.36 (compatible; Googlebot/2.1; +http://www.google.com/bot.html)"
66.249.73.156 - - [18/Jul/2019:05:16:39 +0000] "GET /pretraga?category=&type=&place=14&area=&price=100000&surface=200 HTTP/1.1" 500 49618 "-" "Mozilla/5.0 (Linux; Android 6.0.1; Nexus 5X Build/MMB29P) AppleWebKit/537.36 (KHTML, like Gecko) Chrome/41.0.2272.96 Mobile Safari/537.36 (compatible; Googlebot/2.1; +http://www.google.com/bot.html)"
66.249.73.156 - - [18/Jul/2019:05:18:21 +0000] "GET /pretraga?category=&type=&place=15&area=&price=100000&surface=50 HTTP/1.1" 500 49618 "-" "Mozilla/5.0 (Linux; Android 6.0.1; Nexus 5X Build/MMB29P) AppleWebKit/537.36 (KHTML, like Gecko) Chrome/41.0.2272.96 Mobile Safari/537.36 (compatible; Googlebot/2.1; +http://www.google.com/bot.html)"
66.249.73.154 - - [18/Jul/2019:05:26:53 +0000] "GET /pretraga?category=&type=&place=14&area=&price=50000&surface= HTTP/1.1" 500 49618 "-" "Mozilla/5.0 (Linux; Android 6.0.1; Nexus 5X Build/MMB29P) AppleWebKit/537.36 (KHTML, like Gecko) Chrome/41.0.2272.96 Mobile Safari/537.36 (compatible; Googlebot/2.1; +http://www.google.com/bot.html)"
66.249.73.158 - - [18/Jul/2019:05:40:32 +0000] "GET /hr/pretraga?category=&type=&place=53&area=&price=&surface=50 HTTP/1.1" 500 49618 "-" "Mozilla/5.0 (Linux; Android 6.0.1; Nexus 5X Build/MMB29P) AppleWebKit/537.36 (KHTML, like Gecko) Chrome/41.0.2272.96 Mobile Safari/537.36 (compatible; Googlebot/2.1; +http://www.google.com/bot.html)"
66.249.73.158 - - [18/Jul/2019:05:42:14 +0000] "GET /pretraga?category=&type=&place=20&area=&price=100000&surface=200 HTTP/1.1" 500 49618 "-" "Mozilla/5.0 (Linux; Android 6.0.1; Nexus 5X Build/MMB29P) AppleWebKit/537.36 (KHTML, like Gecko) Chrome/41.0.2272.96 Mobile Safari/537.36 (compatible; Googlebot/2.1; +http://www.google.com/bot.html)"
66.249.73.154 - - [18/Jul/2019:05:43:56 +0000] "GET /en/search?category=&type=&place=6&area=&price=200000&surface=50 HTTP/1.1" 500 49610 "-" "Mozilla/5.0 (Linux; Android 6.0.1; Nexus 5X Build/MMB29P) AppleWebKit/537.36 (KHTML, like Gecko) Chrome/41.0.2272.96 Mobile Safari/537.36 (compatible; Googlebot/2.1; +http://www.google.com/bot.html)"
66.249.73.158 - - [18/Jul/2019:05:45:39 +0000] "GET /pretraga?category=&type=&place=20&area=&price=1000000&surface= HTTP/1.1" 500 49618 "-" "Mozilla/5.0 (Linux; Android 6.0.1; Nexus 5X Build/MMB29P) AppleWebKit/537.36 (KHTML, like Gecko) Chrome/41.0.2272.96 Mobile Safari/537.36 (compatible; Googlebot/2.1; +http://www.google.com/bot.html)"
66.249.73.156 - - [18/Jul/2019:05:47:21 +0000] "GET /apartmani/murter-plaza-slanica-jednosoban-apartman-prvi-red-do-mora HTTP/1.1" 500 25403 "-" "Mozilla/5.0 (Linux; Android 6.0.1; Nexus 5X Build/MMB29P) AppleWebKit/537.36 (KHTML, like Gecko) Chrome/41.0.2272.96 Mobile Safari/537.36 (compatible; Googlebot/2.1; +http://www.google.com/bot.html)"
66.249.73.158 - - [18/Jul/2019:05:49:04 +0000] "GET /pretraga?category=&type=&place=13&area=&price=50000&surface=100 HTTP/1.1" 500 49618 "-" "Mozilla/5.0 (Linux; Android 6.0.1; Nexus 5X Build/MMB29P) AppleWebKit/537.36 (KHTML, like Gecko) Chrome/41.0.2272.96 Mobile Safari/537.36 (compatible; Googlebot/2.1; +http://www.google.com/bot.html)"
66.249.73.156 - - [18/Jul/2019:05:50:46 +0000] "GET /pretraga?category=&type=&place=11&area=&price=100000&surface=50 HTTP/1.1" 500 49618 "-" "Mozilla/5.0 (Linux; Android 6.0.1; Nexus 5X Build/MMB29P) AppleWebKit/537.36 (KHTML, like Gecko) Chrome/41.0.2272.96 Mobile Safari/537.36 (compatible; Googlebot/2.1; +http://www.google.com/bot.html)"
216.244.66.226 - - [18/Jul/2019:05:52:28 +0000] "GET /robots.txt HTTP/1.1" 301 242 "-" "Mozilla/5.0 (compatible; DotBot/1.1; http://www.opensiteexplorer.org/dotbot, help@moz.com)"
216.244.66.226 - - [18/Jul/2019:05:52:29 +0000] "GET /robots.txt HTTP/1.1" 200 24 "-" "Mozilla/5.0 (compatible; DotBot/1.1; http://www.opensiteexplorer.org/dotbot, help@moz.com)"
66.249.73.156 - - [18/Jul/2019:05:54:11 +0000] "GET /en/search?category=3&type=&place=&area=&price=&surface=10&page=2 HTTP/1.1" 200 5265 "-" "Mozilla/5.0 (Linux; Android 6.0.1; Nexus 5X Build/MMB29P) AppleWebKit/537.36 (KHTML, like Gecko) Chrome/41.0.2272.96 Mobile Safari/537.36 (compatible; Googlebot/2.1; +http://www.google.com/bot.html)"
66.249.73.158 - - [18/Jul/2019:06:16:22 +0000] "GET /pretraga?category=&type=&place=14&area=&price=100000&surface=200 HTTP/1.1" 500 49618 "-" "Mozilla/5.0 (Linux; Android 6.0.1; Nexus 5X Build/MMB29P) AppleWebKit/537.36 (KHTML, like Gecko) Chrome/41.0.2272.96 Mobile Safari/537.36 (compatible; Googlebot/2.1; +http://www.google.com/bot.html)"
66.249.73.154 - - [18/Jul/2019:06:18:04 +0000] "GET /en/search?category=&type=&place=16&area=&price=100000&surface=10 HTTP/1.1" 500 49610 "-" "Mozilla/5.0 (Linux; Android 6.0.1; Nexus 5X Build/MMB29P) AppleWebKit/537.36 (KHTML, like Gecko) Chrome/41.0.2272.96 Mobile Safari/537.36 (compatible; Googlebot/2.1; +http://www.google.com/bot.html)"
46.229.168.161 - - [18/Jul/2019:06:18:04 +0000] "GET /robots.txt HTTP/1.1" 200 24 "-" "Mozilla/5.0 (compatible; SemrushBot/3~bl; +http://www.semrush.com/bot.html)"
46.229.168.162 - - [18/Jul/2019:06:18:05 +0000] "GET /en/lands/rupalj-gradevinsko-zemljiste-povrsine-4280-m2-23-m2 HTTP/1.1" 200 5376 "-" "Mozilla/5.0 (compatible; SemrushBot/3~bl; +http://www.semrush.com/bot.html)"
66.249.73.156 - - [18/Jul/2019:06:21:29 +0000] "GET /en/apartments/privlaka-renovirani-jednosoban-apartman-120-m-od-plaze-31-m2 HTTP/1.1" 500 25403 "-" "Mozilla/5.0 (Linux; Android 6.0.1; Nexus 5X Build/MMB29P) AppleWebKit/537.36 (KHTML, like Gecko) Chrome/41.0.2272.96 Mobile Safari/537.36 (compatible; Googlebot/2.1; +http://www.google.com/bot.html)"
216.244.66.226 - - [18/Jul/2019:06:22:36 +0000] "GET /hr/apartmani/maslenica-dvosoban-apartman-prvi-red-do-mora-4269-m2 HTTP/1.1" 200 26606 "-" "Mozilla/5.0 (compatible; DotBot/1.1; http://www.opensiteexplorer.org/dotbot, help@moz.com)"
216.244.66.226 - - [18/Jul/2019:06:22:40 +0000] "GET /hr/kuce/primosten-dolac-kuca-s-pogledom-na-more-16869-m2 HTTP/1.1" 200 27861 "-" "Mozilla/5.0 (compatible; DotBot/1.1; http://www.opensiteexplorer.org/dotbot, help@moz.com)"
66.249.73.156 - - [18/Jul/2019:06:23:11 +0000] "GET /en/search?category=&place=&price=500000&surface=50&page=8 HTTP/1.1" 200 5393 "-" "Mozilla/5.0 (Linux; Android 6.0.1; Nexus 5X Build/MMB29P) AppleWebKit/537.36 (KHTML, like Gecko) Chrome/41.0.2272.96 Mobile Safari/537.36 (compatible; Googlebot/2.1; +http://www.google.com/bot.html)"
213.81.163.194 - - [18/Jul/2019:06:29:09 +0000] "GET /uploads/thumbnails/ab1665b10f5ba5a54bc0e1379bba4fd5.jpg HTTP/1.1" 200 45627 "https://www.google.com/" "Mozilla/5.0 (Windows NT 10.0; Win64; x64) AppleWebKit/537.36 (KHTML, like Gecko) Chrome/75.0.3770.142 Safari/537.36"
213.81.163.194 - - [18/Jul/2019:06:33:05 +0000] "GET /uploads/images/0bbd1dd75c98d26c7084fc8347d3cf1d.jpg HTTP/1.1" 200 247216 "https://www.google.com/" "Mozilla/5.0 (Windows NT 10.0; Win64; x64) AppleWebKit/537.36 (KHTML, like Gecko) Chrome/75.0.3770.142 Safari/537.36"
216.244.66.226 - - [18/Jul/2019:06:37:55 +0000] "GET /robots.txt HTTP/1.1" 301 242 "-" "Mozilla/5.0 (compatible; DotBot/1.1; http://www.opensiteexplorer.org/dotbot, help@moz.com)"
216.244.66.226 - - [18/Jul/2019:06:37:56 +0000] "GET /robots.txt HTTP/1.1" 200 24 "-" "Mozilla/5.0 (compatible; DotBot/1.1; http://www.opensiteexplorer.org/dotbot, help@moz.com)"
66.249.73.154 - - [18/Jul/2019:06:45:22 +0000] "GET /hr/pretraga?category=&type=&place=3&area=&price=100000&surface=50 HTTP/1.1" 500 49618 "-" "Mozilla/5.0 (Linux; Android 6.0.1; Nexus 5X Build/MMB29P) AppleWebKit/537.36 (KHTML, like Gecko) Chrome/41.0.2272.96 Mobile Safari/537.36 (compatible; Googlebot/2.1; +http://www.google.com/bot.html)"
66.249.73.156 - - [18/Jul/2019:06:47:04 +0000] "GET /hr/pretraga?category=&type=&place=50&area=&price=500000&surface=10 HTTP/1.1" 500 49618 "-" "Mozilla/5.0 (Linux; Android 6.0.1; Nexus 5X Build/MMB29P) AppleWebKit/537.36 (KHTML, like Gecko) Chrome/41.0.2272.96 Mobile Safari/537.36 (compatible; Googlebot/2.1; +http://www.google.com/bot.html)"
66.249.73.158 - - [18/Jul/2019:06:48:47 +0000] "GET /en/search?category=&type=&place=8&area=&price=500000&surface=50 HTTP/1.1" 500 49610 "-" "Mozilla/5.0 (Linux; Android 6.0.1; Nexus 5X Build/MMB29P) AppleWebKit/537.36 (KHTML, like Gecko) Chrome/41.0.2272.96 Mobile Safari/537.36 (compatible; Googlebot/2.1; +http://www.google.com/bot.html)"
46.119.114.203 - - [18/Jul/2019:06:52:05 +0000] "GET / HTTP/1.1" 301 232 "https://javstock.com/" "Mozilla/4.0 (compatible; MSIE 6.0; Update a; AOL 6.0; Windows 98)"
46.119.114.203 - - [18/Jul/2019:06:52:06 +0000] "GET / HTTP/1.1" 301 232 "https://javstock.com/" "Mozilla/4.0 (compatible; MSIE 6.0; Update a; AOL 6.0; Windows 98)"
46.119.114.203 - - [18/Jul/2019:06:52:06 +0000] "GET / HTTP/1.1" 301 232 "https://javstock.com/" "Mozilla/4.0 (compatible; MSIE 6.0; Update a; AOL 6.0; Windows 98)"
46.229.168.135 - - [18/Jul/2019:06:58:40 +0000] "GET /hr/kuce/primostencentar-kamena-kuca-s-restoranom-i-12-soba-340-m2 HTTP/1.1" 200 6559 "-" "Mozilla/5.0 (compatible; SemrushBot/3~bl; +http://www.semrush.com/bot.html)"
46.229.168.139 - - [18/Jul/2019:06:58:42 +0000] "GET /hr/zemljista/rovanjska-gradevinsko-zemljiste-s-pogledom-na-more-700-m2 HTTP/1.1" 200 5629 "-" "Mozilla/5.0 (compatible; SemrushBot/3~bl; +http://www.semrush.com/bot.html)"
216.244.66.226 - - [18/Jul/2019:07:01:57 +0000] "GET /en/lands/murter-centar-gradevinsko-zemljiste-treci-red-do-plaze-962-m2 HTTP/1.1" 200 24167 "-" "Mozilla/5.0 (compatible; DotBot/1.1; http://www.opensiteexplorer.org/dotbot, help@moz.com)"
66.249.73.156 - - [18/Jul/2019:07:10:57 +0000] "GET /pretraga?category=&type=&place=16&area=&price=50000&surface=10 HTTP/1.1" 500 49618 "-" "Mozilla/5.0 (Linux; Android 6.0.1; Nexus 5X Build/MMB29P) AppleWebKit/537.36 (KHTML, like Gecko) Chrome/41.0.2272.96 Mobile Safari/537.36 (compatible; Googlebot/2.1; +http://www.google.com/bot.html)"
66.249.73.158 - - [18/Jul/2019:07:12:40 +0000] "GET /en/search?category=&type=&place=6&area=&price=200000&surface=50 HTTP/1.1" 500 49610 "-" "Mozilla/5.0 (Linux; Android 6.0.1; Nexus 5X Build/MMB29P) AppleWebKit/537.36 (KHTML, like Gecko) Chrome/41.0.2272.96 Mobile Safari/537.36 (compatible; Googlebot/2.1; +http://www.google.com/bot.html)"
66.249.73.158 - - [18/Jul/2019:07:14:22 +0000] "GET /pretraga?category=&type=&place=11&area=&price=100000&surface=50 HTTP/1.1" 500 49618 "-" "Mozilla/5.0 (Linux; Android 6.0.1; Nexus 5X Build/MMB29P) AppleWebKit/537.36 (KHTML, like Gecko) Chrome/41.0.2272.96 Mobile Safari/537.36 (compatible; Googlebot/2.1; +http://www.google.com/bot.html)"
66.249.73.158 - - [18/Jul/2019:07:22:54 +0000] "GET /en/search?category=&type=&place=&area=120&price=500000&surface=50&page=7 HTTP/1.1" 200 3965 "-" "Mozilla/5.0 (Linux; Android 6.0.1; Nexus 5X Build/MMB29P) AppleWebKit/537.36 (KHTML, like Gecko) Chrome/41.0.2272.96 Mobile Safari/537.36 (compatible; Googlebot/2.1; +http://www.google.com/bot.html)"
216.244.66.226 - - [18/Jul/2019:07:23:48 +0000] "GET /robots.txt HTTP/1.1" 301 242 "-" "Mozilla/5.0 (compatible; DotBot/1.1; http://www.opensiteexplorer.org/dotbot, help@moz.com)"
216.244.66.226 - - [18/Jul/2019:07:23:50 +0000] "GET /robots.txt HTTP/1.1" 200 24 "-" "Mozilla/5.0 (compatible; DotBot/1.1; http://www.opensiteexplorer.org/dotbot, help@moz.com)"
54.36.148.169 - - [18/Jul/2019:07:27:48 +0000] "GET /robots.txt HTTP/1.1" 301 242 "-" "Mozilla/5.0 (compatible; AhrefsBot/6.1; +http://ahrefs.com/robot/)"
54.36.148.169 - - [18/Jul/2019:07:27:48 +0000] "GET /robots.txt HTTP/1.1" 200 24 "-" "Mozilla/5.0 (compatible; AhrefsBot/6.1; +http://ahrefs.com/robot/)"
66.249.73.158 - - [18/Jul/2019:07:38:15 +0000] "GET /en/search?category=&type=&place=16&area=&price=100000&surface=10 HTTP/1.1" 500 49610 "-" "Mozilla/5.0 (Linux; Android 6.0.1; Nexus 5X Build/MMB29P) AppleWebKit/537.36 (KHTML, like Gecko) Chrome/41.0.2272.96 Mobile Safari/537.36 (compatible; Googlebot/2.1; +http://www.google.com/bot.html)"
66.249.73.156 - - [18/Jul/2019:07:39:58 +0000] "GET /pretraga?category=&type=&place=14&area=&price=100000&surface=200 HTTP/1.1" 500 49618 "-" "Mozilla/5.0 (Linux; Android 6.0.1; Nexus 5X Build/MMB29P) AppleWebKit/537.36 (KHTML, like Gecko) Chrome/41.0.2272.96 Mobile Safari/537.36 (compatible; Googlebot/2.1; +http://www.google.com/bot.html)"
66.249.73.156 - - [18/Jul/2019:07:41:40 +0000] "GET /pretraga?category=&type=&place=11&area=&price=100000&surface=50 HTTP/1.1" 500 49618 "-" "Mozilla/5.0 (Linux; Android 6.0.1; Nexus 5X Build/MMB29P) AppleWebKit/537.36 (KHTML, like Gecko) Chrome/41.0.2272.96 Mobile Safari/537.36 (compatible; Googlebot/2.1; +http://www.google.com/bot.html)"
66.249.73.158 - - [18/Jul/2019:07:43:22 +0000] "GET /pretraga?category=&type=&place=10&area=&price=300000&surface=50 HTTP/1.1" 500 49618 "-" "Mozilla/5.0 (Linux; Android 6.0.1; Nexus 5X Build/MMB29P) AppleWebKit/537.36 (KHTML, like Gecko) Chrome/41.0.2272.96 Mobile Safari/537.36 (compatible; Googlebot/2.1; +http://www.google.com/bot.html)"
66.249.73.158 - - [18/Jul/2019:07:45:05 +0000] "GET /en/search?category=&type=&place=36&area=229&price=50000&surface=100 HTTP/1.1" 500 49610 "-" "Mozilla/5.0 (Linux; Android 6.0.1; Nexus 5X Build/MMB29P) AppleWebKit/537.36 (KHTML, like Gecko) Chrome/41.0.2272.96 Mobile Safari/537.36 (compatible; Googlebot/2.1; +http://www.google.com/bot.html)"
66.249.73.154 - - [18/Jul/2019:07:46:47 +0000] "GET /en/search?category=&type=&place=8&area=&price=500000&surface=50 HTTP/1.1" 500 49610 "-" "Mozilla/5.0 (Linux; Android 6.0.1; Nexus 5X Build/MMB29P) AppleWebKit/537.36 (KHTML, like Gecko) Chrome/41.0.2272.96 Mobile Safari/537.36 (compatible; Googlebot/2.1; +http://www.google.com/bot.html)"
216.244.66.226 - - [18/Jul/2019:07:48:03 +0000] "GET /en/blog/prosjecna-cijena-kvadrata-stana-u-sibeniku-porasla-za-489 HTTP/1.1" 200 18875 "-" "Mozilla/5.0 (compatible; DotBot/1.1; http://www.opensiteexplorer.org/dotbot, help@moz.com)"
46.229.168.133 - - [18/Jul/2019:07:48:18 +0000] "GET /robots.txt HTTP/1.1" 200 24 "-" "Mozilla/5.0 (compatible; SemrushBot/3~bl; +http://www.semrush.com/bot.html)"
46.229.168.145 - - [18/Jul/2019:07:48:19 +0000] "GET /kuce/sveti-petar-na-moru-pansion-s-15-soba-i-restoranom-600-m2 HTTP/1.1" 200 5759 "-" "Mozilla/5.0 (compatible; SemrushBot/3~bl; +http://www.semrush.com/bot.html)"
66.249.73.158 - - [18/Jul/2019:07:48:30 +0000] "GET /pretraga?category=&type=&place=13&area=&price=50000&surface=100 HTTP/1.1" 500 49618 "-" "Mozilla/5.0 (Linux; Android 6.0.1; Nexus 5X Build/MMB29P) AppleWebKit/537.36 (KHTML, like Gecko) Chrome/41.0.2272.96 Mobile Safari/537.36 (compatible; Googlebot/2.1; +http://www.google.com/bot.html)"
66.249.73.154 - - [18/Jul/2019:07:50:12 +0000] "GET /pretraga?category=&type=&place=20&area=&price=100000&surface=200 HTTP/1.1" 500 49618 "-" "Mozilla/5.0 (Linux; Android 6.0.1; Nexus 5X Build/MMB29P) AppleWebKit/537.36 (KHTML, like Gecko) Chrome/41.0.2272.96 Mobile Safari/537.36 (compatible; Googlebot/2.1; +http://www.google.com/bot.html)"
91.148.20.226 - - [18/Jul/2019:07:50:44 +0000] "GET /uploads/images/348e8e6f9fc2783085ec47a344ee3e7f.jpeg HTTP/1.1" 200 221621 "https://www.google.sk/" "Mozilla/5.0 (Windows NT 6.1; Win64; x64) AppleWebKit/537.36 (KHTML, like Gecko) Chrome/75.0.3770.142 Safari/537.36"
66.249.73.158 - - [18/Jul/2019:07:51:54 +0000] "GET /en/search?category=&type=&place=7&area=&price=1000000&surface=100 HTTP/1.1" 500 49610 "-" "Mozilla/5.0 (Linux; Android 6.0.1; Nexus 5X Build/MMB29P) AppleWebKit/537.36 (KHTML, like Gecko) Chrome/41.0.2272.96 Mobile Safari/537.36 (compatible; Googlebot/2.1; +http://www.google.com/bot.html)"
66.249.73.154 - - [18/Jul/2019:07:53:37 +0000] "GET /pretraga?category=&type=&place=&area=84&price=500000&surface=&page=1 HTTP/1.1" 200 3933 "-" "Mozilla/5.0 (Linux; Android 6.0.1; Nexus 5X Build/MMB29P) AppleWebKit/537.36 (KHTML, like Gecko) Chrome/41.0.2272.96 Mobile Safari/537.36 (compatible; Googlebot/2.1; +http://www.google.com/bot.html)"
66.249.73.156 - - [18/Jul/2019:07:57:01 +0000] "GET /en/search?category=&place=&price=200000&surface=50&page=6 HTTP/1.1" 200 5147 "-" "Mozilla/5.0 (Linux; Android 6.0.1; Nexus 5X Build/MMB29P) AppleWebKit/537.36 (KHTML, like Gecko) Chrome/41.0.2272.96 Mobile Safari/537.36 (compatible; Googlebot/2.1; +http://www.google.com/bot.html)"
66.249.73.154 - - [18/Jul/2019:08:00:26 +0000] "GET /en/search?category=&type=sale&place=&area=&price=&surface=10&page=11 HTTP/1.1" 200 4050 "-" "Mozilla/5.0 (Linux; Android 6.0.1; Nexus 5X Build/MMB29P) AppleWebKit/537.36 (KHTML, like Gecko) Chrome/41.0.2272.96 Mobile Safari/537.36 (compatible; Googlebot/2.1; +http://www.google.com/bot.html)"
46.229.168.141 - - [18/Jul/2019:08:01:33 +0000] "GET /hr/zemljista?page=4 HTTP/1.1" 200 5514 "-" "Mozilla/5.0 (compatible; SemrushBot/3~bl; +http://www.semrush.com/bot.html)"
66.249.73.154 - - [18/Jul/2019:08:03:51 +0000] "GET /en/search?category=2&type=&place=&area=&price=100000&surface=10 HTTP/1.1" 200 4463 "-" "Mozilla/5.0 (Linux; Android 6.0.1; Nexus 5X Build/MMB29P) AppleWebKit/537.36 (KHTML, like Gecko) Chrome/41.0.2272.96 Mobile Safari/537.36 (compatible; Googlebot/2.1; +http://www.google.com/bot.html)"
66.249.73.156 - - [18/Jul/2019:08:08:58 +0000] "GET /en/search?category=1&type=rent&place=&area=&price=50000&surface=10 HTTP/1.1" 200 3879 "-" "Mozilla/5.0 (Linux; Android 6.0.1; Nexus 5X Build/MMB29P) AppleWebKit/537.36 (KHTML, like Gecko) Chrome/41.0.2272.96 Mobile Safari/537.36 (compatible; Googlebot/2.1; +http://www.google.com/bot.html)"
216.244.66.226 - - [18/Jul/2019:08:09:08 +0000] "GET /robots.txt HTTP/1.1" 301 242 "-" "Mozilla/5.0 (compatible; DotBot/1.1; http://www.opensiteexplorer.org/dotbot, help@moz.com)"
216.244.66.226 - - [18/Jul/2019:08:09:09 +0000] "GET /robots.txt HTTP/1.1" 200 24 "-" "Mozilla/5.0 (compatible; DotBot/1.1; http://www.opensiteexplorer.org/dotbot, help@moz.com)"
66.249.73.158 - - [18/Jul/2019:08:20:55 +0000] "GET /en/search?category=&type=&place=8&area=&price=500000&surface=50 HTTP/1.1" 500 49610 "-" "Mozilla/5.0 (Linux; Android 6.0.1; Nexus 5X Build/MMB29P) AppleWebKit/537.36 (KHTML, like Gecko) Chrome/41.0.2272.96 Mobile Safari/537.36 (compatible; Googlebot/2.1; +http://www.google.com/bot.html)"
46.229.168.131 - - [18/Jul/2019:08:22:32 +0000] "GET /en/lands/maslenica-gradevinsko-zemljiste-s-prikljucenom-strujom-i-vodom490-m2 HTTP/1.1" 200 5559 "-" "Mozilla/5.0 (compatible; SemrushBot/3~bl; +http://www.semrush.com/bot.html)"
66.249.73.156 - - [18/Jul/2019:08:22:37 +0000] "GET /pretraga?category=&type=&place=11&area=&price=100000&surface=50 HTTP/1.1" 500 49618 "-" "Mozilla/5.0 (Linux; Android 6.0.1; Nexus 5X Build/MMB29P) AppleWebKit/537.36 (KHTML, like Gecko) Chrome/41.0.2272.96 Mobile Safari/537.36 (compatible; Googlebot/2.1; +http://www.google.com/bot.html)"
40.77.167.88 - - [18/Jul/2019:08:23:05 +0000] "GET /kuce/pag-centar-kuca-na-4-etaze-60-metara-od-mora-250-m2 HTTP/1.1" 200 5489 "-" "Mozilla/5.0 (compatible; bingbot/2.0; +http://www.bing.com/bingbot.htm)"
66.249.73.154 - - [18/Jul/2019:08:24:19 +0000] "GET /hr/pretraga?category=&type=&place=50&area=&price=500000&surface=10 HTTP/1.1" 500 49618 "-" "Mozilla/5.0 (Linux; Android 6.0.1; Nexus 5X Build/MMB29P) AppleWebKit/537.36 (KHTML, like Gecko) Chrome/41.0.2272.96 Mobile Safari/537.36 (compatible; Googlebot/2.1; +http://www.google.com/bot.html)"
66.249.73.154 - - [18/Jul/2019:08:26:02 +0000] "GET /pretraga?category=&type=&place=16&area=&price=50000&surface=10 HTTP/1.1" 500 49618 "-" "Mozilla/5.0 (Linux; Android 6.0.1; Nexus 5X Build/MMB29P) AppleWebKit/537.36 (KHTML, like Gecko) Chrome/41.0.2272.96 Mobile Safari/537.36 (compatible; Googlebot/2.1; +http://www.google.com/bot.html)"
66.249.73.156 - - [18/Jul/2019:08:27:44 +0000] "GET /pretraga?category=&type=&place=19&area=&price=1000000&surface=10 HTTP/1.1" 500 49618 "-" "Mozilla/5.0 (Linux; Android 6.0.1; Nexus 5X Build/MMB29P) AppleWebKit/537.36 (KHTML, like Gecko) Chrome/41.0.2272.96 Mobile Safari/537.36 (compatible; Googlebot/2.1; +http://www.google.com/bot.html)"
66.249.73.158 - - [18/Jul/2019:08:29:26 +0000] "GET /pretraga?category=&type=&place=16&area=&price=200000&surface= HTTP/1.1" 500 49618 "-" "Mozilla/5.0 (Linux; Android 6.0.1; Nexus 5X Build/MMB29P) AppleWebKit/537.36 (KHTML, like Gecko) Chrome/41.0.2272.96 Mobile Safari/537.36 (compatible; Googlebot/2.1; +http://www.google.com/bot.html)"
66.249.73.154 - - [18/Jul/2019:08:31:09 +0000] "GET /hr/pretraga?category=&type=&place=41&area=&price=50000&surface= HTTP/1.1" 500 49618 "-" "Mozilla/5.0 (Linux; Android 6.0.1; Nexus 5X Build/MMB29P) AppleWebKit/537.36 (KHTML, like Gecko) Chrome/41.0.2272.96 Mobile Safari/537.36 (compatible; Googlebot/2.1; +http://www.google.com/bot.html)"
216.244.66.226 - - [18/Jul/2019:08:32:55 +0000] "GET /en/lands/veli-rat-gradevinsko-zemljiste-prvi-red-do-mora-2049-m2 HTTP/1.1" 200 24216 "-" "Mozilla/5.0 (compatible; DotBot/1.1; http://www.opensiteexplorer.org/dotbot, help@moz.com)"
216.244.66.226 - - [18/Jul/2019:08:32:59 +0000] "GET /hr/zemljista/veli-rat-gradevinsko-zemljiste-prvi-red-do-mora-2049-m2 HTTP/1.1" 200 24405 "-" "Mozilla/5.0 (compatible; DotBot/1.1; http://www.opensiteexplorer.org/dotbot, help@moz.com)"
89.201.192.125 - - [18/Jul/2019:08:44:10 +0000] "GET /uploads/images/a41bcea9c5b4f801d324882f95c0a89e.jpg HTTP/1.1" 200 82761 "https://www.google.com/" "Mozilla/5.0 (Windows NT 10.0; Win64; x64) AppleWebKit/537.36 (KHTML, like Gecko) Chrome/75.0.3770.142 Safari/537.36"
