46.229.168.143 - - [18/Jul/2019:08:45:17 +0000] "GET /robots.txt HTTP/1.1" 200 24 "-" "Mozilla/5.0 (compatible; SemrushBot/3~bl; +http://www.semrush.com/bot.html)"
46.229.168.153 - - [18/Jul/2019:08:45:18 +0000] "GET /en/apartments/maslenica-apartman-prvi-red-do-mora HTTP/1.1" 200 5632 "-" "Mozilla/5.0 (compatible; SemrushBot/3~bl; +http://www.semrush.com/bot.html)"
66.249.73.156 - - [18/Jul/2019:08:49:55 +0000] "GET /pretraga?category=&type=&place=14&area=&price=100000&surface=200 HTTP/1.1" 500 49618 "-" "Mozilla/5.0 (Linux; Android 6.0.1; Nexus 5X Build/MMB29P) AppleWebKit/537.36 (KHTML, like Gecko) Chrome/41.0.2272.96 Mobile Safari/537.36 (compatible; Googlebot/2.1; +http://www.google.com/bot.html)"
66.249.73.158 - - [18/Jul/2019:08:53:20 +0000] "GET /pretraga?category=&type=&place=11&area=&price=100000&surface=50 HTTP/1.1" 500 49618 "-" "Mozilla/5.0 (Linux; Android 6.0.1; Nexus 5X Build/MMB29P) AppleWebKit/537.36 (KHTML, like Gecko) Chrome/41.0.2272.96 Mobile Safari/537.36 (compatible; Googlebot/2.1; +http://www.google.com/bot.html)"
216.244.66.226 - - [18/Jul/2019:08:54:34 +0000] "GET /robots.txt HTTP/1.1" 301 242 "-" "Mozilla/5.0 (compatible; DotBot/1.1; http://www.opensiteexplorer.org/dotbot, help@moz.com)"
216.244.66.226 - - [18/Jul/2019:08:54:36 +0000] "GET /robots.txt HTTP/1.1" 200 24 "-" "Mozilla/5.0 (compatible; DotBot/1.1; http://www.opensiteexplorer.org/dotbot, help@moz.com)"
66.249.73.158 - - [18/Jul/2019:08:55:02 +0000] "GET /pretraga?category=&type=&place=18&area=&price=500000&surface= HTTP/1.1" 500 49618 "-" "Mozilla/5.0 (Linux; Android 6.0.1; Nexus 5X Build/MMB29P) AppleWebKit/537.36 (KHTML, like Gecko) Chrome/41.0.2272.96 Mobile Safari/537.36 (compatible; Googlebot/2.1; +http://www.google.com/bot.html)"
66.249.73.156 - - [18/Jul/2019:08:56:44 +0000] "GET /en/search?category=&type=&place=19&area=&price=&surface=100 HTTP/1.1" 500 49610 "-" "Mozilla/5.0 (Linux; Android 6.0.1; Nexus 5X Build/MMB29P) AppleWebKit/537.36 (KHTML, like Gecko) Chrome/41.0.2272.96 Mobile Safari/537.36 (compatible; Googlebot/2.1; +http://www.google.com/bot.html)"
46.229.168.131 - - [18/Jul/2019:09:05:55 +0000] "GET /en/houses/sv-filip-i-jakov-dvije-kuce-s-pogledom-na-more-33357-m2 HTTP/1.1" 200 6202 "-" "Mozilla/5.0 (compatible; SemrushBot/3~bl; +http://www.semrush.com/bot.html)"
66.249.73.156 - - [18/Jul/2019:09:06:59 +0000] "GET /en/search?category=&type=&place=8&area=&price=500000&surface=50 HTTP/1.1" 500 49610 "-" "Mozilla/5.0 (Linux; Android 6.0.1; Nexus 5X Build/MMB29P) AppleWebKit/537.36 (KHTML, like Gecko) Chrome/41.0.2272.96 Mobile Safari/537.36 (compatible; Googlebot/2.1; +http://www.google.com/bot.html)"
66.249.73.156 - - [18/Jul/2019:09:08:41 +0000] "GET /en/search?category=&type=&place=36&area=229&price=50000&surface=100 HTTP/1.1" 500 49610 "-" "Mozilla/5.0 (Linux; Android 6.0.1; Nexus 5X Build/MMB29P) AppleWebKit/537.36 (KHTML, like Gecko) Chrome/41.0.2272.96 Mobile Safari/537.36 (compatible; Googlebot/2.1; +http://www.google.com/bot.html)"
46.229.168.144 - - [18/Jul/2019:09:09:47 +0000] "GET /apartmani/starigrad-novi-namjesteni-stan-80-metara-od-mora-11145-m2 HTTP/1.1" 200 6573 "-" "Mozilla/5.0 (compatible; SemrushBot/3~bl; +http://www.semrush.com/bot.html)"
66.249.73.156 - - [18/Jul/2019:09:10:23 +0000] "GET /hr/pretraga?category=&type=&place=43&area=&price=1000000&surface=100 HTTP/1.1" 500 49618 "-" "Mozilla/5.0 (Linux; Android 6.0.1; Nexus 5X Build/MMB29P) AppleWebKit/537.36 (KHTML, like Gecko) Chrome/41.0.2272.96 Mobile Safari/537.36 (compatible; Googlebot/2.1; +http://www.google.com/bot.html)"
66.249.73.156 - - [18/Jul/2019:09:12:06 +0000] "GET /pretraga?category=&type=&place=13&area=&price=50000&surface=100 HTTP/1.1" 500 49618 "-" "Mozilla/5.0 (Linux; Android 6.0.1; Nexus 5X Build/MMB29P) AppleWebKit/537.36 (KHTML, like Gecko) Chrome/41.0.2272.96 Mobile Safari/537.36 (compatible; Googlebot/2.1; +http://www.google.com/bot.html)"
66.249.73.154 - - [18/Jul/2019:09:13:48 +0000] "GET /pretraga?category=&type=&place=10&area=&price=300000&surface=50 HTTP/1.1" 500 49618 "-" "Mozilla/5.0 (Linux; Android 6.0.1; Nexus 5X Build/MMB29P) AppleWebKit/537.36 (KHTML, like Gecko) Chrome/41.0.2272.96 Mobile Safari/537.36 (compatible; Googlebot/2.1; +http://www.google.com/bot.html)"
66.249.73.156 - - [18/Jul/2019:09:15:30 +0000] "GET /pretraga?category=&type=&place=20&area=&price=100000&surface=200 HTTP/1.1" 500 49618 "-" "Mozilla/5.0 (Linux; Android 6.0.1; Nexus 5X Build/MMB29P) AppleWebKit/537.36 (KHTML, like Gecko) Chrome/41.0.2272.96 Mobile Safari/537.36 (compatible; Googlebot/2.1; +http://www.google.com/bot.html)"
216.244.66.226 - - [18/Jul/2019:09:17:49 +0000] "GET /en/houses/biograd-na-moru-kuca-s-9-apartmana-481-m2-novogradnja HTTP/1.1" 200 30979 "-" "Mozilla/5.0 (compatible; DotBot/1.1; http://www.opensiteexplorer.org/dotbot, help@moz.com)"
216.244.66.226 - - [18/Jul/2019:09:17:53 +0000] "GET /en/lands/pag-mandre-gradevinsko-zemljiste-u-t2t3-zoni-12585-m2 HTTP/1.1" 200 23372 "-" "Mozilla/5.0 (compatible; DotBot/1.1; http://www.opensiteexplorer.org/dotbot, help@moz.com)"
66.249.73.158 - - [18/Jul/2019:09:34:16 +0000] "GET /pretraga?category=&type=&place=16&area=&price=50000&surface=10 HTTP/1.1" 500 49618 "-" "Mozilla/5.0 (Linux; Android 6.0.1; Nexus 5X Build/MMB29P) AppleWebKit/537.36 (KHTML, like Gecko) Chrome/41.0.2272.96 Mobile Safari/537.36 (compatible; Googlebot/2.1; +http://www.google.com/bot.html)"
66.249.73.154 - - [18/Jul/2019:09:37:41 +0000] "GET /pretraga?category=&type=&place=11&area=&price=100000&surface=50 HTTP/1.1" 500 49618 "-" "Mozilla/5.0 (Linux; Android 6.0.1; Nexus 5X Build/MMB29P) AppleWebKit/537.36 (KHTML, like Gecko) Chrome/41.0.2272.96 Mobile Safari/537.36 (compatible; Googlebot/2.1; +http://www.google.com/bot.html)"
66.249.73.156 - - [18/Jul/2019:09:39:24 +0000] "GET /hr/pretraga?category=&type=&place=41&area=&price=50000&surface= HTTP/1.1" 500 49618 "-" "Mozilla/5.0 (Linux; Android 6.0.1; Nexus 5X Build/MMB29P) AppleWebKit/537.36 (KHTML, like Gecko) Chrome/41.0.2272.96 Mobile Safari/537.36 (compatible; Googlebot/2.1; +http://www.google.com/bot.html)"
66.249.73.154 - - [18/Jul/2019:09:42:48 +0000] "GET /pretraga?category=&type=&place=8&area=&price=100000&surface= HTTP/1.1" 500 49618 "-" "Mozilla/5.0 (Linux; Android 6.0.1; Nexus 5X Build/MMB29P) AppleWebKit/537.36 (KHTML, like Gecko) Chrome/41.0.2272.96 Mobile Safari/537.36 (compatible; Googlebot/2.1; +http://www.google.com/bot.html)"
66.249.73.156 - - [18/Jul/2019:09:44:31 +0000] "GET /pretraga?category=&type=&place=7&area=&price=300000&surface=10 HTTP/1.1" 500 49618 "-" "Mozilla/5.0 (Linux; Android 6.0.1; Nexus 5X Build/MMB29P) AppleWebKit/537.36 (KHTML, like Gecko) Chrome/41.0.2272.96 Mobile Safari/537.36 (compatible; Googlebot/2.1; +http://www.google.com/bot.html)"
46.229.168.131 - - [18/Jul/2019:10:04:40 +0000] "GET /robots.txt HTTP/1.1" 200 24 "-" "Mozilla/5.0 (compatible; SemrushBot/3~bl; +http://www.semrush.com/bot.html)"
46.229.168.153 - - [18/Jul/2019:10:04:40 +0000] "GET /kuce/sv-filip-i-jakov-dvije-kuce-s-pogledom-na-more-33357-m2 HTTP/1.1" 200 6269 "-" "Mozilla/5.0 (compatible; SemrushBot/3~bl; +http://www.semrush.com/bot.html)"
151.38.73.176 - - [18/Jul/2019:10:09:07 +0000] "GET /uploads/images/0a148daac347db2d272776ba3477073b.jpg HTTP/1.1" 200 377084 "https://www.google.com/blank.html" "Mozilla/5.0 (Linux; Android 8.1.0; SM-J530F Build/M1AJQ; wv) AppleWebKit/537.36 (KHTML, like Gecko) Version/4.0 Chrome/74.0.3729.112 Mobile Safari/537.36 GSA/9.72.4.21.arm"
66.249.73.154 - - [18/Jul/2019:10:10:06 +0000] "GET /pretraga?category=&type=&place=10&area=&price=300000&surface=50 HTTP/1.1" 500 49618 "-" "Mozilla/5.0 (Linux; Android 6.0.1; Nexus 5X Build/MMB29P) AppleWebKit/537.36 (KHTML, like Gecko) Chrome/41.0.2272.96 Mobile Safari/537.36 (compatible; Googlebot/2.1; +http://www.google.com/bot.html)"
151.38.73.176 - - [18/Jul/2019:10:11:08 +0000] "GET /uploads/thumbnails/193ba026d3cd09bacb5184f11c9e6ea4.jpg HTTP/1.1" 200 59224 "https://www.google.com/blank.html" "Mozilla/5.0 (Linux; Android 8.1.0; SM-J530F Build/M1AJQ; wv) AppleWebKit/537.36 (KHTML, like Gecko) Version/4.0 Chrome/74.0.3729.112 Mobile Safari/537.36 GSA/9.72.4.21.arm"
151.38.73.176 - - [18/Jul/2019:10:11:26 +0000] "GET /apartmani/murter-plaza-slanica-jednosoban-apartman-prvi-red-do-mora HTTP/1.1" 500 25403 "https://www.google.com/" "Mozilla/5.0 (Linux; Android 8.1.0; SM-J530F) AppleWebKit/537.36 (KHTML, like Gecko) Chrome/74.0.3729.112 Mobile Safari/537.36"
151.38.73.176 - - [18/Jul/2019:10:11:27 +0000] "GET /favicon.ico HTTP/1.1" 200 15086 "https://www.citadela.hr/apartmani/murter-plaza-slanica-jednosoban-apartman-prvi-red-do-mora" "Mozilla/5.0 (Linux; Android 8.1.0; SM-J530F) AppleWebKit/537.36 (KHTML, like Gecko) Chrome/74.0.3729.112 Mobile Safari/537.36"
46.188.179.56 - - [18/Jul/2019:10:11:41 +0000] "GET /uploads/images/c7cefce8cfc7191dca0c22518d2466b4.jpeg HTTP/1.1" 200 339266 "https://www.google.com/" "Mozilla/5.0 (Windows NT 10.0) AppleWebKit/537.36 (KHTML, like Gecko) Chrome/75.0.3770.142 Safari/537.36"
66.249.73.158 - - [18/Jul/2019:10:11:49 +0000] "GET /en/search?category=&type=&place=15&area=&price=&surface=100 HTTP/1.1" 500 49610 "-" "Mozilla/5.0 (Linux; Android 6.0.1; Nexus 5X Build/MMB29P) AppleWebKit/537.36 (KHTML, like Gecko) Chrome/41.0.2272.96 Mobile Safari/537.36 (compatible; Googlebot/2.1; +http://www.google.com/bot.html)"
66.249.73.154 - - [18/Jul/2019:10:12:10 +0000] "GET /uploads/thumbnails/4d66d27a633efa72abe2fe69fa0bb1bb.jpg HTTP/1.1" 200 42717 "-" "Googlebot-Image/1.0"
46.188.179.56 - - [18/Jul/2019:10:12:26 +0000] "GET /uploads/thumbnails/c7cefce8cfc7191dca0c22518d2466b4.jpeg HTTP/1.1" 200 49684 "https://www.google.com/" "Mozilla/5.0 (Windows NT 10.0) AppleWebKit/537.36 (KHTML, like Gecko) Chrome/75.0.3770.142 Safari/537.36"
66.249.73.154 - - [18/Jul/2019:10:13:31 +0000] "GET /pretraga?category=&type=&place=11&area=&price=100000&surface=50 HTTP/1.1" 500 49618 "-" "Mozilla/5.0 (Linux; Android 6.0.1; Nexus 5X Build/MMB29P) AppleWebKit/537.36 (KHTML, like Gecko) Chrome/41.0.2272.96 Mobile Safari/537.36 (compatible; Googlebot/2.1; +http://www.google.com/bot.html)"
66.249.73.156 - - [18/Jul/2019:10:15:13 +0000] "GET /pretraga?category=&type=&place=18&area=&price=500000&surface= HTTP/1.1" 500 49618 "-" "Mozilla/5.0 (Linux; Android 6.0.1; Nexus 5X Build/MMB29P) AppleWebKit/537.36 (KHTML, like Gecko) Chrome/41.0.2272.96 Mobile Safari/537.36 (compatible; Googlebot/2.1; +http://www.google.com/bot.html)"
66.249.73.158 - - [18/Jul/2019:10:16:56 +0000] "GET /pretraga?category=&type=&place=14&area=&price=100000&surface=200 HTTP/1.1" 500 49618 "-" "Mozilla/5.0 (Linux; Android 6.0.1; Nexus 5X Build/MMB29P) AppleWebKit/537.36 (KHTML, like Gecko) Chrome/41.0.2272.96 Mobile Safari/537.36 (compatible; Googlebot/2.1; +http://www.google.com/bot.html)"
66.249.73.158 - - [18/Jul/2019:10:18:38 +0000] "GET /en/search?category=&type=&place=16&area=&price=50000&surface=10 HTTP/1.1" 500 49610 "-" "Mozilla/5.0 (Linux; Android 6.0.1; Nexus 5X Build/MMB29P) AppleWebKit/537.36 (KHTML, like Gecko) Chrome/41.0.2272.96 Mobile Safari/537.36 (compatible; Googlebot/2.1; +http://www.google.com/bot.html)"
54.203.13.109 - - [18/Jul/2019:10:21:04 +0000] "GET / HTTP/1.1" 301 232 "-" "Mozilla/5.0 (Windows NT 10.0; Win64; x64)AppleWebKit/537.36 (KHTML, like Gecko) Chrome/66.0.3359.181 Safari/537.36"
54.203.13.109 - - [18/Jul/2019:10:21:05 +0000] "GET / HTTP/1.1" 200 5820 "-" "Mozilla/5.0 (Windows NT 10.0; Win64; x64)AppleWebKit/537.36 (KHTML, like Gecko) Chrome/66.0.3359.181 Safari/537.36"
54.203.13.109 - - [18/Jul/2019:10:21:06 +0000] "GET / HTTP/1.1" 301 232 "-" "Mozilla/5.0 (Windows NT 10.0; Win64; x64)AppleWebKit/537.36 (KHTML, like Gecko) Chrome/66.0.3359.181 Safari/537.36"
54.203.13.109 - - [18/Jul/2019:10:21:06 +0000] "GET / HTTP/1.1" 200 5820 "-" "Mozilla/5.0 (Windows NT 10.0; Win64; x64)AppleWebKit/537.36 (KHTML, like Gecko) Chrome/66.0.3359.181 Safari/537.36"
66.249.73.154 - - [18/Jul/2019:10:27:10 +0000] "GET /hr/pretraga?category=&type=&place=44&area=&price=300000&surface=200 HTTP/1.1" 200 4819 "-" "Mozilla/5.0 (Linux; Android 6.0.1; Nexus 5X Build/MMB29P) AppleWebKit/537.36 (KHTML, like Gecko) Chrome/41.0.2272.96 Mobile Safari/537.36 (compatible; Googlebot/2.1; +http://www.google.com/bot.html)"
66.249.73.156 - - [18/Jul/2019:10:30:35 +0000] "GET /en/search?category=&type=&place=&area=120&price=500000&surface=50&page=2 HTTP/1.1" 200 3966 "-" "Mozilla/5.0 (Linux; Android 6.0.1; Nexus 5X Build/MMB29P) AppleWebKit/537.36 (KHTML, like Gecko) Chrome/41.0.2272.96 Mobile Safari/537.36 (compatible; Googlebot/2.1; +http://www.google.com/bot.html)"
66.249.73.158 - - [18/Jul/2019:10:33:17 +0000] "GET /uploads/thumbnails/0bbd1dd75c98d26c7084fc8347d3cf1d.jpg HTTP/1.1" 304 - "-" "Googlebot-Image/1.0"
66.249.73.156 - - [18/Jul/2019:10:37:24 +0000] "GET /en/search?category=&type=&place=36&area=229&price=50000&surface=100 HTTP/1.1" 500 49610 "-" "Mozilla/5.0 (Linux; Android 6.0.1; Nexus 5X Build/MMB29P) AppleWebKit/537.36 (KHTML, like Gecko) Chrome/41.0.2272.96 Mobile Safari/537.36 (compatible; Googlebot/2.1; +http://www.google.com/bot.html)"
66.249.73.154 - - [18/Jul/2019:10:39:06 +0000] "GET /en/search?category=&type=&place=36&area=229&price=50000&surface=100 HTTP/1.1" 500 49610 "-" "Mozilla/5.0 (Linux; Android 6.0.1; Nexus 5X Build/MMB29P) AppleWebKit/537.36 (KHTML, like Gecko) Chrome/41.0.2272.96 Mobile Safari/537.36 (compatible; Googlebot/2.1; +http://www.google.com/bot.html)"
66.249.73.154 - - [18/Jul/2019:10:40:49 +0000] "GET /hr/pretraga?category=&type=&place=43&area=&price=1000000&surface=100 HTTP/1.1" 500 49618 "-" "Mozilla/5.0 (Linux; Android 6.0.1; Nexus 5X Build/MMB29P) AppleWebKit/537.36 (KHTML, like Gecko) Chrome/41.0.2272.96 Mobile Safari/537.36 (compatible; Googlebot/2.1; +http://www.google.com/bot.html)"
66.249.73.158 - - [18/Jul/2019:10:42:31 +0000] "GET /pretraga?category=&type=&place=6&area=&price=100000&surface= HTTP/1.1" 500 49618 "-" "Mozilla/5.0 (Linux; Android 6.0.1; Nexus 5X Build/MMB29P) AppleWebKit/537.36 (KHTML, like Gecko) Chrome/41.0.2272.96 Mobile Safari/537.36 (compatible; Googlebot/2.1; +http://www.google.com/bot.html)"
66.249.73.156 - - [18/Jul/2019:10:44:14 +0000] "GET /pretraga?category=&type=&place=13&area=&price=50000&surface=100 HTTP/1.1" 500 49618 "-" "Mozilla/5.0 (Linux; Android 6.0.1; Nexus 5X Build/MMB29P) AppleWebKit/537.36 (KHTML, like Gecko) Chrome/41.0.2272.96 Mobile Safari/537.36 (compatible; Googlebot/2.1; +http://www.google.com/bot.html)"
66.249.73.156 - - [18/Jul/2019:10:45:56 +0000] "GET /pretraga?category=&type=&place=16&area=&price=50000&surface=10 HTTP/1.1" 500 49618 "-" "Mozilla/5.0 (Linux; Android 6.0.1; Nexus 5X Build/MMB29P) AppleWebKit/537.36 (KHTML, like Gecko) Chrome/41.0.2272.96 Mobile Safari/537.36 (compatible; Googlebot/2.1; +http://www.google.com/bot.html)"
66.249.73.154 - - [18/Jul/2019:10:47:38 +0000] "GET /en/search?category=&type=&place=8&area=&price=500000&surface=50 HTTP/1.1" 500 49610 "-" "Mozilla/5.0 (Linux; Android 6.0.1; Nexus 5X Build/MMB29P) AppleWebKit/537.36 (KHTML, like Gecko) Chrome/41.0.2272.96 Mobile Safari/537.36 (compatible; Googlebot/2.1; +http://www.google.com/bot.html)"
40.77.167.141 - - [18/Jul/2019:10:59:50 +0000] "GET /uploads/thumbnails/7369e46a4ccca006339678d2844b2f62.JPG HTTP/1.1" 200 51035 "-" "Mozilla/5.0 (compatible; bingbot/2.0; +http://www.bing.com/bingbot.htm)"
95.168.121.4 - - [18/Jul/2019:11:08:00 +0000] "GET /img/logo_header.png?v=2 HTTP/1.1" 200 4348 "-" "Mozilla/5.0 (Linux; Android 8.0.0; SM-G955F Build/R16NW; wv) AppleWebKit/537.36 (KHTML, like Gecko) Version/4.0 Chrome/72.0.3626.105 Mobile Safari/537.36"
66.249.73.156 - - [18/Jul/2019:11:11:32 +0000] "GET /hr/pretraga?category=&type=&place=7&area=&price=300000&surface=10 HTTP/1.1" 500 49618 "-" "Mozilla/5.0 (Linux; Android 6.0.1; Nexus 5X Build/MMB29P) AppleWebKit/537.36 (KHTML, like Gecko) Chrome/41.0.2272.96 Mobile Safari/537.36 (compatible; Googlebot/2.1; +http://www.google.com/bot.html)"
66.249.73.154 - - [18/Jul/2019:11:11:44 +0000] "GET /uploads/thumbnails/b76155ac63e15417a03bd38f5e45eb1a.jpg HTTP/1.1" 200 40326 "-" "Googlebot-Image/1.0"
66.249.73.154 - - [18/Jul/2019:11:13:14 +0000] "GET /pretraga?category=&place=36&price=200000&surface=50 HTTP/1.1" 500 49618 "-" "Mozilla/5.0 (Linux; Android 6.0.1; Nexus 5X Build/MMB29P) AppleWebKit/537.36 (KHTML, like Gecko) Chrome/41.0.2272.96 Mobile Safari/537.36 (compatible; Googlebot/2.1; +http://www.google.com/bot.html)"
77.77.218.133 - - [18/Jul/2019:11:13:30 +0000] "GET /uploads/thumbnails/bbc679f061f6db2e19b35c897bd932b2.jpg HTTP/1.1" 200 33926 "https://www.google.ba/" "Mozilla/5.0 (Windows NT 6.1) AppleWebKit/537.36 (KHTML, like Gecko) Chrome/75.0.3770.142 Safari/537.36"
66.249.73.154 - - [18/Jul/2019:11:14:56 +0000] "GET /pretraga?category=&type=&place=11&area=&price=100000&surface=50 HTTP/1.1" 500 49618 "-" "Mozilla/5.0 (Linux; Android 6.0.1; Nexus 5X Build/MMB29P) AppleWebKit/537.36 (KHTML, like Gecko) Chrome/41.0.2272.96 Mobile Safari/537.36 (compatible; Googlebot/2.1; +http://www.google.com/bot.html)"
66.249.73.154 - - [18/Jul/2019:11:16:39 +0000] "GET /apartmani/bibinje-trosoban-apartman-25-metara-od-plaze-10079-m2-1389-m2 HTTP/1.1" 500 25403 "-" "Mozilla/5.0 (Linux; Android 6.0.1; Nexus 5X Build/MMB29P) AppleWebKit/537.36 (KHTML, like Gecko) Chrome/41.0.2272.96 Mobile Safari/537.36 (compatible; Googlebot/2.1; +http://www.google.com/bot.html)"
66.249.73.156 - - [18/Jul/2019:11:18:21 +0000] "GET /en/search?category=&type=&place=15&area=&price=&surface=100 HTTP/1.1" 500 49610 "-" "Mozilla/5.0 (Linux; Android 6.0.1; Nexus 5X Build/MMB29P) AppleWebKit/537.36 (KHTML, like Gecko) Chrome/41.0.2272.96 Mobile Safari/537.36 (compatible; Googlebot/2.1; +http://www.google.com/bot.html)"
66.249.73.158 - - [18/Jul/2019:11:22:07 +0000] "GET /uploads/images/73d4521b85ecf599429b376991dcfc2a.jpg HTTP/1.1" 200 143699 "-" "Googlebot-Image/1.0"
66.249.73.158 - - [18/Jul/2019:11:23:56 +0000] "GET /pretraga?category=&place=36&price=200000&surface=50 HTTP/1.1" 500 49618 "-" "Mozilla/5.0 (Linux; Android 6.0.1; Nexus 5X Build/MMB29P) AppleWebKit/537.36 (KHTML, like Gecko) Chrome/41.0.2272.96 Mobile Safari/537.36 (compatible; Googlebot/2.1; +http://www.google.com/bot.html)"
66.249.73.156 - - [18/Jul/2019:11:25:10 +0000] "GET /en/search?category=&type=sale&place=&area=&price=500000&surface=100&page=5 HTTP/1.1" 200 5497 "-" "Mozilla/5.0 (Linux; Android 6.0.1; Nexus 5X Build/MMB29P) AppleWebKit/537.36 (KHTML, like Gecko) Chrome/41.0.2272.96 Mobile Safari/537.36 (compatible; Googlebot/2.1; +http://www.google.com/bot.html)"
46.229.168.133 - - [18/Jul/2019:11:25:23 +0000] "GET /robots.txt HTTP/1.1" 200 24 "-" "Mozilla/5.0 (compatible; SemrushBot/3~bl; +http://www.semrush.com/bot.html)"
46.229.168.129 - - [18/Jul/2019:11:25:24 +0000] "GET /hr/zemljista/sv-filip-i-jakov-gradevinsko-zemljiste-u-blizini-mora-490-m2 HTTP/1.1" 200 5396 "-" "Mozilla/5.0 (compatible; SemrushBot/3~bl; +http://www.semrush.com/bot.html)"
40.77.167.141 - - [18/Jul/2019:11:38:05 +0000] "GET /o-nama HTTP/1.1" 200 4367 "-" "Mozilla/5.0 (compatible; bingbot/2.0; +http://www.bing.com/bingbot.htm)"
46.229.168.129 - - [18/Jul/2019:11:40:48 +0000] "GET /apartmani/starigrad-novi-trosoban-stan-s-pogledom-na-more-garsonjera9365-m2 HTTP/1.1" 200 6357 "-" "Mozilla/5.0 (compatible; SemrushBot/3~bl; +http://www.semrush.com/bot.html)"
66.249.73.154 - - [18/Jul/2019:11:42:14 +0000] "GET /pretraga?category=&type=&place=47&area=&price=100000&surface=100 HTTP/1.1" 500 49618 "-" "Mozilla/5.0 (Linux; Android 6.0.1; Nexus 5X Build/MMB29P) AppleWebKit/537.36 (KHTML, like Gecko) Chrome/41.0.2272.96 Mobile Safari/537.36 (compatible; Googlebot/2.1; +http://www.google.com/bot.html)"
212.92.196.171 - - [18/Jul/2019:11:43:36 +0000] "GET /zemljista/veli-rat-gradevinsko-zemljiste-prvi-red-do-mora-2049-m2 HTTP/1.1" 200 5759 "https://www.google.com/" "Mozilla/5.0 (Windows NT 10.0; Win64; x64) AppleWebKit/537.36 (KHTML, like Gecko) Chrome/75.0.3770.142 Safari/537.36"
212.92.196.171 - - [18/Jul/2019:11:43:36 +0000] "GET /css/bootstrap.css HTTP/1.1" 200 20712 "https://www.citadela.hr/zemljista/veli-rat-gradevinsko-zemljiste-prvi-red-do-mora-2049-m2" "Mozilla/5.0 (Windows NT 10.0; Win64; x64) AppleWebKit/537.36 (KHTML, like Gecko) Chrome/75.0.3770.142 Safari/537.36"
212.92.196.171 - - [18/Jul/2019:11:43:36 +0000] "GET /css/style.css?v=2 HTTP/1.1" 200 17441 "https://www.citadela.hr/zemljista/veli-rat-gradevinsko-zemljiste-prvi-red-do-mora-2049-m2" "Mozilla/5.0 (Windows NT 10.0; Win64; x64) AppleWebKit/537.36 (KHTML, like Gecko) Chrome/75.0.3770.142 Safari/537.36"
212.92.196.171 - - [18/Jul/2019:11:43:36 +0000] "GET /fonts/flaticon.css HTTP/1.1" 200 699 "https://www.citadela.hr/zemljista/veli-rat-gradevinsko-zemljiste-prvi-red-do-mora-2049-m2" "Mozilla/5.0 (Windows NT 10.0; Win64; x64) AppleWebKit/537.36 (KHTML, like Gecko) Chrome/75.0.3770.142 Safari/537.36"
212.92.196.171 - - [18/Jul/2019:11:43:36 +0000] "GET /css/jslider.css HTTP/1.1" 200 763 "https://www.citadela.hr/zemljista/veli-rat-gradevinsko-zemljiste-prvi-red-do-mora-2049-m2" "Mozilla/5.0 (Windows NT 10.0; Win64; x64) AppleWebKit/537.36 (KHTML, like Gecko) Chrome/75.0.3770.142 Safari/537.36"
212.92.196.171 - - [18/Jul/2019:11:43:36 +0000] "GET /css/colors/blue.css?v=2 HTTP/1.1" 200 3552 "https://www.citadela.hr/zemljista/veli-rat-gradevinsko-zemljiste-prvi-red-do-mora-2049-m2" "Mozilla/5.0 (Windows NT 10.0; Win64; x64) AppleWebKit/537.36 (KHTML, like Gecko) Chrome/75.0.3770.142 Safari/537.36"
212.92.196.171 - - [18/Jul/2019:11:43:36 +0000] "GET /css/font-awesome.css HTTP/1.1" 200 7439 "https://www.citadela.hr/zemljista/veli-rat-gradevinsko-zemljiste-prvi-red-do-mora-2049-m2" "Mozilla/5.0 (Windows NT 10.0; Win64; x64) AppleWebKit/537.36 (KHTML, like Gecko) Chrome/75.0.3770.142 Safari/537.36"
212.92.196.171 - - [18/Jul/2019:11:43:36 +0000] "GET /css/responsive.css HTTP/1.1" 200 2788 "https://www.citadela.hr/zemljista/veli-rat-gradevinsko-zemljiste-prvi-red-do-mora-2049-m2" "Mozilla/5.0 (Windows NT 10.0; Win64; x64) AppleWebKit/537.36 (KHTML, like Gecko) Chrome/75.0.3770.142 Safari/537.36"
212.92.196.171 - - [18/Jul/2019:11:43:36 +0000] "GET /assets/plugins/flag/css/flag-icon.css HTTP/1.1" 200 2837 "https://www.citadela.hr/zemljista/veli-rat-gradevinsko-zemljiste-prvi-red-do-mora-2049-m2" "Mozilla/5.0 (Windows NT 10.0; Win64; x64) AppleWebKit/537.36 (KHTML, like Gecko) Chrome/75.0.3770.142 Safari/537.36"
212.92.196.171 - - [18/Jul/2019:11:43:36 +0000] "GET /css/loader.css?v=2 HTTP/1.1" 200 772 "https://www.citadela.hr/zemljista/veli-rat-gradevinsko-zemljiste-prvi-red-do-mora-2049-m2" "Mozilla/5.0 (Windows NT 10.0; Win64; x64) AppleWebKit/537.36 (KHTML, like Gecko) Chrome/75.0.3770.142 Safari/537.36"
212.92.196.171 - - [18/Jul/2019:11:43:36 +0000] "GET /unitegallery/css/unite-gallery.css HTTP/1.1" 200 4825 "https://www.citadela.hr/zemljista/veli-rat-gradevinsko-zemljiste-prvi-red-do-mora-2049-m2" "Mozilla/5.0 (Windows NT 10.0; Win64; x64) AppleWebKit/537.36 (KHTML, like Gecko) Chrome/75.0.3770.142 Safari/537.36"
212.92.196.171 - - [18/Jul/2019:11:43:36 +0000] "GET /js/bootstrap.min.js HTTP/1.1" 200 9833 "https://www.citadela.hr/zemljista/veli-rat-gradevinsko-zemljiste-prvi-red-do-mora-2049-m2" "Mozilla/5.0 (Windows NT 10.0; Win64; x64) AppleWebKit/537.36 (KHTML, like Gecko) Chrome/75.0.3770.142 Safari/537.36"
212.92.196.171 - - [18/Jul/2019:11:43:36 +0000] "GET /js/jquery.min.js HTTP/1.1" 200 33760 "https://www.citadela.hr/zemljista/veli-rat-gradevinsko-zemljiste-prvi-red-do-mora-2049-m2" "Mozilla/5.0 (Windows NT 10.0; Win64; x64) AppleWebKit/537.36 (KHTML, like Gecko) Chrome/75.0.3770.142 Safari/537.36"
212.92.196.171 - - [18/Jul/2019:11:43:36 +0000] "GET /js/bootstrap-select.js HTTP/1.1" 200 15633 "https://www.citadela.hr/zemljista/veli-rat-gradevinsko-zemljiste-prvi-red-do-mora-2049-m2" "Mozilla/5.0 (Windows NT 10.0; Win64; x64) AppleWebKit/537.36 (KHTML, like Gecko) Chrome/75.0.3770.142 Safari/537.36"
212.92.196.171 - - [18/Jul/2019:11:43:36 +0000] "GET /img/logo_header.png?v=2 HTTP/1.1" 200 4348 "https://www.citadela.hr/zemljista/veli-rat-gradevinsko-zemljiste-prvi-red-do-mora-2049-m2" "Mozilla/5.0 (Windows NT 10.0; Win64; x64) AppleWebKit/537.36 (KHTML, like Gecko) Chrome/75.0.3770.142 Safari/537.36"
212.92.196.171 - - [18/Jul/2019:11:43:36 +0000] "GET /js/YouTubePopUp.jquery.js HTTP/1.1" 200 967 "https://www.citadela.hr/zemljista/veli-rat-gradevinsko-zemljiste-prvi-red-do-mora-2049-m2" "Mozilla/5.0 (Windows NT 10.0; Win64; x64) AppleWebKit/537.36 (KHTML, like Gecko) Chrome/75.0.3770.142 Safari/537.36"
212.92.196.171 - - [18/Jul/2019:11:43:36 +0000] "GET /js/jquery.fancybox.pack.js HTTP/1.1" 200 8634 "https://www.citadela.hr/zemljista/veli-rat-gradevinsko-zemljiste-prvi-red-do-mora-2049-m2" "Mozilla/5.0 (Windows NT 10.0; Win64; x64) AppleWebKit/537.36 (KHTML, like Gecko) Chrome/75.0.3770.142 Safari/537.36"
212.92.196.171 - - [18/Jul/2019:11:43:36 +0000] "GET /css/animate.min.css HTTP/1.1" 200 4242 "https://www.citadela.hr/zemljista/veli-rat-gradevinsko-zemljiste-prvi-red-do-mora-2049-m2" "Mozilla/5.0 (Windows NT 10.0; Win64; x64) AppleWebKit/537.36 (KHTML, like Gecko) Chrome/75.0.3770.142 Safari/537.36"
212.92.196.171 - - [18/Jul/2019:11:43:36 +0000] "GET /css/jquery.fancybox.css HTTP/1.1" 200 1434 "https://www.citadela.hr/zemljista/veli-rat-gradevinsko-zemljiste-prvi-red-do-mora-2049-m2" "Mozilla/5.0 (Windows NT 10.0; Win64; x64) AppleWebKit/537.36 (KHTML, like Gecko) Chrome/75.0.3770.142 Safari/537.36"
212.92.196.171 - - [18/Jul/2019:11:43:36 +0000] "GET /css/owl.css HTTP/1.1" 200 1348 "https://www.citadela.hr/zemljista/veli-rat-gradevinsko-zemljiste-prvi-red-do-mora-2049-m2" "Mozilla/5.0 (Windows NT 10.0; Win64; x64) AppleWebKit/537.36 (KHTML, like Gecko) Chrome/75.0.3770.142 Safari/537.36"
212.92.196.171 - - [18/Jul/2019:11:43:37 +0000] "GET /js/jquery.fancybox-media.js HTTP/1.1" 200 1973 "https://www.citadela.hr/zemljista/veli-rat-gradevinsko-zemljiste-prvi-red-do-mora-2049-m2" "Mozilla/5.0 (Windows NT 10.0; Win64; x64) AppleWebKit/537.36 (KHTML, like Gecko) Chrome/75.0.3770.142 Safari/537.36"
212.92.196.171 - - [18/Jul/2019:11:43:37 +0000] "GET /js/owl.js HTTP/1.1" 200 17545 "https://www.citadela.hr/zemljista/veli-rat-gradevinsko-zemljiste-prvi-red-do-mora-2049-m2" "Mozilla/5.0 (Windows NT 10.0; Win64; x64) AppleWebKit/537.36 (KHTML, like Gecko) Chrome/75.0.3770.142 Safari/537.36"
212.92.196.171 - - [18/Jul/2019:11:43:37 +0000] "GET /js/mixitup.js HTTP/1.1" 200 11347 "https://www.citadela.hr/zemljista/veli-rat-gradevinsko-zemljiste-prvi-red-do-mora-2049-m2" "Mozilla/5.0 (Windows NT 10.0; Win64; x64) AppleWebKit/537.36 (KHTML, like Gecko) Chrome/75.0.3770.142 Safari/537.36"
212.92.196.171 - - [18/Jul/2019:11:43:37 +0000] "GET /js/wow.js HTTP/1.1" 200 2198 "https://www.citadela.hr/zemljista/veli-rat-gradevinsko-zemljiste-prvi-red-do-mora-2049-m2" "Mozilla/5.0 (Windows NT 10.0; Win64; x64) AppleWebKit/537.36 (KHTML, like Gecko) Chrome/75.0.3770.142 Safari/537.36"
212.92.196.171 - - [18/Jul/2019:11:43:37 +0000] "GET /js/jshashtable-2.1_src.js HTTP/1.1" 200 2957 "https://www.citadela.hr/zemljista/veli-rat-gradevinsko-zemljiste-prvi-red-do-mora-2049-m2" "Mozilla/5.0 (Windows NT 10.0; Win64; x64) AppleWebKit/537.36 (KHTML, like Gecko) Chrome/75.0.3770.142 Safari/537.36"
212.92.196.171 - - [18/Jul/2019:11:43:37 +0000] "GET /js/jquery.numberformatter-1.2.3.js HTTP/1.1" 200 4697 "https://www.citadela.hr/zemljista/veli-rat-gradevinsko-zemljiste-prvi-red-do-mora-2049-m2" "Mozilla/5.0 (Windows NT 10.0; Win64; x64) AppleWebKit/537.36 (KHTML, like Gecko) Chrome/75.0.3770.142 Safari/537.36"
212.92.196.171 - - [18/Jul/2019:11:43:37 +0000] "GET /js/tmpl.js HTTP/1.1" 200 625 "https://www.citadela.hr/zemljista/veli-rat-gradevinsko-zemljiste-prvi-red-do-mora-2049-m2" "Mozilla/5.0 (Windows NT 10.0; Win64; x64) AppleWebKit/537.36 (KHTML, like Gecko) Chrome/75.0.3770.142 Safari/537.36"
212.92.196.171 - - [18/Jul/2019:11:43:37 +0000] "GET /js/jquery.dependClass-0.1.js HTTP/1.1" 200 458 "https://www.citadela.hr/zemljista/veli-rat-gradevinsko-zemljiste-prvi-red-do-mora-2049-m2" "Mozilla/5.0 (Windows NT 10.0; Win64; x64) AppleWebKit/537.36 (KHTML, like Gecko) Chrome/75.0.3770.142 Safari/537.36"
212.92.196.171 - - [18/Jul/2019:11:43:37 +0000] "GET /js/draggable-0.1.js HTTP/1.1" 200 1326 "https://www.citadela.hr/zemljista/veli-rat-gradevinsko-zemljiste-prvi-red-do-mora-2049-m2" "Mozilla/5.0 (Windows NT 10.0; Win64; x64) AppleWebKit/537.36 (KHTML, like Gecko) Chrome/75.0.3770.142 Safari/537.36"
212.92.196.171 - - [18/Jul/2019:11:43:37 +0000] "GET /js/jquery.slider.js HTTP/1.1" 200 4772 "https://www.citadela.hr/zemljista/veli-rat-gradevinsko-zemljiste-prvi-red-do-mora-2049-m2" "Mozilla/5.0 (Windows NT 10.0; Win64; x64) AppleWebKit/537.36 (KHTML, like Gecko) Chrome/75.0.3770.142 Safari/537.36"
212.92.196.171 - - [18/Jul/2019:11:43:37 +0000] "GET /js/jquery.barrating.js HTTP/1.1" 200 4280 "https://www.citadela.hr/zemljista/veli-rat-gradevinsko-zemljiste-prvi-red-do-mora-2049-m2" "Mozilla/5.0 (Windows NT 10.0; Win64; x64) AppleWebKit/537.36 (KHTML, like Gecko) Chrome/75.0.3770.142 Safari/537.36"
212.92.196.171 - - [18/Jul/2019:11:43:37 +0000] "GET /js/custom.js HTTP/1.1" 200 5159 "https://www.citadela.hr/zemljista/veli-rat-gradevinsko-zemljiste-prvi-red-do-mora-2049-m2" "Mozilla/5.0 (Windows NT 10.0; Win64; x64) AppleWebKit/537.36 (KHTML, like Gecko) Chrome/75.0.3770.142 Safari/537.36"
212.92.196.171 - - [18/Jul/2019:11:43:37 +0000] "GET /unitegallery/js/jquery-11.0.min.js HTTP/1.1" 200 33369 "https://www.citadela.hr/zemljista/veli-rat-gradevinsko-zemljiste-prvi-red-do-mora-2049-m2" "Mozilla/5.0 (Windows NT 10.0; Win64; x64) AppleWebKit/537.36 (KHTML, like Gecko) Chrome/75.0.3770.142 Safari/537.36"
212.92.196.171 - - [18/Jul/2019:11:43:37 +0000] "GET /unitegallery/themes/compact/ug-theme-compact.js HTTP/1.1" 200 2477 "https://www.citadela.hr/zemljista/veli-rat-gradevinsko-zemljiste-prvi-red-do-mora-2049-m2" "Mozilla/5.0 (Windows NT 10.0; Win64; x64) AppleWebKit/537.36 (KHTML, like Gecko) Chrome/75.0.3770.142 Safari/537.36"
212.92.196.171 - - [18/Jul/2019:11:43:37 +0000] "GET /uploads/thumbnails/05ac2e1cd028692929a7dbe7fbe1fb40.jpeg HTTP/1.1" 200 38544 "https://www.citadela.hr/zemljista/veli-rat-gradevinsko-zemljiste-prvi-red-do-mora-2049-m2" "Mozilla/5.0 (Windows NT 10.0; Win64; x64) AppleWebKit/537.36 (KHTML, like Gecko) Chrome/75.0.3770.142 Safari/537.36"
212.92.196.171 - - [18/Jul/2019:11:43:37 +0000] "GET /uploads/thumbnails/d3cb39bd31a6e033e84d6e872d06e2a3.jpg HTTP/1.1" 200 33976 "https://www.citadela.hr/zemljista/veli-rat-gradevinsko-zemljiste-prvi-red-do-mora-2049-m2" "Mozilla/5.0 (Windows NT 10.0; Win64; x64) AppleWebKit/537.36 (KHTML, like Gecko) Chrome/75.0.3770.142 Safari/537.36"
212.92.196.171 - - [18/Jul/2019:11:43:37 +0000] "GET /unitegallery/js/unitegallery.min.js HTTP/1.1" 200 66910 "https://www.citadela.hr/zemljista/veli-rat-gradevinsko-zemljiste-prvi-red-do-mora-2049-m2" "Mozilla/5.0 (Windows NT 10.0; Win64; x64) AppleWebKit/537.36 (KHTML, like Gecko) Chrome/75.0.3770.142 Safari/537.36"
212.92.196.171 - - [18/Jul/2019:11:43:37 +0000] "GET /uploads/thumbnails/6c2d5b2f890cbd8ad3b6c5d493e336e0.jpg HTTP/1.1" 200 39990 "https://www.citadela.hr/zemljista/veli-rat-gradevinsko-zemljiste-prvi-red-do-mora-2049-m2" "Mozilla/5.0 (Windows NT 10.0; Win64; x64) AppleWebKit/537.36 (KHTML, like Gecko) Chrome/75.0.3770.142 Safari/537.36"
212.92.196.171 - - [18/Jul/2019:11:43:37 +0000] "GET /fonts/fontawesome-webfont.woff2?v=4.7.0 HTTP/1.1" 200 77160 "https://www.citadela.hr/css/font-awesome.css" "Mozilla/5.0 (Windows NT 10.0; Win64; x64) AppleWebKit/537.36 (KHTML, like Gecko) Chrome/75.0.3770.142 Safari/537.36"
212.92.196.171 - - [18/Jul/2019:11:43:37 +0000] "GET /uploads/thumbnails/848978ed70e45fe36245ae7178db66c8.jpg HTTP/1.1" 200 45217 "https://www.citadela.hr/zemljista/veli-rat-gradevinsko-zemljiste-prvi-red-do-mora-2049-m2" "Mozilla/5.0 (Windows NT 10.0; Win64; x64) AppleWebKit/537.36 (KHTML, like Gecko) Chrome/75.0.3770.142 Safari/537.36"
212.92.196.171 - - [18/Jul/2019:11:43:37 +0000] "GET /img/mate.jpg HTTP/1.1" 200 14037 "https://www.citadela.hr/zemljista/veli-rat-gradevinsko-zemljiste-prvi-red-do-mora-2049-m2" "Mozilla/5.0 (Windows NT 10.0; Win64; x64) AppleWebKit/537.36 (KHTML, like Gecko) Chrome/75.0.3770.142 Safari/537.36"
212.92.196.171 - - [18/Jul/2019:11:43:37 +0000] "GET /img/logo_footer.png HTTP/1.1" 200 4213 "https://www.citadela.hr/zemljista/veli-rat-gradevinsko-zemljiste-prvi-red-do-mora-2049-m2" "Mozilla/5.0 (Windows NT 10.0; Win64; x64) AppleWebKit/537.36 (KHTML, like Gecko) Chrome/75.0.3770.142 Safari/537.36"
212.92.196.171 - - [18/Jul/2019:11:43:37 +0000] "GET /assets/plugins/flag/flags/4x3/gb.svg HTTP/1.1" 200 989 "https://www.citadela.hr/assets/plugins/flag/css/flag-icon.css" "Mozilla/5.0 (Windows NT 10.0; Win64; x64) AppleWebKit/537.36 (KHTML, like Gecko) Chrome/75.0.3770.142 Safari/537.36"
212.92.196.171 - - [18/Jul/2019:11:43:37 +0000] "GET /assets/plugins/flag/flags/4x3/hr.svg HTTP/1.1" 200 80697 "https://www.citadela.hr/assets/plugins/flag/css/flag-icon.css" "Mozilla/5.0 (Windows NT 10.0; Win64; x64) AppleWebKit/537.36 (KHTML, like Gecko) Chrome/75.0.3770.142 Safari/537.36"
212.92.196.171 - - [18/Jul/2019:11:43:37 +0000] "GET /img/banner/banner.png HTTP/1.1" 200 188379 "https://www.citadela.hr/css/style.css?v=2" "Mozilla/5.0 (Windows NT 10.0; Win64; x64) AppleWebKit/537.36 (KHTML, like Gecko) Chrome/75.0.3770.142 Safari/537.36"
212.92.196.171 - - [18/Jul/2019:11:43:37 +0000] "GET /unitegallery/images/cover-grid.png HTTP/1.1" 200 933 "https://www.citadela.hr/unitegallery/css/unite-gallery.css" "Mozilla/5.0 (Windows NT 10.0; Win64; x64) AppleWebKit/537.36 (KHTML, like Gecko) Chrome/75.0.3770.142 Safari/537.36"
212.92.196.171 - - [18/Jul/2019:11:43:37 +0000] "GET /unitegallery/images/loader.gif HTTP/1.1" 200 673 "https://www.citadela.hr/unitegallery/css/unite-gallery.css" "Mozilla/5.0 (Windows NT 10.0; Win64; x64) AppleWebKit/537.36 (KHTML, like Gecko) Chrome/75.0.3770.142 Safari/537.36"
212.92.196.171 - - [18/Jul/2019:11:43:37 +0000] "GET /unitegallery/images/not_loaded.png HTTP/1.1" 200 858 "https://www.citadela.hr/unitegallery/css/unite-gallery.css" "Mozilla/5.0 (Windows NT 10.0; Win64; x64) AppleWebKit/537.36 (KHTML, like Gecko) Chrome/75.0.3770.142 Safari/537.36"
212.92.196.171 - - [18/Jul/2019:11:43:37 +0000] "GET /unitegallery/images/loader-white1.gif HTTP/1.1" 200 2545 "https://www.citadela.hr/unitegallery/css/unite-gallery.css" "Mozilla/5.0 (Windows NT 10.0; Win64; x64) AppleWebKit/537.36 (KHTML, like Gecko) Chrome/75.0.3770.142 Safari/537.36"
212.92.196.171 - - [18/Jul/2019:11:43:37 +0000] "GET /unitegallery/images/play-button-square.png HTTP/1.1" 200 4591 "https://www.citadela.hr/unitegallery/css/unite-gallery.css" "Mozilla/5.0 (Windows NT 10.0; Win64; x64) AppleWebKit/537.36 (KHTML, like Gecko) Chrome/75.0.3770.142 Safari/537.36"
212.92.196.171 - - [18/Jul/2019:11:43:37 +0000] "GET /unitegallery/skins/default/slider_arrow_left.png HTTP/1.1" 200 493 "https://www.citadela.hr/unitegallery/css/unite-gallery.css" "Mozilla/5.0 (Windows NT 10.0; Win64; x64) AppleWebKit/537.36 (KHTML, like Gecko) Chrome/75.0.3770.142 Safari/537.36"
212.92.196.171 - - [18/Jul/2019:11:43:37 +0000] "GET /unitegallery/skins/default/slider_arrow_right.png HTTP/1.1" 200 505 "https://www.citadela.hr/unitegallery/css/unite-gallery.css" "Mozilla/5.0 (Windows NT 10.0; Win64; x64) AppleWebKit/537.36 (KHTML, like Gecko) Chrome/75.0.3770.142 Safari/537.36"
212.92.196.171 - - [18/Jul/2019:11:43:37 +0000] "GET /unitegallery/skins/default/button_fullscreen.png HTTP/1.1" 200 1146 "https://www.citadela.hr/unitegallery/css/unite-gallery.css" "Mozilla/5.0 (Windows NT 10.0; Win64; x64) AppleWebKit/537.36 (KHTML, like Gecko) Chrome/75.0.3770.142 Safari/537.36"
212.92.196.171 - - [18/Jul/2019:11:43:37 +0000] "GET /unitegallery/images/loader-black1.gif HTTP/1.1" 200 5855 "https://www.citadela.hr/unitegallery/css/unite-gallery.css" "Mozilla/5.0 (Windows NT 10.0; Win64; x64) AppleWebKit/537.36 (KHTML, like Gecko) Chrome/75.0.3770.142 Safari/537.36"
212.92.196.171 - - [18/Jul/2019:11:43:37 +0000] "GET /unitegallery/images/button-close.png HTTP/1.1" 200 7155 "https://www.citadela.hr/unitegallery/css/unite-gallery.css" "Mozilla/5.0 (Windows NT 10.0; Win64; x64) AppleWebKit/537.36 (KHTML, like Gecko) Chrome/75.0.3770.142 Safari/537.36"
212.92.196.171 - - [18/Jul/2019:11:43:37 +0000] "GET /uploads/images/05ac2e1cd028692929a7dbe7fbe1fb40.jpeg HTTP/1.1" 200 120786 "https://www.citadela.hr/zemljista/veli-rat-gradevinsko-zemljiste-prvi-red-do-mora-2049-m2" "Mozilla/5.0 (Windows NT 10.0; Win64; x64) AppleWebKit/537.36 (KHTML, like Gecko) Chrome/75.0.3770.142 Safari/537.36"
212.92.196.171 - - [18/Jul/2019:11:43:37 +0000] "GET /uploads/images/d3cb39bd31a6e033e84d6e872d06e2a3.jpg HTTP/1.1" 200 181945 "https://www.citadela.hr/zemljista/veli-rat-gradevinsko-zemljiste-prvi-red-do-mora-2049-m2" "Mozilla/5.0 (Windows NT 10.0; Win64; x64) AppleWebKit/537.36 (KHTML, like Gecko) Chrome/75.0.3770.142 Safari/537.36"
212.92.196.171 - - [18/Jul/2019:11:43:37 +0000] "GET /uploads/images/848978ed70e45fe36245ae7178db66c8.jpg HTTP/1.1" 200 218905 "https://www.citadela.hr/zemljista/veli-rat-gradevinsko-zemljiste-prvi-red-do-mora-2049-m2" "Mozilla/5.0 (Windows NT 10.0; Win64; x64) AppleWebKit/537.36 (KHTML, like Gecko) Chrome/75.0.3770.142 Safari/537.36"
212.92.196.171 - - [18/Jul/2019:11:43:38 +0000] "GET /favicon-32x32.png HTTP/1.1" 200 1936 "https://www.citadela.hr/zemljista/veli-rat-gradevinsko-zemljiste-prvi-red-do-mora-2049-m2" "Mozilla/5.0 (Windows NT 10.0; Win64; x64) AppleWebKit/537.36 (KHTML, like Gecko) Chrome/75.0.3770.142 Safari/537.36"
212.92.196.171 - - [18/Jul/2019:11:43:38 +0000] "GET /site.webmanifest HTTP/1.1" 200 291 "https://www.citadela.hr/zemljista/veli-rat-gradevinsko-zemljiste-prvi-red-do-mora-2049-m2" "Mozilla/5.0 (Windows NT 10.0; Win64; x64) AppleWebKit/537.36 (KHTML, like Gecko) Chrome/75.0.3770.142 Safari/537.36"
66.249.73.156 - - [18/Jul/2019:11:43:56 +0000] "GET /pretraga?category=&type=&place=14&area=&price=100000&surface=200 HTTP/1.1" 500 49618 "-" "Mozilla/5.0 (Linux; Android 6.0.1; Nexus 5X Build/MMB29P) AppleWebKit/537.36 (KHTML, like Gecko) Chrome/41.0.2272.96 Mobile Safari/537.36 (compatible; Googlebot/2.1; +http://www.google.com/bot.html)"
212.92.196.171 - - [18/Jul/2019:11:44:00 +0000] "GET /uploads/images/6c2d5b2f890cbd8ad3b6c5d493e336e0.jpg HTTP/1.1" 200 222718 "https://www.citadela.hr/zemljista/veli-rat-gradevinsko-zemljiste-prvi-red-do-mora-2049-m2" "Mozilla/5.0 (Windows NT 10.0; Win64; x64) AppleWebKit/537.36 (KHTML, like Gecko) Chrome/75.0.3770.142 Safari/537.36"
66.249.73.154 - - [18/Jul/2019:11:45:39 +0000] "GET /pretraga?category=&type=&place=14&area=&price=100000&surface=200 HTTP/1.1" 500 49618 "-" "Mozilla/5.0 (Linux; Android 6.0.1; Nexus 5X Build/MMB29P) AppleWebKit/537.36 (KHTML, like Gecko) Chrome/41.0.2272.96 Mobile Safari/537.36 (compatible; Googlebot/2.1; +http://www.google.com/bot.html)"
66.249.73.154 - - [18/Jul/2019:11:47:21 +0000] "GET /en/search?category=&type=&place=14&area=&price=&surface=10 HTTP/1.1" 500 49610 "-" "Mozilla/5.0 (Linux; Android 6.0.1; Nexus 5X Build/MMB29P) AppleWebKit/537.36 (KHTML, like Gecko) Chrome/41.0.2272.96 Mobile Safari/537.36 (compatible; Googlebot/2.1; +http://www.google.com/bot.html)"
66.249.73.156 - - [18/Jul/2019:11:49:04 +0000] "GET /hr/pretraga?category=&type=&place=43&area=&price=1000000&surface=100 HTTP/1.1" 500 49618 "-" "Mozilla/5.0 (Linux; Android 6.0.1; Nexus 5X Build/MMB29P) AppleWebKit/537.36 (KHTML, like Gecko) Chrome/41.0.2272.96 Mobile Safari/537.36 (compatible; Googlebot/2.1; +http://www.google.com/bot.html)"
66.249.73.156 - - [18/Jul/2019:11:50:46 +0000] "GET /en/search?category=&type=&place=6&area=&price=200000&surface=50 HTTP/1.1" 500 49610 "-" "Mozilla/5.0 (Linux; Android 6.0.1; Nexus 5X Build/MMB29P) AppleWebKit/537.36 (KHTML, like Gecko) Chrome/41.0.2272.96 Mobile Safari/537.36 (compatible; Googlebot/2.1; +http://www.google.com/bot.html)"
66.249.73.156 - - [18/Jul/2019:11:52:28 +0000] "GET /pretraga?category=&type=&place=10&area=&price=100000&surface=100 HTTP/1.1" 500 49618 "-" "Mozilla/5.0 (Linux; Android 6.0.1; Nexus 5X Build/MMB29P) AppleWebKit/537.36 (KHTML, like Gecko) Chrome/41.0.2272.96 Mobile Safari/537.36 (compatible; Googlebot/2.1; +http://www.google.com/bot.html)"
66.249.73.154 - - [18/Jul/2019:11:54:11 +0000] "GET /en/search?category=&type=&place=&area=213&price=500000&surface=50&page=3 HTTP/1.1" 200 3965 "-" "Mozilla/5.0 (Linux; Android 6.0.1; Nexus 5X Build/MMB29P) AppleWebKit/537.36 (KHTML, like Gecko) Chrome/41.0.2272.96 Mobile Safari/537.36 (compatible; Googlebot/2.1; +http://www.google.com/bot.html)"
66.249.73.156 - - [18/Jul/2019:11:57:35 +0000] "GET /en/search?category=&type=&place=&area=73&price=500000&surface=50&page=5 HTTP/1.1" 200 3964 "-" "Mozilla/5.0 (Linux; Android 6.0.1; Nexus 5X Build/MMB29P) AppleWebKit/537.36 (KHTML, like Gecko) Chrome/41.0.2272.96 Mobile Safari/537.36 (compatible; Googlebot/2.1; +http://www.google.com/bot.html)"
216.244.66.226 - - [18/Jul/2019:11:57:56 +0000] "GET /robots.txt HTTP/1.1" 301 242 "-" "Mozilla/5.0 (compatible; DotBot/1.1; http://www.opensiteexplorer.org/dotbot, help@moz.com)"
216.244.66.226 - - [18/Jul/2019:11:57:58 +0000] "GET /robots.txt HTTP/1.1" 200 24 "-" "Mozilla/5.0 (compatible; DotBot/1.1; http://www.opensiteexplorer.org/dotbot, help@moz.com)"
88.207.29.107 - - [18/Jul/2019:12:00:00 +0000] "GET /uploads/images/74bfdd7673d7b8720a33b1b0fb4e7de4.jpg HTTP/1.1" 200 184099 "https://www.google.com/" "Mozilla/5.0 (Windows NT 10.0; Win64; x64) AppleWebKit/537.36 (KHTML, like Gecko) Chrome/75.0.3770.142 Safari/537.36"
66.249.73.154 - - [18/Jul/2019:12:02:43 +0000] "GET /pretraga?category=&type=&place=12&area=&price=100000&surface= HTTP/1.1" 500 49618 "-" "Mozilla/5.0 (Linux; Android 6.0.1; Nexus 5X Build/MMB29P) AppleWebKit/537.36 (KHTML, like Gecko) Chrome/41.0.2272.96 Mobile Safari/537.36 (compatible; Googlebot/2.1; +http://www.google.com/bot.html)"
66.249.73.158 - - [18/Jul/2019:12:06:07 +0000] "GET /pretraga?category=&type=sale&place=&area=&price=&surface=200&page=6 HTTP/1.1" 200 5608 "-" "Mozilla/5.0 (Linux; Android 6.0.1; Nexus 5X Build/MMB29P) AppleWebKit/537.36 (KHTML, like Gecko) Chrome/41.0.2272.96 Mobile Safari/537.36 (compatible; Googlebot/2.1; +http://www.google.com/bot.html)"
46.239.54.216 - - [18/Jul/2019:12:11:21 +0000] "GET /uploads/thumbnails/ffde9baa82e2909099d396d53b50ab84.JPG HTTP/1.1" 200 39056 "https://www.google.com/" "Mozilla/5.0 (Windows NT 5.1) AppleWebKit/537.36 (KHTML, like Gecko) Chrome/49.0.2623.112 Safari/537.36"
66.249.73.158 - - [18/Jul/2019:12:16:22 +0000] "GET /en/search?category=&type=&place=8&area=&price=500000&surface=50 HTTP/1.1" 500 49610 "-" "Mozilla/5.0 (Linux; Android 6.0.1; Nexus 5X Build/MMB29P) AppleWebKit/537.36 (KHTML, like Gecko) Chrome/41.0.2272.96 Mobile Safari/537.36 (compatible; Googlebot/2.1; +http://www.google.com/bot.html)"
46.239.54.216 - - [18/Jul/2019:12:17:13 +0000] "GET /uploads/thumbnails/a0cef79b1edcd8b6bca5281ba8334050.JPG HTTP/1.1" 200 54335 "https://www.google.com/" "Mozilla/5.0 (Windows NT 5.1) AppleWebKit/537.36 (KHTML, like Gecko) Chrome/49.0.2623.112 Safari/537.36"
66.249.73.156 - - [18/Jul/2019:12:18:04 +0000] "GET /pretraga?category=&type=&place=16&area=&price=50000&surface=10 HTTP/1.1" 500 49618 "-" "Mozilla/5.0 (Linux; Android 6.0.1; Nexus 5X Build/MMB29P) AppleWebKit/537.36 (KHTML, like Gecko) Chrome/41.0.2272.96 Mobile Safari/537.36 (compatible; Googlebot/2.1; +http://www.google.com/bot.html)"
46.229.168.144 - - [18/Jul/2019:12:19:40 +0000] "GET /robots.txt HTTP/1.1" 200 24 "-" "Mozilla/5.0 (compatible; SemrushBot/3~bl; +http://www.semrush.com/bot.html)"
46.229.168.151 - - [18/Jul/2019:12:19:42 +0000] "GET /en/search?page=10 HTTP/1.1" 200 4805 "-" "Mozilla/5.0 (compatible; SemrushBot/3~bl; +http://www.semrush.com/bot.html)"
66.249.73.156 - - [18/Jul/2019:12:19:46 +0000] "GET /en/search?category=&place=4&price=50000&surface= HTTP/1.1" 500 49610 "-" "Mozilla/5.0 (Linux; Android 6.0.1; Nexus 5X Build/MMB29P) AppleWebKit/537.36 (KHTML, like Gecko) Chrome/41.0.2272.96 Mobile Safari/537.36 (compatible; Googlebot/2.1; +http://www.google.com/bot.html)"
66.249.73.154 - - [18/Jul/2019:12:21:29 +0000] "GET /pretraga?category=&place=36&price=200000&surface=50 HTTP/1.1" 500 49618 "-" "Mozilla/5.0 (Linux; Android 6.0.1; Nexus 5X Build/MMB29P) AppleWebKit/537.36 (KHTML, like Gecko) Chrome/41.0.2272.96 Mobile Safari/537.36 (compatible; Googlebot/2.1; +http://www.google.com/bot.html)"
46.239.54.216 - - [18/Jul/2019:12:22:00 +0000] "GET /uploads/thumbnails/f270bdeaf9a79a651d7e5f75a4c0b7ba.JPG HTTP/1.1" 200 37792 "https://www.google.com/" "Mozilla/5.0 (Windows NT 5.1) AppleWebKit/537.36 (KHTML, like Gecko) Chrome/49.0.2623.112 Safari/537.36"
66.249.73.154 - - [18/Jul/2019:12:23:11 +0000] "GET /en/search?category=&type=&place=36&area=229&price=50000&surface=100 HTTP/1.1" 500 49610 "-" "Mozilla/5.0 (Linux; Android 6.0.1; Nexus 5X Build/MMB29P) AppleWebKit/537.36 (KHTML, like Gecko) Chrome/41.0.2272.96 Mobile Safari/537.36 (compatible; Googlebot/2.1; +http://www.google.com/bot.html)"
66.249.73.154 - - [18/Jul/2019:12:24:53 +0000] "GET /pretraga?category=&type=&place=13&area=&price=50000&surface=100 HTTP/1.1" 500 49618 "-" "Mozilla/5.0 (Linux; Android 6.0.1; Nexus 5X Build/MMB29P) AppleWebKit/537.36 (KHTML, like Gecko) Chrome/41.0.2272.96 Mobile Safari/537.36 (compatible; Googlebot/2.1; +http://www.google.com/bot.html)"
66.249.73.154 - - [18/Jul/2019:12:26:36 +0000] "GET /pretraga?category=&type=&place=6&area=&price=100000&surface= HTTP/1.1" 500 49618 "-" "Mozilla/5.0 (Linux; Android 6.0.1; Nexus 5X Build/MMB29P) AppleWebKit/537.36 (KHTML, like Gecko) Chrome/41.0.2272.96 Mobile Safari/537.36 (compatible; Googlebot/2.1; +http://www.google.com/bot.html)"
216.244.66.226 - - [18/Jul/2019:12:32:51 +0000] "GET /en/apartments/vrsi-mulo-troetazni-trosoban-stan-12332-m2-novogradnja HTTP/1.1" 500 25403 "-" "Mozilla/5.0 (compatible; DotBot/1.1; http://www.opensiteexplorer.org/dotbot, help@moz.com)"
66.249.73.154 - - [18/Jul/2019:12:33:25 +0000] "GET /en/search?category=3&type=sale&place=&area=&price=100000&surface=100&page=2 HTTP/1.1" 200 5266 "-" "Mozilla/5.0 (Linux; Android 6.0.1; Nexus 5X Build/MMB29P) AppleWebKit/537.36 (KHTML, like Gecko) Chrome/41.0.2272.96 Mobile Safari/537.36 (compatible; Googlebot/2.1; +http://www.google.com/bot.html)"
46.239.54.216 - - [18/Jul/2019:12:36:44 +0000] "GET /uploads/thumbnails/cd9a4c1fa3770e5241a9a72b4e9ff21f.JPG HTTP/1.1" 200 31751 "https://www.google.com/" "Mozilla/5.0 (Windows NT 5.1) AppleWebKit/537.36 (KHTML, like Gecko) Chrome/49.0.2623.112 Safari/537.36"
46.229.168.161 - - [18/Jul/2019:12:38:48 +0000] "GET /hr/kuce/sv-petar-na-moru-kuca-sa-6-apartmana-i-pogledom-na-more-39637m2 HTTP/1.1" 200 6330 "-" "Mozilla/5.0 (compatible; SemrushBot/3~bl; +http://www.semrush.com/bot.html)"
66.249.73.154 - - [18/Jul/2019:12:40:15 +0000] "GET /pretraga?category=&type=&place=9&area=&price=500000&surface=200 HTTP/1.1" 500 49618 "-" "Mozilla/5.0 (Linux; Android 6.0.1; Nexus 5X Build/MMB29P) AppleWebKit/537.36 (KHTML, like Gecko) Chrome/41.0.2272.96 Mobile Safari/537.36 (compatible; Googlebot/2.1; +http://www.google.com/bot.html)"
66.249.73.154 - - [18/Jul/2019:12:41:58 +0000] "GET /hr/pretraga?category=&type=&place=50&area=&price=50000&surface=100 HTTP/1.1" 500 49618 "-" "Mozilla/5.0 (Linux; Android 6.0.1; Nexus 5X Build/MMB29P) AppleWebKit/537.36 (KHTML, like Gecko) Chrome/41.0.2272.96 Mobile Safari/537.36 (compatible; Googlebot/2.1; +http://www.google.com/bot.html)"
66.249.73.158 - - [18/Jul/2019:12:43:39 +0000] "GET /pretraga?category=&type=&place=16&area=&price=&surface=200 HTTP/1.1" 500 49618 "-" "Mozilla/5.0 (Linux; Android 6.0.1; Nexus 5X Build/MMB29P) AppleWebKit/537.36 (KHTML, like Gecko) Chrome/41.0.2272.96 Mobile Safari/537.36 (compatible; Googlebot/2.1; +http://www.google.com/bot.html)"
216.244.66.226 - - [18/Jul/2019:12:43:49 +0000] "GET /robots.txt HTTP/1.1" 301 242 "-" "Mozilla/5.0 (compatible; DotBot/1.1; http://www.opensiteexplorer.org/dotbot, help@moz.com)"
216.244.66.226 - - [18/Jul/2019:12:43:50 +0000] "GET /robots.txt HTTP/1.1" 200 24 "-" "Mozilla/5.0 (compatible; DotBot/1.1; http://www.opensiteexplorer.org/dotbot, help@moz.com)"
66.249.73.154 - - [18/Jul/2019:12:45:22 +0000] "GET /apartmani/bibinje-trosoban-apartman-25-metara-od-plaze-10079-m2-1389-m2 HTTP/1.1" 500 25403 "-" "Mozilla/5.0 (Linux; Android 6.0.1; Nexus 5X Build/MMB29P) AppleWebKit/537.36 (KHTML, like Gecko) Chrome/41.0.2272.96 Mobile Safari/537.36 (compatible; Googlebot/2.1; +http://www.google.com/bot.html)"
66.249.73.154 - - [18/Jul/2019:12:47:04 +0000] "GET /en/search?category=&type=&place=15&area=&price=&surface=100 HTTP/1.1" 500 49610 "-" "Mozilla/5.0 (Linux; Android 6.0.1; Nexus 5X Build/MMB29P) AppleWebKit/537.36 (KHTML, like Gecko) Chrome/41.0.2272.96 Mobile Safari/537.36 (compatible; Googlebot/2.1; +http://www.google.com/bot.html)"
216.244.66.226 - - [18/Jul/2019:12:57:34 +0000] "GET /en/apartments/bibinje-trosoban-apartman-25-metara-od-plaze-10324-m2-1307-m2 HTTP/1.1" 500 25403 "-" "Mozilla/5.0 (compatible; DotBot/1.1; http://www.opensiteexplorer.org/dotbot, help@moz.com)"
216.244.66.226 - - [18/Jul/2019:12:58:05 +0000] "GET /hr/apartmani/bibinje-trosoban-apartman-25-metara-od-plaze-9971-m2-1504-m2 HTTP/1.1" 500 25403 "-" "Mozilla/5.0 (compatible; DotBot/1.1; http://www.opensiteexplorer.org/dotbot, help@moz.com)"
85.114.42.205 - - [18/Jul/2019:13:01:06 +0000] "GET /uploads/thumbnails/0be0420fb967fffc033d8e376063a64e.jpg HTTP/1.1" 200 36894 "https://www.google.com/" "Mozilla/5.0 (Windows NT 10.0; Win64; x64) AppleWebKit/537.36 (KHTML, like Gecko) Chrome/75.0.3770.142 Safari/537.36"
