66.249.66.218 - - [18/Jul/2019:16:20:20 +0000] "GET /pretraga?category=&type=&place=9&area=&price=500000&surface=200 HTTP/1.1" 500 49618 "-" "Mozilla/5.0 (Linux; Android 6.0.1; Nexus 5X Build/MMB29P) AppleWebKit/537.36 (KHTML, like Gecko) Chrome/41.0.2272.96 Mobile Safari/537.36 (compatible; Googlebot/2.1; +http://www.google.com/bot.html)"
66.249.66.218 - - [18/Jul/2019:16:25:28 +0000] "GET /kuce/bibinje-kuca-drugi-red-do-mora-s-izravnim-pristupom-na-plazu-386-m2 HTTP/1.1" 200 6091 "-" "Mozilla/5.0 (compatible; Googlebot/2.1; +http://www.google.com/bot.html)"
66.249.66.222 - - [18/Jul/2019:16:31:02 +0000] "GET /uploads/thumbnails/c085f09d62c0ce2515144a1c029943c0.jpg HTTP/1.1" 200 25594 "-" "Googlebot-Image/1.0"
66.249.66.220 - - [18/Jul/2019:16:37:02 +0000] "GET /en/search?category=&place=4&price=100000&surface=100 HTTP/1.1" 500 49610 "-" "Mozilla/5.0 (Linux; Android 6.0.1; Nexus 5X Build/MMB29P) AppleWebKit/537.36 (KHTML, like Gecko) Chrome/41.0.2272.96 Mobile Safari/537.36 (compatible; Googlebot/2.1; +http://www.google.com/bot.html)"
216.244.66.226 - - [18/Jul/2019:16:37:17 +0000] "GET /robots.txt HTTP/1.1" 301 242 "-" "Mozilla/5.0 (compatible; DotBot/1.1; http://www.opensiteexplorer.org/dotbot, help@moz.com)"
216.244.66.226 - - [18/Jul/2019:16:37:19 +0000] "GET /robots.txt HTTP/1.1" 200 24 "-" "Mozilla/5.0 (compatible; DotBot/1.1; http://www.opensiteexplorer.org/dotbot, help@moz.com)"
66.249.66.218 - - [18/Jul/2019:16:37:24 +0000] "GET /en/search?category=&type=&place=18&area=&price=50000&surface=10 HTTP/1.1" 500 49610 "-" "Mozilla/5.0 (Linux; Android 6.0.1; Nexus 5X Build/MMB29P) AppleWebKit/537.36 (KHTML, like Gecko) Chrome/41.0.2272.96 Mobile Safari/537.36 (compatible; Googlebot/2.1; +http://www.google.com/bot.html)"
66.249.66.218 - - [18/Jul/2019:16:39:06 +0000] "GET /hr/pretraga?category=&type=&place=49&area=&price=300000&surface=200 HTTP/1.1" 500 49618 "-" "Mozilla/5.0 (Linux; Android 6.0.1; Nexus 5X Build/MMB29P) AppleWebKit/537.36 (KHTML, like Gecko) Chrome/41.0.2272.96 Mobile Safari/537.36 (compatible; Googlebot/2.1; +http://www.google.com/bot.html)"
66.249.66.222 - - [18/Jul/2019:16:42:31 +0000] "GET /hr/pretraga?category=&type=&place=50&area=&price=500000&surface=10 HTTP/1.1" 500 49618 "-" "Mozilla/5.0 (Linux; Android 6.0.1; Nexus 5X Build/MMB29P) AppleWebKit/537.36 (KHTML, like Gecko) Chrome/41.0.2272.96 Mobile Safari/537.36 (compatible; Googlebot/2.1; +http://www.google.com/bot.html)"
66.249.66.218 - - [18/Jul/2019:16:44:13 +0000] "GET /en/search?category=&type=&place=15&area=&price=&surface=100 HTTP/1.1" 500 49610 "-" "Mozilla/5.0 (Linux; Android 6.0.1; Nexus 5X Build/MMB29P) AppleWebKit/537.36 (KHTML, like Gecko) Chrome/41.0.2272.96 Mobile Safari/537.36 (compatible; Googlebot/2.1; +http://www.google.com/bot.html)"
66.249.66.218 - - [18/Jul/2019:16:45:56 +0000] "GET /pretraga?category=&type=&place=47&area=&price=100000&surface=200 HTTP/1.1" 500 49618 "-" "Mozilla/5.0 (Linux; Android 6.0.1; Nexus 5X Build/MMB29P) AppleWebKit/537.36 (KHTML, like Gecko) Chrome/41.0.2272.96 Mobile Safari/537.36 (compatible; Googlebot/2.1; +http://www.google.com/bot.html)"
66.249.66.222 - - [18/Jul/2019:16:47:38 +0000] "GET /apartmani/bibinje-trosoban-apartman-25-metara-od-plaze-10079-m2-1389-m2 HTTP/1.1" 500 25403 "-" "Mozilla/5.0 (Linux; Android 6.0.1; Nexus 5X Build/MMB29P) AppleWebKit/537.36 (KHTML, like Gecko) Chrome/41.0.2272.96 Mobile Safari/537.36 (compatible; Googlebot/2.1; +http://www.google.com/bot.html)"
66.249.66.220 - - [18/Jul/2019:16:49:21 +0000] "GET /hr/pretraga?category=&type=&place=59&area=&price=200000&surface= HTTP/1.1" 500 49618 "-" "Mozilla/5.0 (Linux; Android 6.0.1; Nexus 5X Build/MMB29P) AppleWebKit/537.36 (KHTML, like Gecko) Chrome/41.0.2272.96 Mobile Safari/537.36 (compatible; Googlebot/2.1; +http://www.google.com/bot.html)"
66.249.66.222 - - [18/Jul/2019:16:51:03 +0000] "GET /en/search?category=&type=&place=9&area=&price=1000000&surface=200 HTTP/1.1" 500 49610 "-" "Mozilla/5.0 (Linux; Android 6.0.1; Nexus 5X Build/MMB29P) AppleWebKit/537.36 (KHTML, like Gecko) Chrome/41.0.2272.96 Mobile Safari/537.36 (compatible; Googlebot/2.1; +http://www.google.com/bot.html)"
66.249.66.222 - - [18/Jul/2019:16:52:45 +0000] "GET /pretraga?category=&type=&place=17&area=&price=200000&surface= HTTP/1.1" 500 49618 "-" "Mozilla/5.0 (Linux; Android 6.0.1; Nexus 5X Build/MMB29P) AppleWebKit/537.36 (KHTML, like Gecko) Chrome/41.0.2272.96 Mobile Safari/537.36 (compatible; Googlebot/2.1; +http://www.google.com/bot.html)"
66.249.66.222 - - [18/Jul/2019:16:54:28 +0000] "GET /pretraga?category=&type=&place=14&area=&price=50000&surface=50 HTTP/1.1" 500 49618 "-" "Mozilla/5.0 (Linux; Android 6.0.1; Nexus 5X Build/MMB29P) AppleWebKit/537.36 (KHTML, like Gecko) Chrome/41.0.2272.96 Mobile Safari/537.36 (compatible; Googlebot/2.1; +http://www.google.com/bot.html)"
66.249.66.218 - - [18/Jul/2019:16:56:10 +0000] "GET /en/search?category=&place=3&price=200000&surface= HTTP/1.1" 500 49610 "-" "Mozilla/5.0 (Linux; Android 6.0.1; Nexus 5X Build/MMB29P) AppleWebKit/537.36 (KHTML, like Gecko) Chrome/41.0.2272.96 Mobile Safari/537.36 (compatible; Googlebot/2.1; +http://www.google.com/bot.html)"
46.229.168.130 - - [18/Jul/2019:16:58:25 +0000] "GET /robots.txt HTTP/1.1" 200 24 "-" "Mozilla/5.0 (compatible; SemrushBot/3~bl; +http://www.semrush.com/bot.html)"
46.229.168.137 - - [18/Jul/2019:16:58:26 +0000] "GET /en/apartments?page=3 HTTP/1.1" 200 3947 "-" "Mozilla/5.0 (compatible; SemrushBot/6~bl; +http://www.semrush.com/bot.html)"
66.249.66.220 - - [18/Jul/2019:16:59:35 +0000] "GET /en/search?category=&type=&place=&area=69&price=&surface=&page=4 HTTP/1.1" 200 3953 "-" "Mozilla/5.0 (Linux; Android 6.0.1; Nexus 5X Build/MMB29P) AppleWebKit/537.36 (KHTML, like Gecko) Chrome/41.0.2272.96 Mobile Safari/537.36 (compatible; Googlebot/2.1; +http://www.google.com/bot.html)"
66.249.66.218 - - [18/Jul/2019:17:08:07 +0000] "GET /pretraga?category=2&type=rent&place=&area=&price=50000&surface=10 HTTP/1.1" 200 3938 "-" "Mozilla/5.0 (Linux; Android 6.0.1; Nexus 5X Build/MMB29P) AppleWebKit/537.36 (KHTML, like Gecko) Chrome/41.0.2272.96 Mobile Safari/537.36 (compatible; Googlebot/2.1; +http://www.google.com/bot.html)"
66.249.66.218 - - [18/Jul/2019:17:11:31 +0000] "GET /en/search?category=&type=&place=&area=68&price=300000&surface=200 HTTP/1.1" 200 3877 "-" "Mozilla/5.0 (Linux; Android 6.0.1; Nexus 5X Build/MMB29P) AppleWebKit/537.36 (KHTML, like Gecko) Chrome/41.0.2272.96 Mobile Safari/537.36 (compatible; Googlebot/2.1; +http://www.google.com/bot.html)"
66.249.66.222 - - [18/Jul/2019:17:14:56 +0000] "GET /en/search?category=&type=&place=51&area=&price=200000&surface= HTTP/1.1" 200 4392 "-" "Mozilla/5.0 (Linux; Android 6.0.1; Nexus 5X Build/MMB29P) AppleWebKit/537.36 (KHTML, like Gecko) Chrome/41.0.2272.96 Mobile Safari/537.36 (compatible; Googlebot/2.1; +http://www.google.com/bot.html)"
66.249.66.218 - - [18/Jul/2019:17:16:38 +0000] "GET /en/search?category=&type=&place=44&area=&price=500000&surface= HTTP/1.1" 200 5043 "-" "Mozilla/5.0 (Linux; Android 6.0.1; Nexus 5X Build/MMB29P) AppleWebKit/537.36 (KHTML, like Gecko) Chrome/41.0.2272.96 Mobile Safari/537.36 (compatible; Googlebot/2.1; +http://www.google.com/bot.html)"
157.55.39.39 - - [18/Jul/2019:17:25:16 +0000] "GET /robots.txt HTTP/1.1" 301 242 "-" "Mozilla/5.0 (compatible; bingbot/2.0; +http://www.bing.com/bingbot.htm)"
40.77.189.213 - - [18/Jul/2019:17:25:17 +0000] "GET /css/bootstrap.css HTTP/1.1" 200 141198 "-" "Mozilla/5.0 (Windows NT 6.1; WOW64) AppleWebKit/534+ (KHTML, like Gecko) BingPreview/1.0b"
157.55.39.39 - - [18/Jul/2019:17:25:17 +0000] "GET /robots.txt HTTP/1.1" 200 24 "-" "Mozilla/5.0 (compatible; bingbot/2.0; +http://www.bing.com/bingbot.htm)"
40.77.189.183 - - [18/Jul/2019:17:25:18 +0000] "GET /css/style.css?v=2 HTTP/1.1" 200 92836 "-" "Mozilla/5.0 (Windows NT 6.1; WOW64) AppleWebKit/534+ (KHTML, like Gecko) BingPreview/1.0b"
40.77.188.147 - - [18/Jul/2019:17:25:20 +0000] "GET /css/font-awesome.css HTTP/1.1" 200 37414 "-" "Mozilla/5.0 (Windows NT 6.1; WOW64) AppleWebKit/534+ (KHTML, like Gecko) BingPreview/1.0b"
40.77.190.216 - - [18/Jul/2019:17:25:21 +0000] "GET /fonts/flaticon.css HTTP/1.1" 200 2508 "-" "Mozilla/5.0 (Windows NT 6.1; WOW64) AppleWebKit/534+ (KHTML, like Gecko) BingPreview/1.0b"
40.77.167.140 - - [18/Jul/2019:17:25:21 +0000] "GET /robots.txt HTTP/1.1" 301 242 "-" "Mozilla/5.0 (compatible; bingbot/2.0; +http://www.bing.com/bingbot.htm)"
40.77.167.140 - - [18/Jul/2019:17:25:21 +0000] "GET /robots.txt HTTP/1.1" 200 24 "-" "Mozilla/5.0 (compatible; bingbot/2.0; +http://www.bing.com/bingbot.htm)"
40.77.189.213 - - [18/Jul/2019:17:25:21 +0000] "GET /css/colors/blue.css?v=2 HTTP/1.1" 200 16168 "-" "Mozilla/5.0 (Windows NT 6.1; WOW64) AppleWebKit/534+ (KHTML, like Gecko) BingPreview/1.0b"
40.77.167.140 - - [18/Jul/2019:17:25:22 +0000] "GET /robots.txt HTTP/1.1" 301 242 "-" "Mozilla/5.0 (compatible; bingbot/2.0; +http://www.bing.com/bingbot.htm)"
40.77.188.6 - - [18/Jul/2019:17:25:22 +0000] "GET /css/jslider.css HTTP/1.1" 200 2554 "-" "Mozilla/5.0 (Windows NT 6.1; WOW64) AppleWebKit/534+ (KHTML, like Gecko) BingPreview/1.0b"
40.77.167.140 - - [18/Jul/2019:17:25:23 +0000] "GET /robots.txt HTTP/1.1" 200 24 "-" "Mozilla/5.0 (compatible; bingbot/2.0; +http://www.bing.com/bingbot.htm)"
40.77.190.226 - - [18/Jul/2019:17:25:23 +0000] "GET /css/responsive.css HTTP/1.1" 200 11472 "-" "Mozilla/5.0 (Windows NT 6.1; WOW64) AppleWebKit/534+ (KHTML, like Gecko) BingPreview/1.0b"
40.77.190.216 - - [18/Jul/2019:17:25:23 +0000] "GET /css/loader.css?v=2 HTTP/1.1" 200 4190 "-" "Mozilla/5.0 (Windows NT 6.1; WOW64) AppleWebKit/534+ (KHTML, like Gecko) BingPreview/1.0b"
40.77.189.62 - - [18/Jul/2019:17:25:24 +0000] "GET /assets/plugins/flag/css/flag-icon.css HTTP/1.1" 200 37528 "-" "Mozilla/5.0 (Windows NT 6.1; WOW64) AppleWebKit/534+ (KHTML, like Gecko) BingPreview/1.0b"
40.77.188.147 - - [18/Jul/2019:17:25:24 +0000] "GET /css/animate.min.css HTTP/1.1" 200 58791 "-" "Mozilla/5.0 (Windows NT 6.1; WOW64) AppleWebKit/534+ (KHTML, like Gecko) BingPreview/1.0b"
40.77.189.48 - - [18/Jul/2019:17:25:25 +0000] "GET /css/jquery.fancybox.css HTTP/1.1" 200 4971 "-" "Mozilla/5.0 (Windows NT 6.1; WOW64) AppleWebKit/534+ (KHTML, like Gecko) BingPreview/1.0b"
40.77.190.226 - - [18/Jul/2019:17:25:25 +0000] "GET /css/owl.css HTTP/1.1" 200 5407 "-" "Mozilla/5.0 (Windows NT 6.1; WOW64) AppleWebKit/534+ (KHTML, like Gecko) BingPreview/1.0b"
40.77.190.109 - - [18/Jul/2019:17:25:27 +0000] "GET /js/jquery.min.js HTTP/1.1" 200 97163 "-" "Mozilla/5.0 (Windows NT 6.1; WOW64) AppleWebKit/534+ (KHTML, like Gecko) BingPreview/1.0b"
40.77.188.120 - - [18/Jul/2019:17:25:29 +0000] "GET /js/bootstrap.min.js HTTP/1.1" 200 37045 "-" "Mozilla/5.0 (Windows NT 6.1; WOW64) AppleWebKit/534+ (KHTML, like Gecko) BingPreview/1.0b"
40.77.189.62 - - [18/Jul/2019:17:25:29 +0000] "GET /js/bootstrap-select.js HTTP/1.1" 200 68790 "-" "Mozilla/5.0 (Windows NT 6.1; WOW64) AppleWebKit/534+ (KHTML, like Gecko) BingPreview/1.0b"
40.77.188.180 - - [18/Jul/2019:17:25:30 +0000] "GET /js/YouTubePopUp.jquery.js HTTP/1.1" 200 2805 "-" "Mozilla/5.0 (Windows NT 6.1; WOW64) AppleWebKit/534+ (KHTML, like Gecko) BingPreview/1.0b"
40.77.188.120 - - [18/Jul/2019:17:25:30 +0000] "GET /js/jquery.fancybox.pack.js HTTP/1.1" 200 23135 "-" "Mozilla/5.0 (Windows NT 6.1; WOW64) AppleWebKit/534+ (KHTML, like Gecko) BingPreview/1.0b"
40.77.189.74 - - [18/Jul/2019:17:25:31 +0000] "GET /js/jquery.fancybox-media.js HTTP/1.1" 200 5305 "-" "Mozilla/5.0 (Windows NT 6.1; WOW64) AppleWebKit/534+ (KHTML, like Gecko) BingPreview/1.0b"
40.77.188.17 - - [18/Jul/2019:17:25:32 +0000] "GET /js/owl.js HTTP/1.1" 200 79152 "-" "Mozilla/5.0 (Windows NT 6.1; WOW64) AppleWebKit/534+ (KHTML, like Gecko) BingPreview/1.0b"
40.77.188.136 - - [18/Jul/2019:17:25:33 +0000] "GET /js/mixitup.js HTTP/1.1" 200 52224 "-" "Mozilla/5.0 (Windows NT 6.1; WOW64) AppleWebKit/534+ (KHTML, like Gecko) BingPreview/1.0b"
40.77.188.81 - - [18/Jul/2019:17:25:34 +0000] "GET /js/wow.js HTTP/1.1" 200 6283 "-" "Mozilla/5.0 (Windows NT 6.1; WOW64) AppleWebKit/534+ (KHTML, like Gecko) BingPreview/1.0b"
40.77.189.74 - - [18/Jul/2019:17:25:34 +0000] "GET /js/jshashtable-2.1_src.js HTTP/1.1" 200 10249 "-" "Mozilla/5.0 (Windows NT 6.1; WOW64) AppleWebKit/534+ (KHTML, like Gecko) BingPreview/1.0b"
40.77.189.183 - - [18/Jul/2019:17:25:35 +0000] "GET /js/jquery.numberformatter-1.2.3.js HTTP/1.1" 200 15222 "-" "Mozilla/5.0 (Windows NT 6.1; WOW64) AppleWebKit/534+ (KHTML, like Gecko) BingPreview/1.0b"
40.77.188.6 - - [18/Jul/2019:17:25:35 +0000] "GET /js/tmpl.js HTTP/1.1" 200 1195 "-" "Mozilla/5.0 (Windows NT 6.1; WOW64) AppleWebKit/534+ (KHTML, like Gecko) BingPreview/1.0b"
40.77.190.216 - - [18/Jul/2019:17:25:35 +0000] "GET /js/jquery.dependClass-0.1.js HTTP/1.1" 200 1412 "-" "Mozilla/5.0 (Windows NT 6.1; WOW64) AppleWebKit/534+ (KHTML, like Gecko) BingPreview/1.0b"
40.77.188.81 - - [18/Jul/2019:17:25:35 +0000] "GET /js/draggable-0.1.js HTTP/1.1" 200 4426 "-" "Mozilla/5.0 (Windows NT 6.1; WOW64) AppleWebKit/534+ (KHTML, like Gecko) BingPreview/1.0b"
40.77.189.74 - - [18/Jul/2019:17:25:36 +0000] "GET /js/jquery.slider.js HTTP/1.1" 200 19719 "-" "Mozilla/5.0 (Windows NT 6.1; WOW64) AppleWebKit/534+ (KHTML, like Gecko) BingPreview/1.0b"
40.77.189.62 - - [18/Jul/2019:17:25:36 +0000] "GET /js/jquery.barrating.js HTTP/1.1" 200 20041 "-" "Mozilla/5.0 (Windows NT 6.1; WOW64) AppleWebKit/534+ (KHTML, like Gecko) BingPreview/1.0b"
40.77.188.166 - - [18/Jul/2019:17:25:37 +0000] "GET /js/custom.js HTTP/1.1" 200 19442 "-" "Mozilla/5.0 (Windows NT 6.1; WOW64) AppleWebKit/534+ (KHTML, like Gecko) BingPreview/1.0b"
40.77.189.213 - - [18/Jul/2019:17:25:38 +0000] "GET /assets/plugins/flag/flags/4x3/hr.svg HTTP/1.1" 200 80697 "-" "Mozilla/5.0 (Windows NT 6.1; WOW64) AppleWebKit/534+ (KHTML, like Gecko) BingPreview/1.0b"
40.77.189.55 - - [18/Jul/2019:17:25:39 +0000] "GET /fonts/fontawesome-webfont.ttf?v=4.7.0 HTTP/1.1" 200 165548 "-" "Mozilla/5.0 (Windows NT 6.1; WOW64) AppleWebKit/534+ (KHTML, like Gecko) BingPreview/1.0b"
66.249.66.218 - - [18/Jul/2019:17:30:18 +0000] "GET /pretraga?category=&type=&place=19&area=&price=200000&surface=100 HTTP/1.1" 500 49618 "-" "Mozilla/5.0 (Linux; Android 6.0.1; Nexus 5X Build/MMB29P) AppleWebKit/537.36 (KHTML, like Gecko) Chrome/41.0.2272.96 Mobile Safari/537.36 (compatible; Googlebot/2.1; +http://www.google.com/bot.html)"
66.249.66.218 - - [18/Jul/2019:17:32:00 +0000] "GET /en/search?category=&type=&place=18&area=&price=500000&surface=50 HTTP/1.1" 500 49610 "-" "Mozilla/5.0 (Linux; Android 6.0.1; Nexus 5X Build/MMB29P) AppleWebKit/537.36 (KHTML, like Gecko) Chrome/41.0.2272.96 Mobile Safari/537.36 (compatible; Googlebot/2.1; +http://www.google.com/bot.html)"
66.249.66.218 - - [18/Jul/2019:17:33:42 +0000] "GET /en/houses/murter-centar-kuca-treci-red-do-plaze-25898-m2 HTTP/1.1" 500 25403 "-" "Mozilla/5.0 (Linux; Android 6.0.1; Nexus 5X Build/MMB29P) AppleWebKit/537.36 (KHTML, like Gecko) Chrome/41.0.2272.96 Mobile Safari/537.36 (compatible; Googlebot/2.1; +http://www.google.com/bot.html)"
66.249.66.218 - - [18/Jul/2019:17:35:25 +0000] "GET /pretraga?category=&type=&place=10&area=&price=1000000&surface= HTTP/1.1" 500 49618 "-" "Mozilla/5.0 (Linux; Android 6.0.1; Nexus 5X Build/MMB29P) AppleWebKit/537.36 (KHTML, like Gecko) Chrome/41.0.2272.96 Mobile Safari/537.36 (compatible; Googlebot/2.1; +http://www.google.com/bot.html)"
66.249.66.220 - - [18/Jul/2019:17:37:07 +0000] "GET /pretraga?category=&type=&place=7&area=&price=1000000&surface=200 HTTP/1.1" 500 49618 "-" "Mozilla/5.0 (Linux; Android 6.0.1; Nexus 5X Build/MMB29P) AppleWebKit/537.36 (KHTML, like Gecko) Chrome/41.0.2272.96 Mobile Safari/537.36 (compatible; Googlebot/2.1; +http://www.google.com/bot.html)"
66.249.66.220 - - [18/Jul/2019:17:38:49 +0000] "GET /en/apartments/bibinje-dvosoban-apartman-drugi-red-do-mora-5933-m2-1348-m2 HTTP/1.1" 500 25403 "-" "Mozilla/5.0 (Linux; Android 6.0.1; Nexus 5X Build/MMB29P) AppleWebKit/537.36 (KHTML, like Gecko) Chrome/41.0.2272.96 Mobile Safari/537.36 (compatible; Googlebot/2.1; +http://www.google.com/bot.html)"
66.249.66.218 - - [18/Jul/2019:17:40:32 +0000] "GET /pretraga?category=&type=&place=47&area=&price=100000&surface=100 HTTP/1.1" 500 49618 "-" "Mozilla/5.0 (Linux; Android 6.0.1; Nexus 5X Build/MMB29P) AppleWebKit/537.36 (KHTML, like Gecko) Chrome/41.0.2272.96 Mobile Safari/537.36 (compatible; Googlebot/2.1; +http://www.google.com/bot.html)"
66.249.66.222 - - [18/Jul/2019:17:42:14 +0000] "GET /pretraga?category=&type=&place=16&area=&price=100000&surface=100 HTTP/1.1" 500 49618 "-" "Mozilla/5.0 (Linux; Android 6.0.1; Nexus 5X Build/MMB29P) AppleWebKit/537.36 (KHTML, like Gecko) Chrome/41.0.2272.96 Mobile Safari/537.36 (compatible; Googlebot/2.1; +http://www.google.com/bot.html)"
66.249.66.218 - - [18/Jul/2019:17:43:56 +0000] "GET /en/search?category=&place=4&price=100000&surface=100 HTTP/1.1" 500 49610 "-" "Mozilla/5.0 (Linux; Android 6.0.1; Nexus 5X Build/MMB29P) AppleWebKit/537.36 (KHTML, like Gecko) Chrome/41.0.2272.96 Mobile Safari/537.36 (compatible; Googlebot/2.1; +http://www.google.com/bot.html)"
66.249.66.218 - - [18/Jul/2019:17:45:39 +0000] "GET /hr/pretraga?category=&type=&place=7&area=&price=300000&surface=10 HTTP/1.1" 500 49618 "-" "Mozilla/5.0 (Linux; Android 6.0.1; Nexus 5X Build/MMB29P) AppleWebKit/537.36 (KHTML, like Gecko) Chrome/41.0.2272.96 Mobile Safari/537.36 (compatible; Googlebot/2.1; +http://www.google.com/bot.html)"
46.229.168.152 - - [18/Jul/2019:17:48:41 +0000] "GET /robots.txt HTTP/1.1" 200 24 "-" "Mozilla/5.0 (compatible; SemrushBot/3~bl; +http://www.semrush.com/bot.html)"
46.229.168.135 - - [18/Jul/2019:17:48:42 +0000] "GET /hr/ponudi-nekretninu HTTP/1.1" 200 3903 "-" "Mozilla/5.0 (compatible; SemrushBot/3~bl; +http://www.semrush.com/bot.html)"
193.77.54.136 - - [18/Jul/2019:17:55:29 +0000] "GET /uploads/thumbnails/93423a315b28b8a508b33627bd7a9ac6.jpeg HTTP/1.1" 200 43057 "https://www.google.com/" "Mozilla/5.0 (Linux; Android 7.0; BAH-W09 Build/HUAWEIBAH-W09; wv) AppleWebKit/537.36 (KHTML, like Gecko) Version/4.0 Chrome/75.0.3770.143 Safari/537.36 GSA/10.20.3.21.arm64"
193.77.54.136 - - [18/Jul/2019:17:56:38 +0000] "GET /uploads/thumbnails/2da7c9df1c852a66e3449458e8c711b8.jpg HTTP/1.1" 200 57066 "https://www.google.com/" "Mozilla/5.0 (Linux; Android 7.0; BAH-W09 Build/HUAWEIBAH-W09; wv) AppleWebKit/537.36 (KHTML, like Gecko) Version/4.0 Chrome/75.0.3770.143 Safari/537.36 GSA/10.20.3.21.arm64"
66.249.66.222 - - [18/Jul/2019:17:59:18 +0000] "GET /pretraga?category=&type=&place=9&area=&price=500000&surface=200 HTTP/1.1" 500 49618 "-" "Mozilla/5.0 (Linux; Android 6.0.1; Nexus 5X Build/MMB29P) AppleWebKit/537.36 (KHTML, like Gecko) Chrome/41.0.2272.96 Mobile Safari/537.36 (compatible; Googlebot/2.1; +http://www.google.com/bot.html)"
193.77.54.136 - - [18/Jul/2019:17:59:48 +0000] "GET /uploads/thumbnails/4b215eb7f215ee4096dc5353254554bb.jpeg HTTP/1.1" 200 38491 "https://www.google.com/" "Mozilla/5.0 (Linux; Android 7.0; BAH-W09 Build/HUAWEIBAH-W09; wv) AppleWebKit/537.36 (KHTML, like Gecko) Version/4.0 Chrome/75.0.3770.143 Safari/537.36 GSA/10.20.3.21.arm64"
66.249.66.218 - - [18/Jul/2019:18:01:00 +0000] "GET /en/search?category=&type=&place=15&area=&price=&surface=100 HTTP/1.1" 500 49610 "-" "Mozilla/5.0 (Linux; Android 6.0.1; Nexus 5X Build/MMB29P) AppleWebKit/537.36 (KHTML, like Gecko) Chrome/41.0.2272.96 Mobile Safari/537.36 (compatible; Googlebot/2.1; +http://www.google.com/bot.html)"
66.249.66.218 - - [18/Jul/2019:18:02:42 +0000] "GET /pretraga?category=&type=&place=20&area=&price=50000&surface=50 HTTP/1.1" 500 49618 "-" "Mozilla/5.0 (Linux; Android 6.0.1; Nexus 5X Build/MMB29P) AppleWebKit/537.36 (KHTML, like Gecko) Chrome/41.0.2272.96 Mobile Safari/537.36 (compatible; Googlebot/2.1; +http://www.google.com/bot.html)"
66.249.66.218 - - [18/Jul/2019:18:04:25 +0000] "GET /hr/pretraga?category=&type=&place=43&area=&price=1000000&surface=100 HTTP/1.1" 500 49618 "-" "Mozilla/5.0 (Linux; Android 6.0.1; Nexus 5X Build/MMB29P) AppleWebKit/537.36 (KHTML, like Gecko) Chrome/41.0.2272.96 Mobile Safari/537.36 (compatible; Googlebot/2.1; +http://www.google.com/bot.html)"
66.249.66.220 - - [18/Jul/2019:18:06:07 +0000] "GET /pretraga?category=&type=&place=5&area=&price=1000000&surface=100 HTTP/1.1" 500 49618 "-" "Mozilla/5.0 (Linux; Android 6.0.1; Nexus 5X Build/MMB29P) AppleWebKit/537.36 (KHTML, like Gecko) Chrome/41.0.2272.96 Mobile Safari/537.36 (compatible; Googlebot/2.1; +http://www.google.com/bot.html)"
216.244.66.226 - - [18/Jul/2019:18:09:50 +0000] "GET /robots.txt HTTP/1.1" 301 242 "-" "Mozilla/5.0 (compatible; DotBot/1.1; http://www.opensiteexplorer.org/dotbot, help@moz.com)"
216.244.66.226 - - [18/Jul/2019:18:09:53 +0000] "GET /robots.txt HTTP/1.1" 200 24 "-" "Mozilla/5.0 (compatible; DotBot/1.1; http://www.opensiteexplorer.org/dotbot, help@moz.com)"
31.217.12.150 - - [18/Jul/2019:18:10:37 +0000] "GET /uploads/images/d7932b7b6c9be1e3578d556ed4a63e59.jpg HTTP/1.1" 200 163090 "-" "Mozilla/5.0 (Linux; Android 4.4.2; LG-D320 Build/KOT49I.A1445588744) AppleWebKit/537.36 (KHTML, like Gecko) Version/4.0 Chrome/30.0.0.0 Mobile Safari/537.36 GSA/9.10.7.16.arm"
66.249.66.220 - - [18/Jul/2019:18:14:39 +0000] "GET /en/search?category=&type=&place=5&area=&price=500000&surface=50 HTTP/1.1" 500 49610 "-" "Mozilla/5.0 (Linux; Android 6.0.1; Nexus 5X Build/MMB29P) AppleWebKit/537.36 (KHTML, like Gecko) Chrome/41.0.2272.96 Mobile Safari/537.36 (compatible; Googlebot/2.1; +http://www.google.com/bot.html)"
66.249.66.222 - - [18/Jul/2019:18:16:21 +0000] "GET /pretraga?category=&type=&place=19&area=&price=1000000&surface=10 HTTP/1.1" 500 49618 "-" "Mozilla/5.0 (Linux; Android 6.0.1; Nexus 5X Build/MMB29P) AppleWebKit/537.36 (KHTML, like Gecko) Chrome/41.0.2272.96 Mobile Safari/537.36 (compatible; Googlebot/2.1; +http://www.google.com/bot.html)"
66.249.66.218 - - [18/Jul/2019:18:19:46 +0000] "GET /pretraga?category=&type=&place=17&area=&price=200000&surface= HTTP/1.1" 500 49618 "-" "Mozilla/5.0 (Linux; Android 6.0.1; Nexus 5X Build/MMB29P) AppleWebKit/537.36 (KHTML, like Gecko) Chrome/41.0.2272.96 Mobile Safari/537.36 (compatible; Googlebot/2.1; +http://www.google.com/bot.html)"
66.249.66.218 - - [18/Jul/2019:18:21:29 +0000] "GET /en/search?category=&place=3&price=1000000&surface=200 HTTP/1.1" 500 49610 "-" "Mozilla/5.0 (Linux; Android 6.0.1; Nexus 5X Build/MMB29P) AppleWebKit/537.36 (KHTML, like Gecko) Chrome/41.0.2272.96 Mobile Safari/537.36 (compatible; Googlebot/2.1; +http://www.google.com/bot.html)"
46.188.156.97 - - [18/Jul/2019:18:22:36 +0000] "GET /uploads/thumbnails/91d510547ceaa160ca3ce9901b321e82.jpg HTTP/1.1" 200 38748 "https://www.google.com/" "Mozilla/5.0 (Windows NT 10.0; Win64; x64) AppleWebKit/537.36 (KHTML, like Gecko) Chrome/75.0.3770.142 Safari/537.36"
66.249.66.218 - - [18/Jul/2019:18:31:44 +0000] "GET /pretraga?category=&type=&place=7&area=&price=50000&surface= HTTP/1.1" 500 49618 "-" "Mozilla/5.0 (Linux; Android 6.0.1; Nexus 5X Build/MMB29P) AppleWebKit/537.36 (KHTML, like Gecko) Chrome/41.0.2272.96 Mobile Safari/537.36 (compatible; Googlebot/2.1; +http://www.google.com/bot.html)"
66.249.66.220 - - [18/Jul/2019:18:33:25 +0000] "GET /pretraga?category=&type=rent&place=36&area=&price=500000&surface=100 HTTP/1.1" 500 49618 "-" "Mozilla/5.0 (Linux; Android 6.0.1; Nexus 5X Build/MMB29P) AppleWebKit/537.36 (KHTML, like Gecko) Chrome/41.0.2272.96 Mobile Safari/537.36 (compatible; Googlebot/2.1; +http://www.google.com/bot.html)"
216.244.66.226 - - [18/Jul/2019:18:36:08 +0000] "GET /en/offices/en HTTP/1.1" 500 25403 "-" "Mozilla/5.0 (compatible; DotBot/1.1; http://www.opensiteexplorer.org/dotbot, help@moz.com)"
66.249.66.220 - - [18/Jul/2019:18:43:39 +0000] "GET /hr/pretraga?category=&type=&place=7&area=&price=300000&surface=10 HTTP/1.1" 500 49618 "-" "Mozilla/5.0 (Linux; Android 6.0.1; Nexus 5X Build/MMB29P) AppleWebKit/537.36 (KHTML, like Gecko) Chrome/41.0.2272.96 Mobile Safari/537.36 (compatible; Googlebot/2.1; +http://www.google.com/bot.html)"
66.249.66.222 - - [18/Jul/2019:18:47:04 +0000] "GET /en/apartments/bibinje-dvosoban-apartman-drugi-red-do-mora-5933-m2-1348-m2 HTTP/1.1" 500 25403 "-" "Mozilla/5.0 (Linux; Android 6.0.1; Nexus 5X Build/MMB29P) AppleWebKit/537.36 (KHTML, like Gecko) Chrome/41.0.2272.96 Mobile Safari/537.36 (compatible; Googlebot/2.1; +http://www.google.com/bot.html)"
178.137.87.154 - - [18/Jul/2019:18:47:12 +0000] "GET / HTTP/1.1" 301 232 "https://xn----7sbbahaq9bb5afgiqfliv4m.xn--p1ai/" "Mozilla/4.0 (compatible; MSIE 6.0; Windows NT 5.1; SV1; .NET CLR 1.0.3705; .NET CLR 1.1.4322; .NET CLR 2.0.40607)"
178.137.87.154 - - [18/Jul/2019:18:47:12 +0000] "GET / HTTP/1.1" 301 232 "https://ukrtop.net/" "Mozilla/4.0 (compatible; MSIE 6.0; Windows NT 5.1; SV1; .NET CLR 1.0.3705; .NET CLR 1.1.4322; .NET CLR 2.0.40607)"
178.137.87.154 - - [18/Jul/2019:18:47:13 +0000] "GET / HTTP/1.1" 301 232 "https://xn----7sbbahaq9bb5afgiqfliv4m.xn--p1ai/" "Mozilla/4.0 (compatible; MSIE 6.0; Windows NT 5.1; SV1; .NET CLR 1.0.3705; .NET CLR 1.1.4322; .NET CLR 2.0.40607)"
178.137.87.154 - - [18/Jul/2019:18:47:13 +0000] "GET / HTTP/1.1" 301 232 "https://ukrtop.net/" "Mozilla/4.0 (compatible; MSIE 6.0; Windows NT 5.1; SV1; .NET CLR 1.0.3705; .NET CLR 1.1.4322; .NET CLR 2.0.40607)"
178.137.87.154 - - [18/Jul/2019:18:47:13 +0000] "GET / HTTP/1.1" 301 232 "https://xn----7sbbahaq9bb5afgiqfliv4m.xn--p1ai/" "Mozilla/4.0 (compatible; MSIE 6.0; Windows NT 5.1; SV1; .NET CLR 1.0.3705; .NET CLR 1.1.4322; .NET CLR 2.0.40607)"
178.137.87.154 - - [18/Jul/2019:18:47:13 +0000] "GET / HTTP/1.1" 301 232 "https://ukrtop.net/" "Mozilla/4.0 (compatible; MSIE 6.0; Windows NT 5.1; SV1; .NET CLR 1.0.3705; .NET CLR 1.1.4322; .NET CLR 2.0.40607)"
46.119.114.203 - - [18/Jul/2019:18:47:14 +0000] "GET / HTTP/1.1" 301 232 "https://liky.co.ua/" "Mozilla/4.0 (compatible; MSIE 6.0; Windows NT 5.1; SV1)"
46.119.114.203 - - [18/Jul/2019:18:47:14 +0000] "GET / HTTP/1.1" 301 232 "https://jav-fetish.site/" "Mozilla/4.0 (compatible; MSIE 6.0; Windows NT 5.1; SV1)"
46.119.114.203 - - [18/Jul/2019:18:47:15 +0000] "GET / HTTP/1.1" 301 232 "https://jav-fetish.site/" "Mozilla/4.0 (compatible; MSIE 6.0; Windows NT 5.1; SV1)"
46.119.114.203 - - [18/Jul/2019:18:47:15 +0000] "GET / HTTP/1.1" 301 232 "https://liky.co.ua/" "Mozilla/4.0 (compatible; MSIE 6.0; Windows NT 5.1; SV1)"
46.119.114.203 - - [18/Jul/2019:18:47:15 +0000] "GET / HTTP/1.1" 301 232 "https://jav-fetish.site/" "Mozilla/4.0 (compatible; MSIE 6.0; Windows NT 5.1; SV1)"
46.119.114.203 - - [18/Jul/2019:18:47:15 +0000] "GET / HTTP/1.1" 301 232 "https://liky.co.ua/" "Mozilla/4.0 (compatible; MSIE 6.0; Windows NT 5.1; SV1)"
66.249.66.222 - - [18/Jul/2019:18:48:46 +0000] "GET /pretraga?category=&type=&place=47&area=&price=100000&surface=100 HTTP/1.1" 500 49618 "-" "Mozilla/5.0 (Linux; Android 6.0.1; Nexus 5X Build/MMB29P) AppleWebKit/537.36 (KHTML, like Gecko) Chrome/41.0.2272.96 Mobile Safari/537.36 (compatible; Googlebot/2.1; +http://www.google.com/bot.html)"
66.249.66.220 - - [18/Jul/2019:18:50:29 +0000] "GET /en/houses/murter-centar-kuca-treci-red-do-plaze-25898-m2 HTTP/1.1" 500 25403 "-" "Mozilla/5.0 (Linux; Android 6.0.1; Nexus 5X Build/MMB29P) AppleWebKit/537.36 (KHTML, like Gecko) Chrome/41.0.2272.96 Mobile Safari/537.36 (compatible; Googlebot/2.1; +http://www.google.com/bot.html)"
66.249.66.218 - - [18/Jul/2019:18:52:11 +0000] "GET /hr/pretraga?category=&type=&place=16&area=&price=500000&surface=50 HTTP/1.1" 500 49618 "-" "Mozilla/5.0 (Linux; Android 6.0.1; Nexus 5X Build/MMB29P) AppleWebKit/537.36 (KHTML, like Gecko) Chrome/41.0.2272.96 Mobile Safari/537.36 (compatible; Googlebot/2.1; +http://www.google.com/bot.html)"
216.244.66.226 - - [18/Jul/2019:18:56:53 +0000] "GET /robots.txt HTTP/1.1" 301 242 "-" "Mozilla/5.0 (compatible; DotBot/1.1; http://www.opensiteexplorer.org/dotbot, help@moz.com)"
216.244.66.226 - - [18/Jul/2019:18:56:55 +0000] "GET /robots.txt HTTP/1.1" 200 24 "-" "Mozilla/5.0 (compatible; DotBot/1.1; http://www.opensiteexplorer.org/dotbot, help@moz.com)"
66.249.66.222 - - [18/Jul/2019:18:59:01 +0000] "GET /en/search?category=&type=&place=47&area=&price=500000&surface=100 HTTP/1.1" 500 49610 "-" "Mozilla/5.0 (Linux; Android 6.0.1; Nexus 5X Build/MMB29P) AppleWebKit/537.36 (KHTML, like Gecko) Chrome/41.0.2272.96 Mobile Safari/537.36 (compatible; Googlebot/2.1; +http://www.google.com/bot.html)"
66.249.66.222 - - [18/Jul/2019:19:07:33 +0000] "GET /hr/pretraga?category=&type=&place=53&area=&price=&surface=50 HTTP/1.1" 500 49618 "-" "Mozilla/5.0 (Linux; Android 6.0.1; Nexus 5X Build/MMB29P) AppleWebKit/537.36 (KHTML, like Gecko) Chrome/41.0.2272.96 Mobile Safari/537.36 (compatible; Googlebot/2.1; +http://www.google.com/bot.html)"
66.249.66.222 - - [18/Jul/2019:19:09:15 +0000] "GET /pretraga?category=&type=&place=9&area=&price=500000&surface=200 HTTP/1.1" 500 49618 "-" "Mozilla/5.0 (Linux; Android 6.0.1; Nexus 5X Build/MMB29P) AppleWebKit/537.36 (KHTML, like Gecko) Chrome/41.0.2272.96 Mobile Safari/537.36 (compatible; Googlebot/2.1; +http://www.google.com/bot.html)"
13.66.139.1 - - [18/Jul/2019:19:10:49 +0000] "GET /robots.txt HTTP/1.1" 200 24 "-" "Mozilla/5.0 (compatible; bingbot/2.0; +http://www.bing.com/bingbot.htm)"
13.66.139.1 - - [18/Jul/2019:19:10:50 +0000] "GET /robots.txt HTTP/1.1" 200 24 "-" "Mozilla/5.0 (compatible; bingbot/2.0; +http://www.bing.com/bingbot.htm)"
13.66.139.0 - - [18/Jul/2019:19:10:56 +0000] "GET /apartmani/maslenica-apartman-prvi-red-do-mora HTTP/1.1" 200 5688 "-" "Mozilla/5.0 (compatible; bingbot/2.0; +http://www.bing.com/bingbot.htm)"
66.249.66.220 - - [18/Jul/2019:19:10:57 +0000] "GET /en/search?category=&type=&place=5&area=&price=500000&surface=50 HTTP/1.1" 500 49610 "-" "Mozilla/5.0 (Linux; Android 6.0.1; Nexus 5X Build/MMB29P) AppleWebKit/537.36 (KHTML, like Gecko) Chrome/41.0.2272.96 Mobile Safari/537.36 (compatible; Googlebot/2.1; +http://www.google.com/bot.html)"
66.249.66.222 - - [18/Jul/2019:19:12:40 +0000] "GET /en/search?category=&type=&place=15&area=&price=&surface=100 HTTP/1.1" 500 49610 "-" "Mozilla/5.0 (Linux; Android 6.0.1; Nexus 5X Build/MMB29P) AppleWebKit/537.36 (KHTML, like Gecko) Chrome/41.0.2272.96 Mobile Safari/537.36 (compatible; Googlebot/2.1; +http://www.google.com/bot.html)"
66.249.66.218 - - [18/Jul/2019:19:14:22 +0000] "GET /pretraga?category=&type=&place=6&area=&price=100000&surface= HTTP/1.1" 500 49618 "-" "Mozilla/5.0 (Linux; Android 6.0.1; Nexus 5X Build/MMB29P) AppleWebKit/537.36 (KHTML, like Gecko) Chrome/41.0.2272.96 Mobile Safari/537.36 (compatible; Googlebot/2.1; +http://www.google.com/bot.html)"
66.249.66.222 - - [18/Jul/2019:19:16:04 +0000] "GET /hr/pretraga?category=&type=&place=41&area=&price=50000&surface= HTTP/1.1" 500 49618 "-" "Mozilla/5.0 (Linux; Android 6.0.1; Nexus 5X Build/MMB29P) AppleWebKit/537.36 (KHTML, like Gecko) Chrome/41.0.2272.96 Mobile Safari/537.36 (compatible; Googlebot/2.1; +http://www.google.com/bot.html)"
66.249.66.222 - - [18/Jul/2019:19:17:47 +0000] "GET /pretraga?category=&type=&place=19&area=&price=1000000&surface=10 HTTP/1.1" 500 49618 "-" "Mozilla/5.0 (Linux; Android 6.0.1; Nexus 5X Build/MMB29P) AppleWebKit/537.36 (KHTML, like Gecko) Chrome/41.0.2272.96 Mobile Safari/537.36 (compatible; Googlebot/2.1; +http://www.google.com/bot.html)"
66.249.66.222 - - [18/Jul/2019:19:19:29 +0000] "GET /en/search?category=&place=4&price=100000&surface=100 HTTP/1.1" 500 49610 "-" "Mozilla/5.0 (Linux; Android 6.0.1; Nexus 5X Build/MMB29P) AppleWebKit/537.36 (KHTML, like Gecko) Chrome/41.0.2272.96 Mobile Safari/537.36 (compatible; Googlebot/2.1; +http://www.google.com/bot.html)"
66.249.66.220 - - [18/Jul/2019:19:20:41 +0000] "GET /uploads/thumbnails/73d4521b85ecf599429b376991dcfc2a.jpg HTTP/1.1" 200 60055 "-" "Googlebot-Image/1.0"
66.249.66.218 - - [18/Jul/2019:19:21:11 +0000] "GET /hr/pretraga?category=&type=&place=43&area=&price=1000000&surface=100 HTTP/1.1" 500 49618 "-" "Mozilla/5.0 (Linux; Android 6.0.1; Nexus 5X Build/MMB29P) AppleWebKit/537.36 (KHTML, like Gecko) Chrome/41.0.2272.96 Mobile Safari/537.36 (compatible; Googlebot/2.1; +http://www.google.com/bot.html)"
66.249.66.220 - - [18/Jul/2019:19:30:52 +0000] "GET /uploads/images/4240c5935d321944b9b3dd8ea14094af.jpg HTTP/1.1" 200 136228 "-" "Googlebot-Image/1.0"
66.249.66.222 - - [18/Jul/2019:19:31:26 +0000] "GET /pretraga?category=&type=&place=40&area=160&price=50000&surface=100 HTTP/1.1" 200 3938 "-" "Mozilla/5.0 (Linux; Android 6.0.1; Nexus 5X Build/MMB29P) AppleWebKit/537.36 (KHTML, like Gecko) Chrome/41.0.2272.96 Mobile Safari/537.36 (compatible; Googlebot/2.1; +http://www.google.com/bot.html)"
66.249.66.220 - - [18/Jul/2019:19:36:33 +0000] "GET /en/search?category=&type=sale&place=&area=&price=200000&surface=100&page=6 HTTP/1.1" 200 4018 "-" "Mozilla/5.0 (Linux; Android 6.0.1; Nexus 5X Build/MMB29P) AppleWebKit/537.36 (KHTML, like Gecko) Chrome/41.0.2272.96 Mobile Safari/537.36 (compatible; Googlebot/2.1; +http://www.google.com/bot.html)"
66.249.66.220 - - [18/Jul/2019:19:38:15 +0000] "GET /hr/pretraga?category=&type=&place=53&area=&price=200000&surface=200 HTTP/1.1" 500 49618 "-" "Mozilla/5.0 (Linux; Android 6.0.1; Nexus 5X Build/MMB29P) AppleWebKit/537.36 (KHTML, like Gecko) Chrome/41.0.2272.96 Mobile Safari/537.36 (compatible; Googlebot/2.1; +http://www.google.com/bot.html)"
66.249.66.220 - - [18/Jul/2019:19:41:40 +0000] "GET /hr/pretraga?category=&type=&place=7&area=&price=300000&surface=10 HTTP/1.1" 500 49618 "-" "Mozilla/5.0 (Linux; Android 6.0.1; Nexus 5X Build/MMB29P) AppleWebKit/537.36 (KHTML, like Gecko) Chrome/41.0.2272.96 Mobile Safari/537.36 (compatible; Googlebot/2.1; +http://www.google.com/bot.html)"
35.171.182.29 - - [18/Jul/2019:19:43:07 +0000] "GET /img/logo_header.png?v=2 HTTP/1.1" 200 4348 "-" "Mozilla/5.0 (X11; Linux x86_64) AppleWebKit/537.36 (KHTML, like Gecko) Chrome/58.0.3029.110 Safari/537.36"
66.249.66.222 - - [18/Jul/2019:19:43:22 +0000] "GET /pretraga?category=&type=&place=47&area=&price=100000&surface=100 HTTP/1.1" 500 49618 "-" "Mozilla/5.0 (Linux; Android 6.0.1; Nexus 5X Build/MMB29P) AppleWebKit/537.36 (KHTML, like Gecko) Chrome/41.0.2272.96 Mobile Safari/537.36 (compatible; Googlebot/2.1; +http://www.google.com/bot.html)"
216.244.66.226 - - [18/Jul/2019:19:44:05 +0000] "GET /robots.txt HTTP/1.1" 301 242 "-" "Mozilla/5.0 (compatible; DotBot/1.1; http://www.opensiteexplorer.org/dotbot, help@moz.com)"
216.244.66.226 - - [18/Jul/2019:19:44:07 +0000] "GET /robots.txt HTTP/1.1" 200 24 "-" "Mozilla/5.0 (compatible; DotBot/1.1; http://www.opensiteexplorer.org/dotbot, help@moz.com)"
66.249.66.222 - - [18/Jul/2019:19:45:05 +0000] "GET /hr/pretraga?category=&type=&place=50&area=&price=1000000&surface= HTTP/1.1" 500 49618 "-" "Mozilla/5.0 (Linux; Android 6.0.1; Nexus 5X Build/MMB29P) AppleWebKit/537.36 (KHTML, like Gecko) Chrome/41.0.2272.96 Mobile Safari/537.36 (compatible; Googlebot/2.1; +http://www.google.com/bot.html)"
66.249.66.222 - - [18/Jul/2019:19:46:47 +0000] "GET /en/search?category=&type=&place=12&area=&price=1000000&surface=50 HTTP/1.1" 500 49610 "-" "Mozilla/5.0 (Linux; Android 6.0.1; Nexus 5X Build/MMB29P) AppleWebKit/537.36 (KHTML, like Gecko) Chrome/41.0.2272.96 Mobile Safari/537.36 (compatible; Googlebot/2.1; +http://www.google.com/bot.html)"
66.249.66.220 - - [18/Jul/2019:19:48:29 +0000] "GET /hr/pretraga?category=&type=&place=50&area=&price=500000&surface=10 HTTP/1.1" 500 49618 "-" "Mozilla/5.0 (Linux; Android 6.0.1; Nexus 5X Build/MMB29P) AppleWebKit/537.36 (KHTML, like Gecko) Chrome/41.0.2272.96 Mobile Safari/537.36 (compatible; Googlebot/2.1; +http://www.google.com/bot.html)"
66.249.66.220 - - [18/Jul/2019:19:50:12 +0000] "GET /pretraga?category=&type=&place=17&area=&price=200000&surface= HTTP/1.1" 500 49618 "-" "Mozilla/5.0 (Linux; Android 6.0.1; Nexus 5X Build/MMB29P) AppleWebKit/537.36 (KHTML, like Gecko) Chrome/41.0.2272.96 Mobile Safari/537.36 (compatible; Googlebot/2.1; +http://www.google.com/bot.html)"
66.249.66.222 - - [18/Jul/2019:19:51:54 +0000] "GET /hr/pretraga?category=&type=&place=59&area=&price=200000&surface= HTTP/1.1" 500 49618 "-" "Mozilla/5.0 (Linux; Android 6.0.1; Nexus 5X Build/MMB29P) AppleWebKit/537.36 (KHTML, like Gecko) Chrome/41.0.2272.96 Mobile Safari/537.36 (compatible; Googlebot/2.1; +http://www.google.com/bot.html)"
66.249.66.220 - - [18/Jul/2019:19:53:36 +0000] "GET /en/search?category=&type=&place=15&area=&price=100000&surface=10 HTTP/1.1" 500 49610 "-" "Mozilla/5.0 (Linux; Android 6.0.1; Nexus 5X Build/MMB29P) AppleWebKit/537.36 (KHTML, like Gecko) Chrome/41.0.2272.96 Mobile Safari/537.36 (compatible; Googlebot/2.1; +http://www.google.com/bot.html)"
66.249.66.218 - - [18/Jul/2019:20:07:16 +0000] "GET /kuce/bibinje-kuca-drugi-red-do-mora-s-izravnim-pristupom-na-plazu-386-m2 HTTP/1.1" 200 6097 "-" "Mozilla/5.0 (Linux; Android 6.0.1; Nexus 5X Build/MMB29P) AppleWebKit/537.36 (KHTML, like Gecko) Chrome/41.0.2272.96 Mobile Safari/537.36 (compatible; Googlebot/2.1; +http://www.google.com/bot.html)"
66.249.66.220 - - [18/Jul/2019:20:10:40 +0000] "GET /en/search?category=&type=&place=15&area=&price=&surface=100 HTTP/1.1" 500 49610 "-" "Mozilla/5.0 (Linux; Android 6.0.1; Nexus 5X Build/MMB29P) AppleWebKit/537.36 (KHTML, like Gecko) Chrome/41.0.2272.96 Mobile Safari/537.36 (compatible; Googlebot/2.1; +http://www.google.com/bot.html)"
66.249.66.222 - - [18/Jul/2019:20:12:23 +0000] "GET /pretraga?category=&type=&place=6&area=&price=100000&surface= HTTP/1.1" 500 49618 "-" "Mozilla/5.0 (Linux; Android 6.0.1; Nexus 5X Build/MMB29P) AppleWebKit/537.36 (KHTML, like Gecko) Chrome/41.0.2272.96 Mobile Safari/537.36 (compatible; Googlebot/2.1; +http://www.google.com/bot.html)"
66.249.66.218 - - [18/Jul/2019:20:14:05 +0000] "GET /en/search?category=&type=&place=5&area=&price=500000&surface=50 HTTP/1.1" 500 49610 "-" "Mozilla/5.0 (Linux; Android 6.0.1; Nexus 5X Build/MMB29P) AppleWebKit/537.36 (KHTML, like Gecko) Chrome/41.0.2272.96 Mobile Safari/537.36 (compatible; Googlebot/2.1; +http://www.google.com/bot.html)"
46.229.168.129 - - [18/Jul/2019:20:14:07 +0000] "GET /robots.txt HTTP/1.1" 200 24 "-" "Mozilla/5.0 (compatible; SemrushBot/3~bl; +http://www.semrush.com/bot.html)"
46.229.168.141 - - [18/Jul/2019:20:14:09 +0000] "GET /kuce/petrcane-punta-skala-vikendica-s-3-apartmana-i-pogledom-na-more HTTP/1.1" 200 5921 "-" "Mozilla/5.0 (compatible; SemrushBot/3~bl; +http://www.semrush.com/bot.html)"
66.249.66.222 - - [18/Jul/2019:20:15:47 +0000] "GET /hr/pretraga?category=&type=&place=53&area=&price=&surface=50 HTTP/1.1" 500 49618 "-" "Mozilla/5.0 (Linux; Android 6.0.1; Nexus 5X Build/MMB29P) AppleWebKit/537.36 (KHTML, like Gecko) Chrome/41.0.2272.96 Mobile Safari/537.36 (compatible; Googlebot/2.1; +http://www.google.com/bot.html)"
66.249.66.218 - - [18/Jul/2019:20:17:30 +0000] "GET /pretraga?category=&type=&place=9&area=&price=500000&surface=200 HTTP/1.1" 500 49618 "-" "Mozilla/5.0 (Linux; Android 6.0.1; Nexus 5X Build/MMB29P) AppleWebKit/537.36 (KHTML, like Gecko) Chrome/41.0.2272.96 Mobile Safari/537.36 (compatible; Googlebot/2.1; +http://www.google.com/bot.html)"
134.119.219.93 - - [18/Jul/2019:20:23:00 +0000] "GET / HTTP/1.1" 301 232 "http://www.citadela.hr" "Mozilla/5.0 (Windows NT 6.1; WOW64) AppleWebKit/537.36 (KHTML, like Gecko) Chrome/52.0.2743.116 Safari/537.36"
134.119.219.93 - - [18/Jul/2019:20:23:00 +0000] "GET / HTTP/1.1" 200 5820 "http://www.citadela.hr" "Mozilla/5.0 (Windows NT 6.1; WOW64) AppleWebKit/537.36 (KHTML, like Gecko) Chrome/52.0.2743.116 Safari/537.36"
134.119.219.93 - - [18/Jul/2019:20:23:00 +0000] "GET / HTTP/1.1" 301 232 "https://www.citadela.hr/" "Mozilla/5.0 (Windows NT 6.1; WOW64) AppleWebKit/537.36 (KHTML, like Gecko) Chrome/52.0.2743.116 Safari/537.36"
134.119.219.93 - - [18/Jul/2019:20:23:01 +0000] "GET / HTTP/1.1" 200 5820 "http://www.citadela.hr" "Mozilla/5.0 (Windows NT 6.1; WOW64) AppleWebKit/537.36 (KHTML, like Gecko) Chrome/52.0.2743.116 Safari/537.36"
134.119.219.93 - - [18/Jul/2019:20:23:02 +0000] "GET / HTTP/1.1" 301 232 "http://www.citadela.hr" "Mozilla/5.0 (Windows NT 6.1; WOW64) AppleWebKit/537.36 (KHTML, like Gecko) Chrome/52.0.2743.116 Safari/537.36"
134.119.219.93 - - [18/Jul/2019:20:23:02 +0000] "GET / HTTP/1.1" 200 5820 "http://www.citadela.hr" "Mozilla/5.0 (Windows NT 6.1; WOW64) AppleWebKit/537.36 (KHTML, like Gecko) Chrome/52.0.2743.116 Safari/537.36"
134.119.219.93 - - [18/Jul/2019:20:23:03 +0000] "GET / HTTP/1.1" 301 232 "https://www.citadela.hr/" "Mozilla/5.0 (Windows NT 6.1; WOW64) AppleWebKit/537.36 (KHTML, like Gecko) Chrome/52.0.2743.116 Safari/537.36"
134.119.219.93 - - [18/Jul/2019:20:23:04 +0000] "GET / HTTP/1.1" 200 5820 "http://www.citadela.hr" "Mozilla/5.0 (Windows NT 6.1; WOW64) AppleWebKit/537.36 (KHTML, like Gecko) Chrome/52.0.2743.116 Safari/537.36"
134.119.219.93 - - [18/Jul/2019:20:23:05 +0000] "GET / HTTP/1.1" 200 5820 "https://www.citadela.hr/" "Mozilla/5.0 (Windows NT 6.1; WOW64) AppleWebKit/537.36 (KHTML, like Gecko) Chrome/52.0.2743.116 Safari/537.36"
134.119.219.93 - - [18/Jul/2019:20:23:06 +0000] "GET / HTTP/1.1" 200 5820 "https://www.citadela.hr/" "Mozilla/5.0 (Windows NT 6.1; WOW64) AppleWebKit/537.36 (KHTML, like Gecko) Chrome/52.0.2743.116 Safari/537.36"
134.119.219.93 - - [18/Jul/2019:20:23:08 +0000] "GET /o-nama HTTP/1.1" 200 4367 "https://www.citadela.hr" "Mozilla/5.0 (Windows NT 6.1; WOW64) AppleWebKit/537.36 (KHTML, like Gecko) Chrome/52.0.2743.116 Safari/537.36"
134.119.219.93 - - [18/Jul/2019:20:23:09 +0000] "GET /apartmani HTTP/1.1" 200 5338 "https://www.citadela.hr/o-nama" "Mozilla/5.0 (Windows NT 6.1; WOW64) AppleWebKit/537.36 (KHTML, like Gecko) Chrome/52.0.2743.116 Safari/537.36"
134.119.219.93 - - [18/Jul/2019:20:23:11 +0000] "GET /blog HTTP/1.1" 200 4106 "https://www.citadela.hr/apartmani" "Mozilla/5.0 (Windows NT 6.1; WOW64) AppleWebKit/537.36 (KHTML, like Gecko) Chrome/52.0.2743.116 Safari/537.36"
134.119.219.93 - - [18/Jul/2019:20:23:13 +0000] "GET /blog HTTP/1.1" 200 4106 "https://www.citadela.hr/blog" "Mozilla/5.0 (Windows NT 6.1; WOW64) AppleWebKit/537.36 (KHTML, like Gecko) Chrome/52.0.2743.116 Safari/537.36"
66.249.66.218 - - [18/Jul/2019:20:24:19 +0000] "GET /en/search?category=4&type=&place=&area=&price=&surface=10&page=1 HTTP/1.1" 200 5338 "-" "Mozilla/5.0 (Linux; Android 6.0.1; Nexus 5X Build/MMB29P) AppleWebKit/537.36 (KHTML, like Gecko) Chrome/41.0.2272.96 Mobile Safari/537.36 (compatible; Googlebot/2.1; +http://www.google.com/bot.html)"
66.249.66.218 - - [18/Jul/2019:20:27:44 +0000] "GET /en/search?category=&type=sale&place=&area=&price=500000&surface=100&page=4 HTTP/1.1" 200 5479 "-" "Mozilla/5.0 (Linux; Android 6.0.1; Nexus 5X Build/MMB29P) AppleWebKit/537.36 (KHTML, like Gecko) Chrome/41.0.2272.96 Mobile Safari/537.36 (compatible; Googlebot/2.1; +http://www.google.com/bot.html)"
40.77.167.140 - - [18/Jul/2019:20:29:30 +0000] "GET /apartmani/murter-plaza-slanica-jednosoban-apartman-prvi-red-do-mora HTTP/1.1" 500 25403 "-" "Mozilla/5.0 (compatible; bingbot/2.0; +http://www.bing.com/bingbot.htm)"
216.244.66.226 - - [18/Jul/2019:20:31:28 +0000] "GET /robots.txt HTTP/1.1" 301 242 "-" "Mozilla/5.0 (compatible; DotBot/1.1; http://www.opensiteexplorer.org/dotbot, help@moz.com)"
216.244.66.226 - - [18/Jul/2019:20:31:31 +0000] "GET /robots.txt HTTP/1.1" 200 24 "-" "Mozilla/5.0 (compatible; DotBot/1.1; http://www.opensiteexplorer.org/dotbot, help@moz.com)"
66.249.66.218 - - [18/Jul/2019:20:34:33 +0000] "GET /en/search?category=&type=&place=14&area=&price=500000&surface=10 HTTP/1.1" 500 49610 "-" "Mozilla/5.0 (Linux; Android 6.0.1; Nexus 5X Build/MMB29P) AppleWebKit/537.36 (KHTML, like Gecko) Chrome/41.0.2272.96 Mobile Safari/537.36 (compatible; Googlebot/2.1; +http://www.google.com/bot.html)"
66.249.66.220 - - [18/Jul/2019:20:43:05 +0000] "GET /hr/pretraga?category=&type=&place=41&area=&price=50000&surface= HTTP/1.1" 500 49618 "-" "Mozilla/5.0 (Linux; Android 6.0.1; Nexus 5X Build/MMB29P) AppleWebKit/537.36 (KHTML, like Gecko) Chrome/41.0.2272.96 Mobile Safari/537.36 (compatible; Googlebot/2.1; +http://www.google.com/bot.html)"
66.249.66.220 - - [18/Jul/2019:20:44:48 +0000] "GET /en/houses/murter-centar-kuca-treci-red-do-plaze-25898-m2 HTTP/1.1" 500 25403 "-" "Mozilla/5.0 (Linux; Android 6.0.1; Nexus 5X Build/MMB29P) AppleWebKit/537.36 (KHTML, like Gecko) Chrome/41.0.2272.96 Mobile Safari/537.36 (compatible; Googlebot/2.1; +http://www.google.com/bot.html)"
66.249.66.218 - - [18/Jul/2019:20:46:30 +0000] "GET /en/search?category=&place=3&price=200000&surface= HTTP/1.1" 500 49610 "-" "Mozilla/5.0 (Linux; Android 6.0.1; Nexus 5X Build/MMB29P) AppleWebKit/537.36 (KHTML, like Gecko) Chrome/41.0.2272.96 Mobile Safari/537.36 (compatible; Googlebot/2.1; +http://www.google.com/bot.html)"
66.249.66.220 - - [18/Jul/2019:20:48:12 +0000] "GET /pretraga?category=&type=&place=8&area=&price=300000&surface= HTTP/1.1" 500 49618 "-" "Mozilla/5.0 (Linux; Android 6.0.1; Nexus 5X Build/MMB29P) AppleWebKit/537.36 (KHTML, like Gecko) Chrome/41.0.2272.96 Mobile Safari/537.36 (compatible; Googlebot/2.1; +http://www.google.com/bot.html)"
66.249.66.222 - - [18/Jul/2019:20:49:55 +0000] "GET /pretraga?category=&type=&place=16&area=&price=50000&surface=10 HTTP/1.1" 500 49618 "-" "Mozilla/5.0 (Linux; Android 6.0.1; Nexus 5X Build/MMB29P) AppleWebKit/537.36 (KHTML, like Gecko) Chrome/41.0.2272.96 Mobile Safari/537.36 (compatible; Googlebot/2.1; +http://www.google.com/bot.html)"
141.138.32.127 - - [18/Jul/2019:20:56:39 +0000] "GET /uploads/images/300abfa1882cf4f03a04f8eed64c94e8.jpeg HTTP/1.1" 200 269934 "https://www.google.com/" "Mozilla/5.0 (Windows NT 10.0; Win64; x64) AppleWebKit/537.36 (KHTML, like Gecko) Chrome/75.0.3770.142 Safari/537.36"
66.249.66.222 - - [18/Jul/2019:20:58:27 +0000] "GET /en/search?category=&type=&place=&area=74&price=&surface=&page=6 HTTP/1.1" 200 3953 "-" "Mozilla/5.0 (Linux; Android 6.0.1; Nexus 5X Build/MMB29P) AppleWebKit/537.36 (KHTML, like Gecko) Chrome/41.0.2272.96 Mobile Safari/537.36 (compatible; Googlebot/2.1; +http://www.google.com/bot.html)"
66.249.66.222 - - [18/Jul/2019:21:10:23 +0000] "GET /hr/pretraga?category=&type=&place=50&area=&price=500000&surface=10 HTTP/1.1" 500 49618 "-" "Mozilla/5.0 (Linux; Android 6.0.1; Nexus 5X Build/MMB29P) AppleWebKit/537.36 (KHTML, like Gecko) Chrome/41.0.2272.96 Mobile Safari/537.36 (compatible; Googlebot/2.1; +http://www.google.com/bot.html)"
66.249.66.222 - - [18/Jul/2019:21:12:06 +0000] "GET /en/search?category=&type=&place=12&area=&price=1000000&surface=50 HTTP/1.1" 500 49610 "-" "Mozilla/5.0 (Linux; Android 6.0.1; Nexus 5X Build/MMB29P) AppleWebKit/537.36 (KHTML, like Gecko) Chrome/41.0.2272.96 Mobile Safari/537.36 (compatible; Googlebot/2.1; +http://www.google.com/bot.html)"
66.249.66.220 - - [18/Jul/2019:21:13:48 +0000] "GET /hr/pretraga?category=&type=&place=59&area=&price=200000&surface= HTTP/1.1" 500 49618 "-" "Mozilla/5.0 (Linux; Android 6.0.1; Nexus 5X Build/MMB29P) AppleWebKit/537.36 (KHTML, like Gecko) Chrome/41.0.2272.96 Mobile Safari/537.36 (compatible; Googlebot/2.1; +http://www.google.com/bot.html)"
66.249.66.220 - - [18/Jul/2019:21:15:30 +0000] "GET /pretraga?category=&type=&place=47&area=&price=100000&surface=100 HTTP/1.1" 500 49618 "-" "Mozilla/5.0 (Linux; Android 6.0.1; Nexus 5X Build/MMB29P) AppleWebKit/537.36 (KHTML, like Gecko) Chrome/41.0.2272.96 Mobile Safari/537.36 (compatible; Googlebot/2.1; +http://www.google.com/bot.html)"
66.249.66.220 - - [18/Jul/2019:21:17:13 +0000] "GET /en/search?category=&type=&place=15&area=&price=100000&surface=10 HTTP/1.1" 500 49610 "-" "Mozilla/5.0 (Linux; Android 6.0.1; Nexus 5X Build/MMB29P) AppleWebKit/537.36 (KHTML, like Gecko) Chrome/41.0.2272.96 Mobile Safari/537.36 (compatible; Googlebot/2.1; +http://www.google.com/bot.html)"
54.36.148.94 - - [18/Jul/2019:21:18:49 +0000] "GET /robots.txt HTTP/1.1" 301 242 "-" "Mozilla/5.0 (compatible; AhrefsBot/6.1; +http://ahrefs.com/robot/)"
54.36.148.94 - - [18/Jul/2019:21:18:49 +0000] "GET /robots.txt HTTP/1.1" 200 24 "-" "Mozilla/5.0 (compatible; AhrefsBot/6.1; +http://ahrefs.com/robot/)"
54.36.150.25 - - [18/Jul/2019:21:18:50 +0000] "GET / HTTP/1.1" 301 232 "-" "Mozilla/5.0 (compatible; AhrefsBot/6.1; +http://ahrefs.com/robot/)"
66.249.66.220 - - [18/Jul/2019:21:18:55 +0000] "GET /apartmani/tribunj-apartman-u-blizini-mora-30-m2 HTTP/1.1" 500 25403 "-" "Mozilla/5.0 (Linux; Android 6.0.1; Nexus 5X Build/MMB29P) AppleWebKit/537.36 (KHTML, like Gecko) Chrome/41.0.2272.96 Mobile Safari/537.36 (compatible; Googlebot/2.1; +http://www.google.com/bot.html)"
66.249.66.222 - - [18/Jul/2019:21:34:16 +0000] "GET /en/search?category=&type=&place=5&area=&price=500000&surface=50 HTTP/1.1" 500 49610 "-" "Mozilla/5.0 (Linux; Android 6.0.1; Nexus 5X Build/MMB29P) AppleWebKit/537.36 (KHTML, like Gecko) Chrome/41.0.2272.96 Mobile Safari/537.36 (compatible; Googlebot/2.1; +http://www.google.com/bot.html)"
66.249.66.222 - - [18/Jul/2019:21:35:59 +0000] "GET /pretraga?category=&type=&place=9&area=&price=500000&surface=200 HTTP/1.1" 500 49618 "-" "Mozilla/5.0 (Linux; Android 6.0.1; Nexus 5X Build/MMB29P) AppleWebKit/537.36 (KHTML, like Gecko) Chrome/41.0.2272.96 Mobile Safari/537.36 (compatible; Googlebot/2.1; +http://www.google.com/bot.html)"
66.249.66.222 - - [18/Jul/2019:21:37:41 +0000] "GET /hr/pretraga?category=&type=&place=43&area=&price=1000000&surface=100 HTTP/1.1" 500 49618 "-" "Mozilla/5.0 (Linux; Android 6.0.1; Nexus 5X Build/MMB29P) AppleWebKit/537.36 (KHTML, like Gecko) Chrome/41.0.2272.96 Mobile Safari/537.36 (compatible; Googlebot/2.1; +http://www.google.com/bot.html)"
66.249.66.222 - - [18/Jul/2019:21:39:23 +0000] "GET /hr/pretraga?category=&type=&place=16&area=&price=500000&surface=50 HTTP/1.1" 500 49618 "-" "Mozilla/5.0 (Linux; Android 6.0.1; Nexus 5X Build/MMB29P) AppleWebKit/537.36 (KHTML, like Gecko) Chrome/41.0.2272.96 Mobile Safari/537.36 (compatible; Googlebot/2.1; +http://www.google.com/bot.html)"
