66.249.64.222 - - [30/Jul/2019:00:01:02 +0000] "GET /o-nama HTTP/1.1" 200 4367 "-" "Mozilla/5.0 (compatible; Googlebot/2.1; +http://www.google.com/bot.html)"
66.249.64.222 - - [30/Jul/2019:00:03:31 +0000] "GET /kuce/biograd-na-moru-kuca-s-9-apartmana-481-m2-novogradnja HTTP/1.1" 200 6402 "-" "Mozilla/5.0 (compatible; Googlebot/2.1; +http://www.google.com/bot.html)"
66.249.64.218 - - [30/Jul/2019:00:18:25 +0000] "GET /zemljista/dugi-otok-zaglav-gradevinsko-zemljiste-prvi-red-do-mora-667-m2 HTTP/1.1" 200 5585 "-" "Mozilla/5.0 (compatible; Googlebot/2.1; +http://www.google.com/bot.html)"
66.249.64.218 - - [30/Jul/2019:00:22:33 +0000] "GET /zemljista HTTP/1.1" 200 5320 "-" "Mozilla/5.0 (Linux; Android 6.0.1; Nexus 5X Build/MMB29P) AppleWebKit/537.36 (KHTML, like Gecko) Chrome/41.0.2272.96 Mobile Safari/537.36 (compatible; Googlebot/2.1; +http://www.google.com/bot.html)"
54.36.150.83 - - [30/Jul/2019:00:25:07 +0000] "GET /hr/zemljista/pasman-tkon-gradevinsko-zemljiste-drugi-red-do-mora-2173-m2 HTTP/1.1" 200 5370 "-" "Mozilla/5.0 (compatible; AhrefsBot/6.1; +http://ahrefs.com/robot/)"
84.38.135.123 - - [30/Jul/2019:00:35:45 +0000] "GET /en/contact HTTP/1.1" 200 4209 "-" "Mozilla/5.0 (Windows NT 6.1; WOW64; rv:21.0) Gecko/20100101 Firefox/21.0"
84.38.135.123 - - [30/Jul/2019:00:37:02 +0000] "GET /en/offices HTTP/1.1" 200 4517 "-" "Mozilla/5.0 (Windows NT 6.1; WOW64; rv:21.0) Gecko/20100101 Firefox/21.0"
66.249.64.220 - - [30/Jul/2019:00:37:11 +0000] "GET /uploads/thumbnails/dbdef910ef1fa61f9a7be486b51d8ce1.jpg HTTP/1.1" 200 51271 "-" "Googlebot-Image/1.0"
84.38.135.123 - - [30/Jul/2019:00:37:28 +0000] "GET /en/houses?page=4 HTTP/1.1" 200 4305 "-" "Mozilla/5.0 (Windows NT 6.1; WOW64; rv:21.0) Gecko/20100101 Firefox/21.0"
84.38.135.123 - - [30/Jul/2019:00:38:53 +0000] "GET /en/blog HTTP/1.1" 200 3169 "-" "Mozilla/5.0 (Windows NT 6.1; WOW64; rv:21.0) Gecko/20100101 Firefox/21.0"
66.249.64.218 - - [30/Jul/2019:00:53:11 +0000] "GET /robots.txt HTTP/1.1" 200 24 "-" "Mozilla/5.0 (compatible; Googlebot/2.1; +http://www.google.com/bot.html)"
66.249.64.220 - - [30/Jul/2019:00:53:11 +0000] "GET /hr/pretraga?category=&type=&place=49&area=&price=300000&surface=10 HTTP/1.1" 500 49618 "-" "Mozilla/5.0 (Linux; Android 6.0.1; Nexus 5X Build/MMB29P) AppleWebKit/537.36 (KHTML, like Gecko) Chrome/41.0.2272.96 Mobile Safari/537.36 (compatible; Googlebot/2.1; +http://www.google.com/bot.html)"
66.249.64.222 - - [30/Jul/2019:00:54:49 +0000] "GET /hr/zemljista/dugi-otok-zaglav-grad-zemljiste-21-metar-od-mora-354-m2-prilika HTTP/1.1" 500 25403 "-" "Mozilla/5.0 (Linux; Android 6.0.1; Nexus 5X Build/MMB29P) AppleWebKit/537.36 (KHTML, like Gecko) Chrome/41.0.2272.96 Mobile Safari/537.36 (compatible; Googlebot/2.1; +http://www.google.com/bot.html)"
66.249.64.222 - - [30/Jul/2019:00:56:29 +0000] "GET /pretraga?category=&place=2&price=50000&surface=10 HTTP/1.1" 500 49618 "-" "Mozilla/5.0 (Linux; Android 6.0.1; Nexus 5X Build/MMB29P) AppleWebKit/537.36 (KHTML, like Gecko) Chrome/41.0.2272.96 Mobile Safari/537.36 (compatible; Googlebot/2.1; +http://www.google.com/bot.html)"
66.249.64.218 - - [30/Jul/2019:00:58:08 +0000] "GET /en/search?category=&type=&place=&area=34&price=500000&surface=10&page=10 HTTP/1.1" 200 3979 "-" "Mozilla/5.0 (Linux; Android 6.0.1; Nexus 5X Build/MMB29P) AppleWebKit/537.36 (KHTML, like Gecko) Chrome/41.0.2272.96 Mobile Safari/537.36 (compatible; Googlebot/2.1; +http://www.google.com/bot.html)"
66.249.64.222 - - [30/Jul/2019:01:00:37 +0000] "GET /en/search?category=&place=&price=1000000&surface=50&page=6 HTTP/1.1" 200 5470 "-" "Mozilla/5.0 (Linux; Android 6.0.1; Nexus 5X Build/MMB29P) AppleWebKit/537.36 (KHTML, like Gecko) Chrome/41.0.2272.96 Mobile Safari/537.36 (compatible; Googlebot/2.1; +http://www.google.com/bot.html)"
84.38.135.123 - - [30/Jul/2019:01:03:55 +0000] "GET /en HTTP/1.1" 200 5769 "-" "Mozilla/5.0 (Windows NT 6.1; WOW64; rv:21.0) Gecko/20100101 Firefox/21.0"
66.249.64.222 - - [30/Jul/2019:01:05:35 +0000] "GET /en/search?category=1&type=rent&place=&area=&price=50000&surface=100 HTTP/1.1" 200 3878 "-" "Mozilla/5.0 (Linux; Android 6.0.1; Nexus 5X Build/MMB29P) AppleWebKit/537.36 (KHTML, like Gecko) Chrome/41.0.2272.96 Mobile Safari/537.36 (compatible; Googlebot/2.1; +http://www.google.com/bot.html)"
84.38.135.123 - - [30/Jul/2019:01:06:49 +0000] "GET /en/houses HTTP/1.1" 200 5360 "-" "Mozilla/5.0 (Windows NT 6.1; WOW64; rv:21.0) Gecko/20100101 Firefox/21.0"
84.38.135.123 - - [30/Jul/2019:01:06:58 +0000] "GET /en/sale HTTP/1.1" 200 4219 "-" "Mozilla/5.0 (Windows NT 6.1; WOW64; rv:21.0) Gecko/20100101 Firefox/21.0"
66.249.64.222 - - [30/Jul/2019:01:18:00 +0000] "GET /hr/stanovi HTTP/1.1" 200 4418 "-" "Mozilla/5.0 (Linux; Android 6.0.1; Nexus 5X Build/MMB29P) AppleWebKit/537.36 (KHTML, like Gecko) Chrome/41.0.2272.96 Mobile Safari/537.36 (compatible; Googlebot/2.1; +http://www.google.com/bot.html)"
216.244.66.226 - - [30/Jul/2019:01:26:26 +0000] "GET /robots.txt HTTP/1.1" 301 242 "-" "Mozilla/5.0 (compatible; DotBot/1.1; http://www.opensiteexplorer.org/dotbot, help@moz.com)"
216.244.66.226 - - [30/Jul/2019:01:26:27 +0000] "GET /robots.txt HTTP/1.1" 200 24 "-" "Mozilla/5.0 (compatible; DotBot/1.1; http://www.opensiteexplorer.org/dotbot, help@moz.com)"
46.229.168.145 - - [30/Jul/2019:01:35:43 +0000] "GET /robots.txt HTTP/1.1" 200 24 "-" "Mozilla/5.0 (compatible; SemrushBot/3~bl; +http://www.semrush.com/bot.html)"
46.229.168.131 - - [30/Jul/2019:01:35:44 +0000] "GET /hr/pretraga?page=1 HTTP/1.1" 200 5489 "-" "Mozilla/5.0 (compatible; SemrushBot/3~bl; +http://www.semrush.com/bot.html)"
66.249.64.222 - - [30/Jul/2019:01:40:21 +0000] "GET /pretraga?category=&place=&price=100000&surface=100&page=2 HTTP/1.1" 200 5282 "-" "Mozilla/5.0 (Linux; Android 6.0.1; Nexus 5X Build/MMB29P) AppleWebKit/537.36 (KHTML, like Gecko) Chrome/41.0.2272.96 Mobile Safari/537.36 (compatible; Googlebot/2.1; +http://www.google.com/bot.html)"
46.229.168.147 - - [30/Jul/2019:01:45:27 +0000] "GET /en/flats HTTP/1.1" 200 4357 "-" "Mozilla/5.0 (compatible; SemrushBot/3~bl; +http://www.semrush.com/bot.html)"
46.229.168.161 - - [30/Jul/2019:01:57:01 +0000] "GET /hr/kuce/zadar-relja-kuca-i-dvor-pored-autobusnog-kolodvora HTTP/1.1" 200 5500 "-" "Mozilla/5.0 (compatible; SemrushBot/3~bl; +http://www.semrush.com/bot.html)"
1.158.210.4 - - [30/Jul/2019:02:10:13 +0000] "GET /uploads/images/4240c5935d321944b9b3dd8ea14094af.jpg HTTP/1.1" 200 136228 "https://www.google.com/" "Mozilla/5.0 (Windows NT 10.0; Win64; x64) AppleWebKit/537.36 (KHTML, like Gecko) Chrome/75.0.3770.142 Safari/537.36"
216.244.66.226 - - [30/Jul/2019:02:11:46 +0000] "GET /robots.txt HTTP/1.1" 301 242 "-" "Mozilla/5.0 (compatible; DotBot/1.1; http://www.opensiteexplorer.org/dotbot, help@moz.com)"
216.244.66.226 - - [30/Jul/2019:02:11:47 +0000] "GET /robots.txt HTTP/1.1" 200 24 "-" "Mozilla/5.0 (compatible; DotBot/1.1; http://www.opensiteexplorer.org/dotbot, help@moz.com)"
1.158.210.4 - - [30/Jul/2019:02:18:14 +0000] "GET /uploads/images/444956bf9f77c86d4a695acfae9aa2b9.jpg HTTP/1.1" 200 177745 "https://www.google.com/" "Mozilla/5.0 (Windows NT 10.0; Win64; x64) AppleWebKit/537.36 (KHTML, like Gecko) Chrome/75.0.3770.142 Safari/537.36"
66.249.64.218 - - [30/Jul/2019:02:38:16 +0000] "GET /pretraga?category=&type=rent&place=34&area=&price=500000&surface= HTTP/1.1" 200 4255 "-" "Mozilla/5.0 (Linux; Android 6.0.1; Nexus 5X Build/MMB29P) AppleWebKit/537.36 (KHTML, like Gecko) Chrome/41.0.2272.96 Mobile Safari/537.36 (compatible; Googlebot/2.1; +http://www.google.com/bot.html)"
66.249.64.220 - - [30/Jul/2019:02:39:56 +0000] "GET /zemljista/dugi-rat-sumpetar-gradevinsko-zemljiste-s-pogledom-na-more-476-m2 HTTP/1.1" 200 5520 "-" "Mozilla/5.0 (compatible; Googlebot/2.1; +http://www.google.com/bot.html)"
91.242.162.73 - - [30/Jul/2019:02:42:48 +0000] "GET /robots.txt HTTP/1.1" 200 24 "-" "Mozilla/5.0 (compatible; Qwantify/2.4w; +https://www.qwant.com/)/2.4w"
91.242.162.73 - - [30/Jul/2019:02:42:48 +0000] "GET /en/blog/prosjecne-cijene-stanova-u-zadarskoj-zupaniji-porasle-za-981 HTTP/1.1" 200 4633 "-" "Mozilla/5.0 (compatible; Qwantify/2.4w; +https://www.qwant.com/)/2.4w"
66.249.64.218 - - [30/Jul/2019:02:47:23 +0000] "GET /apartmani/maslenica-cetverosoban-apartman-prvi-red-do-mora-8573-m2 HTTP/1.1" 200 5877 "-" "Mozilla/5.0 (Linux; Android 6.0.1; Nexus 5X Build/MMB29P) AppleWebKit/537.36 (KHTML, like Gecko) Chrome/41.0.2272.96 Mobile Safari/537.36 (compatible; Googlebot/2.1; +http://www.google.com/bot.html)"
66.249.64.220 - - [30/Jul/2019:02:53:11 +0000] "GET /hr/zemljista/dugi-otok-zaglav-grad-zemljiste-21-metar-od-mora-354-m2-prilika HTTP/1.1" 500 25403 "-" "Mozilla/5.0 (Linux; Android 6.0.1; Nexus 5X Build/MMB29P) AppleWebKit/537.36 (KHTML, like Gecko) Chrome/41.0.2272.96 Mobile Safari/537.36 (compatible; Googlebot/2.1; +http://www.google.com/bot.html)"
66.249.64.222 - - [30/Jul/2019:02:57:10 +0000] "GET /uploads/thumbnails/514463221cd0fc362213c90d209a272a.jpg HTTP/1.1" 200 33141 "-" "Googlebot-Image/1.0"
66.249.64.218 - - [30/Jul/2019:02:57:18 +0000] "GET /pretraga?category=&place=2&price=50000&surface=10 HTTP/1.1" 500 49618 "-" "Mozilla/5.0 (Linux; Android 6.0.1; Nexus 5X Build/MMB29P) AppleWebKit/537.36 (KHTML, like Gecko) Chrome/41.0.2272.96 Mobile Safari/537.36 (compatible; Googlebot/2.1; +http://www.google.com/bot.html)"
216.244.66.226 - - [30/Jul/2019:02:57:34 +0000] "GET /robots.txt HTTP/1.1" 301 242 "-" "Mozilla/5.0 (compatible; DotBot/1.1; http://www.opensiteexplorer.org/dotbot, help@moz.com)"
216.244.66.226 - - [30/Jul/2019:02:57:36 +0000] "GET /robots.txt HTTP/1.1" 200 24 "-" "Mozilla/5.0 (compatible; DotBot/1.1; http://www.opensiteexplorer.org/dotbot, help@moz.com)"
54.226.145.45 - - [30/Jul/2019:02:59:08 +0000] "GET /en HTTP/1.1" 200 32947 "-" "User-Agent: Mozilla/5.0 (Windows NT 6.1; WOW64) AppleWebKit/537.31 (KHTML, like Gecko) Chrome/26.0.1410.64 Safari/537.31"
46.229.168.130 - - [30/Jul/2019:03:08:22 +0000] "GET /robots.txt HTTP/1.1" 200 24 "-" "Mozilla/5.0 (compatible; SemrushBot/3~bl; +http://www.semrush.com/bot.html)"
46.229.168.152 - - [30/Jul/2019:03:08:23 +0000] "GET /kuce/veli-iz-pansion-prvi-red-do-mora-46340-m2-okucnica-1688-m2 HTTP/1.1" 200 6210 "-" "Mozilla/5.0 (compatible; SemrushBot/3~bl; +http://www.semrush.com/bot.html)"
66.249.64.220 - - [30/Jul/2019:03:11:23 +0000] "GET /en/flats/zadar-maraska-park-dvosoban-stan-55-m2-terasa-30-m2 HTTP/1.1" 500 25403 "-" "Mozilla/5.0 (Linux; Android 6.0.1; Nexus 5X Build/MMB29P) AppleWebKit/537.36 (KHTML, like Gecko) Chrome/41.0.2272.96 Mobile Safari/537.36 (compatible; Googlebot/2.1; +http://www.google.com/bot.html)"
66.249.64.218 - - [30/Jul/2019:03:14:41 +0000] "GET /zemljista/murter-cigrada-zemljiste-drugi-red-do-mora-1252-m2 HTTP/1.1" 200 5544 "-" "Mozilla/5.0 (compatible; Googlebot/2.1; +http://www.google.com/bot.html)"
66.249.64.222 - - [30/Jul/2019:03:18:49 +0000] "GET /kuce/posedarje-kuca-s-dva-stana-i-podrumom-150-m2 HTTP/1.1" 200 5657 "-" "Mozilla/5.0 (Linux; Android 6.0.1; Nexus 5X Build/MMB29P) AppleWebKit/537.36 (KHTML, like Gecko) Chrome/41.0.2272.96 Mobile Safari/537.36 (compatible; Googlebot/2.1; +http://www.google.com/bot.html)"
66.249.64.220 - - [30/Jul/2019:03:20:53 +0000] "GET /hr/pretraga?category=&type=&place=17&area=&price=300000&surface=200 HTTP/1.1" 500 49618 "-" "Mozilla/5.0 (Linux; Android 6.0.1; Nexus 5X Build/MMB29P) AppleWebKit/537.36 (KHTML, like Gecko) Chrome/41.0.2272.96 Mobile Safari/537.36 (compatible; Googlebot/2.1; +http://www.google.com/bot.html)"
46.229.168.143 - - [30/Jul/2019:03:26:51 +0000] "GET /hr/apartmani/murter-plaza-slanica-dvosoban-apartman-prvi-red-do-mora-4355-m2 HTTP/1.1" 200 6063 "-" "Mozilla/5.0 (compatible; SemrushBot/3~bl; +http://www.semrush.com/bot.html)"
54.36.150.96 - - [30/Jul/2019:03:35:33 +0000] "GET /hr/zemljista/povljana-gradevinsko-zemljiste-u-blizini-mora-1129-m2 HTTP/1.1" 200 5316 "-" "Mozilla/5.0 (compatible; AhrefsBot/6.1; +http://ahrefs.com/robot/)"
46.229.168.146 - - [30/Jul/2019:03:43:31 +0000] "GET /robots.txt HTTP/1.1" 200 24 "-" "Mozilla/5.0 (compatible; SemrushBot/3~bl; +http://www.semrush.com/bot.html)"
46.229.168.151 - - [30/Jul/2019:03:43:32 +0000] "GET /en/lands/debeljak-gradevinsko-zemljiste-s-pogledom-na-more-1826-m2 HTTP/1.1" 200 5346 "-" "Mozilla/5.0 (compatible; SemrushBot/3~bl; +http://www.semrush.com/bot.html)"
66.249.64.222 - - [30/Jul/2019:03:48:37 +0000] "GET /en/houses/posedarje-kuca-prvi-red-do-mora-322-m2 HTTP/1.1" 200 5400 "-" "Mozilla/5.0 (Linux; Android 6.0.1; Nexus 5X Build/MMB29P) AppleWebKit/537.36 (KHTML, like Gecko) Chrome/41.0.2272.96 Mobile Safari/537.36 (compatible; Googlebot/2.1; +http://www.google.com/bot.html)"
66.249.64.222 - - [30/Jul/2019:03:49:26 +0000] "GET /en/lands?page=3 HTTP/1.1" 200 5375 "-" "Mozilla/5.0 (Linux; Android 6.0.1; Nexus 5X Build/MMB29P) AppleWebKit/537.36 (KHTML, like Gecko) Chrome/41.0.2272.96 Mobile Safari/537.36 (compatible; Googlebot/2.1; +http://www.google.com/bot.html)"
46.229.168.148 - - [30/Jul/2019:04:09:12 +0000] "GET /hr/kuce?page=1 HTTP/1.1" 200 5391 "-" "Mozilla/5.0 (compatible; SemrushBot/3~bl; +http://www.semrush.com/bot.html)"
46.229.168.144 - - [30/Jul/2019:04:18:21 +0000] "GET /robots.txt HTTP/1.1" 200 24 "-" "Mozilla/5.0 (compatible; SemrushBot/3~bl; +http://www.semrush.com/bot.html)"
46.229.168.133 - - [30/Jul/2019:04:18:21 +0000] "GET /kuce?page=1 HTTP/1.1" 200 5390 "-" "Mozilla/5.0 (compatible; SemrushBot/3~bl; +http://www.semrush.com/bot.html)"
66.249.64.218 - - [30/Jul/2019:04:27:31 +0000] "GET /en/search?category=2&type=&place=34&area=&price=50000&surface=10 HTTP/1.1" 200 4198 "-" "Mozilla/5.0 (Linux; Android 6.0.1; Nexus 5X Build/MMB29P) AppleWebKit/537.36 (KHTML, like Gecko) Chrome/41.0.2272.96 Mobile Safari/537.36 (compatible; Googlebot/2.1; +http://www.google.com/bot.html)"
66.249.64.220 - - [30/Jul/2019:04:30:00 +0000] "GET /en/search?category=&type=&place=&area=89&price=300000&surface=&page=4 HTTP/1.1" 200 3965 "-" "Mozilla/5.0 (Linux; Android 6.0.1; Nexus 5X Build/MMB29P) AppleWebKit/537.36 (KHTML, like Gecko) Chrome/41.0.2272.96 Mobile Safari/537.36 (compatible; Googlebot/2.1; +http://www.google.com/bot.html)"
66.249.64.220 - - [30/Jul/2019:04:46:33 +0000] "GET /zemljista/starigrad-gradevinsko-zemljiste-prvi-red-do-mora-1000-m2 HTTP/1.1" 200 6020 "-" "Mozilla/5.0 (compatible; Googlebot/2.1; +http://www.google.com/bot.html)"
66.249.64.222 - - [30/Jul/2019:04:51:31 +0000] "GET /hr/zemljista/dugi-otok-zaglav-grad-zemljiste-21-metar-od-mora-354-m2-prilika HTTP/1.1" 500 25403 "-" "Mozilla/5.0 (Linux; Android 6.0.1; Nexus 5X Build/MMB29P) AppleWebKit/537.36 (KHTML, like Gecko) Chrome/41.0.2272.96 Mobile Safari/537.36 (compatible; Googlebot/2.1; +http://www.google.com/bot.html)"
216.244.66.226 - - [30/Jul/2019:05:13:33 +0000] "GET /robots.txt HTTP/1.1" 301 242 "-" "Mozilla/5.0 (compatible; DotBot/1.1; http://www.opensiteexplorer.org/dotbot, help@moz.com)"
216.244.66.226 - - [30/Jul/2019:05:13:35 +0000] "GET /robots.txt HTTP/1.1" 200 24 "-" "Mozilla/5.0 (compatible; DotBot/1.1; http://www.opensiteexplorer.org/dotbot, help@moz.com)"
178.137.165.186 - - [30/Jul/2019:05:21:35 +0000] "GET / HTTP/1.1" 301 232 "https://komp-pomosch.ru/" "Mozilla/4.0 (compatible; MSIE 6.0; Windows NT 5.1; Crazy Browser 1.0.5)"
178.137.165.186 - - [30/Jul/2019:05:21:36 +0000] "GET / HTTP/1.1" 301 232 "https://komp-pomosch.ru/" "Mozilla/4.0 (compatible; MSIE 6.0; Windows NT 5.1; Crazy Browser 1.0.5)"
178.137.165.186 - - [30/Jul/2019:05:21:37 +0000] "GET / HTTP/1.1" 301 232 "https://komp-pomosch.ru/" "Mozilla/4.0 (compatible; MSIE 6.0; Windows NT 5.1; Crazy Browser 1.0.5)"
46.229.168.134 - - [30/Jul/2019:05:24:51 +0000] "GET /robots.txt HTTP/1.1" 200 24 "-" "Mozilla/5.0 (compatible; SemrushBot/3~bl; +http://www.semrush.com/bot.html)"
46.229.168.141 - - [30/Jul/2019:05:24:52 +0000] "GET /zemljista/gracac-omsica-zemljiste-s-5-objekata-105445-m2 HTTP/1.1" 200 5700 "-" "Mozilla/5.0 (compatible; SemrushBot/3~bl; +http://www.semrush.com/bot.html)"
46.229.168.147 - - [30/Jul/2019:05:25:49 +0000] "GET /blog/gdje-kupiti-stan-na-jadranu HTTP/1.1" 200 4888 "-" "Mozilla/5.0 (compatible; SemrushBot/3~bl; +http://www.semrush.com/bot.html)"
40.77.167.153 - - [30/Jul/2019:05:27:53 +0000] "GET /apartmani/murter-plaza-slanica-dvosoban-apartman-prvi-red-do-mora-4355-m2 HTTP/1.1" 200 6062 "-" "Mozilla/5.0 (compatible; bingbot/2.0; +http://www.bing.com/bingbot.htm)"
54.36.148.116 - - [30/Jul/2019:05:28:23 +0000] "GET /hr/zemljista/razanac-gradevinsko-zemljiste-u-blizini-mora-721-m2 HTTP/1.1" 200 5773 "-" "Mozilla/5.0 (compatible; AhrefsBot/6.1; +http://ahrefs.com/robot/)"
54.36.150.93 - - [30/Jul/2019:05:29:47 +0000] "GET /zemljista?page=3 HTTP/1.1" 200 5410 "-" "Mozilla/5.0 (compatible; AhrefsBot/6.1; +http://ahrefs.com/robot/)"
79.237.148.20 - - [30/Jul/2019:05:36:19 +0000] "GET /uploads/images/0bbd1dd75c98d26c7084fc8347d3cf1d.jpg HTTP/1.1" 200 247216 "https://www.google.com/" "Mozilla/5.0 (Linux; Android 9; SM-A750FN Build/PPR1.180610.011; wv) AppleWebKit/537.36 (KHTML, like Gecko) Version/4.0 Chrome/71.0.3578.99 Mobile Safari/537.36 GSA/9.10.7.21.arm64"
216.244.66.226 - - [30/Jul/2019:05:40:33 +0000] "GET /stanovi/sibenik-vidici-dvosoban-stan-70-m2 HTTP/1.1" 500 25403 "-" "Mozilla/5.0 (compatible; DotBot/1.1; http://www.opensiteexplorer.org/dotbot, help@moz.com)"
46.229.168.144 - - [30/Jul/2019:05:56:59 +0000] "GET /robots.txt HTTP/1.1" 200 24 "-" "Mozilla/5.0 (compatible; SemrushBot/3~bl; +http://www.semrush.com/bot.html)"
46.229.168.131 - - [30/Jul/2019:05:57:00 +0000] "GET /en/houses/zadar-diklo-kuca-188-m2-pomocni-objekat-47m2-okucnica-1106-m2 HTTP/1.1" 200 5454 "-" "Mozilla/5.0 (compatible; SemrushBot/3~bl; +http://www.semrush.com/bot.html)"
216.244.66.226 - - [30/Jul/2019:05:58:20 +0000] "GET /robots.txt HTTP/1.1" 301 242 "-" "Mozilla/5.0 (compatible; DotBot/1.1; http://www.opensiteexplorer.org/dotbot, help@moz.com)"
216.244.66.226 - - [30/Jul/2019:05:58:20 +0000] "GET /robots.txt HTTP/1.1" 200 24 "-" "Mozilla/5.0 (compatible; DotBot/1.1; http://www.opensiteexplorer.org/dotbot, help@moz.com)"
66.249.64.220 - - [30/Jul/2019:06:04:21 +0000] "GET /kuce/hotel-u-centru-zadra-s-pogledom-na-sv-donat-182-m2 HTTP/1.1" 200 6475 "-" "Mozilla/5.0 (Linux; Android 6.0.1; Nexus 5X Build/MMB29P) AppleWebKit/537.36 (KHTML, like Gecko) Chrome/41.0.2272.96 Mobile Safari/537.36 (compatible; Googlebot/2.1; +http://www.google.com/bot.html)"
46.229.168.150 - - [30/Jul/2019:06:12:03 +0000] "GET /en/search?page=9 HTTP/1.1" 200 5444 "-" "Mozilla/5.0 (compatible; SemrushBot/3~bl; +http://www.semrush.com/bot.html)"
84.183.22.109 - - [30/Jul/2019:06:17:05 +0000] "GET /uploads/images/3402fc0b29e58cf84bb4479934dc326a.jpeg HTTP/1.1" 200 180919 "https://www.google.de/" "Mozilla/5.0 (iPad; CPU OS 12_3_1 like Mac OS X) AppleWebKit/605.1.15 (KHTML, like Gecko) Version/12.1.1 Mobile/15E148 Safari/604.1"
84.183.22.109 - - [30/Jul/2019:06:17:08 +0000] "GET /en/houses/biograd-na-moru-kuca-s-9-apartmana-481-m2-novogradnja HTTP/1.1" 200 6334 "https://www.google.de/" "Mozilla/5.0 (iPad; CPU OS 12_3_1 like Mac OS X) AppleWebKit/605.1.15 (KHTML, like Gecko) Version/12.1.1 Mobile/15E148 Safari/604.1"
84.183.22.109 - - [30/Jul/2019:06:17:09 +0000] "GET /css/bootstrap.css HTTP/1.1" 200 20712 "https://www.citadela.hr/en/houses/biograd-na-moru-kuca-s-9-apartmana-481-m2-novogradnja" "Mozilla/5.0 (iPad; CPU OS 12_3_1 like Mac OS X) AppleWebKit/605.1.15 (KHTML, like Gecko) Version/12.1.1 Mobile/15E148 Safari/604.1"
84.183.22.109 - - [30/Jul/2019:06:17:09 +0000] "GET /css/colors/blue.css?v=2 HTTP/1.1" 200 3552 "https://www.citadela.hr/en/houses/biograd-na-moru-kuca-s-9-apartmana-481-m2-novogradnja" "Mozilla/5.0 (iPad; CPU OS 12_3_1 like Mac OS X) AppleWebKit/605.1.15 (KHTML, like Gecko) Version/12.1.1 Mobile/15E148 Safari/604.1"
84.183.22.109 - - [30/Jul/2019:06:17:09 +0000] "GET /css/font-awesome.css HTTP/1.1" 200 7439 "https://www.citadela.hr/en/houses/biograd-na-moru-kuca-s-9-apartmana-481-m2-novogradnja" "Mozilla/5.0 (iPad; CPU OS 12_3_1 like Mac OS X) AppleWebKit/605.1.15 (KHTML, like Gecko) Version/12.1.1 Mobile/15E148 Safari/604.1"
84.183.22.109 - - [30/Jul/2019:06:17:09 +0000] "GET /css/style.css?v=2 HTTP/1.1" 200 17441 "https://www.citadela.hr/en/houses/biograd-na-moru-kuca-s-9-apartmana-481-m2-novogradnja" "Mozilla/5.0 (iPad; CPU OS 12_3_1 like Mac OS X) AppleWebKit/605.1.15 (KHTML, like Gecko) Version/12.1.1 Mobile/15E148 Safari/604.1"
84.183.22.109 - - [30/Jul/2019:06:17:09 +0000] "GET /fonts/flaticon.css HTTP/1.1" 200 699 "https://www.citadela.hr/en/houses/biograd-na-moru-kuca-s-9-apartmana-481-m2-novogradnja" "Mozilla/5.0 (iPad; CPU OS 12_3_1 like Mac OS X) AppleWebKit/605.1.15 (KHTML, like Gecko) Version/12.1.1 Mobile/15E148 Safari/604.1"
84.183.22.109 - - [30/Jul/2019:06:17:09 +0000] "GET /css/jslider.css HTTP/1.1" 200 763 "https://www.citadela.hr/en/houses/biograd-na-moru-kuca-s-9-apartmana-481-m2-novogradnja" "Mozilla/5.0 (iPad; CPU OS 12_3_1 like Mac OS X) AppleWebKit/605.1.15 (KHTML, like Gecko) Version/12.1.1 Mobile/15E148 Safari/604.1"
84.183.22.109 - - [30/Jul/2019:06:17:09 +0000] "GET /css/responsive.css HTTP/1.1" 200 2788 "https://www.citadela.hr/en/houses/biograd-na-moru-kuca-s-9-apartmana-481-m2-novogradnja" "Mozilla/5.0 (iPad; CPU OS 12_3_1 like Mac OS X) AppleWebKit/605.1.15 (KHTML, like Gecko) Version/12.1.1 Mobile/15E148 Safari/604.1"
84.183.22.109 - - [30/Jul/2019:06:17:09 +0000] "GET /css/loader.css?v=2 HTTP/1.1" 200 772 "https://www.citadela.hr/en/houses/biograd-na-moru-kuca-s-9-apartmana-481-m2-novogradnja" "Mozilla/5.0 (iPad; CPU OS 12_3_1 like Mac OS X) AppleWebKit/605.1.15 (KHTML, like Gecko) Version/12.1.1 Mobile/15E148 Safari/604.1"
84.183.22.109 - - [30/Jul/2019:06:17:09 +0000] "GET /assets/plugins/flag/css/flag-icon.css HTTP/1.1" 200 2837 "https://www.citadela.hr/en/houses/biograd-na-moru-kuca-s-9-apartmana-481-m2-novogradnja" "Mozilla/5.0 (iPad; CPU OS 12_3_1 like Mac OS X) AppleWebKit/605.1.15 (KHTML, like Gecko) Version/12.1.1 Mobile/15E148 Safari/604.1"
84.183.22.109 - - [30/Jul/2019:06:17:09 +0000] "GET /unitegallery/css/unite-gallery.css HTTP/1.1" 200 4825 "https://www.citadela.hr/en/houses/biograd-na-moru-kuca-s-9-apartmana-481-m2-novogradnja" "Mozilla/5.0 (iPad; CPU OS 12_3_1 like Mac OS X) AppleWebKit/605.1.15 (KHTML, like Gecko) Version/12.1.1 Mobile/15E148 Safari/604.1"
84.183.22.109 - - [30/Jul/2019:06:17:09 +0000] "GET /js/jquery.min.js HTTP/1.1" 200 33760 "https://www.citadela.hr/en/houses/biograd-na-moru-kuca-s-9-apartmana-481-m2-novogradnja" "Mozilla/5.0 (iPad; CPU OS 12_3_1 like Mac OS X) AppleWebKit/605.1.15 (KHTML, like Gecko) Version/12.1.1 Mobile/15E148 Safari/604.1"
84.183.22.109 - - [30/Jul/2019:06:17:09 +0000] "GET /js/bootstrap.min.js HTTP/1.1" 200 9833 "https://www.citadela.hr/en/houses/biograd-na-moru-kuca-s-9-apartmana-481-m2-novogradnja" "Mozilla/5.0 (iPad; CPU OS 12_3_1 like Mac OS X) AppleWebKit/605.1.15 (KHTML, like Gecko) Version/12.1.1 Mobile/15E148 Safari/604.1"
84.183.22.109 - - [30/Jul/2019:06:17:09 +0000] "GET /js/bootstrap-select.js HTTP/1.1" 200 15633 "https://www.citadela.hr/en/houses/biograd-na-moru-kuca-s-9-apartmana-481-m2-novogradnja" "Mozilla/5.0 (iPad; CPU OS 12_3_1 like Mac OS X) AppleWebKit/605.1.15 (KHTML, like Gecko) Version/12.1.1 Mobile/15E148 Safari/604.1"
84.183.22.109 - - [30/Jul/2019:06:17:09 +0000] "GET /js/YouTubePopUp.jquery.js HTTP/1.1" 200 967 "https://www.citadela.hr/en/houses/biograd-na-moru-kuca-s-9-apartmana-481-m2-novogradnja" "Mozilla/5.0 (iPad; CPU OS 12_3_1 like Mac OS X) AppleWebKit/605.1.15 (KHTML, like Gecko) Version/12.1.1 Mobile/15E148 Safari/604.1"
84.183.22.109 - - [30/Jul/2019:06:17:09 +0000] "GET /js/jquery.fancybox.pack.js HTTP/1.1" 200 8634 "https://www.citadela.hr/en/houses/biograd-na-moru-kuca-s-9-apartmana-481-m2-novogradnja" "Mozilla/5.0 (iPad; CPU OS 12_3_1 like Mac OS X) AppleWebKit/605.1.15 (KHTML, like Gecko) Version/12.1.1 Mobile/15E148 Safari/604.1"
84.183.22.109 - - [30/Jul/2019:06:17:09 +0000] "GET /js/jquery.fancybox-media.js HTTP/1.1" 200 1973 "https://www.citadela.hr/en/houses/biograd-na-moru-kuca-s-9-apartmana-481-m2-novogradnja" "Mozilla/5.0 (iPad; CPU OS 12_3_1 like Mac OS X) AppleWebKit/605.1.15 (KHTML, like Gecko) Version/12.1.1 Mobile/15E148 Safari/604.1"
84.183.22.109 - - [30/Jul/2019:06:17:09 +0000] "GET /js/owl.js HTTP/1.1" 200 17545 "https://www.citadela.hr/en/houses/biograd-na-moru-kuca-s-9-apartmana-481-m2-novogradnja" "Mozilla/5.0 (iPad; CPU OS 12_3_1 like Mac OS X) AppleWebKit/605.1.15 (KHTML, like Gecko) Version/12.1.1 Mobile/15E148 Safari/604.1"
84.183.22.109 - - [30/Jul/2019:06:17:09 +0000] "GET /js/mixitup.js HTTP/1.1" 200 11347 "https://www.citadela.hr/en/houses/biograd-na-moru-kuca-s-9-apartmana-481-m2-novogradnja" "Mozilla/5.0 (iPad; CPU OS 12_3_1 like Mac OS X) AppleWebKit/605.1.15 (KHTML, like Gecko) Version/12.1.1 Mobile/15E148 Safari/604.1"
84.183.22.109 - - [30/Jul/2019:06:17:09 +0000] "GET /js/wow.js HTTP/1.1" 200 2198 "https://www.citadela.hr/en/houses/biograd-na-moru-kuca-s-9-apartmana-481-m2-novogradnja" "Mozilla/5.0 (iPad; CPU OS 12_3_1 like Mac OS X) AppleWebKit/605.1.15 (KHTML, like Gecko) Version/12.1.1 Mobile/15E148 Safari/604.1"
84.183.22.109 - - [30/Jul/2019:06:17:09 +0000] "GET /js/jshashtable-2.1_src.js HTTP/1.1" 200 2957 "https://www.citadela.hr/en/houses/biograd-na-moru-kuca-s-9-apartmana-481-m2-novogradnja" "Mozilla/5.0 (iPad; CPU OS 12_3_1 like Mac OS X) AppleWebKit/605.1.15 (KHTML, like Gecko) Version/12.1.1 Mobile/15E148 Safari/604.1"
84.183.22.109 - - [30/Jul/2019:06:17:09 +0000] "GET /js/jquery.numberformatter-1.2.3.js HTTP/1.1" 200 4697 "https://www.citadela.hr/en/houses/biograd-na-moru-kuca-s-9-apartmana-481-m2-novogradnja" "Mozilla/5.0 (iPad; CPU OS 12_3_1 like Mac OS X) AppleWebKit/605.1.15 (KHTML, like Gecko) Version/12.1.1 Mobile/15E148 Safari/604.1"
84.183.22.109 - - [30/Jul/2019:06:17:09 +0000] "GET /js/tmpl.js HTTP/1.1" 200 625 "https://www.citadela.hr/en/houses/biograd-na-moru-kuca-s-9-apartmana-481-m2-novogradnja" "Mozilla/5.0 (iPad; CPU OS 12_3_1 like Mac OS X) AppleWebKit/605.1.15 (KHTML, like Gecko) Version/12.1.1 Mobile/15E148 Safari/604.1"
84.183.22.109 - - [30/Jul/2019:06:17:09 +0000] "GET /js/jquery.dependClass-0.1.js HTTP/1.1" 200 458 "https://www.citadela.hr/en/houses/biograd-na-moru-kuca-s-9-apartmana-481-m2-novogradnja" "Mozilla/5.0 (iPad; CPU OS 12_3_1 like Mac OS X) AppleWebKit/605.1.15 (KHTML, like Gecko) Version/12.1.1 Mobile/15E148 Safari/604.1"
84.183.22.109 - - [30/Jul/2019:06:17:09 +0000] "GET /js/draggable-0.1.js HTTP/1.1" 200 1326 "https://www.citadela.hr/en/houses/biograd-na-moru-kuca-s-9-apartmana-481-m2-novogradnja" "Mozilla/5.0 (iPad; CPU OS 12_3_1 like Mac OS X) AppleWebKit/605.1.15 (KHTML, like Gecko) Version/12.1.1 Mobile/15E148 Safari/604.1"
84.183.22.109 - - [30/Jul/2019:06:17:09 +0000] "GET /js/jquery.slider.js HTTP/1.1" 200 4772 "https://www.citadela.hr/en/houses/biograd-na-moru-kuca-s-9-apartmana-481-m2-novogradnja" "Mozilla/5.0 (iPad; CPU OS 12_3_1 like Mac OS X) AppleWebKit/605.1.15 (KHTML, like Gecko) Version/12.1.1 Mobile/15E148 Safari/604.1"
84.183.22.109 - - [30/Jul/2019:06:17:09 +0000] "GET /js/jquery.barrating.js HTTP/1.1" 200 4280 "https://www.citadela.hr/en/houses/biograd-na-moru-kuca-s-9-apartmana-481-m2-novogradnja" "Mozilla/5.0 (iPad; CPU OS 12_3_1 like Mac OS X) AppleWebKit/605.1.15 (KHTML, like Gecko) Version/12.1.1 Mobile/15E148 Safari/604.1"
84.183.22.109 - - [30/Jul/2019:06:17:09 +0000] "GET /js/custom.js HTTP/1.1" 200 5159 "https://www.citadela.hr/en/houses/biograd-na-moru-kuca-s-9-apartmana-481-m2-novogradnja" "Mozilla/5.0 (iPad; CPU OS 12_3_1 like Mac OS X) AppleWebKit/605.1.15 (KHTML, like Gecko) Version/12.1.1 Mobile/15E148 Safari/604.1"
84.183.22.109 - - [30/Jul/2019:06:17:09 +0000] "GET /unitegallery/js/jquery-11.0.min.js HTTP/1.1" 200 33369 "https://www.citadela.hr/en/houses/biograd-na-moru-kuca-s-9-apartmana-481-m2-novogradnja" "Mozilla/5.0 (iPad; CPU OS 12_3_1 like Mac OS X) AppleWebKit/605.1.15 (KHTML, like Gecko) Version/12.1.1 Mobile/15E148 Safari/604.1"
84.183.22.109 - - [30/Jul/2019:06:17:09 +0000] "GET /unitegallery/themes/compact/ug-theme-compact.js HTTP/1.1" 200 2477 "https://www.citadela.hr/en/houses/biograd-na-moru-kuca-s-9-apartmana-481-m2-novogradnja" "Mozilla/5.0 (iPad; CPU OS 12_3_1 like Mac OS X) AppleWebKit/605.1.15 (KHTML, like Gecko) Version/12.1.1 Mobile/15E148 Safari/604.1"
84.183.22.109 - - [30/Jul/2019:06:17:09 +0000] "GET /unitegallery/js/unitegallery.min.js HTTP/1.1" 200 66910 "https://www.citadela.hr/en/houses/biograd-na-moru-kuca-s-9-apartmana-481-m2-novogradnja" "Mozilla/5.0 (iPad; CPU OS 12_3_1 like Mac OS X) AppleWebKit/605.1.15 (KHTML, like Gecko) Version/12.1.1 Mobile/15E148 Safari/604.1"
84.183.22.109 - - [30/Jul/2019:06:17:09 +0000] "GET /css/animate.min.css HTTP/1.1" 200 4242 "https://www.citadela.hr/en/houses/biograd-na-moru-kuca-s-9-apartmana-481-m2-novogradnja" "Mozilla/5.0 (iPad; CPU OS 12_3_1 like Mac OS X) AppleWebKit/605.1.15 (KHTML, like Gecko) Version/12.1.1 Mobile/15E148 Safari/604.1"
84.183.22.109 - - [30/Jul/2019:06:17:09 +0000] "GET /css/jquery.fancybox.css HTTP/1.1" 200 1434 "https://www.citadela.hr/en/houses/biograd-na-moru-kuca-s-9-apartmana-481-m2-novogradnja" "Mozilla/5.0 (iPad; CPU OS 12_3_1 like Mac OS X) AppleWebKit/605.1.15 (KHTML, like Gecko) Version/12.1.1 Mobile/15E148 Safari/604.1"
84.183.22.109 - - [30/Jul/2019:06:17:09 +0000] "GET /css/owl.css HTTP/1.1" 200 1348 "https://www.citadela.hr/en/houses/biograd-na-moru-kuca-s-9-apartmana-481-m2-novogradnja" "Mozilla/5.0 (iPad; CPU OS 12_3_1 like Mac OS X) AppleWebKit/605.1.15 (KHTML, like Gecko) Version/12.1.1 Mobile/15E148 Safari/604.1"
84.183.22.109 - - [30/Jul/2019:06:17:09 +0000] "GET /img/logo_header.png?v=2 HTTP/1.1" 200 4348 "https://www.citadela.hr/en/houses/biograd-na-moru-kuca-s-9-apartmana-481-m2-novogradnja" "Mozilla/5.0 (iPad; CPU OS 12_3_1 like Mac OS X) AppleWebKit/605.1.15 (KHTML, like Gecko) Version/12.1.1 Mobile/15E148 Safari/604.1"
84.183.22.109 - - [30/Jul/2019:06:17:09 +0000] "GET /uploads/thumbnails/437c468920226cbacd560e10a3785b34.JPG HTTP/1.1" 200 48851 "https://www.citadela.hr/en/houses/biograd-na-moru-kuca-s-9-apartmana-481-m2-novogradnja" "Mozilla/5.0 (iPad; CPU OS 12_3_1 like Mac OS X) AppleWebKit/605.1.15 (KHTML, like Gecko) Version/12.1.1 Mobile/15E148 Safari/604.1"
84.183.22.109 - - [30/Jul/2019:06:17:09 +0000] "GET /uploads/thumbnails/993d4ef1146caf2fa2980caf30f95479.JPG HTTP/1.1" 200 49866 "https://www.citadela.hr/en/houses/biograd-na-moru-kuca-s-9-apartmana-481-m2-novogradnja" "Mozilla/5.0 (iPad; CPU OS 12_3_1 like Mac OS X) AppleWebKit/605.1.15 (KHTML, like Gecko) Version/12.1.1 Mobile/15E148 Safari/604.1"
84.183.22.109 - - [30/Jul/2019:06:17:09 +0000] "GET /uploads/thumbnails/6f5356a6d652d128b772535ae9ab2b09.JPG HTTP/1.1" 200 53332 "https://www.citadela.hr/en/houses/biograd-na-moru-kuca-s-9-apartmana-481-m2-novogradnja" "Mozilla/5.0 (iPad; CPU OS 12_3_1 like Mac OS X) AppleWebKit/605.1.15 (KHTML, like Gecko) Version/12.1.1 Mobile/15E148 Safari/604.1"
84.183.22.109 - - [30/Jul/2019:06:17:09 +0000] "GET /uploads/thumbnails/ac500bac51eeed687bdd14da9ce30fe5.JPG HTTP/1.1" 200 50092 "https://www.citadela.hr/en/houses/biograd-na-moru-kuca-s-9-apartmana-481-m2-novogradnja" "Mozilla/5.0 (iPad; CPU OS 12_3_1 like Mac OS X) AppleWebKit/605.1.15 (KHTML, like Gecko) Version/12.1.1 Mobile/15E148 Safari/604.1"
84.183.22.109 - - [30/Jul/2019:06:17:09 +0000] "GET /uploads/thumbnails/3402fc0b29e58cf84bb4479934dc326a.jpeg HTTP/1.1" 200 47012 "https://www.citadela.hr/en/houses/biograd-na-moru-kuca-s-9-apartmana-481-m2-novogradnja" "Mozilla/5.0 (iPad; CPU OS 12_3_1 like Mac OS X) AppleWebKit/605.1.15 (KHTML, like Gecko) Version/12.1.1 Mobile/15E148 Safari/604.1"
84.183.22.109 - - [30/Jul/2019:06:17:09 +0000] "GET /uploads/thumbnails/66dbed6e3ad96e4dfd2e552815b0f2bb.jpg HTTP/1.1" 200 44320 "https://www.citadela.hr/en/houses/biograd-na-moru-kuca-s-9-apartmana-481-m2-novogradnja" "Mozilla/5.0 (iPad; CPU OS 12_3_1 like Mac OS X) AppleWebKit/605.1.15 (KHTML, like Gecko) Version/12.1.1 Mobile/15E148 Safari/604.1"
84.183.22.109 - - [30/Jul/2019:06:17:09 +0000] "GET /uploads/thumbnails/5d86bc21669f9387b72769719d34eac7.jpg HTTP/1.1" 200 29296 "https://www.citadela.hr/en/houses/biograd-na-moru-kuca-s-9-apartmana-481-m2-novogradnja" "Mozilla/5.0 (iPad; CPU OS 12_3_1 like Mac OS X) AppleWebKit/605.1.15 (KHTML, like Gecko) Version/12.1.1 Mobile/15E148 Safari/604.1"
84.183.22.109 - - [30/Jul/2019:06:17:09 +0000] "GET /uploads/thumbnails/c64d984cbc8ff1be7e7804542a597240.jpg HTTP/1.1" 200 25287 "https://www.citadela.hr/en/houses/biograd-na-moru-kuca-s-9-apartmana-481-m2-novogradnja" "Mozilla/5.0 (iPad; CPU OS 12_3_1 like Mac OS X) AppleWebKit/605.1.15 (KHTML, like Gecko) Version/12.1.1 Mobile/15E148 Safari/604.1"
84.183.22.109 - - [30/Jul/2019:06:17:09 +0000] "GET /uploads/thumbnails/33ce7d8c29ddddd9743ec31b1ec5bb6a.jpg HTTP/1.1" 200 27302 "https://www.citadela.hr/en/houses/biograd-na-moru-kuca-s-9-apartmana-481-m2-novogradnja" "Mozilla/5.0 (iPad; CPU OS 12_3_1 like Mac OS X) AppleWebKit/605.1.15 (KHTML, like Gecko) Version/12.1.1 Mobile/15E148 Safari/604.1"
84.183.22.109 - - [30/Jul/2019:06:17:09 +0000] "GET /uploads/thumbnails/a0cb980d51586e8875dec8c242c14e78.jpg HTTP/1.1" 200 29026 "https://www.citadela.hr/en/houses/biograd-na-moru-kuca-s-9-apartmana-481-m2-novogradnja" "Mozilla/5.0 (iPad; CPU OS 12_3_1 like Mac OS X) AppleWebKit/605.1.15 (KHTML, like Gecko) Version/12.1.1 Mobile/15E148 Safari/604.1"
84.183.22.109 - - [30/Jul/2019:06:17:09 +0000] "GET /uploads/thumbnails/026c00f1fd3c5b60a29f4b1c1d3b7275.jpg HTTP/1.1" 200 24958 "https://www.citadela.hr/en/houses/biograd-na-moru-kuca-s-9-apartmana-481-m2-novogradnja" "Mozilla/5.0 (iPad; CPU OS 12_3_1 like Mac OS X) AppleWebKit/605.1.15 (KHTML, like Gecko) Version/12.1.1 Mobile/15E148 Safari/604.1"
84.183.22.109 - - [30/Jul/2019:06:17:09 +0000] "GET /uploads/thumbnails/d8a5b0af4eb9e61e08fda0f7ea2a3da9.jpg HTTP/1.1" 200 26484 "https://www.citadela.hr/en/houses/biograd-na-moru-kuca-s-9-apartmana-481-m2-novogradnja" "Mozilla/5.0 (iPad; CPU OS 12_3_1 like Mac OS X) AppleWebKit/605.1.15 (KHTML, like Gecko) Version/12.1.1 Mobile/15E148 Safari/604.1"
84.183.22.109 - - [30/Jul/2019:06:17:09 +0000] "GET /uploads/thumbnails/cae3d9dd5761388c0d1a5ba031022e6e.jpg HTTP/1.1" 200 28661 "https://www.citadela.hr/en/houses/biograd-na-moru-kuca-s-9-apartmana-481-m2-novogradnja" "Mozilla/5.0 (iPad; CPU OS 12_3_1 like Mac OS X) AppleWebKit/605.1.15 (KHTML, like Gecko) Version/12.1.1 Mobile/15E148 Safari/604.1"
84.183.22.109 - - [30/Jul/2019:06:17:09 +0000] "GET /uploads/thumbnails/1c2172ccdd97b7b6be4391c6b09c5b3f.jpg HTTP/1.1" 200 28462 "https://www.citadela.hr/en/houses/biograd-na-moru-kuca-s-9-apartmana-481-m2-novogradnja" "Mozilla/5.0 (iPad; CPU OS 12_3_1 like Mac OS X) AppleWebKit/605.1.15 (KHTML, like Gecko) Version/12.1.1 Mobile/15E148 Safari/604.1"
84.183.22.109 - - [30/Jul/2019:06:17:09 +0000] "GET /uploads/thumbnails/2cc501b5189a77943f794ed07dd6cbb1.jpg HTTP/1.1" 200 22288 "https://www.citadela.hr/en/houses/biograd-na-moru-kuca-s-9-apartmana-481-m2-novogradnja" "Mozilla/5.0 (iPad; CPU OS 12_3_1 like Mac OS X) AppleWebKit/605.1.15 (KHTML, like Gecko) Version/12.1.1 Mobile/15E148 Safari/604.1"
84.183.22.109 - - [30/Jul/2019:06:17:09 +0000] "GET /uploads/thumbnails/4cc884207bf5759ff4995a2f616c8e55.jpg HTTP/1.1" 200 36110 "https://www.citadela.hr/en/houses/biograd-na-moru-kuca-s-9-apartmana-481-m2-novogradnja" "Mozilla/5.0 (iPad; CPU OS 12_3_1 like Mac OS X) AppleWebKit/605.1.15 (KHTML, like Gecko) Version/12.1.1 Mobile/15E148 Safari/604.1"
84.183.22.109 - - [30/Jul/2019:06:17:09 +0000] "GET /uploads/thumbnails/a054db5b55bfcdc806af9957119b1e70.jpg HTTP/1.1" 200 35461 "https://www.citadela.hr/en/houses/biograd-na-moru-kuca-s-9-apartmana-481-m2-novogradnja" "Mozilla/5.0 (iPad; CPU OS 12_3_1 like Mac OS X) AppleWebKit/605.1.15 (KHTML, like Gecko) Version/12.1.1 Mobile/15E148 Safari/604.1"
84.183.22.109 - - [30/Jul/2019:06:17:09 +0000] "GET /uploads/thumbnails/38ea58f111a6d5d4969e56609e39f0a8.jpg HTTP/1.1" 200 29227 "https://www.citadela.hr/en/houses/biograd-na-moru-kuca-s-9-apartmana-481-m2-novogradnja" "Mozilla/5.0 (iPad; CPU OS 12_3_1 like Mac OS X) AppleWebKit/605.1.15 (KHTML, like Gecko) Version/12.1.1 Mobile/15E148 Safari/604.1"
84.183.22.109 - - [30/Jul/2019:06:17:09 +0000] "GET /uploads/thumbnails/64e993c2840efab30c1f34579aeac032.jpg HTTP/1.1" 200 27320 "https://www.citadela.hr/en/houses/biograd-na-moru-kuca-s-9-apartmana-481-m2-novogradnja" "Mozilla/5.0 (iPad; CPU OS 12_3_1 like Mac OS X) AppleWebKit/605.1.15 (KHTML, like Gecko) Version/12.1.1 Mobile/15E148 Safari/604.1"
84.183.22.109 - - [30/Jul/2019:06:17:10 +0000] "GET /uploads/thumbnails/5cd43be191b6974f08c0d18e7372efd5.JPG HTTP/1.1" 200 47343 "https://www.citadela.hr/en/houses/biograd-na-moru-kuca-s-9-apartmana-481-m2-novogradnja" "Mozilla/5.0 (iPad; CPU OS 12_3_1 like Mac OS X) AppleWebKit/605.1.15 (KHTML, like Gecko) Version/12.1.1 Mobile/15E148 Safari/604.1"
84.183.22.109 - - [30/Jul/2019:06:17:10 +0000] "GET /img/mate.jpg HTTP/1.1" 200 14037 "https://www.citadela.hr/en/houses/biograd-na-moru-kuca-s-9-apartmana-481-m2-novogradnja" "Mozilla/5.0 (iPad; CPU OS 12_3_1 like Mac OS X) AppleWebKit/605.1.15 (KHTML, like Gecko) Version/12.1.1 Mobile/15E148 Safari/604.1"
84.183.22.109 - - [30/Jul/2019:06:17:09 +0000] "GET /uploads/thumbnails/4c498db2fedcc05e7637adeeb714812c.jpeg HTTP/1.1" 200 51630 "https://www.citadela.hr/en/houses/biograd-na-moru-kuca-s-9-apartmana-481-m2-novogradnja" "Mozilla/5.0 (iPad; CPU OS 12_3_1 like Mac OS X) AppleWebKit/605.1.15 (KHTML, like Gecko) Version/12.1.1 Mobile/15E148 Safari/604.1"
84.183.22.109 - - [30/Jul/2019:06:17:09 +0000] "GET /uploads/thumbnails/51b8b85998fa28727620b90be991c5d2.jpeg HTTP/1.1" 200 56635 "https://www.citadela.hr/en/houses/biograd-na-moru-kuca-s-9-apartmana-481-m2-novogradnja" "Mozilla/5.0 (iPad; CPU OS 12_3_1 like Mac OS X) AppleWebKit/605.1.15 (KHTML, like Gecko) Version/12.1.1 Mobile/15E148 Safari/604.1"
84.183.22.109 - - [30/Jul/2019:06:17:10 +0000] "GET /img/logo_footer.png HTTP/1.1" 200 4213 "https://www.citadela.hr/en/houses/biograd-na-moru-kuca-s-9-apartmana-481-m2-novogradnja" "Mozilla/5.0 (iPad; CPU OS 12_3_1 like Mac OS X) AppleWebKit/605.1.15 (KHTML, like Gecko) Version/12.1.1 Mobile/15E148 Safari/604.1"
84.183.22.109 - - [30/Jul/2019:06:17:10 +0000] "GET /assets/plugins/flag/flags/4x3/gb.svg HTTP/1.1" 200 989 "https://www.citadela.hr/en/houses/biograd-na-moru-kuca-s-9-apartmana-481-m2-novogradnja" "Mozilla/5.0 (iPad; CPU OS 12_3_1 like Mac OS X) AppleWebKit/605.1.15 (KHTML, like Gecko) Version/12.1.1 Mobile/15E148 Safari/604.1"
84.183.22.109 - - [30/Jul/2019:06:17:10 +0000] "GET /unitegallery/images/loader.gif HTTP/1.1" 200 673 "https://www.citadela.hr/en/houses/biograd-na-moru-kuca-s-9-apartmana-481-m2-novogradnja" "Mozilla/5.0 (iPad; CPU OS 12_3_1 like Mac OS X) AppleWebKit/605.1.15 (KHTML, like Gecko) Version/12.1.1 Mobile/15E148 Safari/604.1"
84.183.22.109 - - [30/Jul/2019:06:17:10 +0000] "GET /unitegallery/images/loader-white1.gif HTTP/1.1" 200 2545 "https://www.citadela.hr/en/houses/biograd-na-moru-kuca-s-9-apartmana-481-m2-novogradnja" "Mozilla/5.0 (iPad; CPU OS 12_3_1 like Mac OS X) AppleWebKit/605.1.15 (KHTML, like Gecko) Version/12.1.1 Mobile/15E148 Safari/604.1"
84.183.22.109 - - [30/Jul/2019:06:17:10 +0000] "GET /unitegallery/skins/default/slider_arrow_left.png HTTP/1.1" 200 493 "https://www.citadela.hr/en/houses/biograd-na-moru-kuca-s-9-apartmana-481-m2-novogradnja" "Mozilla/5.0 (iPad; CPU OS 12_3_1 like Mac OS X) AppleWebKit/605.1.15 (KHTML, like Gecko) Version/12.1.1 Mobile/15E148 Safari/604.1"
84.183.22.109 - - [30/Jul/2019:06:17:10 +0000] "GET /unitegallery/skins/default/slider_arrow_right.png HTTP/1.1" 200 505 "https://www.citadela.hr/en/houses/biograd-na-moru-kuca-s-9-apartmana-481-m2-novogradnja" "Mozilla/5.0 (iPad; CPU OS 12_3_1 like Mac OS X) AppleWebKit/605.1.15 (KHTML, like Gecko) Version/12.1.1 Mobile/15E148 Safari/604.1"
84.183.22.109 - - [30/Jul/2019:06:17:10 +0000] "GET /unitegallery/skins/default/button_fullscreen.png HTTP/1.1" 200 1146 "https://www.citadela.hr/en/houses/biograd-na-moru-kuca-s-9-apartmana-481-m2-novogradnja" "Mozilla/5.0 (iPad; CPU OS 12_3_1 like Mac OS X) AppleWebKit/605.1.15 (KHTML, like Gecko) Version/12.1.1 Mobile/15E148 Safari/604.1"
84.183.22.109 - - [30/Jul/2019:06:17:10 +0000] "GET /img/banner/banner.png HTTP/1.1" 200 188379 "https://www.citadela.hr/en/houses/biograd-na-moru-kuca-s-9-apartmana-481-m2-novogradnja" "Mozilla/5.0 (iPad; CPU OS 12_3_1 like Mac OS X) AppleWebKit/605.1.15 (KHTML, like Gecko) Version/12.1.1 Mobile/15E148 Safari/604.1"
84.183.22.109 - - [30/Jul/2019:06:17:10 +0000] "GET /unitegallery/images/loader-black1.gif HTTP/1.1" 200 5855 "https://www.citadela.hr/en/houses/biograd-na-moru-kuca-s-9-apartmana-481-m2-novogradnja" "Mozilla/5.0 (iPad; CPU OS 12_3_1 like Mac OS X) AppleWebKit/605.1.15 (KHTML, like Gecko) Version/12.1.1 Mobile/15E148 Safari/604.1"
84.183.22.109 - - [30/Jul/2019:06:17:10 +0000] "GET /unitegallery/images/button-close.png HTTP/1.1" 200 7155 "https://www.citadela.hr/en/houses/biograd-na-moru-kuca-s-9-apartmana-481-m2-novogradnja" "Mozilla/5.0 (iPad; CPU OS 12_3_1 like Mac OS X) AppleWebKit/605.1.15 (KHTML, like Gecko) Version/12.1.1 Mobile/15E148 Safari/604.1"
84.183.22.109 - - [30/Jul/2019:06:17:10 +0000] "GET /fonts/fontawesome-webfont.woff2?v=4.7.0 HTTP/1.1" 200 77160 "https://www.citadela.hr/en/houses/biograd-na-moru-kuca-s-9-apartmana-481-m2-novogradnja" "Mozilla/5.0 (iPad; CPU OS 12_3_1 like Mac OS X) AppleWebKit/605.1.15 (KHTML, like Gecko) Version/12.1.1 Mobile/15E148 Safari/604.1"
84.183.22.109 - - [30/Jul/2019:06:17:10 +0000] "GET /uploads/images/437c468920226cbacd560e10a3785b34.JPG HTTP/1.1" 200 310265 "https://www.citadela.hr/en/houses/biograd-na-moru-kuca-s-9-apartmana-481-m2-novogradnja" "Mozilla/5.0 (iPad; CPU OS 12_3_1 like Mac OS X) AppleWebKit/605.1.15 (KHTML, like Gecko) Version/12.1.1 Mobile/15E148 Safari/604.1"
84.183.22.109 - - [30/Jul/2019:06:17:10 +0000] "GET /uploads/images/993d4ef1146caf2fa2980caf30f95479.JPG HTTP/1.1" 200 309747 "https://www.citadela.hr/en/houses/biograd-na-moru-kuca-s-9-apartmana-481-m2-novogradnja" "Mozilla/5.0 (iPad; CPU OS 12_3_1 like Mac OS X) AppleWebKit/605.1.15 (KHTML, like Gecko) Version/12.1.1 Mobile/15E148 Safari/604.1"
84.183.22.109 - - [30/Jul/2019:06:17:10 +0000] "GET /uploads/images/5cd43be191b6974f08c0d18e7372efd5.JPG HTTP/1.1" 200 301319 "https://www.citadela.hr/en/houses/biograd-na-moru-kuca-s-9-apartmana-481-m2-novogradnja" "Mozilla/5.0 (iPad; CPU OS 12_3_1 like Mac OS X) AppleWebKit/605.1.15 (KHTML, like Gecko) Version/12.1.1 Mobile/15E148 Safari/604.1"
84.183.22.109 - - [30/Jul/2019:06:17:10 +0000] "GET /unitegallery/images/play-button-square.png HTTP/1.1" 200 4591 "https://www.citadela.hr/en/houses/biograd-na-moru-kuca-s-9-apartmana-481-m2-novogradnja" "Mozilla/5.0 (iPad; CPU OS 12_3_1 like Mac OS X) AppleWebKit/605.1.15 (KHTML, like Gecko) Version/12.1.1 Mobile/15E148 Safari/604.1"
84.183.22.109 - - [30/Jul/2019:06:17:10 +0000] "GET /favicon-32x32.png HTTP/1.1" 200 1936 "https://www.citadela.hr/en/houses/biograd-na-moru-kuca-s-9-apartmana-481-m2-novogradnja" "Mozilla/5.0 (iPad; CPU OS 12_3_1 like Mac OS X) AppleWebKit/605.1.15 (KHTML, like Gecko) Version/12.1.1 Mobile/15E148 Safari/604.1"
84.183.22.109 - - [30/Jul/2019:06:17:10 +0000] "GET /favicon-16x16.png HTTP/1.1" 200 1203 "https://www.citadela.hr/en/houses/biograd-na-moru-kuca-s-9-apartmana-481-m2-novogradnja" "Mozilla/5.0 (iPad; CPU OS 12_3_1 like Mac OS X) AppleWebKit/605.1.15 (KHTML, like Gecko) Version/12.1.1 Mobile/15E148 Safari/604.1"
37.0.133.96 - - [30/Jul/2019:06:18:55 +0000] "GET /kuce/zadar-relja-kuca-i-dvor-pored-autobusnog-kolodvora HTTP/1.1" 200 5498 "https://www.google.com/" "Mozilla/5.0 (Linux; Android 9; ONEPLUS A6013) AppleWebKit/537.36 (KHTML, like Gecko) Chrome/75.0.3770.143 Mobile Safari/537.36"
37.0.133.96 - - [30/Jul/2019:06:18:55 +0000] "GET /css/bootstrap.css HTTP/1.1" 200 20712 "https://www.citadela.hr/kuce/zadar-relja-kuca-i-dvor-pored-autobusnog-kolodvora" "Mozilla/5.0 (Linux; Android 9; ONEPLUS A6013) AppleWebKit/537.36 (KHTML, like Gecko) Chrome/75.0.3770.143 Mobile Safari/537.36"
37.0.133.96 - - [30/Jul/2019:06:18:55 +0000] "GET /css/style.css?v=2 HTTP/1.1" 200 17441 "https://www.citadela.hr/kuce/zadar-relja-kuca-i-dvor-pored-autobusnog-kolodvora" "Mozilla/5.0 (Linux; Android 9; ONEPLUS A6013) AppleWebKit/537.36 (KHTML, like Gecko) Chrome/75.0.3770.143 Mobile Safari/537.36"
37.0.133.96 - - [30/Jul/2019:06:18:55 +0000] "GET /css/font-awesome.css HTTP/1.1" 200 7439 "https://www.citadela.hr/kuce/zadar-relja-kuca-i-dvor-pored-autobusnog-kolodvora" "Mozilla/5.0 (Linux; Android 9; ONEPLUS A6013) AppleWebKit/537.36 (KHTML, like Gecko) Chrome/75.0.3770.143 Mobile Safari/537.36"
37.0.133.96 - - [30/Jul/2019:06:18:55 +0000] "GET /fonts/flaticon.css HTTP/1.1" 200 699 "https://www.citadela.hr/kuce/zadar-relja-kuca-i-dvor-pored-autobusnog-kolodvora" "Mozilla/5.0 (Linux; Android 9; ONEPLUS A6013) AppleWebKit/537.36 (KHTML, like Gecko) Chrome/75.0.3770.143 Mobile Safari/537.36"
37.0.133.96 - - [30/Jul/2019:06:18:55 +0000] "GET /css/colors/blue.css?v=2 HTTP/1.1" 200 3552 "https://www.citadela.hr/kuce/zadar-relja-kuca-i-dvor-pored-autobusnog-kolodvora" "Mozilla/5.0 (Linux; Android 9; ONEPLUS A6013) AppleWebKit/537.36 (KHTML, like Gecko) Chrome/75.0.3770.143 Mobile Safari/537.36"
37.0.133.96 - - [30/Jul/2019:06:18:55 +0000] "GET /css/jslider.css HTTP/1.1" 200 763 "https://www.citadela.hr/kuce/zadar-relja-kuca-i-dvor-pored-autobusnog-kolodvora" "Mozilla/5.0 (Linux; Android 9; ONEPLUS A6013) AppleWebKit/537.36 (KHTML, like Gecko) Chrome/75.0.3770.143 Mobile Safari/537.36"
37.0.133.96 - - [30/Jul/2019:06:18:55 +0000] "GET /css/responsive.css HTTP/1.1" 200 2788 "https://www.citadela.hr/kuce/zadar-relja-kuca-i-dvor-pored-autobusnog-kolodvora" "Mozilla/5.0 (Linux; Android 9; ONEPLUS A6013) AppleWebKit/537.36 (KHTML, like Gecko) Chrome/75.0.3770.143 Mobile Safari/537.36"
37.0.133.96 - - [30/Jul/2019:06:18:55 +0000] "GET /css/loader.css?v=2 HTTP/1.1" 200 772 "https://www.citadela.hr/kuce/zadar-relja-kuca-i-dvor-pored-autobusnog-kolodvora" "Mozilla/5.0 (Linux; Android 9; ONEPLUS A6013) AppleWebKit/537.36 (KHTML, like Gecko) Chrome/75.0.3770.143 Mobile Safari/537.36"
37.0.133.96 - - [30/Jul/2019:06:18:55 +0000] "GET /assets/plugins/flag/css/flag-icon.css HTTP/1.1" 200 2837 "https://www.citadela.hr/kuce/zadar-relja-kuca-i-dvor-pored-autobusnog-kolodvora" "Mozilla/5.0 (Linux; Android 9; ONEPLUS A6013) AppleWebKit/537.36 (KHTML, like Gecko) Chrome/75.0.3770.143 Mobile Safari/537.36"
37.0.133.96 - - [30/Jul/2019:06:18:55 +0000] "GET /unitegallery/css/unite-gallery.css HTTP/1.1" 200 4825 "https://www.citadela.hr/kuce/zadar-relja-kuca-i-dvor-pored-autobusnog-kolodvora" "Mozilla/5.0 (Linux; Android 9; ONEPLUS A6013) AppleWebKit/537.36 (KHTML, like Gecko) Chrome/75.0.3770.143 Mobile Safari/537.36"
37.0.133.96 - - [30/Jul/2019:06:18:55 +0000] "GET /css/animate.min.css HTTP/1.1" 200 4242 "https://www.citadela.hr/kuce/zadar-relja-kuca-i-dvor-pored-autobusnog-kolodvora" "Mozilla/5.0 (Linux; Android 9; ONEPLUS A6013) AppleWebKit/537.36 (KHTML, like Gecko) Chrome/75.0.3770.143 Mobile Safari/537.36"
37.0.133.96 - - [30/Jul/2019:06:18:55 +0000] "GET /js/bootstrap-select.js HTTP/1.1" 200 15633 "https://www.citadela.hr/kuce/zadar-relja-kuca-i-dvor-pored-autobusnog-kolodvora" "Mozilla/5.0 (Linux; Android 9; ONEPLUS A6013) AppleWebKit/537.36 (KHTML, like Gecko) Chrome/75.0.3770.143 Mobile Safari/537.36"
37.0.133.96 - - [30/Jul/2019:06:18:55 +0000] "GET /css/owl.css HTTP/1.1" 200 1348 "https://www.citadela.hr/kuce/zadar-relja-kuca-i-dvor-pored-autobusnog-kolodvora" "Mozilla/5.0 (Linux; Android 9; ONEPLUS A6013) AppleWebKit/537.36 (KHTML, like Gecko) Chrome/75.0.3770.143 Mobile Safari/537.36"
37.0.133.96 - - [30/Jul/2019:06:18:55 +0000] "GET /css/jquery.fancybox.css HTTP/1.1" 200 1434 "https://www.citadela.hr/kuce/zadar-relja-kuca-i-dvor-pored-autobusnog-kolodvora" "Mozilla/5.0 (Linux; Android 9; ONEPLUS A6013) AppleWebKit/537.36 (KHTML, like Gecko) Chrome/75.0.3770.143 Mobile Safari/537.36"
37.0.133.96 - - [30/Jul/2019:06:18:55 +0000] "GET /js/bootstrap.min.js HTTP/1.1" 200 9833 "https://www.citadela.hr/kuce/zadar-relja-kuca-i-dvor-pored-autobusnog-kolodvora" "Mozilla/5.0 (Linux; Android 9; ONEPLUS A6013) AppleWebKit/537.36 (KHTML, like Gecko) Chrome/75.0.3770.143 Mobile Safari/537.36"
37.0.133.96 - - [30/Jul/2019:06:18:55 +0000] "GET /js/jquery.min.js HTTP/1.1" 200 33760 "https://www.citadela.hr/kuce/zadar-relja-kuca-i-dvor-pored-autobusnog-kolodvora" "Mozilla/5.0 (Linux; Android 9; ONEPLUS A6013) AppleWebKit/537.36 (KHTML, like Gecko) Chrome/75.0.3770.143 Mobile Safari/537.36"
37.0.133.96 - - [30/Jul/2019:06:18:55 +0000] "GET /js/YouTubePopUp.jquery.js HTTP/1.1" 200 967 "https://www.citadela.hr/kuce/zadar-relja-kuca-i-dvor-pored-autobusnog-kolodvora" "Mozilla/5.0 (Linux; Android 9; ONEPLUS A6013) AppleWebKit/537.36 (KHTML, like Gecko) Chrome/75.0.3770.143 Mobile Safari/537.36"
37.0.133.96 - - [30/Jul/2019:06:18:55 +0000] "GET /js/jquery.fancybox.pack.js HTTP/1.1" 200 8634 "https://www.citadela.hr/kuce/zadar-relja-kuca-i-dvor-pored-autobusnog-kolodvora" "Mozilla/5.0 (Linux; Android 9; ONEPLUS A6013) AppleWebKit/537.36 (KHTML, like Gecko) Chrome/75.0.3770.143 Mobile Safari/537.36"
37.0.133.96 - - [30/Jul/2019:06:18:55 +0000] "GET /js/jquery.fancybox-media.js HTTP/1.1" 200 1973 "https://www.citadela.hr/kuce/zadar-relja-kuca-i-dvor-pored-autobusnog-kolodvora" "Mozilla/5.0 (Linux; Android 9; ONEPLUS A6013) AppleWebKit/537.36 (KHTML, like Gecko) Chrome/75.0.3770.143 Mobile Safari/537.36"
37.0.133.96 - - [30/Jul/2019:06:18:55 +0000] "GET /js/mixitup.js HTTP/1.1" 200 11347 "https://www.citadela.hr/kuce/zadar-relja-kuca-i-dvor-pored-autobusnog-kolodvora" "Mozilla/5.0 (Linux; Android 9; ONEPLUS A6013) AppleWebKit/537.36 (KHTML, like Gecko) Chrome/75.0.3770.143 Mobile Safari/537.36"
