93.103.168.215 - - [30/Jul/2019:19:17:52 +0000] "GET /unitegallery/css/unite-gallery.css HTTP/1.1" 200 4825 "https://www.citadela.hr/zemljista/pasman-tkon-gradevinsko-zemljiste-drugi-red-do-mora-2173-m2" "Mozilla/5.0 (Windows NT 10.0; Win64; x64) AppleWebKit/537.36 (KHTML, like Gecko) Chrome/75.0.3770.142 Safari/537.36"
93.103.168.215 - - [30/Jul/2019:19:17:52 +0000] "GET /js/bootstrap-select.js HTTP/1.1" 200 15633 "https://www.citadela.hr/zemljista/pasman-tkon-gradevinsko-zemljiste-drugi-red-do-mora-2173-m2" "Mozilla/5.0 (Windows NT 10.0; Win64; x64) AppleWebKit/537.36 (KHTML, like Gecko) Chrome/75.0.3770.142 Safari/537.36"
93.103.168.215 - - [30/Jul/2019:19:17:52 +0000] "GET /js/bootstrap.min.js HTTP/1.1" 200 9833 "https://www.citadela.hr/zemljista/pasman-tkon-gradevinsko-zemljiste-drugi-red-do-mora-2173-m2" "Mozilla/5.0 (Windows NT 10.0; Win64; x64) AppleWebKit/537.36 (KHTML, like Gecko) Chrome/75.0.3770.142 Safari/537.36"
93.103.168.215 - - [30/Jul/2019:19:17:52 +0000] "GET /js/jquery.min.js HTTP/1.1" 200 33760 "https://www.citadela.hr/zemljista/pasman-tkon-gradevinsko-zemljiste-drugi-red-do-mora-2173-m2" "Mozilla/5.0 (Windows NT 10.0; Win64; x64) AppleWebKit/537.36 (KHTML, like Gecko) Chrome/75.0.3770.142 Safari/537.36"
93.103.168.215 - - [30/Jul/2019:19:17:52 +0000] "GET /js/YouTubePopUp.jquery.js HTTP/1.1" 200 967 "https://www.citadela.hr/zemljista/pasman-tkon-gradevinsko-zemljiste-drugi-red-do-mora-2173-m2" "Mozilla/5.0 (Windows NT 10.0; Win64; x64) AppleWebKit/537.36 (KHTML, like Gecko) Chrome/75.0.3770.142 Safari/537.36"
93.103.168.215 - - [30/Jul/2019:19:17:52 +0000] "GET /js/jquery.fancybox.pack.js HTTP/1.1" 200 8634 "https://www.citadela.hr/zemljista/pasman-tkon-gradevinsko-zemljiste-drugi-red-do-mora-2173-m2" "Mozilla/5.0 (Windows NT 10.0; Win64; x64) AppleWebKit/537.36 (KHTML, like Gecko) Chrome/75.0.3770.142 Safari/537.36"
93.103.168.215 - - [30/Jul/2019:19:17:52 +0000] "GET /js/jquery.fancybox-media.js HTTP/1.1" 200 1973 "https://www.citadela.hr/zemljista/pasman-tkon-gradevinsko-zemljiste-drugi-red-do-mora-2173-m2" "Mozilla/5.0 (Windows NT 10.0; Win64; x64) AppleWebKit/537.36 (KHTML, like Gecko) Chrome/75.0.3770.142 Safari/537.36"
93.103.168.215 - - [30/Jul/2019:19:17:52 +0000] "GET /js/owl.js HTTP/1.1" 200 17545 "https://www.citadela.hr/zemljista/pasman-tkon-gradevinsko-zemljiste-drugi-red-do-mora-2173-m2" "Mozilla/5.0 (Windows NT 10.0; Win64; x64) AppleWebKit/537.36 (KHTML, like Gecko) Chrome/75.0.3770.142 Safari/537.36"
93.103.168.215 - - [30/Jul/2019:19:17:52 +0000] "GET /js/mixitup.js HTTP/1.1" 200 11347 "https://www.citadela.hr/zemljista/pasman-tkon-gradevinsko-zemljiste-drugi-red-do-mora-2173-m2" "Mozilla/5.0 (Windows NT 10.0; Win64; x64) AppleWebKit/537.36 (KHTML, like Gecko) Chrome/75.0.3770.142 Safari/537.36"
93.103.168.215 - - [30/Jul/2019:19:17:52 +0000] "GET /js/wow.js HTTP/1.1" 200 2198 "https://www.citadela.hr/zemljista/pasman-tkon-gradevinsko-zemljiste-drugi-red-do-mora-2173-m2" "Mozilla/5.0 (Windows NT 10.0; Win64; x64) AppleWebKit/537.36 (KHTML, like Gecko) Chrome/75.0.3770.142 Safari/537.36"
93.103.168.215 - - [30/Jul/2019:19:17:52 +0000] "GET /js/jshashtable-2.1_src.js HTTP/1.1" 200 2957 "https://www.citadela.hr/zemljista/pasman-tkon-gradevinsko-zemljiste-drugi-red-do-mora-2173-m2" "Mozilla/5.0 (Windows NT 10.0; Win64; x64) AppleWebKit/537.36 (KHTML, like Gecko) Chrome/75.0.3770.142 Safari/537.36"
93.103.168.215 - - [30/Jul/2019:19:17:52 +0000] "GET /js/jquery.numberformatter-1.2.3.js HTTP/1.1" 200 4697 "https://www.citadela.hr/zemljista/pasman-tkon-gradevinsko-zemljiste-drugi-red-do-mora-2173-m2" "Mozilla/5.0 (Windows NT 10.0; Win64; x64) AppleWebKit/537.36 (KHTML, like Gecko) Chrome/75.0.3770.142 Safari/537.36"
93.103.168.215 - - [30/Jul/2019:19:17:52 +0000] "GET /css/animate.min.css HTTP/1.1" 200 4242 "https://www.citadela.hr/zemljista/pasman-tkon-gradevinsko-zemljiste-drugi-red-do-mora-2173-m2" "Mozilla/5.0 (Windows NT 10.0; Win64; x64) AppleWebKit/537.36 (KHTML, like Gecko) Chrome/75.0.3770.142 Safari/537.36"
93.103.168.215 - - [30/Jul/2019:19:17:52 +0000] "GET /css/jquery.fancybox.css HTTP/1.1" 200 1434 "https://www.citadela.hr/zemljista/pasman-tkon-gradevinsko-zemljiste-drugi-red-do-mora-2173-m2" "Mozilla/5.0 (Windows NT 10.0; Win64; x64) AppleWebKit/537.36 (KHTML, like Gecko) Chrome/75.0.3770.142 Safari/537.36"
93.103.168.215 - - [30/Jul/2019:19:17:52 +0000] "GET /css/owl.css HTTP/1.1" 200 1348 "https://www.citadela.hr/zemljista/pasman-tkon-gradevinsko-zemljiste-drugi-red-do-mora-2173-m2" "Mozilla/5.0 (Windows NT 10.0; Win64; x64) AppleWebKit/537.36 (KHTML, like Gecko) Chrome/75.0.3770.142 Safari/537.36"
93.103.168.215 - - [30/Jul/2019:19:17:52 +0000] "GET /img/logo_header.png?v=2 HTTP/1.1" 200 4348 "https://www.citadela.hr/zemljista/pasman-tkon-gradevinsko-zemljiste-drugi-red-do-mora-2173-m2" "Mozilla/5.0 (Windows NT 10.0; Win64; x64) AppleWebKit/537.36 (KHTML, like Gecko) Chrome/75.0.3770.142 Safari/537.36"
93.103.168.215 - - [30/Jul/2019:19:17:52 +0000] "GET /js/tmpl.js HTTP/1.1" 200 625 "https://www.citadela.hr/zemljista/pasman-tkon-gradevinsko-zemljiste-drugi-red-do-mora-2173-m2" "Mozilla/5.0 (Windows NT 10.0; Win64; x64) AppleWebKit/537.36 (KHTML, like Gecko) Chrome/75.0.3770.142 Safari/537.36"
93.103.168.215 - - [30/Jul/2019:19:17:52 +0000] "GET /js/jquery.dependClass-0.1.js HTTP/1.1" 200 458 "https://www.citadela.hr/zemljista/pasman-tkon-gradevinsko-zemljiste-drugi-red-do-mora-2173-m2" "Mozilla/5.0 (Windows NT 10.0; Win64; x64) AppleWebKit/537.36 (KHTML, like Gecko) Chrome/75.0.3770.142 Safari/537.36"
93.103.168.215 - - [30/Jul/2019:19:17:52 +0000] "GET /js/draggable-0.1.js HTTP/1.1" 200 1326 "https://www.citadela.hr/zemljista/pasman-tkon-gradevinsko-zemljiste-drugi-red-do-mora-2173-m2" "Mozilla/5.0 (Windows NT 10.0; Win64; x64) AppleWebKit/537.36 (KHTML, like Gecko) Chrome/75.0.3770.142 Safari/537.36"
93.103.168.215 - - [30/Jul/2019:19:17:52 +0000] "GET /js/jquery.slider.js HTTP/1.1" 200 4772 "https://www.citadela.hr/zemljista/pasman-tkon-gradevinsko-zemljiste-drugi-red-do-mora-2173-m2" "Mozilla/5.0 (Windows NT 10.0; Win64; x64) AppleWebKit/537.36 (KHTML, like Gecko) Chrome/75.0.3770.142 Safari/537.36"
93.103.168.215 - - [30/Jul/2019:19:17:52 +0000] "GET /js/jquery.barrating.js HTTP/1.1" 200 4280 "https://www.citadela.hr/zemljista/pasman-tkon-gradevinsko-zemljiste-drugi-red-do-mora-2173-m2" "Mozilla/5.0 (Windows NT 10.0; Win64; x64) AppleWebKit/537.36 (KHTML, like Gecko) Chrome/75.0.3770.142 Safari/537.36"
93.103.168.215 - - [30/Jul/2019:19:17:52 +0000] "GET /js/custom.js HTTP/1.1" 200 5159 "https://www.citadela.hr/zemljista/pasman-tkon-gradevinsko-zemljiste-drugi-red-do-mora-2173-m2" "Mozilla/5.0 (Windows NT 10.0; Win64; x64) AppleWebKit/537.36 (KHTML, like Gecko) Chrome/75.0.3770.142 Safari/537.36"
93.103.168.215 - - [30/Jul/2019:19:17:52 +0000] "GET /unitegallery/js/jquery-11.0.min.js HTTP/1.1" 200 33369 "https://www.citadela.hr/zemljista/pasman-tkon-gradevinsko-zemljiste-drugi-red-do-mora-2173-m2" "Mozilla/5.0 (Windows NT 10.0; Win64; x64) AppleWebKit/537.36 (KHTML, like Gecko) Chrome/75.0.3770.142 Safari/537.36"
93.103.168.215 - - [30/Jul/2019:19:17:52 +0000] "GET /unitegallery/js/unitegallery.min.js HTTP/1.1" 200 66910 "https://www.citadela.hr/zemljista/pasman-tkon-gradevinsko-zemljiste-drugi-red-do-mora-2173-m2" "Mozilla/5.0 (Windows NT 10.0; Win64; x64) AppleWebKit/537.36 (KHTML, like Gecko) Chrome/75.0.3770.142 Safari/537.36"
93.103.168.215 - - [30/Jul/2019:19:17:52 +0000] "GET /unitegallery/themes/compact/ug-theme-compact.js HTTP/1.1" 200 2477 "https://www.citadela.hr/zemljista/pasman-tkon-gradevinsko-zemljiste-drugi-red-do-mora-2173-m2" "Mozilla/5.0 (Windows NT 10.0; Win64; x64) AppleWebKit/537.36 (KHTML, like Gecko) Chrome/75.0.3770.142 Safari/537.36"
93.103.168.215 - - [30/Jul/2019:19:17:52 +0000] "GET /img/mate.jpg HTTP/1.1" 200 14037 "https://www.citadela.hr/zemljista/pasman-tkon-gradevinsko-zemljiste-drugi-red-do-mora-2173-m2" "Mozilla/5.0 (Windows NT 10.0; Win64; x64) AppleWebKit/537.36 (KHTML, like Gecko) Chrome/75.0.3770.142 Safari/537.36"
93.103.168.215 - - [30/Jul/2019:19:17:52 +0000] "GET /img/logo_footer.png HTTP/1.1" 200 4213 "https://www.citadela.hr/zemljista/pasman-tkon-gradevinsko-zemljiste-drugi-red-do-mora-2173-m2" "Mozilla/5.0 (Windows NT 10.0; Win64; x64) AppleWebKit/537.36 (KHTML, like Gecko) Chrome/75.0.3770.142 Safari/537.36"
93.103.168.215 - - [30/Jul/2019:19:17:52 +0000] "GET /uploads/thumbnails/7fd7bbbb12068dc7f182705bb4823283.jpg HTTP/1.1" 200 51207 "https://www.citadela.hr/zemljista/pasman-tkon-gradevinsko-zemljiste-drugi-red-do-mora-2173-m2" "Mozilla/5.0 (Windows NT 10.0; Win64; x64) AppleWebKit/537.36 (KHTML, like Gecko) Chrome/75.0.3770.142 Safari/537.36"
93.103.168.215 - - [30/Jul/2019:19:17:52 +0000] "GET /uploads/thumbnails/921b399d4719f144ba6588326e08bd88.jpg HTTP/1.1" 200 51003 "https://www.citadela.hr/zemljista/pasman-tkon-gradevinsko-zemljiste-drugi-red-do-mora-2173-m2" "Mozilla/5.0 (Windows NT 10.0; Win64; x64) AppleWebKit/537.36 (KHTML, like Gecko) Chrome/75.0.3770.142 Safari/537.36"
93.103.168.215 - - [30/Jul/2019:19:17:52 +0000] "GET /assets/plugins/flag/flags/4x3/hr.svg HTTP/1.1" 200 80697 "https://www.citadela.hr/assets/plugins/flag/css/flag-icon.css" "Mozilla/5.0 (Windows NT 10.0; Win64; x64) AppleWebKit/537.36 (KHTML, like Gecko) Chrome/75.0.3770.142 Safari/537.36"
93.103.168.215 - - [30/Jul/2019:19:17:52 +0000] "GET /img/banner/banner.png HTTP/1.1" 200 188379 "https://www.citadela.hr/css/style.css?v=2" "Mozilla/5.0 (Windows NT 10.0; Win64; x64) AppleWebKit/537.36 (KHTML, like Gecko) Chrome/75.0.3770.142 Safari/537.36"
93.103.168.215 - - [30/Jul/2019:19:17:53 +0000] "GET /fonts/fontawesome-webfont.woff2?v=4.7.0 HTTP/1.1" 200 77160 "https://www.citadela.hr/css/font-awesome.css" "Mozilla/5.0 (Windows NT 10.0; Win64; x64) AppleWebKit/537.36 (KHTML, like Gecko) Chrome/75.0.3770.142 Safari/537.36"
93.103.168.215 - - [30/Jul/2019:19:17:53 +0000] "GET /unitegallery/images/cover-grid.png HTTP/1.1" 200 933 "https://www.citadela.hr/unitegallery/css/unite-gallery.css" "Mozilla/5.0 (Windows NT 10.0; Win64; x64) AppleWebKit/537.36 (KHTML, like Gecko) Chrome/75.0.3770.142 Safari/537.36"
93.103.168.215 - - [30/Jul/2019:19:17:53 +0000] "GET /unitegallery/images/loader.gif HTTP/1.1" 200 673 "https://www.citadela.hr/unitegallery/css/unite-gallery.css" "Mozilla/5.0 (Windows NT 10.0; Win64; x64) AppleWebKit/537.36 (KHTML, like Gecko) Chrome/75.0.3770.142 Safari/537.36"
93.103.168.215 - - [30/Jul/2019:19:17:53 +0000] "GET /unitegallery/images/not_loaded.png HTTP/1.1" 200 858 "https://www.citadela.hr/unitegallery/css/unite-gallery.css" "Mozilla/5.0 (Windows NT 10.0; Win64; x64) AppleWebKit/537.36 (KHTML, like Gecko) Chrome/75.0.3770.142 Safari/537.36"
93.103.168.215 - - [30/Jul/2019:19:17:53 +0000] "GET /unitegallery/images/loader-white1.gif HTTP/1.1" 200 2545 "https://www.citadela.hr/unitegallery/css/unite-gallery.css" "Mozilla/5.0 (Windows NT 10.0; Win64; x64) AppleWebKit/537.36 (KHTML, like Gecko) Chrome/75.0.3770.142 Safari/537.36"
93.103.168.215 - - [30/Jul/2019:19:17:53 +0000] "GET /unitegallery/images/play-button-square.png HTTP/1.1" 200 4591 "https://www.citadela.hr/unitegallery/css/unite-gallery.css" "Mozilla/5.0 (Windows NT 10.0; Win64; x64) AppleWebKit/537.36 (KHTML, like Gecko) Chrome/75.0.3770.142 Safari/537.36"
93.103.168.215 - - [30/Jul/2019:19:17:53 +0000] "GET /unitegallery/skins/default/slider_arrow_left.png HTTP/1.1" 200 493 "https://www.citadela.hr/unitegallery/css/unite-gallery.css" "Mozilla/5.0 (Windows NT 10.0; Win64; x64) AppleWebKit/537.36 (KHTML, like Gecko) Chrome/75.0.3770.142 Safari/537.36"
93.103.168.215 - - [30/Jul/2019:19:17:53 +0000] "GET /unitegallery/skins/default/slider_arrow_right.png HTTP/1.1" 200 505 "https://www.citadela.hr/unitegallery/css/unite-gallery.css" "Mozilla/5.0 (Windows NT 10.0; Win64; x64) AppleWebKit/537.36 (KHTML, like Gecko) Chrome/75.0.3770.142 Safari/537.36"
93.103.168.215 - - [30/Jul/2019:19:17:53 +0000] "GET /unitegallery/skins/default/button_fullscreen.png HTTP/1.1" 200 1146 "https://www.citadela.hr/unitegallery/css/unite-gallery.css" "Mozilla/5.0 (Windows NT 10.0; Win64; x64) AppleWebKit/537.36 (KHTML, like Gecko) Chrome/75.0.3770.142 Safari/537.36"
93.103.168.215 - - [30/Jul/2019:19:17:53 +0000] "GET /unitegallery/images/loader-black1.gif HTTP/1.1" 200 5855 "https://www.citadela.hr/unitegallery/css/unite-gallery.css" "Mozilla/5.0 (Windows NT 10.0; Win64; x64) AppleWebKit/537.36 (KHTML, like Gecko) Chrome/75.0.3770.142 Safari/537.36"
93.103.168.215 - - [30/Jul/2019:19:17:53 +0000] "GET /unitegallery/images/button-close.png HTTP/1.1" 200 7155 "https://www.citadela.hr/unitegallery/css/unite-gallery.css" "Mozilla/5.0 (Windows NT 10.0; Win64; x64) AppleWebKit/537.36 (KHTML, like Gecko) Chrome/75.0.3770.142 Safari/537.36"
93.103.168.215 - - [30/Jul/2019:19:17:53 +0000] "GET /uploads/images/921b399d4719f144ba6588326e08bd88.jpg HTTP/1.1" 200 87222 "https://www.citadela.hr/zemljista/pasman-tkon-gradevinsko-zemljiste-drugi-red-do-mora-2173-m2" "Mozilla/5.0 (Windows NT 10.0; Win64; x64) AppleWebKit/537.36 (KHTML, like Gecko) Chrome/75.0.3770.142 Safari/537.36"
93.103.168.215 - - [30/Jul/2019:19:17:54 +0000] "GET /favicon-32x32.png HTTP/1.1" 200 1936 "https://www.citadela.hr/zemljista/pasman-tkon-gradevinsko-zemljiste-drugi-red-do-mora-2173-m2" "Mozilla/5.0 (Windows NT 10.0; Win64; x64) AppleWebKit/537.36 (KHTML, like Gecko) Chrome/75.0.3770.142 Safari/537.36"
93.103.168.215 - - [30/Jul/2019:19:17:54 +0000] "GET /site.webmanifest HTTP/1.1" 200 291 "https://www.citadela.hr/zemljista/pasman-tkon-gradevinsko-zemljiste-drugi-red-do-mora-2173-m2" "Mozilla/5.0 (Windows NT 10.0; Win64; x64) AppleWebKit/537.36 (KHTML, like Gecko) Chrome/75.0.3770.142 Safari/537.36"
95.168.124.144 - - [30/Jul/2019:19:18:23 +0000] "GET /uploads/thumbnails/58acf584767eed76d983d23222bc2b6e.jpg HTTP/1.1" 200 37114 "https://www.google.com/blank.html" "Mozilla/5.0 (Linux; Android 9; SM-A530F Build/PPR1.180610.011; wv) AppleWebKit/537.36 (KHTML, like Gecko) Version/4.0 Chrome/72.0.3626.121 Mobile Safari/537.36 GSA/9.31.8.21.arm64"
93.103.168.215 - - [30/Jul/2019:19:19:17 +0000] "GET /uploads/images/d52769a695078a5dc3698aecf9d945f0.jpg HTTP/1.1" 200 298467 "https://www.google.si/" "Mozilla/5.0 (Windows NT 10.0; Win64; x64) AppleWebKit/537.36 (KHTML, like Gecko) Chrome/75.0.3770.142 Safari/537.36"
93.103.168.215 - - [30/Jul/2019:19:19:18 +0000] "GET /zemljista/pasman-zdrelac-gradevinsko-zemljiste-s-pogledom-na-more-460-m2 HTTP/1.1" 200 5107 "https://www.google.si/" "Mozilla/5.0 (Windows NT 10.0; Win64; x64) AppleWebKit/537.36 (KHTML, like Gecko) Chrome/75.0.3770.142 Safari/537.36"
93.103.168.215 - - [30/Jul/2019:19:19:19 +0000] "GET /uploads/thumbnails/d52769a695078a5dc3698aecf9d945f0.jpg HTTP/1.1" 200 56570 "https://www.citadela.hr/zemljista/pasman-zdrelac-gradevinsko-zemljiste-s-pogledom-na-more-460-m2" "Mozilla/5.0 (Windows NT 10.0; Win64; x64) AppleWebKit/537.36 (KHTML, like Gecko) Chrome/75.0.3770.142 Safari/537.36"
66.249.66.220 - - [30/Jul/2019:19:27:56 +0000] "GET /pretraga?category=2&type=rent&place=34&area=&price=&surface=50 HTTP/1.1" 200 4250 "-" "Mozilla/5.0 (Linux; Android 6.0.1; Nexus 5X Build/MMB29P) AppleWebKit/537.36 (KHTML, like Gecko) Chrome/41.0.2272.96 Mobile Safari/537.36 (compatible; Googlebot/2.1; +http://www.google.com/bot.html)"
93.136.103.110 - - [30/Jul/2019:19:36:45 +0000] "GET /uploads/thumbnails/f28c4ddee2395a7c3c7630d204227ede.JPG HTTP/1.1" 200 46650 "https://www.google.com/" "Mozilla/5.0 (Windows NT 10.0; Win64; x64; rv:68.0) Gecko/20100101 Firefox/68.0"
66.249.66.222 - - [30/Jul/2019:19:42:00 +0000] "GET /apartmani/bibinje-trosoban-apartman-25-metara-od-plaze-100-m2 HTTP/1.1" 500 25403 "-" "Mozilla/5.0 (Linux; Android 6.0.1; Nexus 5X Build/MMB29P) AppleWebKit/537.36 (KHTML, like Gecko) Chrome/41.0.2272.96 Mobile Safari/537.36 (compatible; Googlebot/2.1; +http://www.google.com/bot.html)"
66.249.66.222 - - [30/Jul/2019:19:43:50 +0000] "GET /uploads/thumbnails/8e6bedf68ac1cc3d44168d59d5a99c78.jpg HTTP/1.1" 304 - "-" "Googlebot-Image/1.0"
66.249.66.222 - - [30/Jul/2019:19:46:58 +0000] "GET /apartmani HTTP/1.1" 200 5363 "-" "Mozilla/5.0 (compatible; Googlebot/2.1; +http://www.google.com/bot.html)"
66.249.66.218 - - [30/Jul/2019:19:50:30 +0000] "GET /hr/pretraga?category=&type=&place=16&area=&price=500000&surface=200 HTTP/1.1" 500 49618 "-" "Mozilla/5.0 (Linux; Android 6.0.1; Nexus 5X Build/MMB29P) AppleWebKit/537.36 (KHTML, like Gecko) Chrome/41.0.2272.96 Mobile Safari/537.36 (compatible; Googlebot/2.1; +http://www.google.com/bot.html)"
54.36.150.176 - - [30/Jul/2019:19:51:27 +0000] "GET /apartmani/maslenica-apartman-prvi-red-do-mora HTTP/1.1" 200 5688 "-" "Mozilla/5.0 (compatible; AhrefsBot/6.1; +http://ahrefs.com/robot/)"
66.249.66.218 - - [30/Jul/2019:19:55:14 +0000] "GET /hr/zemljista/dugi-otok-zaglav-grad-zemljiste-21-metar-od-mora-354-m2-prilika HTTP/1.1" 500 25403 "-" "Mozilla/5.0 (Linux; Android 6.0.1; Nexus 5X Build/MMB29P) AppleWebKit/537.36 (KHTML, like Gecko) Chrome/41.0.2272.96 Mobile Safari/537.36 (compatible; Googlebot/2.1; +http://www.google.com/bot.html)"
66.249.66.218 - - [30/Jul/2019:19:59:22 +0000] "GET /pretraga?category=&place=36&price=200000&surface= HTTP/1.1" 500 49618 "-" "Mozilla/5.0 (Linux; Android 6.0.1; Nexus 5X Build/MMB29P) AppleWebKit/537.36 (KHTML, like Gecko) Chrome/41.0.2272.96 Mobile Safari/537.36 (compatible; Googlebot/2.1; +http://www.google.com/bot.html)"
66.249.66.222 - - [30/Jul/2019:20:06:50 +0000] "GET /pretraga?category=&type=&place=35&area=&price=&surface=50 HTTP/1.1" 200 4747 "-" "Mozilla/5.0 (compatible; Googlebot/2.1; +http://www.google.com/bot.html)"
66.249.66.220 - - [30/Jul/2019:20:11:47 +0000] "GET /pretraga?category=&type=sale&place=&area=&price=&surface=&page=5 HTTP/1.1" 200 5590 "-" "Mozilla/5.0 (Linux; Android 6.0.1; Nexus 5X Build/MMB29P) AppleWebKit/537.36 (KHTML, like Gecko) Chrome/41.0.2272.96 Mobile Safari/537.36 (compatible; Googlebot/2.1; +http://www.google.com/bot.html)"
37.0.164.185 - - [30/Jul/2019:20:17:10 +0000] "GET /uploads/thumbnails/5b63eb9e98eb433845f000c5fe8a7d89.jpg HTTP/1.1" 200 61494 "https://www.google.com/" "Mozilla/5.0 (Linux; Android 8.1.0; LG-M200) AppleWebKit/537.36 (KHTML, like Gecko) Chrome/75.0.3770.143 Mobile Safari/537.36"
66.249.66.222 - - [30/Jul/2019:20:23:36 +0000] "GET /pretraga?category=&place=36&price=200000&surface= HTTP/1.1" 500 49618 "-" "Mozilla/5.0 (Linux; Android 6.0.1; Nexus 5X Build/MMB29P) AppleWebKit/537.36 (KHTML, like Gecko) Chrome/41.0.2272.96 Mobile Safari/537.36 (compatible; Googlebot/2.1; +http://www.google.com/bot.html)"
66.249.66.222 - - [30/Jul/2019:20:32:00 +0000] "GET /css/animate.min.css HTTP/1.1" 200 4242 "https://www.citadela.hr/apartmani" "Mozilla/5.0 AppleWebKit/537.36 (KHTML, like Gecko; compatible; Googlebot/2.1; +http://www.google.com/bot.html) Safari/537.36"
216.244.66.226 - - [30/Jul/2019:20:33:15 +0000] "GET /robots.txt HTTP/1.1" 301 242 "-" "Mozilla/5.0 (compatible; DotBot/1.1; http://www.opensiteexplorer.org/dotbot, help@moz.com)"
216.244.66.226 - - [30/Jul/2019:20:33:16 +0000] "GET /robots.txt HTTP/1.1" 200 24 "-" "Mozilla/5.0 (compatible; DotBot/1.1; http://www.opensiteexplorer.org/dotbot, help@moz.com)"
66.249.66.220 - - [30/Jul/2019:20:36:55 +0000] "GET /pretraga?category=&type=sale&place=&area=&price=&surface=&page=5 HTTP/1.1" 200 5590 "-" "Mozilla/5.0 (Linux; Android 6.0.1; Nexus 5X Build/MMB29P) AppleWebKit/537.36 (KHTML, like Gecko) Chrome/41.0.2272.96 Mobile Safari/537.36 (compatible; Googlebot/2.1; +http://www.google.com/bot.html)"
66.249.66.220 - - [30/Jul/2019:20:39:08 +0000] "GET /hr/pretraga?category=&type=&place=&area=128&price=50000&surface=200 HTTP/1.1" 200 3937 "-" "Mozilla/5.0 (Linux; Android 6.0.1; Nexus 5X Build/MMB29P) AppleWebKit/537.36 (KHTML, like Gecko) Chrome/41.0.2272.96 Mobile Safari/537.36 (compatible; Googlebot/2.1; +http://www.google.com/bot.html)"
220.243.136.192 - - [30/Jul/2019:20:42:01 +0000] "GET /robots.txt HTTP/1.1" 301 242 "-" "Mozilla/5.0 (Linux; Android 6.0; Nexus 5 Build/MRA58N) AppleWebKit/537.36 (KHTML, like Gecko) Chrome/44.0.6428.1068 Mobile Safari/537.36"
220.243.136.201 - - [30/Jul/2019:20:42:02 +0000] "GET /robots.txt HTTP/1.1" 200 24 "-" "Mozilla/5.0 (Linux; Android 6.0; Nexus 5 Build/MRA58N) AppleWebKit/537.36 (KHTML, like Gecko) Chrome/44.0.6428.1068 Mobile Safari/537.36"
54.36.150.101 - - [30/Jul/2019:20:43:35 +0000] "GET /en/lands/pasman-zdrelac-gradevinsko-zemljiste-s-pogledom-na-more-460-m2 HTTP/1.1" 200 5062 "-" "Mozilla/5.0 (compatible; AhrefsBot/6.1; +http://ahrefs.com/robot/)"
207.46.13.175 - - [30/Jul/2019:20:54:37 +0000] "GET /snizeno HTTP/1.1" 200 4265 "-" "Mozilla/5.0 (compatible; bingbot/2.0; +http://www.bing.com/bingbot.htm)"
46.229.168.142 - - [30/Jul/2019:20:55:52 +0000] "GET /robots.txt HTTP/1.1" 200 24 "-" "Mozilla/5.0 (compatible; SemrushBot/3~bl; +http://www.semrush.com/bot.html)"
46.229.168.152 - - [30/Jul/2019:20:55:52 +0000] "GET /hr/apartmani/starigrad-novi-namjesteni-stan-80-metara-od-mora-11145-m2 HTTP/1.1" 200 6573 "-" "Mozilla/5.0 (compatible; SemrushBot/3~bl; +http://www.semrush.com/bot.html)"
66.249.66.218 - - [30/Jul/2019:21:00:02 +0000] "GET /hr/pretraga?category=&place=&price=&surface=&page=3 HTTP/1.1" 200 5520 "-" "Mozilla/5.0 (Linux; Android 6.0.1; Nexus 5X Build/MMB29P) AppleWebKit/537.36 (KHTML, like Gecko) Chrome/41.0.2272.96 Mobile Safari/537.36 (compatible; Googlebot/2.1; +http://www.google.com/bot.html)"
66.249.66.220 - - [30/Jul/2019:21:09:12 +0000] "GET /pretraga?category=&type=sale&place=&area=&price=&surface=10&page=7 HTTP/1.1" 200 5526 "-" "Mozilla/5.0 (Linux; Android 6.0.1; Nexus 5X Build/MMB29P) AppleWebKit/537.36 (KHTML, like Gecko) Chrome/41.0.2272.96 Mobile Safari/537.36 (compatible; Googlebot/2.1; +http://www.google.com/bot.html)"
178.137.86.64 - - [30/Jul/2019:21:11:40 +0000] "GET / HTTP/1.1" 301 232 "https://javlibrary.cc/" "Mozilla/4.0 (compatible; MSIE 6.0; Windows NT 5.2; Win64; AMD64)"
178.137.86.64 - - [30/Jul/2019:21:11:40 +0000] "GET / HTTP/1.1" 301 232 "https://javlibrary.cc/" "Mozilla/4.0 (compatible; MSIE 6.0; Windows NT 5.2; Win64; AMD64)"
178.137.86.64 - - [30/Jul/2019:21:11:41 +0000] "GET / HTTP/1.1" 301 232 "https://javlibrary.cc/" "Mozilla/4.0 (compatible; MSIE 6.0; Windows NT 5.2; Win64; AMD64)"
95.168.124.163 - - [30/Jul/2019:21:16:01 +0000] "GET /uploads/images/d88237410243ed4f971cfca527be5367.jpg HTTP/1.1" 200 320151 "https://www.google.com/" "Mozilla/5.0 (Linux; Android 9; CLT-L29 Build/HUAWEICLT-L29) AppleWebKit/537.36 (KHTML, like Gecko) SamsungBrowser/9.4 Chrome/67.0.3396.87 Mobile Safari/537.36"
95.163.255.23 - - [30/Jul/2019:21:16:40 +0000] "GET /robots.txt HTTP/1.0" 200 24 "-" "Mozilla/5.0 (compatible; Linux x86_64; Mail.RU_Bot/2.0; +http://go.mail.ru/help/robots)"
95.163.255.28 - - [30/Jul/2019:21:16:41 +0000] "GET /sitemap.xml HTTP/1.1" 200 4782 "-" "Mozilla/5.0 (compatible; Linux x86_64; Mail.RU_Bot/2.0; +http://go.mail.ru/help/robots)"
216.244.66.226 - - [30/Jul/2019:21:17:58 +0000] "GET /robots.txt HTTP/1.1" 301 242 "-" "Mozilla/5.0 (compatible; DotBot/1.1; http://www.opensiteexplorer.org/dotbot, help@moz.com)"
216.244.66.226 - - [30/Jul/2019:21:17:59 +0000] "GET /robots.txt HTTP/1.1" 200 24 "-" "Mozilla/5.0 (compatible; DotBot/1.1; http://www.opensiteexplorer.org/dotbot, help@moz.com)"
66.249.66.222 - - [30/Jul/2019:21:20:47 +0000] "GET / HTTP/1.1" 200 5820 "-" "Mozilla/5.0 (compatible; Googlebot/2.1; +http://www.google.com/bot.html)"
66.249.66.222 - - [30/Jul/2019:21:24:55 +0000] "GET /en/search?category=&type=&place=&area=74&price=1000000&surface=50&page=2 HTTP/1.1" 200 3967 "-" "Mozilla/5.0 (Linux; Android 6.0.1; Nexus 5X Build/MMB29P) AppleWebKit/537.36 (KHTML, like Gecko) Chrome/41.0.2272.96 Mobile Safari/537.36 (compatible; Googlebot/2.1; +http://www.google.com/bot.html)"
207.46.13.109 - - [30/Jul/2019:21:25:23 +0000] "GET /stanovi/zadar-bulevar-renovirani-dvosoban-stan-7911-m2 HTTP/1.1" 200 5397 "-" "Mozilla/5.0 (compatible; bingbot/2.0; +http://www.bing.com/bingbot.htm)"
54.36.148.136 - - [30/Jul/2019:21:26:39 +0000] "GET /hr/zemljista?page=4 HTTP/1.1" 200 5514 "-" "Mozilla/5.0 (compatible; AhrefsBot/6.1; +http://ahrefs.com/robot/)"
54.36.148.194 - - [30/Jul/2019:21:30:37 +0000] "GET /en/houses/zadar-diklo-kuca-188-m2-pomocni-objekat-47m2-okucnica-1106-m2 HTTP/1.1" 200 5453 "-" "Mozilla/5.0 (compatible; AhrefsBot/6.1; +http://ahrefs.com/robot/)"
46.229.168.148 - - [30/Jul/2019:21:37:05 +0000] "GET /robots.txt HTTP/1.1" 200 24 "-" "Mozilla/5.0 (compatible; SemrushBot/3~bl; +http://www.semrush.com/bot.html)"
46.229.168.161 - - [30/Jul/2019:21:37:06 +0000] "GET /en/houses/veli-iz-pansion-prvi-red-do-mora-46340-m2-okucnica-1688-m2 HTTP/1.1" 200 6147 "-" "Mozilla/5.0 (compatible; SemrushBot/3~bl; +http://www.semrush.com/bot.html)"
66.249.66.220 - - [30/Jul/2019:21:43:57 +0000] "GET /en/lands/murter-centar-gradevinsko-zemljiste-treci-red-do-plaze-962-m2 HTTP/1.1" 200 5301 "-" "Mozilla/5.0 (Linux; Android 6.0.1; Nexus 5X Build/MMB29P) AppleWebKit/537.36 (KHTML, like Gecko) Chrome/41.0.2272.96 Mobile Safari/537.36 (compatible; Googlebot/2.1; +http://www.google.com/bot.html)"
66.249.66.218 - - [30/Jul/2019:21:46:26 +0000] "GET /zemljista/dugi-rat-sumpetar-gradevinsko-zemljiste-s-pogledom-na-more-476-m2 HTTP/1.1" 200 5519 "-" "Mozilla/5.0 (compatible; Googlebot/2.1; +http://www.google.com/bot.html)"
66.249.66.220 - - [30/Jul/2019:21:47:16 +0000] "GET /pretraga?category=&place=36&price=300000&surface=200 HTTP/1.1" 500 49618 "-" "Mozilla/5.0 (Linux; Android 6.0.1; Nexus 5X Build/MMB29P) AppleWebKit/537.36 (KHTML, like Gecko) Chrome/41.0.2272.96 Mobile Safari/537.36 (compatible; Googlebot/2.1; +http://www.google.com/bot.html)"
40.77.167.94 - - [30/Jul/2019:21:49:52 +0000] "GET /kuce/nin-centar-kuca-pored-ostataka-rimskog-hrama-220-m2 HTTP/1.1" 200 5810 "-" "Mozilla/5.0 (compatible; bingbot/2.0; +http://www.bing.com/bingbot.htm)"
66.249.66.218 - - [30/Jul/2019:22:02:46 +0000] "GET /en/search?category=&type=sale&place=&area=&price=100000&surface=100&page=4 HTTP/1.1" 200 4364 "-" "Mozilla/5.0 (Linux; Android 6.0.1; Nexus 5X Build/MMB29P) AppleWebKit/537.36 (KHTML, like Gecko) Chrome/41.0.2272.96 Mobile Safari/537.36 (compatible; Googlebot/2.1; +http://www.google.com/bot.html)"
213.149.61.127 - - [30/Jul/2019:22:03:50 +0000] "GET /kuce/sibenik-dio-kuce-u-centru-110-m2-dvoriste-130-m2 HTTP/1.1" 200 5726 "https://www.google.com/" "Mozilla/5.0 (iPhone; CPU iPhone OS 12_3_2 like Mac OS X) AppleWebKit/605.1.15 (KHTML, like Gecko) Version/12.1.1 Mobile/15E148 Safari/604.1"
213.149.61.127 - - [30/Jul/2019:22:03:50 +0000] "GET /css/bootstrap.css HTTP/1.1" 200 20712 "https://www.citadela.hr/" "Mozilla/5.0 (iPhone; CPU iPhone OS 12_3_2 like Mac OS X) AppleWebKit/605.1.15 (KHTML, like Gecko) Version/12.1.1 Mobile/15E148 Safari/604.1"
213.149.61.127 - - [30/Jul/2019:22:03:50 +0000] "GET /css/jslider.css HTTP/1.1" 200 763 "https://www.citadela.hr/" "Mozilla/5.0 (iPhone; CPU iPhone OS 12_3_2 like Mac OS X) AppleWebKit/605.1.15 (KHTML, like Gecko) Version/12.1.1 Mobile/15E148 Safari/604.1"
213.149.61.127 - - [30/Jul/2019:22:03:50 +0000] "GET /fonts/flaticon.css HTTP/1.1" 200 699 "https://www.citadela.hr/" "Mozilla/5.0 (iPhone; CPU iPhone OS 12_3_2 like Mac OS X) AppleWebKit/605.1.15 (KHTML, like Gecko) Version/12.1.1 Mobile/15E148 Safari/604.1"
213.149.61.127 - - [30/Jul/2019:22:03:50 +0000] "GET /css/colors/blue.css?v=2 HTTP/1.1" 200 3552 "https://www.citadela.hr/" "Mozilla/5.0 (iPhone; CPU iPhone OS 12_3_2 like Mac OS X) AppleWebKit/605.1.15 (KHTML, like Gecko) Version/12.1.1 Mobile/15E148 Safari/604.1"
213.149.61.127 - - [30/Jul/2019:22:03:50 +0000] "GET /css/style.css?v=2 HTTP/1.1" 200 17441 "https://www.citadela.hr/" "Mozilla/5.0 (iPhone; CPU iPhone OS 12_3_2 like Mac OS X) AppleWebKit/605.1.15 (KHTML, like Gecko) Version/12.1.1 Mobile/15E148 Safari/604.1"
213.149.61.127 - - [30/Jul/2019:22:03:50 +0000] "GET /css/responsive.css HTTP/1.1" 200 2788 "https://www.citadela.hr/" "Mozilla/5.0 (iPhone; CPU iPhone OS 12_3_2 like Mac OS X) AppleWebKit/605.1.15 (KHTML, like Gecko) Version/12.1.1 Mobile/15E148 Safari/604.1"
213.149.61.127 - - [30/Jul/2019:22:03:50 +0000] "GET /css/loader.css?v=2 HTTP/1.1" 200 772 "https://www.citadela.hr/" "Mozilla/5.0 (iPhone; CPU iPhone OS 12_3_2 like Mac OS X) AppleWebKit/605.1.15 (KHTML, like Gecko) Version/12.1.1 Mobile/15E148 Safari/604.1"
213.149.61.127 - - [30/Jul/2019:22:03:50 +0000] "GET /assets/plugins/flag/css/flag-icon.css HTTP/1.1" 200 2837 "https://www.citadela.hr/" "Mozilla/5.0 (iPhone; CPU iPhone OS 12_3_2 like Mac OS X) AppleWebKit/605.1.15 (KHTML, like Gecko) Version/12.1.1 Mobile/15E148 Safari/604.1"
213.149.61.127 - - [30/Jul/2019:22:03:50 +0000] "GET /unitegallery/css/unite-gallery.css HTTP/1.1" 200 4825 "https://www.citadela.hr/" "Mozilla/5.0 (iPhone; CPU iPhone OS 12_3_2 like Mac OS X) AppleWebKit/605.1.15 (KHTML, like Gecko) Version/12.1.1 Mobile/15E148 Safari/604.1"
213.149.61.127 - - [30/Jul/2019:22:03:51 +0000] "GET /css/font-awesome.css HTTP/1.1" 200 7439 "https://www.citadela.hr/" "Mozilla/5.0 (iPhone; CPU iPhone OS 12_3_2 like Mac OS X) AppleWebKit/605.1.15 (KHTML, like Gecko) Version/12.1.1 Mobile/15E148 Safari/604.1"
213.149.61.127 - - [30/Jul/2019:22:03:51 +0000] "GET /js/jquery.min.js HTTP/1.1" 200 33760 "https://www.citadela.hr/" "Mozilla/5.0 (iPhone; CPU iPhone OS 12_3_2 like Mac OS X) AppleWebKit/605.1.15 (KHTML, like Gecko) Version/12.1.1 Mobile/15E148 Safari/604.1"
213.149.61.127 - - [30/Jul/2019:22:03:51 +0000] "GET /js/bootstrap.min.js HTTP/1.1" 200 9833 "https://www.citadela.hr/" "Mozilla/5.0 (iPhone; CPU iPhone OS 12_3_2 like Mac OS X) AppleWebKit/605.1.15 (KHTML, like Gecko) Version/12.1.1 Mobile/15E148 Safari/604.1"
213.149.61.127 - - [30/Jul/2019:22:03:51 +0000] "GET /js/bootstrap-select.js HTTP/1.1" 200 15633 "https://www.citadela.hr/" "Mozilla/5.0 (iPhone; CPU iPhone OS 12_3_2 like Mac OS X) AppleWebKit/605.1.15 (KHTML, like Gecko) Version/12.1.1 Mobile/15E148 Safari/604.1"
213.149.61.127 - - [30/Jul/2019:22:03:51 +0000] "GET /js/YouTubePopUp.jquery.js HTTP/1.1" 200 967 "https://www.citadela.hr/" "Mozilla/5.0 (iPhone; CPU iPhone OS 12_3_2 like Mac OS X) AppleWebKit/605.1.15 (KHTML, like Gecko) Version/12.1.1 Mobile/15E148 Safari/604.1"
213.149.61.127 - - [30/Jul/2019:22:03:51 +0000] "GET /js/jquery.fancybox.pack.js HTTP/1.1" 200 8634 "https://www.citadela.hr/" "Mozilla/5.0 (iPhone; CPU iPhone OS 12_3_2 like Mac OS X) AppleWebKit/605.1.15 (KHTML, like Gecko) Version/12.1.1 Mobile/15E148 Safari/604.1"
213.149.61.127 - - [30/Jul/2019:22:03:51 +0000] "GET /js/jquery.fancybox-media.js HTTP/1.1" 200 1973 "https://www.citadela.hr/" "Mozilla/5.0 (iPhone; CPU iPhone OS 12_3_2 like Mac OS X) AppleWebKit/605.1.15 (KHTML, like Gecko) Version/12.1.1 Mobile/15E148 Safari/604.1"
213.149.61.127 - - [30/Jul/2019:22:03:51 +0000] "GET /js/owl.js HTTP/1.1" 200 17545 "https://www.citadela.hr/" "Mozilla/5.0 (iPhone; CPU iPhone OS 12_3_2 like Mac OS X) AppleWebKit/605.1.15 (KHTML, like Gecko) Version/12.1.1 Mobile/15E148 Safari/604.1"
213.149.61.127 - - [30/Jul/2019:22:03:51 +0000] "GET /js/wow.js HTTP/1.1" 200 2198 "https://www.citadela.hr/" "Mozilla/5.0 (iPhone; CPU iPhone OS 12_3_2 like Mac OS X) AppleWebKit/605.1.15 (KHTML, like Gecko) Version/12.1.1 Mobile/15E148 Safari/604.1"
213.149.61.127 - - [30/Jul/2019:22:03:51 +0000] "GET /js/mixitup.js HTTP/1.1" 200 11347 "https://www.citadela.hr/" "Mozilla/5.0 (iPhone; CPU iPhone OS 12_3_2 like Mac OS X) AppleWebKit/605.1.15 (KHTML, like Gecko) Version/12.1.1 Mobile/15E148 Safari/604.1"
213.149.61.127 - - [30/Jul/2019:22:03:51 +0000] "GET /js/jquery.numberformatter-1.2.3.js HTTP/1.1" 200 4697 "https://www.citadela.hr/" "Mozilla/5.0 (iPhone; CPU iPhone OS 12_3_2 like Mac OS X) AppleWebKit/605.1.15 (KHTML, like Gecko) Version/12.1.1 Mobile/15E148 Safari/604.1"
213.149.61.127 - - [30/Jul/2019:22:03:51 +0000] "GET /js/tmpl.js HTTP/1.1" 200 625 "https://www.citadela.hr/" "Mozilla/5.0 (iPhone; CPU iPhone OS 12_3_2 like Mac OS X) AppleWebKit/605.1.15 (KHTML, like Gecko) Version/12.1.1 Mobile/15E148 Safari/604.1"
213.149.61.127 - - [30/Jul/2019:22:03:51 +0000] "GET /js/jquery.dependClass-0.1.js HTTP/1.1" 200 458 "https://www.citadela.hr/" "Mozilla/5.0 (iPhone; CPU iPhone OS 12_3_2 like Mac OS X) AppleWebKit/605.1.15 (KHTML, like Gecko) Version/12.1.1 Mobile/15E148 Safari/604.1"
213.149.61.127 - - [30/Jul/2019:22:03:51 +0000] "GET /js/draggable-0.1.js HTTP/1.1" 200 1326 "https://www.citadela.hr/" "Mozilla/5.0 (iPhone; CPU iPhone OS 12_3_2 like Mac OS X) AppleWebKit/605.1.15 (KHTML, like Gecko) Version/12.1.1 Mobile/15E148 Safari/604.1"
213.149.61.127 - - [30/Jul/2019:22:03:51 +0000] "GET /js/jquery.slider.js HTTP/1.1" 200 4772 "https://www.citadela.hr/" "Mozilla/5.0 (iPhone; CPU iPhone OS 12_3_2 like Mac OS X) AppleWebKit/605.1.15 (KHTML, like Gecko) Version/12.1.1 Mobile/15E148 Safari/604.1"
213.149.61.127 - - [30/Jul/2019:22:03:51 +0000] "GET /js/jshashtable-2.1_src.js HTTP/1.1" 200 2957 "https://www.citadela.hr/" "Mozilla/5.0 (iPhone; CPU iPhone OS 12_3_2 like Mac OS X) AppleWebKit/605.1.15 (KHTML, like Gecko) Version/12.1.1 Mobile/15E148 Safari/604.1"
213.149.61.127 - - [30/Jul/2019:22:03:51 +0000] "GET /js/jquery.barrating.js HTTP/1.1" 200 4280 "https://www.citadela.hr/" "Mozilla/5.0 (iPhone; CPU iPhone OS 12_3_2 like Mac OS X) AppleWebKit/605.1.15 (KHTML, like Gecko) Version/12.1.1 Mobile/15E148 Safari/604.1"
213.149.61.127 - - [30/Jul/2019:22:03:51 +0000] "GET /js/custom.js HTTP/1.1" 200 5159 "https://www.citadela.hr/" "Mozilla/5.0 (iPhone; CPU iPhone OS 12_3_2 like Mac OS X) AppleWebKit/605.1.15 (KHTML, like Gecko) Version/12.1.1 Mobile/15E148 Safari/604.1"
213.149.61.127 - - [30/Jul/2019:22:03:51 +0000] "GET /unitegallery/js/jquery-11.0.min.js HTTP/1.1" 200 33369 "https://www.citadela.hr/" "Mozilla/5.0 (iPhone; CPU iPhone OS 12_3_2 like Mac OS X) AppleWebKit/605.1.15 (KHTML, like Gecko) Version/12.1.1 Mobile/15E148 Safari/604.1"
213.149.61.127 - - [30/Jul/2019:22:03:51 +0000] "GET /unitegallery/themes/compact/ug-theme-compact.js HTTP/1.1" 200 2477 "https://www.citadela.hr/" "Mozilla/5.0 (iPhone; CPU iPhone OS 12_3_2 like Mac OS X) AppleWebKit/605.1.15 (KHTML, like Gecko) Version/12.1.1 Mobile/15E148 Safari/604.1"
213.149.61.127 - - [30/Jul/2019:22:03:51 +0000] "GET /unitegallery/js/unitegallery.min.js HTTP/1.1" 200 66910 "https://www.citadela.hr/" "Mozilla/5.0 (iPhone; CPU iPhone OS 12_3_2 like Mac OS X) AppleWebKit/605.1.15 (KHTML, like Gecko) Version/12.1.1 Mobile/15E148 Safari/604.1"
213.149.61.127 - - [30/Jul/2019:22:03:52 +0000] "GET /css/animate.min.css HTTP/1.1" 200 4242 "https://www.citadela.hr/" "Mozilla/5.0 (iPhone; CPU iPhone OS 12_3_2 like Mac OS X) AppleWebKit/605.1.15 (KHTML, like Gecko) Version/12.1.1 Mobile/15E148 Safari/604.1"
213.149.61.127 - - [30/Jul/2019:22:03:52 +0000] "GET /css/jquery.fancybox.css HTTP/1.1" 200 1434 "https://www.citadela.hr/" "Mozilla/5.0 (iPhone; CPU iPhone OS 12_3_2 like Mac OS X) AppleWebKit/605.1.15 (KHTML, like Gecko) Version/12.1.1 Mobile/15E148 Safari/604.1"
213.149.61.127 - - [30/Jul/2019:22:03:52 +0000] "GET /css/owl.css HTTP/1.1" 200 1348 "https://www.citadela.hr/" "Mozilla/5.0 (iPhone; CPU iPhone OS 12_3_2 like Mac OS X) AppleWebKit/605.1.15 (KHTML, like Gecko) Version/12.1.1 Mobile/15E148 Safari/604.1"
213.149.61.127 - - [30/Jul/2019:22:03:52 +0000] "GET /img/logo_header.png?v=2 HTTP/1.1" 200 4348 "https://www.citadela.hr/" "Mozilla/5.0 (iPhone; CPU iPhone OS 12_3_2 like Mac OS X) AppleWebKit/605.1.15 (KHTML, like Gecko) Version/12.1.1 Mobile/15E148 Safari/604.1"
213.149.61.127 - - [30/Jul/2019:22:03:52 +0000] "GET /uploads/thumbnails/b2d9ac8232d293ec7107f9298ee1cae8.jpg HTTP/1.1" 200 36110 "https://www.citadela.hr/" "Mozilla/5.0 (iPhone; CPU iPhone OS 12_3_2 like Mac OS X) AppleWebKit/605.1.15 (KHTML, like Gecko) Version/12.1.1 Mobile/15E148 Safari/604.1"
213.149.61.127 - - [30/Jul/2019:22:03:52 +0000] "GET /uploads/thumbnails/557c29f09b98043d7844f5b3656aa1b3.jpg HTTP/1.1" 200 38666 "https://www.citadela.hr/" "Mozilla/5.0 (iPhone; CPU iPhone OS 12_3_2 like Mac OS X) AppleWebKit/605.1.15 (KHTML, like Gecko) Version/12.1.1 Mobile/15E148 Safari/604.1"
213.149.61.127 - - [30/Jul/2019:22:03:52 +0000] "GET /uploads/thumbnails/3132f846ebbe344490c4b5be2f30a791.jpeg HTTP/1.1" 200 23161 "https://www.citadela.hr/" "Mozilla/5.0 (iPhone; CPU iPhone OS 12_3_2 like Mac OS X) AppleWebKit/605.1.15 (KHTML, like Gecko) Version/12.1.1 Mobile/15E148 Safari/604.1"
213.149.61.127 - - [30/Jul/2019:22:03:52 +0000] "GET /uploads/thumbnails/14f900509cb04d67befd54a8107b38ee.jpeg HTTP/1.1" 200 25481 "https://www.citadela.hr/" "Mozilla/5.0 (iPhone; CPU iPhone OS 12_3_2 like Mac OS X) AppleWebKit/605.1.15 (KHTML, like Gecko) Version/12.1.1 Mobile/15E148 Safari/604.1"
213.149.61.127 - - [30/Jul/2019:22:03:52 +0000] "GET /uploads/thumbnails/3a17035fa85cf4a7a5a5c60c728b6439.jpeg HTTP/1.1" 200 31748 "https://www.citadela.hr/" "Mozilla/5.0 (iPhone; CPU iPhone OS 12_3_2 like Mac OS X) AppleWebKit/605.1.15 (KHTML, like Gecko) Version/12.1.1 Mobile/15E148 Safari/604.1"
213.149.61.127 - - [30/Jul/2019:22:03:52 +0000] "GET /uploads/thumbnails/6d94def3d223a20df5ed0332ec3e0963.jpeg HTTP/1.1" 200 43153 "https://www.citadela.hr/" "Mozilla/5.0 (iPhone; CPU iPhone OS 12_3_2 like Mac OS X) AppleWebKit/605.1.15 (KHTML, like Gecko) Version/12.1.1 Mobile/15E148 Safari/604.1"
213.149.61.127 - - [30/Jul/2019:22:03:52 +0000] "GET /fonts/fontawesome-webfont.woff2?v=4.7.0 HTTP/1.1" 200 77160 "https://www.citadela.hr/" "Mozilla/5.0 (iPhone; CPU iPhone OS 12_3_2 like Mac OS X) AppleWebKit/605.1.15 (KHTML, like Gecko) Version/12.1.1 Mobile/15E148 Safari/604.1"
213.149.61.127 - - [30/Jul/2019:22:03:52 +0000] "GET /uploads/thumbnails/e44e4285f3d6b13a74c546dd23ee70db.jpeg HTTP/1.1" 200 62829 "https://www.citadela.hr/" "Mozilla/5.0 (iPhone; CPU iPhone OS 12_3_2 like Mac OS X) AppleWebKit/605.1.15 (KHTML, like Gecko) Version/12.1.1 Mobile/15E148 Safari/604.1"
213.149.61.127 - - [30/Jul/2019:22:03:53 +0000] "GET /img/mate.jpg HTTP/1.1" 200 14037 "https://www.citadela.hr/" "Mozilla/5.0 (iPhone; CPU iPhone OS 12_3_2 like Mac OS X) AppleWebKit/605.1.15 (KHTML, like Gecko) Version/12.1.1 Mobile/15E148 Safari/604.1"
213.149.61.127 - - [30/Jul/2019:22:03:53 +0000] "GET /img/logo_footer.png HTTP/1.1" 200 4213 "https://www.citadela.hr/" "Mozilla/5.0 (iPhone; CPU iPhone OS 12_3_2 like Mac OS X) AppleWebKit/605.1.15 (KHTML, like Gecko) Version/12.1.1 Mobile/15E148 Safari/604.1"
213.149.61.127 - - [30/Jul/2019:22:03:53 +0000] "GET /uploads/thumbnails/491ba33e6e1ecbbeacc77af25020d213.jpeg HTTP/1.1" 200 54369 "https://www.citadela.hr/" "Mozilla/5.0 (iPhone; CPU iPhone OS 12_3_2 like Mac OS X) AppleWebKit/605.1.15 (KHTML, like Gecko) Version/12.1.1 Mobile/15E148 Safari/604.1"
213.149.61.127 - - [30/Jul/2019:22:03:54 +0000] "GET /img/banner/banner.png HTTP/1.1" 200 188379 "https://www.citadela.hr/" "Mozilla/5.0 (iPhone; CPU iPhone OS 12_3_2 like Mac OS X) AppleWebKit/605.1.15 (KHTML, like Gecko) Version/12.1.1 Mobile/15E148 Safari/604.1"
213.149.61.127 - - [30/Jul/2019:22:03:55 +0000] "GET /unitegallery/images/loader.gif HTTP/1.1" 200 673 "https://www.citadela.hr/" "Mozilla/5.0 (iPhone; CPU iPhone OS 12_3_2 like Mac OS X) AppleWebKit/605.1.15 (KHTML, like Gecko) Version/12.1.1 Mobile/15E148 Safari/604.1"
213.149.61.127 - - [30/Jul/2019:22:03:55 +0000] "GET /unitegallery/images/loader-white1.gif HTTP/1.1" 200 2545 "https://www.citadela.hr/" "Mozilla/5.0 (iPhone; CPU iPhone OS 12_3_2 like Mac OS X) AppleWebKit/605.1.15 (KHTML, like Gecko) Version/12.1.1 Mobile/15E148 Safari/604.1"
213.149.61.127 - - [30/Jul/2019:22:03:55 +0000] "GET /unitegallery/skins/default/slider_arrow_left.png HTTP/1.1" 200 493 "https://www.citadela.hr/" "Mozilla/5.0 (iPhone; CPU iPhone OS 12_3_2 like Mac OS X) AppleWebKit/605.1.15 (KHTML, like Gecko) Version/12.1.1 Mobile/15E148 Safari/604.1"
213.149.61.127 - - [30/Jul/2019:22:03:55 +0000] "GET /unitegallery/skins/default/slider_arrow_right.png HTTP/1.1" 200 505 "https://www.citadela.hr/" "Mozilla/5.0 (iPhone; CPU iPhone OS 12_3_2 like Mac OS X) AppleWebKit/605.1.15 (KHTML, like Gecko) Version/12.1.1 Mobile/15E148 Safari/604.1"
213.149.61.127 - - [30/Jul/2019:22:03:55 +0000] "GET /unitegallery/skins/default/button_fullscreen.png HTTP/1.1" 200 1146 "https://www.citadela.hr/" "Mozilla/5.0 (iPhone; CPU iPhone OS 12_3_2 like Mac OS X) AppleWebKit/605.1.15 (KHTML, like Gecko) Version/12.1.1 Mobile/15E148 Safari/604.1"
213.149.61.127 - - [30/Jul/2019:22:03:55 +0000] "GET /unitegallery/images/play-button-square.png HTTP/1.1" 200 4591 "https://www.citadela.hr/" "Mozilla/5.0 (iPhone; CPU iPhone OS 12_3_2 like Mac OS X) AppleWebKit/605.1.15 (KHTML, like Gecko) Version/12.1.1 Mobile/15E148 Safari/604.1"
213.149.61.127 - - [30/Jul/2019:22:03:55 +0000] "GET /unitegallery/images/button-close.png HTTP/1.1" 200 7155 "https://www.citadela.hr/" "Mozilla/5.0 (iPhone; CPU iPhone OS 12_3_2 like Mac OS X) AppleWebKit/605.1.15 (KHTML, like Gecko) Version/12.1.1 Mobile/15E148 Safari/604.1"
213.149.61.127 - - [30/Jul/2019:22:03:55 +0000] "GET /uploads/images/b2d9ac8232d293ec7107f9298ee1cae8.jpg HTTP/1.1" 200 163244 "https://www.citadela.hr/" "Mozilla/5.0 (iPhone; CPU iPhone OS 12_3_2 like Mac OS X) AppleWebKit/605.1.15 (KHTML, like Gecko) Version/12.1.1 Mobile/15E148 Safari/604.1"
213.149.61.127 - - [30/Jul/2019:22:03:56 +0000] "GET /uploads/images/557c29f09b98043d7844f5b3656aa1b3.jpg HTTP/1.1" 200 207557 "https://www.citadela.hr/" "Mozilla/5.0 (iPhone; CPU iPhone OS 12_3_2 like Mac OS X) AppleWebKit/605.1.15 (KHTML, like Gecko) Version/12.1.1 Mobile/15E148 Safari/604.1"
213.149.61.127 - - [30/Jul/2019:22:03:56 +0000] "GET /unitegallery/images/loader-black1.gif HTTP/1.1" 200 5855 "https://www.citadela.hr/" "Mozilla/5.0 (iPhone; CPU iPhone OS 12_3_2 like Mac OS X) AppleWebKit/605.1.15 (KHTML, like Gecko) Version/12.1.1 Mobile/15E148 Safari/604.1"
213.149.61.127 - - [30/Jul/2019:22:03:57 +0000] "GET /uploads/images/491ba33e6e1ecbbeacc77af25020d213.jpeg HTTP/1.1" 200 316072 "https://www.citadela.hr/" "Mozilla/5.0 (iPhone; CPU iPhone OS 12_3_2 like Mac OS X) AppleWebKit/605.1.15 (KHTML, like Gecko) Version/12.1.1 Mobile/15E148 Safari/604.1"
213.149.61.127 - - [30/Jul/2019:22:03:59 +0000] "GET /favicon-32x32.png HTTP/1.1" 200 1936 "https://www.citadela.hr/" "Mozilla/5.0 (iPhone; CPU iPhone OS 12_3_2 like Mac OS X) AppleWebKit/605.1.15 (KHTML, like Gecko) Version/12.1.1 Mobile/15E148 Safari/604.1"
213.149.61.127 - - [30/Jul/2019:22:03:59 +0000] "GET /favicon-16x16.png HTTP/1.1" 200 1203 "https://www.citadela.hr/" "Mozilla/5.0 (iPhone; CPU iPhone OS 12_3_2 like Mac OS X) AppleWebKit/605.1.15 (KHTML, like Gecko) Version/12.1.1 Mobile/15E148 Safari/604.1"
213.149.61.127 - - [30/Jul/2019:22:04:05 +0000] "GET /uploads/images/3132f846ebbe344490c4b5be2f30a791.jpeg HTTP/1.1" 200 144674 "https://www.citadela.hr/" "Mozilla/5.0 (iPhone; CPU iPhone OS 12_3_2 like Mac OS X) AppleWebKit/605.1.15 (KHTML, like Gecko) Version/12.1.1 Mobile/15E148 Safari/604.1"
213.149.61.127 - - [30/Jul/2019:22:04:07 +0000] "GET /uploads/images/14f900509cb04d67befd54a8107b38ee.jpeg HTTP/1.1" 200 164565 "https://www.citadela.hr/" "Mozilla/5.0 (iPhone; CPU iPhone OS 12_3_2 like Mac OS X) AppleWebKit/605.1.15 (KHTML, like Gecko) Version/12.1.1 Mobile/15E148 Safari/604.1"
213.149.61.127 - - [30/Jul/2019:22:04:08 +0000] "GET /uploads/images/3a17035fa85cf4a7a5a5c60c728b6439.jpeg HTTP/1.1" 200 174206 "https://www.citadela.hr/" "Mozilla/5.0 (iPhone; CPU iPhone OS 12_3_2 like Mac OS X) AppleWebKit/605.1.15 (KHTML, like Gecko) Version/12.1.1 Mobile/15E148 Safari/604.1"
213.149.61.127 - - [30/Jul/2019:22:04:09 +0000] "GET /uploads/images/6d94def3d223a20df5ed0332ec3e0963.jpeg HTTP/1.1" 200 244740 "https://www.citadela.hr/" "Mozilla/5.0 (iPhone; CPU iPhone OS 12_3_2 like Mac OS X) AppleWebKit/605.1.15 (KHTML, like Gecko) Version/12.1.1 Mobile/15E148 Safari/604.1"
213.149.61.127 - - [30/Jul/2019:22:04:10 +0000] "GET /uploads/images/e44e4285f3d6b13a74c546dd23ee70db.jpeg HTTP/1.1" 200 393296 "https://www.citadela.hr/" "Mozilla/5.0 (iPhone; CPU iPhone OS 12_3_2 like Mac OS X) AppleWebKit/605.1.15 (KHTML, like Gecko) Version/12.1.1 Mobile/15E148 Safari/604.1"
46.229.168.133 - - [30/Jul/2019:22:22:36 +0000] "GET /robots.txt HTTP/1.1" 200 24 "-" "Mozilla/5.0 (compatible; SemrushBot/3~bl; +http://www.semrush.com/bot.html)"
46.229.168.136 - - [30/Jul/2019:22:22:37 +0000] "GET /hr/zemljista?page=4 HTTP/1.1" 200 5514 "-" "Mozilla/5.0 (compatible; SemrushBot/3~bl; +http://www.semrush.com/bot.html)"
46.229.168.136 - - [30/Jul/2019:22:25:50 +0000] "GET /en/lands/rovanjska-gradevinsko-zemljiste-pogled-na-more-686-m2 HTTP/1.1" 200 5582 "-" "Mozilla/5.0 (compatible; SemrushBot/3~bl; +http://www.semrush.com/bot.html)"
66.249.66.218 - - [30/Jul/2019:22:30:18 +0000] "GET /pretraga?category=&type=&place=55&area=&price=200000&surface= HTTP/1.1" 200 4370 "-" "Mozilla/5.0 (Linux; Android 6.0.1; Nexus 5X Build/MMB29P) AppleWebKit/537.36 (KHTML, like Gecko) Chrome/41.0.2272.96 Mobile Safari/537.36 (compatible; Googlebot/2.1; +http://www.google.com/bot.html)"
46.229.168.130 - - [30/Jul/2019:22:32:33 +0000] "GET /en/offices/murter-centar-restoran-s-terasom-i-dva-apartmana-180-m2 HTTP/1.1" 200 6100 "-" "Mozilla/5.0 (compatible; SemrushBot/3~bl; +http://www.semrush.com/bot.html)"
66.249.66.218 - - [30/Jul/2019:22:36:55 +0000] "GET /en/lands/zemunik-donji-gradevinsko-zemljiste-250m-od-centra-5071-m2prilika HTTP/1.1" 200 5445 "-" "Mozilla/5.0 (Linux; Android 6.0.1; Nexus 5X Build/MMB29P) AppleWebKit/537.36 (KHTML, like Gecko) Chrome/41.0.2272.96 Mobile Safari/537.36 (compatible; Googlebot/2.1; +http://www.google.com/bot.html)"
66.249.66.218 - - [30/Jul/2019:22:39:24 +0000] "GET /en/search?category=&place=&price=500000&surface=&page=2 HTTP/1.1" 200 5256 "-" "Mozilla/5.0 (Linux; Android 6.0.1; Nexus 5X Build/MMB29P) AppleWebKit/537.36 (KHTML, like Gecko) Chrome/41.0.2272.96 Mobile Safari/537.36 (compatible; Googlebot/2.1; +http://www.google.com/bot.html)"
66.249.66.220 - - [30/Jul/2019:22:43:32 +0000] "GET /pretraga?category=&place=&price=&surface=100&page=4 HTTP/1.1" 200 5492 "-" "Mozilla/5.0 (Linux; Android 6.0.1; Nexus 5X Build/MMB29P) AppleWebKit/537.36 (KHTML, like Gecko) Chrome/41.0.2272.96 Mobile Safari/537.36 (compatible; Googlebot/2.1; +http://www.google.com/bot.html)"
66.249.66.218 - - [30/Jul/2019:22:46:51 +0000] "GET /kuce/privlaka-luksuzna-kuca-za-odmor-272-m2 HTTP/1.1" 200 6351 "-" "Mozilla/5.0 (compatible; Googlebot/2.1; +http://www.google.com/bot.html)"
66.249.66.218 - - [30/Jul/2019:22:47:40 +0000] "GET /zemljista?page=4 HTTP/1.1" 200 5513 "-" "Mozilla/5.0 (Linux; Android 6.0.1; Nexus 5X Build/MMB29P) AppleWebKit/537.36 (KHTML, like Gecko) Chrome/41.0.2272.96 Mobile Safari/537.36 (compatible; Googlebot/2.1; +http://www.google.com/bot.html)"
66.249.66.222 - - [30/Jul/2019:22:50:59 +0000] "GET /hr/zemljista/dugi-otok-zaglav-grad-zemljiste-21-metar-od-mora-354-m2-prilika HTTP/1.1" 500 25403 "-" "Mozilla/5.0 (Linux; Android 6.0.1; Nexus 5X Build/MMB29P) AppleWebKit/537.36 (KHTML, like Gecko) Chrome/41.0.2272.96 Mobile Safari/537.36 (compatible; Googlebot/2.1; +http://www.google.com/bot.html)"
66.249.66.220 - - [30/Jul/2019:22:53:28 +0000] "GET /en/search?category=&type=sale&place=&area=&price=&surface=10&page=8 HTTP/1.1" 200 5618 "-" "Mozilla/5.0 (Linux; Android 6.0.1; Nexus 5X Build/MMB29P) AppleWebKit/537.36 (KHTML, like Gecko) Chrome/41.0.2272.96 Mobile Safari/537.36 (compatible; Googlebot/2.1; +http://www.google.com/bot.html)"
40.77.167.143 - - [30/Jul/2019:22:55:44 +0000] "GET /apartmani/sibenik-kamena-kuca-u-centru-grada-87-m2 HTTP/1.1" 200 5586 "-" "Mozilla/5.0 (compatible; bingbot/2.0; +http://www.bing.com/bingbot.htm)"
46.229.168.138 - - [30/Jul/2019:22:55:52 +0000] "GET /robots.txt HTTP/1.1" 200 24 "-" "Mozilla/5.0 (compatible; SemrushBot/3~bl; +http://www.semrush.com/bot.html)"
46.229.168.150 - - [30/Jul/2019:22:55:53 +0000] "GET /kuce/sveti-petar-na-moru-pansion-s-15-soba-i-restoranom-600-m2 HTTP/1.1" 200 5760 "-" "Mozilla/5.0 (compatible; SemrushBot/3~bl; +http://www.semrush.com/bot.html)"
40.77.167.94 - - [30/Jul/2019:22:59:02 +0000] "GET /apartmani/murter-plaza-slanica-jednosoban-apartman-prvi-red-do-mora HTTP/1.1" 500 25403 "-" "Mozilla/5.0 (compatible; bingbot/2.0; +http://www.bing.com/bingbot.htm)"
66.249.66.222 - - [30/Jul/2019:23:00:06 +0000] "GET /pretraga?category=&type=&place=&area=41&price=1000000&surface=&page=3 HTTP/1.1" 200 4021 "-" "Mozilla/5.0 (Linux; Android 6.0.1; Nexus 5X Build/MMB29P) AppleWebKit/537.36 (KHTML, like Gecko) Chrome/41.0.2272.96 Mobile Safari/537.36 (compatible; Googlebot/2.1; +http://www.google.com/bot.html)"
66.249.66.220 - - [30/Jul/2019:23:11:14 +0000] "GET /uploads/thumbnails/fe1c5f0628a5f79cb2c4093064a092ab.jpg HTTP/1.1" 304 - "-" "Googlebot-Image/1.0"
31.10.155.199 - - [30/Jul/2019:23:33:21 +0000] "GET /uploads/thumbnails/bfd56058c8bd4d1aa585c94220bfa587.jpg HTTP/1.1" 200 30808 "https://www.google.ch/" "Mozilla/5.0 (iPad; CPU OS 10_3_3 like Mac OS X) AppleWebKit/603.3.8 (KHTML, like Gecko) Version/10.0 Mobile/14G60 Safari/602.1"
66.249.66.218 - - [30/Jul/2019:23:33:22 +0000] "GET /hr/pretraga?category=&type=&place=37&area=157&price=500000&surface= HTTP/1.1" 500 49618 "-" "Mozilla/5.0 (Linux; Android 6.0.1; Nexus 5X Build/MMB29P) AppleWebKit/537.36 (KHTML, like Gecko) Chrome/41.0.2272.96 Mobile Safari/537.36 (compatible; Googlebot/2.1; +http://www.google.com/bot.html)"
31.10.155.199 - - [30/Jul/2019:23:33:27 +0000] "GET /apartmani/vinjerac-dvosoban-apartman-s-pogledom-na-more-54-m2-novogradnja HTTP/1.1" 500 25403 "https://www.google.ch/" "Mozilla/5.0 (iPad; CPU OS 10_3_3 like Mac OS X) AppleWebKit/603.3.8 (KHTML, like Gecko) Version/10.0 Mobile/14G60 Safari/602.1"
