82.119.233.179 - - [30/Jul/2019:08:46:58 +0000] "GET /uploads/images/19d3724204f616367b15fbec17cee465.jpg HTTP/1.1" 200 230973 "https://www.citadela.hr/zemljista/starigrad-gradevinsko-zemljiste-prvi-red-do-mora-1000-m2" "Mozilla/5.0 (Windows NT 10.0; Win64; x64) AppleWebKit/537.36 (KHTML, like Gecko) Chrome/75.0.3770.142 Safari/537.36"
178.137.165.186 - - [30/Jul/2019:08:47:00 +0000] "GET / HTTP/1.1" 301 232 "https://www.pechikamini.ru/" "Mozilla/4.0 (compatible; MSIE 6.0; Windows NT 5.0; Avant Browser [avantbrowser.com]; Hotbar 4.4.5.0)"
178.137.165.186 - - [30/Jul/2019:08:47:00 +0000] "GET / HTTP/1.1" 301 232 "https://www.pechikamini.ru/" "Mozilla/4.0 (compatible; MSIE 6.0; Windows NT 5.0; Avant Browser [avantbrowser.com]; Hotbar 4.4.5.0)"
178.137.165.186 - - [30/Jul/2019:08:47:01 +0000] "GET / HTTP/1.1" 301 232 "https://www.pechikamini.ru/" "Mozilla/4.0 (compatible; MSIE 6.0; Windows NT 5.0; Avant Browser [avantbrowser.com]; Hotbar 4.4.5.0)"
82.119.233.179 - - [30/Jul/2019:08:47:01 +0000] "GET /uploads/images/8c9135e82cdce897e1cbb9a1c6b2749f.jpg HTTP/1.1" 200 216732 "https://www.citadela.hr/zemljista/starigrad-gradevinsko-zemljiste-prvi-red-do-mora-1000-m2" "Mozilla/5.0 (Windows NT 10.0; Win64; x64) AppleWebKit/537.36 (KHTML, like Gecko) Chrome/75.0.3770.142 Safari/537.36"
82.119.233.179 - - [30/Jul/2019:08:47:06 +0000] "GET /uploads/images/4b7efd6fb8b57c9b7606331973689e04.jpg HTTP/1.1" 200 255598 "https://www.citadela.hr/zemljista/starigrad-gradevinsko-zemljiste-prvi-red-do-mora-1000-m2" "Mozilla/5.0 (Windows NT 10.0; Win64; x64) AppleWebKit/537.36 (KHTML, like Gecko) Chrome/75.0.3770.142 Safari/537.36"
82.119.233.179 - - [30/Jul/2019:08:47:14 +0000] "GET /uploads/images/6bb11ea7c9513f585d6e0be66aeac468.jpg HTTP/1.1" 200 212512 "https://www.citadela.hr/zemljista/starigrad-gradevinsko-zemljiste-prvi-red-do-mora-1000-m2" "Mozilla/5.0 (Windows NT 10.0; Win64; x64) AppleWebKit/537.36 (KHTML, like Gecko) Chrome/75.0.3770.142 Safari/537.36"
66.249.64.222 - - [30/Jul/2019:08:49:52 +0000] "GET /apartmani/vinjerac-dvosoban-apartman-s-pogledom-na-more-54-m2-novogradnja HTTP/1.1" 500 25403 "-" "Mozilla/5.0 (compatible; Googlebot/2.1; +http://www.google.com/bot.html)"
40.77.167.133 - - [30/Jul/2019:08:55:51 +0000] "GET /kuce/posedarje-kuca-prvi-red-do-mora-322-m2 HTTP/1.1" 200 5464 "-" "Mozilla/5.0 (compatible; bingbot/2.0; +http://www.bing.com/bingbot.htm)"
216.244.66.226 - - [30/Jul/2019:08:56:25 +0000] "GET /robots.txt HTTP/1.1" 301 242 "-" "Mozilla/5.0 (compatible; DotBot/1.1; http://www.opensiteexplorer.org/dotbot, help@moz.com)"
216.244.66.226 - - [30/Jul/2019:08:56:26 +0000] "GET /robots.txt HTTP/1.1" 200 24 "-" "Mozilla/5.0 (compatible; DotBot/1.1; http://www.opensiteexplorer.org/dotbot, help@moz.com)"
78.1.20.108 - - [30/Jul/2019:08:57:29 +0000] "GET /uploads/thumbnails/a1768118065178944a16a2681d40f9be.jpg HTTP/1.1" 200 55114 "https://www.google.com/" "Mozilla/5.0 (Linux; Android 6.0; Le X620) AppleWebKit/537.36 (KHTML, like Gecko) Chrome/75.0.3770.143 Mobile Safari/537.36"
66.249.64.222 - - [30/Jul/2019:08:58:58 +0000] "GET /pretraga?category=&place=3&price=300000&surface=50 HTTP/1.1" 500 49618 "-" "Mozilla/5.0 (Linux; Android 6.0.1; Nexus 5X Build/MMB29P) AppleWebKit/537.36 (KHTML, like Gecko) Chrome/41.0.2272.96 Mobile Safari/537.36 (compatible; Googlebot/2.1; +http://www.google.com/bot.html)"
54.36.149.87 - - [30/Jul/2019:09:02:18 +0000] "GET /zemljista/sukosan-gradevinsko-zemljiste-s-pogledom-na-more-1373-m2 HTTP/1.1" 200 5513 "-" "Mozilla/5.0 (compatible; AhrefsBot/6.1; +http://ahrefs.com/robot/)"
66.249.64.222 - - [30/Jul/2019:09:11:22 +0000] "GET /pretraga?category=&type=&place=&area=94&price=500000&surface=50&page=7 HTTP/1.1" 200 4022 "-" "Mozilla/5.0 (Linux; Android 6.0.1; Nexus 5X Build/MMB29P) AppleWebKit/537.36 (KHTML, like Gecko) Chrome/41.0.2272.96 Mobile Safari/537.36 (compatible; Googlebot/2.1; +http://www.google.com/bot.html)"
31.217.11.121 - - [30/Jul/2019:09:12:47 +0000] "GET /uploads/thumbnails/31ae53f5f1f3b705c2a02ccd0ee9fb4c.jpg HTTP/1.1" 200 46373 "https://www.google.com/blank.html" "Mozilla/5.0 (Linux; Android 9; LYA-L29 Build/HUAWEILYA-L29; wv) AppleWebKit/537.36 (KHTML, like Gecko) Version/4.0 Chrome/75.0.3770.143 Mobile Safari/537.36 GSA/10.24.6.21.arm64"
66.249.64.222 - - [30/Jul/2019:09:18:00 +0000] "GET /pretraga?category=&type=&place=35&area=&price=&surface= HTTP/1.1" 200 4870 "-" "Mozilla/5.0 (Linux; Android 6.0.1; Nexus 5X Build/MMB29P) AppleWebKit/537.36 (KHTML, like Gecko) Chrome/41.0.2272.96 Mobile Safari/537.36 (compatible; Googlebot/2.1; +http://www.google.com/bot.html)"
66.249.64.218 - - [30/Jul/2019:09:18:49 +0000] "GET /pretraga?category=&type=&place=72&area=&price=&surface= HTTP/1.1" 200 4742 "-" "Mozilla/5.0 (Linux; Android 6.0.1; Nexus 5X Build/MMB29P) AppleWebKit/537.36 (KHTML, like Gecko) Chrome/41.0.2272.96 Mobile Safari/537.36 (compatible; Googlebot/2.1; +http://www.google.com/bot.html)"
54.36.148.133 - - [30/Jul/2019:09:27:21 +0000] "GET / HTTP/1.1" 200 5820 "-" "Mozilla/5.0 (compatible; AhrefsBot/6.1; +http://ahrefs.com/robot/)"
66.249.64.220 - - [30/Jul/2019:09:31:14 +0000] "GET /pretraga?category=1&place=&price=50000&surface=10 HTTP/1.1" 200 3938 "-" "Mozilla/5.0 (Linux; Android 6.0.1; Nexus 5X Build/MMB29P) AppleWebKit/537.36 (KHTML, like Gecko) Chrome/41.0.2272.96 Mobile Safari/537.36 (compatible; Googlebot/2.1; +http://www.google.com/bot.html)"
216.244.66.226 - - [30/Jul/2019:09:33:36 +0000] "GET /en/houses?page=4 HTTP/1.1" 200 19802 "-" "Mozilla/5.0 (compatible; DotBot/1.1; http://www.opensiteexplorer.org/dotbot, help@moz.com)"
66.249.64.220 - - [30/Jul/2019:09:34:33 +0000] "GET /en/search?category=&type=&place=&area=34&price=500000&surface=10&page=1 HTTP/1.1" 200 4232 "-" "Mozilla/5.0 (Linux; Android 6.0.1; Nexus 5X Build/MMB29P) AppleWebKit/537.36 (KHTML, like Gecko) Chrome/41.0.2272.96 Mobile Safari/537.36 (compatible; Googlebot/2.1; +http://www.google.com/bot.html)"
66.249.64.222 - - [30/Jul/2019:09:38:41 +0000] "GET /pretraga?category=&place=&price=&surface=10 HTTP/1.1" 200 5523 "-" "Mozilla/5.0 (Linux; Android 6.0.1; Nexus 5X Build/MMB29P) AppleWebKit/537.36 (KHTML, like Gecko) Chrome/41.0.2272.96 Mobile Safari/537.36 (compatible; Googlebot/2.1; +http://www.google.com/bot.html)"
216.244.66.226 - - [30/Jul/2019:09:40:56 +0000] "GET /robots.txt HTTP/1.1" 301 242 "-" "Mozilla/5.0 (compatible; DotBot/1.1; http://www.opensiteexplorer.org/dotbot, help@moz.com)"
216.244.66.226 - - [30/Jul/2019:09:40:57 +0000] "GET /robots.txt HTTP/1.1" 200 24 "-" "Mozilla/5.0 (compatible; DotBot/1.1; http://www.opensiteexplorer.org/dotbot, help@moz.com)"
31.202.101.40 - - [30/Jul/2019:09:48:33 +0000] "GET /xmlrpc.php HTTP/1.1" 301 242 "-" "Chrome 73.75 7|Mozilla/5.0 (Windows NT 6.1) AppleWebKit/537.36 (KHTML, like Gecko) Chrome/73.0.3683.75 Safari/537.36"
31.202.101.40 - - [30/Jul/2019:09:48:33 +0000] "GET /xmlrpc.php HTTP/1.1" 500 25403 "-" "Chrome 73.75 7|Mozilla/5.0 (Windows NT 6.1) AppleWebKit/537.36 (KHTML, like Gecko) Chrome/73.0.3683.75 Safari/537.36"
31.202.101.40 - - [30/Jul/2019:09:48:33 +0000] "GET /wp-login.php HTTP/1.1" 301 244 "-" "Chrome 73.75 7|Mozilla/5.0 (Windows NT 6.1) AppleWebKit/537.36 (KHTML, like Gecko) Chrome/73.0.3683.75 Safari/537.36"
31.202.101.40 - - [30/Jul/2019:09:48:33 +0000] "GET /wp-login.php HTTP/1.1" 500 25403 "-" "Chrome 73.75 7|Mozilla/5.0 (Windows NT 6.1) AppleWebKit/537.36 (KHTML, like Gecko) Chrome/73.0.3683.75 Safari/537.36"
66.249.64.222 - - [30/Jul/2019:09:51:06 +0000] "GET /kuce/nin-centar-kuca-pored-ostataka-rimskog-hrama-220-m2 HTTP/1.1" 200 5809 "-" "Mozilla/5.0 (compatible; Googlebot/2.1; +http://www.google.com/bot.html)"
46.229.168.161 - - [30/Jul/2019:09:53:00 +0000] "GET /robots.txt HTTP/1.1" 200 24 "-" "Mozilla/5.0 (compatible; SemrushBot/3~bl; +http://www.semrush.com/bot.html)"
46.229.168.146 - - [30/Jul/2019:09:53:02 +0000] "GET /en/houses/biograd-na-moru-kuca-s-9-apartmana-508-m2 HTTP/1.1" 200 5560 "-" "Mozilla/5.0 (compatible; SemrushBot/3~bl; +http://www.semrush.com/bot.html)"
66.249.64.220 - - [30/Jul/2019:09:55:14 +0000] "GET /zemljista HTTP/1.1" 200 5320 "-" "Mozilla/5.0 (compatible; Googlebot/2.1; +http://www.google.com/bot.html)"
95.163.255.24 - - [30/Jul/2019:09:56:07 +0000] "GET /robots.txt HTTP/1.0" 200 24 "-" "Mozilla/5.0 (compatible; Linux x86_64; Mail.RU_Bot/2.0; +http://go.mail.ru/help/robots)"
95.163.255.23 - - [30/Jul/2019:09:56:09 +0000] "GET /sitemap.xml HTTP/1.1" 200 4782 "-" "Mozilla/5.0 (compatible; Linux x86_64; Mail.RU_Bot/2.0; +http://go.mail.ru/help/robots)"
66.249.64.218 - - [30/Jul/2019:09:58:33 +0000] "GET /pretraga?category=&type=&place=5&area=&price=1000000&surface=100 HTTP/1.1" 500 49618 "-" "Mozilla/5.0 (Linux; Android 6.0.1; Nexus 5X Build/MMB29P) AppleWebKit/537.36 (KHTML, like Gecko) Chrome/41.0.2272.96 Mobile Safari/537.36 (compatible; Googlebot/2.1; +http://www.google.com/bot.html)"
66.249.64.220 - - [30/Jul/2019:09:59:22 +0000] "GET /hr/zemljista/dugi-otok-zaglav-grad-zemljiste-21-metar-od-mora-354-m2-prilika HTTP/1.1" 500 25403 "-" "Mozilla/5.0 (Linux; Android 6.0.1; Nexus 5X Build/MMB29P) AppleWebKit/537.36 (KHTML, like Gecko) Chrome/41.0.2272.96 Mobile Safari/537.36 (compatible; Googlebot/2.1; +http://www.google.com/bot.html)"
46.229.168.163 - - [30/Jul/2019:10:02:54 +0000] "GET /en/lands/sukosan-gradevinsko-zemljiste-s-pogledom-na-more-1373-m2 HTTP/1.1" 200 5475 "-" "Mozilla/5.0 (compatible; SemrushBot/3~bl; +http://www.semrush.com/bot.html)"
66.249.64.220 - - [30/Jul/2019:10:04:20 +0000] "GET /pretraga?category=&place=&price=500000&surface=100&page=5 HTTP/1.1" 200 5545 "-" "Mozilla/5.0 (Linux; Android 6.0.1; Nexus 5X Build/MMB29P) AppleWebKit/537.36 (KHTML, like Gecko) Chrome/41.0.2272.96 Mobile Safari/537.36 (compatible; Googlebot/2.1; +http://www.google.com/bot.html)"
78.134.212.102 - - [30/Jul/2019:10:07:41 +0000] "GET /admin HTTP/1.1" 302 360 "-" "Mozilla/5.0 (Windows NT 6.1; Win64; x64) AppleWebKit/537.36 (KHTML, like Gecko) Chrome/75.0.3770.142 Safari/537.36"
78.134.212.102 - - [30/Jul/2019:10:07:41 +0000] "GET /login HTTP/1.1" 200 1178 "-" "Mozilla/5.0 (Windows NT 6.1; Win64; x64) AppleWebKit/537.36 (KHTML, like Gecko) Chrome/75.0.3770.142 Safari/537.36"
78.134.212.102 - - [30/Jul/2019:10:07:43 +0000] "GET /assets/img/favicon.ico HTTP/1.1" 404 1104 "https://www.citadela.hr/login" "Mozilla/5.0 (Windows NT 6.1; Win64; x64) AppleWebKit/537.36 (KHTML, like Gecko) Chrome/75.0.3770.142 Safari/537.36"
78.134.212.102 - - [30/Jul/2019:10:07:48 +0000] "POST /login HTTP/1.1" 302 360 "https://www.citadela.hr/login" "Mozilla/5.0 (Windows NT 6.1; Win64; x64) AppleWebKit/537.36 (KHTML, like Gecko) Chrome/75.0.3770.142 Safari/537.36"
78.134.212.102 - - [30/Jul/2019:10:07:48 +0000] "GET /admin HTTP/1.1" 200 2042 "https://www.citadela.hr/login" "Mozilla/5.0 (Windows NT 6.1; Win64; x64) AppleWebKit/537.36 (KHTML, like Gecko) Chrome/75.0.3770.142 Safari/537.36"
78.134.212.102 - - [30/Jul/2019:10:07:51 +0000] "GET /admin/category/apartmani/property HTTP/1.1" 200 2254 "https://www.citadela.hr/admin" "Mozilla/5.0 (Windows NT 6.1; Win64; x64) AppleWebKit/537.36 (KHTML, like Gecko) Chrome/75.0.3770.142 Safari/537.36"
78.134.212.102 - - [30/Jul/2019:10:07:52 +0000] "GET /admin/category/apartmani/property/data?draw=1&columns%5B0%5D%5Bdata%5D=title&columns%5B0%5D%5Bname%5D=title&columns%5B0%5D%5Bsearchable%5D=true&columns%5B0%5D%5Borderable%5D=true&columns%5B0%5D%5Bsearch%5D%5Bvalue%5D=&columns%5B0%5D%5Bsearch%5D%5Bregex%5D=false&columns%5B1%5D%5Bdata%5D=place.name&columns%5B1%5D%5Bname%5D=place.name&columns%5B1%5D%5Bsearchable%5D=true&columns%5B1%5D%5Borderable%5D=true&columns%5B1%5D%5Bsearch%5D%5Bvalue%5D=&columns%5B1%5D%5Bsearch%5D%5Bregex%5D=false&columns%5B2%5D%5Bdata%5D=type&columns%5B2%5D%5Bname%5D=type&columns%5B2%5D%5Bsearchable%5D=true&columns%5B2%5D%5Borderable%5D=true&columns%5B2%5D%5Bsearch%5D%5Bvalue%5D=&columns%5B2%5D%5Bsearch%5D%5Bregex%5D=false&columns%5B3%5D%5Bdata%5D=price&columns%5B3%5D%5Bname%5D=price&columns%5B3%5D%5Bsearchable%5D=true&columns%5B3%5D%5Borderable%5D=true&columns%5B3%5D%5Bsearch%5D%5Bvalue%5D=&columns%5B3%5D%5Bsearch%5D%5Bregex%5D=false&columns%5B4%5D%5Bdata%5D=status&columns%5B4%5D%5Bname%5D=status&columns%5B4%5D%5Bsearchable%5D=true&columns%5B4%5D%5Borderable%5D=true&columns%5B4%5D%5Bsearch%5D%5Bvalue%5D=&columns%5B4%5D%5Bsearch%5D%5Bregex%5D=false&columns%5B5%5D%5Bdata%5D=featured&columns%5B5%5D%5Bname%5D=&columns%5B5%5D%5Bsearchable%5D=false&columns%5B5%5D%5Borderable%5D=true&columns%5B5%5D%5Bsearch%5D%5Bvalue%5D=&columns%5B5%5D%5Bsearch%5D%5Bregex%5D=false&columns%5B6%5D%5Bdata%5D=options&columns%5B6%5D%5Bname%5D=options&columns%5B6%5D%5Bsearchable%5D=false&columns%5B6%5D%5Borderable%5D=false&columns%5B6%5D%5Bsearch%5D%5Bvalue%5D=&columns%5B6%5D%5Bsearch%5D%5Bregex%5D=false&order%5B0%5D%5Bcolumn%5D=0&order%5B0%5D%5Bdir%5D=asc&start=0&length=10&search%5Bvalue%5D=&search%5Bregex%5D=false&_=1564481272283 HTTP/1.1" 200 35287 "https://www.citadela.hr/admin/category/apartmani/property" "Mozilla/5.0 (Windows NT 6.1; Win64; x64) AppleWebKit/537.36 (KHTML, like Gecko) Chrome/75.0.3770.142 Safari/537.36"
78.134.212.102 - - [30/Jul/2019:10:07:56 +0000] "GET /admin/category/apartmani/property/bibinje-trosoban-apartman-25-metara-od-plaze-100-m2/edit HTTP/1.1" 200 6832 "https://www.citadela.hr/admin/category/apartmani/property" "Mozilla/5.0 (Windows NT 6.1; Win64; x64) AppleWebKit/537.36 (KHTML, like Gecko) Chrome/75.0.3770.142 Safari/537.36"
78.134.212.102 - - [30/Jul/2019:10:07:57 +0000] "GET /uploads/thumbnails/348e8e6f9fc2783085ec47a344ee3e7f.jpeg HTTP/1.1" 200 38639 "https://www.citadela.hr/admin/category/apartmani/property/bibinje-trosoban-apartman-25-metara-od-plaze-100-m2/edit" "Mozilla/5.0 (Windows NT 6.1; Win64; x64) AppleWebKit/537.36 (KHTML, like Gecko) Chrome/75.0.3770.142 Safari/537.36"
78.134.212.102 - - [30/Jul/2019:10:07:57 +0000] "GET /uploads/thumbnails/65a7286b9a33bb2b5782caf92fa3042e.jpeg HTTP/1.1" 200 32994 "https://www.citadela.hr/admin/category/apartmani/property/bibinje-trosoban-apartman-25-metara-od-plaze-100-m2/edit" "Mozilla/5.0 (Windows NT 6.1; Win64; x64) AppleWebKit/537.36 (KHTML, like Gecko) Chrome/75.0.3770.142 Safari/537.36"
78.134.212.102 - - [30/Jul/2019:10:07:57 +0000] "GET /uploads/thumbnails/70515a4f4edc8a8386a276cbe8c1ebdb.jpeg HTTP/1.1" 200 33765 "https://www.citadela.hr/admin/category/apartmani/property/bibinje-trosoban-apartman-25-metara-od-plaze-100-m2/edit" "Mozilla/5.0 (Windows NT 6.1; Win64; x64) AppleWebKit/537.36 (KHTML, like Gecko) Chrome/75.0.3770.142 Safari/537.36"
78.134.212.102 - - [30/Jul/2019:10:07:57 +0000] "GET /uploads/thumbnails/476f0c0dd8854439a733532710ad9ef6.jpeg HTTP/1.1" 200 33938 "https://www.citadela.hr/admin/category/apartmani/property/bibinje-trosoban-apartman-25-metara-od-plaze-100-m2/edit" "Mozilla/5.0 (Windows NT 6.1; Win64; x64) AppleWebKit/537.36 (KHTML, like Gecko) Chrome/75.0.3770.142 Safari/537.36"
78.134.212.102 - - [30/Jul/2019:10:07:57 +0000] "GET /uploads/thumbnails/3cc1777f66e95b8161590e3f0fd13d33.jpeg HTTP/1.1" 200 28631 "https://www.citadela.hr/admin/category/apartmani/property/bibinje-trosoban-apartman-25-metara-od-plaze-100-m2/edit" "Mozilla/5.0 (Windows NT 6.1; Win64; x64) AppleWebKit/537.36 (KHTML, like Gecko) Chrome/75.0.3770.142 Safari/537.36"
78.134.212.102 - - [30/Jul/2019:10:07:57 +0000] "GET /uploads/thumbnails/26d0e413e0b8b90fe72ab978654f3a0e.jpeg HTTP/1.1" 200 33907 "https://www.citadela.hr/admin/category/apartmani/property/bibinje-trosoban-apartman-25-metara-od-plaze-100-m2/edit" "Mozilla/5.0 (Windows NT 6.1; Win64; x64) AppleWebKit/537.36 (KHTML, like Gecko) Chrome/75.0.3770.142 Safari/537.36"
78.134.212.102 - - [30/Jul/2019:10:07:57 +0000] "GET /uploads/thumbnails/b52a7dbb22beb259208dabc4075f1713.jpeg HTTP/1.1" 200 28800 "https://www.citadela.hr/admin/category/apartmani/property/bibinje-trosoban-apartman-25-metara-od-plaze-100-m2/edit" "Mozilla/5.0 (Windows NT 6.1; Win64; x64) AppleWebKit/537.36 (KHTML, like Gecko) Chrome/75.0.3770.142 Safari/537.36"
78.134.212.102 - - [30/Jul/2019:10:07:57 +0000] "GET /uploads/thumbnails/07efeda75189043f60a8a2f0abba7dcf.jpeg HTTP/1.1" 200 26052 "https://www.citadela.hr/admin/category/apartmani/property/bibinje-trosoban-apartman-25-metara-od-plaze-100-m2/edit" "Mozilla/5.0 (Windows NT 6.1; Win64; x64) AppleWebKit/537.36 (KHTML, like Gecko) Chrome/75.0.3770.142 Safari/537.36"
78.134.212.102 - - [30/Jul/2019:10:08:26 +0000] "POST /admin/category/apartmani/property/bibinje-trosoban-apartman-25-metara-od-plaze-100-m2 HTTP/1.1" 302 472 "https://www.citadela.hr/admin/category/apartmani/property/bibinje-trosoban-apartman-25-metara-od-plaze-100-m2/edit" "Mozilla/5.0 (Windows NT 6.1; Win64; x64) AppleWebKit/537.36 (KHTML, like Gecko) Chrome/75.0.3770.142 Safari/537.36"
78.134.212.102 - - [30/Jul/2019:10:08:26 +0000] "GET /admin/category/apartmani/property HTTP/1.1" 200 2254 "https://www.citadela.hr/admin/category/apartmani/property/bibinje-trosoban-apartman-25-metara-od-plaze-100-m2/edit" "Mozilla/5.0 (Windows NT 6.1; Win64; x64) AppleWebKit/537.36 (KHTML, like Gecko) Chrome/75.0.3770.142 Safari/537.36"
78.134.212.102 - - [30/Jul/2019:10:08:27 +0000] "GET /admin/category/apartmani/property/data?draw=1&columns%5B0%5D%5Bdata%5D=title&columns%5B0%5D%5Bname%5D=title&columns%5B0%5D%5Bsearchable%5D=true&columns%5B0%5D%5Borderable%5D=true&columns%5B0%5D%5Bsearch%5D%5Bvalue%5D=&columns%5B0%5D%5Bsearch%5D%5Bregex%5D=false&columns%5B1%5D%5Bdata%5D=place.name&columns%5B1%5D%5Bname%5D=place.name&columns%5B1%5D%5Bsearchable%5D=true&columns%5B1%5D%5Borderable%5D=true&columns%5B1%5D%5Bsearch%5D%5Bvalue%5D=&columns%5B1%5D%5Bsearch%5D%5Bregex%5D=false&columns%5B2%5D%5Bdata%5D=type&columns%5B2%5D%5Bname%5D=type&columns%5B2%5D%5Bsearchable%5D=true&columns%5B2%5D%5Borderable%5D=true&columns%5B2%5D%5Bsearch%5D%5Bvalue%5D=&columns%5B2%5D%5Bsearch%5D%5Bregex%5D=false&columns%5B3%5D%5Bdata%5D=price&columns%5B3%5D%5Bname%5D=price&columns%5B3%5D%5Bsearchable%5D=true&columns%5B3%5D%5Borderable%5D=true&columns%5B3%5D%5Bsearch%5D%5Bvalue%5D=&columns%5B3%5D%5Bsearch%5D%5Bregex%5D=false&columns%5B4%5D%5Bdata%5D=status&columns%5B4%5D%5Bname%5D=status&columns%5B4%5D%5Bsearchable%5D=true&columns%5B4%5D%5Borderable%5D=true&columns%5B4%5D%5Bsearch%5D%5Bvalue%5D=&columns%5B4%5D%5Bsearch%5D%5Bregex%5D=false&columns%5B5%5D%5Bdata%5D=featured&columns%5B5%5D%5Bname%5D=&columns%5B5%5D%5Bsearchable%5D=false&columns%5B5%5D%5Borderable%5D=true&columns%5B5%5D%5Bsearch%5D%5Bvalue%5D=&columns%5B5%5D%5Bsearch%5D%5Bregex%5D=false&columns%5B6%5D%5Bdata%5D=options&columns%5B6%5D%5Bname%5D=options&columns%5B6%5D%5Bsearchable%5D=false&columns%5B6%5D%5Borderable%5D=false&columns%5B6%5D%5Bsearch%5D%5Bvalue%5D=&columns%5B6%5D%5Bsearch%5D%5Bregex%5D=false&order%5B0%5D%5Bcolumn%5D=0&order%5B0%5D%5Bdir%5D=asc&start=0&length=10&search%5Bvalue%5D=&search%5Bregex%5D=false&_=1564481307419 HTTP/1.1" 200 35504 "https://www.citadela.hr/admin/category/apartmani/property" "Mozilla/5.0 (Windows NT 6.1; Win64; x64) AppleWebKit/537.36 (KHTML, like Gecko) Chrome/75.0.3770.142 Safari/537.36"
165.225.73.40 - - [30/Jul/2019:10:08:57 +0000] "GET /uploads/images/ae9636d72cfba5edf412122a9b90b5a5.JPG HTTP/1.1" 200 63028 "https://www.google.hr/blank.html" "Mozilla/5.0 (Windows NT 6.1; WOW64; Trident/7.0; rv:11.0) like Gecko"
66.249.64.220 - - [30/Jul/2019:10:29:10 +0000] "GET /pretraga?category=&place=36&price=1000000&surface=10 HTTP/1.1" 500 49618 "-" "Mozilla/5.0 (Linux; Android 6.0.1; Nexus 5X Build/MMB29P) AppleWebKit/537.36 (KHTML, like Gecko) Chrome/41.0.2272.96 Mobile Safari/537.36 (compatible; Googlebot/2.1; +http://www.google.com/bot.html)"
77.59.228.154 - - [30/Jul/2019:10:37:43 +0000] "GET /en/houses/primostencentar-kamena-kuca-s-restoranom-i-12-soba-340-m2 HTTP/1.1" 200 6505 "https://www.google.com/" "Mozilla/5.0 (Linux; Android 9; LYA-L29) AppleWebKit/537.36 (KHTML, like Gecko) Chrome/75.0.3770.143 Mobile Safari/537.36"
77.59.228.154 - - [30/Jul/2019:10:37:43 +0000] "GET /css/bootstrap.css HTTP/1.1" 200 20712 "https://www.citadela.hr/en/houses/primostencentar-kamena-kuca-s-restoranom-i-12-soba-340-m2" "Mozilla/5.0 (Linux; Android 9; LYA-L29) AppleWebKit/537.36 (KHTML, like Gecko) Chrome/75.0.3770.143 Mobile Safari/537.36"
77.59.228.154 - - [30/Jul/2019:10:37:43 +0000] "GET /css/jslider.css HTTP/1.1" 200 763 "https://www.citadela.hr/en/houses/primostencentar-kamena-kuca-s-restoranom-i-12-soba-340-m2" "Mozilla/5.0 (Linux; Android 9; LYA-L29) AppleWebKit/537.36 (KHTML, like Gecko) Chrome/75.0.3770.143 Mobile Safari/537.36"
77.59.228.154 - - [30/Jul/2019:10:37:43 +0000] "GET /css/style.css?v=2 HTTP/1.1" 200 17441 "https://www.citadela.hr/en/houses/primostencentar-kamena-kuca-s-restoranom-i-12-soba-340-m2" "Mozilla/5.0 (Linux; Android 9; LYA-L29) AppleWebKit/537.36 (KHTML, like Gecko) Chrome/75.0.3770.143 Mobile Safari/537.36"
77.59.228.154 - - [30/Jul/2019:10:37:43 +0000] "GET /fonts/flaticon.css HTTP/1.1" 200 699 "https://www.citadela.hr/en/houses/primostencentar-kamena-kuca-s-restoranom-i-12-soba-340-m2" "Mozilla/5.0 (Linux; Android 9; LYA-L29) AppleWebKit/537.36 (KHTML, like Gecko) Chrome/75.0.3770.143 Mobile Safari/537.36"
77.59.228.154 - - [30/Jul/2019:10:37:43 +0000] "GET /css/colors/blue.css?v=2 HTTP/1.1" 200 3552 "https://www.citadela.hr/en/houses/primostencentar-kamena-kuca-s-restoranom-i-12-soba-340-m2" "Mozilla/5.0 (Linux; Android 9; LYA-L29) AppleWebKit/537.36 (KHTML, like Gecko) Chrome/75.0.3770.143 Mobile Safari/537.36"
77.59.228.154 - - [30/Jul/2019:10:37:43 +0000] "GET /css/responsive.css HTTP/1.1" 200 2788 "https://www.citadela.hr/en/houses/primostencentar-kamena-kuca-s-restoranom-i-12-soba-340-m2" "Mozilla/5.0 (Linux; Android 9; LYA-L29) AppleWebKit/537.36 (KHTML, like Gecko) Chrome/75.0.3770.143 Mobile Safari/537.36"
77.59.228.154 - - [30/Jul/2019:10:37:43 +0000] "GET /css/font-awesome.css HTTP/1.1" 200 7439 "https://www.citadela.hr/en/houses/primostencentar-kamena-kuca-s-restoranom-i-12-soba-340-m2" "Mozilla/5.0 (Linux; Android 9; LYA-L29) AppleWebKit/537.36 (KHTML, like Gecko) Chrome/75.0.3770.143 Mobile Safari/537.36"
77.59.228.154 - - [30/Jul/2019:10:37:44 +0000] "GET /css/loader.css?v=2 HTTP/1.1" 200 772 "https://www.citadela.hr/en/houses/primostencentar-kamena-kuca-s-restoranom-i-12-soba-340-m2" "Mozilla/5.0 (Linux; Android 9; LYA-L29) AppleWebKit/537.36 (KHTML, like Gecko) Chrome/75.0.3770.143 Mobile Safari/537.36"
77.59.228.154 - - [30/Jul/2019:10:37:44 +0000] "GET /assets/plugins/flag/css/flag-icon.css HTTP/1.1" 200 2837 "https://www.citadela.hr/en/houses/primostencentar-kamena-kuca-s-restoranom-i-12-soba-340-m2" "Mozilla/5.0 (Linux; Android 9; LYA-L29) AppleWebKit/537.36 (KHTML, like Gecko) Chrome/75.0.3770.143 Mobile Safari/537.36"
77.59.228.154 - - [30/Jul/2019:10:37:44 +0000] "GET /unitegallery/css/unite-gallery.css HTTP/1.1" 200 4825 "https://www.citadela.hr/en/houses/primostencentar-kamena-kuca-s-restoranom-i-12-soba-340-m2" "Mozilla/5.0 (Linux; Android 9; LYA-L29) AppleWebKit/537.36 (KHTML, like Gecko) Chrome/75.0.3770.143 Mobile Safari/537.36"
77.59.228.154 - - [30/Jul/2019:10:37:44 +0000] "GET /js/jquery.min.js HTTP/1.1" 200 33760 "https://www.citadela.hr/en/houses/primostencentar-kamena-kuca-s-restoranom-i-12-soba-340-m2" "Mozilla/5.0 (Linux; Android 9; LYA-L29) AppleWebKit/537.36 (KHTML, like Gecko) Chrome/75.0.3770.143 Mobile Safari/537.36"
77.59.228.154 - - [30/Jul/2019:10:37:44 +0000] "GET /css/jquery.fancybox.css HTTP/1.1" 200 1434 "https://www.citadela.hr/en/houses/primostencentar-kamena-kuca-s-restoranom-i-12-soba-340-m2" "Mozilla/5.0 (Linux; Android 9; LYA-L29) AppleWebKit/537.36 (KHTML, like Gecko) Chrome/75.0.3770.143 Mobile Safari/537.36"
77.59.228.154 - - [30/Jul/2019:10:37:44 +0000] "GET /css/owl.css HTTP/1.1" 200 1348 "https://www.citadela.hr/en/houses/primostencentar-kamena-kuca-s-restoranom-i-12-soba-340-m2" "Mozilla/5.0 (Linux; Android 9; LYA-L29) AppleWebKit/537.36 (KHTML, like Gecko) Chrome/75.0.3770.143 Mobile Safari/537.36"
77.59.228.154 - - [30/Jul/2019:10:37:44 +0000] "GET /css/animate.min.css HTTP/1.1" 200 4242 "https://www.citadela.hr/en/houses/primostencentar-kamena-kuca-s-restoranom-i-12-soba-340-m2" "Mozilla/5.0 (Linux; Android 9; LYA-L29) AppleWebKit/537.36 (KHTML, like Gecko) Chrome/75.0.3770.143 Mobile Safari/537.36"
77.59.228.154 - - [30/Jul/2019:10:37:44 +0000] "GET /js/bootstrap.min.js HTTP/1.1" 200 9833 "https://www.citadela.hr/en/houses/primostencentar-kamena-kuca-s-restoranom-i-12-soba-340-m2" "Mozilla/5.0 (Linux; Android 9; LYA-L29) AppleWebKit/537.36 (KHTML, like Gecko) Chrome/75.0.3770.143 Mobile Safari/537.36"
77.59.228.154 - - [30/Jul/2019:10:37:44 +0000] "GET /js/bootstrap-select.js HTTP/1.1" 200 15633 "https://www.citadela.hr/en/houses/primostencentar-kamena-kuca-s-restoranom-i-12-soba-340-m2" "Mozilla/5.0 (Linux; Android 9; LYA-L29) AppleWebKit/537.36 (KHTML, like Gecko) Chrome/75.0.3770.143 Mobile Safari/537.36"
77.59.228.154 - - [30/Jul/2019:10:37:44 +0000] "GET /js/YouTubePopUp.jquery.js HTTP/1.1" 200 967 "https://www.citadela.hr/en/houses/primostencentar-kamena-kuca-s-restoranom-i-12-soba-340-m2" "Mozilla/5.0 (Linux; Android 9; LYA-L29) AppleWebKit/537.36 (KHTML, like Gecko) Chrome/75.0.3770.143 Mobile Safari/537.36"
77.59.228.154 - - [30/Jul/2019:10:37:44 +0000] "GET /js/jquery.fancybox-media.js HTTP/1.1" 200 1973 "https://www.citadela.hr/en/houses/primostencentar-kamena-kuca-s-restoranom-i-12-soba-340-m2" "Mozilla/5.0 (Linux; Android 9; LYA-L29) AppleWebKit/537.36 (KHTML, like Gecko) Chrome/75.0.3770.143 Mobile Safari/537.36"
77.59.228.154 - - [30/Jul/2019:10:37:44 +0000] "GET /js/jquery.fancybox.pack.js HTTP/1.1" 200 8634 "https://www.citadela.hr/en/houses/primostencentar-kamena-kuca-s-restoranom-i-12-soba-340-m2" "Mozilla/5.0 (Linux; Android 9; LYA-L29) AppleWebKit/537.36 (KHTML, like Gecko) Chrome/75.0.3770.143 Mobile Safari/537.36"
77.59.228.154 - - [30/Jul/2019:10:37:44 +0000] "GET /js/owl.js HTTP/1.1" 200 17545 "https://www.citadela.hr/en/houses/primostencentar-kamena-kuca-s-restoranom-i-12-soba-340-m2" "Mozilla/5.0 (Linux; Android 9; LYA-L29) AppleWebKit/537.36 (KHTML, like Gecko) Chrome/75.0.3770.143 Mobile Safari/537.36"
77.59.228.154 - - [30/Jul/2019:10:37:44 +0000] "GET /js/mixitup.js HTTP/1.1" 200 11347 "https://www.citadela.hr/en/houses/primostencentar-kamena-kuca-s-restoranom-i-12-soba-340-m2" "Mozilla/5.0 (Linux; Android 9; LYA-L29) AppleWebKit/537.36 (KHTML, like Gecko) Chrome/75.0.3770.143 Mobile Safari/537.36"
77.59.228.154 - - [30/Jul/2019:10:37:44 +0000] "GET /js/wow.js HTTP/1.1" 200 2198 "https://www.citadela.hr/en/houses/primostencentar-kamena-kuca-s-restoranom-i-12-soba-340-m2" "Mozilla/5.0 (Linux; Android 9; LYA-L29) AppleWebKit/537.36 (KHTML, like Gecko) Chrome/75.0.3770.143 Mobile Safari/537.36"
77.59.228.154 - - [30/Jul/2019:10:37:44 +0000] "GET /js/jshashtable-2.1_src.js HTTP/1.1" 200 2957 "https://www.citadela.hr/en/houses/primostencentar-kamena-kuca-s-restoranom-i-12-soba-340-m2" "Mozilla/5.0 (Linux; Android 9; LYA-L29) AppleWebKit/537.36 (KHTML, like Gecko) Chrome/75.0.3770.143 Mobile Safari/537.36"
77.59.228.154 - - [30/Jul/2019:10:37:44 +0000] "GET /js/jquery.numberformatter-1.2.3.js HTTP/1.1" 200 4697 "https://www.citadela.hr/en/houses/primostencentar-kamena-kuca-s-restoranom-i-12-soba-340-m2" "Mozilla/5.0 (Linux; Android 9; LYA-L29) AppleWebKit/537.36 (KHTML, like Gecko) Chrome/75.0.3770.143 Mobile Safari/537.36"
77.59.228.154 - - [30/Jul/2019:10:37:44 +0000] "GET /js/tmpl.js HTTP/1.1" 200 625 "https://www.citadela.hr/en/houses/primostencentar-kamena-kuca-s-restoranom-i-12-soba-340-m2" "Mozilla/5.0 (Linux; Android 9; LYA-L29) AppleWebKit/537.36 (KHTML, like Gecko) Chrome/75.0.3770.143 Mobile Safari/537.36"
77.59.228.154 - - [30/Jul/2019:10:37:44 +0000] "GET /js/jquery.dependClass-0.1.js HTTP/1.1" 200 458 "https://www.citadela.hr/en/houses/primostencentar-kamena-kuca-s-restoranom-i-12-soba-340-m2" "Mozilla/5.0 (Linux; Android 9; LYA-L29) AppleWebKit/537.36 (KHTML, like Gecko) Chrome/75.0.3770.143 Mobile Safari/537.36"
77.59.228.154 - - [30/Jul/2019:10:37:44 +0000] "GET /js/jquery.slider.js HTTP/1.1" 200 4772 "https://www.citadela.hr/en/houses/primostencentar-kamena-kuca-s-restoranom-i-12-soba-340-m2" "Mozilla/5.0 (Linux; Android 9; LYA-L29) AppleWebKit/537.36 (KHTML, like Gecko) Chrome/75.0.3770.143 Mobile Safari/537.36"
77.59.228.154 - - [30/Jul/2019:10:37:44 +0000] "GET /js/custom.js HTTP/1.1" 200 5159 "https://www.citadela.hr/en/houses/primostencentar-kamena-kuca-s-restoranom-i-12-soba-340-m2" "Mozilla/5.0 (Linux; Android 9; LYA-L29) AppleWebKit/537.36 (KHTML, like Gecko) Chrome/75.0.3770.143 Mobile Safari/537.36"
77.59.228.154 - - [30/Jul/2019:10:37:44 +0000] "GET /js/draggable-0.1.js HTTP/1.1" 200 1326 "https://www.citadela.hr/en/houses/primostencentar-kamena-kuca-s-restoranom-i-12-soba-340-m2" "Mozilla/5.0 (Linux; Android 9; LYA-L29) AppleWebKit/537.36 (KHTML, like Gecko) Chrome/75.0.3770.143 Mobile Safari/537.36"
77.59.228.154 - - [30/Jul/2019:10:37:44 +0000] "GET /js/jquery.barrating.js HTTP/1.1" 200 4280 "https://www.citadela.hr/en/houses/primostencentar-kamena-kuca-s-restoranom-i-12-soba-340-m2" "Mozilla/5.0 (Linux; Android 9; LYA-L29) AppleWebKit/537.36 (KHTML, like Gecko) Chrome/75.0.3770.143 Mobile Safari/537.36"
77.59.228.154 - - [30/Jul/2019:10:37:44 +0000] "GET /unitegallery/js/jquery-11.0.min.js HTTP/1.1" 200 33369 "https://www.citadela.hr/en/houses/primostencentar-kamena-kuca-s-restoranom-i-12-soba-340-m2" "Mozilla/5.0 (Linux; Android 9; LYA-L29) AppleWebKit/537.36 (KHTML, like Gecko) Chrome/75.0.3770.143 Mobile Safari/537.36"
77.59.228.154 - - [30/Jul/2019:10:37:44 +0000] "GET /unitegallery/js/unitegallery.min.js HTTP/1.1" 200 66910 "https://www.citadela.hr/en/houses/primostencentar-kamena-kuca-s-restoranom-i-12-soba-340-m2" "Mozilla/5.0 (Linux; Android 9; LYA-L29) AppleWebKit/537.36 (KHTML, like Gecko) Chrome/75.0.3770.143 Mobile Safari/537.36"
77.59.228.154 - - [30/Jul/2019:10:37:44 +0000] "GET /unitegallery/themes/compact/ug-theme-compact.js HTTP/1.1" 200 2477 "https://www.citadela.hr/en/houses/primostencentar-kamena-kuca-s-restoranom-i-12-soba-340-m2" "Mozilla/5.0 (Linux; Android 9; LYA-L29) AppleWebKit/537.36 (KHTML, like Gecko) Chrome/75.0.3770.143 Mobile Safari/537.36"
77.59.228.154 - - [30/Jul/2019:10:37:44 +0000] "GET /fonts/fontawesome-webfont.woff2?v=4.7.0 HTTP/1.1" 200 77160 "https://www.citadela.hr/css/font-awesome.css" "Mozilla/5.0 (Linux; Android 9; LYA-L29) AppleWebKit/537.36 (KHTML, like Gecko) Chrome/75.0.3770.143 Mobile Safari/537.36"
77.59.228.154 - - [30/Jul/2019:10:37:44 +0000] "GET /img/logo_header.png?v=2 HTTP/1.1" 200 4348 "https://www.citadela.hr/en/houses/primostencentar-kamena-kuca-s-restoranom-i-12-soba-340-m2" "Mozilla/5.0 (Linux; Android 9; LYA-L29) AppleWebKit/537.36 (KHTML, like Gecko) Chrome/75.0.3770.143 Mobile Safari/537.36"
77.59.228.154 - - [30/Jul/2019:10:37:44 +0000] "GET /uploads/thumbnails/a576f45ae8747cddc39be8d5761e1057.jpg HTTP/1.1" 200 49816 "https://www.citadela.hr/en/houses/primostencentar-kamena-kuca-s-restoranom-i-12-soba-340-m2" "Mozilla/5.0 (Linux; Android 9; LYA-L29) AppleWebKit/537.36 (KHTML, like Gecko) Chrome/75.0.3770.143 Mobile Safari/537.36"
77.59.228.154 - - [30/Jul/2019:10:37:44 +0000] "GET /uploads/thumbnails/842da40b9970c3a888b1c4aedfa018f5.jpg HTTP/1.1" 200 26328 "https://www.citadela.hr/en/houses/primostencentar-kamena-kuca-s-restoranom-i-12-soba-340-m2" "Mozilla/5.0 (Linux; Android 9; LYA-L29) AppleWebKit/537.36 (KHTML, like Gecko) Chrome/75.0.3770.143 Mobile Safari/537.36"
77.59.228.154 - - [30/Jul/2019:10:37:44 +0000] "GET /uploads/thumbnails/c643bf0fadb99b0ede55349224cb6381.jpg HTTP/1.1" 200 38991 "https://www.citadela.hr/en/houses/primostencentar-kamena-kuca-s-restoranom-i-12-soba-340-m2" "Mozilla/5.0 (Linux; Android 9; LYA-L29) AppleWebKit/537.36 (KHTML, like Gecko) Chrome/75.0.3770.143 Mobile Safari/537.36"
77.59.228.154 - - [30/Jul/2019:10:37:44 +0000] "GET /uploads/thumbnails/f26970bfadecb630fdead3706d1ef551.jpg HTTP/1.1" 200 53204 "https://www.citadela.hr/en/houses/primostencentar-kamena-kuca-s-restoranom-i-12-soba-340-m2" "Mozilla/5.0 (Linux; Android 9; LYA-L29) AppleWebKit/537.36 (KHTML, like Gecko) Chrome/75.0.3770.143 Mobile Safari/537.36"
77.59.228.154 - - [30/Jul/2019:10:37:44 +0000] "GET /uploads/thumbnails/7b6379cc99c35d3aa1345386cf347508.jpg HTTP/1.1" 200 52579 "https://www.citadela.hr/en/houses/primostencentar-kamena-kuca-s-restoranom-i-12-soba-340-m2" "Mozilla/5.0 (Linux; Android 9; LYA-L29) AppleWebKit/537.36 (KHTML, like Gecko) Chrome/75.0.3770.143 Mobile Safari/537.36"
77.59.228.154 - - [30/Jul/2019:10:37:45 +0000] "GET /uploads/thumbnails/d6df9a8e4e3929576fb80ee775ec8b34.jpg HTTP/1.1" 200 48344 "https://www.citadela.hr/en/houses/primostencentar-kamena-kuca-s-restoranom-i-12-soba-340-m2" "Mozilla/5.0 (Linux; Android 9; LYA-L29) AppleWebKit/537.36 (KHTML, like Gecko) Chrome/75.0.3770.143 Mobile Safari/537.36"
77.59.228.154 - - [30/Jul/2019:10:37:45 +0000] "GET /uploads/thumbnails/81f28f928226c44e597e63c8c7a7e2f9.jpg HTTP/1.1" 200 33757 "https://www.citadela.hr/en/houses/primostencentar-kamena-kuca-s-restoranom-i-12-soba-340-m2" "Mozilla/5.0 (Linux; Android 9; LYA-L29) AppleWebKit/537.36 (KHTML, like Gecko) Chrome/75.0.3770.143 Mobile Safari/537.36"
77.59.228.154 - - [30/Jul/2019:10:37:45 +0000] "GET /uploads/thumbnails/f6d13372ad89223df4d63c01504655d6.jpg HTTP/1.1" 200 44425 "https://www.citadela.hr/en/houses/primostencentar-kamena-kuca-s-restoranom-i-12-soba-340-m2" "Mozilla/5.0 (Linux; Android 9; LYA-L29) AppleWebKit/537.36 (KHTML, like Gecko) Chrome/75.0.3770.143 Mobile Safari/537.36"
77.59.228.154 - - [30/Jul/2019:10:37:45 +0000] "GET /uploads/thumbnails/b64292c1b46705adfca2435fa0604e9c.jpg HTTP/1.1" 200 49816 "https://www.citadela.hr/en/houses/primostencentar-kamena-kuca-s-restoranom-i-12-soba-340-m2" "Mozilla/5.0 (Linux; Android 9; LYA-L29) AppleWebKit/537.36 (KHTML, like Gecko) Chrome/75.0.3770.143 Mobile Safari/537.36"
77.59.228.154 - - [30/Jul/2019:10:37:45 +0000] "GET /uploads/thumbnails/51edcdb32f0010c4ea93239c0d514e4f.jpg HTTP/1.1" 200 42298 "https://www.citadela.hr/en/houses/primostencentar-kamena-kuca-s-restoranom-i-12-soba-340-m2" "Mozilla/5.0 (Linux; Android 9; LYA-L29) AppleWebKit/537.36 (KHTML, like Gecko) Chrome/75.0.3770.143 Mobile Safari/537.36"
77.59.228.154 - - [30/Jul/2019:10:37:45 +0000] "GET /uploads/thumbnails/62a4b85d57df4bfd9513f074f5b3979e.jpg HTTP/1.1" 200 34235 "https://www.citadela.hr/en/houses/primostencentar-kamena-kuca-s-restoranom-i-12-soba-340-m2" "Mozilla/5.0 (Linux; Android 9; LYA-L29) AppleWebKit/537.36 (KHTML, like Gecko) Chrome/75.0.3770.143 Mobile Safari/537.36"
77.59.228.154 - - [30/Jul/2019:10:37:45 +0000] "GET /uploads/thumbnails/8afd6597dac0d351ed120c420ed8846c.jpg HTTP/1.1" 200 33010 "https://www.citadela.hr/en/houses/primostencentar-kamena-kuca-s-restoranom-i-12-soba-340-m2" "Mozilla/5.0 (Linux; Android 9; LYA-L29) AppleWebKit/537.36 (KHTML, like Gecko) Chrome/75.0.3770.143 Mobile Safari/537.36"
77.59.228.154 - - [30/Jul/2019:10:37:46 +0000] "GET /uploads/thumbnails/aee25dc1018c5058a7e1b3ce11b1dc52.jpg HTTP/1.1" 200 45321 "https://www.citadela.hr/en/houses/primostencentar-kamena-kuca-s-restoranom-i-12-soba-340-m2" "Mozilla/5.0 (Linux; Android 9; LYA-L29) AppleWebKit/537.36 (KHTML, like Gecko) Chrome/75.0.3770.143 Mobile Safari/537.36"
77.59.228.154 - - [30/Jul/2019:10:37:46 +0000] "GET /uploads/thumbnails/04c9051b58e413f318f80cd6e48c25fe.jpg HTTP/1.1" 200 48811 "https://www.citadela.hr/en/houses/primostencentar-kamena-kuca-s-restoranom-i-12-soba-340-m2" "Mozilla/5.0 (Linux; Android 9; LYA-L29) AppleWebKit/537.36 (KHTML, like Gecko) Chrome/75.0.3770.143 Mobile Safari/537.36"
66.249.64.222 - - [30/Jul/2019:10:37:46 +0000] "GET /hr/pretraga?category=&type=&place=45&area=&price=500000&surface=100 HTTP/1.1" 200 4610 "-" "Mozilla/5.0 (Linux; Android 6.0.1; Nexus 5X Build/MMB29P) AppleWebKit/537.36 (KHTML, like Gecko) Chrome/41.0.2272.96 Mobile Safari/537.36 (compatible; Googlebot/2.1; +http://www.google.com/bot.html)"
77.59.228.154 - - [30/Jul/2019:10:37:46 +0000] "GET /img/mate.jpg HTTP/1.1" 200 14037 "https://www.citadela.hr/en/houses/primostencentar-kamena-kuca-s-restoranom-i-12-soba-340-m2" "Mozilla/5.0 (Linux; Android 9; LYA-L29) AppleWebKit/537.36 (KHTML, like Gecko) Chrome/75.0.3770.143 Mobile Safari/537.36"
77.59.228.154 - - [30/Jul/2019:10:37:46 +0000] "GET /img/logo_footer.png HTTP/1.1" 200 4213 "https://www.citadela.hr/en/houses/primostencentar-kamena-kuca-s-restoranom-i-12-soba-340-m2" "Mozilla/5.0 (Linux; Android 9; LYA-L29) AppleWebKit/537.36 (KHTML, like Gecko) Chrome/75.0.3770.143 Mobile Safari/537.36"
77.59.228.154 - - [30/Jul/2019:10:37:46 +0000] "GET /uploads/thumbnails/ac1a9218aa5ddc0f04c280fccfce198e.jpg HTTP/1.1" 200 61577 "https://www.citadela.hr/en/houses/primostencentar-kamena-kuca-s-restoranom-i-12-soba-340-m2" "Mozilla/5.0 (Linux; Android 9; LYA-L29) AppleWebKit/537.36 (KHTML, like Gecko) Chrome/75.0.3770.143 Mobile Safari/537.36"
77.59.228.154 - - [30/Jul/2019:10:37:47 +0000] "GET /img/banner/banner.png HTTP/1.1" 200 188379 "https://www.citadela.hr/css/style.css?v=2" "Mozilla/5.0 (Linux; Android 9; LYA-L29) AppleWebKit/537.36 (KHTML, like Gecko) Chrome/75.0.3770.143 Mobile Safari/537.36"
77.59.228.154 - - [30/Jul/2019:10:37:48 +0000] "GET /unitegallery/images/cover-grid.png HTTP/1.1" 200 933 "https://www.citadela.hr/unitegallery/css/unite-gallery.css" "Mozilla/5.0 (Linux; Android 9; LYA-L29) AppleWebKit/537.36 (KHTML, like Gecko) Chrome/75.0.3770.143 Mobile Safari/537.36"
77.59.228.154 - - [30/Jul/2019:10:37:48 +0000] "GET /unitegallery/images/loader.gif HTTP/1.1" 200 673 "https://www.citadela.hr/unitegallery/css/unite-gallery.css" "Mozilla/5.0 (Linux; Android 9; LYA-L29) AppleWebKit/537.36 (KHTML, like Gecko) Chrome/75.0.3770.143 Mobile Safari/537.36"
77.59.228.154 - - [30/Jul/2019:10:37:48 +0000] "GET /unitegallery/images/not_loaded.png HTTP/1.1" 200 858 "https://www.citadela.hr/unitegallery/css/unite-gallery.css" "Mozilla/5.0 (Linux; Android 9; LYA-L29) AppleWebKit/537.36 (KHTML, like Gecko) Chrome/75.0.3770.143 Mobile Safari/537.36"
54.36.150.91 - - [30/Jul/2019:10:45:20 +0000] "GET /en/lands/murter-cigrada-zemljiste-drugi-red-do-mora-1252-m2 HTTP/1.1" 200 5485 "-" "Mozilla/5.0 (compatible; AhrefsBot/6.1; +http://ahrefs.com/robot/)"
66.249.64.220 - - [30/Jul/2019:10:45:43 +0000] "GET /zemljista/pasman-tkon-gradevinsko-zemljiste-drugi-red-do-mora-2173-m2 HTTP/1.1" 200 5373 "-" "Mozilla/5.0 (Linux; Android 6.0.1; Nexus 5X Build/MMB29P) AppleWebKit/537.36 (KHTML, like Gecko) Chrome/41.0.2272.96 Mobile Safari/537.36 (compatible; Googlebot/2.1; +http://www.google.com/bot.html)"
66.249.64.220 - - [30/Jul/2019:10:53:10 +0000] "GET /zemljista/privlaka-gradevinsko-zemljiste-prvi-red-do-mora-2679-m2 HTTP/1.1" 200 5403 "-" "Mozilla/5.0 (Linux; Android 6.0.1; Nexus 5X Build/MMB29P) AppleWebKit/537.36 (KHTML, like Gecko) Chrome/41.0.2272.96 Mobile Safari/537.36 (compatible; Googlebot/2.1; +http://www.google.com/bot.html)"
46.229.168.151 - - [30/Jul/2019:10:54:46 +0000] "GET /robots.txt HTTP/1.1" 200 24 "-" "Mozilla/5.0 (compatible; SemrushBot/3~bl; +http://www.semrush.com/bot.html)"
46.229.168.151 - - [30/Jul/2019:10:54:48 +0000] "GET /hr/stanovi/sibenik-vidici-trosoban-stan-s-garazom-105-m2 HTTP/1.1" 200 5890 "-" "Mozilla/5.0 (compatible; SemrushBot/3~bl; +http://www.semrush.com/bot.html)"
66.249.64.222 - - [30/Jul/2019:10:57:18 +0000] "GET /pretraga?category=&place=36&price=500000&surface=200 HTTP/1.1" 500 49618 "-" "Mozilla/5.0 (Linux; Android 6.0.1; Nexus 5X Build/MMB29P) AppleWebKit/537.36 (KHTML, like Gecko) Chrome/41.0.2272.96 Mobile Safari/537.36 (compatible; Googlebot/2.1; +http://www.google.com/bot.html)"
66.249.64.218 - - [30/Jul/2019:11:05:35 +0000] "GET /hr/zemljista/dugi-otok-zaglav-grad-zemljiste-21-metar-od-mora-354-m2-prilika HTTP/1.1" 500 25403 "-" "Mozilla/5.0 (Linux; Android 6.0.1; Nexus 5X Build/MMB29P) AppleWebKit/537.36 (KHTML, like Gecko) Chrome/41.0.2272.96 Mobile Safari/537.36 (compatible; Googlebot/2.1; +http://www.google.com/bot.html)"
62.197.243.48 - - [30/Jul/2019:11:07:33 +0000] "GET /uploads/images/bdb290fa375c69e113c38d443c11983d.jpg HTTP/1.1" 200 170793 "https://www.google.com/" "Mozilla/5.0 (Windows NT 10.0; Win64; x64) AppleWebKit/537.36 (KHTML, like Gecko) Chrome/64.0.3282.140 Safari/537.36 Edge/17.17134"
216.244.66.226 - - [30/Jul/2019:11:09:22 +0000] "GET /robots.txt HTTP/1.1" 301 242 "-" "Mozilla/5.0 (compatible; DotBot/1.1; http://www.opensiteexplorer.org/dotbot, help@moz.com)"
216.244.66.226 - - [30/Jul/2019:11:09:24 +0000] "GET /robots.txt HTTP/1.1" 200 24 "-" "Mozilla/5.0 (compatible; DotBot/1.1; http://www.opensiteexplorer.org/dotbot, help@moz.com)"
212.15.177.222 - - [30/Jul/2019:11:11:05 +0000] "GET /uploads/images/637f734f3f66250d52f27e7aa9a9c97d.jpg HTTP/1.1" 200 145795 "http://hipolpic.pw/nekretnine-zadar.html" "Mozilla/5.0 (Windows NT 6.1; Win64; x64) AppleWebKit/537.36 (KHTML, like Gecko) Chrome/75.0.3770.142 Safari/537.36"
66.249.64.222 - - [30/Jul/2019:11:11:22 +0000] "GET /kuce/otok-ugljan-kali-vikendica-u-blizini-plaze-s-pogledom-na-more HTTP/1.1" 200 5796 "-" "Mozilla/5.0 (Linux; Android 6.0.1; Nexus 5X Build/MMB29P) AppleWebKit/537.36 (KHTML, like Gecko) Chrome/41.0.2272.96 Mobile Safari/537.36 (compatible; Googlebot/2.1; +http://www.google.com/bot.html)"
54.36.149.24 - - [30/Jul/2019:11:12:32 +0000] "GET /en/houses/veli-iz-pansion-prvi-red-do-mora-46340-m2-okucnica-1688-m2 HTTP/1.1" 200 6150 "-" "Mozilla/5.0 (compatible; AhrefsBot/6.1; +http://ahrefs.com/robot/)"
46.229.168.144 - - [30/Jul/2019:11:13:01 +0000] "GET /hr/apartmani/kozino-namjesten-apartman-prvi-red-do-mora-4783-m2 HTTP/1.1" 200 5959 "-" "Mozilla/5.0 (compatible; SemrushBot/3~bl; +http://www.semrush.com/bot.html)"
46.229.168.150 - - [30/Jul/2019:11:14:23 +0000] "GET /en/lands/murter-cigrada-zemljiste-drugi-red-do-mora-1252-m2 HTTP/1.1" 200 5482 "-" "Mozilla/5.0 (compatible; SemrushBot/3~bl; +http://www.semrush.com/bot.html)"
93.140.3.39 - - [30/Jul/2019:11:16:04 +0000] "GET /uploads/thumbnails/31ae53f5f1f3b705c2a02ccd0ee9fb4c.jpg HTTP/1.1" 200 46373 "https://www.google.com/" "Mozilla/5.0 (iPhone; CPU iPhone OS 11_2_5 like Mac OS X) AppleWebKit/604.5.6 (KHTML, like Gecko) Version/11.0 Mobile/15D60 Safari/604.1"
66.249.64.220 - - [30/Jul/2019:11:23:47 +0000] "GET /hr/apartmani/bibinje-trosoban-apartman-i-garsonjera-25-m-od-plaze-100-m2 HTTP/1.1" 200 5688 "-" "Mozilla/5.0 (Linux; Android 6.0.1; Nexus 5X Build/MMB29P) AppleWebKit/537.36 (KHTML, like Gecko) Chrome/41.0.2272.96 Mobile Safari/537.36 (compatible; Googlebot/2.1; +http://www.google.com/bot.html)"
213.147.126.77 - - [30/Jul/2019:11:26:46 +0000] "GET /uploads/thumbnails/c7cefce8cfc7191dca0c22518d2466b4.jpeg HTTP/1.1" 200 49684 "https://www.google.com/" "Mozilla/5.0 (Windows NT 10.0; Win64; x64) AppleWebKit/537.36 (KHTML, like Gecko) Chrome/75.0.3770.142 Safari/537.36"
54.36.148.32 - - [30/Jul/2019:11:30:24 +0000] "GET /en/lands HTTP/1.1" 200 5282 "-" "Mozilla/5.0 (compatible; AhrefsBot/6.1; +http://ahrefs.com/robot/)"
66.249.64.218 - - [30/Jul/2019:11:34:33 +0000] "GET /en/search?category=&type=&place=&area=74&price=1000000&surface=50&page=10 HTTP/1.1" 200 3967 "-" "Mozilla/5.0 (Linux; Android 6.0.1; Nexus 5X Build/MMB29P) AppleWebKit/537.36 (KHTML, like Gecko) Chrome/41.0.2272.96 Mobile Safari/537.36 (compatible; Googlebot/2.1; +http://www.google.com/bot.html)"
66.249.64.222 - - [30/Jul/2019:11:35:22 +0000] "GET /zemljista/dugi-rat-sumpetar-gradevinsko-zemljiste-s-pogledom-na-more-476-m2 HTTP/1.1" 200 5520 "-" "Mozilla/5.0 (compatible; Googlebot/2.1; +http://www.google.com/bot.html)"
66.249.64.220 - - [30/Jul/2019:11:37:02 +0000] "GET /kuce/otok-ugljan-kali-vikendica-u-blizini-plaze-s-pogledom-na-more HTTP/1.1" 200 5796 "-" "Mozilla/5.0 (compatible; Googlebot/2.1; +http://www.google.com/bot.html)"
141.138.41.134 - - [30/Jul/2019:11:42:08 +0000] "GET /uploads/images/bdc91d68ef0d50b63bdb03c53b7564f9.JPG HTTP/1.1" 200 253232 "https://www.google.com/" "Mozilla/5.0 (Linux; Android 8.1.0; Redmi S2) AppleWebKit/537.36 (KHTML, like Gecko) Chrome/75.0.3770.143 Mobile Safari/537.36"
34.216.8.47 - - [30/Jul/2019:11:43:59 +0000] "GET / HTTP/1.1" 301 232 "-" "Go-http-client/1.1"
66.249.64.222 - - [30/Jul/2019:11:46:08 +0000] "GET /en/search?category=&type=&place=78&area=&price=50000&surface= HTTP/1.1" 200 3910 "-" "Mozilla/5.0 (Linux; Android 6.0.1; Nexus 5X Build/MMB29P) AppleWebKit/537.36 (KHTML, like Gecko) Chrome/41.0.2272.96 Mobile Safari/537.36 (compatible; Googlebot/2.1; +http://www.google.com/bot.html)"
66.249.64.222 - - [30/Jul/2019:12:03:55 +0000] "GET /hr/pretraga?category=&place=&price=1000000&surface=10&page=6 HTTP/1.1" 200 5513 "-" "Mozilla/5.0 (Linux; Android 6.0.1; Nexus 5X Build/MMB29P) AppleWebKit/537.36 (KHTML, like Gecko) Chrome/41.0.2272.96 Mobile Safari/537.36 (compatible; Googlebot/2.1; +http://www.google.com/bot.html)"
178.79.93.224 - - [30/Jul/2019:12:06:11 +0000] "GET /uploads/images/0bbd1dd75c98d26c7084fc8347d3cf1d.jpg HTTP/1.1" 200 247216 "https://www.google.com/" "Mozilla/5.0 (iPhone; CPU iPhone OS 12_4 like Mac OS X) AppleWebKit/605.1.15 (KHTML, like Gecko) Version/12.1.2 Mobile/15E148 Safari/604.1"
52.42.106.157 - - [30/Jul/2019:12:09:58 +0000] "GET / HTTP/1.1" 301 232 "-" "Mozilla/5.0 (Windows NT 10.0; Win64; x64)AppleWebKit/537.36 (KHTML, like Gecko) Chrome/66.0.3359.181 Safari/537.36"
52.42.106.157 - - [30/Jul/2019:12:10:00 +0000] "GET / HTTP/1.1" 200 5820 "-" "Mozilla/5.0 (Windows NT 10.0; Win64; x64)AppleWebKit/537.36 (KHTML, like Gecko) Chrome/66.0.3359.181 Safari/537.36"
52.42.106.157 - - [30/Jul/2019:12:10:01 +0000] "GET / HTTP/1.1" 301 232 "-" "Mozilla/5.0 (Windows NT 10.0; Win64; x64)AppleWebKit/537.36 (KHTML, like Gecko) Chrome/66.0.3359.181 Safari/537.36"
52.42.106.157 - - [30/Jul/2019:12:10:01 +0000] "GET / HTTP/1.1" 200 5820 "-" "Mozilla/5.0 (Windows NT 10.0; Win64; x64)AppleWebKit/537.36 (KHTML, like Gecko) Chrome/66.0.3359.181 Safari/537.36"
54.36.148.7 - - [30/Jul/2019:12:20:06 +0000] "GET /en/lands/rtina-gradevinsko-zemljiste-prvi-red-do-mora-715-m2 HTTP/1.1" 200 5448 "-" "Mozilla/5.0 (compatible; AhrefsBot/6.1; +http://ahrefs.com/robot/)"
46.229.168.145 - - [30/Jul/2019:12:28:57 +0000] "GET /robots.txt HTTP/1.1" 200 24 "-" "Mozilla/5.0 (compatible; SemrushBot/3~bl; +http://www.semrush.com/bot.html)"
46.229.168.147 - - [30/Jul/2019:12:28:58 +0000] "GET /hr/apartmani/bibinje-trosoban-apartman-i-garsonjera-25-m-od-plaze-100-m2 HTTP/1.1" 200 5691 "-" "Mozilla/5.0 (compatible; SemrushBot/3~bl; +http://www.semrush.com/bot.html)"
90.134.157.117 - - [30/Jul/2019:12:31:12 +0000] "GET /uploads/thumbnails/faff497bdfb296b4b37de7a9dd58860b.jpg HTTP/1.1" 200 54792 "https://www.google.com/" "Mozilla/5.0 (Linux; Android 7.0; NEM-L21) AppleWebKit/537.36 (KHTML, like Gecko) Chrome/75.0.3770.143 Mobile Safari/537.36"
54.36.149.60 - - [30/Jul/2019:12:32:06 +0000] "GET /en/contact HTTP/1.1" 200 4211 "-" "Mozilla/5.0 (compatible; AhrefsBot/6.1; +http://ahrefs.com/robot/)"
66.249.64.218 - - [30/Jul/2019:12:32:29 +0000] "GET /pretraga?category=&place=39&price=50000&surface=100 HTTP/1.1" 200 3936 "-" "Mozilla/5.0 (Linux; Android 6.0.1; Nexus 5X Build/MMB29P) AppleWebKit/537.36 (KHTML, like Gecko) Chrome/41.0.2272.96 Mobile Safari/537.36 (compatible; Googlebot/2.1; +http://www.google.com/bot.html)"
95.168.116.5 - - [30/Jul/2019:12:34:38 +0000] "GET /uploads/images/a41bcea9c5b4f801d324882f95c0a89e.jpg HTTP/1.1" 200 82761 "https://www.google.com/" "Mozilla/5.0 (Linux; Android 9; POT-LX1) AppleWebKit/537.36 (KHTML, like Gecko) Chrome/75.0.3770.143 Mobile Safari/537.36"
46.229.168.147 - - [30/Jul/2019:12:37:36 +0000] "GET /en/lands/privlaka-gradevinsko-zemljiste-prvi-red-do-mora-2679-m2 HTTP/1.1" 200 5351 "-" "Mozilla/5.0 (compatible; SemrushBot/3~bl; +http://www.semrush.com/bot.html)"
51.77.111.48 - - [30/Jul/2019:12:37:55 +0000] "GET /vendor/phpunit/phpunit/src/Util/PHP/eval-stdin.php HTTP/1.1" 301 282 "-" "Mozilla/5.0 (compatible; Googlebot/2.1; +http://www.google.com/bot.html)"
51.77.111.48 - - [30/Jul/2019:12:37:55 +0000] "GET /vendor/phpunit/phpunit/src/Util/PHP/kill.php HTTP/1.0" 301 276 "-" "-"
216.244.66.226 - - [30/Jul/2019:12:37:57 +0000] "GET /robots.txt HTTP/1.1" 301 242 "-" "Mozilla/5.0 (compatible; DotBot/1.1; http://www.opensiteexplorer.org/dotbot, help@moz.com)"
216.244.66.226 - - [30/Jul/2019:12:37:58 +0000] "GET /robots.txt HTTP/1.1" 200 24 "-" "Mozilla/5.0 (compatible; DotBot/1.1; http://www.opensiteexplorer.org/dotbot, help@moz.com)"
46.229.168.134 - - [30/Jul/2019:12:38:12 +0000] "GET /en/houses/sibenik-kamena-kuca-u-centru-grada-87-m2 HTTP/1.1" 200 5524 "-" "Mozilla/5.0 (compatible; SemrushBot/3~bl; +http://www.semrush.com/bot.html)"
51.77.111.48 - - [30/Jul/2019:12:38:25 +0000] "GET /vendor/phpunit/phpunit/src/Util/PHP/kill.php HTTP/1.0" 404 1104 "-" "-"
46.229.168.142 - - [30/Jul/2019:12:42:58 +0000] "GET /hr/zemljista/razanac-gradevinsko-zemljiste-u-blizini-mora-721-m2 HTTP/1.1" 200 5774 "-" "Mozilla/5.0 (compatible; SemrushBot/3~bl; +http://www.semrush.com/bot.html)"
216.244.66.226 - - [30/Jul/2019:12:46:15 +0000] "GET /apartmani/bibinje-trosoban-apartman-25-metara-od-plaze-10324-m2-1307-m2 HTTP/1.1" 500 25403 "-" "Mozilla/5.0 (compatible; DotBot/1.1; http://www.opensiteexplorer.org/dotbot, help@moz.com)"
87.250.224.91 - - [30/Jul/2019:12:53:01 +0000] "GET /robots.txt HTTP/1.1" 200 24 "-" "Mozilla/5.0 (compatible; YandexBot/3.0; +http://yandex.com/bots)"
87.250.224.91 - - [30/Jul/2019:12:53:04 +0000] "GET /uploads/thumbnails/c1b23b06a4d7d8aaba02bb766cb6dcac.jpeg HTTP/1.1" 200 28212 "-" "Mozilla/5.0 (compatible; YandexImages/3.0; +http://yandex.com/bots)"
66.249.64.222 - - [30/Jul/2019:12:54:00 +0000] "GET /hr/zemljista/dugi-otok-zaglav-grad-zemljiste-21-metar-od-mora-354-m2-prilika HTTP/1.1" 500 25403 "-" "Mozilla/5.0 (Linux; Android 6.0.1; Nexus 5X Build/MMB29P) AppleWebKit/537.36 (KHTML, like Gecko) Chrome/41.0.2272.96 Mobile Safari/537.36 (compatible; Googlebot/2.1; +http://www.google.com/bot.html)"
