66.249.66.218 - - [03/Aug/2019:16:47:38 +0000] "GET /js/owl.js HTTP/1.1" 200 17545 "https://www.citadela.hr/en/search?category=&type=&place=&area=62&price=&surface=200&page=5" "Mozilla/5.0 (Linux; Android 6.0.1; Nexus 5X Build/MMB29P) AppleWebKit/537.36 (KHTML, like Gecko) Chrome/41.0.2272.96 Mobile Safari/537.36 (compatible; Googlebot/2.1; +http://www.google.com/bot.html)"
66.249.66.218 - - [03/Aug/2019:16:47:39 +0000] "GET /js/jquery.dependClass-0.1.js HTTP/1.1" 200 458 "https://www.citadela.hr/en/search?category=&type=&place=&area=62&price=&surface=200&page=5" "Mozilla/5.0 (Linux; Android 6.0.1; Nexus 5X Build/MMB29P) AppleWebKit/537.36 (KHTML, like Gecko) Chrome/41.0.2272.96 Mobile Safari/537.36 (compatible; Googlebot/2.1; +http://www.google.com/bot.html)"
66.249.66.218 - - [03/Aug/2019:16:47:40 +0000] "GET /js/mixitup.js HTTP/1.1" 200 11347 "https://www.citadela.hr/en/search?category=&type=&place=&area=62&price=&surface=200&page=5" "Mozilla/5.0 (Linux; Android 6.0.1; Nexus 5X Build/MMB29P) AppleWebKit/537.36 (KHTML, like Gecko) Chrome/41.0.2272.96 Mobile Safari/537.36 (compatible; Googlebot/2.1; +http://www.google.com/bot.html)"
66.249.66.218 - - [03/Aug/2019:16:47:41 +0000] "GET /js/jquery.barrating.js HTTP/1.1" 200 4280 "https://www.citadela.hr/en/search?category=&type=&place=&area=62&price=&surface=200&page=5" "Mozilla/5.0 (Linux; Android 6.0.1; Nexus 5X Build/MMB29P) AppleWebKit/537.36 (KHTML, like Gecko) Chrome/41.0.2272.96 Mobile Safari/537.36 (compatible; Googlebot/2.1; +http://www.google.com/bot.html)"
66.249.66.218 - - [03/Aug/2019:16:47:42 +0000] "GET /js/custom.js HTTP/1.1" 200 5159 "https://www.citadela.hr/en/search?category=&type=&place=&area=62&price=&surface=200&page=5" "Mozilla/5.0 (Linux; Android 6.0.1; Nexus 5X Build/MMB29P) AppleWebKit/537.36 (KHTML, like Gecko) Chrome/41.0.2272.96 Mobile Safari/537.36 (compatible; Googlebot/2.1; +http://www.google.com/bot.html)"
46.229.168.136 - - [03/Aug/2019:16:52:43 +0000] "GET /robots.txt HTTP/1.1" 200 24 "-" "Mozilla/5.0 (compatible; SemrushBot/3~bl; +http://www.semrush.com/bot.html)"
46.229.168.134 - - [03/Aug/2019:16:52:43 +0000] "GET /en/flats HTTP/1.1" 200 4357 "-" "Mozilla/5.0 (compatible; SemrushBot/3~bl; +http://www.semrush.com/bot.html)"
216.244.66.226 - - [03/Aug/2019:16:57:29 +0000] "GET /robots.txt HTTP/1.1" 301 242 "-" "Mozilla/5.0 (compatible; DotBot/1.1; http://www.opensiteexplorer.org/dotbot, help@moz.com)"
216.244.66.226 - - [03/Aug/2019:16:57:30 +0000] "GET /robots.txt HTTP/1.1" 200 24 "-" "Mozilla/5.0 (compatible; DotBot/1.1; http://www.opensiteexplorer.org/dotbot, help@moz.com)"
46.229.168.140 - - [03/Aug/2019:17:04:43 +0000] "GET /hr/zemljista/maslenica-gradevinsko-zemljiste-u-blizini-mora-1056-m2 HTTP/1.1" 200 5631 "-" "Mozilla/5.0 (compatible; SemrushBot/3~bl; +http://www.semrush.com/bot.html)"
66.249.66.222 - - [03/Aug/2019:17:15:45 +0000] "GET /en/search?category=&type=&place=&area=62&price=&surface=200&page=1 HTTP/1.1" 200 3873 "-" "Mozilla/5.0 (Linux; Android 6.0.1; Nexus 5X Build/MMB29P) AppleWebKit/537.36 (KHTML, like Gecko) Chrome/41.0.2272.96 Mobile Safari/537.36 (compatible; Googlebot/2.1; +http://www.google.com/bot.html)"
66.249.66.218 - - [03/Aug/2019:17:16:08 +0000] "GET /js/jquery.fancybox.pack.js HTTP/1.1" 200 8634 "https://www.citadela.hr/en/search?category=&type=&place=&area=62&price=&surface=200&page=1" "Mozilla/5.0 (Linux; Android 6.0.1; Nexus 5X Build/MMB29P) AppleWebKit/537.36 (KHTML, like Gecko) Chrome/41.0.2272.96 Mobile Safari/537.36 (compatible; Googlebot/2.1; +http://www.google.com/bot.html)"
66.249.66.220 - - [03/Aug/2019:17:16:09 +0000] "GET /assets/plugins/flag/css/flag-icon.css HTTP/1.1" 200 2837 "https://www.citadela.hr/en/search?category=&type=&place=&area=62&price=&surface=200&page=1" "Mozilla/5.0 (Linux; Android 6.0.1; Nexus 5X Build/MMB29P) AppleWebKit/537.36 (KHTML, like Gecko) Chrome/41.0.2272.96 Mobile Safari/537.36 (compatible; Googlebot/2.1; +http://www.google.com/bot.html)"
66.249.66.222 - - [03/Aug/2019:17:16:09 +0000] "GET /js/bootstrap-select.js HTTP/1.1" 200 15633 "https://www.citadela.hr/en/search?category=&type=&place=&area=62&price=&surface=200&page=1" "Mozilla/5.0 (Linux; Android 6.0.1; Nexus 5X Build/MMB29P) AppleWebKit/537.36 (KHTML, like Gecko) Chrome/41.0.2272.96 Mobile Safari/537.36 (compatible; Googlebot/2.1; +http://www.google.com/bot.html)"
66.249.66.218 - - [03/Aug/2019:17:16:09 +0000] "GET /css/jslider.css HTTP/1.1" 200 763 "https://www.citadela.hr/en/search?category=&type=&place=&area=62&price=&surface=200&page=1" "Mozilla/5.0 (Linux; Android 6.0.1; Nexus 5X Build/MMB29P) AppleWebKit/537.36 (KHTML, like Gecko) Chrome/41.0.2272.96 Mobile Safari/537.36 (compatible; Googlebot/2.1; +http://www.google.com/bot.html)"
66.249.66.218 - - [03/Aug/2019:17:16:10 +0000] "GET /fonts/flaticon.css HTTP/1.1" 200 699 "https://www.citadela.hr/en/search?category=&type=&place=&area=62&price=&surface=200&page=1" "Mozilla/5.0 (Linux; Android 6.0.1; Nexus 5X Build/MMB29P) AppleWebKit/537.36 (KHTML, like Gecko) Chrome/41.0.2272.96 Mobile Safari/537.36 (compatible; Googlebot/2.1; +http://www.google.com/bot.html)"
66.249.66.220 - - [03/Aug/2019:17:16:12 +0000] "GET /js/owl.js HTTP/1.1" 200 17545 "https://www.citadela.hr/en/search?category=&type=&place=&area=62&price=&surface=200&page=1" "Mozilla/5.0 (Linux; Android 6.0.1; Nexus 5X Build/MMB29P) AppleWebKit/537.36 (KHTML, like Gecko) Chrome/41.0.2272.96 Mobile Safari/537.36 (compatible; Googlebot/2.1; +http://www.google.com/bot.html)"
66.249.66.218 - - [03/Aug/2019:17:16:12 +0000] "GET /js/jshashtable-2.1_src.js HTTP/1.1" 200 2957 "https://www.citadela.hr/en/search?category=&type=&place=&area=62&price=&surface=200&page=1" "Mozilla/5.0 (Linux; Android 6.0.1; Nexus 5X Build/MMB29P) AppleWebKit/537.36 (KHTML, like Gecko) Chrome/41.0.2272.96 Mobile Safari/537.36 (compatible; Googlebot/2.1; +http://www.google.com/bot.html)"
66.249.66.218 - - [03/Aug/2019:17:16:13 +0000] "GET /js/tmpl.js HTTP/1.1" 200 625 "https://www.citadela.hr/en/search?category=&type=&place=&area=62&price=&surface=200&page=1" "Mozilla/5.0 (Linux; Android 6.0.1; Nexus 5X Build/MMB29P) AppleWebKit/537.36 (KHTML, like Gecko) Chrome/41.0.2272.96 Mobile Safari/537.36 (compatible; Googlebot/2.1; +http://www.google.com/bot.html)"
66.249.66.218 - - [03/Aug/2019:17:16:13 +0000] "GET /js/jquery.dependClass-0.1.js HTTP/1.1" 200 458 "https://www.citadela.hr/en/search?category=&type=&place=&area=62&price=&surface=200&page=1" "Mozilla/5.0 (Linux; Android 6.0.1; Nexus 5X Build/MMB29P) AppleWebKit/537.36 (KHTML, like Gecko) Chrome/41.0.2272.96 Mobile Safari/537.36 (compatible; Googlebot/2.1; +http://www.google.com/bot.html)"
66.249.66.220 - - [03/Aug/2019:17:16:14 +0000] "GET /js/custom.js HTTP/1.1" 200 5159 "https://www.citadela.hr/en/search?category=&type=&place=&area=62&price=&surface=200&page=1" "Mozilla/5.0 (Linux; Android 6.0.1; Nexus 5X Build/MMB29P) AppleWebKit/537.36 (KHTML, like Gecko) Chrome/41.0.2272.96 Mobile Safari/537.36 (compatible; Googlebot/2.1; +http://www.google.com/bot.html)"
46.229.168.154 - - [03/Aug/2019:17:19:26 +0000] "GET /en/lands/starigrad-paklenica-building-plot-1st-row-from-the-sea-1000-m2 HTTP/1.1" 200 5588 "-" "Mozilla/5.0 (compatible; SemrushBot/3~bl; +http://www.semrush.com/bot.html)"
66.249.66.220 - - [03/Aug/2019:17:25:13 +0000] "GET /en/search?category=&type=&place=35&area=&price=500000&surface=200 HTTP/1.1" 200 4049 "-" "Mozilla/5.0 (Linux; Android 6.0.1; Nexus 5X Build/MMB29P) AppleWebKit/537.36 (KHTML, like Gecko) Chrome/41.0.2272.96 Mobile Safari/537.36 (compatible; Googlebot/2.1; +http://www.google.com/bot.html)"
46.229.168.163 - - [03/Aug/2019:17:35:00 +0000] "GET /robots.txt HTTP/1.1" 200 24 "-" "Mozilla/5.0 (compatible; SemrushBot/3~bl; +http://www.semrush.com/bot.html)"
46.229.168.141 - - [03/Aug/2019:17:35:01 +0000] "GET /blog/gdje-kupiti-stan-na-jadranu HTTP/1.1" 200 4888 "-" "Mozilla/5.0 (compatible; SemrushBot/3~bl; +http://www.semrush.com/bot.html)"
207.46.13.82 - - [03/Aug/2019:17:38:35 +0000] "GET /apartmani/maslenica-apartman-prvi-red-do-mora HTTP/1.1" 200 5688 "-" "Mozilla/5.0 (compatible; bingbot/2.0; +http://www.bing.com/bingbot.htm)"
83.131.73.170 - - [03/Aug/2019:17:38:37 +0000] "GET /kuce/rovanjska-vila-s-bazenom-u-blizini-mora-250-m2 HTTP/1.1" 200 6212 "https://www.google.com/" "Mozilla/5.0 (Linux; Android 8.0.0; SM-G935F) AppleWebKit/537.36 (KHTML, like Gecko) Chrome/76.0.3809.89 Mobile Safari/537.36"
83.131.73.170 - - [03/Aug/2019:17:38:37 +0000] "GET /css/bootstrap.css HTTP/1.1" 200 20712 "https://www.citadela.hr/kuce/rovanjska-vila-s-bazenom-u-blizini-mora-250-m2" "Mozilla/5.0 (Linux; Android 8.0.0; SM-G935F) AppleWebKit/537.36 (KHTML, like Gecko) Chrome/76.0.3809.89 Mobile Safari/537.36"
83.131.73.170 - - [03/Aug/2019:17:38:38 +0000] "GET /css/jslider.css HTTP/1.1" 200 763 "https://www.citadela.hr/kuce/rovanjska-vila-s-bazenom-u-blizini-mora-250-m2" "Mozilla/5.0 (Linux; Android 8.0.0; SM-G935F) AppleWebKit/537.36 (KHTML, like Gecko) Chrome/76.0.3809.89 Mobile Safari/537.36"
83.131.73.170 - - [03/Aug/2019:17:38:38 +0000] "GET /css/loader.css?v=2 HTTP/1.1" 200 772 "https://www.citadela.hr/kuce/rovanjska-vila-s-bazenom-u-blizini-mora-250-m2" "Mozilla/5.0 (Linux; Android 8.0.0; SM-G935F) AppleWebKit/537.36 (KHTML, like Gecko) Chrome/76.0.3809.89 Mobile Safari/537.36"
83.131.73.170 - - [03/Aug/2019:17:38:38 +0000] "GET /css/colors/blue.css?v=2 HTTP/1.1" 200 3552 "https://www.citadela.hr/kuce/rovanjska-vila-s-bazenom-u-blizini-mora-250-m2" "Mozilla/5.0 (Linux; Android 8.0.0; SM-G935F) AppleWebKit/537.36 (KHTML, like Gecko) Chrome/76.0.3809.89 Mobile Safari/537.36"
83.131.73.170 - - [03/Aug/2019:17:38:38 +0000] "GET /assets/plugins/flag/css/flag-icon.css HTTP/1.1" 200 2837 "https://www.citadela.hr/kuce/rovanjska-vila-s-bazenom-u-blizini-mora-250-m2" "Mozilla/5.0 (Linux; Android 8.0.0; SM-G935F) AppleWebKit/537.36 (KHTML, like Gecko) Chrome/76.0.3809.89 Mobile Safari/537.36"
83.131.73.170 - - [03/Aug/2019:17:38:38 +0000] "GET /unitegallery/css/unite-gallery.css HTTP/1.1" 200 4825 "https://www.citadela.hr/kuce/rovanjska-vila-s-bazenom-u-blizini-mora-250-m2" "Mozilla/5.0 (Linux; Android 8.0.0; SM-G935F) AppleWebKit/537.36 (KHTML, like Gecko) Chrome/76.0.3809.89 Mobile Safari/537.36"
83.131.73.170 - - [03/Aug/2019:17:38:38 +0000] "GET /css/style.css?v=2 HTTP/1.1" 200 17441 "https://www.citadela.hr/kuce/rovanjska-vila-s-bazenom-u-blizini-mora-250-m2" "Mozilla/5.0 (Linux; Android 8.0.0; SM-G935F) AppleWebKit/537.36 (KHTML, like Gecko) Chrome/76.0.3809.89 Mobile Safari/537.36"
83.131.73.170 - - [03/Aug/2019:17:38:38 +0000] "GET /css/font-awesome.css HTTP/1.1" 200 7439 "https://www.citadela.hr/kuce/rovanjska-vila-s-bazenom-u-blizini-mora-250-m2" "Mozilla/5.0 (Linux; Android 8.0.0; SM-G935F) AppleWebKit/537.36 (KHTML, like Gecko) Chrome/76.0.3809.89 Mobile Safari/537.36"
83.131.73.170 - - [03/Aug/2019:17:38:38 +0000] "GET /fonts/flaticon.css HTTP/1.1" 200 699 "https://www.citadela.hr/kuce/rovanjska-vila-s-bazenom-u-blizini-mora-250-m2" "Mozilla/5.0 (Linux; Android 8.0.0; SM-G935F) AppleWebKit/537.36 (KHTML, like Gecko) Chrome/76.0.3809.89 Mobile Safari/537.36"
83.131.73.170 - - [03/Aug/2019:17:38:38 +0000] "GET /css/responsive.css HTTP/1.1" 200 2788 "https://www.citadela.hr/kuce/rovanjska-vila-s-bazenom-u-blizini-mora-250-m2" "Mozilla/5.0 (Linux; Android 8.0.0; SM-G935F) AppleWebKit/537.36 (KHTML, like Gecko) Chrome/76.0.3809.89 Mobile Safari/537.36"
83.131.73.170 - - [03/Aug/2019:17:38:38 +0000] "GET /js/jquery.min.js HTTP/1.1" 200 33760 "https://www.citadela.hr/kuce/rovanjska-vila-s-bazenom-u-blizini-mora-250-m2" "Mozilla/5.0 (Linux; Android 8.0.0; SM-G935F) AppleWebKit/537.36 (KHTML, like Gecko) Chrome/76.0.3809.89 Mobile Safari/537.36"
83.131.73.170 - - [03/Aug/2019:17:38:39 +0000] "GET /img/logo_header.png?v=2 HTTP/1.1" 200 4348 "https://www.citadela.hr/kuce/rovanjska-vila-s-bazenom-u-blizini-mora-250-m2" "Mozilla/5.0 (Linux; Android 8.0.0; SM-G935F) AppleWebKit/537.36 (KHTML, like Gecko) Chrome/76.0.3809.89 Mobile Safari/537.36"
83.131.73.170 - - [03/Aug/2019:17:38:39 +0000] "GET /js/bootstrap.min.js HTTP/1.1" 200 9833 "https://www.citadela.hr/kuce/rovanjska-vila-s-bazenom-u-blizini-mora-250-m2" "Mozilla/5.0 (Linux; Android 8.0.0; SM-G935F) AppleWebKit/537.36 (KHTML, like Gecko) Chrome/76.0.3809.89 Mobile Safari/537.36"
83.131.73.170 - - [03/Aug/2019:17:38:39 +0000] "GET /js/bootstrap-select.js HTTP/1.1" 200 15633 "https://www.citadela.hr/kuce/rovanjska-vila-s-bazenom-u-blizini-mora-250-m2" "Mozilla/5.0 (Linux; Android 8.0.0; SM-G935F) AppleWebKit/537.36 (KHTML, like Gecko) Chrome/76.0.3809.89 Mobile Safari/537.36"
83.131.73.170 - - [03/Aug/2019:17:38:39 +0000] "GET /js/YouTubePopUp.jquery.js HTTP/1.1" 200 967 "https://www.citadela.hr/kuce/rovanjska-vila-s-bazenom-u-blizini-mora-250-m2" "Mozilla/5.0 (Linux; Android 8.0.0; SM-G935F) AppleWebKit/537.36 (KHTML, like Gecko) Chrome/76.0.3809.89 Mobile Safari/537.36"
83.131.73.170 - - [03/Aug/2019:17:38:39 +0000] "GET /js/jquery.fancybox.pack.js HTTP/1.1" 200 8634 "https://www.citadela.hr/kuce/rovanjska-vila-s-bazenom-u-blizini-mora-250-m2" "Mozilla/5.0 (Linux; Android 8.0.0; SM-G935F) AppleWebKit/537.36 (KHTML, like Gecko) Chrome/76.0.3809.89 Mobile Safari/537.36"
83.131.73.170 - - [03/Aug/2019:17:38:39 +0000] "GET /css/animate.min.css HTTP/1.1" 200 4242 "https://www.citadela.hr/kuce/rovanjska-vila-s-bazenom-u-blizini-mora-250-m2" "Mozilla/5.0 (Linux; Android 8.0.0; SM-G935F) AppleWebKit/537.36 (KHTML, like Gecko) Chrome/76.0.3809.89 Mobile Safari/537.36"
83.131.73.170 - - [03/Aug/2019:17:38:40 +0000] "GET /css/jquery.fancybox.css HTTP/1.1" 200 1434 "https://www.citadela.hr/kuce/rovanjska-vila-s-bazenom-u-blizini-mora-250-m2" "Mozilla/5.0 (Linux; Android 8.0.0; SM-G935F) AppleWebKit/537.36 (KHTML, like Gecko) Chrome/76.0.3809.89 Mobile Safari/537.36"
83.131.73.170 - - [03/Aug/2019:17:38:40 +0000] "GET /css/owl.css HTTP/1.1" 200 1348 "https://www.citadela.hr/kuce/rovanjska-vila-s-bazenom-u-blizini-mora-250-m2" "Mozilla/5.0 (Linux; Android 8.0.0; SM-G935F) AppleWebKit/537.36 (KHTML, like Gecko) Chrome/76.0.3809.89 Mobile Safari/537.36"
83.131.73.170 - - [03/Aug/2019:17:38:40 +0000] "GET /fonts/fontawesome-webfont.woff2?v=4.7.0 HTTP/1.1" 200 77160 "https://www.citadela.hr/css/font-awesome.css" "Mozilla/5.0 (Linux; Android 8.0.0; SM-G935F) AppleWebKit/537.36 (KHTML, like Gecko) Chrome/76.0.3809.89 Mobile Safari/537.36"
83.131.73.170 - - [03/Aug/2019:17:38:41 +0000] "GET /js/jquery.fancybox-media.js HTTP/1.1" 200 1973 "https://www.citadela.hr/kuce/rovanjska-vila-s-bazenom-u-blizini-mora-250-m2" "Mozilla/5.0 (Linux; Android 8.0.0; SM-G935F) AppleWebKit/537.36 (KHTML, like Gecko) Chrome/76.0.3809.89 Mobile Safari/537.36"
83.131.73.170 - - [03/Aug/2019:17:38:41 +0000] "GET /js/owl.js HTTP/1.1" 200 17545 "https://www.citadela.hr/kuce/rovanjska-vila-s-bazenom-u-blizini-mora-250-m2" "Mozilla/5.0 (Linux; Android 8.0.0; SM-G935F) AppleWebKit/537.36 (KHTML, like Gecko) Chrome/76.0.3809.89 Mobile Safari/537.36"
83.131.73.170 - - [03/Aug/2019:17:38:41 +0000] "GET /js/mixitup.js HTTP/1.1" 200 11347 "https://www.citadela.hr/kuce/rovanjska-vila-s-bazenom-u-blizini-mora-250-m2" "Mozilla/5.0 (Linux; Android 8.0.0; SM-G935F) AppleWebKit/537.36 (KHTML, like Gecko) Chrome/76.0.3809.89 Mobile Safari/537.36"
83.131.73.170 - - [03/Aug/2019:17:38:41 +0000] "GET /js/wow.js HTTP/1.1" 200 2198 "https://www.citadela.hr/kuce/rovanjska-vila-s-bazenom-u-blizini-mora-250-m2" "Mozilla/5.0 (Linux; Android 8.0.0; SM-G935F) AppleWebKit/537.36 (KHTML, like Gecko) Chrome/76.0.3809.89 Mobile Safari/537.36"
83.131.73.170 - - [03/Aug/2019:17:38:41 +0000] "GET /js/jshashtable-2.1_src.js HTTP/1.1" 200 2957 "https://www.citadela.hr/kuce/rovanjska-vila-s-bazenom-u-blizini-mora-250-m2" "Mozilla/5.0 (Linux; Android 8.0.0; SM-G935F) AppleWebKit/537.36 (KHTML, like Gecko) Chrome/76.0.3809.89 Mobile Safari/537.36"
83.131.73.170 - - [03/Aug/2019:17:38:42 +0000] "GET /js/jquery.numberformatter-1.2.3.js HTTP/1.1" 200 4697 "https://www.citadela.hr/kuce/rovanjska-vila-s-bazenom-u-blizini-mora-250-m2" "Mozilla/5.0 (Linux; Android 8.0.0; SM-G935F) AppleWebKit/537.36 (KHTML, like Gecko) Chrome/76.0.3809.89 Mobile Safari/537.36"
83.131.73.170 - - [03/Aug/2019:17:38:42 +0000] "GET /js/tmpl.js HTTP/1.1" 200 625 "https://www.citadela.hr/kuce/rovanjska-vila-s-bazenom-u-blizini-mora-250-m2" "Mozilla/5.0 (Linux; Android 8.0.0; SM-G935F) AppleWebKit/537.36 (KHTML, like Gecko) Chrome/76.0.3809.89 Mobile Safari/537.36"
83.131.73.170 - - [03/Aug/2019:17:38:42 +0000] "GET /js/jquery.dependClass-0.1.js HTTP/1.1" 200 458 "https://www.citadela.hr/kuce/rovanjska-vila-s-bazenom-u-blizini-mora-250-m2" "Mozilla/5.0 (Linux; Android 8.0.0; SM-G935F) AppleWebKit/537.36 (KHTML, like Gecko) Chrome/76.0.3809.89 Mobile Safari/537.36"
83.131.73.170 - - [03/Aug/2019:17:38:44 +0000] "GET /js/draggable-0.1.js HTTP/1.1" 200 1326 "https://www.citadela.hr/kuce/rovanjska-vila-s-bazenom-u-blizini-mora-250-m2" "Mozilla/5.0 (Linux; Android 8.0.0; SM-G935F) AppleWebKit/537.36 (KHTML, like Gecko) Chrome/76.0.3809.89 Mobile Safari/537.36"
83.131.73.170 - - [03/Aug/2019:17:38:44 +0000] "GET /js/jquery.slider.js HTTP/1.1" 200 4772 "https://www.citadela.hr/kuce/rovanjska-vila-s-bazenom-u-blizini-mora-250-m2" "Mozilla/5.0 (Linux; Android 8.0.0; SM-G935F) AppleWebKit/537.36 (KHTML, like Gecko) Chrome/76.0.3809.89 Mobile Safari/537.36"
83.131.73.170 - - [03/Aug/2019:17:38:44 +0000] "GET /js/jquery.barrating.js HTTP/1.1" 200 4280 "https://www.citadela.hr/kuce/rovanjska-vila-s-bazenom-u-blizini-mora-250-m2" "Mozilla/5.0 (Linux; Android 8.0.0; SM-G935F) AppleWebKit/537.36 (KHTML, like Gecko) Chrome/76.0.3809.89 Mobile Safari/537.36"
83.131.73.170 - - [03/Aug/2019:17:38:44 +0000] "GET /js/custom.js HTTP/1.1" 200 5159 "https://www.citadela.hr/kuce/rovanjska-vila-s-bazenom-u-blizini-mora-250-m2" "Mozilla/5.0 (Linux; Android 8.0.0; SM-G935F) AppleWebKit/537.36 (KHTML, like Gecko) Chrome/76.0.3809.89 Mobile Safari/537.36"
83.131.73.170 - - [03/Aug/2019:17:38:45 +0000] "GET /unitegallery/js/jquery-11.0.min.js HTTP/1.1" 200 33369 "https://www.citadela.hr/kuce/rovanjska-vila-s-bazenom-u-blizini-mora-250-m2" "Mozilla/5.0 (Linux; Android 8.0.0; SM-G935F) AppleWebKit/537.36 (KHTML, like Gecko) Chrome/76.0.3809.89 Mobile Safari/537.36"
83.131.73.170 - - [03/Aug/2019:17:38:45 +0000] "GET /unitegallery/js/unitegallery.min.js HTTP/1.1" 200 66910 "https://www.citadela.hr/kuce/rovanjska-vila-s-bazenom-u-blizini-mora-250-m2" "Mozilla/5.0 (Linux; Android 8.0.0; SM-G935F) AppleWebKit/537.36 (KHTML, like Gecko) Chrome/76.0.3809.89 Mobile Safari/537.36"
83.131.73.170 - - [03/Aug/2019:17:38:45 +0000] "GET /unitegallery/themes/compact/ug-theme-compact.js HTTP/1.1" 200 2477 "https://www.citadela.hr/kuce/rovanjska-vila-s-bazenom-u-blizini-mora-250-m2" "Mozilla/5.0 (Linux; Android 8.0.0; SM-G935F) AppleWebKit/537.36 (KHTML, like Gecko) Chrome/76.0.3809.89 Mobile Safari/537.36"
83.131.73.170 - - [03/Aug/2019:17:38:45 +0000] "GET /uploads/thumbnails/ee4f70fae730d47223e194eaec734347.jpg HTTP/1.1" 200 39112 "https://www.citadela.hr/kuce/rovanjska-vila-s-bazenom-u-blizini-mora-250-m2" "Mozilla/5.0 (Linux; Android 8.0.0; SM-G935F) AppleWebKit/537.36 (KHTML, like Gecko) Chrome/76.0.3809.89 Mobile Safari/537.36"
83.131.73.170 - - [03/Aug/2019:17:38:45 +0000] "GET /uploads/thumbnails/bba4f819fb3fbdedd14b2424513a10e9.jpg HTTP/1.1" 200 31752 "https://www.citadela.hr/kuce/rovanjska-vila-s-bazenom-u-blizini-mora-250-m2" "Mozilla/5.0 (Linux; Android 8.0.0; SM-G935F) AppleWebKit/537.36 (KHTML, like Gecko) Chrome/76.0.3809.89 Mobile Safari/537.36"
83.131.73.170 - - [03/Aug/2019:17:38:45 +0000] "GET /uploads/thumbnails/e812c83436162823a60b55ae534692cc.jpg HTTP/1.1" 200 39324 "https://www.citadela.hr/kuce/rovanjska-vila-s-bazenom-u-blizini-mora-250-m2" "Mozilla/5.0 (Linux; Android 8.0.0; SM-G935F) AppleWebKit/537.36 (KHTML, like Gecko) Chrome/76.0.3809.89 Mobile Safari/537.36"
83.131.73.170 - - [03/Aug/2019:17:38:47 +0000] "GET /uploads/thumbnails/7b2015b77f568af4cff8cb4b62eb9a07.jpg HTTP/1.1" 200 36126 "https://www.citadela.hr/kuce/rovanjska-vila-s-bazenom-u-blizini-mora-250-m2" "Mozilla/5.0 (Linux; Android 8.0.0; SM-G935F) AppleWebKit/537.36 (KHTML, like Gecko) Chrome/76.0.3809.89 Mobile Safari/537.36"
83.131.73.170 - - [03/Aug/2019:17:38:47 +0000] "GET /uploads/thumbnails/cae709c03bbe5c38fb01627857a647e5.jpg HTTP/1.1" 200 28554 "https://www.citadela.hr/kuce/rovanjska-vila-s-bazenom-u-blizini-mora-250-m2" "Mozilla/5.0 (Linux; Android 8.0.0; SM-G935F) AppleWebKit/537.36 (KHTML, like Gecko) Chrome/76.0.3809.89 Mobile Safari/537.36"
83.131.73.170 - - [03/Aug/2019:17:38:47 +0000] "GET /uploads/thumbnails/c8ca78f00e5fd9e3ea6a85dd63290324.jpg HTTP/1.1" 200 31295 "https://www.citadela.hr/kuce/rovanjska-vila-s-bazenom-u-blizini-mora-250-m2" "Mozilla/5.0 (Linux; Android 8.0.0; SM-G935F) AppleWebKit/537.36 (KHTML, like Gecko) Chrome/76.0.3809.89 Mobile Safari/537.36"
83.131.73.170 - - [03/Aug/2019:17:38:48 +0000] "GET /uploads/thumbnails/00e6da5dea06ae8f9507b76a2e510508.jpg HTTP/1.1" 200 30298 "https://www.citadela.hr/kuce/rovanjska-vila-s-bazenom-u-blizini-mora-250-m2" "Mozilla/5.0 (Linux; Android 8.0.0; SM-G935F) AppleWebKit/537.36 (KHTML, like Gecko) Chrome/76.0.3809.89 Mobile Safari/537.36"
83.131.73.170 - - [03/Aug/2019:17:38:48 +0000] "GET /uploads/thumbnails/87e6afcbb5c998af6e3c51ccd97dd27d.jpg HTTP/1.1" 200 28359 "https://www.citadela.hr/kuce/rovanjska-vila-s-bazenom-u-blizini-mora-250-m2" "Mozilla/5.0 (Linux; Android 8.0.0; SM-G935F) AppleWebKit/537.36 (KHTML, like Gecko) Chrome/76.0.3809.89 Mobile Safari/537.36"
83.131.73.170 - - [03/Aug/2019:17:38:49 +0000] "GET /uploads/thumbnails/d1166910e2db96e3c7b65ba83e0c32f0.jpg HTTP/1.1" 200 39981 "https://www.citadela.hr/kuce/rovanjska-vila-s-bazenom-u-blizini-mora-250-m2" "Mozilla/5.0 (Linux; Android 8.0.0; SM-G935F) AppleWebKit/537.36 (KHTML, like Gecko) Chrome/76.0.3809.89 Mobile Safari/537.36"
83.131.73.170 - - [03/Aug/2019:17:38:49 +0000] "GET /uploads/thumbnails/03a19e7cfae6aff3aad0a166bb976149.jpg HTTP/1.1" 200 27229 "https://www.citadela.hr/kuce/rovanjska-vila-s-bazenom-u-blizini-mora-250-m2" "Mozilla/5.0 (Linux; Android 8.0.0; SM-G935F) AppleWebKit/537.36 (KHTML, like Gecko) Chrome/76.0.3809.89 Mobile Safari/537.36"
83.131.73.170 - - [03/Aug/2019:17:38:49 +0000] "GET /uploads/thumbnails/77effcacdf5f7261de4f19925b71ff12.jpg HTTP/1.1" 200 31748 "https://www.citadela.hr/kuce/rovanjska-vila-s-bazenom-u-blizini-mora-250-m2" "Mozilla/5.0 (Linux; Android 8.0.0; SM-G935F) AppleWebKit/537.36 (KHTML, like Gecko) Chrome/76.0.3809.89 Mobile Safari/537.36"
83.131.73.170 - - [03/Aug/2019:17:38:51 +0000] "GET /uploads/thumbnails/0583830de28ee6f5738417f31e39be0c.jpg HTTP/1.1" 200 38148 "https://www.citadela.hr/kuce/rovanjska-vila-s-bazenom-u-blizini-mora-250-m2" "Mozilla/5.0 (Linux; Android 8.0.0; SM-G935F) AppleWebKit/537.36 (KHTML, like Gecko) Chrome/76.0.3809.89 Mobile Safari/537.36"
83.131.73.170 - - [03/Aug/2019:17:38:51 +0000] "GET /uploads/thumbnails/b282a1501702b5647b1f0383a3bf0721.jpg HTTP/1.1" 200 26495 "https://www.citadela.hr/kuce/rovanjska-vila-s-bazenom-u-blizini-mora-250-m2" "Mozilla/5.0 (Linux; Android 8.0.0; SM-G935F) AppleWebKit/537.36 (KHTML, like Gecko) Chrome/76.0.3809.89 Mobile Safari/537.36"
83.131.73.170 - - [03/Aug/2019:17:38:51 +0000] "GET /uploads/thumbnails/3715c08fded98535cf88056d2993cdef.jpg HTTP/1.1" 200 25649 "https://www.citadela.hr/kuce/rovanjska-vila-s-bazenom-u-blizini-mora-250-m2" "Mozilla/5.0 (Linux; Android 8.0.0; SM-G935F) AppleWebKit/537.36 (KHTML, like Gecko) Chrome/76.0.3809.89 Mobile Safari/537.36"
83.131.73.170 - - [03/Aug/2019:17:38:52 +0000] "GET /uploads/thumbnails/7698b38fbcea83c54098515499e98cc9.jpg HTTP/1.1" 200 35186 "https://www.citadela.hr/kuce/rovanjska-vila-s-bazenom-u-blizini-mora-250-m2" "Mozilla/5.0 (Linux; Android 8.0.0; SM-G935F) AppleWebKit/537.36 (KHTML, like Gecko) Chrome/76.0.3809.89 Mobile Safari/537.36"
83.131.73.170 - - [03/Aug/2019:17:38:52 +0000] "GET /uploads/thumbnails/60806dacb0bfe4bc6fa089505cd15495.jpg HTTP/1.1" 200 34693 "https://www.citadela.hr/kuce/rovanjska-vila-s-bazenom-u-blizini-mora-250-m2" "Mozilla/5.0 (Linux; Android 8.0.0; SM-G935F) AppleWebKit/537.36 (KHTML, like Gecko) Chrome/76.0.3809.89 Mobile Safari/537.36"
83.131.73.170 - - [03/Aug/2019:17:38:52 +0000] "GET /uploads/thumbnails/8f9318468fe831dcdd0e9f8b9f88edc6.jpg HTTP/1.1" 200 28288 "https://www.citadela.hr/kuce/rovanjska-vila-s-bazenom-u-blizini-mora-250-m2" "Mozilla/5.0 (Linux; Android 8.0.0; SM-G935F) AppleWebKit/537.36 (KHTML, like Gecko) Chrome/76.0.3809.89 Mobile Safari/537.36"
83.131.73.170 - - [03/Aug/2019:17:38:53 +0000] "GET /uploads/thumbnails/9278c853bfac136d39314e5d7eabaf18.jpg HTTP/1.1" 200 40530 "https://www.citadela.hr/kuce/rovanjska-vila-s-bazenom-u-blizini-mora-250-m2" "Mozilla/5.0 (Linux; Android 8.0.0; SM-G935F) AppleWebKit/537.36 (KHTML, like Gecko) Chrome/76.0.3809.89 Mobile Safari/537.36"
83.131.73.170 - - [03/Aug/2019:17:38:53 +0000] "GET /img/mate.jpg HTTP/1.1" 200 14037 "https://www.citadela.hr/kuce/rovanjska-vila-s-bazenom-u-blizini-mora-250-m2" "Mozilla/5.0 (Linux; Android 8.0.0; SM-G935F) AppleWebKit/537.36 (KHTML, like Gecko) Chrome/76.0.3809.89 Mobile Safari/537.36"
83.131.73.170 - - [03/Aug/2019:17:38:54 +0000] "GET /img/logo_footer.png HTTP/1.1" 200 4213 "https://www.citadela.hr/kuce/rovanjska-vila-s-bazenom-u-blizini-mora-250-m2" "Mozilla/5.0 (Linux; Android 8.0.0; SM-G935F) AppleWebKit/537.36 (KHTML, like Gecko) Chrome/76.0.3809.89 Mobile Safari/537.36"
83.131.73.170 - - [03/Aug/2019:17:38:55 +0000] "GET /assets/plugins/flag/flags/4x3/hr.svg HTTP/1.1" 200 80697 "https://www.citadela.hr/assets/plugins/flag/css/flag-icon.css" "Mozilla/5.0 (Linux; Android 8.0.0; SM-G935F) AppleWebKit/537.36 (KHTML, like Gecko) Chrome/76.0.3809.89 Mobile Safari/537.36"
83.131.73.170 - - [03/Aug/2019:17:38:57 +0000] "GET /assets/plugins/flag/flags/4x3/gb.svg HTTP/1.1" 200 989 "https://www.citadela.hr/assets/plugins/flag/css/flag-icon.css" "Mozilla/5.0 (Linux; Android 8.0.0; SM-G935F) AppleWebKit/537.36 (KHTML, like Gecko) Chrome/76.0.3809.89 Mobile Safari/537.36"
83.131.73.170 - - [03/Aug/2019:17:38:57 +0000] "GET /img/banner/banner.png HTTP/1.1" 200 188379 "https://www.citadela.hr/css/style.css?v=2" "Mozilla/5.0 (Linux; Android 8.0.0; SM-G935F) AppleWebKit/537.36 (KHTML, like Gecko) Chrome/76.0.3809.89 Mobile Safari/537.36"
83.131.73.170 - - [03/Aug/2019:17:38:58 +0000] "GET /unitegallery/images/cover-grid.png HTTP/1.1" 200 933 "https://www.citadela.hr/unitegallery/css/unite-gallery.css" "Mozilla/5.0 (Linux; Android 8.0.0; SM-G935F) AppleWebKit/537.36 (KHTML, like Gecko) Chrome/76.0.3809.89 Mobile Safari/537.36"
83.131.73.170 - - [03/Aug/2019:17:38:58 +0000] "GET /unitegallery/images/loader.gif HTTP/1.1" 200 673 "https://www.citadela.hr/unitegallery/css/unite-gallery.css" "Mozilla/5.0 (Linux; Android 8.0.0; SM-G935F) AppleWebKit/537.36 (KHTML, like Gecko) Chrome/76.0.3809.89 Mobile Safari/537.36"
83.131.73.170 - - [03/Aug/2019:17:38:58 +0000] "GET /unitegallery/images/not_loaded.png HTTP/1.1" 200 858 "https://www.citadela.hr/unitegallery/css/unite-gallery.css" "Mozilla/5.0 (Linux; Android 8.0.0; SM-G935F) AppleWebKit/537.36 (KHTML, like Gecko) Chrome/76.0.3809.89 Mobile Safari/537.36"
83.131.73.170 - - [03/Aug/2019:17:38:59 +0000] "GET /unitegallery/images/loader-white1.gif HTTP/1.1" 200 2545 "https://www.citadela.hr/unitegallery/css/unite-gallery.css" "Mozilla/5.0 (Linux; Android 8.0.0; SM-G935F) AppleWebKit/537.36 (KHTML, like Gecko) Chrome/76.0.3809.89 Mobile Safari/537.36"
83.131.73.170 - - [03/Aug/2019:17:38:59 +0000] "GET /unitegallery/images/play-button-square.png HTTP/1.1" 200 4591 "https://www.citadela.hr/unitegallery/css/unite-gallery.css" "Mozilla/5.0 (Linux; Android 8.0.0; SM-G935F) AppleWebKit/537.36 (KHTML, like Gecko) Chrome/76.0.3809.89 Mobile Safari/537.36"
83.131.73.170 - - [03/Aug/2019:17:38:59 +0000] "GET /unitegallery/skins/default/slider_arrow_left.png HTTP/1.1" 200 493 "https://www.citadela.hr/unitegallery/css/unite-gallery.css" "Mozilla/5.0 (Linux; Android 8.0.0; SM-G935F) AppleWebKit/537.36 (KHTML, like Gecko) Chrome/76.0.3809.89 Mobile Safari/537.36"
83.131.73.170 - - [03/Aug/2019:17:39:00 +0000] "GET /unitegallery/skins/default/slider_arrow_right.png HTTP/1.1" 200 505 "https://www.citadela.hr/unitegallery/css/unite-gallery.css" "Mozilla/5.0 (Linux; Android 8.0.0; SM-G935F) AppleWebKit/537.36 (KHTML, like Gecko) Chrome/76.0.3809.89 Mobile Safari/537.36"
83.131.73.170 - - [03/Aug/2019:17:39:00 +0000] "GET /unitegallery/skins/default/button_fullscreen.png HTTP/1.1" 200 1146 "https://www.citadela.hr/unitegallery/css/unite-gallery.css" "Mozilla/5.0 (Linux; Android 8.0.0; SM-G935F) AppleWebKit/537.36 (KHTML, like Gecko) Chrome/76.0.3809.89 Mobile Safari/537.36"
83.131.73.170 - - [03/Aug/2019:17:39:00 +0000] "GET /unitegallery/images/loader-black1.gif HTTP/1.1" 200 5855 "https://www.citadela.hr/unitegallery/css/unite-gallery.css" "Mozilla/5.0 (Linux; Android 8.0.0; SM-G935F) AppleWebKit/537.36 (KHTML, like Gecko) Chrome/76.0.3809.89 Mobile Safari/537.36"
83.131.73.170 - - [03/Aug/2019:17:39:00 +0000] "GET /unitegallery/images/button-close.png HTTP/1.1" 200 7155 "https://www.citadela.hr/unitegallery/css/unite-gallery.css" "Mozilla/5.0 (Linux; Android 8.0.0; SM-G935F) AppleWebKit/537.36 (KHTML, like Gecko) Chrome/76.0.3809.89 Mobile Safari/537.36"
83.131.73.170 - - [03/Aug/2019:17:39:00 +0000] "GET /uploads/images/bba4f819fb3fbdedd14b2424513a10e9.jpg HTTP/1.1" 200 178311 "https://www.citadela.hr/kuce/rovanjska-vila-s-bazenom-u-blizini-mora-250-m2" "Mozilla/5.0 (Linux; Android 8.0.0; SM-G935F) AppleWebKit/537.36 (KHTML, like Gecko) Chrome/76.0.3809.89 Mobile Safari/537.36"
83.131.73.170 - - [03/Aug/2019:17:39:00 +0000] "GET /uploads/images/9278c853bfac136d39314e5d7eabaf18.jpg HTTP/1.1" 200 51580 "https://www.citadela.hr/kuce/rovanjska-vila-s-bazenom-u-blizini-mora-250-m2" "Mozilla/5.0 (Linux; Android 8.0.0; SM-G935F) AppleWebKit/537.36 (KHTML, like Gecko) Chrome/76.0.3809.89 Mobile Safari/537.36"
83.131.73.170 - - [03/Aug/2019:17:39:00 +0000] "GET /uploads/images/ee4f70fae730d47223e194eaec734347.jpg HTTP/1.1" 200 223013 "https://www.citadela.hr/kuce/rovanjska-vila-s-bazenom-u-blizini-mora-250-m2" "Mozilla/5.0 (Linux; Android 8.0.0; SM-G935F) AppleWebKit/537.36 (KHTML, like Gecko) Chrome/76.0.3809.89 Mobile Safari/537.36"
83.131.73.170 - - [03/Aug/2019:17:39:16 +0000] "GET /uploads/images/8f9318468fe831dcdd0e9f8b9f88edc6.jpg HTTP/1.1" 200 175599 "https://www.citadela.hr/kuce/rovanjska-vila-s-bazenom-u-blizini-mora-250-m2" "Mozilla/5.0 (Linux; Android 8.0.0; SM-G935F) AppleWebKit/537.36 (KHTML, like Gecko) Chrome/76.0.3809.89 Mobile Safari/537.36"
83.131.73.170 - - [03/Aug/2019:17:39:21 +0000] "GET /favicon-32x32.png HTTP/1.1" 200 1936 "https://www.citadela.hr/kuce/rovanjska-vila-s-bazenom-u-blizini-mora-250-m2" "Mozilla/5.0 (Linux; Android 8.0.0; SM-G935F) AppleWebKit/537.36 (KHTML, like Gecko) Chrome/76.0.3809.89 Mobile Safari/537.36"
83.131.73.170 - - [03/Aug/2019:17:39:21 +0000] "GET /apple-touch-icon.png HTTP/1.1" 200 9899 "https://www.citadela.hr/kuce/rovanjska-vila-s-bazenom-u-blizini-mora-250-m2" "Mozilla/5.0 (Linux; Android 8.0.0; SM-G935F) AppleWebKit/537.36 (KHTML, like Gecko) Chrome/76.0.3809.89 Mobile Safari/537.36"
66.249.66.218 - - [03/Aug/2019:17:44:09 +0000] "GET /en/search?category=&type=&place=54&area=&price=100000&surface= HTTP/1.1" 200 3903 "-" "Mozilla/5.0 (Linux; Android 6.0.1; Nexus 5X Build/MMB29P) AppleWebKit/537.36 (KHTML, like Gecko) Chrome/41.0.2272.96 Mobile Safari/537.36 (compatible; Googlebot/2.1; +http://www.google.com/bot.html)"
54.36.148.238 - - [03/Aug/2019:18:06:01 +0000] "GET /hr/zemljista/biograd-na-moru-gradevinsko-zemljiste-1215-m2 HTTP/1.1" 200 5276 "-" "Mozilla/5.0 (compatible; AhrefsBot/6.1; +http://ahrefs.com/robot/)"
157.55.39.123 - - [03/Aug/2019:18:08:40 +0000] "GET /apartmani/bibinje-trosoban-apartman-i-garsonjera-25-m-od-plaze-100-m2 HTTP/1.1" 200 5692 "-" "Mozilla/5.0 (compatible; bingbot/2.0; +http://www.bing.com/bingbot.htm)"
46.229.168.148 - - [03/Aug/2019:18:08:51 +0000] "GET /robots.txt HTTP/1.1" 200 24 "-" "Mozilla/5.0 (compatible; SemrushBot/3~bl; +http://www.semrush.com/bot.html)"
46.229.168.147 - - [03/Aug/2019:18:08:52 +0000] "GET /en/houses/zadar-diklo-kuca-188-m2-pomocni-objekat-47m2-okucnica-1106-m2 HTTP/1.1" 200 5458 "-" "Mozilla/5.0 (compatible; SemrushBot/3~bl; +http://www.semrush.com/bot.html)"
176.8.88.117 - - [03/Aug/2019:18:21:11 +0000] "GET / HTTP/1.1" 301 232 "https://cannibalcheerleader.com/" "Mozilla/4.0 (compatible; MSIE 6.0; Windows NT 5.1)"
176.8.88.117 - - [03/Aug/2019:18:21:11 +0000] "GET / HTTP/1.1" 301 232 "http://www.allfoodindustry.ru/" "Mozilla/4.0 (compatible; MSIE 6.0; Windows NT 5.1)"
176.8.88.117 - - [03/Aug/2019:18:21:12 +0000] "GET / HTTP/1.1" 301 232 "https://cannibalcheerleader.com/" "Mozilla/4.0 (compatible; MSIE 6.0; Windows NT 5.1)"
176.8.88.117 - - [03/Aug/2019:18:21:12 +0000] "GET / HTTP/1.1" 301 232 "http://www.allfoodindustry.ru/" "Mozilla/4.0 (compatible; MSIE 6.0; Windows NT 5.1)"
176.8.88.117 - - [03/Aug/2019:18:21:12 +0000] "GET / HTTP/1.1" 301 232 "https://cannibalcheerleader.com/" "Mozilla/4.0 (compatible; MSIE 6.0; Windows NT 5.1)"
176.8.88.117 - - [03/Aug/2019:18:21:12 +0000] "GET / HTTP/1.1" 301 232 "http://www.allfoodindustry.ru/" "Mozilla/4.0 (compatible; MSIE 6.0; Windows NT 5.1)"
46.229.168.139 - - [03/Aug/2019:18:51:48 +0000] "GET /robots.txt HTTP/1.1" 200 24 "-" "Mozilla/5.0 (compatible; SemrushBot/3~bl; +http://www.semrush.com/bot.html)"
46.229.168.130 - - [03/Aug/2019:18:51:50 +0000] "GET /kuce/privlaka-luksuzna-kuca-za-odmor-272-m2 HTTP/1.1" 200 6348 "-" "Mozilla/5.0 (compatible; SemrushBot/3~bl; +http://www.semrush.com/bot.html)"
54.36.149.102 - - [03/Aug/2019:18:58:25 +0000] "GET /hr/zemljista/rovanjska-gradevinsko-zemljiste-s-pogledom-na-more-700-m2 HTTP/1.1" 200 5630 "-" "Mozilla/5.0 (compatible; AhrefsBot/6.1; +http://ahrefs.com/robot/)"
66.249.66.218 - - [03/Aug/2019:19:00:27 +0000] "GET /pretraga?category=&type=&place=11&area=&price=300000&surface= HTTP/1.1" 500 49618 "-" "Mozilla/5.0 (Linux; Android 6.0.1; Nexus 5X Build/MMB29P) AppleWebKit/537.36 (KHTML, like Gecko) Chrome/41.0.2272.96 Mobile Safari/537.36 (compatible; Googlebot/2.1; +http://www.google.com/bot.html)"
46.229.168.134 - - [03/Aug/2019:19:04:58 +0000] "GET /kuce/veli-iz-pansion-prvi-red-do-mora-46340-m2-okucnica-1688-m2 HTTP/1.1" 200 6209 "-" "Mozilla/5.0 (compatible; SemrushBot/3~bl; +http://www.semrush.com/bot.html)"
46.229.168.133 - - [03/Aug/2019:19:08:46 +0000] "GET /en/search?page=9 HTTP/1.1" 200 5444 "-" "Mozilla/5.0 (compatible; SemrushBot/3~bl; +http://www.semrush.com/bot.html)"
54.36.150.162 - - [03/Aug/2019:19:10:25 +0000] "GET /en/lands/dugi-rat-sumpetar-gradevinsko-zemljiste-s-pogledom-na-more-476-m2 HTTP/1.1" 200 5475 "-" "Mozilla/5.0 (compatible; AhrefsBot/6.1; +http://ahrefs.com/robot/)"
54.36.150.99 - - [03/Aug/2019:19:28:26 +0000] "GET /apartmani/bibinje-trosoban-apartman-25-metara-od-plaze-8309 HTTP/1.1" 500 25403 "-" "Mozilla/5.0 (compatible; AhrefsBot/6.1; +http://ahrefs.com/robot/)"
207.46.13.23 - - [03/Aug/2019:19:29:46 +0000] "GET /en/apartments/kozino-namjesten-apartman-prvi-red-do-mora-4783-m2 HTTP/1.1" 200 5907 "-" "Mozilla/5.0 (compatible; bingbot/2.0; +http://www.bing.com/bingbot.htm)"
54.36.148.16 - - [03/Aug/2019:19:35:53 +0000] "GET /en/lands/biograd-na-moru-gradevinsko-zemljiste-1215-m2 HTTP/1.1" 200 5234 "-" "Mozilla/5.0 (compatible; AhrefsBot/6.1; +http://ahrefs.com/robot/)"
46.229.168.146 - - [03/Aug/2019:19:38:14 +0000] "GET /robots.txt HTTP/1.1" 200 24 "-" "Mozilla/5.0 (compatible; SemrushBot/3~bl; +http://www.semrush.com/bot.html)"
46.229.168.143 - - [03/Aug/2019:19:38:14 +0000] "GET /en/apartments/sibenik-kamena-kuca-u-centru-grada-87-m2 HTTP/1.1" 200 5525 "-" "Mozilla/5.0 (compatible; SemrushBot/3~bl; +http://www.semrush.com/bot.html)"
46.229.168.149 - - [03/Aug/2019:19:45:18 +0000] "GET /hr/pretraga?page=4 HTTP/1.1" 200 5411 "-" "Mozilla/5.0 (compatible; SemrushBot/3~bl; +http://www.semrush.com/bot.html)"
66.249.66.222 - - [03/Aug/2019:19:47:13 +0000] "GET /en/search?category=&type=&place=&area=74&price=1000000&surface=50&page=6 HTTP/1.1" 200 3967 "-" "Mozilla/5.0 (Linux; Android 6.0.1; Nexus 5X Build/MMB29P) AppleWebKit/537.36 (KHTML, like Gecko) Chrome/41.0.2272.96 Mobile Safari/537.36 (compatible; Googlebot/2.1; +http://www.google.com/bot.html)"
46.229.168.150 - - [03/Aug/2019:19:59:46 +0000] "GET /en/houses/sveti-petar-na-moru-pansion-s-15-soba-i-restoranom-600-m2 HTTP/1.1" 200 5692 "-" "Mozilla/5.0 (compatible; SemrushBot/3~bl; +http://www.semrush.com/bot.html)"
66.249.66.222 - - [03/Aug/2019:20:06:09 +0000] "GET /en/search?category=&type=&place=&area=74&price=1000000&surface=50&page=5 HTTP/1.1" 200 3967 "-" "Mozilla/5.0 (Linux; Android 6.0.1; Nexus 5X Build/MMB29P) AppleWebKit/537.36 (KHTML, like Gecko) Chrome/41.0.2272.96 Mobile Safari/537.36 (compatible; Googlebot/2.1; +http://www.google.com/bot.html)"
46.229.168.145 - - [03/Aug/2019:20:16:57 +0000] "GET /robots.txt HTTP/1.1" 200 24 "-" "Mozilla/5.0 (compatible; SemrushBot/3~bl; +http://www.semrush.com/bot.html)"
46.229.168.143 - - [03/Aug/2019:20:16:57 +0000] "GET /hr/kuce?page=1 HTTP/1.1" 200 5391 "-" "Mozilla/5.0 (compatible; SemrushBot/3~bl; +http://www.semrush.com/bot.html)"
46.229.168.140 - - [03/Aug/2019:20:17:34 +0000] "GET /en/lands/zaton-gradevinsko-zemljiste-s-projektom-treci-red-do-mora-1044-m2 HTTP/1.1" 200 5723 "-" "Mozilla/5.0 (compatible; SemrushBot/3~bl; +http://www.semrush.com/bot.html)"
167.71.104.99 - - [03/Aug/2019:20:18:08 +0000] "GET / HTTP/1.0" 301 232 "-" "Mozilla/5.0 (compatible; NetcraftSurveyAgent/1.0; +info@netcraft.com)"
167.71.104.99 - - [03/Aug/2019:20:18:13 +0000] "GET / HTTP/1.0" 200 33099 "-" "Mozilla/5.0 (compatible; NetcraftSurveyAgent/1.0; +info@netcraft.com)"
54.36.149.58 - - [03/Aug/2019:20:19:22 +0000] "GET /en/apartments/vrsi-mulo-troetazni-stan-novogradnja-13231-m2 HTTP/1.1" 500 25403 "-" "Mozilla/5.0 (compatible; AhrefsBot/6.1; +http://ahrefs.com/robot/)"
66.249.66.222 - - [03/Aug/2019:20:34:33 +0000] "GET /en/search?category=&place=&price=&surface=100&page=1 HTTP/1.1" 200 5464 "-" "Mozilla/5.0 (Linux; Android 6.0.1; Nexus 5X Build/MMB29P) AppleWebKit/537.36 (KHTML, like Gecko) Chrome/41.0.2272.96 Mobile Safari/537.36 (compatible; Googlebot/2.1; +http://www.google.com/bot.html)"
87.250.224.91 - - [03/Aug/2019:20:56:31 +0000] "GET /robots.txt HTTP/1.1" 200 24 "-" "Mozilla/5.0 (compatible; YandexBot/3.0; +http://yandex.com/bots)"
87.250.224.91 - - [03/Aug/2019:20:56:35 +0000] "GET /zemljista/gracac-omsica-zemljiste-s-5-objekata-105445-m2 HTTP/1.1" 200 5696 "-" "Mozilla/5.0 (compatible; YandexBot/3.0; +http://yandex.com/bots)"
54.36.148.111 - - [03/Aug/2019:21:02:53 +0000] "GET /robots.txt HTTP/1.1" 200 24 "-" "Mozilla/5.0 (compatible; AhrefsBot/6.1; +http://ahrefs.com/robot/)"
54.36.150.43 - - [03/Aug/2019:21:02:54 +0000] "GET /hr/kuce/bibinje-kuca-prvi-red-do-mora-280-m2-snizeno HTTP/1.1" 500 25403 "-" "Mozilla/5.0 (compatible; AhrefsBot/6.1; +http://ahrefs.com/robot/)"
46.229.168.129 - - [03/Aug/2019:21:03:32 +0000] "GET /robots.txt HTTP/1.1" 200 24 "-" "Mozilla/5.0 (compatible; SemrushBot/3~bl; +http://www.semrush.com/bot.html)"
46.229.168.133 - - [03/Aug/2019:21:03:33 +0000] "GET /pretraga?page=10 HTTP/1.1" 200 5026 "-" "Mozilla/5.0 (compatible; SemrushBot/3~bl; +http://www.semrush.com/bot.html)"
216.244.66.226 - - [03/Aug/2019:21:26:49 +0000] "GET /robots.txt HTTP/1.1" 301 242 "-" "Mozilla/5.0 (compatible; DotBot/1.1; http://www.opensiteexplorer.org/dotbot, help@moz.com)"
216.244.66.226 - - [03/Aug/2019:21:26:52 +0000] "GET /robots.txt HTTP/1.1" 200 24 "-" "Mozilla/5.0 (compatible; DotBot/1.1; http://www.opensiteexplorer.org/dotbot, help@moz.com)"
46.229.168.145 - - [03/Aug/2019:21:26:59 +0000] "GET /en/houses/biograd-na-moru-kuca-s-9-apartmana-508-m2 HTTP/1.1" 200 5562 "-" "Mozilla/5.0 (compatible; SemrushBot/3~bl; +http://www.semrush.com/bot.html)"
54.36.148.206 - - [03/Aug/2019:21:27:40 +0000] "GET /en/houses/bibinje-kuca-i-zgrada-s-5-apartmana-prvi-red-do-mora-694-m2 HTTP/1.1" 500 25403 "-" "Mozilla/5.0 (compatible; AhrefsBot/6.1; +http://ahrefs.com/robot/)"
38.145.114.152 - - [03/Aug/2019:21:42:03 +0000] "GET / HTTP/1.1" 301 232 "-" "Go-http-client/1.1"
46.229.168.143 - - [03/Aug/2019:22:30:39 +0000] "GET /robots.txt HTTP/1.1" 200 24 "-" "Mozilla/5.0 (compatible; SemrushBot/3~bl; +http://www.semrush.com/bot.html)"
46.229.168.146 - - [03/Aug/2019:22:30:40 +0000] "GET /zemljista/gracac-omsica-zemljiste-s-5-objekata-105445-m2 HTTP/1.1" 200 5699 "-" "Mozilla/5.0 (compatible; SemrushBot/3~bl; +http://www.semrush.com/bot.html)"
54.36.150.90 - - [03/Aug/2019:22:30:41 +0000] "GET /hr/zemljista/gracac-omsica-zemljiste-s-5-objekata-105445-m2 HTTP/1.1" 200 5698 "-" "Mozilla/5.0 (compatible; AhrefsBot/6.1; +http://ahrefs.com/robot/)"
46.229.168.163 - - [03/Aug/2019:22:33:37 +0000] "GET /en/lands/sukosan-gradevinsko-zemljiste-s-pogledom-na-more-1373-m2 HTTP/1.1" 200 5474 "-" "Mozilla/5.0 (compatible; SemrushBot/3~bl; +http://www.semrush.com/bot.html)"
216.244.66.226 - - [03/Aug/2019:22:55:41 +0000] "GET /robots.txt HTTP/1.1" 301 242 "-" "Mozilla/5.0 (compatible; DotBot/1.1; http://www.opensiteexplorer.org/dotbot, help@moz.com)"
216.244.66.226 - - [03/Aug/2019:22:55:42 +0000] "GET /robots.txt HTTP/1.1" 200 24 "-" "Mozilla/5.0 (compatible; DotBot/1.1; http://www.opensiteexplorer.org/dotbot, help@moz.com)"
46.229.168.163 - - [03/Aug/2019:22:58:42 +0000] "GET /hr/stanovi/sibenik-vidici-trosoban-stan-s-garazom-105-m2 HTTP/1.1" 200 5890 "-" "Mozilla/5.0 (compatible; SemrushBot/3~bl; +http://www.semrush.com/bot.html)"
46.229.168.129 - - [03/Aug/2019:23:14:26 +0000] "GET /robots.txt HTTP/1.1" 200 24 "-" "Mozilla/5.0 (compatible; SemrushBot/3~bl; +http://www.semrush.com/bot.html)"
46.229.168.137 - - [03/Aug/2019:23:14:28 +0000] "GET /hr/apartmani/kozino-namjesten-apartman-prvi-red-do-mora-4783-m2 HTTP/1.1" 200 5956 "-" "Mozilla/5.0 (compatible; SemrushBot/6~bl; +http://www.semrush.com/bot.html)"
66.249.66.222 - - [03/Aug/2019:23:15:29 +0000] "GET /en/search?category=1&type=rent&place=&area=&price=300000&surface=10 HTTP/1.1" 200 3878 "-" "Mozilla/5.0 (Linux; Android 6.0.1; Nexus 5X Build/MMB29P) AppleWebKit/537.36 (KHTML, like Gecko) Chrome/41.0.2272.96 Mobile Safari/537.36 (compatible; Googlebot/2.1; +http://www.google.com/bot.html)"
178.137.88.68 - - [03/Aug/2019:23:16:46 +0000] "GET / HTTP/1.1" 301 232 "https://javstock.com/" "Opera/9.00 (Windows NT 5.1; U; en)"
178.137.88.68 - - [03/Aug/2019:23:16:47 +0000] "GET / HTTP/1.1" 301 232 "https://javstock.com/" "Opera/9.00 (Windows NT 5.1; U; en)"
178.137.88.68 - - [03/Aug/2019:23:16:47 +0000] "GET / HTTP/1.1" 301 232 "https://javstock.com/" "Opera/9.00 (Windows NT 5.1; U; en)"
46.229.168.136 - - [03/Aug/2019:23:22:46 +0000] "GET /en/lands/murter-cigrada-zemljiste-drugi-red-do-mora-1252-m2 HTTP/1.1" 200 5484 "-" "Mozilla/5.0 (compatible; SemrushBot/3~bl; +http://www.semrush.com/bot.html)"
54.36.149.27 - - [03/Aug/2019:23:23:29 +0000] "GET /hr/apartmani/vinjerac-dvosoban-apartman-s-pogledom-na-more-54-m2-novogradnja HTTP/1.1" 500 25403 "-" "Mozilla/5.0 (compatible; AhrefsBot/6.1; +http://ahrefs.com/robot/)"
66.249.66.222 - - [03/Aug/2019:23:34:26 +0000] "GET /en/search?category=&type=&place=&area=62&price=&surface=200&page=6 HTTP/1.1" 200 3957 "-" "Mozilla/5.0 (Linux; Android 6.0.1; Nexus 5X Build/MMB29P) AppleWebKit/537.36 (KHTML, like Gecko) Chrome/41.0.2272.96 Mobile Safari/537.36 (compatible; Googlebot/2.1; +http://www.google.com/bot.html)"