207.46.13.23 - - [04/Aug/2019:00:09:25 +0000] "GET /apartmani/sibenik-kamena-kuca-u-centru-grada-87-m2 HTTP/1.1" 200 5586 "-" "Mozilla/5.0 (compatible; bingbot/2.0; +http://www.bing.com/bingbot.htm)"
46.229.168.139 - - [04/Aug/2019:00:15:53 +0000] "GET /robots.txt HTTP/1.1" 200 24 "-" "Mozilla/5.0 (compatible; SemrushBot/3~bl; +http://www.semrush.com/bot.html)"
46.229.168.142 - - [04/Aug/2019:00:15:55 +0000] "GET /en/houses/sibenik-kamena-kuca-u-centru-grada-87-m2 HTTP/1.1" 200 5524 "-" "Mozilla/5.0 (compatible; SemrushBot/3~bl; +http://www.semrush.com/bot.html)"
216.244.66.226 - - [04/Aug/2019:00:24:33 +0000] "GET /robots.txt HTTP/1.1" 301 242 "-" "Mozilla/5.0 (compatible; DotBot/1.1; http://www.opensiteexplorer.org/dotbot, help@moz.com)"
216.244.66.226 - - [04/Aug/2019:00:24:34 +0000] "GET /robots.txt HTTP/1.1" 200 24 "-" "Mozilla/5.0 (compatible; DotBot/1.1; http://www.opensiteexplorer.org/dotbot, help@moz.com)"
66.249.66.222 - - [04/Aug/2019:00:32:49 +0000] "GET /pretraga?category=&type=&place=&area=&price=&surface=&page=1 HTTP/1.1" 200 5525 "-" "Mozilla/5.0 (compatible; Googlebot/2.1; +http://www.google.com/bot.html)"
66.249.66.222 - - [04/Aug/2019:00:36:01 +0000] "GET /en/apartments/privlaka-dvosoban-apartman-u-blizini-mora-44-m2 HTTP/1.1" 500 25403 "-" "Mozilla/5.0 (Linux; Android 6.0.1; Nexus 5X Build/MMB29P) AppleWebKit/537.36 (KHTML, like Gecko) Chrome/41.0.2272.96 Mobile Safari/537.36 (compatible; Googlebot/2.1; +http://www.google.com/bot.html)"
40.77.167.138 - - [04/Aug/2019:00:43:46 +0000] "GET /hr/kuce HTTP/1.1" 200 5391 "-" "Mozilla/5.0 (compatible; bingbot/2.0; +http://www.bing.com/bingbot.htm)"
216.244.66.226 - - [04/Aug/2019:00:45:12 +0000] "GET /en/houses?page=1 HTTP/1.1" 200 31125 "-" "Mozilla/5.0 (compatible; DotBot/1.1; http://www.opensiteexplorer.org/dotbot, help@moz.com)"
54.36.148.110 - - [04/Aug/2019:01:04:39 +0000] "GET /en/lands/privlaka-gradevinsko-zemljiste-prvi-red-do-mora-2679-m2 HTTP/1.1" 200 5353 "-" "Mozilla/5.0 (compatible; AhrefsBot/6.1; +http://ahrefs.com/robot/)"
54.36.150.30 - - [04/Aug/2019:01:06:12 +0000] "GET /zemljista/baske-ostarije-grad-zemljiste-s-projektnom-dokumentacijom-1095-m2 HTTP/1.1" 200 6458 "-" "Mozilla/5.0 (compatible; AhrefsBot/6.1; +http://ahrefs.com/robot/)"
46.229.168.137 - - [04/Aug/2019:01:11:50 +0000] "GET /robots.txt HTTP/1.1" 200 24 "-" "Mozilla/5.0 (compatible; SemrushBot/6~bl; +http://www.semrush.com/bot.html)"
46.229.168.132 - - [04/Aug/2019:01:11:51 +0000] "GET /zemljista/rovanjska-gradevinsko-zemljiste-s-pogledom-na-more-700-m2 HTTP/1.1" 200 5625 "-" "Mozilla/5.0 (compatible; SemrushBot/3~bl; +http://www.semrush.com/bot.html)"
46.229.168.129 - - [04/Aug/2019:01:13:12 +0000] "GET /en/lands/privlaka-gradevinsko-zemljiste-prvi-red-do-mora-2679-m2 HTTP/1.1" 200 5352 "-" "Mozilla/5.0 (compatible; SemrushBot/3~bl; +http://www.semrush.com/bot.html)"
46.229.168.150 - - [04/Aug/2019:01:28:55 +0000] "GET /hr/apartmani/bibinje-trosoban-apartman-i-garsonjera-25-m-od-plaze-100-m2 HTTP/1.1" 200 5690 "-" "Mozilla/5.0 (compatible; SemrushBot/3~bl; +http://www.semrush.com/bot.html)"
157.55.39.122 - - [04/Aug/2019:01:38:38 +0000] "GET /apartmani/murter-plaza-slanica-jednosoban-apartman-prvi-red-do-mora HTTP/1.1" 500 25403 "-" "Mozilla/5.0 (compatible; bingbot/2.0; +http://www.bing.com/bingbot.htm)"
46.229.168.132 - - [04/Aug/2019:01:42:03 +0000] "GET /zemljista?page=3 HTTP/1.1" 200 5410 "-" "Mozilla/5.0 (compatible; SemrushBot/3~bl; +http://www.semrush.com/bot.html)"
66.249.66.222 - - [04/Aug/2019:01:46:37 +0000] "GET /pretraga?category=2&type=&place=34&area=&price=300000&surface=50 HTTP/1.1" 200 4813 "-" "Mozilla/5.0 (compatible; Googlebot/2.1; +http://www.google.com/bot.html)"
66.249.66.222 - - [04/Aug/2019:01:46:39 +0000] "GET /css/bootstrap.css HTTP/1.1" 200 20712 "https://www.citadela.hr/pretraga?category=2&type=&place=34&area=&price=300000&surface=50" "Mozilla/5.0 AppleWebKit/537.36 (KHTML, like Gecko; compatible; Googlebot/2.1; +http://www.google.com/bot.html) Safari/537.36"
66.249.66.222 - - [04/Aug/2019:01:46:40 +0000] "GET /assets/plugins/flag/flags/4x3/hr.svg HTTP/1.1" 200 80697 "https://www.citadela.hr/assets/plugins/flag/css/flag-icon.css" "Mozilla/5.0 AppleWebKit/537.36 (KHTML, like Gecko; compatible; Googlebot/2.1; +http://www.google.com/bot.html) Safari/537.36"
66.249.66.220 - - [04/Aug/2019:01:46:57 +0000] "GET /en/search?category=&type=&place=&area=62&price=&surface=200&page=3 HTTP/1.1" 200 3956 "-" "Mozilla/5.0 (Linux; Android 6.0.1; Nexus 5X Build/MMB29P) AppleWebKit/537.36 (KHTML, like Gecko) Chrome/41.0.2272.96 Mobile Safari/537.36 (compatible; Googlebot/2.1; +http://www.google.com/bot.html)"
54.36.150.73 - - [04/Aug/2019:01:53:43 +0000] "GET /en/lands/starigrad-gradevinsko-zemljiste-pored-ulaza-u-np-paklenica-963-m2 HTTP/1.1" 200 5838 "-" "Mozilla/5.0 (compatible; AhrefsBot/6.1; +http://ahrefs.com/robot/)"
46.229.168.163 - - [04/Aug/2019:01:58:22 +0000] "GET /robots.txt HTTP/1.1" 200 24 "-" "Mozilla/5.0 (compatible; SemrushBot/3~bl; +http://www.semrush.com/bot.html)"
46.229.168.163 - - [04/Aug/2019:01:58:22 +0000] "GET /zemljista/sv-filip-i-jakov-gradevinsko-zemljiste-u-blizini-mora-490-m2 HTTP/1.1" 200 5397 "-" "Mozilla/5.0 (compatible; SemrushBot/3~bl; +http://www.semrush.com/bot.html)"
66.249.66.220 - - [04/Aug/2019:02:02:58 +0000] "GET /en/apartments/privlaka-dvosoban-apartman-u-blizini-mora-44-m2 HTTP/1.1" 500 25403 "-" "Mozilla/5.0 (Linux; Android 6.0.1; Nexus 5X Build/MMB29P) AppleWebKit/537.36 (KHTML, like Gecko) Chrome/41.0.2272.96 Mobile Safari/537.36 (compatible; Googlebot/2.1; +http://www.google.com/bot.html)"
95.163.255.218 - - [04/Aug/2019:02:03:03 +0000] "GET /robots.txt HTTP/1.0" 301 242 "-" "Mozilla/5.0 (compatible; Linux x86_64; Mail.RU_Bot/2.0; +http://go.mail.ru/help/robots)"
95.163.255.210 - - [04/Aug/2019:02:03:07 +0000] "GET /en/houses?page=3 HTTP/1.1" 301 248 "-" "Mozilla/5.0 (compatible; Linux x86_64; Mail.RU_Bot/2.0; +http://go.mail.ru/help/robots)"
207.46.13.23 - - [04/Aug/2019:02:23:36 +0000] "GET /en/offices/vodice-hala-za-razne-namjene-1096-m2-dvoriste-1700-m2 HTTP/1.1" 200 5588 "-" "Mozilla/5.0 (compatible; bingbot/2.0; +http://www.bing.com/bingbot.htm)"
40.77.167.135 - - [04/Aug/2019:02:23:51 +0000] "GET /css/bootstrap.css HTTP/1.1" 200 20712 "-" "Mozilla/5.0 (compatible; bingbot/2.0; +http://www.bing.com/bingbot.htm)"
40.77.167.135 - - [04/Aug/2019:02:23:51 +0000] "GET /css/colors/blue.css?v=2 HTTP/1.1" 200 3552 "-" "Mozilla/5.0 (compatible; bingbot/2.0; +http://www.bing.com/bingbot.htm)"
40.77.167.135 - - [04/Aug/2019:02:23:51 +0000] "GET /css/style.css?v=2 HTTP/1.1" 200 17441 "-" "Mozilla/5.0 (compatible; bingbot/2.0; +http://www.bing.com/bingbot.htm)"
40.77.167.135 - - [04/Aug/2019:02:23:52 +0000] "GET /js/jquery.barrating.js HTTP/1.1" 200 4280 "-" "Mozilla/5.0 (compatible; bingbot/2.0; +http://www.bing.com/bingbot.htm)"
40.77.167.135 - - [04/Aug/2019:02:23:52 +0000] "GET /js/jquery.numberformatter-1.2.3.js HTTP/1.1" 200 4697 "-" "Mozilla/5.0 (compatible; bingbot/2.0; +http://www.bing.com/bingbot.htm)"
40.77.167.135 - - [04/Aug/2019:02:23:52 +0000] "GET /js/owl.js HTTP/1.1" 200 17545 "-" "Mozilla/5.0 (compatible; bingbot/2.0; +http://www.bing.com/bingbot.htm)"
40.77.167.135 - - [04/Aug/2019:02:23:52 +0000] "GET /unitegallery/css/unite-gallery.css HTTP/1.1" 200 4825 "-" "Mozilla/5.0 (compatible; bingbot/2.0; +http://www.bing.com/bingbot.htm)"
207.46.13.23 - - [04/Aug/2019:02:23:57 +0000] "GET /assets/plugins/flag/css/flag-icon.css HTTP/1.1" 200 2837 "-" "Mozilla/5.0 (compatible; bingbot/2.0; +http://www.bing.com/bingbot.htm)"
207.46.13.23 - - [04/Aug/2019:02:23:57 +0000] "GET /css/font-awesome.css HTTP/1.1" 200 7439 "-" "Mozilla/5.0 (compatible; bingbot/2.0; +http://www.bing.com/bingbot.htm)"
207.46.13.23 - - [04/Aug/2019:02:23:58 +0000] "GET /css/responsive.css HTTP/1.1" 200 2788 "-" "Mozilla/5.0 (compatible; bingbot/2.0; +http://www.bing.com/bingbot.htm)"
207.46.13.23 - - [04/Aug/2019:02:23:58 +0000] "GET /fonts/flaticon.css HTTP/1.1" 200 699 "-" "Mozilla/5.0 (compatible; bingbot/2.0; +http://www.bing.com/bingbot.htm)"
207.46.13.23 - - [04/Aug/2019:02:23:58 +0000] "GET /js/YouTubePopUp.jquery.js HTTP/1.1" 200 967 "-" "Mozilla/5.0 (compatible; bingbot/2.0; +http://www.bing.com/bingbot.htm)"
207.46.13.23 - - [04/Aug/2019:02:23:58 +0000] "GET /js/bootstrap.min.js HTTP/1.1" 200 9833 "-" "Mozilla/5.0 (compatible; bingbot/2.0; +http://www.bing.com/bingbot.htm)"
207.46.13.23 - - [04/Aug/2019:02:23:58 +0000] "GET /js/custom.js HTTP/1.1" 200 5159 "-" "Mozilla/5.0 (compatible; bingbot/2.0; +http://www.bing.com/bingbot.htm)"
207.46.13.23 - - [04/Aug/2019:02:23:58 +0000] "GET /js/draggable-0.1.js HTTP/1.1" 200 1326 "-" "Mozilla/5.0 (compatible; bingbot/2.0; +http://www.bing.com/bingbot.htm)"
207.46.13.23 - - [04/Aug/2019:02:23:59 +0000] "GET /js/jshashtable-2.1_src.js HTTP/1.1" 200 2957 "-" "Mozilla/5.0 (compatible; bingbot/2.0; +http://www.bing.com/bingbot.htm)"
207.46.13.23 - - [04/Aug/2019:02:23:59 +0000] "GET /js/tmpl.js HTTP/1.1" 200 625 "-" "Mozilla/5.0 (compatible; bingbot/2.0; +http://www.bing.com/bingbot.htm)"
207.46.13.23 - - [04/Aug/2019:02:23:59 +0000] "GET /js/wow.js HTTP/1.1" 200 2198 "-" "Mozilla/5.0 (compatible; bingbot/2.0; +http://www.bing.com/bingbot.htm)"
207.46.13.23 - - [04/Aug/2019:02:23:59 +0000] "GET /unitegallery/themes/compact/ug-theme-compact.js HTTP/1.1" 200 2477 "-" "Mozilla/5.0 (compatible; bingbot/2.0; +http://www.bing.com/bingbot.htm)"
157.55.39.122 - - [04/Aug/2019:02:24:10 +0000] "GET /css/jslider.css HTTP/1.1" 200 763 "-" "Mozilla/5.0 (compatible; bingbot/2.0; +http://www.bing.com/bingbot.htm)"
157.55.39.122 - - [04/Aug/2019:02:24:10 +0000] "GET /js/jquery.fancybox.pack.js HTTP/1.1" 200 8634 "-" "Mozilla/5.0 (compatible; bingbot/2.0; +http://www.bing.com/bingbot.htm)"
157.55.39.122 - - [04/Aug/2019:02:24:10 +0000] "GET /js/jquery.min.js HTTP/1.1" 200 33760 "-" "Mozilla/5.0 (compatible; bingbot/2.0; +http://www.bing.com/bingbot.htm)"
157.55.39.122 - - [04/Aug/2019:02:24:10 +0000] "GET /js/jquery.slider.js HTTP/1.1" 200 4772 "-" "Mozilla/5.0 (compatible; bingbot/2.0; +http://www.bing.com/bingbot.htm)"
157.55.39.122 - - [04/Aug/2019:02:24:10 +0000] "GET /js/mixitup.js HTTP/1.1" 200 11347 "-" "Mozilla/5.0 (compatible; bingbot/2.0; +http://www.bing.com/bingbot.htm)"
157.55.39.122 - - [04/Aug/2019:02:24:11 +0000] "GET /unitegallery/js/unitegallery.min.js HTTP/1.1" 200 66910 "-" "Mozilla/5.0 (compatible; bingbot/2.0; +http://www.bing.com/bingbot.htm)"
40.77.167.138 - - [04/Aug/2019:02:24:16 +0000] "GET /css/loader.css?v=2 HTTP/1.1" 200 772 "-" "Mozilla/5.0 (compatible; bingbot/2.0; +http://www.bing.com/bingbot.htm)"
40.77.167.138 - - [04/Aug/2019:02:24:16 +0000] "GET /js/bootstrap-select.js HTTP/1.1" 200 15633 "-" "Mozilla/5.0 (compatible; bingbot/2.0; +http://www.bing.com/bingbot.htm)"
40.77.167.138 - - [04/Aug/2019:02:24:16 +0000] "GET /js/jquery.dependClass-0.1.js HTTP/1.1" 200 458 "-" "Mozilla/5.0 (compatible; bingbot/2.0; +http://www.bing.com/bingbot.htm)"
40.77.167.138 - - [04/Aug/2019:02:24:16 +0000] "GET /js/jquery.fancybox-media.js HTTP/1.1" 200 1973 "-" "Mozilla/5.0 (compatible; bingbot/2.0; +http://www.bing.com/bingbot.htm)"
40.77.167.138 - - [04/Aug/2019:02:24:16 +0000] "GET /unitegallery/js/jquery-11.0.min.js HTTP/1.1" 200 33369 "-" "Mozilla/5.0 (compatible; bingbot/2.0; +http://www.bing.com/bingbot.htm)"
46.229.168.142 - - [04/Aug/2019:02:24:27 +0000] "GET /en/lands/pasman-tkon-gradevinsko-zemljiste-drugi-red-do-mora-2173-m2 HTTP/1.1" 200 5329 "-" "Mozilla/5.0 (compatible; SemrushBot/3~bl; +http://www.semrush.com/bot.html)"
91.209.51.22 - - [04/Aug/2019:02:40:53 +0000] "GET /robots.txt HTTP/1.1" 301 242 "-" "Mozilla/5.0 (compatible; MJ12bot/v1.4.7; http://mj12bot.com/)"
46.229.168.138 - - [04/Aug/2019:02:58:46 +0000] "GET /robots.txt HTTP/1.1" 200 24 "-" "Mozilla/5.0 (compatible; SemrushBot/3~bl; +http://www.semrush.com/bot.html)"
46.229.168.134 - - [04/Aug/2019:02:58:47 +0000] "GET /zemljista/pakostane-zemljiste-u-t3-kamp-zoni-drugi-red-do-mora-1949-m2 HTTP/1.1" 200 5422 "-" "Mozilla/5.0 (compatible; SemrushBot/3~bl; +http://www.semrush.com/bot.html)"
54.36.148.213 - - [04/Aug/2019:03:00:03 +0000] "GET /apartmani/sibenik-kamena-kuca-u-centru-grada-87-m2 HTTP/1.1" 200 5585 "-" "Mozilla/5.0 (compatible; AhrefsBot/6.1; +http://ahrefs.com/robot/)"
54.36.148.101 - - [04/Aug/2019:03:15:25 +0000] "GET /hr/kuce/sv-petar-na-moru-kuca-sa-6-apartmana-i-pogledom-na-more-39637m2 HTTP/1.1" 200 6328 "-" "Mozilla/5.0 (compatible; AhrefsBot/6.1; +http://ahrefs.com/robot/)"
207.46.13.138 - - [04/Aug/2019:03:25:15 +0000] "GET /css/jquery.fancybox.css HTTP/1.1" 200 1434 "-" "Mozilla/5.0 (compatible; bingbot/2.0; +http://www.bing.com/bingbot.htm)"
207.46.13.132 - - [04/Aug/2019:03:25:19 +0000] "GET /css/owl.css HTTP/1.1" 200 1348 "-" "Mozilla/5.0 (compatible; bingbot/2.0; +http://www.bing.com/bingbot.htm)"
40.77.167.138 - - [04/Aug/2019:03:25:24 +0000] "GET /css/animate.min.css HTTP/1.1" 200 4242 "-" "Mozilla/5.0 (compatible; bingbot/2.0; +http://www.bing.com/bingbot.htm)"
40.77.167.138 - - [04/Aug/2019:03:25:24 +0000] "GET /fonts/fontawesome-webfont.svg?v=4.7.0 HTTP/1.1" 200 444379 "-" "Mozilla/5.0 (compatible; bingbot/2.0; +http://www.bing.com/bingbot.htm)"
40.77.167.138 - - [04/Aug/2019:03:25:25 +0000] "GET /fonts/fontawesome-webfont.ttf?v=4.7.0 HTTP/1.1" 200 165548 "-" "Mozilla/5.0 (compatible; bingbot/2.0; +http://www.bing.com/bingbot.htm)"
40.77.167.135 - - [04/Aug/2019:03:25:29 +0000] "GET /assets/plugins/flag/flags/4x3/gb.svg HTTP/1.1" 200 989 "-" "Mozilla/5.0 (compatible; bingbot/2.0; +http://www.bing.com/bingbot.htm)"
66.249.66.220 - - [04/Aug/2019:03:31:21 +0000] "GET /en/apartments/privlaka-dvosoban-apartman-u-blizini-mora-44-m2 HTTP/1.1" 500 25403 "-" "Mozilla/5.0 (Linux; Android 6.0.1; Nexus 5X Build/MMB29P) AppleWebKit/537.36 (KHTML, like Gecko) Chrome/41.0.2272.96 Mobile Safari/537.36 (compatible; Googlebot/2.1; +http://www.google.com/bot.html)"
40.77.167.138 - - [04/Aug/2019:03:51:17 +0000] "GET /en/flats/zadar-vostarnica-dvosoban-stan-55-m2 HTTP/1.1" 500 25403 "-" "Mozilla/5.0 (compatible; bingbot/2.0; +http://www.bing.com/bingbot.htm)"
46.229.168.142 - - [04/Aug/2019:03:55:55 +0000] "GET /robots.txt HTTP/1.1" 200 24 "-" "Mozilla/5.0 (compatible; SemrushBot/3~bl; +http://www.semrush.com/bot.html)"
46.229.168.154 - - [04/Aug/2019:03:55:57 +0000] "GET /en/lands/pasman-zdrelac-gradevinsko-zemljiste-s-pogledom-na-more-460-m2 HTTP/1.1" 200 5060 "-" "Mozilla/5.0 (compatible; SemrushBot/3~bl; +http://www.semrush.com/bot.html)"
46.119.121.39 - - [04/Aug/2019:04:08:59 +0000] "GET / HTTP/1.1" 301 232 "https://vykupavto-krasnodar.ru/" "Mozilla/4.79 [en] (Windows NT 5.0; U)"
46.119.121.39 - - [04/Aug/2019:04:09:00 +0000] "GET / HTTP/1.1" 301 232 "https://vykupavto-krasnodar.ru/" "Mozilla/4.79 [en] (Windows NT 5.0; U)"
46.119.121.39 - - [04/Aug/2019:04:09:00 +0000] "GET / HTTP/1.1" 301 232 "https://vykupavto-krasnodar.ru/" "Mozilla/4.79 [en] (Windows NT 5.0; U)"
46.229.168.147 - - [04/Aug/2019:04:16:49 +0000] "GET /zemljista/maslenica-gradevinsko-zemljiste-treci-red-do-mora-1029-m2 HTTP/1.1" 200 5793 "-" "Mozilla/5.0 (compatible; SemrushBot/3~bl; +http://www.semrush.com/bot.html)"
46.229.168.146 - - [04/Aug/2019:04:21:35 +0000] "GET /hr HTTP/1.1" 200 5821 "-" "Mozilla/5.0 (compatible; SemrushBot/3~bl; +http://www.semrush.com/bot.html)"
66.249.66.222 - - [04/Aug/2019:04:29:22 +0000] "GET /hr/pretraga?category=&type=&place=36&area=160&price=1000000&surface=200 HTTP/1.1" 500 49618 "-" "Mozilla/5.0 (Linux; Android 6.0.1; Nexus 5X Build/MMB29P) AppleWebKit/537.36 (KHTML, like Gecko) Chrome/41.0.2272.96 Mobile Safari/537.36 (compatible; Googlebot/2.1; +http://www.google.com/bot.html)"
46.229.168.149 - - [04/Aug/2019:04:35:52 +0000] "GET /robots.txt HTTP/1.1" 200 24 "-" "Mozilla/5.0 (compatible; SemrushBot/3~bl; +http://www.semrush.com/bot.html)"
46.229.168.143 - - [04/Aug/2019:04:35:53 +0000] "GET /hr/pretraga?page=8 HTTP/1.1" 200 5607 "-" "Mozilla/5.0 (compatible; SemrushBot/3~bl; +http://www.semrush.com/bot.html)"
46.229.168.129 - - [04/Aug/2019:05:01:55 +0000] "GET /en/lands/zemunik-donji-gradevinsko-zemljiste-250m-od-centra-5071-m2prilika HTTP/1.1" 200 5446 "-" "Mozilla/5.0 (compatible; SemrushBot/3~bl; +http://www.semrush.com/bot.html)"
54.36.148.16 - - [04/Aug/2019:05:09:39 +0000] "GET /zemljista/bibinje-gradevinsko-zemljiste-687-m2 HTTP/1.1" 200 5389 "-" "Mozilla/5.0 (compatible; AhrefsBot/6.1; +http://ahrefs.com/robot/)"
46.229.168.149 - - [04/Aug/2019:05:10:29 +0000] "GET /robots.txt HTTP/1.1" 200 24 "-" "Mozilla/5.0 (compatible; SemrushBot/3~bl; +http://www.semrush.com/bot.html)"
46.229.168.138 - - [04/Aug/2019:05:10:29 +0000] "GET /apartmani?page=3 HTTP/1.1" 200 4005 "-" "Mozilla/5.0 (compatible; SemrushBot/3~bl; +http://www.semrush.com/bot.html)"
54.36.150.17 - - [04/Aug/2019:05:17:32 +0000] "GET /zemljista/razanac-gradevinsko-zemljiste-u-blizini-mora-721-m2 HTTP/1.1" 200 5772 "-" "Mozilla/5.0 (compatible; AhrefsBot/6.1; +http://ahrefs.com/robot/)"
46.229.168.142 - - [04/Aug/2019:05:37:26 +0000] "GET /hr/zemljista/razanac-gradevinsko-zemljiste-u-blizini-mora-721-m2 HTTP/1.1" 200 5770 "-" "Mozilla/5.0 (compatible; SemrushBot/3~bl; +http://www.semrush.com/bot.html)"
46.229.168.140 - - [04/Aug/2019:05:52:20 +0000] "GET /robots.txt HTTP/1.1" 200 24 "-" "Mozilla/5.0 (compatible; SemrushBot/3~bl; +http://www.semrush.com/bot.html)"
46.229.168.130 - - [04/Aug/2019:05:52:20 +0000] "GET /hr/zemljista/rovanjska-gradevinsko-zemljiste-s-pogledom-na-more-700-m2 HTTP/1.1" 200 5625 "-" "Mozilla/5.0 (compatible; SemrushBot/3~bl; +http://www.semrush.com/bot.html)"
46.229.168.149 - - [04/Aug/2019:06:20:01 +0000] "GET /zemljista/sukosan-gradevinsko-zemljiste-s-pogledom-na-more-1373-m2 HTTP/1.1" 200 5513 "-" "Mozilla/5.0 (compatible; SemrushBot/3~bl; +http://www.semrush.com/bot.html)"
54.36.150.176 - - [04/Aug/2019:06:23:23 +0000] "GET /en/apartments/bibinje-trosoban-apartman-25-metara-od-plaze-8309 HTTP/1.1" 500 25403 "-" "Mozilla/5.0 (compatible; AhrefsBot/6.1; +http://ahrefs.com/robot/)"
54.36.149.16 - - [04/Aug/2019:06:26:29 +0000] "GET /en/apartments?page=3 HTTP/1.1" 200 3947 "-" "Mozilla/5.0 (compatible; AhrefsBot/6.1; +http://ahrefs.com/robot/)"
66.249.66.218 - - [04/Aug/2019:06:33:47 +0000] "GET /pretraga?category=&place=36&price=100000&surface=100 HTTP/1.1" 500 49618 "-" "Mozilla/5.0 (Linux; Android 6.0.1; Nexus 5X Build/MMB29P) AppleWebKit/537.36 (KHTML, like Gecko) Chrome/41.0.2272.96 Mobile Safari/537.36 (compatible; Googlebot/2.1; +http://www.google.com/bot.html)"
46.229.168.129 - - [04/Aug/2019:06:40:02 +0000] "GET /robots.txt HTTP/1.1" 200 24 "-" "Mozilla/5.0 (compatible; SemrushBot/3~bl; +http://www.semrush.com/bot.html)"
46.229.168.145 - - [04/Aug/2019:06:40:03 +0000] "GET /pretraga HTTP/1.1" 200 5488 "-" "Mozilla/5.0 (compatible; SemrushBot/3~bl; +http://www.semrush.com/bot.html)"
66.249.66.218 - - [04/Aug/2019:07:01:25 +0000] "GET /en/search?category=&type=rent&place=35&area=&price=1000000&surface=10 HTTP/1.1" 200 4048 "-" "Mozilla/5.0 (compatible; Googlebot/2.1; +http://www.google.com/bot.html)"
66.249.66.222 - - [04/Aug/2019:07:01:27 +0000] "GET /css/jslider.css HTTP/1.1" 200 763 "https://www.citadela.hr/en/search?category=&type=rent&place=35&area=&price=1000000&surface=10" "Mozilla/5.0 AppleWebKit/537.36 (KHTML, like Gecko; compatible; Googlebot/2.1; +http://www.google.com/bot.html) Safari/537.36"
66.249.66.218 - - [04/Aug/2019:07:01:28 +0000] "GET /fonts/flaticon.css HTTP/1.1" 200 699 "https://www.citadela.hr/en/search?category=&type=rent&place=35&area=&price=1000000&surface=10" "Mozilla/5.0 AppleWebKit/537.36 (KHTML, like Gecko; compatible; Googlebot/2.1; +http://www.google.com/bot.html) Safari/537.36"
66.249.66.220 - - [04/Aug/2019:07:01:29 +0000] "GET /css/jquery.fancybox.css HTTP/1.1" 200 1434 "https://www.citadela.hr/en/search?category=&type=rent&place=35&area=&price=1000000&surface=10" "Mozilla/5.0 AppleWebKit/537.36 (KHTML, like Gecko; compatible; Googlebot/2.1; +http://www.google.com/bot.html) Safari/537.36"
66.249.66.218 - - [04/Aug/2019:07:01:29 +0000] "GET /css/responsive.css HTTP/1.1" 200 2788 "https://www.citadela.hr/en/search?category=&type=rent&place=35&area=&price=1000000&surface=10" "Mozilla/5.0 AppleWebKit/537.36 (KHTML, like Gecko; compatible; Googlebot/2.1; +http://www.google.com/bot.html) Safari/537.36"
66.249.66.218 - - [04/Aug/2019:07:01:30 +0000] "GET /js/YouTubePopUp.jquery.js HTTP/1.1" 200 967 "https://www.citadela.hr/en/search?category=&type=rent&place=35&area=&price=1000000&surface=10" "Mozilla/5.0 AppleWebKit/537.36 (KHTML, like Gecko; compatible; Googlebot/2.1; +http://www.google.com/bot.html) Safari/537.36"
66.249.66.220 - - [04/Aug/2019:07:01:31 +0000] "GET /js/owl.js HTTP/1.1" 200 17545 "https://www.citadela.hr/en/search?category=&type=rent&place=35&area=&price=1000000&surface=10" "Mozilla/5.0 AppleWebKit/537.36 (KHTML, like Gecko; compatible; Googlebot/2.1; +http://www.google.com/bot.html) Safari/537.36"
66.249.66.220 - - [04/Aug/2019:07:01:31 +0000] "GET /js/jshashtable-2.1_src.js HTTP/1.1" 200 2957 "https://www.citadela.hr/en/search?category=&type=rent&place=35&area=&price=1000000&surface=10" "Mozilla/5.0 AppleWebKit/537.36 (KHTML, like Gecko; compatible; Googlebot/2.1; +http://www.google.com/bot.html) Safari/537.36"
66.249.66.220 - - [04/Aug/2019:07:01:32 +0000] "GET /js/jquery.dependClass-0.1.js HTTP/1.1" 200 458 "https://www.citadela.hr/en/search?category=&type=rent&place=35&area=&price=1000000&surface=10" "Mozilla/5.0 AppleWebKit/537.36 (KHTML, like Gecko; compatible; Googlebot/2.1; +http://www.google.com/bot.html) Safari/537.36"
54.36.150.185 - - [04/Aug/2019:07:08:34 +0000] "GET /en/lands/gracac-omsica-zemljiste-s-5-objekata-105445-m2 HTTP/1.1" 200 5648 "-" "Mozilla/5.0 (compatible; AhrefsBot/6.1; +http://ahrefs.com/robot/)"
46.229.168.149 - - [04/Aug/2019:07:14:38 +0000] "GET /robots.txt HTTP/1.1" 200 24 "-" "Mozilla/5.0 (compatible; SemrushBot/3~bl; +http://www.semrush.com/bot.html)"
46.229.168.133 - - [04/Aug/2019:07:14:41 +0000] "GET /en/houses/zadar-relja-kuca-i-dvor-pored-autobusnog-kolodvora HTTP/1.1" 200 5438 "-" "Mozilla/5.0 (compatible; SemrushBot/3~bl; +http://www.semrush.com/bot.html)"
66.249.66.222 - - [04/Aug/2019:07:18:17 +0000] "GET /en/search?category=&type=&place=&area=195&price=500000&surface=200&page=4 HTTP/1.1" 200 3966 "-" "Mozilla/5.0 (Linux; Android 6.0.1; Nexus 5X Build/MMB29P) AppleWebKit/537.36 (KHTML, like Gecko) Chrome/41.0.2272.96 Mobile Safari/537.36 (compatible; Googlebot/2.1; +http://www.google.com/bot.html)"
66.249.66.218 - - [04/Aug/2019:07:18:21 +0000] "GET /js/tmpl.js HTTP/1.1" 200 625 "https://www.citadela.hr/en/search?category=&type=&place=&area=195&price=500000&surface=200&page=4" "Mozilla/5.0 (Linux; Android 6.0.1; Nexus 5X Build/MMB29P) AppleWebKit/537.36 (KHTML, like Gecko) Chrome/41.0.2272.96 Mobile Safari/537.36 (compatible; Googlebot/2.1; +http://www.google.com/bot.html)"
66.249.66.218 - - [04/Aug/2019:07:28:28 +0000] "GET /hr/pretraga?category=&type=&place=37&area=&price=300000&surface= HTTP/1.1" 500 49618 "-" "Mozilla/5.0 (Linux; Android 6.0.1; Nexus 5X Build/MMB29P) AppleWebKit/537.36 (KHTML, like Gecko) Chrome/41.0.2272.96 Mobile Safari/537.36 (compatible; Googlebot/2.1; +http://www.google.com/bot.html)"
207.46.13.144 - - [04/Aug/2019:07:29:25 +0000] "GET /hr/poslovni-prostori HTTP/1.1" 200 4569 "-" "Mozilla/5.0 (iPhone; CPU iPhone OS 7_0 like Mac OS X) AppleWebKit/537.51.1 (KHTML, like Gecko) Version/7.0 Mobile/11A465 Safari/9537.53 (compatible; bingbot/2.0; +http://www.bing.com/bingbot.htm)"
66.249.66.218 - - [04/Aug/2019:07:29:40 +0000] "GET /en/apartments/privlaka-dvosoban-apartman-u-blizini-mora-44-m2 HTTP/1.1" 500 25403 "-" "Mozilla/5.0 (Linux; Android 6.0.1; Nexus 5X Build/MMB29P) AppleWebKit/537.36 (KHTML, like Gecko) Chrome/41.0.2272.96 Mobile Safari/537.36 (compatible; Googlebot/2.1; +http://www.google.com/bot.html)"
46.229.168.140 - - [04/Aug/2019:07:31:27 +0000] "GET /en/lands/starigrad-gradevinsko-zemljiste-pored-ulaza-u-np-paklenica-480m2 HTTP/1.1" 200 5810 "-" "Mozilla/5.0 (compatible; SemrushBot/3~bl; +http://www.semrush.com/bot.html)"
216.244.66.226 - - [04/Aug/2019:07:57:55 +0000] "GET /robots.txt HTTP/1.1" 301 242 "-" "Mozilla/5.0 (compatible; DotBot/1.1; http://www.opensiteexplorer.org/dotbot, help@moz.com)"
216.244.66.226 - - [04/Aug/2019:07:57:57 +0000] "GET /robots.txt HTTP/1.1" 200 24 "-" "Mozilla/5.0 (compatible; DotBot/1.1; http://www.opensiteexplorer.org/dotbot, help@moz.com)"
66.249.66.218 - - [04/Aug/2019:08:00:56 +0000] "GET /pretraga?category=&place=36&price=200000&surface=10 HTTP/1.1" 500 49618 "-" "Mozilla/5.0 (Linux; Android 6.0.1; Nexus 5X Build/MMB29P) AppleWebKit/537.36 (KHTML, like Gecko) Chrome/41.0.2272.96 Mobile Safari/537.36 (compatible; Googlebot/2.1; +http://www.google.com/bot.html)"
46.229.168.142 - - [04/Aug/2019:08:13:58 +0000] "GET /robots.txt HTTP/1.1" 200 24 "-" "Mozilla/5.0 (compatible; SemrushBot/3~bl; +http://www.semrush.com/bot.html)"
46.229.168.161 - - [04/Aug/2019:08:13:58 +0000] "GET /en/apartments/murter-plaza-slanica-dvosoban-apartman-prvi-red-do-mora-4355-m2 HTTP/1.1" 200 5995 "-" "Mozilla/5.0 (compatible; SemrushBot/3~bl; +http://www.semrush.com/bot.html)"
207.46.13.58 - - [04/Aug/2019:08:27:41 +0000] "GET /en/lands HTTP/1.1" 200 5282 "-" "Mozilla/5.0 (compatible; bingbot/2.0; +http://www.bing.com/bingbot.htm)"
176.8.88.117 - - [04/Aug/2019:08:29:42 +0000] "GET / HTTP/1.1" 301 232 "https://group.od.ua/" "Mozilla/4.0 (compatible; MSIE 6.0; Windows NT 5.1) Opera 7.54 [en]"
176.8.88.117 - - [04/Aug/2019:08:29:42 +0000] "GET / HTTP/1.1" 301 232 "https://prostitutki-moskvi.msk.ru/" "Mozilla/4.0 (compatible; MSIE 6.0; Windows NT 5.1) Opera 7.54 [en]"
176.8.88.117 - - [04/Aug/2019:08:29:42 +0000] "GET / HTTP/1.1" 301 232 "https://group.od.ua/" "Mozilla/4.0 (compatible; MSIE 6.0; Windows NT 5.1) Opera 7.54 [en]"
176.8.88.117 - - [04/Aug/2019:08:29:42 +0000] "GET / HTTP/1.1" 301 232 "https://prostitutki-moskvi.msk.ru/" "Mozilla/4.0 (compatible; MSIE 6.0; Windows NT 5.1) Opera 7.54 [en]"
176.8.88.117 - - [04/Aug/2019:08:29:42 +0000] "GET / HTTP/1.1" 301 232 "https://prostitutki-moskvi.msk.ru/" "Mozilla/4.0 (compatible; MSIE 6.0; Windows NT 5.1) Opera 7.54 [en]"
176.8.88.117 - - [04/Aug/2019:08:29:42 +0000] "GET / HTTP/1.1" 301 232 "https://group.od.ua/" "Mozilla/4.0 (compatible; MSIE 6.0; Windows NT 5.1) Opera 7.54 [en]"
40.77.190.133 - - [04/Aug/2019:08:30:39 +0000] "GET /fonts/fontawesome-webfont.ttf?v=4.7.0 HTTP/1.1" 200 165548 "-" "Mozilla/5.0 (iPhone; CPU iPhone OS 7_0 like Mac OS X) AppleWebKit/537.51.1 (KHTML, like Gecko) Version/7.0 Mobile/11A465 Safari/9537.53 BingPreview/1.0b"
66.249.66.220 - - [04/Aug/2019:08:33:59 +0000] "GET /en/apartments/privlaka-dvosoban-apartman-u-blizini-mora-44-m2 HTTP/1.1" 500 25403 "-" "Mozilla/5.0 (Linux; Android 6.0.1; Nexus 5X Build/MMB29P) AppleWebKit/537.36 (KHTML, like Gecko) Chrome/41.0.2272.96 Mobile Safari/537.36 (compatible; Googlebot/2.1; +http://www.google.com/bot.html)"
54.208.102.37 - - [04/Aug/2019:08:38:40 +0000] "GET / HTTP/1.1" 301 232 "http://www.citadela.hr/" "Mozilla/5.0 (compatible; DuckDuckGo-Favicons-Bot/1.0; +http://duckduckgo.com)"
54.208.102.37 - - [04/Aug/2019:08:38:40 +0000] "GET / HTTP/1.1" 200 5820 "https://www.citadela.hr/" "Mozilla/5.0 (compatible; DuckDuckGo-Favicons-Bot/1.0; +http://duckduckgo.com)"
54.208.102.37 - - [04/Aug/2019:08:38:41 +0000] "GET /favicon-32x32.png HTTP/1.1" 200 1936 "https://www.citadela.hr/favicon-32x32.png" "Mozilla/5.0 (compatible; DuckDuckGo-Favicons-Bot/1.0; +http://duckduckgo.com)"
54.36.150.102 - - [04/Aug/2019:08:41:07 +0000] "GET /zemljista/sv-filip-i-jakov-gradevinsko-zemljiste-u-blizini-mora-490-m2 HTTP/1.1" 200 5397 "-" "Mozilla/5.0 (compatible; AhrefsBot/6.1; +http://ahrefs.com/robot/)"
216.244.66.226 - - [04/Aug/2019:08:43:01 +0000] "GET /robots.txt HTTP/1.1" 301 242 "-" "Mozilla/5.0 (compatible; DotBot/1.1; http://www.opensiteexplorer.org/dotbot, help@moz.com)"
216.244.66.226 - - [04/Aug/2019:08:43:01 +0000] "GET /robots.txt HTTP/1.1" 200 24 "-" "Mozilla/5.0 (compatible; DotBot/1.1; http://www.opensiteexplorer.org/dotbot, help@moz.com)"
46.229.168.136 - - [04/Aug/2019:08:46:29 +0000] "GET /en/lands/rupalj-gradevinsko-zemljiste-povrsine-4280-m2-23-m2 HTTP/1.1" 200 5375 "-" "Mozilla/5.0 (compatible; SemrushBot/3~bl; +http://www.semrush.com/bot.html)"
77.38.97.248 - - [04/Aug/2019:08:54:50 +0000] "GET / HTTP/1.1" 301 232 "-" "Mozilla/5.0 (Windows NT 10.0; Win64; x64) AppleWebKit/537.36 (KHTML, like Gecko) Chrome/75.0.3770.142 Safari/537.36"
66.249.66.218 - - [04/Aug/2019:08:59:13 +0000] "GET /hr/pretraga?category=&type=&place=2&area=&price=100000&surface=200 HTTP/1.1" 500 49618 "-" "Mozilla/5.0 (Linux; Android 6.0.1; Nexus 5X Build/MMB29P) AppleWebKit/537.36 (KHTML, like Gecko) Chrome/41.0.2272.96 Mobile Safari/537.36 (compatible; Googlebot/2.1; +http://www.google.com/bot.html)"
77.38.97.248 - - [04/Aug/2019:09:00:58 +0000] "GET /pretraga?category=&type=&place=74&area=&price=100000&surface= HTTP/1.1" 200 4289 "https://www.google.com/" "Mozilla/5.0 (Windows NT 10.0; Win64; x64) AppleWebKit/537.36 (KHTML, like Gecko) Chrome/75.0.3770.142 Safari/537.36"
77.38.97.248 - - [04/Aug/2019:09:00:58 +0000] "GET /css/bootstrap.css HTTP/1.1" 200 20712 "https://www.citadela.hr/pretraga?category=&type=&place=74&area=&price=100000&surface=" "Mozilla/5.0 (Windows NT 10.0; Win64; x64) AppleWebKit/537.36 (KHTML, like Gecko) Chrome/75.0.3770.142 Safari/537.36"
77.38.97.248 - - [04/Aug/2019:09:00:58 +0000] "GET /css/style.css?v=2 HTTP/1.1" 200 17441 "https://www.citadela.hr/pretraga?category=&type=&place=74&area=&price=100000&surface=" "Mozilla/5.0 (Windows NT 10.0; Win64; x64) AppleWebKit/537.36 (KHTML, like Gecko) Chrome/75.0.3770.142 Safari/537.36"
77.38.97.248 - - [04/Aug/2019:09:00:58 +0000] "GET /css/loader.css?v=2 HTTP/1.1" 200 772 "https://www.citadela.hr/pretraga?category=&type=&place=74&area=&price=100000&surface=" "Mozilla/5.0 (Windows NT 10.0; Win64; x64) AppleWebKit/537.36 (KHTML, like Gecko) Chrome/75.0.3770.142 Safari/537.36"
77.38.97.248 - - [04/Aug/2019:09:00:58 +0000] "GET /css/responsive.css HTTP/1.1" 200 2788 "https://www.citadela.hr/pretraga?category=&type=&place=74&area=&price=100000&surface=" "Mozilla/5.0 (Windows NT 10.0; Win64; x64) AppleWebKit/537.36 (KHTML, like Gecko) Chrome/75.0.3770.142 Safari/537.36"
77.38.97.248 - - [04/Aug/2019:09:00:58 +0000] "GET /css/animate.min.css HTTP/1.1" 200 4242 "https://www.citadela.hr/pretraga?category=&type=&place=74&area=&price=100000&surface=" "Mozilla/5.0 (Windows NT 10.0; Win64; x64) AppleWebKit/537.36 (KHTML, like Gecko) Chrome/75.0.3770.142 Safari/537.36"
77.38.97.248 - - [04/Aug/2019:09:00:58 +0000] "GET /css/owl.css HTTP/1.1" 200 1348 "https://www.citadela.hr/pretraga?category=&type=&place=74&area=&price=100000&surface=" "Mozilla/5.0 (Windows NT 10.0; Win64; x64) AppleWebKit/537.36 (KHTML, like Gecko) Chrome/75.0.3770.142 Safari/537.36"
77.38.97.248 - - [04/Aug/2019:09:00:58 +0000] "GET /css/jquery.fancybox.css HTTP/1.1" 200 1434 "https://www.citadela.hr/pretraga?category=&type=&place=74&area=&price=100000&surface=" "Mozilla/5.0 (Windows NT 10.0; Win64; x64) AppleWebKit/537.36 (KHTML, like Gecko) Chrome/75.0.3770.142 Safari/537.36"
77.38.97.248 - - [04/Aug/2019:09:00:58 +0000] "GET /assets/plugins/flag/css/flag-icon.css HTTP/1.1" 200 2837 "https://www.citadela.hr/pretraga?category=&type=&place=74&area=&price=100000&surface=" "Mozilla/5.0 (Windows NT 10.0; Win64; x64) AppleWebKit/537.36 (KHTML, like Gecko) Chrome/75.0.3770.142 Safari/537.36"
77.38.97.248 - - [04/Aug/2019:09:00:58 +0000] "GET /css/font-awesome.css HTTP/1.1" 200 7439 "https://www.citadela.hr/pretraga?category=&type=&place=74&area=&price=100000&surface=" "Mozilla/5.0 (Windows NT 10.0; Win64; x64) AppleWebKit/537.36 (KHTML, like Gecko) Chrome/75.0.3770.142 Safari/537.36"
77.38.97.248 - - [04/Aug/2019:09:00:58 +0000] "GET /fonts/flaticon.css HTTP/1.1" 200 699 "https://www.citadela.hr/pretraga?category=&type=&place=74&area=&price=100000&surface=" "Mozilla/5.0 (Windows NT 10.0; Win64; x64) AppleWebKit/537.36 (KHTML, like Gecko) Chrome/75.0.3770.142 Safari/537.36"
77.38.97.248 - - [04/Aug/2019:09:00:58 +0000] "GET /css/colors/blue.css?v=2 HTTP/1.1" 200 3552 "https://www.citadela.hr/pretraga?category=&type=&place=74&area=&price=100000&surface=" "Mozilla/5.0 (Windows NT 10.0; Win64; x64) AppleWebKit/537.36 (KHTML, like Gecko) Chrome/75.0.3770.142 Safari/537.36"
77.38.97.248 - - [04/Aug/2019:09:00:58 +0000] "GET /css/jslider.css HTTP/1.1" 200 763 "https://www.citadela.hr/pretraga?category=&type=&place=74&area=&price=100000&surface=" "Mozilla/5.0 (Windows NT 10.0; Win64; x64) AppleWebKit/537.36 (KHTML, like Gecko) Chrome/75.0.3770.142 Safari/537.36"
77.38.97.248 - - [04/Aug/2019:09:00:58 +0000] "GET /js/bootstrap.min.js HTTP/1.1" 200 9833 "https://www.citadela.hr/pretraga?category=&type=&place=74&area=&price=100000&surface=" "Mozilla/5.0 (Windows NT 10.0; Win64; x64) AppleWebKit/537.36 (KHTML, like Gecko) Chrome/75.0.3770.142 Safari/537.36"
77.38.97.248 - - [04/Aug/2019:09:00:58 +0000] "GET /js/jquery.min.js HTTP/1.1" 200 33760 "https://www.citadela.hr/pretraga?category=&type=&place=74&area=&price=100000&surface=" "Mozilla/5.0 (Windows NT 10.0; Win64; x64) AppleWebKit/537.36 (KHTML, like Gecko) Chrome/75.0.3770.142 Safari/537.36"
77.38.97.248 - - [04/Aug/2019:09:00:59 +0000] "GET /js/YouTubePopUp.jquery.js HTTP/1.1" 200 967 "https://www.citadela.hr/pretraga?category=&type=&place=74&area=&price=100000&surface=" "Mozilla/5.0 (Windows NT 10.0; Win64; x64) AppleWebKit/537.36 (KHTML, like Gecko) Chrome/75.0.3770.142 Safari/537.36"
77.38.97.248 - - [04/Aug/2019:09:00:59 +0000] "GET /js/bootstrap-select.js HTTP/1.1" 200 15633 "https://www.citadela.hr/pretraga?category=&type=&place=74&area=&price=100000&surface=" "Mozilla/5.0 (Windows NT 10.0; Win64; x64) AppleWebKit/537.36 (KHTML, like Gecko) Chrome/75.0.3770.142 Safari/537.36"
77.38.97.248 - - [04/Aug/2019:09:00:59 +0000] "GET /js/jquery.fancybox.pack.js HTTP/1.1" 200 8634 "https://www.citadela.hr/pretraga?category=&type=&place=74&area=&price=100000&surface=" "Mozilla/5.0 (Windows NT 10.0; Win64; x64) AppleWebKit/537.36 (KHTML, like Gecko) Chrome/75.0.3770.142 Safari/537.36"
77.38.97.248 - - [04/Aug/2019:09:00:59 +0000] "GET /js/jquery.fancybox-media.js HTTP/1.1" 200 1973 "https://www.citadela.hr/pretraga?category=&type=&place=74&area=&price=100000&surface=" "Mozilla/5.0 (Windows NT 10.0; Win64; x64) AppleWebKit/537.36 (KHTML, like Gecko) Chrome/75.0.3770.142 Safari/537.36"
77.38.97.248 - - [04/Aug/2019:09:00:59 +0000] "GET /js/owl.js HTTP/1.1" 200 17545 "https://www.citadela.hr/pretraga?category=&type=&place=74&area=&price=100000&surface=" "Mozilla/5.0 (Windows NT 10.0; Win64; x64) AppleWebKit/537.36 (KHTML, like Gecko) Chrome/75.0.3770.142 Safari/537.36"
77.38.97.248 - - [04/Aug/2019:09:00:59 +0000] "GET /js/wow.js HTTP/1.1" 200 2198 "https://www.citadela.hr/pretraga?category=&type=&place=74&area=&price=100000&surface=" "Mozilla/5.0 (Windows NT 10.0; Win64; x64) AppleWebKit/537.36 (KHTML, like Gecko) Chrome/75.0.3770.142 Safari/537.36"
77.38.97.248 - - [04/Aug/2019:09:00:59 +0000] "GET /js/mixitup.js HTTP/1.1" 200 11347 "https://www.citadela.hr/pretraga?category=&type=&place=74&area=&price=100000&surface=" "Mozilla/5.0 (Windows NT 10.0; Win64; x64) AppleWebKit/537.36 (KHTML, like Gecko) Chrome/75.0.3770.142 Safari/537.36"
77.38.97.248 - - [04/Aug/2019:09:00:59 +0000] "GET /js/jshashtable-2.1_src.js HTTP/1.1" 200 2957 "https://www.citadela.hr/pretraga?category=&type=&place=74&area=&price=100000&surface=" "Mozilla/5.0 (Windows NT 10.0; Win64; x64) AppleWebKit/537.36 (KHTML, like Gecko) Chrome/75.0.3770.142 Safari/537.36"
77.38.97.248 - - [04/Aug/2019:09:00:59 +0000] "GET /js/jquery.numberformatter-1.2.3.js HTTP/1.1" 200 4697 "https://www.citadela.hr/pretraga?category=&type=&place=74&area=&price=100000&surface=" "Mozilla/5.0 (Windows NT 10.0; Win64; x64) AppleWebKit/537.36 (KHTML, like Gecko) Chrome/75.0.3770.142 Safari/537.36"
77.38.97.248 - - [04/Aug/2019:09:00:59 +0000] "GET /js/tmpl.js HTTP/1.1" 200 625 "https://www.citadela.hr/pretraga?category=&type=&place=74&area=&price=100000&surface=" "Mozilla/5.0 (Windows NT 10.0; Win64; x64) AppleWebKit/537.36 (KHTML, like Gecko) Chrome/75.0.3770.142 Safari/537.36"
77.38.97.248 - - [04/Aug/2019:09:00:59 +0000] "GET /js/jquery.dependClass-0.1.js HTTP/1.1" 200 458 "https://www.citadela.hr/pretraga?category=&type=&place=74&area=&price=100000&surface=" "Mozilla/5.0 (Windows NT 10.0; Win64; x64) AppleWebKit/537.36 (KHTML, like Gecko) Chrome/75.0.3770.142 Safari/537.36"
77.38.97.248 - - [04/Aug/2019:09:00:59 +0000] "GET /js/draggable-0.1.js HTTP/1.1" 200 1326 "https://www.citadela.hr/pretraga?category=&type=&place=74&area=&price=100000&surface=" "Mozilla/5.0 (Windows NT 10.0; Win64; x64) AppleWebKit/537.36 (KHTML, like Gecko) Chrome/75.0.3770.142 Safari/537.36"
77.38.97.248 - - [04/Aug/2019:09:00:59 +0000] "GET /js/jquery.barrating.js HTTP/1.1" 200 4280 "https://www.citadela.hr/pretraga?category=&type=&place=74&area=&price=100000&surface=" "Mozilla/5.0 (Windows NT 10.0; Win64; x64) AppleWebKit/537.36 (KHTML, like Gecko) Chrome/75.0.3770.142 Safari/537.36"
77.38.97.248 - - [04/Aug/2019:09:00:59 +0000] "GET /js/jquery.slider.js HTTP/1.1" 200 4772 "https://www.citadela.hr/pretraga?category=&type=&place=74&area=&price=100000&surface=" "Mozilla/5.0 (Windows NT 10.0; Win64; x64) AppleWebKit/537.36 (KHTML, like Gecko) Chrome/75.0.3770.142 Safari/537.36"
77.38.97.248 - - [04/Aug/2019:09:00:59 +0000] "GET /js/custom.js HTTP/1.1" 200 5159 "https://www.citadela.hr/pretraga?category=&type=&place=74&area=&price=100000&surface=" "Mozilla/5.0 (Windows NT 10.0; Win64; x64) AppleWebKit/537.36 (KHTML, like Gecko) Chrome/75.0.3770.142 Safari/537.36"
77.38.97.248 - - [04/Aug/2019:09:00:59 +0000] "GET /img/logo_header.png?v=2 HTTP/1.1" 200 4348 "https://www.citadela.hr/pretraga?category=&type=&place=74&area=&price=100000&surface=" "Mozilla/5.0 (Windows NT 10.0; Win64; x64) AppleWebKit/537.36 (KHTML, like Gecko) Chrome/75.0.3770.142 Safari/537.36"
77.38.97.248 - - [04/Aug/2019:09:00:59 +0000] "GET /img/logo_footer.png HTTP/1.1" 200 4213 "https://www.citadela.hr/pretraga?category=&type=&place=74&area=&price=100000&surface=" "Mozilla/5.0 (Windows NT 10.0; Win64; x64) AppleWebKit/537.36 (KHTML, like Gecko) Chrome/75.0.3770.142 Safari/537.36"
77.38.97.248 - - [04/Aug/2019:09:00:59 +0000] "GET /fonts/fontawesome-webfont.woff2?v=4.7.0 HTTP/1.1" 200 77160 "https://www.citadela.hr/css/font-awesome.css" "Mozilla/5.0 (Windows NT 10.0; Win64; x64) AppleWebKit/537.36 (KHTML, like Gecko) Chrome/75.0.3770.142 Safari/537.36"
77.38.97.248 - - [04/Aug/2019:09:00:59 +0000] "GET /uploads/thumbnails/d35a20e254b524e179133f8210b5c919.jpg HTTP/1.1" 200 48735 "https://www.citadela.hr/pretraga?category=&type=&place=74&area=&price=100000&surface=" "Mozilla/5.0 (Windows NT 10.0; Win64; x64) AppleWebKit/537.36 (KHTML, like Gecko) Chrome/75.0.3770.142 Safari/537.36"
77.38.97.248 - - [04/Aug/2019:09:00:59 +0000] "GET /assets/plugins/flag/flags/4x3/hr.svg HTTP/1.1" 200 80697 "https://www.citadela.hr/assets/plugins/flag/css/flag-icon.css" "Mozilla/5.0 (Windows NT 10.0; Win64; x64) AppleWebKit/537.36 (KHTML, like Gecko) Chrome/75.0.3770.142 Safari/537.36"
77.38.97.248 - - [04/Aug/2019:09:00:59 +0000] "GET /img/banner/banner.png HTTP/1.1" 200 188379 "https://www.citadela.hr/css/style.css?v=2" "Mozilla/5.0 (Windows NT 10.0; Win64; x64) AppleWebKit/537.36 (KHTML, like Gecko) Chrome/75.0.3770.142 Safari/537.36"
77.38.97.248 - - [04/Aug/2019:09:00:59 +0000] "GET /favicon-32x32.png HTTP/1.1" 200 1936 "https://www.citadela.hr/pretraga?category=&type=&place=74&area=&price=100000&surface=" "Mozilla/5.0 (Windows NT 10.0; Win64; x64) AppleWebKit/537.36 (KHTML, like Gecko) Chrome/75.0.3770.142 Safari/537.36"
77.38.97.248 - - [04/Aug/2019:09:01:24 +0000] "GET /api/places/84/areas HTTP/1.1" 200 2 "https://www.citadela.hr/pretraga?category=&type=&place=74&area=&price=100000&surface=" "Mozilla/5.0 (Windows NT 10.0; Win64; x64) AppleWebKit/537.36 (KHTML, like Gecko) Chrome/75.0.3770.142 Safari/537.36"
77.38.97.248 - - [04/Aug/2019:09:01:32 +0000] "GET /pretraga?category=&type=&place=84&area=&price=500000&surface= HTTP/1.1" 200 4281 "https://www.citadela.hr/pretraga?category=&type=&place=74&area=&price=100000&surface=" "Mozilla/5.0 (Windows NT 10.0; Win64; x64) AppleWebKit/537.36 (KHTML, like Gecko) Chrome/75.0.3770.142 Safari/537.36"
77.38.97.248 - - [04/Aug/2019:09:01:33 +0000] "GET /css/bootstrap.css HTTP/1.1" 200 20712 "https://www.citadela.hr/pretraga?category=&type=&place=84&area=&price=500000&surface=" "Mozilla/5.0 (Windows NT 10.0; Win64; x64) AppleWebKit/537.36 (KHTML, like Gecko) Chrome/75.0.3770.142 Safari/537.36"
77.38.97.248 - - [04/Aug/2019:09:01:33 +0000] "GET /css/style.css?v=2 HTTP/1.1" 200 17441 "https://www.citadela.hr/pretraga?category=&type=&place=84&area=&price=500000&surface=" "Mozilla/5.0 (Windows NT 10.0; Win64; x64) AppleWebKit/537.36 (KHTML, like Gecko) Chrome/75.0.3770.142 Safari/537.36"
77.38.97.248 - - [04/Aug/2019:09:01:33 +0000] "GET /css/font-awesome.css HTTP/1.1" 200 7439 "https://www.citadela.hr/pretraga?category=&type=&place=84&area=&price=500000&surface=" "Mozilla/5.0 (Windows NT 10.0; Win64; x64) AppleWebKit/537.36 (KHTML, like Gecko) Chrome/75.0.3770.142 Safari/537.36"
77.38.97.248 - - [04/Aug/2019:09:01:33 +0000] "GET /fonts/flaticon.css HTTP/1.1" 200 699 "https://www.citadela.hr/pretraga?category=&type=&place=84&area=&price=500000&surface=" "Mozilla/5.0 (Windows NT 10.0; Win64; x64) AppleWebKit/537.36 (KHTML, like Gecko) Chrome/75.0.3770.142 Safari/537.36"
77.38.97.248 - - [04/Aug/2019:09:01:33 +0000] "GET /css/colors/blue.css?v=2 HTTP/1.1" 200 3552 "https://www.citadela.hr/pretraga?category=&type=&place=84&area=&price=500000&surface=" "Mozilla/5.0 (Windows NT 10.0; Win64; x64) AppleWebKit/537.36 (KHTML, like Gecko) Chrome/75.0.3770.142 Safari/537.36"
77.38.97.248 - - [04/Aug/2019:09:01:33 +0000] "GET /css/jslider.css HTTP/1.1" 200 763 "https://www.citadela.hr/pretraga?category=&type=&place=84&area=&price=500000&surface=" "Mozilla/5.0 (Windows NT 10.0; Win64; x64) AppleWebKit/537.36 (KHTML, like Gecko) Chrome/75.0.3770.142 Safari/537.36"
77.38.97.248 - - [04/Aug/2019:09:01:33 +0000] "GET /css/responsive.css HTTP/1.1" 200 2788 "https://www.citadela.hr/pretraga?category=&type=&place=84&area=&price=500000&surface=" "Mozilla/5.0 (Windows NT 10.0; Win64; x64) AppleWebKit/537.36 (KHTML, like Gecko) Chrome/75.0.3770.142 Safari/537.36"
77.38.97.248 - - [04/Aug/2019:09:01:33 +0000] "GET /css/loader.css?v=2 HTTP/1.1" 200 772 "https://www.citadela.hr/pretraga?category=&type=&place=84&area=&price=500000&surface=" "Mozilla/5.0 (Windows NT 10.0; Win64; x64) AppleWebKit/537.36 (KHTML, like Gecko) Chrome/75.0.3770.142 Safari/537.36"
77.38.97.248 - - [04/Aug/2019:09:01:33 +0000] "GET /assets/plugins/flag/css/flag-icon.css HTTP/1.1" 200 2837 "https://www.citadela.hr/pretraga?category=&type=&place=84&area=&price=500000&surface=" "Mozilla/5.0 (Windows NT 10.0; Win64; x64) AppleWebKit/537.36 (KHTML, like Gecko) Chrome/75.0.3770.142 Safari/537.36"
77.38.97.248 - - [04/Aug/2019:09:01:33 +0000] "GET /uploads/thumbnails/f28c4ddee2395a7c3c7630d204227ede.JPG HTTP/1.1" 200 46650 "https://www.citadela.hr/pretraga?category=&type=&place=84&area=&price=500000&surface=" "Mozilla/5.0 (Windows NT 10.0; Win64; x64) AppleWebKit/537.36 (KHTML, like Gecko) Chrome/75.0.3770.142 Safari/537.36"
77.38.97.248 - - [04/Aug/2019:09:01:44 +0000] "GET /kuce/petrcane-punta-skala-vikendica-s-3-apartmana-i-pogledom-na-more HTTP/1.1" 200 5938 "https://www.citadela.hr/pretraga?category=&type=&place=84&area=&price=500000&surface=" "Mozilla/5.0 (Windows NT 10.0; Win64; x64) AppleWebKit/537.36 (KHTML, like Gecko) Chrome/75.0.3770.142 Safari/537.36"
77.38.97.248 - - [04/Aug/2019:09:01:44 +0000] "GET /css/bootstrap.css HTTP/1.1" 200 20712 "https://www.citadela.hr/kuce/petrcane-punta-skala-vikendica-s-3-apartmana-i-pogledom-na-more" "Mozilla/5.0 (Windows NT 10.0; Win64; x64) AppleWebKit/537.36 (KHTML, like Gecko) Chrome/75.0.3770.142 Safari/537.36"
77.38.97.248 - - [04/Aug/2019:09:01:44 +0000] "GET /css/jslider.css HTTP/1.1" 200 763 "https://www.citadela.hr/kuce/petrcane-punta-skala-vikendica-s-3-apartmana-i-pogledom-na-more" "Mozilla/5.0 (Windows NT 10.0; Win64; x64) AppleWebKit/537.36 (KHTML, like Gecko) Chrome/75.0.3770.142 Safari/537.36"
77.38.97.248 - - [04/Aug/2019:09:01:44 +0000] "GET /css/colors/blue.css?v=2 HTTP/1.1" 200 3552 "https://www.citadela.hr/kuce/petrcane-punta-skala-vikendica-s-3-apartmana-i-pogledom-na-more" "Mozilla/5.0 (Windows NT 10.0; Win64; x64) AppleWebKit/537.36 (KHTML, like Gecko) Chrome/75.0.3770.142 Safari/537.36"
77.38.97.248 - - [04/Aug/2019:09:01:44 +0000] "GET /fonts/flaticon.css HTTP/1.1" 200 699 "https://www.citadela.hr/kuce/petrcane-punta-skala-vikendica-s-3-apartmana-i-pogledom-na-more" "Mozilla/5.0 (Windows NT 10.0; Win64; x64) AppleWebKit/537.36 (KHTML, like Gecko) Chrome/75.0.3770.142 Safari/537.36"
77.38.97.248 - - [04/Aug/2019:09:01:44 +0000] "GET /css/font-awesome.css HTTP/1.1" 200 7439 "https://www.citadela.hr/kuce/petrcane-punta-skala-vikendica-s-3-apartmana-i-pogledom-na-more" "Mozilla/5.0 (Windows NT 10.0; Win64; x64) AppleWebKit/537.36 (KHTML, like Gecko) Chrome/75.0.3770.142 Safari/537.36"
77.38.97.248 - - [04/Aug/2019:09:01:44 +0000] "GET /css/style.css?v=2 HTTP/1.1" 200 17441 "https://www.citadela.hr/kuce/petrcane-punta-skala-vikendica-s-3-apartmana-i-pogledom-na-more" "Mozilla/5.0 (Windows NT 10.0; Win64; x64) AppleWebKit/537.36 (KHTML, like Gecko) Chrome/75.0.3770.142 Safari/537.36"
77.38.97.248 - - [04/Aug/2019:09:01:44 +0000] "GET /css/responsive.css HTTP/1.1" 200 2788 "https://www.citadela.hr/kuce/petrcane-punta-skala-vikendica-s-3-apartmana-i-pogledom-na-more" "Mozilla/5.0 (Windows NT 10.0; Win64; x64) AppleWebKit/537.36 (KHTML, like Gecko) Chrome/75.0.3770.142 Safari/537.36"
77.38.97.248 - - [04/Aug/2019:09:01:44 +0000] "GET /css/loader.css?v=2 HTTP/1.1" 200 772 "https://www.citadela.hr/kuce/petrcane-punta-skala-vikendica-s-3-apartmana-i-pogledom-na-more" "Mozilla/5.0 (Windows NT 10.0; Win64; x64) AppleWebKit/537.36 (KHTML, like Gecko) Chrome/75.0.3770.142 Safari/537.36"
77.38.97.248 - - [04/Aug/2019:09:01:44 +0000] "GET /assets/plugins/flag/css/flag-icon.css HTTP/1.1" 200 2837 "https://www.citadela.hr/kuce/petrcane-punta-skala-vikendica-s-3-apartmana-i-pogledom-na-more" "Mozilla/5.0 (Windows NT 10.0; Win64; x64) AppleWebKit/537.36 (KHTML, like Gecko) Chrome/75.0.3770.142 Safari/537.36"
77.38.97.248 - - [04/Aug/2019:09:01:44 +0000] "GET /unitegallery/css/unite-gallery.css HTTP/1.1" 200 4825 "https://www.citadela.hr/kuce/petrcane-punta-skala-vikendica-s-3-apartmana-i-pogledom-na-more" "Mozilla/5.0 (Windows NT 10.0; Win64; x64) AppleWebKit/537.36 (KHTML, like Gecko) Chrome/75.0.3770.142 Safari/537.36"
77.38.97.248 - - [04/Aug/2019:09:01:44 +0000] "GET /unitegallery/js/jquery-11.0.min.js HTTP/1.1" 200 33369 "https://www.citadela.hr/kuce/petrcane-punta-skala-vikendica-s-3-apartmana-i-pogledom-na-more" "Mozilla/5.0 (Windows NT 10.0; Win64; x64) AppleWebKit/537.36 (KHTML, like Gecko) Chrome/75.0.3770.142 Safari/537.36"
77.38.97.248 - - [04/Aug/2019:09:01:44 +0000] "GET /unitegallery/js/unitegallery.min.js HTTP/1.1" 200 66910 "https://www.citadela.hr/kuce/petrcane-punta-skala-vikendica-s-3-apartmana-i-pogledom-na-more" "Mozilla/5.0 (Windows NT 10.0; Win64; x64) AppleWebKit/537.36 (KHTML, like Gecko) Chrome/75.0.3770.142 Safari/537.36"
77.38.97.248 - - [04/Aug/2019:09:01:44 +0000] "GET /unitegallery/themes/compact/ug-theme-compact.js HTTP/1.1" 200 2477 "https://www.citadela.hr/kuce/petrcane-punta-skala-vikendica-s-3-apartmana-i-pogledom-na-more" "Mozilla/5.0 (Windows NT 10.0; Win64; x64) AppleWebKit/537.36 (KHTML, like Gecko) Chrome/75.0.3770.142 Safari/537.36"
77.38.97.248 - - [04/Aug/2019:09:01:44 +0000] "GET /uploads/thumbnails/5515c929a61cee595d6c147fd2c1aff0.jpg HTTP/1.1" 200 61638 "https://www.citadela.hr/kuce/petrcane-punta-skala-vikendica-s-3-apartmana-i-pogledom-na-more" "Mozilla/5.0 (Windows NT 10.0; Win64; x64) AppleWebKit/537.36 (KHTML, like Gecko) Chrome/75.0.3770.142 Safari/537.36"
77.38.97.248 - - [04/Aug/2019:09:01:44 +0000] "GET /uploads/thumbnails/8dc6a7ef997a836a35559e81a04c0539.jpg HTTP/1.1" 200 59283 "https://www.citadela.hr/kuce/petrcane-punta-skala-vikendica-s-3-apartmana-i-pogledom-na-more" "Mozilla/5.0 (Windows NT 10.0; Win64; x64) AppleWebKit/537.36 (KHTML, like Gecko) Chrome/75.0.3770.142 Safari/537.36"
77.38.97.248 - - [04/Aug/2019:09:01:44 +0000] "GET /uploads/thumbnails/7915645d3793ff7eb1db19995ec8cba1.jpg HTTP/1.1" 200 49522 "https://www.citadela.hr/kuce/petrcane-punta-skala-vikendica-s-3-apartmana-i-pogledom-na-more" "Mozilla/5.0 (Windows NT 10.0; Win64; x64) AppleWebKit/537.36 (KHTML, like Gecko) Chrome/75.0.3770.142 Safari/537.36"
77.38.97.248 - - [04/Aug/2019:09:01:44 +0000] "GET /uploads/thumbnails/ea94c49034b8aa4908acc74b7b1118b4.jpg HTTP/1.1" 200 62816 "https://www.citadela.hr/kuce/petrcane-punta-skala-vikendica-s-3-apartmana-i-pogledom-na-more" "Mozilla/5.0 (Windows NT 10.0; Win64; x64) AppleWebKit/537.36 (KHTML, like Gecko) Chrome/75.0.3770.142 Safari/537.36"
77.38.97.248 - - [04/Aug/2019:09:01:44 +0000] "GET /uploads/thumbnails/e12e7cbc1ec71089f1fb856a0b4f485d.jpg HTTP/1.1" 200 46521 "https://www.citadela.hr/kuce/petrcane-punta-skala-vikendica-s-3-apartmana-i-pogledom-na-more" "Mozilla/5.0 (Windows NT 10.0; Win64; x64) AppleWebKit/537.36 (KHTML, like Gecko) Chrome/75.0.3770.142 Safari/537.36"
77.38.97.248 - - [04/Aug/2019:09:01:44 +0000] "GET /uploads/thumbnails/1ebd91238b8df215b605508c48769520.jpg HTTP/1.1" 200 70680 "https://www.citadela.hr/kuce/petrcane-punta-skala-vikendica-s-3-apartmana-i-pogledom-na-more" "Mozilla/5.0 (Windows NT 10.0; Win64; x64) AppleWebKit/537.36 (KHTML, like Gecko) Chrome/75.0.3770.142 Safari/537.36"
