185.6.9.216 - - [05/Aug/2019:10:11:24 +0000] "GET /en/houses?page=1 HTTP/1.1" 200 31125 "-" "(info@domaincrawler.com; http://www.domaincrawler.com/citadela.hr)"
185.6.9.216 - - [05/Aug/2019:10:11:26 +0000] "GET /en/houses/posedarje-kuca-s-dva-stana-i-podrumom-150-m2 HTTP/1.1" 200 26577 "-" "(info@domaincrawler.com; http://www.domaincrawler.com/citadela.hr)"
185.6.9.216 - - [05/Aug/2019:10:11:28 +0000] "GET /en/houses/slivnica-kuca-za-odmor-s-pogledom-na-more-19210-m2 HTTP/1.1" 200 25886 "-" "(info@domaincrawler.com; http://www.domaincrawler.com/citadela.hr)"
185.6.9.216 - - [05/Aug/2019:10:11:30 +0000] "GET /en/houses/primosten-dolac-kuca-s-pogledom-na-more-16869-m2 HTTP/1.1" 200 27693 "-" "(info@domaincrawler.com; http://www.domaincrawler.com/citadela.hr)"
185.6.9.216 - - [05/Aug/2019:10:11:35 +0000] "GET /en/houses/biograd-na-moru-kuca-s-9-apartmana-481-m2-novogradnja HTTP/1.1" 200 30979 "-" "(info@domaincrawler.com; http://www.domaincrawler.com/citadela.hr)"
185.6.9.216 - - [05/Aug/2019:10:11:38 +0000] "GET /en/houses/sveti-petar-na-moru-pansion-s-15-soba-i-restoranom-600-m2 HTTP/1.1" 200 27098 "-" "(info@domaincrawler.com; http://www.domaincrawler.com/citadela.hr)"
66.249.69.1 - - [05/Aug/2019:10:11:40 +0000] "GET /en/apartments/privlaka-dvosoban-apartman-u-blizini-mora-44-m2 HTTP/1.1" 500 25403 "-" "Mozilla/5.0 (Linux; Android 6.0.1; Nexus 5X Build/MMB29P) AppleWebKit/537.36 (KHTML, like Gecko) Chrome/41.0.2272.96 Mobile Safari/537.36 (compatible; Googlebot/2.1; +http://www.google.com/bot.html)"
185.6.9.216 - - [05/Aug/2019:10:11:41 +0000] "GET /en/houses/rovanjska-vila-s-bazenom-u-blizini-mora-250-m2 HTTP/1.1" 200 28869 "-" "(info@domaincrawler.com; http://www.domaincrawler.com/citadela.hr)"
185.6.9.216 - - [05/Aug/2019:10:11:47 +0000] "GET /en/houses/veli-iz-pansion-prvi-red-do-mora-46340-m2-okucnica-1688-m2 HTTP/1.1" 200 28573 "-" "(info@domaincrawler.com; http://www.domaincrawler.com/citadela.hr)"
185.6.9.216 - - [05/Aug/2019:10:11:49 +0000] "GET /en/houses/starigrad-kuca-s-bazenom-drugi-red-do-mora-260-m2 HTTP/1.1" 200 29212 "-" "(info@domaincrawler.com; http://www.domaincrawler.com/citadela.hr)"
185.6.9.216 - - [05/Aug/2019:10:11:51 +0000] "GET /en/houses/privlaka-luksuzna-kuca-za-odmor-272-m2 HTTP/1.1" 200 27536 "-" "(info@domaincrawler.com; http://www.domaincrawler.com/citadela.hr)"
185.6.9.216 - - [05/Aug/2019:10:11:53 +0000] "GET /en/houses/vir-kuca-556-m2-6-apartmana-i-poslovni-prostor-170-m-od-mora HTTP/1.1" 200 27991 "-" "(info@domaincrawler.com; http://www.domaincrawler.com/citadela.hr)"
185.6.9.216 - - [05/Aug/2019:10:12:01 +0000] "GET /en/houses/zadar-diklo-kuca-188-m2-pomocni-objekat-47m2-okucnica-1106-m2 HTTP/1.1" 200 24611 "-" "(info@domaincrawler.com; http://www.domaincrawler.com/citadela.hr)"
185.6.9.216 - - [05/Aug/2019:10:12:03 +0000] "GET /en/lands/privlaka-gradevinsko-zemljiste-u-sumi-i-blizu-mora-912-m2 HTTP/1.1" 200 24794 "-" "(info@domaincrawler.com; http://www.domaincrawler.com/citadela.hr)"
185.6.9.216 - - [05/Aug/2019:10:12:06 +0000] "GET /en/lands/murter-centar-gradevinsko-zemljiste-treci-red-do-plaze-962-m2 HTTP/1.1" 200 24167 "-" "(info@domaincrawler.com; http://www.domaincrawler.com/citadela.hr)"
185.6.9.216 - - [05/Aug/2019:10:12:08 +0000] "GET /en/lands/zemunik-donji-gradevinsko-zemljiste-250m-od-centra-5071-m2prilika HTTP/1.1" 200 23803 "-" "(info@domaincrawler.com; http://www.domaincrawler.com/citadela.hr)"
185.6.9.216 - - [05/Aug/2019:10:12:11 +0000] "GET /en/lands/starigrad-gradevinsko-zemljiste-pored-ulaza-u-np-paklenica-480m2 HTTP/1.1" 200 25152 "-" "(info@domaincrawler.com; http://www.domaincrawler.com/citadela.hr)"
185.6.9.216 - - [05/Aug/2019:10:12:14 +0000] "GET /en/lands/pasman-zdrelac-gradevinsko-zemljiste-s-pogledom-na-more-460-m2 HTTP/1.1" 200 22217 "-" "(info@domaincrawler.com; http://www.domaincrawler.com/citadela.hr)"
185.6.9.216 - - [05/Aug/2019:10:12:16 +0000] "GET /en/lands/udbina-komic-4-objekta-na-imanju-od-20-hektara HTTP/1.1" 200 26392 "-" "(info@domaincrawler.com; http://www.domaincrawler.com/citadela.hr)"
185.6.9.216 - - [05/Aug/2019:10:12:18 +0000] "GET /en/lands/murter-cigrada-zemljiste-prvi-red-do-mora-333-m2 HTTP/1.1" 200 24553 "-" "(info@domaincrawler.com; http://www.domaincrawler.com/citadela.hr)"
185.6.9.216 - - [05/Aug/2019:10:12:21 +0000] "GET /en/lands/zadarkozino-gradevinska-zemljista-300-m-od-mora-520-555-m2 HTTP/1.1" 200 23563 "-" "(info@domaincrawler.com; http://www.domaincrawler.com/citadela.hr)"
185.6.9.216 - - [05/Aug/2019:10:12:28 +0000] "GET /en/lands/gracac-omsica-zemljiste-s-5-objekata-105445-m2 HTTP/1.1" 200 26141 "-" "(info@domaincrawler.com; http://www.domaincrawler.com/citadela.hr)"
185.6.9.216 - - [05/Aug/2019:10:12:30 +0000] "GET /en/lands?page=1 HTTP/1.1" 200 31855 "-" "(info@domaincrawler.com; http://www.domaincrawler.com/citadela.hr)"
185.6.9.216 - - [05/Aug/2019:10:12:32 +0000] "GET /en/lands/sv-filip-i-jakov-gradevinsko-zemljiste-u-blizini-mora-490-m2 HTTP/1.1" 200 24272 "-" "(info@domaincrawler.com; http://www.domaincrawler.com/citadela.hr)"
185.6.9.216 - - [05/Aug/2019:10:12:35 +0000] "GET /en/lands/sukosan-gradevinsko-zemljiste-s-pogledom-na-more-1373-m2 HTTP/1.1" 200 23220 "-" "(info@domaincrawler.com; http://www.domaincrawler.com/citadela.hr)"
185.6.9.216 - - [05/Aug/2019:10:12:37 +0000] "GET /en/lands/rogoznica-razanj-gradevinsko-zemljiste-treci-red-do-mora-480-m2 HTTP/1.1" 200 23239 "-" "(info@domaincrawler.com; http://www.domaincrawler.com/citadela.hr)"
66.249.69.3 - - [05/Aug/2019:10:12:38 +0000] "GET /en/search?category=4&type=&place=&area=&price=100000&surface=100 HTTP/1.1" 200 3880 "-" "Mozilla/5.0 (compatible; Googlebot/2.1; +http://www.google.com/bot.html)"
185.6.9.216 - - [05/Aug/2019:10:12:40 +0000] "GET /en/lands/maslenica-gradevinsko-zemljiste-u-blizini-mora-1056-m2 HTTP/1.1" 200 23683 "-" "(info@domaincrawler.com; http://www.domaincrawler.com/citadela.hr)"
185.6.9.216 - - [05/Aug/2019:10:12:42 +0000] "GET /en/lands/veli-rat-gradevinsko-zemljiste-prvi-red-do-mora-2049-m2 HTTP/1.1" 200 24216 "-" "(info@domaincrawler.com; http://www.domaincrawler.com/citadela.hr)"
185.6.9.216 - - [05/Aug/2019:10:12:44 +0000] "GET /en/lands/maslenica-gradevinsko-zemljiste-treci-red-do-mora-1029-m2 HTTP/1.1" 200 25281 "-" "(info@domaincrawler.com; http://www.domaincrawler.com/citadela.hr)"
185.6.9.216 - - [05/Aug/2019:10:12:46 +0000] "GET /en/lands/rupalj-gradevinsko-zemljiste-povrsine-4280-m2-23-m2 HTTP/1.1" 200 23354 "-" "(info@domaincrawler.com; http://www.domaincrawler.com/citadela.hr)"
185.6.9.216 - - [05/Aug/2019:10:12:48 +0000] "GET /en/lands/starigrad-gradevinsko-zemljiste-pored-ulaza-u-np-paklenica-963-m2 HTTP/1.1" 200 25219 "-" "(info@domaincrawler.com; http://www.domaincrawler.com/citadela.hr)"
185.6.9.216 - - [05/Aug/2019:10:12:51 +0000] "GET /en/lands/maslenica-gradevinsko-zemljiste-s-pogledom-na-more-609m2 HTTP/1.1" 200 24908 "-" "(info@domaincrawler.com; http://www.domaincrawler.com/citadela.hr)"
185.6.9.216 - - [05/Aug/2019:10:12:52 +0000] "GET /en/lands/maslenica-gradevinsko-zemljiste-s-pogledom-na-more-857-m2 HTTP/1.1" 200 24523 "-" "(info@domaincrawler.com; http://www.domaincrawler.com/citadela.hr)"
185.6.9.216 - - [05/Aug/2019:10:12:57 +0000] "GET /en/lands/debeljak-gradevinsko-zemljiste-s-pogledom-na-more-1826-m2 HTTP/1.1" 200 23277 "-" "(info@domaincrawler.com; http://www.domaincrawler.com/citadela.hr)"
185.6.9.216 - - [05/Aug/2019:10:12:59 +0000] "GET /en/lands/povljana-gradevinsko-zemljiste-u-blizini-mora-1129-m2 HTTP/1.1" 200 23376 "-" "(info@domaincrawler.com; http://www.domaincrawler.com/citadela.hr)"
185.6.9.216 - - [05/Aug/2019:10:13:02 +0000] "GET /en/lands/baske-ostarije-grad-zemljiste-s-projektnom-dokumentacijom-1095-m2 HTTP/1.1" 200 29062 "-" "(info@domaincrawler.com; http://www.domaincrawler.com/citadela.hr)"
185.6.9.216 - - [05/Aug/2019:10:13:04 +0000] "GET /en/lands/pag-mandre-gradevinsko-zemljiste-u-t2t3-zoni-12585-m2 HTTP/1.1" 200 23372 "-" "(info@domaincrawler.com; http://www.domaincrawler.com/citadela.hr)"
185.6.9.216 - - [05/Aug/2019:10:13:06 +0000] "GET /en/lands/zaton-gradevinsko-zemljiste-s-projektom-treci-red-do-mora-1044-m2 HTTP/1.1" 200 24054 "-" "(info@domaincrawler.com; http://www.domaincrawler.com/citadela.hr)"
185.6.9.216 - - [05/Aug/2019:10:13:08 +0000] "GET /en/lands/privlaka-gradevinsko-zemljiste-prvi-red-do-mora-2679-m2 HTTP/1.1" 200 23560 "-" "(info@domaincrawler.com; http://www.domaincrawler.com/citadela.hr)"
185.6.9.216 - - [05/Aug/2019:10:13:10 +0000] "GET /en/lands/razanac-gradevinsko-zemljiste-u-blizini-mora-721-m2 HTTP/1.1" 200 24484 "-" "(info@domaincrawler.com; http://www.domaincrawler.com/citadela.hr)"
185.6.9.216 - - [05/Aug/2019:10:13:12 +0000] "GET /en/lands/pakostane-zemljiste-u-t3-kamp-zoni-drugi-red-do-mora-1949-m2 HTTP/1.1" 200 23743 "-" "(info@domaincrawler.com; http://www.domaincrawler.com/citadela.hr)"
185.6.9.216 - - [05/Aug/2019:10:13:22 +0000] "GET /en/lands/maslenica-gradevinsko-zemljiste-s-prikljucenom-strujom-i-vodom490-m2 HTTP/1.1" 200 23714 "-" "(info@domaincrawler.com; http://www.domaincrawler.com/citadela.hr)"
185.6.9.216 - - [05/Aug/2019:10:13:30 +0000] "GET /en/lands/zaboric-zemljiste-prvi-red-do-mora-t1-t2-t3-zona-12600-m2 HTTP/1.1" 200 24399 "-" "(info@domaincrawler.com; http://www.domaincrawler.com/citadela.hr)"
185.6.9.216 - - [05/Aug/2019:10:13:31 +0000] "GET /en/lands/murter-cigrada-zemljiste-drugi-red-do-mora-1252-m2 HTTP/1.1" 200 23781 "-" "(info@domaincrawler.com; http://www.domaincrawler.com/citadela.hr)"
185.6.9.216 - - [05/Aug/2019:10:13:35 +0000] "GET /en/lands/biograd-na-moru-gradevinsko-zemljiste-1215-m2 HTTP/1.1" 200 23537 "-" "(info@domaincrawler.com; http://www.domaincrawler.com/citadela.hr)"
185.6.9.216 - - [05/Aug/2019:10:13:37 +0000] "GET /en/lands/dugi-otok-dragove-grad-zemljiste-prvi-red-do-mora-2010-m2-70m2 HTTP/1.1" 200 23786 "-" "(info@domaincrawler.com; http://www.domaincrawler.com/citadela.hr)"
185.6.9.216 - - [05/Aug/2019:10:13:41 +0000] "GET /en/apartments/maslenica-cetverosoban-apartman-prvi-red-do-mora-8573-m2 HTTP/1.1" 200 28423 "-" "(info@domaincrawler.com; http://www.domaincrawler.com/citadela.hr)"
185.6.9.216 - - [05/Aug/2019:10:13:45 +0000] "GET /en/apartments?page=1 HTTP/1.1" 200 31522 "-" "(info@domaincrawler.com; http://www.domaincrawler.com/citadela.hr)"
185.6.9.216 - - [05/Aug/2019:10:13:50 +0000] "GET /en/apartments/starigrad-novi-namjesteni-stan-80-metara-od-mora-11145-m2 HTTP/1.1" 200 29167 "-" "(info@domaincrawler.com; http://www.domaincrawler.com/citadela.hr)"
185.6.9.216 - - [05/Aug/2019:10:13:52 +0000] "GET /en/apartments/maslenica-apartman-prvi-red-do-mora HTTP/1.1" 200 25535 "-" "(info@domaincrawler.com; http://www.domaincrawler.com/citadela.hr)"
185.6.9.216 - - [05/Aug/2019:10:13:54 +0000] "GET /en/apartments/maslenica-dvosoban-apartman-prvi-red-do-mora-4269-m2 HTTP/1.1" 200 26441 "-" "(info@domaincrawler.com; http://www.domaincrawler.com/citadela.hr)"
185.6.9.216 - - [05/Aug/2019:10:13:56 +0000] "GET /en/apartments/starigrad-novi-trosoban-stan-s-pogledom-na-more-garsonjera9365-m2 HTTP/1.1" 200 27224 "-" "(info@domaincrawler.com; http://www.domaincrawler.com/citadela.hr)"
185.6.9.216 - - [05/Aug/2019:10:13:58 +0000] "GET /en/apartments/kozino-dvosoban-apartman-prvi-red-do-mora-5509-m2 HTTP/1.1" 200 26499 "-" "(info@domaincrawler.com; http://www.domaincrawler.com/citadela.hr)"
66.249.69.3 - - [05/Aug/2019:10:16:32 +0000] "GET /apartmani/privlaka-renovirani-jednosoban-apartman-120-m-od-plaze-31-m2 HTTP/1.1" 500 25403 "-" "Mozilla/5.0 (Linux; Android 6.0.1; Nexus 5X Build/MMB29P) AppleWebKit/537.36 (KHTML, like Gecko) Chrome/41.0.2272.96 Mobile Safari/537.36 (compatible; Googlebot/2.1; +http://www.google.com/bot.html)"
66.249.69.1 - - [05/Aug/2019:10:19:27 +0000] "GET /pretraga?category=&place=39&price=100000&surface=100 HTTP/1.1" 200 4244 "-" "Mozilla/5.0 (Linux; Android 6.0.1; Nexus 5X Build/MMB29P) AppleWebKit/537.36 (KHTML, like Gecko) Chrome/41.0.2272.96 Mobile Safari/537.36 (compatible; Googlebot/2.1; +http://www.google.com/bot.html)"
205.237.95.44 - - [05/Aug/2019:10:33:46 +0000] "GET / HTTP/1.1" 301 232 "-" "Go-http-client/1.1"
216.244.66.226 - - [05/Aug/2019:10:43:28 +0000] "GET /robots.txt HTTP/1.1" 301 242 "-" "Mozilla/5.0 (compatible; DotBot/1.1; http://www.opensiteexplorer.org/dotbot, help@moz.com)"
216.244.66.226 - - [05/Aug/2019:10:43:29 +0000] "GET /robots.txt HTTP/1.1" 200 24 "-" "Mozilla/5.0 (compatible; DotBot/1.1; http://www.opensiteexplorer.org/dotbot, help@moz.com)"
54.36.150.131 - - [05/Aug/2019:10:48:27 +0000] "GET /hr/kuce/primosten-dolac-kuca-s-pogledom-na-more-16869-m2 HTTP/1.1" 200 6051 "-" "Mozilla/5.0 (compatible; AhrefsBot/6.1; +http://ahrefs.com/robot/)"
66.249.69.1 - - [05/Aug/2019:10:55:00 +0000] "GET /en/search?category=&type=&place=&area=66&price=1000000&surface=200&page=6 HTTP/1.1" 200 3967 "-" "Mozilla/5.0 (Linux; Android 6.0.1; Nexus 5X Build/MMB29P) AppleWebKit/537.36 (KHTML, like Gecko) Chrome/41.0.2272.96 Mobile Safari/537.36 (compatible; Googlebot/2.1; +http://www.google.com/bot.html)"
66.249.69.3 - - [05/Aug/2019:11:02:49 +0000] "GET /en/search?category=&type=&place=&area=93&price=1000000&surface=&page=4 HTTP/1.1" 200 3966 "-" "Mozilla/5.0 (Linux; Android 6.0.1; Nexus 5X Build/MMB29P) AppleWebKit/537.36 (KHTML, like Gecko) Chrome/41.0.2272.96 Mobile Safari/537.36 (compatible; Googlebot/2.1; +http://www.google.com/bot.html)"
216.244.66.226 - - [05/Aug/2019:11:29:51 +0000] "GET /robots.txt HTTP/1.1" 301 242 "-" "Mozilla/5.0 (compatible; DotBot/1.1; http://www.opensiteexplorer.org/dotbot, help@moz.com)"
216.244.66.226 - - [05/Aug/2019:11:29:53 +0000] "GET /robots.txt HTTP/1.1" 200 24 "-" "Mozilla/5.0 (compatible; DotBot/1.1; http://www.opensiteexplorer.org/dotbot, help@moz.com)"
66.249.69.3 - - [05/Aug/2019:11:37:24 +0000] "GET /pretraga?category=&type=&place=&area=&price=50000&surface=200 HTTP/1.1" 200 5330 "-" "Mozilla/5.0 (Linux; Android 6.0.1; Nexus 5X Build/MMB29P) AppleWebKit/537.36 (KHTML, like Gecko) Chrome/41.0.2272.96 Mobile Safari/537.36 (compatible; Googlebot/2.1; +http://www.google.com/bot.html)"
46.119.121.39 - - [05/Aug/2019:11:43:10 +0000] "GET / HTTP/1.1" 301 232 "https://banking.vc/" "Mozilla/4.0 (compatible; MSIE 6.0; Windows NT 5.1; Deepnet Explorer 1.5.0; .NET CLR 1.0.3705)"
46.119.121.39 - - [05/Aug/2019:11:43:10 +0000] "GET / HTTP/1.1" 301 232 "https://vorotavtomatika.od.ua/" "Mozilla/4.0 (compatible; MSIE 6.0; Windows NT 5.1; Deepnet Explorer 1.5.0; .NET CLR 1.0.3705)"
46.119.121.39 - - [05/Aug/2019:11:43:11 +0000] "GET / HTTP/1.1" 301 232 "https://banking.vc/" "Mozilla/4.0 (compatible; MSIE 6.0; Windows NT 5.1; Deepnet Explorer 1.5.0; .NET CLR 1.0.3705)"
46.119.121.39 - - [05/Aug/2019:11:43:11 +0000] "GET / HTTP/1.1" 301 232 "https://vorotavtomatika.od.ua/" "Mozilla/4.0 (compatible; MSIE 6.0; Windows NT 5.1; Deepnet Explorer 1.5.0; .NET CLR 1.0.3705)"
46.119.121.39 - - [05/Aug/2019:11:43:11 +0000] "GET / HTTP/1.1" 301 232 "https://banking.vc/" "Mozilla/4.0 (compatible; MSIE 6.0; Windows NT 5.1; Deepnet Explorer 1.5.0; .NET CLR 1.0.3705)"
46.119.121.39 - - [05/Aug/2019:11:43:11 +0000] "GET / HTTP/1.1" 301 232 "https://vorotavtomatika.od.ua/" "Mozilla/4.0 (compatible; MSIE 6.0; Windows NT 5.1; Deepnet Explorer 1.5.0; .NET CLR 1.0.3705)"
54.36.150.101 - - [05/Aug/2019:11:43:12 +0000] "GET /kuce/privlaka-luksuzna-kuca-za-odmor-272-m2 HTTP/1.1" 200 6352 "-" "Mozilla/5.0 (compatible; AhrefsBot/6.1; +http://ahrefs.com/robot/)"
66.249.69.1 - - [05/Aug/2019:11:52:59 +0000] "GET /en/search?category=&type=&place=52&area=&price=100000&surface=10 HTTP/1.1" 200 3878 "-" "Mozilla/5.0 (Linux; Android 6.0.1; Nexus 5X Build/MMB29P) AppleWebKit/537.36 (KHTML, like Gecko) Chrome/41.0.2272.96 Mobile Safari/537.36 (compatible; Googlebot/2.1; +http://www.google.com/bot.html)"
66.249.69.31 - - [05/Aug/2019:12:02:44 +0000] "GET /pretraga?category=&place=36&price=50000&surface=100 HTTP/1.1" 500 49618 "-" "Mozilla/5.0 (Linux; Android 6.0.1; Nexus 5X Build/MMB29P) AppleWebKit/537.36 (KHTML, like Gecko) Chrome/41.0.2272.96 Mobile Safari/537.36 (compatible; Googlebot/2.1; +http://www.google.com/bot.html)"
66.249.69.31 - - [05/Aug/2019:12:10:45 +0000] "GET /en/search?category=&type=&place=&area=93&price=1000000&surface=&page=2 HTTP/1.1" 200 3966 "-" "Mozilla/5.0 (Linux; Android 6.0.1; Nexus 5X Build/MMB29P) AppleWebKit/537.36 (KHTML, like Gecko) Chrome/41.0.2272.96 Mobile Safari/537.36 (compatible; Googlebot/2.1; +http://www.google.com/bot.html)"
46.229.168.163 - - [05/Aug/2019:12:18:53 +0000] "GET /robots.txt HTTP/1.1" 200 24 "-" "Mozilla/5.0 (compatible; SemrushBot/3~bl; +http://www.semrush.com/bot.html)"
46.229.168.133 - - [05/Aug/2019:12:18:53 +0000] "GET /kuce/biograd-na-moru-kuca-s-9-apartmana-481-m2-novogradnja HTTP/1.1" 200 6402 "-" "Mozilla/5.0 (compatible; SemrushBot/3~bl; +http://www.semrush.com/bot.html)"
157.55.39.112 - - [05/Aug/2019:12:26:17 +0000] "GET /en/lands/dugi-otok-zaglav-gradevinsko-zemljiste-prvi-red-do-mora-667-m2 HTTP/1.1" 200 5539 "-" "Mozilla/5.0 (compatible; bingbot/2.0; +http://www.bing.com/bingbot.htm)"
66.249.69.31 - - [05/Aug/2019:13:00:42 +0000] "GET /apartmani/privlaka-renovirani-jednosoban-apartman-120-m-od-plaze-31-m2 HTTP/1.1" 500 25403 "-" "Mozilla/5.0 (Linux; Android 6.0.1; Nexus 5X Build/MMB29P) AppleWebKit/537.36 (KHTML, like Gecko) Chrome/41.0.2272.96 Mobile Safari/537.36 (compatible; Googlebot/2.1; +http://www.google.com/bot.html)"
46.229.168.151 - - [05/Aug/2019:13:12:09 +0000] "GET /robots.txt HTTP/1.1" 200 24 "-" "Mozilla/5.0 (compatible; SemrushBot/3~bl; +http://www.semrush.com/bot.html)"
46.229.168.146 - - [05/Aug/2019:13:12:10 +0000] "GET /en/search?page=3 HTTP/1.1" 200 5459 "-" "Mozilla/5.0 (compatible; SemrushBot/3~bl; +http://www.semrush.com/bot.html)"
46.229.168.147 - - [05/Aug/2019:13:19:25 +0000] "GET /zemljista/murter-centar-gradevinsko-zemljiste-treci-red-do-plaze-962-m2 HTTP/1.1" 200 5347 "-" "Mozilla/5.0 (compatible; SemrushBot/3~bl; +http://www.semrush.com/bot.html)"
66.249.69.3 - - [05/Aug/2019:13:29:56 +0000] "GET /pretraga?category=&place=36&price=50000&surface=100 HTTP/1.1" 500 49618 "-" "Mozilla/5.0 (Linux; Android 6.0.1; Nexus 5X Build/MMB29P) AppleWebKit/537.36 (KHTML, like Gecko) Chrome/41.0.2272.96 Mobile Safari/537.36 (compatible; Googlebot/2.1; +http://www.google.com/bot.html)"
46.229.168.130 - - [05/Aug/2019:13:40:15 +0000] "GET /hr/zemljista/zaton-gradevinsko-zemljiste-s-projektom-treci-red-do-mora-1044-m2 HTTP/1.1" 200 5769 "-" "Mozilla/5.0 (compatible; SemrushBot/3~bl; +http://www.semrush.com/bot.html)"
216.244.66.226 - - [05/Aug/2019:13:46:37 +0000] "GET /robots.txt HTTP/1.1" 301 242 "-" "Mozilla/5.0 (compatible; DotBot/1.1; http://www.opensiteexplorer.org/dotbot, help@moz.com)"
216.244.66.226 - - [05/Aug/2019:13:46:37 +0000] "GET /robots.txt HTTP/1.1" 200 24 "-" "Mozilla/5.0 (compatible; DotBot/1.1; http://www.opensiteexplorer.org/dotbot, help@moz.com)"
178.149.148.100 - - [05/Aug/2019:13:50:53 +0000] "GET / HTTP/1.1" 200 5820 "https://aspekt.co/en/portfolio/citadela-real-estate" "Mozilla/5.0 (Windows NT 10.0; Win64; x64) AppleWebKit/537.36 (KHTML, like Gecko) Chrome/75.0.3770.142 Safari/537.36"
178.149.148.100 - - [05/Aug/2019:13:50:53 +0000] "GET /css/bootstrap.css HTTP/1.1" 200 20712 "https://www.citadela.hr/" "Mozilla/5.0 (Windows NT 10.0; Win64; x64) AppleWebKit/537.36 (KHTML, like Gecko) Chrome/75.0.3770.142 Safari/537.36"
178.149.148.100 - - [05/Aug/2019:13:50:53 +0000] "GET /css/responsive.css HTTP/1.1" 200 2788 "https://www.citadela.hr/" "Mozilla/5.0 (Windows NT 10.0; Win64; x64) AppleWebKit/537.36 (KHTML, like Gecko) Chrome/75.0.3770.142 Safari/537.36"
178.149.148.100 - - [05/Aug/2019:13:50:53 +0000] "GET /css/loader.css?v=2 HTTP/1.1" 200 772 "https://www.citadela.hr/" "Mozilla/5.0 (Windows NT 10.0; Win64; x64) AppleWebKit/537.36 (KHTML, like Gecko) Chrome/75.0.3770.142 Safari/537.36"
178.149.148.100 - - [05/Aug/2019:13:50:53 +0000] "GET /css/jslider.css HTTP/1.1" 200 763 "https://www.citadela.hr/" "Mozilla/5.0 (Windows NT 10.0; Win64; x64) AppleWebKit/537.36 (KHTML, like Gecko) Chrome/75.0.3770.142 Safari/537.36"
178.149.148.100 - - [05/Aug/2019:13:50:53 +0000] "GET /assets/plugins/flag/css/flag-icon.css HTTP/1.1" 200 2837 "https://www.citadela.hr/" "Mozilla/5.0 (Windows NT 10.0; Win64; x64) AppleWebKit/537.36 (KHTML, like Gecko) Chrome/75.0.3770.142 Safari/537.36"
178.149.148.100 - - [05/Aug/2019:13:50:53 +0000] "GET /css/style.css?v=2 HTTP/1.1" 200 17441 "https://www.citadela.hr/" "Mozilla/5.0 (Windows NT 10.0; Win64; x64) AppleWebKit/537.36 (KHTML, like Gecko) Chrome/75.0.3770.142 Safari/537.36"
178.149.148.100 - - [05/Aug/2019:13:50:53 +0000] "GET /css/font-awesome.css HTTP/1.1" 200 7439 "https://www.citadela.hr/" "Mozilla/5.0 (Windows NT 10.0; Win64; x64) AppleWebKit/537.36 (KHTML, like Gecko) Chrome/75.0.3770.142 Safari/537.36"
178.149.148.100 - - [05/Aug/2019:13:50:53 +0000] "GET /fonts/flaticon.css HTTP/1.1" 200 699 "https://www.citadela.hr/" "Mozilla/5.0 (Windows NT 10.0; Win64; x64) AppleWebKit/537.36 (KHTML, like Gecko) Chrome/75.0.3770.142 Safari/537.36"
178.149.148.100 - - [05/Aug/2019:13:50:53 +0000] "GET /css/colors/blue.css?v=2 HTTP/1.1" 200 3552 "https://www.citadela.hr/" "Mozilla/5.0 (Windows NT 10.0; Win64; x64) AppleWebKit/537.36 (KHTML, like Gecko) Chrome/75.0.3770.142 Safari/537.36"
178.149.148.100 - - [05/Aug/2019:13:50:53 +0000] "GET /js/jquery.min.js HTTP/1.1" 200 33760 "https://www.citadela.hr/" "Mozilla/5.0 (Windows NT 10.0; Win64; x64) AppleWebKit/537.36 (KHTML, like Gecko) Chrome/75.0.3770.142 Safari/537.36"
178.149.148.100 - - [05/Aug/2019:13:50:53 +0000] "GET /js/bootstrap.min.js HTTP/1.1" 200 9833 "https://www.citadela.hr/" "Mozilla/5.0 (Windows NT 10.0; Win64; x64) AppleWebKit/537.36 (KHTML, like Gecko) Chrome/75.0.3770.142 Safari/537.36"
178.149.148.100 - - [05/Aug/2019:13:50:53 +0000] "GET /js/bootstrap-select.js HTTP/1.1" 200 15633 "https://www.citadela.hr/" "Mozilla/5.0 (Windows NT 10.0; Win64; x64) AppleWebKit/537.36 (KHTML, like Gecko) Chrome/75.0.3770.142 Safari/537.36"
178.149.148.100 - - [05/Aug/2019:13:50:54 +0000] "GET /js/YouTubePopUp.jquery.js HTTP/1.1" 200 967 "https://www.citadela.hr/" "Mozilla/5.0 (Windows NT 10.0; Win64; x64) AppleWebKit/537.36 (KHTML, like Gecko) Chrome/75.0.3770.142 Safari/537.36"
178.149.148.100 - - [05/Aug/2019:13:50:53 +0000] "GET /js/jquery.fancybox.pack.js HTTP/1.1" 200 8634 "https://www.citadela.hr/" "Mozilla/5.0 (Windows NT 10.0; Win64; x64) AppleWebKit/537.36 (KHTML, like Gecko) Chrome/75.0.3770.142 Safari/537.36"
178.149.148.100 - - [05/Aug/2019:13:50:54 +0000] "GET /js/jquery.fancybox-media.js HTTP/1.1" 200 1973 "https://www.citadela.hr/" "Mozilla/5.0 (Windows NT 10.0; Win64; x64) AppleWebKit/537.36 (KHTML, like Gecko) Chrome/75.0.3770.142 Safari/537.36"
178.149.148.100 - - [05/Aug/2019:13:50:54 +0000] "GET /js/owl.js HTTP/1.1" 200 17545 "https://www.citadela.hr/" "Mozilla/5.0 (Windows NT 10.0; Win64; x64) AppleWebKit/537.36 (KHTML, like Gecko) Chrome/75.0.3770.142 Safari/537.36"
178.149.148.100 - - [05/Aug/2019:13:50:54 +0000] "GET /css/jquery.fancybox.css HTTP/1.1" 200 1434 "https://www.citadela.hr/" "Mozilla/5.0 (Windows NT 10.0; Win64; x64) AppleWebKit/537.36 (KHTML, like Gecko) Chrome/75.0.3770.142 Safari/537.36"
178.149.148.100 - - [05/Aug/2019:13:50:54 +0000] "GET /css/animate.min.css HTTP/1.1" 200 4242 "https://www.citadela.hr/" "Mozilla/5.0 (Windows NT 10.0; Win64; x64) AppleWebKit/537.36 (KHTML, like Gecko) Chrome/75.0.3770.142 Safari/537.36"
178.149.148.100 - - [05/Aug/2019:13:50:54 +0000] "GET /css/owl.css HTTP/1.1" 200 1348 "https://www.citadela.hr/" "Mozilla/5.0 (Windows NT 10.0; Win64; x64) AppleWebKit/537.36 (KHTML, like Gecko) Chrome/75.0.3770.142 Safari/537.36"
178.149.148.100 - - [05/Aug/2019:13:50:54 +0000] "GET /js/mixitup.js HTTP/1.1" 200 11347 "https://www.citadela.hr/" "Mozilla/5.0 (Windows NT 10.0; Win64; x64) AppleWebKit/537.36 (KHTML, like Gecko) Chrome/75.0.3770.142 Safari/537.36"
178.149.148.100 - - [05/Aug/2019:13:50:54 +0000] "GET /js/wow.js HTTP/1.1" 200 2198 "https://www.citadela.hr/" "Mozilla/5.0 (Windows NT 10.0; Win64; x64) AppleWebKit/537.36 (KHTML, like Gecko) Chrome/75.0.3770.142 Safari/537.36"
178.149.148.100 - - [05/Aug/2019:13:50:54 +0000] "GET /js/jshashtable-2.1_src.js HTTP/1.1" 200 2957 "https://www.citadela.hr/" "Mozilla/5.0 (Windows NT 10.0; Win64; x64) AppleWebKit/537.36 (KHTML, like Gecko) Chrome/75.0.3770.142 Safari/537.36"
178.149.148.100 - - [05/Aug/2019:13:50:54 +0000] "GET /js/jquery.numberformatter-1.2.3.js HTTP/1.1" 200 4697 "https://www.citadela.hr/" "Mozilla/5.0 (Windows NT 10.0; Win64; x64) AppleWebKit/537.36 (KHTML, like Gecko) Chrome/75.0.3770.142 Safari/537.36"
178.149.148.100 - - [05/Aug/2019:13:50:54 +0000] "GET /js/tmpl.js HTTP/1.1" 200 625 "https://www.citadela.hr/" "Mozilla/5.0 (Windows NT 10.0; Win64; x64) AppleWebKit/537.36 (KHTML, like Gecko) Chrome/75.0.3770.142 Safari/537.36"
178.149.148.100 - - [05/Aug/2019:13:50:54 +0000] "GET /js/jquery.dependClass-0.1.js HTTP/1.1" 200 458 "https://www.citadela.hr/" "Mozilla/5.0 (Windows NT 10.0; Win64; x64) AppleWebKit/537.36 (KHTML, like Gecko) Chrome/75.0.3770.142 Safari/537.36"
178.149.148.100 - - [05/Aug/2019:13:50:54 +0000] "GET /js/draggable-0.1.js HTTP/1.1" 200 1326 "https://www.citadela.hr/" "Mozilla/5.0 (Windows NT 10.0; Win64; x64) AppleWebKit/537.36 (KHTML, like Gecko) Chrome/75.0.3770.142 Safari/537.36"
178.149.148.100 - - [05/Aug/2019:13:50:54 +0000] "GET /js/jquery.barrating.js HTTP/1.1" 200 4280 "https://www.citadela.hr/" "Mozilla/5.0 (Windows NT 10.0; Win64; x64) AppleWebKit/537.36 (KHTML, like Gecko) Chrome/75.0.3770.142 Safari/537.36"
178.149.148.100 - - [05/Aug/2019:13:50:54 +0000] "GET /js/jquery.slider.js HTTP/1.1" 200 4772 "https://www.citadela.hr/" "Mozilla/5.0 (Windows NT 10.0; Win64; x64) AppleWebKit/537.36 (KHTML, like Gecko) Chrome/75.0.3770.142 Safari/537.36"
178.149.148.100 - - [05/Aug/2019:13:50:54 +0000] "GET /js/custom.js HTTP/1.1" 200 5159 "https://www.citadela.hr/" "Mozilla/5.0 (Windows NT 10.0; Win64; x64) AppleWebKit/537.36 (KHTML, like Gecko) Chrome/75.0.3770.142 Safari/537.36"
178.149.148.100 - - [05/Aug/2019:13:50:54 +0000] "GET /img/logo_header.png?v=2 HTTP/1.1" 200 4348 "https://www.citadela.hr/" "Mozilla/5.0 (Windows NT 10.0; Win64; x64) AppleWebKit/537.36 (KHTML, like Gecko) Chrome/75.0.3770.142 Safari/537.36"
178.149.148.100 - - [05/Aug/2019:13:50:54 +0000] "GET /uploads/thumbnails/e2f85641f091607835ef1e2c65529c2a.jpg HTTP/1.1" 200 44139 "https://www.citadela.hr/" "Mozilla/5.0 (Windows NT 10.0; Win64; x64) AppleWebKit/537.36 (KHTML, like Gecko) Chrome/75.0.3770.142 Safari/537.36"
178.149.148.100 - - [05/Aug/2019:13:50:54 +0000] "GET /uploads/thumbnails/42c15dd15f418344ccc035d6003dd670.jpeg HTTP/1.1" 200 56902 "https://www.citadela.hr/" "Mozilla/5.0 (Windows NT 10.0; Win64; x64) AppleWebKit/537.36 (KHTML, like Gecko) Chrome/75.0.3770.142 Safari/537.36"
178.149.148.100 - - [05/Aug/2019:13:50:54 +0000] "GET /uploads/thumbnails/3c55f605d3f0b0e63c055493db2ef6cb.jpg HTTP/1.1" 200 51114 "https://www.citadela.hr/" "Mozilla/5.0 (Windows NT 10.0; Win64; x64) AppleWebKit/537.36 (KHTML, like Gecko) Chrome/75.0.3770.142 Safari/537.36"
178.149.148.100 - - [05/Aug/2019:13:50:54 +0000] "GET /uploads/thumbnails/d88237410243ed4f971cfca527be5367.jpg HTTP/1.1" 200 53585 "https://www.citadela.hr/" "Mozilla/5.0 (Windows NT 10.0; Win64; x64) AppleWebKit/537.36 (KHTML, like Gecko) Chrome/75.0.3770.142 Safari/537.36"
178.149.148.100 - - [05/Aug/2019:13:50:54 +0000] "GET /uploads/thumbnails/637f734f3f66250d52f27e7aa9a9c97d.jpg HTTP/1.1" 200 66236 "https://www.citadela.hr/" "Mozilla/5.0 (Windows NT 10.0; Win64; x64) AppleWebKit/537.36 (KHTML, like Gecko) Chrome/75.0.3770.142 Safari/537.36"
178.149.148.100 - - [05/Aug/2019:13:50:54 +0000] "GET /uploads/thumbnails/c29da346589ecace8f77a2de714c55d5.jpg HTTP/1.1" 200 60477 "https://www.citadela.hr/" "Mozilla/5.0 (Windows NT 10.0; Win64; x64) AppleWebKit/537.36 (KHTML, like Gecko) Chrome/75.0.3770.142 Safari/537.36"
178.149.148.100 - - [05/Aug/2019:13:50:54 +0000] "GET /img/logo_footer.png HTTP/1.1" 200 4213 "https://www.citadela.hr/" "Mozilla/5.0 (Windows NT 10.0; Win64; x64) AppleWebKit/537.36 (KHTML, like Gecko) Chrome/75.0.3770.142 Safari/537.36"
178.149.148.100 - - [05/Aug/2019:13:50:54 +0000] "GET /fonts/fontawesome-webfont.woff2?v=4.7.0 HTTP/1.1" 200 77160 "https://www.citadela.hr/css/font-awesome.css" "Mozilla/5.0 (Windows NT 10.0; Win64; x64) AppleWebKit/537.36 (KHTML, like Gecko) Chrome/75.0.3770.142 Safari/537.36"
178.149.148.100 - - [05/Aug/2019:13:50:54 +0000] "GET /assets/plugins/flag/flags/4x3/hr.svg HTTP/1.1" 200 80697 "https://www.citadela.hr/assets/plugins/flag/css/flag-icon.css" "Mozilla/5.0 (Windows NT 10.0; Win64; x64) AppleWebKit/537.36 (KHTML, like Gecko) Chrome/75.0.3770.142 Safari/537.36"
178.149.148.100 - - [05/Aug/2019:13:50:54 +0000] "GET /img/category_grid/newyork.png HTTP/1.1" 200 68457 "https://www.citadela.hr/css/style.css?v=2" "Mozilla/5.0 (Windows NT 10.0; Win64; x64) AppleWebKit/537.36 (KHTML, like Gecko) Chrome/75.0.3770.142 Safari/537.36"
178.149.148.100 - - [05/Aug/2019:13:50:54 +0000] "GET /img/category_grid/losangeles.png HTTP/1.1" 200 140282 "https://www.citadela.hr/css/style.css?v=2" "Mozilla/5.0 (Windows NT 10.0; Win64; x64) AppleWebKit/537.36 (KHTML, like Gecko) Chrome/75.0.3770.142 Safari/537.36"
178.149.148.100 - - [05/Aug/2019:13:50:54 +0000] "GET /img/category_grid/miami.png HTTP/1.1" 200 306196 "https://www.citadela.hr/css/style.css?v=2" "Mozilla/5.0 (Windows NT 10.0; Win64; x64) AppleWebKit/537.36 (KHTML, like Gecko) Chrome/75.0.3770.142 Safari/537.36"
178.149.148.100 - - [05/Aug/2019:13:50:54 +0000] "GET /img/category_grid/chicago.png HTTP/1.1" 200 98081 "https://www.citadela.hr/css/style.css?v=2" "Mozilla/5.0 (Windows NT 10.0; Win64; x64) AppleWebKit/537.36 (KHTML, like Gecko) Chrome/75.0.3770.142 Safari/537.36"
178.149.148.100 - - [05/Aug/2019:13:50:54 +0000] "GET /img/slider/fixed-slider.png HTTP/1.1" 200 436232 "https://www.citadela.hr/css/style.css?v=2" "Mozilla/5.0 (Windows NT 10.0; Win64; x64) AppleWebKit/537.36 (KHTML, like Gecko) Chrome/75.0.3770.142 Safari/537.36"
178.149.148.100 - - [05/Aug/2019:13:50:54 +0000] "GET /img/banner/house-closing.png HTTP/1.1" 200 691258 "https://www.citadela.hr/css/style.css?v=2" "Mozilla/5.0 (Windows NT 10.0; Win64; x64) AppleWebKit/537.36 (KHTML, like Gecko) Chrome/75.0.3770.142 Safari/537.36"
178.149.148.100 - - [05/Aug/2019:13:50:56 +0000] "GET /favicon-32x32.png HTTP/1.1" 200 1936 "https://www.citadela.hr/" "Mozilla/5.0 (Windows NT 10.0; Win64; x64) AppleWebKit/537.36 (KHTML, like Gecko) Chrome/75.0.3770.142 Safari/537.36"
54.36.150.163 - - [05/Aug/2019:13:51:19 +0000] "GET /hr/zemljista/murter-cigrada-zemljiste-drugi-red-do-mora-1252-m2 HTTP/1.1" 200 5547 "-" "Mozilla/5.0 (compatible; AhrefsBot/6.1; +http://ahrefs.com/robot/)"
40.77.167.63 - - [05/Aug/2019:13:51:20 +0000] "GET /en/apartments/vinjerac-dvoetazni-cetverosoban-apartman-17576-m2-novogradnja HTTP/1.1" 200 6242 "-" "Mozilla/5.0 (compatible; bingbot/2.0; +http://www.bing.com/bingbot.htm)"
46.229.168.144 - - [05/Aug/2019:13:55:18 +0000] "GET /robots.txt HTTP/1.1" 200 24 "-" "Mozilla/5.0 (compatible; SemrushBot/3~bl; +http://www.semrush.com/bot.html)"
46.229.168.137 - - [05/Aug/2019:13:55:18 +0000] "GET /hr/poslovni-prostori/sibenik-plisac-poslovni-prostor-uredski-4362-m2 HTTP/1.1" 200 5140 "-" "Mozilla/5.0 (compatible; SemrushBot/6~bl; +http://www.semrush.com/bot.html)"
54.36.150.116 - - [05/Aug/2019:14:02:48 +0000] "GET /hr/kuce/vir-kuca-556-m2-6-apartmana-i-poslovni-prostor-170-m-od-mora HTTP/1.1" 200 6144 "-" "Mozilla/5.0 (compatible; AhrefsBot/6.1; +http://ahrefs.com/robot/)"
178.137.165.186 - - [05/Aug/2019:14:04:05 +0000] "GET / HTTP/1.1" 301 232 "https://oday.com.ua/" "Mozilla/4.0 (compatible; MSIE 6.0; Windows NT 5.0; APC; .NET CLR 1.0.3705; .NET CLR 1.1.4322; .NET CLR 2.0.50215; InfoPath.1)"
178.137.165.186 - - [05/Aug/2019:14:04:06 +0000] "GET / HTTP/1.1" 301 232 "https://oday.com.ua/" "Mozilla/4.0 (compatible; MSIE 6.0; Windows NT 5.0; APC; .NET CLR 1.0.3705; .NET CLR 1.1.4322; .NET CLR 2.0.50215; InfoPath.1)"
178.137.165.186 - - [05/Aug/2019:14:04:06 +0000] "GET / HTTP/1.1" 301 232 "https://oday.com.ua/" "Mozilla/4.0 (compatible; MSIE 6.0; Windows NT 5.0; APC; .NET CLR 1.0.3705; .NET CLR 1.1.4322; .NET CLR 2.0.50215; InfoPath.1)"
54.36.150.140 - - [05/Aug/2019:14:28:58 +0000] "GET /zemljista HTTP/1.1" 200 5320 "-" "Mozilla/5.0 (compatible; AhrefsBot/6.1; +http://ahrefs.com/robot/)"
66.249.69.1 - - [05/Aug/2019:14:51:41 +0000] "GET /en/search?category=1&type=sale&place=&area=&price=100000&surface=100 HTTP/1.1" 200 3880 "-" "Mozilla/5.0 (Linux; Android 6.0.1; Nexus 5X Build/MMB29P) AppleWebKit/537.36 (KHTML, like Gecko) Chrome/41.0.2272.96 Mobile Safari/537.36 (compatible; Googlebot/2.1; +http://www.google.com/bot.html)"
216.244.66.226 - - [05/Aug/2019:15:17:17 +0000] "GET /robots.txt HTTP/1.1" 301 242 "-" "Mozilla/5.0 (compatible; DotBot/1.1; http://www.opensiteexplorer.org/dotbot, help@moz.com)"
216.244.66.226 - - [05/Aug/2019:15:17:18 +0000] "GET /robots.txt HTTP/1.1" 200 24 "-" "Mozilla/5.0 (compatible; DotBot/1.1; http://www.opensiteexplorer.org/dotbot, help@moz.com)"
35.161.254.217 - - [05/Aug/2019:15:23:57 +0000] "GET / HTTP/1.1" 301 232 "-" "Mozilla/5.0 (Windows NT 10.0; Win64; x64)AppleWebKit/537.36 (KHTML, like Gecko) Chrome/66.0.3359.181 Safari/537.36"
40.77.167.91 - - [05/Aug/2019:15:24:17 +0000] "GET /en/apartments/bibinje-trosoban-apartman-25-metara-od-plaze-8309 HTTP/1.1" 500 25403 "-" "Mozilla/5.0 (compatible; bingbot/2.0; +http://www.bing.com/bingbot.htm)"
66.249.69.3 - - [05/Aug/2019:15:31:43 +0000] "GET /pretraga?category=&place=36&price=50000&surface=100 HTTP/1.1" 500 49618 "-" "Mozilla/5.0 (Linux; Android 6.0.1; Nexus 5X Build/MMB29P) AppleWebKit/537.36 (KHTML, like Gecko) Chrome/41.0.2272.96 Mobile Safari/537.36 (compatible; Googlebot/2.1; +http://www.google.com/bot.html)"
216.244.66.226 - - [05/Aug/2019:15:32:04 +0000] "GET /kuce/murter-centar-kuca-treci-red-do-plaze-25898-m2 HTTP/1.1" 500 25403 "-" "Mozilla/5.0 (compatible; DotBot/1.1; http://www.opensiteexplorer.org/dotbot, help@moz.com)"
216.244.66.226 - - [05/Aug/2019:15:43:32 +0000] "GET /apartmani?page=3 HTTP/1.1" 200 18420 "-" "Mozilla/5.0 (compatible; DotBot/1.1; http://www.opensiteexplorer.org/dotbot, help@moz.com)"
46.229.168.154 - - [05/Aug/2019:15:48:19 +0000] "GET /robots.txt HTTP/1.1" 200 24 "-" "Mozilla/5.0 (compatible; SemrushBot/3~bl; +http://www.semrush.com/bot.html)"
46.229.168.133 - - [05/Aug/2019:15:48:20 +0000] "GET /kuce/starigrad-kuca-s-bazenom-drugi-red-do-mora-260-m2 HTTP/1.1" 200 6627 "-" "Mozilla/5.0 (compatible; SemrushBot/3~bl; +http://www.semrush.com/bot.html)"
87.250.224.91 - - [05/Aug/2019:15:50:17 +0000] "GET /robots.txt HTTP/1.1" 200 24 "-" "Mozilla/5.0 (compatible; YandexBot/3.0; +http://yandex.com/bots)"
87.250.224.91 - - [05/Aug/2019:15:50:21 +0000] "GET /uploads/thumbnails/637f734f3f66250d52f27e7aa9a9c97d.jpg HTTP/1.1" 200 66236 "-" "Mozilla/5.0 (compatible; YandexImages/3.0; +http://yandex.com/bots)"
66.249.69.1 - - [05/Aug/2019:16:02:24 +0000] "GET /en/search?category=2&type=rent&place=&area=&price=50000&surface=10 HTTP/1.1" 200 3879 "-" "Mozilla/5.0 (Linux; Android 6.0.1; Nexus 5X Build/MMB29P) AppleWebKit/537.36 (KHTML, like Gecko) Chrome/41.0.2272.96 Mobile Safari/537.36 (compatible; Googlebot/2.1; +http://www.google.com/bot.html)"
216.244.66.226 - - [05/Aug/2019:16:02:33 +0000] "GET /robots.txt HTTP/1.1" 301 242 "-" "Mozilla/5.0 (compatible; DotBot/1.1; http://www.opensiteexplorer.org/dotbot, help@moz.com)"
216.244.66.226 - - [05/Aug/2019:16:02:35 +0000] "GET /robots.txt HTTP/1.1" 200 24 "-" "Mozilla/5.0 (compatible; DotBot/1.1; http://www.opensiteexplorer.org/dotbot, help@moz.com)"
150.95.109.161 - - [05/Aug/2019:16:19:32 +0000] "GET // HTTP/1.1" 301 232 "-" "Mozilla/5.0 (X11; Ubuntu; Linux x86_64; rv:62.0) Gecko/20100101 Firefox/62.0"
150.95.109.161 - - [05/Aug/2019:16:19:33 +0000] "GET / HTTP/1.1" 200 5820 "http://citadela.hr//" "Mozilla/5.0 (X11; Ubuntu; Linux x86_64; rv:62.0) Gecko/20100101 Firefox/62.0"
216.244.66.226 - - [05/Aug/2019:16:28:10 +0000] "GET /kuce/biograd-na-moru-kuca-s-9-apartmana-481-m2-novogradnja HTTP/1.1" 200 31072 "-" "Mozilla/5.0 (compatible; DotBot/1.1; http://www.opensiteexplorer.org/dotbot, help@moz.com)"
216.244.66.226 - - [05/Aug/2019:16:28:14 +0000] "GET /kuce/sibenik-dio-kuce-u-centru-110-m2-dvoriste-130-m2 HTTP/1.1" 200 25635 "-" "Mozilla/5.0 (compatible; DotBot/1.1; http://www.opensiteexplorer.org/dotbot, help@moz.com)"
216.244.66.226 - - [05/Aug/2019:16:28:17 +0000] "GET /zemljista/rovanjska-gradevinsko-zemljiste-u-blizini-mora-645-m2-59-m2 HTTP/1.1" 200 24649 "-" "Mozilla/5.0 (compatible; DotBot/1.1; http://www.opensiteexplorer.org/dotbot, help@moz.com)"
66.249.69.3 - - [05/Aug/2019:16:29:41 +0000] "GET /zemljista/privlaka-gradevinsko-zemljiste-u-sumi-i-blizu-mora-912-m2 HTTP/1.1" 200 5681 "-" "Mozilla/5.0 (Linux; Android 6.0.1; Nexus 5X Build/MMB29P) AppleWebKit/537.36 (KHTML, like Gecko) Chrome/41.0.2272.96 Mobile Safari/537.36 (compatible; Googlebot/2.1; +http://www.google.com/bot.html)"
46.229.168.133 - - [05/Aug/2019:16:30:30 +0000] "GET /robots.txt HTTP/1.1" 200 24 "-" "Mozilla/5.0 (compatible; SemrushBot/3~bl; +http://www.semrush.com/bot.html)"
46.229.168.148 - - [05/Aug/2019:16:30:30 +0000] "GET /en/lands/rovanjska-gradevinsko-zemljiste-u-blizini-mora-645-m2-59-m2 HTTP/1.1" 200 5634 "-" "Mozilla/5.0 (compatible; SemrushBot/3~bl; +http://www.semrush.com/bot.html)"
66.249.69.3 - - [05/Aug/2019:16:32:36 +0000] "GET /pretraga?category=&place=36&price=50000&surface=100 HTTP/1.1" 500 49618 "-" "Mozilla/5.0 (Linux; Android 6.0.1; Nexus 5X Build/MMB29P) AppleWebKit/537.36 (KHTML, like Gecko) Chrome/41.0.2272.96 Mobile Safari/537.36 (compatible; Googlebot/2.1; +http://www.google.com/bot.html)"
54.36.148.124 - - [05/Aug/2019:16:35:27 +0000] "GET /en/houses/sv-filip-i-jakov-dvije-kuce-s-pogledom-na-more-33357-m2 HTTP/1.1" 200 6204 "-" "Mozilla/5.0 (compatible; AhrefsBot/6.1; +http://ahrefs.com/robot/)"
46.229.168.130 - - [05/Aug/2019:16:36:10 +0000] "GET /hr/kuce?page=3 HTTP/1.1" 200 5555 "-" "Mozilla/5.0 (compatible; SemrushBot/3~bl; +http://www.semrush.com/bot.html)"
216.244.66.226 - - [05/Aug/2019:16:48:28 +0000] "GET /robots.txt HTTP/1.1" 301 242 "-" "Mozilla/5.0 (compatible; DotBot/1.1; http://www.opensiteexplorer.org/dotbot, help@moz.com)"
216.244.66.226 - - [05/Aug/2019:16:48:29 +0000] "GET /robots.txt HTTP/1.1" 200 24 "-" "Mozilla/5.0 (compatible; DotBot/1.1; http://www.opensiteexplorer.org/dotbot, help@moz.com)"
66.249.69.1 - - [05/Aug/2019:17:01:50 +0000] "GET /en/apartments/privlaka-dvosoban-apartman-u-blizini-mora-44-m2 HTTP/1.1" 500 25403 "-" "Mozilla/5.0 (Linux; Android 6.0.1; Nexus 5X Build/MMB29P) AppleWebKit/537.36 (KHTML, like Gecko) Chrome/41.0.2272.96 Mobile Safari/537.36 (compatible; Googlebot/2.1; +http://www.google.com/bot.html)"
46.229.168.139 - - [05/Aug/2019:17:07:20 +0000] "GET /robots.txt HTTP/1.1" 200 24 "-" "Mozilla/5.0 (compatible; SemrushBot/3~bl; +http://www.semrush.com/bot.html)"
46.229.168.136 - - [05/Aug/2019:17:07:22 +0000] "GET /en/houses/zaton-luksuzna-kuca-s-bazenom-19089-m2-novogradnja HTTP/1.1" 200 6434 "-" "Mozilla/5.0 (compatible; SemrushBot/3~bl; +http://www.semrush.com/bot.html)"
40.77.167.99 - - [05/Aug/2019:17:11:22 +0000] "GET /en/lands/rovanjska-gradevinsko-zemljiste-u-blizini-mora-645-m2-59-m2 HTTP/1.1" 200 5635 "-" "Mozilla/5.0 (compatible; bingbot/2.0; +http://www.bing.com/bingbot.htm)"
216.244.66.226 - - [05/Aug/2019:17:18:01 +0000] "GET /kuce/zaton-luksuzna-kuca-s-bazenom-19089-m2-novogradnja HTTP/1.1" 200 30417 "-" "Mozilla/5.0 (compatible; DotBot/1.1; http://www.opensiteexplorer.org/dotbot, help@moz.com)"
194.61.24.29 - - [05/Aug/2019:17:24:24 +0000] "GET / HTTP/1.1" 301 232 "-" "Mozilla/5.0 (Windows NT 10.0; Win64; x64) AppleWebKit/537.36 (KHTML, like Gecko) Chrome/63.0.3239.132 Safari/537.36"
178.137.165.186 - - [05/Aug/2019:17:31:02 +0000] "GET / HTTP/1.1" 301 232 "https://www.pechikamini.ru/" "Mozilla/4.0 (compatible; MSIE 6.0; Windows NT 5.2; Win64; AMD64)"
178.137.165.186 - - [05/Aug/2019:17:31:03 +0000] "GET / HTTP/1.1" 301 232 "https://www.pechikamini.ru/" "Mozilla/4.0 (compatible; MSIE 6.0; Windows NT 5.2; Win64; AMD64)"
178.137.165.186 - - [05/Aug/2019:17:31:03 +0000] "GET / HTTP/1.1" 301 232 "https://www.pechikamini.ru/" "Mozilla/4.0 (compatible; MSIE 6.0; Windows NT 5.2; Win64; AMD64)"
46.229.168.143 - - [05/Aug/2019:17:32:30 +0000] "GET /zemljista/maslenica-gradevinsko-zemljiste-u-blizini-mora-1056-m2 HTTP/1.1" 200 5632 "-" "Mozilla/5.0 (compatible; SemrushBot/3~bl; +http://www.semrush.com/bot.html)"
54.36.148.34 - - [05/Aug/2019:17:54:08 +0000] "GET /hr/zemljista/zemunik-donji-gradevinsko-zemljiste-250m-od-centra-5071-m2prilika HTTP/1.1" 200 5493 "-" "Mozilla/5.0 (compatible; AhrefsBot/6.1; +http://ahrefs.com/robot/)"
66.249.66.220 - - [05/Aug/2019:17:59:20 +0000] "GET /en/search?category=2&type=sale&place=&area=&price=50000&surface=100 HTTP/1.1" 200 3880 "-" "Mozilla/5.0 (Linux; Android 6.0.1; Nexus 5X Build/MMB29P) AppleWebKit/537.36 (KHTML, like Gecko) Chrome/41.0.2272.96 Mobile Safari/537.36 (compatible; Googlebot/2.1; +http://www.google.com/bot.html)"
213.149.62.44 - - [05/Aug/2019:18:00:29 +0000] "GET / HTTP/1.1" 200 5820 "https://www.google.hr/" "Mozilla/5.0 (Windows NT 10.0; Win64; x64) AppleWebKit/537.36 (KHTML, like Gecko) Chrome/75.0.3770.142 Safari/537.36"
213.149.62.44 - - [05/Aug/2019:18:00:29 +0000] "GET /css/bootstrap.css HTTP/1.1" 200 20712 "https://www.citadela.hr/" "Mozilla/5.0 (Windows NT 10.0; Win64; x64) AppleWebKit/537.36 (KHTML, like Gecko) Chrome/75.0.3770.142 Safari/537.36"
213.149.62.44 - - [05/Aug/2019:18:00:29 +0000] "GET /css/responsive.css HTTP/1.1" 200 2788 "https://www.citadela.hr/" "Mozilla/5.0 (Windows NT 10.0; Win64; x64) AppleWebKit/537.36 (KHTML, like Gecko) Chrome/75.0.3770.142 Safari/537.36"
213.149.62.44 - - [05/Aug/2019:18:00:29 +0000] "GET /css/loader.css?v=2 HTTP/1.1" 200 772 "https://www.citadela.hr/" "Mozilla/5.0 (Windows NT 10.0; Win64; x64) AppleWebKit/537.36 (KHTML, like Gecko) Chrome/75.0.3770.142 Safari/537.36"
213.149.62.44 - - [05/Aug/2019:18:00:29 +0000] "GET /css/jslider.css HTTP/1.1" 200 763 "https://www.citadela.hr/" "Mozilla/5.0 (Windows NT 10.0; Win64; x64) AppleWebKit/537.36 (KHTML, like Gecko) Chrome/75.0.3770.142 Safari/537.36"
213.149.62.44 - - [05/Aug/2019:18:00:29 +0000] "GET /assets/plugins/flag/css/flag-icon.css HTTP/1.1" 200 2837 "https://www.citadela.hr/" "Mozilla/5.0 (Windows NT 10.0; Win64; x64) AppleWebKit/537.36 (KHTML, like Gecko) Chrome/75.0.3770.142 Safari/537.36"
213.149.62.44 - - [05/Aug/2019:18:00:29 +0000] "GET /css/style.css?v=2 HTTP/1.1" 200 17441 "https://www.citadela.hr/" "Mozilla/5.0 (Windows NT 10.0; Win64; x64) AppleWebKit/537.36 (KHTML, like Gecko) Chrome/75.0.3770.142 Safari/537.36"
213.149.62.44 - - [05/Aug/2019:18:00:29 +0000] "GET /css/font-awesome.css HTTP/1.1" 200 7439 "https://www.citadela.hr/" "Mozilla/5.0 (Windows NT 10.0; Win64; x64) AppleWebKit/537.36 (KHTML, like Gecko) Chrome/75.0.3770.142 Safari/537.36"
213.149.62.44 - - [05/Aug/2019:18:00:29 +0000] "GET /fonts/flaticon.css HTTP/1.1" 200 699 "https://www.citadela.hr/" "Mozilla/5.0 (Windows NT 10.0; Win64; x64) AppleWebKit/537.36 (KHTML, like Gecko) Chrome/75.0.3770.142 Safari/537.36"
213.149.62.44 - - [05/Aug/2019:18:00:29 +0000] "GET /css/colors/blue.css?v=2 HTTP/1.1" 200 3552 "https://www.citadela.hr/" "Mozilla/5.0 (Windows NT 10.0; Win64; x64) AppleWebKit/537.36 (KHTML, like Gecko) Chrome/75.0.3770.142 Safari/537.36"
213.149.62.44 - - [05/Aug/2019:18:00:29 +0000] "GET /js/jquery.min.js HTTP/1.1" 200 33760 "https://www.citadela.hr/" "Mozilla/5.0 (Windows NT 10.0; Win64; x64) AppleWebKit/537.36 (KHTML, like Gecko) Chrome/75.0.3770.142 Safari/537.36"
213.149.62.44 - - [05/Aug/2019:18:00:29 +0000] "GET /img/logo_header.png?v=2 HTTP/1.1" 200 4348 "https://www.citadela.hr/" "Mozilla/5.0 (Windows NT 10.0; Win64; x64) AppleWebKit/537.36 (KHTML, like Gecko) Chrome/75.0.3770.142 Safari/537.36"
213.149.62.44 - - [05/Aug/2019:18:00:29 +0000] "GET /js/bootstrap.min.js HTTP/1.1" 200 9833 "https://www.citadela.hr/" "Mozilla/5.0 (Windows NT 10.0; Win64; x64) AppleWebKit/537.36 (KHTML, like Gecko) Chrome/75.0.3770.142 Safari/537.36"
213.149.62.44 - - [05/Aug/2019:18:00:29 +0000] "GET /js/bootstrap-select.js HTTP/1.1" 200 15633 "https://www.citadela.hr/" "Mozilla/5.0 (Windows NT 10.0; Win64; x64) AppleWebKit/537.36 (KHTML, like Gecko) Chrome/75.0.3770.142 Safari/537.36"
213.149.62.44 - - [05/Aug/2019:18:00:29 +0000] "GET /js/YouTubePopUp.jquery.js HTTP/1.1" 200 967 "https://www.citadela.hr/" "Mozilla/5.0 (Windows NT 10.0; Win64; x64) AppleWebKit/537.36 (KHTML, like Gecko) Chrome/75.0.3770.142 Safari/537.36"
213.149.62.44 - - [05/Aug/2019:18:00:29 +0000] "GET /css/animate.min.css HTTP/1.1" 200 4242 "https://www.citadela.hr/" "Mozilla/5.0 (Windows NT 10.0; Win64; x64) AppleWebKit/537.36 (KHTML, like Gecko) Chrome/75.0.3770.142 Safari/537.36"
213.149.62.44 - - [05/Aug/2019:18:00:29 +0000] "GET /uploads/thumbnails/42c15dd15f418344ccc035d6003dd670.jpeg HTTP/1.1" 200 56902 "https://www.citadela.hr/" "Mozilla/5.0 (Windows NT 10.0; Win64; x64) AppleWebKit/537.36 (KHTML, like Gecko) Chrome/75.0.3770.142 Safari/537.36"
213.149.62.44 - - [05/Aug/2019:18:00:29 +0000] "GET /css/jquery.fancybox.css HTTP/1.1" 200 1434 "https://www.citadela.hr/" "Mozilla/5.0 (Windows NT 10.0; Win64; x64) AppleWebKit/537.36 (KHTML, like Gecko) Chrome/75.0.3770.142 Safari/537.36"
213.149.62.44 - - [05/Aug/2019:18:00:29 +0000] "GET /css/owl.css HTTP/1.1" 200 1348 "https://www.citadela.hr/" "Mozilla/5.0 (Windows NT 10.0; Win64; x64) AppleWebKit/537.36 (KHTML, like Gecko) Chrome/75.0.3770.142 Safari/537.36"
213.149.62.44 - - [05/Aug/2019:18:00:29 +0000] "GET /js/jquery.fancybox.pack.js HTTP/1.1" 200 8634 "https://www.citadela.hr/" "Mozilla/5.0 (Windows NT 10.0; Win64; x64) AppleWebKit/537.36 (KHTML, like Gecko) Chrome/75.0.3770.142 Safari/537.36"
213.149.62.44 - - [05/Aug/2019:18:00:29 +0000] "GET /js/jquery.fancybox-media.js HTTP/1.1" 200 1973 "https://www.citadela.hr/" "Mozilla/5.0 (Windows NT 10.0; Win64; x64) AppleWebKit/537.36 (KHTML, like Gecko) Chrome/75.0.3770.142 Safari/537.36"
213.149.62.44 - - [05/Aug/2019:18:00:29 +0000] "GET /js/owl.js HTTP/1.1" 200 17545 "https://www.citadela.hr/" "Mozilla/5.0 (Windows NT 10.0; Win64; x64) AppleWebKit/537.36 (KHTML, like Gecko) Chrome/75.0.3770.142 Safari/537.36"
213.149.62.44 - - [05/Aug/2019:18:00:29 +0000] "GET /js/mixitup.js HTTP/1.1" 200 11347 "https://www.citadela.hr/" "Mozilla/5.0 (Windows NT 10.0; Win64; x64) AppleWebKit/537.36 (KHTML, like Gecko) Chrome/75.0.3770.142 Safari/537.36"
213.149.62.44 - - [05/Aug/2019:18:00:29 +0000] "GET /js/wow.js HTTP/1.1" 200 2198 "https://www.citadela.hr/" "Mozilla/5.0 (Windows NT 10.0; Win64; x64) AppleWebKit/537.36 (KHTML, like Gecko) Chrome/75.0.3770.142 Safari/537.36"
213.149.62.44 - - [05/Aug/2019:18:00:30 +0000] "GET /js/jshashtable-2.1_src.js HTTP/1.1" 200 2957 "https://www.citadela.hr/" "Mozilla/5.0 (Windows NT 10.0; Win64; x64) AppleWebKit/537.36 (KHTML, like Gecko) Chrome/75.0.3770.142 Safari/537.36"
213.149.62.44 - - [05/Aug/2019:18:00:30 +0000] "GET /js/jquery.numberformatter-1.2.3.js HTTP/1.1" 200 4697 "https://www.citadela.hr/" "Mozilla/5.0 (Windows NT 10.0; Win64; x64) AppleWebKit/537.36 (KHTML, like Gecko) Chrome/75.0.3770.142 Safari/537.36"
213.149.62.44 - - [05/Aug/2019:18:00:30 +0000] "GET /js/tmpl.js HTTP/1.1" 200 625 "https://www.citadela.hr/" "Mozilla/5.0 (Windows NT 10.0; Win64; x64) AppleWebKit/537.36 (KHTML, like Gecko) Chrome/75.0.3770.142 Safari/537.36"
213.149.62.44 - - [05/Aug/2019:18:00:30 +0000] "GET /js/jquery.dependClass-0.1.js HTTP/1.1" 200 458 "https://www.citadela.hr/" "Mozilla/5.0 (Windows NT 10.0; Win64; x64) AppleWebKit/537.36 (KHTML, like Gecko) Chrome/75.0.3770.142 Safari/537.36"
213.149.62.44 - - [05/Aug/2019:18:00:30 +0000] "GET /js/draggable-0.1.js HTTP/1.1" 200 1326 "https://www.citadela.hr/" "Mozilla/5.0 (Windows NT 10.0; Win64; x64) AppleWebKit/537.36 (KHTML, like Gecko) Chrome/75.0.3770.142 Safari/537.36"
213.149.62.44 - - [05/Aug/2019:18:00:30 +0000] "GET /js/jquery.barrating.js HTTP/1.1" 200 4280 "https://www.citadela.hr/" "Mozilla/5.0 (Windows NT 10.0; Win64; x64) AppleWebKit/537.36 (KHTML, like Gecko) Chrome/75.0.3770.142 Safari/537.36"
213.149.62.44 - - [05/Aug/2019:18:00:30 +0000] "GET /js/jquery.slider.js HTTP/1.1" 200 4772 "https://www.citadela.hr/" "Mozilla/5.0 (Windows NT 10.0; Win64; x64) AppleWebKit/537.36 (KHTML, like Gecko) Chrome/75.0.3770.142 Safari/537.36"
213.149.62.44 - - [05/Aug/2019:18:00:30 +0000] "GET /js/custom.js HTTP/1.1" 200 5159 "https://www.citadela.hr/" "Mozilla/5.0 (Windows NT 10.0; Win64; x64) AppleWebKit/537.36 (KHTML, like Gecko) Chrome/75.0.3770.142 Safari/537.36"
213.149.62.44 - - [05/Aug/2019:18:00:30 +0000] "GET /fonts/fontawesome-webfont.woff2?v=4.7.0 HTTP/1.1" 200 77160 "https://www.citadela.hr/css/font-awesome.css" "Mozilla/5.0 (Windows NT 10.0; Win64; x64) AppleWebKit/537.36 (KHTML, like Gecko) Chrome/75.0.3770.142 Safari/537.36"
213.149.62.44 - - [05/Aug/2019:18:00:30 +0000] "GET /uploads/thumbnails/e2f85641f091607835ef1e2c65529c2a.jpg HTTP/1.1" 200 44139 "https://www.citadela.hr/" "Mozilla/5.0 (Windows NT 10.0; Win64; x64) AppleWebKit/537.36 (KHTML, like Gecko) Chrome/75.0.3770.142 Safari/537.36"
213.149.62.44 - - [05/Aug/2019:18:00:30 +0000] "GET /uploads/thumbnails/3c55f605d3f0b0e63c055493db2ef6cb.jpg HTTP/1.1" 200 51114 "https://www.citadela.hr/" "Mozilla/5.0 (Windows NT 10.0; Win64; x64) AppleWebKit/537.36 (KHTML, like Gecko) Chrome/75.0.3770.142 Safari/537.36"
213.149.62.44 - - [05/Aug/2019:18:00:30 +0000] "GET /uploads/thumbnails/d88237410243ed4f971cfca527be5367.jpg HTTP/1.1" 200 53585 "https://www.citadela.hr/" "Mozilla/5.0 (Windows NT 10.0; Win64; x64) AppleWebKit/537.36 (KHTML, like Gecko) Chrome/75.0.3770.142 Safari/537.36"
