66.249.83.197 - - [09/Aug/2019:07:26:36 +0000] "GET /js/bootstrap-select.js HTTP/1.1" 200 15633 "https://www.citadela.hr/en/apartments/starigrad-novi-trosoban-stan-s-pogledom-na-more-garsonjera9365-m2" "Mozilla/5.0 (Linux; Android 4.2.1; en-us; Nexus 5 Build/JOP40D) AppleWebKit/535.19 (KHTML, like Gecko; googleweblight) Chrome/38.0.1025.166 Mobile Safari/535.19"
66.249.83.197 - - [09/Aug/2019:07:26:37 +0000] "GET /css/loader.css?v=2 HTTP/1.1" 200 772 "https://www.citadela.hr/en/apartments/starigrad-novi-trosoban-stan-s-pogledom-na-more-garsonjera9365-m2" "Mozilla/5.0 (Linux; Android 4.2.1; en-us; Nexus 5 Build/JOP40D) AppleWebKit/535.19 (KHTML, like Gecko; googleweblight) Chrome/38.0.1025.166 Mobile Safari/535.19"
66.249.83.197 - - [09/Aug/2019:07:26:36 +0000] "GET /css/bootstrap.css HTTP/1.1" 200 20712 "https://www.citadela.hr/en/apartments/starigrad-novi-trosoban-stan-s-pogledom-na-more-garsonjera9365-m2" "Mozilla/5.0 (Linux; Android 4.2.1; en-us; Nexus 5 Build/JOP40D) AppleWebKit/535.19 (KHTML, like Gecko; googleweblight) Chrome/38.0.1025.166 Mobile Safari/535.19"
66.249.83.193 - - [09/Aug/2019:07:26:37 +0000] "GET /js/bootstrap.min.js HTTP/1.1" 200 9833 "https://www.citadela.hr/en/apartments/starigrad-novi-trosoban-stan-s-pogledom-na-more-garsonjera9365-m2" "Mozilla/5.0 (Linux; Android 4.2.1; en-us; Nexus 5 Build/JOP40D) AppleWebKit/535.19 (KHTML, like Gecko; googleweblight) Chrome/38.0.1025.166 Mobile Safari/535.19"
66.249.83.193 - - [09/Aug/2019:07:26:37 +0000] "GET /css/jslider.css HTTP/1.1" 200 763 "https://www.citadela.hr/en/apartments/starigrad-novi-trosoban-stan-s-pogledom-na-more-garsonjera9365-m2" "Mozilla/5.0 (Linux; Android 4.2.1; en-us; Nexus 5 Build/JOP40D) AppleWebKit/535.19 (KHTML, like Gecko; googleweblight) Chrome/38.0.1025.166 Mobile Safari/535.19"
66.249.83.193 - - [09/Aug/2019:07:26:37 +0000] "GET /js/jquery.fancybox.pack.js HTTP/1.1" 200 8634 "https://www.citadela.hr/en/apartments/starigrad-novi-trosoban-stan-s-pogledom-na-more-garsonjera9365-m2" "Mozilla/5.0 (Linux; Android 4.2.1; en-us; Nexus 5 Build/JOP40D) AppleWebKit/535.19 (KHTML, like Gecko; googleweblight) Chrome/38.0.1025.166 Mobile Safari/535.19"
66.249.83.197 - - [09/Aug/2019:07:26:37 +0000] "GET /js/jquery.dependClass-0.1.js HTTP/1.1" 200 458 "https://www.citadela.hr/en/apartments/starigrad-novi-trosoban-stan-s-pogledom-na-more-garsonjera9365-m2" "Mozilla/5.0 (Linux; Android 4.2.1; en-us; Nexus 5 Build/JOP40D) AppleWebKit/535.19 (KHTML, like Gecko; googleweblight) Chrome/38.0.1025.166 Mobile Safari/535.19"
66.249.83.193 - - [09/Aug/2019:07:26:37 +0000] "GET /fonts/flaticon.css HTTP/1.1" 200 699 "https://www.citadela.hr/en/apartments/starigrad-novi-trosoban-stan-s-pogledom-na-more-garsonjera9365-m2" "Mozilla/5.0 (Linux; Android 4.2.1; en-us; Nexus 5 Build/JOP40D) AppleWebKit/535.19 (KHTML, like Gecko; googleweblight) Chrome/38.0.1025.166 Mobile Safari/535.19"
66.249.83.197 - - [09/Aug/2019:07:26:37 +0000] "GET /js/jshashtable-2.1_src.js HTTP/1.1" 200 2957 "https://www.citadela.hr/en/apartments/starigrad-novi-trosoban-stan-s-pogledom-na-more-garsonjera9365-m2" "Mozilla/5.0 (Linux; Android 4.2.1; en-us; Nexus 5 Build/JOP40D) AppleWebKit/535.19 (KHTML, like Gecko; googleweblight) Chrome/38.0.1025.166 Mobile Safari/535.19"
66.249.83.195 - - [09/Aug/2019:07:26:37 +0000] "GET /unitegallery/css/unite-gallery.css HTTP/1.1" 200 4825 "https://www.citadela.hr/en/apartments/starigrad-novi-trosoban-stan-s-pogledom-na-more-garsonjera9365-m2" "Mozilla/5.0 (Linux; Android 4.2.1; en-us; Nexus 5 Build/JOP40D) AppleWebKit/535.19 (KHTML, like Gecko; googleweblight) Chrome/38.0.1025.166 Mobile Safari/535.19"
66.249.83.197 - - [09/Aug/2019:07:26:37 +0000] "GET /css/font-awesome.css HTTP/1.1" 200 7439 "https://www.citadela.hr/en/apartments/starigrad-novi-trosoban-stan-s-pogledom-na-more-garsonjera9365-m2" "Mozilla/5.0 (Linux; Android 4.2.1; en-us; Nexus 5 Build/JOP40D) AppleWebKit/535.19 (KHTML, like Gecko; googleweblight) Chrome/38.0.1025.166 Mobile Safari/535.19"
66.249.83.193 - - [09/Aug/2019:07:26:37 +0000] "GET /css/colors/blue.css?v=2 HTTP/1.1" 200 3552 "https://www.citadela.hr/en/apartments/starigrad-novi-trosoban-stan-s-pogledom-na-more-garsonjera9365-m2" "Mozilla/5.0 (Linux; Android 4.2.1; en-us; Nexus 5 Build/JOP40D) AppleWebKit/535.19 (KHTML, like Gecko; googleweblight) Chrome/38.0.1025.166 Mobile Safari/535.19"
66.249.83.195 - - [09/Aug/2019:07:26:37 +0000] "GET /css/style.css?v=2 HTTP/1.1" 200 17441 "https://www.citadela.hr/en/apartments/starigrad-novi-trosoban-stan-s-pogledom-na-more-garsonjera9365-m2" "Mozilla/5.0 (Linux; Android 4.2.1; en-us; Nexus 5 Build/JOP40D) AppleWebKit/535.19 (KHTML, like Gecko; googleweblight) Chrome/38.0.1025.166 Mobile Safari/535.19"
66.249.83.197 - - [09/Aug/2019:07:26:37 +0000] "GET /js/wow.js HTTP/1.1" 200 2198 "https://www.citadela.hr/en/apartments/starigrad-novi-trosoban-stan-s-pogledom-na-more-garsonjera9365-m2" "Mozilla/5.0 (Linux; Android 4.2.1; en-us; Nexus 5 Build/JOP40D) AppleWebKit/535.19 (KHTML, like Gecko; googleweblight) Chrome/38.0.1025.166 Mobile Safari/535.19"
66.249.83.195 - - [09/Aug/2019:07:26:37 +0000] "GET /js/jquery.numberformatter-1.2.3.js HTTP/1.1" 200 4697 "https://www.citadela.hr/en/apartments/starigrad-novi-trosoban-stan-s-pogledom-na-more-garsonjera9365-m2" "Mozilla/5.0 (Linux; Android 4.2.1; en-us; Nexus 5 Build/JOP40D) AppleWebKit/535.19 (KHTML, like Gecko; googleweblight) Chrome/38.0.1025.166 Mobile Safari/535.19"
66.249.83.197 - - [09/Aug/2019:07:26:37 +0000] "GET /js/jquery.slider.js HTTP/1.1" 200 4772 "https://www.citadela.hr/en/apartments/starigrad-novi-trosoban-stan-s-pogledom-na-more-garsonjera9365-m2" "Mozilla/5.0 (Linux; Android 4.2.1; en-us; Nexus 5 Build/JOP40D) AppleWebKit/535.19 (KHTML, like Gecko; googleweblight) Chrome/38.0.1025.166 Mobile Safari/535.19"
66.249.83.197 - - [09/Aug/2019:07:26:37 +0000] "GET /assets/plugins/flag/css/flag-icon.css HTTP/1.1" 200 2837 "https://www.citadela.hr/en/apartments/starigrad-novi-trosoban-stan-s-pogledom-na-more-garsonjera9365-m2" "Mozilla/5.0 (Linux; Android 4.2.1; en-us; Nexus 5 Build/JOP40D) AppleWebKit/535.19 (KHTML, like Gecko; googleweblight) Chrome/38.0.1025.166 Mobile Safari/535.19"
66.249.83.195 - - [09/Aug/2019:07:26:37 +0000] "GET /js/custom.js HTTP/1.1" 200 5159 "https://www.citadela.hr/en/apartments/starigrad-novi-trosoban-stan-s-pogledom-na-more-garsonjera9365-m2" "Mozilla/5.0 (Linux; Android 4.2.1; en-us; Nexus 5 Build/JOP40D) AppleWebKit/535.19 (KHTML, like Gecko; googleweblight) Chrome/38.0.1025.166 Mobile Safari/535.19"
66.249.83.197 - - [09/Aug/2019:07:26:37 +0000] "GET /css/responsive.css HTTP/1.1" 200 2788 "https://www.citadela.hr/en/apartments/starigrad-novi-trosoban-stan-s-pogledom-na-more-garsonjera9365-m2" "Mozilla/5.0 (Linux; Android 4.2.1; en-us; Nexus 5 Build/JOP40D) AppleWebKit/535.19 (KHTML, like Gecko; googleweblight) Chrome/38.0.1025.166 Mobile Safari/535.19"
66.249.83.193 - - [09/Aug/2019:07:26:37 +0000] "GET /img/logo_header.png?v=2 HTTP/1.1" 200 4348 "https://www.citadela.hr/en/apartments/starigrad-novi-trosoban-stan-s-pogledom-na-more-garsonjera9365-m2" "Mozilla/5.0 (Linux; Android 4.2.1; en-us; Nexus 5 Build/JOP40D) AppleWebKit/535.19 (KHTML, like Gecko; googleweblight) Chrome/38.0.1025.166 Mobile Safari/535.19"
66.249.83.193 - - [09/Aug/2019:07:26:37 +0000] "GET /unitegallery/js/jquery-11.0.min.js HTTP/1.1" 200 33369 "https://www.citadela.hr/en/apartments/starigrad-novi-trosoban-stan-s-pogledom-na-more-garsonjera9365-m2" "Mozilla/5.0 (Linux; Android 4.2.1; en-us; Nexus 5 Build/JOP40D) AppleWebKit/535.19 (KHTML, like Gecko; googleweblight) Chrome/38.0.1025.166 Mobile Safari/535.19"
66.249.83.195 - - [09/Aug/2019:07:26:37 +0000] "GET /unitegallery/js/unitegallery.min.js HTTP/1.1" 200 66910 "https://www.citadela.hr/en/apartments/starigrad-novi-trosoban-stan-s-pogledom-na-more-garsonjera9365-m2" "Mozilla/5.0 (Linux; Android 4.2.1; en-us; Nexus 5 Build/JOP40D) AppleWebKit/535.19 (KHTML, like Gecko; googleweblight) Chrome/38.0.1025.166 Mobile Safari/535.19"
66.249.83.193 - - [09/Aug/2019:07:26:37 +0000] "GET /uploads/thumbnails/d54b78fc4501bdc303e6cdf990668908.jpg HTTP/1.1" 200 46847 "https://www.citadela.hr/en/apartments/starigrad-novi-trosoban-stan-s-pogledom-na-more-garsonjera9365-m2" "Mozilla/5.0 (Linux; Android 4.2.1; en-us; Nexus 5 Build/JOP40D) AppleWebKit/535.19 (KHTML, like Gecko; googleweblight) Chrome/38.0.1025.166 Mobile Safari/535.19"
66.249.83.195 - - [09/Aug/2019:07:26:37 +0000] "GET /uploads/thumbnails/edb3a7d9d58a9817d71b54c96617dc7d.jpg HTTP/1.1" 200 29268 "https://www.citadela.hr/en/apartments/starigrad-novi-trosoban-stan-s-pogledom-na-more-garsonjera9365-m2" "Mozilla/5.0 (Linux; Android 4.2.1; en-us; Nexus 5 Build/JOP40D) AppleWebKit/535.19 (KHTML, like Gecko; googleweblight) Chrome/38.0.1025.166 Mobile Safari/535.19"
66.249.83.193 - - [09/Aug/2019:07:26:37 +0000] "GET /uploads/thumbnails/04c7dcfc2b047148e9970786cc823ed4.jpg HTTP/1.1" 200 33317 "https://www.citadela.hr/en/apartments/starigrad-novi-trosoban-stan-s-pogledom-na-more-garsonjera9365-m2" "Mozilla/5.0 (Linux; Android 4.2.1; en-us; Nexus 5 Build/JOP40D) AppleWebKit/535.19 (KHTML, like Gecko; googleweblight) Chrome/38.0.1025.166 Mobile Safari/535.19"
66.249.83.193 - - [09/Aug/2019:07:26:37 +0000] "GET /uploads/thumbnails/f5d015e0e4a14300c47ec0ad2427f4da.jpg HTTP/1.1" 200 34448 "https://www.citadela.hr/en/apartments/starigrad-novi-trosoban-stan-s-pogledom-na-more-garsonjera9365-m2" "Mozilla/5.0 (Linux; Android 4.2.1; en-us; Nexus 5 Build/JOP40D) AppleWebKit/535.19 (KHTML, like Gecko; googleweblight) Chrome/38.0.1025.166 Mobile Safari/535.19"
66.249.83.195 - - [09/Aug/2019:07:26:37 +0000] "GET /uploads/thumbnails/1eaeed1e1289a8e77169e61acf34c833.jpg HTTP/1.1" 200 29776 "https://www.citadela.hr/en/apartments/starigrad-novi-trosoban-stan-s-pogledom-na-more-garsonjera9365-m2" "Mozilla/5.0 (Linux; Android 4.2.1; en-us; Nexus 5 Build/JOP40D) AppleWebKit/535.19 (KHTML, like Gecko; googleweblight) Chrome/38.0.1025.166 Mobile Safari/535.19"
66.249.83.197 - - [09/Aug/2019:07:26:37 +0000] "GET /uploads/thumbnails/181fbe5fa17f8796f5bc8de694cbabc1.jpg HTTP/1.1" 200 30770 "https://www.citadela.hr/en/apartments/starigrad-novi-trosoban-stan-s-pogledom-na-more-garsonjera9365-m2" "Mozilla/5.0 (Linux; Android 4.2.1; en-us; Nexus 5 Build/JOP40D) AppleWebKit/535.19 (KHTML, like Gecko; googleweblight) Chrome/38.0.1025.166 Mobile Safari/535.19"
66.249.83.195 - - [09/Aug/2019:07:26:37 +0000] "GET /img/logo_footer.png HTTP/1.1" 200 4213 "https://www.citadela.hr/en/apartments/starigrad-novi-trosoban-stan-s-pogledom-na-more-garsonjera9365-m2" "Mozilla/5.0 (Linux; Android 4.2.1; en-us; Nexus 5 Build/JOP40D) AppleWebKit/535.19 (KHTML, like Gecko; googleweblight) Chrome/38.0.1025.166 Mobile Safari/535.19"
66.249.83.197 - - [09/Aug/2019:07:26:37 +0000] "GET /uploads/thumbnails/7aae57972b2cf925b177aaa42ad5003f.JPG HTTP/1.1" 200 51035 "https://www.citadela.hr/en/apartments/starigrad-novi-trosoban-stan-s-pogledom-na-more-garsonjera9365-m2" "Mozilla/5.0 (Linux; Android 4.2.1; en-us; Nexus 5 Build/JOP40D) AppleWebKit/535.19 (KHTML, like Gecko; googleweblight) Chrome/38.0.1025.166 Mobile Safari/535.19"
66.249.83.197 - - [09/Aug/2019:07:26:37 +0000] "GET /js/tmpl.js HTTP/1.1" 200 625 "https://www.citadela.hr/en/apartments/starigrad-novi-trosoban-stan-s-pogledom-na-more-garsonjera9365-m2" "Mozilla/5.0 (Linux; Android 4.2.1; en-us; Nexus 5 Build/JOP40D) AppleWebKit/535.19 (KHTML, like Gecko; googleweblight) Chrome/38.0.1025.166 Mobile Safari/535.19"
66.249.83.193 - - [09/Aug/2019:07:26:37 +0000] "GET /css/owl.css HTTP/1.1" 200 1348 "https://www.citadela.hr/en/apartments/starigrad-novi-trosoban-stan-s-pogledom-na-more-garsonjera9365-m2" "Mozilla/5.0 (Linux; Android 4.2.1; en-us; Nexus 5 Build/JOP40D) AppleWebKit/535.19 (KHTML, like Gecko; googleweblight) Chrome/38.0.1025.166 Mobile Safari/535.19"
66.249.83.195 - - [09/Aug/2019:07:26:37 +0000] "GET /css/jquery.fancybox.css HTTP/1.1" 200 1434 "https://www.citadela.hr/en/apartments/starigrad-novi-trosoban-stan-s-pogledom-na-more-garsonjera9365-m2" "Mozilla/5.0 (Linux; Android 4.2.1; en-us; Nexus 5 Build/JOP40D) AppleWebKit/535.19 (KHTML, like Gecko; googleweblight) Chrome/38.0.1025.166 Mobile Safari/535.19"
66.249.83.193 - - [09/Aug/2019:07:26:37 +0000] "GET /js/draggable-0.1.js HTTP/1.1" 200 1326 "https://www.citadela.hr/en/apartments/starigrad-novi-trosoban-stan-s-pogledom-na-more-garsonjera9365-m2" "Mozilla/5.0 (Linux; Android 4.2.1; en-us; Nexus 5 Build/JOP40D) AppleWebKit/535.19 (KHTML, like Gecko; googleweblight) Chrome/38.0.1025.166 Mobile Safari/535.19"
66.249.83.197 - - [09/Aug/2019:07:26:37 +0000] "GET /js/jquery.barrating.js HTTP/1.1" 200 4280 "https://www.citadela.hr/en/apartments/starigrad-novi-trosoban-stan-s-pogledom-na-more-garsonjera9365-m2" "Mozilla/5.0 (Linux; Android 4.2.1; en-us; Nexus 5 Build/JOP40D) AppleWebKit/535.19 (KHTML, like Gecko; googleweblight) Chrome/38.0.1025.166 Mobile Safari/535.19"
66.249.83.195 - - [09/Aug/2019:07:26:37 +0000] "GET /unitegallery/themes/compact/ug-theme-compact.js HTTP/1.1" 200 2477 "https://www.citadela.hr/en/apartments/starigrad-novi-trosoban-stan-s-pogledom-na-more-garsonjera9365-m2" "Mozilla/5.0 (Linux; Android 4.2.1; en-us; Nexus 5 Build/JOP40D) AppleWebKit/535.19 (KHTML, like Gecko; googleweblight) Chrome/38.0.1025.166 Mobile Safari/535.19"
66.249.83.193 - - [09/Aug/2019:07:26:37 +0000] "GET /uploads/thumbnails/b4c6dbf60651f3194262872337be0e46.jpg HTTP/1.1" 200 32957 "https://www.citadela.hr/en/apartments/starigrad-novi-trosoban-stan-s-pogledom-na-more-garsonjera9365-m2" "Mozilla/5.0 (Linux; Android 4.2.1; en-us; Nexus 5 Build/JOP40D) AppleWebKit/535.19 (KHTML, like Gecko; googleweblight) Chrome/38.0.1025.166 Mobile Safari/535.19"
66.249.83.193 - - [09/Aug/2019:07:26:37 +0000] "GET /img/mate.jpg HTTP/1.1" 200 14037 "https://www.citadela.hr/en/apartments/starigrad-novi-trosoban-stan-s-pogledom-na-more-garsonjera9365-m2" "Mozilla/5.0 (Linux; Android 4.2.1; en-us; Nexus 5 Build/JOP40D) AppleWebKit/535.19 (KHTML, like Gecko; googleweblight) Chrome/38.0.1025.166 Mobile Safari/535.19"
66.249.88.56 - - [09/Aug/2019:07:26:37 +0000] "GET /uploads/thumbnails/c646ba4b03ced328eed37d5e8507d520.jpg HTTP/1.1" 200 23279 "https://www.citadela.hr/en/apartments/starigrad-novi-trosoban-stan-s-pogledom-na-more-garsonjera9365-m2" "Mozilla/5.0 (Linux; Android 4.2.1; en-us; Nexus 5 Build/JOP40D) AppleWebKit/535.19 (KHTML, like Gecko; googleweblight) Chrome/38.0.1025.166 Mobile Safari/535.19"
66.249.88.57 - - [09/Aug/2019:07:26:37 +0000] "GET /css/animate.min.css HTTP/1.1" 200 4242 "https://www.citadela.hr/en/apartments/starigrad-novi-trosoban-stan-s-pogledom-na-more-garsonjera9365-m2" "Mozilla/5.0 (Linux; Android 4.2.1; en-us; Nexus 5 Build/JOP40D) AppleWebKit/535.19 (KHTML, like Gecko; googleweblight) Chrome/38.0.1025.166 Mobile Safari/535.19"
66.249.83.195 - - [09/Aug/2019:07:26:38 +0000] "GET /unitegallery/images/button-close.png HTTP/1.1" 200 7155 "https://www.citadela.hr/unitegallery/css/unite-gallery.css" "Mozilla/5.0 (Linux; Android 4.2.1; en-us; Nexus 5 Build/JOP40D) AppleWebKit/535.19 (KHTML, like Gecko; googleweblight) Chrome/38.0.1025.166 Mobile Safari/535.19"
66.249.83.193 - - [09/Aug/2019:07:26:38 +0000] "GET /unitegallery/images/loader-black1.gif HTTP/1.1" 200 5855 "https://www.citadela.hr/unitegallery/css/unite-gallery.css" "Mozilla/5.0 (Linux; Android 4.2.1; en-us; Nexus 5 Build/JOP40D) AppleWebKit/535.19 (KHTML, like Gecko; googleweblight) Chrome/38.0.1025.166 Mobile Safari/535.19"
66.249.83.195 - - [09/Aug/2019:07:26:38 +0000] "GET /uploads/images/d54b78fc4501bdc303e6cdf990668908.jpg HTTP/1.1" 200 159285 "https://www.citadela.hr/en/apartments/starigrad-novi-trosoban-stan-s-pogledom-na-more-garsonjera9365-m2" "Mozilla/5.0 (Linux; Android 4.2.1; en-us; Nexus 5 Build/JOP40D) AppleWebKit/535.19 (KHTML, like Gecko; googleweblight) Chrome/38.0.1025.166 Mobile Safari/535.19"
66.249.83.197 - - [09/Aug/2019:07:26:38 +0000] "GET /unitegallery/images/loader-white1.gif HTTP/1.1" 200 2545 "https://www.citadela.hr/unitegallery/css/unite-gallery.css" "Mozilla/5.0 (Linux; Android 4.2.1; en-us; Nexus 5 Build/JOP40D) AppleWebKit/535.19 (KHTML, like Gecko; googleweblight) Chrome/38.0.1025.166 Mobile Safari/535.19"
66.249.83.195 - - [09/Aug/2019:07:26:38 +0000] "GET /unitegallery/images/not_loaded.png HTTP/1.1" 200 858 "https://www.citadela.hr/unitegallery/css/unite-gallery.css" "Mozilla/5.0 (Linux; Android 4.2.1; en-us; Nexus 5 Build/JOP40D) AppleWebKit/535.19 (KHTML, like Gecko; googleweblight) Chrome/38.0.1025.166 Mobile Safari/535.19"
66.249.83.193 - - [09/Aug/2019:07:26:38 +0000] "GET /unitegallery/images/play-button-square.png HTTP/1.1" 200 4591 "https://www.citadela.hr/unitegallery/css/unite-gallery.css" "Mozilla/5.0 (Linux; Android 4.2.1; en-us; Nexus 5 Build/JOP40D) AppleWebKit/535.19 (KHTML, like Gecko; googleweblight) Chrome/38.0.1025.166 Mobile Safari/535.19"
66.249.83.193 - - [09/Aug/2019:07:26:38 +0000] "GET /unitegallery/skins/default/slider_arrow_right.png HTTP/1.1" 200 505 "https://www.citadela.hr/unitegallery/css/unite-gallery.css" "Mozilla/5.0 (Linux; Android 4.2.1; en-us; Nexus 5 Build/JOP40D) AppleWebKit/535.19 (KHTML, like Gecko; googleweblight) Chrome/38.0.1025.166 Mobile Safari/535.19"
66.249.88.57 - - [09/Aug/2019:07:26:38 +0000] "GET /uploads/images/181fbe5fa17f8796f5bc8de694cbabc1.jpg HTTP/1.1" 200 93325 "https://www.citadela.hr/en/apartments/starigrad-novi-trosoban-stan-s-pogledom-na-more-garsonjera9365-m2" "Mozilla/5.0 (Linux; Android 4.2.1; en-us; Nexus 5 Build/JOP40D) AppleWebKit/535.19 (KHTML, like Gecko; googleweblight) Chrome/38.0.1025.166 Mobile Safari/535.19"
66.249.83.193 - - [09/Aug/2019:07:26:38 +0000] "GET /unitegallery/skins/default/button_fullscreen.png HTTP/1.1" 200 1146 "https://www.citadela.hr/unitegallery/css/unite-gallery.css" "Mozilla/5.0 (Linux; Android 4.2.1; en-us; Nexus 5 Build/JOP40D) AppleWebKit/535.19 (KHTML, like Gecko; googleweblight) Chrome/38.0.1025.166 Mobile Safari/535.19"
66.249.83.193 - - [09/Aug/2019:07:26:38 +0000] "GET /unitegallery/images/loader.gif HTTP/1.1" 200 673 "https://www.citadela.hr/unitegallery/css/unite-gallery.css" "Mozilla/5.0 (Linux; Android 4.2.1; en-us; Nexus 5 Build/JOP40D) AppleWebKit/535.19 (KHTML, like Gecko; googleweblight) Chrome/38.0.1025.166 Mobile Safari/535.19"
66.249.83.193 - - [09/Aug/2019:07:26:38 +0000] "GET /unitegallery/skins/default/slider_arrow_left.png HTTP/1.1" 200 493 "https://www.citadela.hr/unitegallery/css/unite-gallery.css" "Mozilla/5.0 (Linux; Android 4.2.1; en-us; Nexus 5 Build/JOP40D) AppleWebKit/535.19 (KHTML, like Gecko; googleweblight) Chrome/38.0.1025.166 Mobile Safari/535.19"
66.249.83.197 - - [09/Aug/2019:07:26:38 +0000] "GET /unitegallery/images/cover-grid.png HTTP/1.1" 200 933 "https://www.citadela.hr/unitegallery/css/unite-gallery.css" "Mozilla/5.0 (Linux; Android 4.2.1; en-us; Nexus 5 Build/JOP40D) AppleWebKit/535.19 (KHTML, like Gecko; googleweblight) Chrome/38.0.1025.166 Mobile Safari/535.19"
66.249.83.193 - - [09/Aug/2019:07:26:38 +0000] "GET /uploads/images/7aae57972b2cf925b177aaa42ad5003f.JPG HTTP/1.1" 200 310505 "https://www.citadela.hr/en/apartments/starigrad-novi-trosoban-stan-s-pogledom-na-more-garsonjera9365-m2" "Mozilla/5.0 (Linux; Android 4.2.1; en-us; Nexus 5 Build/JOP40D) AppleWebKit/535.19 (KHTML, like Gecko; googleweblight) Chrome/38.0.1025.166 Mobile Safari/535.19"
66.249.83.195 - - [09/Aug/2019:07:26:38 +0000] "GET /img/banner/banner.png HTTP/1.1" 200 188379 "https://www.citadela.hr/css/style.css?v=2" "Mozilla/5.0 (Linux; Android 4.2.1; en-us; Nexus 5 Build/JOP40D) AppleWebKit/535.19 (KHTML, like Gecko; googleweblight) Chrome/38.0.1025.166 Mobile Safari/535.19"
66.249.66.132 - - [09/Aug/2019:07:26:42 +0000] "GET /pretraga?category=&type=&place=7&area=&price=50000&surface=50 HTTP/1.1" 500 4485 "-" "Mozilla/5.0 (Linux; Android 6.0.1; Nexus 5X Build/MMB29P) AppleWebKit/537.36 (KHTML, like Gecko) Chrome/41.0.2272.96 Mobile Safari/537.36 (compatible; Googlebot/2.1; +http://www.google.com/bot.html)"
66.249.66.130 - - [09/Aug/2019:07:27:03 +0000] "GET /en/search?category=&type=&place=8&area=&price=50000&surface=50 HTTP/1.1" 500 4485 "-" "Mozilla/5.0 (Linux; Android 6.0.1; Nexus 5X Build/MMB29P) AppleWebKit/537.36 (KHTML, like Gecko) Chrome/41.0.2272.96 Mobile Safari/537.36 (compatible; Googlebot/2.1; +http://www.google.com/bot.html)"
66.249.66.128 - - [09/Aug/2019:07:27:19 +0000] "GET /en/search?category=&type=&place=10&area=&price=1000000&surface=10 HTTP/1.1" 500 4485 "-" "Mozilla/5.0 (Linux; Android 6.0.1; Nexus 5X Build/MMB29P) AppleWebKit/537.36 (KHTML, like Gecko) Chrome/41.0.2272.96 Mobile Safari/537.36 (compatible; Googlebot/2.1; +http://www.google.com/bot.html)"
66.249.66.128 - - [09/Aug/2019:07:28:16 +0000] "GET /pretraga?category=&type=&place=5&area=&price=1000000&surface=200 HTTP/1.1" 500 4485 "-" "Mozilla/5.0 (Linux; Android 6.0.1; Nexus 5X Build/MMB29P) AppleWebKit/537.36 (KHTML, like Gecko) Chrome/41.0.2272.96 Mobile Safari/537.36 (compatible; Googlebot/2.1; +http://www.google.com/bot.html)"
66.249.66.130 - - [09/Aug/2019:07:28:41 +0000] "GET /pretraga?category=&type=&place=7&area=&price=50000&surface=50 HTTP/1.1" 500 4485 "-" "Mozilla/5.0 (Linux; Android 6.0.1; Nexus 5X Build/MMB29P) AppleWebKit/537.36 (KHTML, like Gecko) Chrome/41.0.2272.96 Mobile Safari/537.36 (compatible; Googlebot/2.1; +http://www.google.com/bot.html)"
66.249.66.132 - - [09/Aug/2019:07:29:58 +0000] "GET /en/search?category=&type=&place=8&area=&price=50000&surface=50 HTTP/1.1" 500 4485 "-" "Mozilla/5.0 (Linux; Android 6.0.1; Nexus 5X Build/MMB29P) AppleWebKit/537.36 (KHTML, like Gecko) Chrome/41.0.2272.96 Mobile Safari/537.36 (compatible; Googlebot/2.1; +http://www.google.com/bot.html)"
66.249.66.130 - - [09/Aug/2019:07:32:26 +0000] "GET /hr/pretraga?category=&type=&place=7&area=&price=500000&surface=200 HTTP/1.1" 500 4485 "-" "Mozilla/5.0 (Linux; Android 6.0.1; Nexus 5X Build/MMB29P) AppleWebKit/537.36 (KHTML, like Gecko) Chrome/41.0.2272.96 Mobile Safari/537.36 (compatible; Googlebot/2.1; +http://www.google.com/bot.html)"
66.249.66.130 - - [09/Aug/2019:07:32:54 +0000] "GET /en/search?category=&place=2&price=100000&surface=50 HTTP/1.1" 500 4485 "-" "Mozilla/5.0 (Linux; Android 6.0.1; Nexus 5X Build/MMB29P) AppleWebKit/537.36 (KHTML, like Gecko) Chrome/41.0.2272.96 Mobile Safari/537.36 (compatible; Googlebot/2.1; +http://www.google.com/bot.html)"
66.249.66.128 - - [09/Aug/2019:07:34:04 +0000] "GET /en/search?category=&type=&place=8&area=&price=50000&surface=50 HTTP/1.1" 500 4485 "-" "Mozilla/5.0 (Linux; Android 6.0.1; Nexus 5X Build/MMB29P) AppleWebKit/537.36 (KHTML, like Gecko) Chrome/41.0.2272.96 Mobile Safari/537.36 (compatible; Googlebot/2.1; +http://www.google.com/bot.html)"
66.249.66.130 - - [09/Aug/2019:07:34:58 +0000] "GET /en/search?category=&type=&place=20&area=&price=300000&surface=100 HTTP/1.1" 500 4485 "-" "Mozilla/5.0 (Linux; Android 6.0.1; Nexus 5X Build/MMB29P) AppleWebKit/537.36 (KHTML, like Gecko) Chrome/41.0.2272.96 Mobile Safari/537.36 (compatible; Googlebot/2.1; +http://www.google.com/bot.html)"
66.249.66.130 - - [09/Aug/2019:07:35:33 +0000] "GET /en/search?category=&type=&place=20&area=&price=300000&surface=100 HTTP/1.1" 500 4485 "-" "Mozilla/5.0 (Linux; Android 6.0.1; Nexus 5X Build/MMB29P) AppleWebKit/537.36 (KHTML, like Gecko) Chrome/41.0.2272.96 Mobile Safari/537.36 (compatible; Googlebot/2.1; +http://www.google.com/bot.html)"
216.244.66.226 - - [09/Aug/2019:07:35:59 +0000] "GET /robots.txt HTTP/1.1" 301 242 "-" "Mozilla/5.0 (compatible; DotBot/1.1; http://www.opensiteexplorer.org/dotbot, help@moz.com)"
216.244.66.226 - - [09/Aug/2019:07:36:00 +0000] "GET /robots.txt HTTP/1.1" 200 24 "-" "Mozilla/5.0 (compatible; DotBot/1.1; http://www.opensiteexplorer.org/dotbot, help@moz.com)"
66.249.66.130 - - [09/Aug/2019:07:36:01 +0000] "GET /hr/pretraga?category=&type=&place=2&area=&price=&surface=50 HTTP/1.1" 500 4485 "-" "Mozilla/5.0 (Linux; Android 6.0.1; Nexus 5X Build/MMB29P) AppleWebKit/537.36 (KHTML, like Gecko) Chrome/41.0.2272.96 Mobile Safari/537.36 (compatible; Googlebot/2.1; +http://www.google.com/bot.html)"
66.249.66.128 - - [09/Aug/2019:07:41:44 +0000] "GET /pretraga?category=&type=&place=10&area=&price=50000&surface=50 HTTP/1.1" 500 4485 "-" "Mozilla/5.0 (Linux; Android 6.0.1; Nexus 5X Build/MMB29P) AppleWebKit/537.36 (KHTML, like Gecko) Chrome/41.0.2272.96 Mobile Safari/537.36 (compatible; Googlebot/2.1; +http://www.google.com/bot.html)"
66.249.66.128 - - [09/Aug/2019:07:45:26 +0000] "GET /en/search?category=&type=&place=19&area=&price=500000&surface=200 HTTP/1.1" 500 4485 "-" "Mozilla/5.0 (Linux; Android 6.0.1; Nexus 5X Build/MMB29P) AppleWebKit/537.36 (KHTML, like Gecko) Chrome/41.0.2272.96 Mobile Safari/537.36 (compatible; Googlebot/2.1; +http://www.google.com/bot.html)"
66.249.66.128 - - [09/Aug/2019:07:45:37 +0000] "GET /en/search?category=&type=&place=7&area=&price=100000&surface=10 HTTP/1.1" 500 4485 "-" "Mozilla/5.0 (Linux; Android 6.0.1; Nexus 5X Build/MMB29P) AppleWebKit/537.36 (KHTML, like Gecko) Chrome/41.0.2272.96 Mobile Safari/537.36 (compatible; Googlebot/2.1; +http://www.google.com/bot.html)"
66.249.66.132 - - [09/Aug/2019:07:46:53 +0000] "GET /en/search?category=&type=&place=19&area=&price=500000&surface=200 HTTP/1.1" 500 4485 "-" "Mozilla/5.0 (Linux; Android 6.0.1; Nexus 5X Build/MMB29P) AppleWebKit/537.36 (KHTML, like Gecko) Chrome/41.0.2272.96 Mobile Safari/537.36 (compatible; Googlebot/2.1; +http://www.google.com/bot.html)"
66.249.66.132 - - [09/Aug/2019:07:48:51 +0000] "GET /en/search?category=&type=&place=18&area=&price=1000000&surface=200 HTTP/1.1" 500 4485 "-" "Mozilla/5.0 (Linux; Android 6.0.1; Nexus 5X Build/MMB29P) AppleWebKit/537.36 (KHTML, like Gecko) Chrome/41.0.2272.96 Mobile Safari/537.36 (compatible; Googlebot/2.1; +http://www.google.com/bot.html)"
66.249.66.130 - - [09/Aug/2019:07:49:33 +0000] "GET /en/search?category=&place=&price=500000&surface=10&page=2 HTTP/1.1" 200 5262 "-" "Mozilla/5.0 (Linux; Android 6.0.1; Nexus 5X Build/MMB29P) AppleWebKit/537.36 (KHTML, like Gecko) Chrome/41.0.2272.96 Mobile Safari/537.36 (compatible; Googlebot/2.1; +http://www.google.com/bot.html)"
78.138.107.216 - - [09/Aug/2019:07:50:29 +0000] "GET /wordpress/wp-admin/install.php HTTP/1.1" 301 262 "-" "Python-urllib/2.7"
78.138.107.216 - - [09/Aug/2019:07:50:29 +0000] "GET /wordpress/wp-admin/install.php HTTP/1.1" 404 1104 "-" "Python-urllib/2.7"
66.249.66.132 - - [09/Aug/2019:07:51:14 +0000] "GET /en/search?category=&type=&place=7&area=&price=100000&surface=10 HTTP/1.1" 500 4485 "-" "Mozilla/5.0 (Linux; Android 6.0.1; Nexus 5X Build/MMB29P) AppleWebKit/537.36 (KHTML, like Gecko) Chrome/41.0.2272.96 Mobile Safari/537.36 (compatible; Googlebot/2.1; +http://www.google.com/bot.html)"
66.249.66.128 - - [09/Aug/2019:07:52:44 +0000] "GET /en/search?category=&type=&place=18&area=&price=1000000&surface=200 HTTP/1.1" 500 4485 "-" "Mozilla/5.0 (Linux; Android 6.0.1; Nexus 5X Build/MMB29P) AppleWebKit/537.36 (KHTML, like Gecko) Chrome/41.0.2272.96 Mobile Safari/537.36 (compatible; Googlebot/2.1; +http://www.google.com/bot.html)"
66.249.66.132 - - [09/Aug/2019:07:53:48 +0000] "GET /en/search?category=&type=&place=4&area=&price=300000&surface=50 HTTP/1.1" 500 4485 "-" "Mozilla/5.0 (Linux; Android 6.0.1; Nexus 5X Build/MMB29P) AppleWebKit/537.36 (KHTML, like Gecko) Chrome/41.0.2272.96 Mobile Safari/537.36 (compatible; Googlebot/2.1; +http://www.google.com/bot.html)"
46.229.168.145 - - [09/Aug/2019:07:56:27 +0000] "GET /robots.txt HTTP/1.1" 200 24 "-" "Mozilla/5.0 (compatible; SemrushBot/3~bl; +http://www.semrush.com/bot.html)"
46.229.168.162 - - [09/Aug/2019:07:56:29 +0000] "GET /zemljista/pakostane-zemljiste-u-t3-kamp-zoni-drugi-red-do-mora-1949-m2 HTTP/1.1" 200 5421 "-" "Mozilla/5.0 (compatible; SemrushBot/3~bl; +http://www.semrush.com/bot.html)"
66.249.66.132 - - [09/Aug/2019:07:57:45 +0000] "GET /en/search?category=&type=&place=4&area=&price=300000&surface=50 HTTP/1.1" 500 4485 "-" "Mozilla/5.0 (Linux; Android 6.0.1; Nexus 5X Build/MMB29P) AppleWebKit/537.36 (KHTML, like Gecko) Chrome/41.0.2272.96 Mobile Safari/537.36 (compatible; Googlebot/2.1; +http://www.google.com/bot.html)"
66.249.66.128 - - [09/Aug/2019:07:59:11 +0000] "GET /en/search?category=&type=&place=4&area=&price=300000&surface=50 HTTP/1.1" 500 4485 "-" "Mozilla/5.0 (Linux; Android 6.0.1; Nexus 5X Build/MMB29P) AppleWebKit/537.36 (KHTML, like Gecko) Chrome/41.0.2272.96 Mobile Safari/537.36 (compatible; Googlebot/2.1; +http://www.google.com/bot.html)"
66.249.66.130 - - [09/Aug/2019:08:00:33 +0000] "GET /en/search?category=&type=&place=18&area=&price=&surface=200 HTTP/1.1" 500 4485 "-" "Mozilla/5.0 (Linux; Android 6.0.1; Nexus 5X Build/MMB29P) AppleWebKit/537.36 (KHTML, like Gecko) Chrome/41.0.2272.96 Mobile Safari/537.36 (compatible; Googlebot/2.1; +http://www.google.com/bot.html)"
66.249.66.130 - - [09/Aug/2019:08:04:34 +0000] "GET /en/search?category=&type=&place=6&area=&price=1000000&surface=10 HTTP/1.1" 500 4485 "-" "Mozilla/5.0 (Linux; Android 6.0.1; Nexus 5X Build/MMB29P) AppleWebKit/537.36 (KHTML, like Gecko) Chrome/41.0.2272.96 Mobile Safari/537.36 (compatible; Googlebot/2.1; +http://www.google.com/bot.html)"
181.215.64.158 - - [09/Aug/2019:08:05:00 +0000] "GET / HTTP/1.1" 301 232 "-" "Go-http-client/1.1"
46.229.168.149 - - [09/Aug/2019:08:06:16 +0000] "GET /apartmani?page=3 HTTP/1.1" 200 4005 "-" "Mozilla/5.0 (compatible; SemrushBot/3~bl; +http://www.semrush.com/bot.html)"
66.249.66.132 - - [09/Aug/2019:08:09:51 +0000] "GET /en/search?category=&type=&place=10&area=&price=1000000&surface=200 HTTP/1.1" 500 4485 "-" "Mozilla/5.0 (Linux; Android 6.0.1; Nexus 5X Build/MMB29P) AppleWebKit/537.36 (KHTML, like Gecko) Chrome/41.0.2272.96 Mobile Safari/537.36 (compatible; Googlebot/2.1; +http://www.google.com/bot.html)"
66.249.66.132 - - [09/Aug/2019:08:14:07 +0000] "GET /apartmani/murter-plaza-slanica-dvosoban-apartman-prvi-red-do-mora-4355-m2 HTTP/1.1" 200 6066 "-" "Mozilla/5.0 (Linux; Android 6.0.1; Nexus 5X Build/MMB29P) AppleWebKit/537.36 (KHTML, like Gecko) Chrome/41.0.2272.96 Mobile Safari/537.36 (compatible; Googlebot/2.1; +http://www.google.com/bot.html)"
66.249.66.128 - - [09/Aug/2019:08:14:21 +0000] "GET /hr/pretraga?category=&type=&place=17&area=&price=50000&surface=10 HTTP/1.1" 500 4485 "-" "Mozilla/5.0 (Linux; Android 6.0.1; Nexus 5X Build/MMB29P) AppleWebKit/537.36 (KHTML, like Gecko) Chrome/41.0.2272.96 Mobile Safari/537.36 (compatible; Googlebot/2.1; +http://www.google.com/bot.html)"
66.249.66.130 - - [09/Aug/2019:08:15:27 +0000] "GET /apartmani/murter-plaza-slanica-dvosoban-apartman-prvi-red-do-mora-4355-m2 HTTP/1.1" 200 6064 "-" "Mozilla/5.0 (Linux; Android 6.0.1; Nexus 5X Build/MMB29P) AppleWebKit/537.36 (KHTML, like Gecko) Chrome/41.0.2272.96 Mobile Safari/537.36 (compatible; Googlebot/2.1; +http://www.google.com/bot.html)"
178.137.165.186 - - [09/Aug/2019:08:15:58 +0000] "GET / HTTP/1.1" 301 232 "https://www.vzlomsn.org/" "Mozilla/0.6 Beta (Windows)"
178.137.165.186 - - [09/Aug/2019:08:15:59 +0000] "GET / HTTP/1.1" 301 232 "https://www.vzlomsn.org/" "Mozilla/0.6 Beta (Windows)"
178.137.165.186 - - [09/Aug/2019:08:15:59 +0000] "GET / HTTP/1.1" 301 232 "https://www.vzlomsn.org/" "Mozilla/0.6 Beta (Windows)"
66.249.66.130 - - [09/Aug/2019:08:16:38 +0000] "GET /en/search?category=&type=&place=6&area=&price=&surface=200 HTTP/1.1" 500 4485 "-" "Mozilla/5.0 (Linux; Android 6.0.1; Nexus 5X Build/MMB29P) AppleWebKit/537.36 (KHTML, like Gecko) Chrome/41.0.2272.96 Mobile Safari/537.36 (compatible; Googlebot/2.1; +http://www.google.com/bot.html)"
66.249.66.128 - - [09/Aug/2019:08:17:24 +0000] "GET /en/search?category=&type=&place=12&area=&price=300000&surface=200 HTTP/1.1" 500 4485 "-" "Mozilla/5.0 (Linux; Android 6.0.1; Nexus 5X Build/MMB29P) AppleWebKit/537.36 (KHTML, like Gecko) Chrome/41.0.2272.96 Mobile Safari/537.36 (compatible; Googlebot/2.1; +http://www.google.com/bot.html)"
66.249.66.128 - - [09/Aug/2019:08:17:56 +0000] "GET /en/search?category=&place=&price=1000000&surface=100&page=1 HTTP/1.1" 200 5472 "-" "Mozilla/5.0 (Linux; Android 6.0.1; Nexus 5X Build/MMB29P) AppleWebKit/537.36 (KHTML, like Gecko) Chrome/41.0.2272.96 Mobile Safari/537.36 (compatible; Googlebot/2.1; +http://www.google.com/bot.html)"
46.229.168.144 - - [09/Aug/2019:08:20:12 +0000] "GET /en/lands/pasman-zdrelac-gradevinsko-zemljiste-s-pogledom-na-more-460-m2 HTTP/1.1" 200 5059 "-" "Mozilla/5.0 (compatible; SemrushBot/3~bl; +http://www.semrush.com/bot.html)"
216.244.66.226 - - [09/Aug/2019:08:21:00 +0000] "GET /robots.txt HTTP/1.1" 301 242 "-" "Mozilla/5.0 (compatible; DotBot/1.1; http://www.opensiteexplorer.org/dotbot, help@moz.com)"
216.244.66.226 - - [09/Aug/2019:08:21:02 +0000] "GET /robots.txt HTTP/1.1" 200 24 "-" "Mozilla/5.0 (compatible; DotBot/1.1; http://www.opensiteexplorer.org/dotbot, help@moz.com)"
66.249.66.128 - - [09/Aug/2019:08:21:02 +0000] "GET /en/search?category=&type=&place=6&area=&price=&surface=200 HTTP/1.1" 500 4485 "-" "Mozilla/5.0 (Linux; Android 6.0.1; Nexus 5X Build/MMB29P) AppleWebKit/537.36 (KHTML, like Gecko) Chrome/41.0.2272.96 Mobile Safari/537.36 (compatible; Googlebot/2.1; +http://www.google.com/bot.html)"
188.252.243.230 - - [09/Aug/2019:08:23:45 +0000] "GET / HTTP/1.1" 301 232 "-" "Mozilla/5.0 (Windows NT 6.3; Win64; x64) AppleWebKit/537.36 (KHTML, like Gecko) Chrome/76.0.3809.100 Safari/537.36"
188.252.243.230 - - [09/Aug/2019:08:23:46 +0000] "GET / HTTP/1.1" 200 5820 "-" "Mozilla/5.0 (Windows NT 6.3; Win64; x64) AppleWebKit/537.36 (KHTML, like Gecko) Chrome/76.0.3809.100 Safari/537.36"
66.249.66.130 - - [09/Aug/2019:08:24:39 +0000] "GET /en/search?category=&type=&place=9&area=&price=300000&surface=10 HTTP/1.1" 500 4485 "-" "Mozilla/5.0 (Linux; Android 6.0.1; Nexus 5X Build/MMB29P) AppleWebKit/537.36 (KHTML, like Gecko) Chrome/41.0.2272.96 Mobile Safari/537.36 (compatible; Googlebot/2.1; +http://www.google.com/bot.html)"
66.249.66.130 - - [09/Aug/2019:08:26:06 +0000] "GET /en/search?category=&type=&place=12&area=&price=300000&surface=200 HTTP/1.1" 500 4485 "-" "Mozilla/5.0 (Linux; Android 6.0.1; Nexus 5X Build/MMB29P) AppleWebKit/537.36 (KHTML, like Gecko) Chrome/41.0.2272.96 Mobile Safari/537.36 (compatible; Googlebot/2.1; +http://www.google.com/bot.html)"
66.249.66.128 - - [09/Aug/2019:08:26:14 +0000] "GET /en/search?category=&type=&place=12&area=&price=300000&surface=200 HTTP/1.1" 500 4485 "-" "Mozilla/5.0 (Linux; Android 6.0.1; Nexus 5X Build/MMB29P) AppleWebKit/537.36 (KHTML, like Gecko) Chrome/41.0.2272.96 Mobile Safari/537.36 (compatible; Googlebot/2.1; +http://www.google.com/bot.html)"
66.249.66.132 - - [09/Aug/2019:08:28:15 +0000] "GET /en/search?category=&type=&place=11&area=&price=300000&surface=100 HTTP/1.1" 500 4485 "-" "Mozilla/5.0 (Linux; Android 6.0.1; Nexus 5X Build/MMB29P) AppleWebKit/537.36 (KHTML, like Gecko) Chrome/41.0.2272.96 Mobile Safari/537.36 (compatible; Googlebot/2.1; +http://www.google.com/bot.html)"
66.249.66.130 - - [09/Aug/2019:08:29:11 +0000] "GET /en/search?category=&type=&place=16&area=&price=1000000&surface=50 HTTP/1.1" 500 4485 "-" "Mozilla/5.0 (Linux; Android 6.0.1; Nexus 5X Build/MMB29P) AppleWebKit/537.36 (KHTML, like Gecko) Chrome/41.0.2272.96 Mobile Safari/537.36 (compatible; Googlebot/2.1; +http://www.google.com/bot.html)"
66.249.66.130 - - [09/Aug/2019:08:29:26 +0000] "GET /apartmani/kozino-dvosoban-apartman-prvi-red-do-mora-5509-m2 HTTP/1.1" 200 6017 "-" "Mozilla/5.0 (Linux; Android 6.0.1; Nexus 5X Build/MMB29P) AppleWebKit/537.36 (KHTML, like Gecko) Chrome/41.0.2272.96 Mobile Safari/537.36 (compatible; Googlebot/2.1; +http://www.google.com/bot.html)"
66.249.66.128 - - [09/Aug/2019:08:29:39 +0000] "GET /en/search?category=&type=&place=11&area=&price=300000&surface=100 HTTP/1.1" 500 4485 "-" "Mozilla/5.0 (Linux; Android 6.0.1; Nexus 5X Build/MMB29P) AppleWebKit/537.36 (KHTML, like Gecko) Chrome/41.0.2272.96 Mobile Safari/537.36 (compatible; Googlebot/2.1; +http://www.google.com/bot.html)"
46.229.168.138 - - [09/Aug/2019:08:38:09 +0000] "GET /robots.txt HTTP/1.1" 200 24 "-" "Mozilla/5.0 (compatible; SemrushBot/3~bl; +http://www.semrush.com/bot.html)"
46.229.168.139 - - [09/Aug/2019:08:38:10 +0000] "GET /zemljista/maslenica-gradevinsko-zemljiste-treci-red-do-mora-1029-m2 HTTP/1.1" 200 5793 "-" "Mozilla/5.0 (compatible; SemrushBot/3~bl; +http://www.semrush.com/bot.html)"
46.229.168.144 - - [09/Aug/2019:08:43:03 +0000] "GET /hr HTTP/1.1" 200 5821 "-" "Mozilla/5.0 (compatible; SemrushBot/3~bl; +http://www.semrush.com/bot.html)"
31.45.226.178 - - [09/Aug/2019:08:49:28 +0000] "GET /uploads/images/0bbd1dd75c98d26c7084fc8347d3cf1d.jpg HTTP/1.1" 200 247216 "https://www.google.com/blank.html" "Mozilla/5.0 (Linux; Android 8.0.0; ATU-L21 Build/HUAWEIATU-L21; wv) AppleWebKit/537.36 (KHTML, like Gecko) Version/4.0 Chrome/74.0.3729.157 Mobile Safari/537.36 GSA/10.4.5.21.arm64"
66.249.66.128 - - [09/Aug/2019:08:54:18 +0000] "GET /kuce/primosten-dolac-kuca-s-pogledom-na-more-16869-m2 HTTP/1.1" 200 6054 "-" "Mozilla/5.0 (Linux; Android 6.0.1; Nexus 5X Build/MMB29P) AppleWebKit/537.36 (KHTML, like Gecko) Chrome/41.0.2272.96 Mobile Safari/537.36 (compatible; Googlebot/2.1; +http://www.google.com/bot.html)"
216.244.66.226 - - [09/Aug/2019:08:55:31 +0000] "GET /kuce/bibinje-kuca-drugi-red-do-mora-s-izravnim-pristupom-na-plazu-386-m2 HTTP/1.1" 200 30634 "-" "Mozilla/5.0 (compatible; DotBot/1.1; http://www.opensiteexplorer.org/dotbot, help@moz.com)"
66.249.66.130 - - [09/Aug/2019:08:57:19 +0000] "GET /pretraga?category=3&type=sale&place=&area=&price=300000&surface=200&page=2 HTTP/1.1" 200 5308 "-" "Mozilla/5.0 (compatible; Googlebot/2.1; +http://www.google.com/bot.html)"
216.244.66.226 - - [09/Aug/2019:09:05:53 +0000] "GET /robots.txt HTTP/1.1" 301 242 "-" "Mozilla/5.0 (compatible; DotBot/1.1; http://www.opensiteexplorer.org/dotbot, help@moz.com)"
216.244.66.226 - - [09/Aug/2019:09:05:54 +0000] "GET /robots.txt HTTP/1.1" 200 24 "-" "Mozilla/5.0 (compatible; DotBot/1.1; http://www.opensiteexplorer.org/dotbot, help@moz.com)"
176.8.89.177 - - [09/Aug/2019:09:20:49 +0000] "GET / HTTP/1.1" 301 232 "https://xnxx699.com/" "Mozilla/4.0 (compatible; MSIE 7.0; Windows NT 5.1; SV1; .NET CLR 2.0.50727)"
176.8.89.177 - - [09/Aug/2019:09:20:49 +0000] "GET / HTTP/1.1" 301 232 "https://xnxx699.com/" "Mozilla/4.0 (compatible; MSIE 7.0; Windows NT 5.1; SV1; .NET CLR 2.0.50727)"
176.8.89.177 - - [09/Aug/2019:09:20:49 +0000] "GET / HTTP/1.1" 301 232 "https://xnxx699.com/" "Mozilla/4.0 (compatible; MSIE 7.0; Windows NT 5.1; SV1; .NET CLR 2.0.50727)"
66.249.66.65 - - [09/Aug/2019:09:26:48 +0000] "GET /robots.txt HTTP/1.1" 301 242 "-" "Mozilla/5.0 (compatible; Googlebot/2.1; +http://www.google.com/bot.html)"
66.249.66.130 - - [09/Aug/2019:09:26:49 +0000] "GET /robots.txt HTTP/1.1" 200 24 "-" "Mozilla/5.0 (compatible; Googlebot/2.1; +http://www.google.com/bot.html)"
66.249.66.67 - - [09/Aug/2019:09:26:49 +0000] "GET / HTTP/1.1" 301 232 "-" "Mozilla/5.0 (Linux; Android 6.0.1; Nexus 5X Build/MMB29P) AppleWebKit/537.36 (KHTML, like Gecko) Chrome/41.0.2272.96 Mobile Safari/537.36 (compatible; Googlebot/2.1; +http://www.google.com/bot.html)"
66.249.66.128 - - [09/Aug/2019:09:26:49 +0000] "GET / HTTP/1.1" 200 5820 "-" "Mozilla/5.0 (Linux; Android 6.0.1; Nexus 5X Build/MMB29P) AppleWebKit/537.36 (KHTML, like Gecko) Chrome/41.0.2272.96 Mobile Safari/537.36 (compatible; Googlebot/2.1; +http://www.google.com/bot.html)"
95.168.120.27 - - [09/Aug/2019:09:30:51 +0000] "GET / HTTP/1.1" 200 5820 "-" "Mozilla/5.0 (Macintosh; Intel Mac OS X 10_13_6) AppleWebKit/537.36 (KHTML, like Gecko) Chrome/75.0.3770.142 Safari/537.36"
95.168.120.27 - - [09/Aug/2019:09:30:52 +0000] "GET /css/bootstrap.css HTTP/1.1" 200 20712 "https://www.citadela.hr/" "Mozilla/5.0 (Macintosh; Intel Mac OS X 10_13_6) AppleWebKit/537.36 (KHTML, like Gecko) Chrome/75.0.3770.142 Safari/537.36"
95.168.120.27 - - [09/Aug/2019:09:30:52 +0000] "GET /css/style.css?v=2 HTTP/1.1" 200 17441 "https://www.citadela.hr/" "Mozilla/5.0 (Macintosh; Intel Mac OS X 10_13_6) AppleWebKit/537.36 (KHTML, like Gecko) Chrome/75.0.3770.142 Safari/537.36"
95.168.120.27 - - [09/Aug/2019:09:30:52 +0000] "GET /css/font-awesome.css HTTP/1.1" 200 7439 "https://www.citadela.hr/" "Mozilla/5.0 (Macintosh; Intel Mac OS X 10_13_6) AppleWebKit/537.36 (KHTML, like Gecko) Chrome/75.0.3770.142 Safari/537.36"
95.168.120.27 - - [09/Aug/2019:09:30:52 +0000] "GET /fonts/flaticon.css HTTP/1.1" 200 699 "https://www.citadela.hr/" "Mozilla/5.0 (Macintosh; Intel Mac OS X 10_13_6) AppleWebKit/537.36 (KHTML, like Gecko) Chrome/75.0.3770.142 Safari/537.36"
95.168.120.27 - - [09/Aug/2019:09:30:52 +0000] "GET /css/colors/blue.css?v=2 HTTP/1.1" 200 3552 "https://www.citadela.hr/" "Mozilla/5.0 (Macintosh; Intel Mac OS X 10_13_6) AppleWebKit/537.36 (KHTML, like Gecko) Chrome/75.0.3770.142 Safari/537.36"
95.168.120.27 - - [09/Aug/2019:09:30:52 +0000] "GET /css/loader.css?v=2 HTTP/1.1" 200 772 "https://www.citadela.hr/" "Mozilla/5.0 (Macintosh; Intel Mac OS X 10_13_6) AppleWebKit/537.36 (KHTML, like Gecko) Chrome/75.0.3770.142 Safari/537.36"
95.168.120.27 - - [09/Aug/2019:09:30:52 +0000] "GET /css/jslider.css HTTP/1.1" 200 763 "https://www.citadela.hr/" "Mozilla/5.0 (Macintosh; Intel Mac OS X 10_13_6) AppleWebKit/537.36 (KHTML, like Gecko) Chrome/75.0.3770.142 Safari/537.36"
95.168.120.27 - - [09/Aug/2019:09:30:52 +0000] "GET /css/animate.min.css HTTP/1.1" 200 4242 "https://www.citadela.hr/" "Mozilla/5.0 (Macintosh; Intel Mac OS X 10_13_6) AppleWebKit/537.36 (KHTML, like Gecko) Chrome/75.0.3770.142 Safari/537.36"
95.168.120.27 - - [09/Aug/2019:09:30:52 +0000] "GET /assets/plugins/flag/css/flag-icon.css HTTP/1.1" 200 2837 "https://www.citadela.hr/" "Mozilla/5.0 (Macintosh; Intel Mac OS X 10_13_6) AppleWebKit/537.36 (KHTML, like Gecko) Chrome/75.0.3770.142 Safari/537.36"
95.168.120.27 - - [09/Aug/2019:09:30:52 +0000] "GET /css/responsive.css HTTP/1.1" 200 2788 "https://www.citadela.hr/" "Mozilla/5.0 (Macintosh; Intel Mac OS X 10_13_6) AppleWebKit/537.36 (KHTML, like Gecko) Chrome/75.0.3770.142 Safari/537.36"
95.168.120.27 - - [09/Aug/2019:09:30:52 +0000] "GET /css/jquery.fancybox.css HTTP/1.1" 200 1434 "https://www.citadela.hr/" "Mozilla/5.0 (Macintosh; Intel Mac OS X 10_13_6) AppleWebKit/537.36 (KHTML, like Gecko) Chrome/75.0.3770.142 Safari/537.36"
95.168.120.27 - - [09/Aug/2019:09:30:52 +0000] "GET /css/owl.css HTTP/1.1" 200 1348 "https://www.citadela.hr/" "Mozilla/5.0 (Macintosh; Intel Mac OS X 10_13_6) AppleWebKit/537.36 (KHTML, like Gecko) Chrome/75.0.3770.142 Safari/537.36"
95.168.120.27 - - [09/Aug/2019:09:30:52 +0000] "GET /js/bootstrap.min.js HTTP/1.1" 200 9833 "https://www.citadela.hr/" "Mozilla/5.0 (Macintosh; Intel Mac OS X 10_13_6) AppleWebKit/537.36 (KHTML, like Gecko) Chrome/75.0.3770.142 Safari/537.36"
95.168.120.27 - - [09/Aug/2019:09:30:52 +0000] "GET /js/jquery.fancybox.pack.js HTTP/1.1" 200 8634 "https://www.citadela.hr/" "Mozilla/5.0 (Macintosh; Intel Mac OS X 10_13_6) AppleWebKit/537.36 (KHTML, like Gecko) Chrome/75.0.3770.142 Safari/537.36"
95.168.120.27 - - [09/Aug/2019:09:30:52 +0000] "GET /js/YouTubePopUp.jquery.js HTTP/1.1" 200 967 "https://www.citadela.hr/" "Mozilla/5.0 (Macintosh; Intel Mac OS X 10_13_6) AppleWebKit/537.36 (KHTML, like Gecko) Chrome/75.0.3770.142 Safari/537.36"
95.168.120.27 - - [09/Aug/2019:09:30:52 +0000] "GET /js/bootstrap-select.js HTTP/1.1" 200 15633 "https://www.citadela.hr/" "Mozilla/5.0 (Macintosh; Intel Mac OS X 10_13_6) AppleWebKit/537.36 (KHTML, like Gecko) Chrome/75.0.3770.142 Safari/537.36"
95.168.120.27 - - [09/Aug/2019:09:30:52 +0000] "GET /js/jquery.min.js HTTP/1.1" 200 33760 "https://www.citadela.hr/" "Mozilla/5.0 (Macintosh; Intel Mac OS X 10_13_6) AppleWebKit/537.36 (KHTML, like Gecko) Chrome/75.0.3770.142 Safari/537.36"
95.168.120.27 - - [09/Aug/2019:09:30:52 +0000] "GET /js/mixitup.js HTTP/1.1" 200 11347 "https://www.citadela.hr/" "Mozilla/5.0 (Macintosh; Intel Mac OS X 10_13_6) AppleWebKit/537.36 (KHTML, like Gecko) Chrome/75.0.3770.142 Safari/537.36"
95.168.120.27 - - [09/Aug/2019:09:30:52 +0000] "GET /js/jquery.fancybox-media.js HTTP/1.1" 200 1973 "https://www.citadela.hr/" "Mozilla/5.0 (Macintosh; Intel Mac OS X 10_13_6) AppleWebKit/537.36 (KHTML, like Gecko) Chrome/75.0.3770.142 Safari/537.36"
95.168.120.27 - - [09/Aug/2019:09:30:52 +0000] "GET /js/owl.js HTTP/1.1" 200 17545 "https://www.citadela.hr/" "Mozilla/5.0 (Macintosh; Intel Mac OS X 10_13_6) AppleWebKit/537.36 (KHTML, like Gecko) Chrome/75.0.3770.142 Safari/537.36"
95.168.120.27 - - [09/Aug/2019:09:30:52 +0000] "GET /js/wow.js HTTP/1.1" 200 2198 "https://www.citadela.hr/" "Mozilla/5.0 (Macintosh; Intel Mac OS X 10_13_6) AppleWebKit/537.36 (KHTML, like Gecko) Chrome/75.0.3770.142 Safari/537.36"
95.168.120.27 - - [09/Aug/2019:09:30:52 +0000] "GET /js/jshashtable-2.1_src.js HTTP/1.1" 200 2957 "https://www.citadela.hr/" "Mozilla/5.0 (Macintosh; Intel Mac OS X 10_13_6) AppleWebKit/537.36 (KHTML, like Gecko) Chrome/75.0.3770.142 Safari/537.36"
95.168.120.27 - - [09/Aug/2019:09:30:52 +0000] "GET /js/tmpl.js HTTP/1.1" 200 625 "https://www.citadela.hr/" "Mozilla/5.0 (Macintosh; Intel Mac OS X 10_13_6) AppleWebKit/537.36 (KHTML, like Gecko) Chrome/75.0.3770.142 Safari/537.36"
95.168.120.27 - - [09/Aug/2019:09:30:52 +0000] "GET /js/jquery.numberformatter-1.2.3.js HTTP/1.1" 200 4697 "https://www.citadela.hr/" "Mozilla/5.0 (Macintosh; Intel Mac OS X 10_13_6) AppleWebKit/537.36 (KHTML, like Gecko) Chrome/75.0.3770.142 Safari/537.36"
95.168.120.27 - - [09/Aug/2019:09:30:52 +0000] "GET /js/jquery.dependClass-0.1.js HTTP/1.1" 200 458 "https://www.citadela.hr/" "Mozilla/5.0 (Macintosh; Intel Mac OS X 10_13_6) AppleWebKit/537.36 (KHTML, like Gecko) Chrome/75.0.3770.142 Safari/537.36"
95.168.120.27 - - [09/Aug/2019:09:30:52 +0000] "GET /js/draggable-0.1.js HTTP/1.1" 200 1326 "https://www.citadela.hr/" "Mozilla/5.0 (Macintosh; Intel Mac OS X 10_13_6) AppleWebKit/537.36 (KHTML, like Gecko) Chrome/75.0.3770.142 Safari/537.36"
95.168.120.27 - - [09/Aug/2019:09:30:52 +0000] "GET /js/jquery.slider.js HTTP/1.1" 200 4772 "https://www.citadela.hr/" "Mozilla/5.0 (Macintosh; Intel Mac OS X 10_13_6) AppleWebKit/537.36 (KHTML, like Gecko) Chrome/75.0.3770.142 Safari/537.36"
95.168.120.27 - - [09/Aug/2019:09:30:52 +0000] "GET /js/jquery.barrating.js HTTP/1.1" 200 4280 "https://www.citadela.hr/" "Mozilla/5.0 (Macintosh; Intel Mac OS X 10_13_6) AppleWebKit/537.36 (KHTML, like Gecko) Chrome/75.0.3770.142 Safari/537.36"
95.168.120.27 - - [09/Aug/2019:09:30:52 +0000] "GET /js/custom.js HTTP/1.1" 200 5159 "https://www.citadela.hr/" "Mozilla/5.0 (Macintosh; Intel Mac OS X 10_13_6) AppleWebKit/537.36 (KHTML, like Gecko) Chrome/75.0.3770.142 Safari/537.36"
95.168.120.27 - - [09/Aug/2019:09:30:52 +0000] "GET /fonts/fontawesome-webfont.woff2?v=4.7.0 HTTP/1.1" 200 77160 "https://www.citadela.hr/css/font-awesome.css" "Mozilla/5.0 (Macintosh; Intel Mac OS X 10_13_6) AppleWebKit/537.36 (KHTML, like Gecko) Chrome/75.0.3770.142 Safari/537.36"
95.168.120.27 - - [09/Aug/2019:09:30:52 +0000] "GET /img/logo_header.png?v=2 HTTP/1.1" 200 4348 "https://www.citadela.hr/" "Mozilla/5.0 (Macintosh; Intel Mac OS X 10_13_6) AppleWebKit/537.36 (KHTML, like Gecko) Chrome/75.0.3770.142 Safari/537.36"
95.168.120.27 - - [09/Aug/2019:09:30:52 +0000] "GET /uploads/thumbnails/42c15dd15f418344ccc035d6003dd670.jpeg HTTP/1.1" 200 56902 "https://www.citadela.hr/" "Mozilla/5.0 (Macintosh; Intel Mac OS X 10_13_6) AppleWebKit/537.36 (KHTML, like Gecko) Chrome/75.0.3770.142 Safari/537.36"
95.168.120.27 - - [09/Aug/2019:09:30:53 +0000] "GET /uploads/thumbnails/e2f85641f091607835ef1e2c65529c2a.jpg HTTP/1.1" 200 44139 "https://www.citadela.hr/" "Mozilla/5.0 (Macintosh; Intel Mac OS X 10_13_6) AppleWebKit/537.36 (KHTML, like Gecko) Chrome/75.0.3770.142 Safari/537.36"
95.168.120.27 - - [09/Aug/2019:09:30:52 +0000] "GET /uploads/thumbnails/3c55f605d3f0b0e63c055493db2ef6cb.jpg HTTP/1.1" 200 51114 "https://www.citadela.hr/" "Mozilla/5.0 (Macintosh; Intel Mac OS X 10_13_6) AppleWebKit/537.36 (KHTML, like Gecko) Chrome/75.0.3770.142 Safari/537.36"
95.168.120.27 - - [09/Aug/2019:09:30:53 +0000] "GET /uploads/thumbnails/d88237410243ed4f971cfca527be5367.jpg HTTP/1.1" 200 53585 "https://www.citadela.hr/" "Mozilla/5.0 (Macintosh; Intel Mac OS X 10_13_6) AppleWebKit/537.36 (KHTML, like Gecko) Chrome/75.0.3770.142 Safari/537.36"
95.168.120.27 - - [09/Aug/2019:09:30:52 +0000] "GET /uploads/thumbnails/637f734f3f66250d52f27e7aa9a9c97d.jpg HTTP/1.1" 200 66236 "https://www.citadela.hr/" "Mozilla/5.0 (Macintosh; Intel Mac OS X 10_13_6) AppleWebKit/537.36 (KHTML, like Gecko) Chrome/75.0.3770.142 Safari/537.36"
95.168.120.27 - - [09/Aug/2019:09:30:53 +0000] "GET /uploads/thumbnails/c29da346589ecace8f77a2de714c55d5.jpg HTTP/1.1" 200 60477 "https://www.citadela.hr/" "Mozilla/5.0 (Macintosh; Intel Mac OS X 10_13_6) AppleWebKit/537.36 (KHTML, like Gecko) Chrome/75.0.3770.142 Safari/537.36"
95.168.120.27 - - [09/Aug/2019:09:30:53 +0000] "GET /img/logo_footer.png HTTP/1.1" 200 4213 "https://www.citadela.hr/" "Mozilla/5.0 (Macintosh; Intel Mac OS X 10_13_6) AppleWebKit/537.36 (KHTML, like Gecko) Chrome/75.0.3770.142 Safari/537.36"
95.168.120.27 - - [09/Aug/2019:09:30:53 +0000] "GET /assets/plugins/flag/flags/4x3/gb.svg HTTP/1.1" 200 989 "https://www.citadela.hr/assets/plugins/flag/css/flag-icon.css" "Mozilla/5.0 (Macintosh; Intel Mac OS X 10_13_6) AppleWebKit/537.36 (KHTML, like Gecko) Chrome/75.0.3770.142 Safari/537.36"
95.168.120.27 - - [09/Aug/2019:09:30:53 +0000] "GET /assets/plugins/flag/flags/4x3/hr.svg HTTP/1.1" 200 80697 "https://www.citadela.hr/assets/plugins/flag/css/flag-icon.css" "Mozilla/5.0 (Macintosh; Intel Mac OS X 10_13_6) AppleWebKit/537.36 (KHTML, like Gecko) Chrome/75.0.3770.142 Safari/537.36"
