212.95.5.2 - - [15/Aug/2019:14:56:53 +0000] "GET /uploads/thumbnails/444956bf9f77c86d4a695acfae9aa2b9.jpg HTTP/1.1" 200 30676 "https://www.citadela.hr/pretraga?category=&place=&price=500000&surface=&page=3" "Mozilla/5.0 (Linux; Android 5.1.1; SM-G361F) AppleWebKit/537.36 (KHTML, like Gecko) Chrome/75.0.3770.143 Mobile Safari/537.36"
212.95.5.2 - - [15/Aug/2019:14:56:53 +0000] "GET /uploads/thumbnails/d88237410243ed4f971cfca527be5367.jpg HTTP/1.1" 200 53585 "https://www.citadela.hr/pretraga?category=&place=&price=500000&surface=&page=3" "Mozilla/5.0 (Linux; Android 5.1.1; SM-G361F) AppleWebKit/537.36 (KHTML, like Gecko) Chrome/75.0.3770.143 Mobile Safari/537.36"
212.95.5.2 - - [15/Aug/2019:14:56:53 +0000] "GET /uploads/thumbnails/58a641b6ca0fd7817fca3efc08df1fbb.jpg HTTP/1.1" 200 54400 "https://www.citadela.hr/pretraga?category=&place=&price=500000&surface=&page=3" "Mozilla/5.0 (Linux; Android 5.1.1; SM-G361F) AppleWebKit/537.36 (KHTML, like Gecko) Chrome/75.0.3770.143 Mobile Safari/537.36"
212.95.5.2 - - [15/Aug/2019:14:56:53 +0000] "GET /uploads/thumbnails/9a8efbf7799fcd1fc50a872e110e5abf.jpg HTTP/1.1" 200 58326 "https://www.citadela.hr/pretraga?category=&place=&price=500000&surface=&page=3" "Mozilla/5.0 (Linux; Android 5.1.1; SM-G361F) AppleWebKit/537.36 (KHTML, like Gecko) Chrome/75.0.3770.143 Mobile Safari/537.36"
212.95.5.2 - - [15/Aug/2019:14:56:53 +0000] "GET /uploads/thumbnails/85caa669168478a99088119bf35ec33e.jpg HTTP/1.1" 200 53093 "https://www.citadela.hr/pretraga?category=&place=&price=500000&surface=&page=3" "Mozilla/5.0 (Linux; Android 5.1.1; SM-G361F) AppleWebKit/537.36 (KHTML, like Gecko) Chrome/75.0.3770.143 Mobile Safari/537.36"
212.95.5.2 - - [15/Aug/2019:14:56:53 +0000] "GET /uploads/thumbnails/7e8f4050a1f19c5a0b6e49a6093cc23a.jpg HTTP/1.1" 200 37700 "https://www.citadela.hr/pretraga?category=&place=&price=500000&surface=&page=3" "Mozilla/5.0 (Linux; Android 5.1.1; SM-G361F) AppleWebKit/537.36 (KHTML, like Gecko) Chrome/75.0.3770.143 Mobile Safari/537.36"
212.95.5.2 - - [15/Aug/2019:14:56:53 +0000] "GET /uploads/thumbnails/cc29133b7cd10d0cd86da60ef5b5dcf4.jpg HTTP/1.1" 200 81491 "https://www.citadela.hr/pretraga?category=&place=&price=500000&surface=&page=3" "Mozilla/5.0 (Linux; Android 5.1.1; SM-G361F) AppleWebKit/537.36 (KHTML, like Gecko) Chrome/75.0.3770.143 Mobile Safari/537.36"
212.95.5.2 - - [15/Aug/2019:14:56:53 +0000] "GET /uploads/thumbnails/fa4db0901a852e7aa04ff33cb7f6cd49.jpg HTTP/1.1" 200 51284 "https://www.citadela.hr/pretraga?category=&place=&price=500000&surface=&page=3" "Mozilla/5.0 (Linux; Android 5.1.1; SM-G361F) AppleWebKit/537.36 (KHTML, like Gecko) Chrome/75.0.3770.143 Mobile Safari/537.36"
212.95.5.2 - - [15/Aug/2019:14:57:32 +0000] "GET /kuce/posedarje-kuca-s-dva-stana-i-podrumom-150-m2 HTTP/1.1" 200 5666 "https://www.citadela.hr/pretraga?category=&place=&price=500000&surface=&page=3" "Mozilla/5.0 (Linux; Android 5.1.1; SM-G361F) AppleWebKit/537.36 (KHTML, like Gecko) Chrome/75.0.3770.143 Mobile Safari/537.36"
212.95.5.2 - - [15/Aug/2019:14:57:32 +0000] "GET /unitegallery/css/unite-gallery.css HTTP/1.1" 200 4825 "https://www.citadela.hr/kuce/posedarje-kuca-s-dva-stana-i-podrumom-150-m2" "Mozilla/5.0 (Linux; Android 5.1.1; SM-G361F) AppleWebKit/537.36 (KHTML, like Gecko) Chrome/75.0.3770.143 Mobile Safari/537.36"
212.95.5.2 - - [15/Aug/2019:14:57:32 +0000] "GET /unitegallery/js/jquery-11.0.min.js HTTP/1.1" 200 33369 "https://www.citadela.hr/kuce/posedarje-kuca-s-dva-stana-i-podrumom-150-m2" "Mozilla/5.0 (Linux; Android 5.1.1; SM-G361F) AppleWebKit/537.36 (KHTML, like Gecko) Chrome/75.0.3770.143 Mobile Safari/537.36"
212.95.5.2 - - [15/Aug/2019:14:57:32 +0000] "GET /unitegallery/themes/compact/ug-theme-compact.js HTTP/1.1" 200 2477 "https://www.citadela.hr/kuce/posedarje-kuca-s-dva-stana-i-podrumom-150-m2" "Mozilla/5.0 (Linux; Android 5.1.1; SM-G361F) AppleWebKit/537.36 (KHTML, like Gecko) Chrome/75.0.3770.143 Mobile Safari/537.36"
212.95.5.2 - - [15/Aug/2019:14:57:32 +0000] "GET /unitegallery/js/unitegallery.min.js HTTP/1.1" 200 66910 "https://www.citadela.hr/kuce/posedarje-kuca-s-dva-stana-i-podrumom-150-m2" "Mozilla/5.0 (Linux; Android 5.1.1; SM-G361F) AppleWebKit/537.36 (KHTML, like Gecko) Chrome/75.0.3770.143 Mobile Safari/537.36"
212.95.5.2 - - [15/Aug/2019:14:57:32 +0000] "GET /uploads/thumbnails/f941b394573561f193af7fd1d00f3d19.jpg HTTP/1.1" 200 48933 "https://www.citadela.hr/kuce/posedarje-kuca-s-dva-stana-i-podrumom-150-m2" "Mozilla/5.0 (Linux; Android 5.1.1; SM-G361F) AppleWebKit/537.36 (KHTML, like Gecko) Chrome/75.0.3770.143 Mobile Safari/537.36"
212.95.5.2 - - [15/Aug/2019:14:57:33 +0000] "GET /uploads/thumbnails/9c8bc6489f13939917d59934267415e6.jpg HTTP/1.1" 200 33873 "https://www.citadela.hr/kuce/posedarje-kuca-s-dva-stana-i-podrumom-150-m2" "Mozilla/5.0 (Linux; Android 5.1.1; SM-G361F) AppleWebKit/537.36 (KHTML, like Gecko) Chrome/75.0.3770.143 Mobile Safari/537.36"
212.95.5.2 - - [15/Aug/2019:14:57:32 +0000] "GET /uploads/thumbnails/ad1904a3c68ac0668617fdec0b407b53.jpg HTTP/1.1" 200 60144 "https://www.citadela.hr/kuce/posedarje-kuca-s-dva-stana-i-podrumom-150-m2" "Mozilla/5.0 (Linux; Android 5.1.1; SM-G361F) AppleWebKit/537.36 (KHTML, like Gecko) Chrome/75.0.3770.143 Mobile Safari/537.36"
212.95.5.2 - - [15/Aug/2019:14:57:33 +0000] "GET /uploads/thumbnails/af343389ffe103f68c88c455d4cc11c1.jpg HTTP/1.1" 200 27839 "https://www.citadela.hr/kuce/posedarje-kuca-s-dva-stana-i-podrumom-150-m2" "Mozilla/5.0 (Linux; Android 5.1.1; SM-G361F) AppleWebKit/537.36 (KHTML, like Gecko) Chrome/75.0.3770.143 Mobile Safari/537.36"
212.95.5.2 - - [15/Aug/2019:14:57:32 +0000] "GET /uploads/thumbnails/d43834705f82c6d5b31c06bbfd502929.jpg HTTP/1.1" 200 59948 "https://www.citadela.hr/kuce/posedarje-kuca-s-dva-stana-i-podrumom-150-m2" "Mozilla/5.0 (Linux; Android 5.1.1; SM-G361F) AppleWebKit/537.36 (KHTML, like Gecko) Chrome/75.0.3770.143 Mobile Safari/537.36"
212.95.5.2 - - [15/Aug/2019:14:57:33 +0000] "GET /uploads/thumbnails/e0bde37da7aa5ae9d1e6aa7e3a8286f2.jpg HTTP/1.1" 200 23013 "https://www.citadela.hr/kuce/posedarje-kuca-s-dva-stana-i-podrumom-150-m2" "Mozilla/5.0 (Linux; Android 5.1.1; SM-G361F) AppleWebKit/537.36 (KHTML, like Gecko) Chrome/75.0.3770.143 Mobile Safari/537.36"
212.95.5.2 - - [15/Aug/2019:14:57:33 +0000] "GET /uploads/thumbnails/1887509f08f48897e309ccfa822ccce7.jpg HTTP/1.1" 200 30672 "https://www.citadela.hr/kuce/posedarje-kuca-s-dva-stana-i-podrumom-150-m2" "Mozilla/5.0 (Linux; Android 5.1.1; SM-G361F) AppleWebKit/537.36 (KHTML, like Gecko) Chrome/75.0.3770.143 Mobile Safari/537.36"
212.95.5.2 - - [15/Aug/2019:14:57:33 +0000] "GET /uploads/thumbnails/b9554af897ee9bb000317740668c6ba9.jpg HTTP/1.1" 200 46648 "https://www.citadela.hr/kuce/posedarje-kuca-s-dva-stana-i-podrumom-150-m2" "Mozilla/5.0 (Linux; Android 5.1.1; SM-G361F) AppleWebKit/537.36 (KHTML, like Gecko) Chrome/75.0.3770.143 Mobile Safari/537.36"
212.95.5.2 - - [15/Aug/2019:14:57:33 +0000] "GET /uploads/thumbnails/54a94a2fbb117afbd05624b4e7d33f25.jpg HTTP/1.1" 200 66467 "https://www.citadela.hr/kuce/posedarje-kuca-s-dva-stana-i-podrumom-150-m2" "Mozilla/5.0 (Linux; Android 5.1.1; SM-G361F) AppleWebKit/537.36 (KHTML, like Gecko) Chrome/75.0.3770.143 Mobile Safari/537.36"
212.95.5.2 - - [15/Aug/2019:14:57:33 +0000] "GET /uploads/thumbnails/1ff6489942f8889060fa2f90e751fe70.jpg HTTP/1.1" 200 67086 "https://www.citadela.hr/kuce/posedarje-kuca-s-dva-stana-i-podrumom-150-m2" "Mozilla/5.0 (Linux; Android 5.1.1; SM-G361F) AppleWebKit/537.36 (KHTML, like Gecko) Chrome/75.0.3770.143 Mobile Safari/537.36"
212.95.5.2 - - [15/Aug/2019:14:57:33 +0000] "GET /img/mate.jpg HTTP/1.1" 200 14037 "https://www.citadela.hr/kuce/posedarje-kuca-s-dva-stana-i-podrumom-150-m2" "Mozilla/5.0 (Linux; Android 5.1.1; SM-G361F) AppleWebKit/537.36 (KHTML, like Gecko) Chrome/75.0.3770.143 Mobile Safari/537.36"
212.95.5.2 - - [15/Aug/2019:14:57:33 +0000] "GET /uploads/thumbnails/7837204a3158e996d19d24bddcd002db.jpg HTTP/1.1" 200 67290 "https://www.citadela.hr/kuce/posedarje-kuca-s-dva-stana-i-podrumom-150-m2" "Mozilla/5.0 (Linux; Android 5.1.1; SM-G361F) AppleWebKit/537.36 (KHTML, like Gecko) Chrome/75.0.3770.143 Mobile Safari/537.36"
212.95.5.2 - - [15/Aug/2019:14:57:33 +0000] "GET /uploads/thumbnails/9bc16bda97945296570cf75836f00a0c.jpg HTTP/1.1" 200 63581 "https://www.citadela.hr/kuce/posedarje-kuca-s-dva-stana-i-podrumom-150-m2" "Mozilla/5.0 (Linux; Android 5.1.1; SM-G361F) AppleWebKit/537.36 (KHTML, like Gecko) Chrome/75.0.3770.143 Mobile Safari/537.36"
212.95.5.2 - - [15/Aug/2019:14:57:33 +0000] "GET /unitegallery/images/cover-grid.png HTTP/1.1" 200 933 "https://www.citadela.hr/unitegallery/css/unite-gallery.css" "Mozilla/5.0 (Linux; Android 5.1.1; SM-G361F) AppleWebKit/537.36 (KHTML, like Gecko) Chrome/75.0.3770.143 Mobile Safari/537.36"
212.95.5.2 - - [15/Aug/2019:14:57:33 +0000] "GET /unitegallery/images/not_loaded.png HTTP/1.1" 200 858 "https://www.citadela.hr/unitegallery/css/unite-gallery.css" "Mozilla/5.0 (Linux; Android 5.1.1; SM-G361F) AppleWebKit/537.36 (KHTML, like Gecko) Chrome/75.0.3770.143 Mobile Safari/537.36"
212.95.5.2 - - [15/Aug/2019:14:57:33 +0000] "GET /unitegallery/images/loader.gif HTTP/1.1" 200 673 "https://www.citadela.hr/unitegallery/css/unite-gallery.css" "Mozilla/5.0 (Linux; Android 5.1.1; SM-G361F) AppleWebKit/537.36 (KHTML, like Gecko) Chrome/75.0.3770.143 Mobile Safari/537.36"
212.95.5.2 - - [15/Aug/2019:14:57:33 +0000] "GET /unitegallery/skins/default/slider_arrow_left.png HTTP/1.1" 200 493 "https://www.citadela.hr/unitegallery/css/unite-gallery.css" "Mozilla/5.0 (Linux; Android 5.1.1; SM-G361F) AppleWebKit/537.36 (KHTML, like Gecko) Chrome/75.0.3770.143 Mobile Safari/537.36"
212.95.5.2 - - [15/Aug/2019:14:57:33 +0000] "GET /unitegallery/images/play-button-square.png HTTP/1.1" 200 4591 "https://www.citadela.hr/unitegallery/css/unite-gallery.css" "Mozilla/5.0 (Linux; Android 5.1.1; SM-G361F) AppleWebKit/537.36 (KHTML, like Gecko) Chrome/75.0.3770.143 Mobile Safari/537.36"
212.95.5.2 - - [15/Aug/2019:14:57:33 +0000] "GET /unitegallery/images/loader-white1.gif HTTP/1.1" 200 2545 "https://www.citadela.hr/unitegallery/css/unite-gallery.css" "Mozilla/5.0 (Linux; Android 5.1.1; SM-G361F) AppleWebKit/537.36 (KHTML, like Gecko) Chrome/75.0.3770.143 Mobile Safari/537.36"
212.95.5.2 - - [15/Aug/2019:14:57:33 +0000] "GET /unitegallery/skins/default/slider_arrow_right.png HTTP/1.1" 200 505 "https://www.citadela.hr/unitegallery/css/unite-gallery.css" "Mozilla/5.0 (Linux; Android 5.1.1; SM-G361F) AppleWebKit/537.36 (KHTML, like Gecko) Chrome/75.0.3770.143 Mobile Safari/537.36"
212.95.5.2 - - [15/Aug/2019:14:57:34 +0000] "GET /unitegallery/skins/default/button_fullscreen.png HTTP/1.1" 200 1146 "https://www.citadela.hr/unitegallery/css/unite-gallery.css" "Mozilla/5.0 (Linux; Android 5.1.1; SM-G361F) AppleWebKit/537.36 (KHTML, like Gecko) Chrome/75.0.3770.143 Mobile Safari/537.36"
212.95.5.2 - - [15/Aug/2019:14:57:34 +0000] "GET /unitegallery/images/loader-black1.gif HTTP/1.1" 200 5855 "https://www.citadela.hr/unitegallery/css/unite-gallery.css" "Mozilla/5.0 (Linux; Android 5.1.1; SM-G361F) AppleWebKit/537.36 (KHTML, like Gecko) Chrome/75.0.3770.143 Mobile Safari/537.36"
212.95.5.2 - - [15/Aug/2019:14:57:34 +0000] "GET /unitegallery/images/button-close.png HTTP/1.1" 200 7155 "https://www.citadela.hr/unitegallery/css/unite-gallery.css" "Mozilla/5.0 (Linux; Android 5.1.1; SM-G361F) AppleWebKit/537.36 (KHTML, like Gecko) Chrome/75.0.3770.143 Mobile Safari/537.36"
212.95.5.2 - - [15/Aug/2019:14:57:34 +0000] "GET /uploads/images/fa4db0901a852e7aa04ff33cb7f6cd49.jpg HTTP/1.1" 200 329239 "https://www.citadela.hr/kuce/posedarje-kuca-s-dva-stana-i-podrumom-150-m2" "Mozilla/5.0 (Linux; Android 5.1.1; SM-G361F) AppleWebKit/537.36 (KHTML, like Gecko) Chrome/75.0.3770.143 Mobile Safari/537.36"
212.95.5.2 - - [15/Aug/2019:14:57:34 +0000] "GET /uploads/images/f941b394573561f193af7fd1d00f3d19.jpg HTTP/1.1" 200 277254 "https://www.citadela.hr/kuce/posedarje-kuca-s-dva-stana-i-podrumom-150-m2" "Mozilla/5.0 (Linux; Android 5.1.1; SM-G361F) AppleWebKit/537.36 (KHTML, like Gecko) Chrome/75.0.3770.143 Mobile Safari/537.36"
212.95.5.2 - - [15/Aug/2019:14:57:34 +0000] "GET /uploads/images/b9554af897ee9bb000317740668c6ba9.jpg HTTP/1.1" 200 286285 "https://www.citadela.hr/kuce/posedarje-kuca-s-dva-stana-i-podrumom-150-m2" "Mozilla/5.0 (Linux; Android 5.1.1; SM-G361F) AppleWebKit/537.36 (KHTML, like Gecko) Chrome/75.0.3770.143 Mobile Safari/537.36"
212.95.5.2 - - [15/Aug/2019:14:57:38 +0000] "GET /uploads/images/ad1904a3c68ac0668617fdec0b407b53.jpg HTTP/1.1" 200 404873 "https://www.citadela.hr/kuce/posedarje-kuca-s-dva-stana-i-podrumom-150-m2" "Mozilla/5.0 (Linux; Android 5.1.1; SM-G361F) AppleWebKit/537.36 (KHTML, like Gecko) Chrome/75.0.3770.143 Mobile Safari/537.36"
213.229.242.200 - - [15/Aug/2019:14:57:53 +0000] "GET /uploads/images/a8ed641bc10b58a1b05f005790772f29.jpg HTTP/1.1" 200 70513 "https://www.google.com/blank.html" "Mozilla/5.0 (Linux; Android 9; SM-G960F Build/PPR1.180610.011; wv) AppleWebKit/537.36 (KHTML, like Gecko) Version/4.0 Chrome/75.0.3770.143 Mobile Safari/537.36 GSA/10.28.9.21.arm64"
212.95.5.2 - - [15/Aug/2019:14:57:57 +0000] "GET /zemljista/zemunik-donji-gradevinsko-zemljiste-250m-od-centra-5071-m2prilika HTTP/1.1" 200 5494 "https://www.citadela.hr/pretraga?category=&place=&price=500000&surface=&page=3" "Mozilla/5.0 (Linux; Android 5.1.1; SM-G361F) AppleWebKit/537.36 (KHTML, like Gecko) Chrome/75.0.3770.143 Mobile Safari/537.36"
212.95.5.2 - - [15/Aug/2019:14:57:57 +0000] "GET /uploads/thumbnails/395fe578a2172e3eea94e5793eba5555.jpg HTTP/1.1" 200 35816 "https://www.citadela.hr/zemljista/zemunik-donji-gradevinsko-zemljiste-250m-od-centra-5071-m2prilika" "Mozilla/5.0 (Linux; Android 5.1.1; SM-G361F) AppleWebKit/537.36 (KHTML, like Gecko) Chrome/75.0.3770.143 Mobile Safari/537.36"
212.95.5.2 - - [15/Aug/2019:14:57:57 +0000] "GET /uploads/thumbnails/91e1f6a2bea30ee06cdd83246e96b5dc.jpg HTTP/1.1" 200 38457 "https://www.citadela.hr/zemljista/zemunik-donji-gradevinsko-zemljiste-250m-od-centra-5071-m2prilika" "Mozilla/5.0 (Linux; Android 5.1.1; SM-G361F) AppleWebKit/537.36 (KHTML, like Gecko) Chrome/75.0.3770.143 Mobile Safari/537.36"
212.95.5.2 - - [15/Aug/2019:14:57:57 +0000] "GET /uploads/thumbnails/3509802b9e03aedc34514778cd036bde.jpg HTTP/1.1" 200 40169 "https://www.citadela.hr/zemljista/zemunik-donji-gradevinsko-zemljiste-250m-od-centra-5071-m2prilika" "Mozilla/5.0 (Linux; Android 5.1.1; SM-G361F) AppleWebKit/537.36 (KHTML, like Gecko) Chrome/75.0.3770.143 Mobile Safari/537.36"
212.95.5.2 - - [15/Aug/2019:14:57:58 +0000] "GET /uploads/images/7e8f4050a1f19c5a0b6e49a6093cc23a.jpg HTTP/1.1" 200 95483 "https://www.citadela.hr/zemljista/zemunik-donji-gradevinsko-zemljiste-250m-od-centra-5071-m2prilika" "Mozilla/5.0 (Linux; Android 5.1.1; SM-G361F) AppleWebKit/537.36 (KHTML, like Gecko) Chrome/75.0.3770.143 Mobile Safari/537.36"
212.95.5.2 - - [15/Aug/2019:14:57:58 +0000] "GET /uploads/images/3509802b9e03aedc34514778cd036bde.jpg HTTP/1.1" 200 186825 "https://www.citadela.hr/zemljista/zemunik-donji-gradevinsko-zemljiste-250m-od-centra-5071-m2prilika" "Mozilla/5.0 (Linux; Android 5.1.1; SM-G361F) AppleWebKit/537.36 (KHTML, like Gecko) Chrome/75.0.3770.143 Mobile Safari/537.36"
212.95.5.2 - - [15/Aug/2019:14:57:58 +0000] "GET /uploads/images/395fe578a2172e3eea94e5793eba5555.jpg HTTP/1.1" 200 88592 "https://www.citadela.hr/zemljista/zemunik-donji-gradevinsko-zemljiste-250m-od-centra-5071-m2prilika" "Mozilla/5.0 (Linux; Android 5.1.1; SM-G361F) AppleWebKit/537.36 (KHTML, like Gecko) Chrome/75.0.3770.143 Mobile Safari/537.36"
213.229.242.200 - - [15/Aug/2019:14:58:04 +0000] "GET /zemljista/murter-cigrada-zemljiste-drugi-red-do-mora-1252-m2 HTTP/1.1" 200 5546 "https://www.google.com/" "Mozilla/5.0 (Linux; Android 9; SM-G960F) AppleWebKit/537.36 (KHTML, like Gecko) Chrome/75.0.3770.143 Mobile Safari/537.36"
212.95.5.2 - - [15/Aug/2019:14:58:04 +0000] "GET /pretraga?category=&place=&price=500000&surface=&page=4 HTTP/1.1" 200 5442 "https://www.citadela.hr/pretraga?category=&place=&price=500000&surface=&page=3" "Mozilla/5.0 (Linux; Android 5.1.1; SM-G361F) AppleWebKit/537.36 (KHTML, like Gecko) Chrome/75.0.3770.143 Mobile Safari/537.36"
213.229.242.200 - - [15/Aug/2019:14:58:04 +0000] "GET /css/bootstrap.css HTTP/1.1" 200 20712 "https://www.citadela.hr/zemljista/murter-cigrada-zemljiste-drugi-red-do-mora-1252-m2" "Mozilla/5.0 (Linux; Android 9; SM-G960F) AppleWebKit/537.36 (KHTML, like Gecko) Chrome/75.0.3770.143 Mobile Safari/537.36"
213.229.242.200 - - [15/Aug/2019:14:58:04 +0000] "GET /css/style.css?v=2 HTTP/1.1" 200 17441 "https://www.citadela.hr/zemljista/murter-cigrada-zemljiste-drugi-red-do-mora-1252-m2" "Mozilla/5.0 (Linux; Android 9; SM-G960F) AppleWebKit/537.36 (KHTML, like Gecko) Chrome/75.0.3770.143 Mobile Safari/537.36"
213.229.242.200 - - [15/Aug/2019:14:58:05 +0000] "GET /css/font-awesome.css HTTP/1.1" 200 7439 "https://www.citadela.hr/zemljista/murter-cigrada-zemljiste-drugi-red-do-mora-1252-m2" "Mozilla/5.0 (Linux; Android 9; SM-G960F) AppleWebKit/537.36 (KHTML, like Gecko) Chrome/75.0.3770.143 Mobile Safari/537.36"
213.229.242.200 - - [15/Aug/2019:14:58:05 +0000] "GET /css/colors/blue.css?v=2 HTTP/1.1" 200 3552 "https://www.citadela.hr/zemljista/murter-cigrada-zemljiste-drugi-red-do-mora-1252-m2" "Mozilla/5.0 (Linux; Android 9; SM-G960F) AppleWebKit/537.36 (KHTML, like Gecko) Chrome/75.0.3770.143 Mobile Safari/537.36"
213.229.242.200 - - [15/Aug/2019:14:58:05 +0000] "GET /fonts/flaticon.css HTTP/1.1" 200 699 "https://www.citadela.hr/zemljista/murter-cigrada-zemljiste-drugi-red-do-mora-1252-m2" "Mozilla/5.0 (Linux; Android 9; SM-G960F) AppleWebKit/537.36 (KHTML, like Gecko) Chrome/75.0.3770.143 Mobile Safari/537.36"
213.229.242.200 - - [15/Aug/2019:14:58:05 +0000] "GET /css/responsive.css HTTP/1.1" 200 2788 "https://www.citadela.hr/zemljista/murter-cigrada-zemljiste-drugi-red-do-mora-1252-m2" "Mozilla/5.0 (Linux; Android 9; SM-G960F) AppleWebKit/537.36 (KHTML, like Gecko) Chrome/75.0.3770.143 Mobile Safari/537.36"
213.229.242.200 - - [15/Aug/2019:14:58:05 +0000] "GET /css/jslider.css HTTP/1.1" 200 763 "https://www.citadela.hr/zemljista/murter-cigrada-zemljiste-drugi-red-do-mora-1252-m2" "Mozilla/5.0 (Linux; Android 9; SM-G960F) AppleWebKit/537.36 (KHTML, like Gecko) Chrome/75.0.3770.143 Mobile Safari/537.36"
212.95.5.2 - - [15/Aug/2019:14:58:05 +0000] "GET /uploads/thumbnails/b284169b98fc5b5c5ecadf9ff8498b37.jpeg HTTP/1.1" 200 48221 "https://www.citadela.hr/pretraga?category=&place=&price=500000&surface=&page=4" "Mozilla/5.0 (Linux; Android 5.1.1; SM-G361F) AppleWebKit/537.36 (KHTML, like Gecko) Chrome/75.0.3770.143 Mobile Safari/537.36"
212.95.5.2 - - [15/Aug/2019:14:58:05 +0000] "GET /uploads/thumbnails/51af8666eb1fbc862a3177868cf35152.jpg HTTP/1.1" 200 36271 "https://www.citadela.hr/pretraga?category=&place=&price=500000&surface=&page=4" "Mozilla/5.0 (Linux; Android 5.1.1; SM-G361F) AppleWebKit/537.36 (KHTML, like Gecko) Chrome/75.0.3770.143 Mobile Safari/537.36"
212.95.5.2 - - [15/Aug/2019:14:58:05 +0000] "GET /uploads/thumbnails/300abfa1882cf4f03a04f8eed64c94e8.jpeg HTTP/1.1" 200 43562 "https://www.citadela.hr/pretraga?category=&place=&price=500000&surface=&page=4" "Mozilla/5.0 (Linux; Android 5.1.1; SM-G361F) AppleWebKit/537.36 (KHTML, like Gecko) Chrome/75.0.3770.143 Mobile Safari/537.36"
213.229.242.200 - - [15/Aug/2019:14:58:05 +0000] "GET /css/loader.css?v=2 HTTP/1.1" 200 772 "https://www.citadela.hr/zemljista/murter-cigrada-zemljiste-drugi-red-do-mora-1252-m2" "Mozilla/5.0 (Linux; Android 9; SM-G960F) AppleWebKit/537.36 (KHTML, like Gecko) Chrome/75.0.3770.143 Mobile Safari/537.36"
213.229.242.200 - - [15/Aug/2019:14:58:05 +0000] "GET /assets/plugins/flag/css/flag-icon.css HTTP/1.1" 200 2837 "https://www.citadela.hr/zemljista/murter-cigrada-zemljiste-drugi-red-do-mora-1252-m2" "Mozilla/5.0 (Linux; Android 9; SM-G960F) AppleWebKit/537.36 (KHTML, like Gecko) Chrome/75.0.3770.143 Mobile Safari/537.36"
212.95.5.2 - - [15/Aug/2019:14:58:05 +0000] "GET /uploads/thumbnails/dbdef910ef1fa61f9a7be486b51d8ce1.jpg HTTP/1.1" 200 51271 "https://www.citadela.hr/pretraga?category=&place=&price=500000&surface=&page=4" "Mozilla/5.0 (Linux; Android 5.1.1; SM-G361F) AppleWebKit/537.36 (KHTML, like Gecko) Chrome/75.0.3770.143 Mobile Safari/537.36"
212.95.5.2 - - [15/Aug/2019:14:58:05 +0000] "GET /uploads/thumbnails/c1ca0d45cf42f47b8f347cc4f03edd43.jpg HTTP/1.1" 200 49438 "https://www.citadela.hr/pretraga?category=&place=&price=500000&surface=&page=4" "Mozilla/5.0 (Linux; Android 5.1.1; SM-G361F) AppleWebKit/537.36 (KHTML, like Gecko) Chrome/75.0.3770.143 Mobile Safari/537.36"
213.229.242.200 - - [15/Aug/2019:14:58:05 +0000] "GET /unitegallery/css/unite-gallery.css HTTP/1.1" 200 4825 "https://www.citadela.hr/zemljista/murter-cigrada-zemljiste-drugi-red-do-mora-1252-m2" "Mozilla/5.0 (Linux; Android 9; SM-G960F) AppleWebKit/537.36 (KHTML, like Gecko) Chrome/75.0.3770.143 Mobile Safari/537.36"
213.229.242.200 - - [15/Aug/2019:14:58:05 +0000] "GET /img/logo_header.png?v=2 HTTP/1.1" 200 4348 "https://www.citadela.hr/zemljista/murter-cigrada-zemljiste-drugi-red-do-mora-1252-m2" "Mozilla/5.0 (Linux; Android 9; SM-G960F) AppleWebKit/537.36 (KHTML, like Gecko) Chrome/75.0.3770.143 Mobile Safari/537.36"
213.229.242.200 - - [15/Aug/2019:14:58:05 +0000] "GET /js/bootstrap.min.js HTTP/1.1" 200 9833 "https://www.citadela.hr/zemljista/murter-cigrada-zemljiste-drugi-red-do-mora-1252-m2" "Mozilla/5.0 (Linux; Android 9; SM-G960F) AppleWebKit/537.36 (KHTML, like Gecko) Chrome/75.0.3770.143 Mobile Safari/537.36"
213.229.242.200 - - [15/Aug/2019:14:58:05 +0000] "GET /js/jquery.min.js HTTP/1.1" 200 33760 "https://www.citadela.hr/zemljista/murter-cigrada-zemljiste-drugi-red-do-mora-1252-m2" "Mozilla/5.0 (Linux; Android 9; SM-G960F) AppleWebKit/537.36 (KHTML, like Gecko) Chrome/75.0.3770.143 Mobile Safari/537.36"
212.95.5.2 - - [15/Aug/2019:14:58:05 +0000] "GET /uploads/thumbnails/643bbdb203548294f0ec9a542943e797.jpg HTTP/1.1" 200 51841 "https://www.citadela.hr/pretraga?category=&place=&price=500000&surface=&page=4" "Mozilla/5.0 (Linux; Android 5.1.1; SM-G361F) AppleWebKit/537.36 (KHTML, like Gecko) Chrome/75.0.3770.143 Mobile Safari/537.36"
213.229.242.200 - - [15/Aug/2019:14:58:05 +0000] "GET /css/jquery.fancybox.css HTTP/1.1" 200 1434 "https://www.citadela.hr/zemljista/murter-cigrada-zemljiste-drugi-red-do-mora-1252-m2" "Mozilla/5.0 (Linux; Android 9; SM-G960F) AppleWebKit/537.36 (KHTML, like Gecko) Chrome/75.0.3770.143 Mobile Safari/537.36"
213.229.242.200 - - [15/Aug/2019:14:58:05 +0000] "GET /css/animate.min.css HTTP/1.1" 200 4242 "https://www.citadela.hr/zemljista/murter-cigrada-zemljiste-drugi-red-do-mora-1252-m2" "Mozilla/5.0 (Linux; Android 9; SM-G960F) AppleWebKit/537.36 (KHTML, like Gecko) Chrome/75.0.3770.143 Mobile Safari/537.36"
213.229.242.200 - - [15/Aug/2019:14:58:05 +0000] "GET /css/owl.css HTTP/1.1" 200 1348 "https://www.citadela.hr/zemljista/murter-cigrada-zemljiste-drugi-red-do-mora-1252-m2" "Mozilla/5.0 (Linux; Android 9; SM-G960F) AppleWebKit/537.36 (KHTML, like Gecko) Chrome/75.0.3770.143 Mobile Safari/537.36"
212.95.5.2 - - [15/Aug/2019:14:58:05 +0000] "GET /uploads/thumbnails/acf7544686f7a7bf328b4f44fdbd0bb4.jpg HTTP/1.1" 200 45713 "https://www.citadela.hr/pretraga?category=&place=&price=500000&surface=&page=4" "Mozilla/5.0 (Linux; Android 5.1.1; SM-G361F) AppleWebKit/537.36 (KHTML, like Gecko) Chrome/75.0.3770.143 Mobile Safari/537.36"
213.229.242.200 - - [15/Aug/2019:14:58:05 +0000] "GET /js/bootstrap-select.js HTTP/1.1" 200 15633 "https://www.citadela.hr/zemljista/murter-cigrada-zemljiste-drugi-red-do-mora-1252-m2" "Mozilla/5.0 (Linux; Android 9; SM-G960F) AppleWebKit/537.36 (KHTML, like Gecko) Chrome/75.0.3770.143 Mobile Safari/537.36"
212.95.5.2 - - [15/Aug/2019:14:58:05 +0000] "GET /uploads/thumbnails/fbf1d956cfa67947730d0c28ba469797.jpg HTTP/1.1" 200 36227 "https://www.citadela.hr/pretraga?category=&place=&price=500000&surface=&page=4" "Mozilla/5.0 (Linux; Android 5.1.1; SM-G361F) AppleWebKit/537.36 (KHTML, like Gecko) Chrome/75.0.3770.143 Mobile Safari/537.36"
213.229.242.200 - - [15/Aug/2019:14:58:05 +0000] "GET /js/YouTubePopUp.jquery.js HTTP/1.1" 200 967 "https://www.citadela.hr/zemljista/murter-cigrada-zemljiste-drugi-red-do-mora-1252-m2" "Mozilla/5.0 (Linux; Android 9; SM-G960F) AppleWebKit/537.36 (KHTML, like Gecko) Chrome/75.0.3770.143 Mobile Safari/537.36"
212.95.5.2 - - [15/Aug/2019:14:58:05 +0000] "GET /uploads/thumbnails/d35a20e254b524e179133f8210b5c919.jpg HTTP/1.1" 200 48735 "https://www.citadela.hr/pretraga?category=&place=&price=500000&surface=&page=4" "Mozilla/5.0 (Linux; Android 5.1.1; SM-G361F) AppleWebKit/537.36 (KHTML, like Gecko) Chrome/75.0.3770.143 Mobile Safari/537.36"
213.229.242.200 - - [15/Aug/2019:14:58:05 +0000] "GET /js/jquery.fancybox.pack.js HTTP/1.1" 200 8634 "https://www.citadela.hr/zemljista/murter-cigrada-zemljiste-drugi-red-do-mora-1252-m2" "Mozilla/5.0 (Linux; Android 9; SM-G960F) AppleWebKit/537.36 (KHTML, like Gecko) Chrome/75.0.3770.143 Mobile Safari/537.36"
213.229.242.200 - - [15/Aug/2019:14:58:05 +0000] "GET /js/jquery.fancybox-media.js HTTP/1.1" 200 1973 "https://www.citadela.hr/zemljista/murter-cigrada-zemljiste-drugi-red-do-mora-1252-m2" "Mozilla/5.0 (Linux; Android 9; SM-G960F) AppleWebKit/537.36 (KHTML, like Gecko) Chrome/75.0.3770.143 Mobile Safari/537.36"
213.229.242.200 - - [15/Aug/2019:14:58:05 +0000] "GET /fonts/fontawesome-webfont.woff2?v=4.7.0 HTTP/1.1" 200 77160 "https://www.citadela.hr/css/font-awesome.css" "Mozilla/5.0 (Linux; Android 9; SM-G960F) AppleWebKit/537.36 (KHTML, like Gecko) Chrome/75.0.3770.143 Mobile Safari/537.36"
212.95.5.2 - - [15/Aug/2019:14:58:05 +0000] "GET /uploads/thumbnails/2b9ea879b8c304bb27d88029cce28a47.jpg HTTP/1.1" 200 58343 "https://www.citadela.hr/pretraga?category=&place=&price=500000&surface=&page=4" "Mozilla/5.0 (Linux; Android 5.1.1; SM-G361F) AppleWebKit/537.36 (KHTML, like Gecko) Chrome/75.0.3770.143 Mobile Safari/537.36"
213.229.242.200 - - [15/Aug/2019:14:58:05 +0000] "GET /js/owl.js HTTP/1.1" 200 17545 "https://www.citadela.hr/zemljista/murter-cigrada-zemljiste-drugi-red-do-mora-1252-m2" "Mozilla/5.0 (Linux; Android 9; SM-G960F) AppleWebKit/537.36 (KHTML, like Gecko) Chrome/75.0.3770.143 Mobile Safari/537.36"
213.229.242.200 - - [15/Aug/2019:14:58:05 +0000] "GET /js/mixitup.js HTTP/1.1" 200 11347 "https://www.citadela.hr/zemljista/murter-cigrada-zemljiste-drugi-red-do-mora-1252-m2" "Mozilla/5.0 (Linux; Android 9; SM-G960F) AppleWebKit/537.36 (KHTML, like Gecko) Chrome/75.0.3770.143 Mobile Safari/537.36"
213.229.242.200 - - [15/Aug/2019:14:58:05 +0000] "GET /js/wow.js HTTP/1.1" 200 2198 "https://www.citadela.hr/zemljista/murter-cigrada-zemljiste-drugi-red-do-mora-1252-m2" "Mozilla/5.0 (Linux; Android 9; SM-G960F) AppleWebKit/537.36 (KHTML, like Gecko) Chrome/75.0.3770.143 Mobile Safari/537.36"
213.229.242.200 - - [15/Aug/2019:14:58:05 +0000] "GET /js/jshashtable-2.1_src.js HTTP/1.1" 200 2957 "https://www.citadela.hr/zemljista/murter-cigrada-zemljiste-drugi-red-do-mora-1252-m2" "Mozilla/5.0 (Linux; Android 9; SM-G960F) AppleWebKit/537.36 (KHTML, like Gecko) Chrome/75.0.3770.143 Mobile Safari/537.36"
213.229.242.200 - - [15/Aug/2019:14:58:05 +0000] "GET /js/jquery.numberformatter-1.2.3.js HTTP/1.1" 200 4697 "https://www.citadela.hr/zemljista/murter-cigrada-zemljiste-drugi-red-do-mora-1252-m2" "Mozilla/5.0 (Linux; Android 9; SM-G960F) AppleWebKit/537.36 (KHTML, like Gecko) Chrome/75.0.3770.143 Mobile Safari/537.36"
213.229.242.200 - - [15/Aug/2019:14:58:05 +0000] "GET /js/tmpl.js HTTP/1.1" 200 625 "https://www.citadela.hr/zemljista/murter-cigrada-zemljiste-drugi-red-do-mora-1252-m2" "Mozilla/5.0 (Linux; Android 9; SM-G960F) AppleWebKit/537.36 (KHTML, like Gecko) Chrome/75.0.3770.143 Mobile Safari/537.36"
213.229.242.200 - - [15/Aug/2019:14:58:05 +0000] "GET /js/jquery.dependClass-0.1.js HTTP/1.1" 200 458 "https://www.citadela.hr/zemljista/murter-cigrada-zemljiste-drugi-red-do-mora-1252-m2" "Mozilla/5.0 (Linux; Android 9; SM-G960F) AppleWebKit/537.36 (KHTML, like Gecko) Chrome/75.0.3770.143 Mobile Safari/537.36"
213.229.242.200 - - [15/Aug/2019:14:58:05 +0000] "GET /js/draggable-0.1.js HTTP/1.1" 200 1326 "https://www.citadela.hr/zemljista/murter-cigrada-zemljiste-drugi-red-do-mora-1252-m2" "Mozilla/5.0 (Linux; Android 9; SM-G960F) AppleWebKit/537.36 (KHTML, like Gecko) Chrome/75.0.3770.143 Mobile Safari/537.36"
213.229.242.200 - - [15/Aug/2019:14:58:05 +0000] "GET /js/jquery.slider.js HTTP/1.1" 200 4772 "https://www.citadela.hr/zemljista/murter-cigrada-zemljiste-drugi-red-do-mora-1252-m2" "Mozilla/5.0 (Linux; Android 9; SM-G960F) AppleWebKit/537.36 (KHTML, like Gecko) Chrome/75.0.3770.143 Mobile Safari/537.36"
213.229.242.200 - - [15/Aug/2019:14:58:05 +0000] "GET /js/jquery.barrating.js HTTP/1.1" 200 4280 "https://www.citadela.hr/zemljista/murter-cigrada-zemljiste-drugi-red-do-mora-1252-m2" "Mozilla/5.0 (Linux; Android 9; SM-G960F) AppleWebKit/537.36 (KHTML, like Gecko) Chrome/75.0.3770.143 Mobile Safari/537.36"
213.229.242.200 - - [15/Aug/2019:14:58:05 +0000] "GET /js/custom.js HTTP/1.1" 200 5159 "https://www.citadela.hr/zemljista/murter-cigrada-zemljiste-drugi-red-do-mora-1252-m2" "Mozilla/5.0 (Linux; Android 9; SM-G960F) AppleWebKit/537.36 (KHTML, like Gecko) Chrome/75.0.3770.143 Mobile Safari/537.36"
213.229.242.200 - - [15/Aug/2019:14:58:05 +0000] "GET /unitegallery/js/jquery-11.0.min.js HTTP/1.1" 200 33369 "https://www.citadela.hr/zemljista/murter-cigrada-zemljiste-drugi-red-do-mora-1252-m2" "Mozilla/5.0 (Linux; Android 9; SM-G960F) AppleWebKit/537.36 (KHTML, like Gecko) Chrome/75.0.3770.143 Mobile Safari/537.36"
213.229.242.200 - - [15/Aug/2019:14:58:05 +0000] "GET /unitegallery/js/unitegallery.min.js HTTP/1.1" 200 66910 "https://www.citadela.hr/zemljista/murter-cigrada-zemljiste-drugi-red-do-mora-1252-m2" "Mozilla/5.0 (Linux; Android 9; SM-G960F) AppleWebKit/537.36 (KHTML, like Gecko) Chrome/75.0.3770.143 Mobile Safari/537.36"
213.229.242.200 - - [15/Aug/2019:14:58:05 +0000] "GET /unitegallery/themes/compact/ug-theme-compact.js HTTP/1.1" 200 2477 "https://www.citadela.hr/zemljista/murter-cigrada-zemljiste-drugi-red-do-mora-1252-m2" "Mozilla/5.0 (Linux; Android 9; SM-G960F) AppleWebKit/537.36 (KHTML, like Gecko) Chrome/75.0.3770.143 Mobile Safari/537.36"
213.229.242.200 - - [15/Aug/2019:14:58:05 +0000] "GET /uploads/thumbnails/a8ed641bc10b58a1b05f005790772f29.jpg HTTP/1.1" 200 26208 "https://www.citadela.hr/zemljista/murter-cigrada-zemljiste-drugi-red-do-mora-1252-m2" "Mozilla/5.0 (Linux; Android 9; SM-G960F) AppleWebKit/537.36 (KHTML, like Gecko) Chrome/75.0.3770.143 Mobile Safari/537.36"
213.229.242.200 - - [15/Aug/2019:14:58:05 +0000] "GET /uploads/thumbnails/daece30c6a3807d52dd2dd5cb57f2bdf.jpg HTTP/1.1" 200 39377 "https://www.citadela.hr/zemljista/murter-cigrada-zemljiste-drugi-red-do-mora-1252-m2" "Mozilla/5.0 (Linux; Android 9; SM-G960F) AppleWebKit/537.36 (KHTML, like Gecko) Chrome/75.0.3770.143 Mobile Safari/537.36"
213.229.242.200 - - [15/Aug/2019:14:58:05 +0000] "GET /uploads/thumbnails/2a555b3d8e46632bc6479c19c45119f6.jpg HTTP/1.1" 200 40326 "https://www.citadela.hr/zemljista/murter-cigrada-zemljiste-drugi-red-do-mora-1252-m2" "Mozilla/5.0 (Linux; Android 9; SM-G960F) AppleWebKit/537.36 (KHTML, like Gecko) Chrome/75.0.3770.143 Mobile Safari/537.36"
213.229.242.200 - - [15/Aug/2019:14:58:05 +0000] "GET /uploads/thumbnails/3095d93a74588fd35cb6dbfed53f6094.jpg HTTP/1.1" 200 49807 "https://www.citadela.hr/zemljista/murter-cigrada-zemljiste-drugi-red-do-mora-1252-m2" "Mozilla/5.0 (Linux; Android 9; SM-G960F) AppleWebKit/537.36 (KHTML, like Gecko) Chrome/75.0.3770.143 Mobile Safari/537.36"
213.229.242.200 - - [15/Aug/2019:14:58:06 +0000] "GET /img/mate.jpg HTTP/1.1" 200 14037 "https://www.citadela.hr/zemljista/murter-cigrada-zemljiste-drugi-red-do-mora-1252-m2" "Mozilla/5.0 (Linux; Android 9; SM-G960F) AppleWebKit/537.36 (KHTML, like Gecko) Chrome/75.0.3770.143 Mobile Safari/537.36"
213.229.242.200 - - [15/Aug/2019:14:58:06 +0000] "GET /img/logo_footer.png HTTP/1.1" 200 4213 "https://www.citadela.hr/zemljista/murter-cigrada-zemljiste-drugi-red-do-mora-1252-m2" "Mozilla/5.0 (Linux; Android 9; SM-G960F) AppleWebKit/537.36 (KHTML, like Gecko) Chrome/75.0.3770.143 Mobile Safari/537.36"
213.229.242.200 - - [15/Aug/2019:14:58:06 +0000] "GET /img/banner/banner.png HTTP/1.1" 200 188379 "https://www.citadela.hr/css/style.css?v=2" "Mozilla/5.0 (Linux; Android 9; SM-G960F) AppleWebKit/537.36 (KHTML, like Gecko) Chrome/75.0.3770.143 Mobile Safari/537.36"
213.229.242.200 - - [15/Aug/2019:14:58:06 +0000] "GET /unitegallery/images/cover-grid.png HTTP/1.1" 200 933 "https://www.citadela.hr/unitegallery/css/unite-gallery.css" "Mozilla/5.0 (Linux; Android 9; SM-G960F) AppleWebKit/537.36 (KHTML, like Gecko) Chrome/75.0.3770.143 Mobile Safari/537.36"
213.229.242.200 - - [15/Aug/2019:14:58:06 +0000] "GET /unitegallery/images/loader.gif HTTP/1.1" 200 673 "https://www.citadela.hr/unitegallery/css/unite-gallery.css" "Mozilla/5.0 (Linux; Android 9; SM-G960F) AppleWebKit/537.36 (KHTML, like Gecko) Chrome/75.0.3770.143 Mobile Safari/537.36"
213.229.242.200 - - [15/Aug/2019:14:58:06 +0000] "GET /unitegallery/images/not_loaded.png HTTP/1.1" 200 858 "https://www.citadela.hr/unitegallery/css/unite-gallery.css" "Mozilla/5.0 (Linux; Android 9; SM-G960F) AppleWebKit/537.36 (KHTML, like Gecko) Chrome/75.0.3770.143 Mobile Safari/537.36"
213.229.242.200 - - [15/Aug/2019:14:58:06 +0000] "GET /unitegallery/images/play-button-square.png HTTP/1.1" 200 4591 "https://www.citadela.hr/unitegallery/css/unite-gallery.css" "Mozilla/5.0 (Linux; Android 9; SM-G960F) AppleWebKit/537.36 (KHTML, like Gecko) Chrome/75.0.3770.143 Mobile Safari/537.36"
213.229.242.200 - - [15/Aug/2019:14:58:06 +0000] "GET /unitegallery/images/loader-white1.gif HTTP/1.1" 200 2545 "https://www.citadela.hr/unitegallery/css/unite-gallery.css" "Mozilla/5.0 (Linux; Android 9; SM-G960F) AppleWebKit/537.36 (KHTML, like Gecko) Chrome/75.0.3770.143 Mobile Safari/537.36"
213.229.242.200 - - [15/Aug/2019:14:58:06 +0000] "GET /unitegallery/skins/default/slider_arrow_left.png HTTP/1.1" 200 493 "https://www.citadela.hr/unitegallery/css/unite-gallery.css" "Mozilla/5.0 (Linux; Android 9; SM-G960F) AppleWebKit/537.36 (KHTML, like Gecko) Chrome/75.0.3770.143 Mobile Safari/537.36"
213.229.242.200 - - [15/Aug/2019:14:58:06 +0000] "GET /unitegallery/skins/default/slider_arrow_right.png HTTP/1.1" 200 505 "https://www.citadela.hr/unitegallery/css/unite-gallery.css" "Mozilla/5.0 (Linux; Android 9; SM-G960F) AppleWebKit/537.36 (KHTML, like Gecko) Chrome/75.0.3770.143 Mobile Safari/537.36"
213.229.242.200 - - [15/Aug/2019:14:58:06 +0000] "GET /unitegallery/skins/default/button_fullscreen.png HTTP/1.1" 200 1146 "https://www.citadela.hr/unitegallery/css/unite-gallery.css" "Mozilla/5.0 (Linux; Android 9; SM-G960F) AppleWebKit/537.36 (KHTML, like Gecko) Chrome/75.0.3770.143 Mobile Safari/537.36"
213.229.242.200 - - [15/Aug/2019:14:58:06 +0000] "GET /unitegallery/images/button-close.png HTTP/1.1" 200 7155 "https://www.citadela.hr/unitegallery/css/unite-gallery.css" "Mozilla/5.0 (Linux; Android 9; SM-G960F) AppleWebKit/537.36 (KHTML, like Gecko) Chrome/75.0.3770.143 Mobile Safari/537.36"
213.229.242.200 - - [15/Aug/2019:14:58:06 +0000] "GET /unitegallery/images/loader-black1.gif HTTP/1.1" 200 5855 "https://www.citadela.hr/unitegallery/css/unite-gallery.css" "Mozilla/5.0 (Linux; Android 9; SM-G960F) AppleWebKit/537.36 (KHTML, like Gecko) Chrome/75.0.3770.143 Mobile Safari/537.36"
213.229.242.200 - - [15/Aug/2019:14:58:06 +0000] "GET /uploads/images/a8ed641bc10b58a1b05f005790772f29.jpg HTTP/1.1" 200 70513 "https://www.citadela.hr/zemljista/murter-cigrada-zemljiste-drugi-red-do-mora-1252-m2" "Mozilla/5.0 (Linux; Android 9; SM-G960F) AppleWebKit/537.36 (KHTML, like Gecko) Chrome/75.0.3770.143 Mobile Safari/537.36"
213.229.242.200 - - [15/Aug/2019:14:58:06 +0000] "GET /uploads/images/daece30c6a3807d52dd2dd5cb57f2bdf.jpg HTTP/1.1" 200 97557 "https://www.citadela.hr/zemljista/murter-cigrada-zemljiste-drugi-red-do-mora-1252-m2" "Mozilla/5.0 (Linux; Android 9; SM-G960F) AppleWebKit/537.36 (KHTML, like Gecko) Chrome/75.0.3770.143 Mobile Safari/537.36"
213.229.242.200 - - [15/Aug/2019:14:58:06 +0000] "GET /uploads/images/2a555b3d8e46632bc6479c19c45119f6.jpg HTTP/1.1" 200 177982 "https://www.citadela.hr/zemljista/murter-cigrada-zemljiste-drugi-red-do-mora-1252-m2" "Mozilla/5.0 (Linux; Android 9; SM-G960F) AppleWebKit/537.36 (KHTML, like Gecko) Chrome/75.0.3770.143 Mobile Safari/537.36"
213.229.242.200 - - [15/Aug/2019:14:58:07 +0000] "GET /favicon-32x32.png HTTP/1.1" 200 1936 "https://www.citadela.hr/zemljista/murter-cigrada-zemljiste-drugi-red-do-mora-1252-m2" "Mozilla/5.0 (Linux; Android 9; SM-G960F) AppleWebKit/537.36 (KHTML, like Gecko) Chrome/75.0.3770.143 Mobile Safari/537.36"
213.229.242.200 - - [15/Aug/2019:14:58:07 +0000] "GET /apple-touch-icon.png HTTP/1.1" 200 9899 "https://www.citadela.hr/zemljista/murter-cigrada-zemljiste-drugi-red-do-mora-1252-m2" "Mozilla/5.0 (Linux; Android 9; SM-G960F) AppleWebKit/537.36 (KHTML, like Gecko) Chrome/75.0.3770.143 Mobile Safari/537.36"
213.229.242.200 - - [15/Aug/2019:14:58:07 +0000] "GET /site.webmanifest HTTP/1.1" 200 291 "https://www.citadela.hr/zemljista/murter-cigrada-zemljiste-drugi-red-do-mora-1252-m2" "Mozilla/5.0 (Linux; Android 9; SM-G960F) AppleWebKit/537.36 (KHTML, like Gecko) Chrome/75.0.3770.143 Mobile Safari/537.36"
213.229.242.200 - - [15/Aug/2019:14:58:10 +0000] "GET /uploads/images/3095d93a74588fd35cb6dbfed53f6094.jpg HTTP/1.1" 200 82457 "https://www.citadela.hr/zemljista/murter-cigrada-zemljiste-drugi-red-do-mora-1252-m2" "Mozilla/5.0 (Linux; Android 9; SM-G960F) AppleWebKit/537.36 (KHTML, like Gecko) Chrome/75.0.3770.143 Mobile Safari/537.36"
212.95.5.2 - - [15/Aug/2019:14:58:29 +0000] "GET /apartmani/murter-plaza-slanica-dvosoban-apartman-prvi-red-do-mora-4355-m2 HTTP/1.1" 200 6073 "https://www.citadela.hr/pretraga?category=&place=&price=500000&surface=&page=4" "Mozilla/5.0 (Linux; Android 5.1.1; SM-G361F) AppleWebKit/537.36 (KHTML, like Gecko) Chrome/75.0.3770.143 Mobile Safari/537.36"
212.95.5.2 - - [15/Aug/2019:14:58:29 +0000] "GET /uploads/thumbnails/53b55054d8da4e9f66de4a1460ae6148.jpeg HTTP/1.1" 200 41614 "https://www.citadela.hr/apartmani/murter-plaza-slanica-dvosoban-apartman-prvi-red-do-mora-4355-m2" "Mozilla/5.0 (Linux; Android 5.1.1; SM-G361F) AppleWebKit/537.36 (KHTML, like Gecko) Chrome/75.0.3770.143 Mobile Safari/537.36"
212.95.5.2 - - [15/Aug/2019:14:58:30 +0000] "GET /uploads/thumbnails/fae82b6ffae94bfd63691c672bcd576e.jpg HTTP/1.1" 200 41464 "https://www.citadela.hr/apartmani/murter-plaza-slanica-dvosoban-apartman-prvi-red-do-mora-4355-m2" "Mozilla/5.0 (Linux; Android 5.1.1; SM-G361F) AppleWebKit/537.36 (KHTML, like Gecko) Chrome/75.0.3770.143 Mobile Safari/537.36"
212.95.5.2 - - [15/Aug/2019:14:58:29 +0000] "GET /uploads/thumbnails/d5968782b69a157634bfe8a70f4cb274.jpg HTTP/1.1" 200 62783 "https://www.citadela.hr/apartmani/murter-plaza-slanica-dvosoban-apartman-prvi-red-do-mora-4355-m2" "Mozilla/5.0 (Linux; Android 5.1.1; SM-G361F) AppleWebKit/537.36 (KHTML, like Gecko) Chrome/75.0.3770.143 Mobile Safari/537.36"
212.95.5.2 - - [15/Aug/2019:14:58:30 +0000] "GET /uploads/thumbnails/90c3a98c374494dfdce62914b808a7cd.jpg HTTP/1.1" 200 41566 "https://www.citadela.hr/apartmani/murter-plaza-slanica-dvosoban-apartman-prvi-red-do-mora-4355-m2" "Mozilla/5.0 (Linux; Android 5.1.1; SM-G361F) AppleWebKit/537.36 (KHTML, like Gecko) Chrome/75.0.3770.143 Mobile Safari/537.36"
212.95.5.2 - - [15/Aug/2019:14:58:30 +0000] "GET /uploads/thumbnails/d42bf9f846019bc299e73c4030652017.jpg HTTP/1.1" 200 36776 "https://www.citadela.hr/apartmani/murter-plaza-slanica-dvosoban-apartman-prvi-red-do-mora-4355-m2" "Mozilla/5.0 (Linux; Android 5.1.1; SM-G361F) AppleWebKit/537.36 (KHTML, like Gecko) Chrome/75.0.3770.143 Mobile Safari/537.36"
212.95.5.2 - - [15/Aug/2019:14:58:30 +0000] "GET /uploads/thumbnails/39ebb4a9ebdbdad05627818a1269d81c.jpg HTTP/1.1" 200 17364 "https://www.citadela.hr/apartmani/murter-plaza-slanica-dvosoban-apartman-prvi-red-do-mora-4355-m2" "Mozilla/5.0 (Linux; Android 5.1.1; SM-G361F) AppleWebKit/537.36 (KHTML, like Gecko) Chrome/75.0.3770.143 Mobile Safari/537.36"
212.95.5.2 - - [15/Aug/2019:14:58:30 +0000] "GET /uploads/thumbnails/ed3c79e327b687af4935640d4ef1718a.jpg HTTP/1.1" 200 46115 "https://www.citadela.hr/apartmani/murter-plaza-slanica-dvosoban-apartman-prvi-red-do-mora-4355-m2" "Mozilla/5.0 (Linux; Android 5.1.1; SM-G361F) AppleWebKit/537.36 (KHTML, like Gecko) Chrome/75.0.3770.143 Mobile Safari/537.36"
212.95.5.2 - - [15/Aug/2019:14:58:30 +0000] "GET /uploads/thumbnails/0b66a5112fa77af1df08413d747d5916.jpg HTTP/1.1" 200 23118 "https://www.citadela.hr/apartmani/murter-plaza-slanica-dvosoban-apartman-prvi-red-do-mora-4355-m2" "Mozilla/5.0 (Linux; Android 5.1.1; SM-G361F) AppleWebKit/537.36 (KHTML, like Gecko) Chrome/75.0.3770.143 Mobile Safari/537.36"
212.95.5.2 - - [15/Aug/2019:14:58:30 +0000] "GET /uploads/thumbnails/46a1914117efcdcfe782ce6f06005c9e.jpg HTTP/1.1" 200 36038 "https://www.citadela.hr/apartmani/murter-plaza-slanica-dvosoban-apartman-prvi-red-do-mora-4355-m2" "Mozilla/5.0 (Linux; Android 5.1.1; SM-G361F) AppleWebKit/537.36 (KHTML, like Gecko) Chrome/75.0.3770.143 Mobile Safari/537.36"
212.95.5.2 - - [15/Aug/2019:14:58:30 +0000] "GET /uploads/thumbnails/8712c62cc4a046d2b4b2592961675f0d.jpg HTTP/1.1" 200 32992 "https://www.citadela.hr/apartmani/murter-plaza-slanica-dvosoban-apartman-prvi-red-do-mora-4355-m2" "Mozilla/5.0 (Linux; Android 5.1.1; SM-G361F) AppleWebKit/537.36 (KHTML, like Gecko) Chrome/75.0.3770.143 Mobile Safari/537.36"
212.95.5.2 - - [15/Aug/2019:14:58:30 +0000] "GET /uploads/thumbnails/ad8a4180f70737e335e998f21928e6f6.jpg HTTP/1.1" 200 34722 "https://www.citadela.hr/apartmani/murter-plaza-slanica-dvosoban-apartman-prvi-red-do-mora-4355-m2" "Mozilla/5.0 (Linux; Android 5.1.1; SM-G361F) AppleWebKit/537.36 (KHTML, like Gecko) Chrome/75.0.3770.143 Mobile Safari/537.36"
212.95.5.2 - - [15/Aug/2019:14:58:30 +0000] "GET /uploads/thumbnails/9f345599d968beb5c38464825f67bc0c.jpg HTTP/1.1" 200 37604 "https://www.citadela.hr/apartmani/murter-plaza-slanica-dvosoban-apartman-prvi-red-do-mora-4355-m2" "Mozilla/5.0 (Linux; Android 5.1.1; SM-G361F) AppleWebKit/537.36 (KHTML, like Gecko) Chrome/75.0.3770.143 Mobile Safari/537.36"
212.95.5.2 - - [15/Aug/2019:14:58:30 +0000] "GET /uploads/thumbnails/5499db166cc3ce1d97c2907217f1ab49.jpg HTTP/1.1" 200 56898 "https://www.citadela.hr/apartmani/murter-plaza-slanica-dvosoban-apartman-prvi-red-do-mora-4355-m2" "Mozilla/5.0 (Linux; Android 5.1.1; SM-G361F) AppleWebKit/537.36 (KHTML, like Gecko) Chrome/75.0.3770.143 Mobile Safari/537.36"
212.95.5.2 - - [15/Aug/2019:14:58:30 +0000] "GET /uploads/thumbnails/31ae53f5f1f3b705c2a02ccd0ee9fb4c.jpg HTTP/1.1" 200 46373 "https://www.citadela.hr/apartmani/murter-plaza-slanica-dvosoban-apartman-prvi-red-do-mora-4355-m2" "Mozilla/5.0 (Linux; Android 5.1.1; SM-G361F) AppleWebKit/537.36 (KHTML, like Gecko) Chrome/75.0.3770.143 Mobile Safari/537.36"
212.95.5.2 - - [15/Aug/2019:14:58:30 +0000] "GET /uploads/thumbnails/937259f32df3f613c4de84789d3a77b4.jpg HTTP/1.1" 200 60884 "https://www.citadela.hr/apartmani/murter-plaza-slanica-dvosoban-apartman-prvi-red-do-mora-4355-m2" "Mozilla/5.0 (Linux; Android 5.1.1; SM-G361F) AppleWebKit/537.36 (KHTML, like Gecko) Chrome/75.0.3770.143 Mobile Safari/537.36"
212.95.5.2 - - [15/Aug/2019:14:58:30 +0000] "GET /uploads/images/937259f32df3f613c4de84789d3a77b4.jpg HTTP/1.1" 200 130601 "https://www.citadela.hr/apartmani/murter-plaza-slanica-dvosoban-apartman-prvi-red-do-mora-4355-m2" "Mozilla/5.0 (Linux; Android 5.1.1; SM-G361F) AppleWebKit/537.36 (KHTML, like Gecko) Chrome/75.0.3770.143 Mobile Safari/537.36"
212.95.5.2 - - [15/Aug/2019:14:58:30 +0000] "GET /uploads/images/d5968782b69a157634bfe8a70f4cb274.jpg HTTP/1.1" 200 274406 "https://www.citadela.hr/apartmani/murter-plaza-slanica-dvosoban-apartman-prvi-red-do-mora-4355-m2" "Mozilla/5.0 (Linux; Android 5.1.1; SM-G361F) AppleWebKit/537.36 (KHTML, like Gecko) Chrome/75.0.3770.143 Mobile Safari/537.36"
212.95.5.2 - - [15/Aug/2019:14:58:30 +0000] "GET /uploads/images/300abfa1882cf4f03a04f8eed64c94e8.jpeg HTTP/1.1" 200 269934 "https://www.citadela.hr/apartmani/murter-plaza-slanica-dvosoban-apartman-prvi-red-do-mora-4355-m2" "Mozilla/5.0 (Linux; Android 5.1.1; SM-G361F) AppleWebKit/537.36 (KHTML, like Gecko) Chrome/75.0.3770.143 Mobile Safari/537.36"
212.95.5.2 - - [15/Aug/2019:14:59:38 +0000] "GET /pretraga?category=&place=&price=500000&surface=&page=6 HTTP/1.1" 200 5501 "https://www.citadela.hr/pretraga?category=&place=&price=500000&surface=&page=4" "Mozilla/5.0 (Linux; Android 5.1.1; SM-G361F) AppleWebKit/537.36 (KHTML, like Gecko) Chrome/75.0.3770.143 Mobile Safari/537.36"
212.95.5.2 - - [15/Aug/2019:14:59:38 +0000] "GET /uploads/thumbnails/348e8e6f9fc2783085ec47a344ee3e7f.jpeg HTTP/1.1" 200 38639 "https://www.citadela.hr/pretraga?category=&place=&price=500000&surface=&page=6" "Mozilla/5.0 (Linux; Android 5.1.1; SM-G361F) AppleWebKit/537.36 (KHTML, like Gecko) Chrome/75.0.3770.143 Mobile Safari/537.36"
212.95.5.2 - - [15/Aug/2019:14:59:38 +0000] "GET /uploads/thumbnails/c7cefce8cfc7191dca0c22518d2466b4.jpeg HTTP/1.1" 200 49684 "https://www.citadela.hr/pretraga?category=&place=&price=500000&surface=&page=6" "Mozilla/5.0 (Linux; Android 5.1.1; SM-G361F) AppleWebKit/537.36 (KHTML, like Gecko) Chrome/75.0.3770.143 Mobile Safari/537.36"
212.95.5.2 - - [15/Aug/2019:14:59:38 +0000] "GET /uploads/thumbnails/bdb290fa375c69e113c38d443c11983d.jpg HTTP/1.1" 200 32661 "https://www.citadela.hr/pretraga?category=&place=&price=500000&surface=&page=6" "Mozilla/5.0 (Linux; Android 5.1.1; SM-G361F) AppleWebKit/537.36 (KHTML, like Gecko) Chrome/75.0.3770.143 Mobile Safari/537.36"
212.95.5.2 - - [15/Aug/2019:14:59:38 +0000] "GET /uploads/thumbnails/47ec5f496d85f7f4ce356ce2d243c55b.jpg HTTP/1.1" 200 39188 "https://www.citadela.hr/pretraga?category=&place=&price=500000&surface=&page=6" "Mozilla/5.0 (Linux; Android 5.1.1; SM-G361F) AppleWebKit/537.36 (KHTML, like Gecko) Chrome/75.0.3770.143 Mobile Safari/537.36"
212.95.5.2 - - [15/Aug/2019:14:59:38 +0000] "GET /uploads/thumbnails/05ac2e1cd028692929a7dbe7fbe1fb40.jpeg HTTP/1.1" 200 38544 "https://www.citadela.hr/pretraga?category=&place=&price=500000&surface=&page=6" "Mozilla/5.0 (Linux; Android 5.1.1; SM-G361F) AppleWebKit/537.36 (KHTML, like Gecko) Chrome/75.0.3770.143 Mobile Safari/537.36"
212.95.5.2 - - [15/Aug/2019:14:59:38 +0000] "GET /uploads/thumbnails/45e534b54c6fb189a72b425ea43be0e6.jpg HTTP/1.1" 200 55401 "https://www.citadela.hr/pretraga?category=&place=&price=500000&surface=&page=6" "Mozilla/5.0 (Linux; Android 5.1.1; SM-G361F) AppleWebKit/537.36 (KHTML, like Gecko) Chrome/75.0.3770.143 Mobile Safari/537.36"
212.95.5.2 - - [15/Aug/2019:14:59:38 +0000] "GET /uploads/thumbnails/2dbbc9650f27c3dc9dc910751e8b87e2.jpg HTTP/1.1" 200 53458 "https://www.citadela.hr/pretraga?category=&place=&price=500000&surface=&page=6" "Mozilla/5.0 (Linux; Android 5.1.1; SM-G361F) AppleWebKit/537.36 (KHTML, like Gecko) Chrome/75.0.3770.143 Mobile Safari/537.36"
212.95.5.2 - - [15/Aug/2019:14:59:38 +0000] "GET /uploads/thumbnails/a8ca2ec9540d4a4bb5ad51650aa41442.JPG HTTP/1.1" 200 51035 "https://www.citadela.hr/pretraga?category=&place=&price=500000&surface=&page=6" "Mozilla/5.0 (Linux; Android 5.1.1; SM-G361F) AppleWebKit/537.36 (KHTML, like Gecko) Chrome/75.0.3770.143 Mobile Safari/537.36"
212.95.5.2 - - [15/Aug/2019:14:59:38 +0000] "GET /uploads/thumbnails/c019ba170ec85a5511b99e85bec407a0.JPG HTTP/1.1" 200 35636 "https://www.citadela.hr/pretraga?category=&place=&price=500000&surface=&page=6" "Mozilla/5.0 (Linux; Android 5.1.1; SM-G361F) AppleWebKit/537.36 (KHTML, like Gecko) Chrome/75.0.3770.143 Mobile Safari/537.36"
212.95.5.2 - - [15/Aug/2019:15:00:11 +0000] "GET /pretraga?category=&place=&price=500000&surface=&page=7 HTTP/1.1" 200 5545 "https://www.citadela.hr/pretraga?category=&place=&price=500000&surface=&page=6" "Mozilla/5.0 (Linux; Android 5.1.1; SM-G361F) AppleWebKit/537.36 (KHTML, like Gecko) Chrome/75.0.3770.143 Mobile Safari/537.36"
212.95.5.2 - - [15/Aug/2019:15:00:12 +0000] "GET /uploads/thumbnails/529ebb7f1bea68a0e59d27d0e9eabd82.jpg HTTP/1.1" 200 45871 "https://www.citadela.hr/pretraga?category=&place=&price=500000&surface=&page=7" "Mozilla/5.0 (Linux; Android 5.1.1; SM-G361F) AppleWebKit/537.36 (KHTML, like Gecko) Chrome/75.0.3770.143 Mobile Safari/537.36"
212.95.5.2 - - [15/Aug/2019:15:00:12 +0000] "GET /uploads/thumbnails/6edc2838229f9cfe44958f5ad2061a0f.jpeg HTTP/1.1" 200 35387 "https://www.citadela.hr/pretraga?category=&place=&price=500000&surface=&page=7" "Mozilla/5.0 (Linux; Android 5.1.1; SM-G361F) AppleWebKit/537.36 (KHTML, like Gecko) Chrome/75.0.3770.143 Mobile Safari/537.36"
212.95.5.2 - - [15/Aug/2019:15:00:12 +0000] "GET /uploads/thumbnails/804bded75e84e19c19900ac44a311f0c.jpg HTTP/1.1" 200 40206 "https://www.citadela.hr/pretraga?category=&place=&price=500000&surface=&page=7" "Mozilla/5.0 (Linux; Android 5.1.1; SM-G361F) AppleWebKit/537.36 (KHTML, like Gecko) Chrome/75.0.3770.143 Mobile Safari/537.36"
212.95.5.2 - - [15/Aug/2019:15:00:12 +0000] "GET /uploads/thumbnails/93423a315b28b8a508b33627bd7a9ac6.jpeg HTTP/1.1" 200 43057 "https://www.citadela.hr/pretraga?category=&place=&price=500000&surface=&page=7" "Mozilla/5.0 (Linux; Android 5.1.1; SM-G361F) AppleWebKit/537.36 (KHTML, like Gecko) Chrome/75.0.3770.143 Mobile Safari/537.36"
212.95.5.2 - - [15/Aug/2019:15:00:12 +0000] "GET /uploads/thumbnails/897379aff8bf4853acb94e7adbdd8b57.jpg HTTP/1.1" 200 49390 "https://www.citadela.hr/pretraga?category=&place=&price=500000&surface=&page=7" "Mozilla/5.0 (Linux; Android 5.1.1; SM-G361F) AppleWebKit/537.36 (KHTML, like Gecko) Chrome/75.0.3770.143 Mobile Safari/537.36"
