66.249.79.126 - - [21/Aug/2019:00:02:48 +0000] "GET /pretraga?category=&type=&place=&area=&price=500000&surface=50&page=5 HTTP/1.1" 200 5504 "-" "Mozilla/5.0 (Linux; Android 6.0.1; Nexus 5X Build/MMB29P) AppleWebKit/537.36 (KHTML, like Gecko) Chrome/41.0.2272.96 Mobile Safari/537.36 (compatible; Googlebot/2.1; +http://www.google.com/bot.html)"
157.55.39.15 - - [21/Aug/2019:00:05:10 +0000] "GET /robots.txt HTTP/1.1" 200 24 "-" "Mozilla/5.0 (compatible; bingbot/2.0; +http://www.bing.com/bingbot.htm)"
157.55.39.15 - - [21/Aug/2019:00:05:11 +0000] "GET /robots.txt HTTP/1.1" 200 24 "-" "Mozilla/5.0 (compatible; bingbot/2.0; +http://www.bing.com/bingbot.htm)"
207.46.13.39 - - [21/Aug/2019:00:05:14 +0000] "GET /uploads/thumbnails/96f8198e9ac8a79afb609d4df11a4c05.jpg HTTP/1.1" 200 42809 "-" "Mozilla/5.0 (compatible; bingbot/2.0; +http://www.bing.com/bingbot.htm)"
66.249.79.124 - - [21/Aug/2019:00:11:04 +0000] "GET /pretraga?category=&type=&place=44&area=&price=500000&surface=10 HTTP/1.1" 200 5081 "-" "Mozilla/5.0 (Linux; Android 6.0.1; Nexus 5X Build/MMB29P) AppleWebKit/537.36 (KHTML, like Gecko) Chrome/41.0.2272.96 Mobile Safari/537.36 (compatible; Googlebot/2.1; +http://www.google.com/bot.html)"
66.249.79.126 - - [21/Aug/2019:00:20:32 +0000] "GET /pretraga?category=3&type=sale&place=&area=&price=500000&surface=200&page=4 HTTP/1.1" 200 5429 "-" "Mozilla/5.0 (Linux; Android 6.0.1; Nexus 5X Build/MMB29P) AppleWebKit/537.36 (KHTML, like Gecko) Chrome/41.0.2272.96 Mobile Safari/537.36 (compatible; Googlebot/2.1; +http://www.google.com/bot.html)"
66.249.79.122 - - [21/Aug/2019:00:28:45 +0000] "GET /hr/pretraga?category=&type=&place=15&area=&price=50000&surface=200 HTTP/1.1" 500 4485 "-" "Mozilla/5.0 (Linux; Android 6.0.1; Nexus 5X Build/MMB29P) AppleWebKit/537.36 (KHTML, like Gecko) Chrome/41.0.2272.96 Mobile Safari/537.36 (compatible; Googlebot/2.1; +http://www.google.com/bot.html)"
66.249.79.122 - - [21/Aug/2019:00:49:35 +0000] "GET /zemljista/povljana-gradevinsko-zemljiste-u-blizini-mora-1129-m2 HTTP/1.1" 200 5317 "-" "Mozilla/5.0 (Linux; Android 6.0.1; Nexus 5X Build/MMB29P) AppleWebKit/537.36 (KHTML, like Gecko) Chrome/41.0.2272.96 Mobile Safari/537.36 (compatible; Googlebot/2.1; +http://www.google.com/bot.html)"
66.249.79.122 - - [21/Aug/2019:00:49:51 +0000] "GET /hr/pretraga?category=&type=&place=58&area=230&price=100000&surface=10 HTTP/1.1" 500 4485 "-" "Mozilla/5.0 (Linux; Android 6.0.1; Nexus 5X Build/MMB29P) AppleWebKit/537.36 (KHTML, like Gecko) Chrome/41.0.2272.96 Mobile Safari/537.36 (compatible; Googlebot/2.1; +http://www.google.com/bot.html)"
66.249.79.122 - - [21/Aug/2019:00:50:50 +0000] "GET /hr/pretraga?category=&type=&place=49&area=&price=&surface=100 HTTP/1.1" 500 4485 "-" "Mozilla/5.0 (Linux; Android 6.0.1; Nexus 5X Build/MMB29P) AppleWebKit/537.36 (KHTML, like Gecko) Chrome/41.0.2272.96 Mobile Safari/537.36 (compatible; Googlebot/2.1; +http://www.google.com/bot.html)"
157.55.39.159 - - [21/Aug/2019:00:55:12 +0000] "GET /en/lands/starigrad-paklenica-building-plot-1st-row-from-the-sea-1000-m2 HTTP/1.1" 200 5585 "-" "Mozilla/5.0 (compatible; bingbot/2.0; +http://www.bing.com/bingbot.htm)"
46.229.168.141 - - [21/Aug/2019:00:57:46 +0000] "GET /robots.txt HTTP/1.1" 200 24 "-" "Mozilla/5.0 (compatible; SemrushBot/3~bl; +http://www.semrush.com/bot.html)"
46.229.168.140 - - [21/Aug/2019:00:57:46 +0000] "GET /hr/kuce/posedarje-kuca-s-dva-stana-i-podrumom-150-m2 HTTP/1.1" 200 5662 "-" "Mozilla/5.0 (compatible; SemrushBot/3~bl; +http://www.semrush.com/bot.html)"
46.229.168.135 - - [21/Aug/2019:01:04:07 +0000] "GET /hr/blog/gdje-kupiti-stan-na-jadranu HTTP/1.1" 200 4889 "-" "Mozilla/5.0 (compatible; SemrushBot/3~bl; +http://www.semrush.com/bot.html)"
46.229.168.149 - - [21/Aug/2019:01:16:19 +0000] "GET /hr/o-nama HTTP/1.1" 200 4367 "-" "Mozilla/5.0 (compatible; SemrushBot/3~bl; +http://www.semrush.com/bot.html)"
40.77.167.136 - - [21/Aug/2019:01:17:09 +0000] "GET /en/apartments HTTP/1.1" 200 5305 "-" "Mozilla/5.0 (compatible; bingbot/2.0; +http://www.bing.com/bingbot.htm)"
66.249.79.122 - - [21/Aug/2019:01:28:33 +0000] "GET /hr/pretraga?category=&type=&place=19&area=&price=50000&surface= HTTP/1.1" 500 4485 "-" "Mozilla/5.0 (Linux; Android 6.0.1; Nexus 5X Build/MMB29P) AppleWebKit/537.36 (KHTML, like Gecko) Chrome/41.0.2272.96 Mobile Safari/537.36 (compatible; Googlebot/2.1; +http://www.google.com/bot.html)"
46.229.168.145 - - [21/Aug/2019:01:28:58 +0000] "GET /robots.txt HTTP/1.1" 200 24 "-" "Mozilla/5.0 (compatible; SemrushBot/3~bl; +http://www.semrush.com/bot.html)"
46.229.168.142 - - [21/Aug/2019:01:28:58 +0000] "GET /hr/apartmani HTTP/1.1" 200 5363 "-" "Mozilla/5.0 (compatible; SemrushBot/3~bl; +http://www.semrush.com/bot.html)"
66.249.79.126 - - [21/Aug/2019:01:29:02 +0000] "GET /pretraga?category=1&type=&place=36&area=&price=&surface=100 HTTP/1.1" 500 4485 "-" "Mozilla/5.0 (Linux; Android 6.0.1; Nexus 5X Build/MMB29P) AppleWebKit/537.36 (KHTML, like Gecko) Chrome/41.0.2272.96 Mobile Safari/537.36 (compatible; Googlebot/2.1; +http://www.google.com/bot.html)"
54.36.148.227 - - [21/Aug/2019:01:39:35 +0000] "GET /robots.txt HTTP/1.1" 200 24 "-" "Mozilla/5.0 (compatible; AhrefsBot/6.1; +http://ahrefs.com/robot/)"
54.36.148.112 - - [21/Aug/2019:01:39:35 +0000] "GET /ponudi-nekretninu HTTP/1.1" 200 3901 "-" "Mozilla/5.0 (compatible; AhrefsBot/6.1; +http://ahrefs.com/robot/)"
66.249.79.122 - - [21/Aug/2019:01:41:16 +0000] "GET /hr/apartmani/bibinje-trosoban-apartman-25-metara-od-plaze-9971-m2-1504-m2 HTTP/1.1" 500 4485 "-" "Mozilla/5.0 (Linux; Android 6.0.1; Nexus 5X Build/MMB29P) AppleWebKit/537.36 (KHTML, like Gecko) Chrome/41.0.2272.96 Mobile Safari/537.36 (compatible; Googlebot/2.1; +http://www.google.com/bot.html)"
46.229.168.141 - - [21/Aug/2019:01:46:25 +0000] "GET /en/houses/sukosan-kuca-s-4-apartmana-drugi-red-do-mora-2292-m2 HTTP/1.1" 200 5944 "-" "Mozilla/5.0 (compatible; SemrushBot/3~bl; +http://www.semrush.com/bot.html)"
91.242.162.9 - - [21/Aug/2019:01:50:15 +0000] "GET /robots.txt HTTP/1.1" 200 24 "-" "Mozilla/5.0 (compatible; Qwantify/2.4w; +https://www.qwant.com/)/2.4w"
91.242.162.9 - - [21/Aug/2019:01:50:15 +0000] "GET /kontakt HTTP/1.1" 200 4382 "-" "Mozilla/5.0 (compatible; Qwantify/2.4w; +https://www.qwant.com/)/2.4w"
94.191.129.91 - - [21/Aug/2019:01:57:44 +0000] "GET /uploads/images/3402fc0b29e58cf84bb4479934dc326a.jpeg HTTP/1.1" 200 180919 "https://www.google.se/" "Mozilla/5.0 (iPhone; CPU iPhone OS 12_3_1 like Mac OS X) AppleWebKit/605.1.15 (KHTML, like Gecko) Version/12.1.1 Mobile/15E148 Safari/604.1"
157.55.39.159 - - [21/Aug/2019:02:03:15 +0000] "GET /en/flats/zadar-petrici-trosoban-stan-8846-m2 HTTP/1.1" 500 4485 "-" "Mozilla/5.0 (compatible; bingbot/2.0; +http://www.bing.com/bingbot.htm)"
66.249.79.122 - - [21/Aug/2019:02:08:44 +0000] "GET /hr/pretraga?category=&type=&place=8&area=&price=1000000&surface=10 HTTP/1.1" 500 4485 "-" "Mozilla/5.0 (Linux; Android 6.0.1; Nexus 5X Build/MMB29P) AppleWebKit/537.36 (KHTML, like Gecko) Chrome/41.0.2272.96 Mobile Safari/537.36 (compatible; Googlebot/2.1; +http://www.google.com/bot.html)"
66.249.79.124 - - [21/Aug/2019:02:19:11 +0000] "GET /hr/pretraga?category=&type=&place=11&area=&price=500000&surface=100 HTTP/1.1" 500 4485 "-" "Mozilla/5.0 (Linux; Android 6.0.1; Nexus 5X Build/MMB29P) AppleWebKit/537.36 (KHTML, like Gecko) Chrome/41.0.2272.96 Mobile Safari/537.36 (compatible; Googlebot/2.1; +http://www.google.com/bot.html)"
66.249.79.124 - - [21/Aug/2019:02:20:42 +0000] "GET /kuce/bibinje-kuca-prvi-red-do-mora-280-m2-snizeno HTTP/1.1" 500 4485 "-" "Mozilla/5.0 (compatible; Googlebot/2.1; +http://www.google.com/bot.html)"
66.249.79.124 - - [21/Aug/2019:02:29:55 +0000] "GET /hr/pretraga?category=&type=&place=15&area=&price=100000&surface=10 HTTP/1.1" 500 4485 "-" "Mozilla/5.0 (Linux; Android 6.0.1; Nexus 5X Build/MMB29P) AppleWebKit/537.36 (KHTML, like Gecko) Chrome/41.0.2272.96 Mobile Safari/537.36 (compatible; Googlebot/2.1; +http://www.google.com/bot.html)"
66.249.79.124 - - [21/Aug/2019:02:31:28 +0000] "GET /pretraga?category=&type=&place=59&area=&price=200000&surface=10 HTTP/1.1" 500 4485 "-" "Mozilla/5.0 (Linux; Android 6.0.1; Nexus 5X Build/MMB29P) AppleWebKit/537.36 (KHTML, like Gecko) Chrome/41.0.2272.96 Mobile Safari/537.36 (compatible; Googlebot/2.1; +http://www.google.com/bot.html)"
87.250.224.91 - - [21/Aug/2019:02:31:55 +0000] "GET /robots.txt HTTP/1.1" 200 24 "-" "Mozilla/5.0 (compatible; YandexBot/3.0; +http://yandex.com/bots)"
87.250.224.91 - - [21/Aug/2019:02:31:58 +0000] "GET /en/houses/sukosan-kuca-s-4-apartmana-drugi-red-do-mora-2292-m2 HTTP/1.1" 200 5946 "-" "Mozilla/5.0 (compatible; YandexBot/3.0; +http://yandex.com/bots)"
46.229.168.141 - - [21/Aug/2019:02:37:21 +0000] "GET /robots.txt HTTP/1.1" 200 24 "-" "Mozilla/5.0 (compatible; SemrushBot/3~bl; +http://www.semrush.com/bot.html)"
46.229.168.152 - - [21/Aug/2019:02:37:21 +0000] "GET /kuce/sv-petar-na-moru-kuca-sa-6-apartmana-i-pogledom-na-more-39637m2 HTTP/1.1" 200 6329 "-" "Mozilla/5.0 (compatible; SemrushBot/3~bl; +http://www.semrush.com/bot.html)"
66.249.79.122 - - [21/Aug/2019:02:49:36 +0000] "GET /hr/pretraga?category=&type=&place=19&area=&price=50000&surface=10 HTTP/1.1" 500 4485 "-" "Mozilla/5.0 (Linux; Android 6.0.1; Nexus 5X Build/MMB29P) AppleWebKit/537.36 (KHTML, like Gecko) Chrome/41.0.2272.96 Mobile Safari/537.36 (compatible; Googlebot/2.1; +http://www.google.com/bot.html)"
46.229.168.141 - - [21/Aug/2019:02:49:54 +0000] "GET /zemljista HTTP/1.1" 200 5320 "-" "Mozilla/5.0 (compatible; SemrushBot/3~bl; +http://www.semrush.com/bot.html)"
66.249.79.122 - - [21/Aug/2019:02:58:49 +0000] "GET /pretraga?category=&type=&place=37&area=157&price=&surface=100 HTTP/1.1" 500 4485 "-" "Mozilla/5.0 (Linux; Android 6.0.1; Nexus 5X Build/MMB29P) AppleWebKit/537.36 (KHTML, like Gecko) Chrome/41.0.2272.96 Mobile Safari/537.36 (compatible; Googlebot/2.1; +http://www.google.com/bot.html)"
66.249.79.124 - - [21/Aug/2019:03:13:18 +0000] "GET /hr/pretraga?category=&type=&place=16&area=&price=500000&surface=10 HTTP/1.1" 500 4485 "-" "Mozilla/5.0 (Linux; Android 6.0.1; Nexus 5X Build/MMB29P) AppleWebKit/537.36 (KHTML, like Gecko) Chrome/41.0.2272.96 Mobile Safari/537.36 (compatible; Googlebot/2.1; +http://www.google.com/bot.html)"
66.249.79.122 - - [21/Aug/2019:03:31:47 +0000] "GET /hr/pretraga?category=&type=&place=9&area=&price=50000&surface=50 HTTP/1.1" 500 4485 "-" "Mozilla/5.0 (Linux; Android 6.0.1; Nexus 5X Build/MMB29P) AppleWebKit/537.36 (KHTML, like Gecko) Chrome/41.0.2272.96 Mobile Safari/537.36 (compatible; Googlebot/2.1; +http://www.google.com/bot.html)"
66.249.79.126 - - [21/Aug/2019:03:41:04 +0000] "GET /robots.txt HTTP/1.1" 200 24 "-" "Mozilla/5.0 (compatible; Googlebot/2.1; +http://www.google.com/bot.html)"
66.249.79.126 - - [21/Aug/2019:03:41:04 +0000] "GET /hr/pretraga?category=&type=&place=9&area=&price=&surface=50 HTTP/1.1" 500 4485 "-" "Mozilla/5.0 (Linux; Android 6.0.1; Nexus 5X Build/MMB29P) AppleWebKit/537.36 (KHTML, like Gecko) Chrome/41.0.2272.96 Mobile Safari/537.36 (compatible; Googlebot/2.1; +http://www.google.com/bot.html)"
66.249.79.122 - - [21/Aug/2019:03:51:59 +0000] "GET /pretraga?category=&type=&place=37&area=157&price=200000&surface=10 HTTP/1.1" 500 4485 "-" "Mozilla/5.0 (Linux; Android 6.0.1; Nexus 5X Build/MMB29P) AppleWebKit/537.36 (KHTML, like Gecko) Chrome/41.0.2272.96 Mobile Safari/537.36 (compatible; Googlebot/2.1; +http://www.google.com/bot.html)"
66.249.79.122 - - [21/Aug/2019:03:52:44 +0000] "GET /hr/pretraga?category=&type=&place=37&area=157&price=100000&surface=100 HTTP/1.1" 500 4485 "-" "Mozilla/5.0 (Linux; Android 6.0.1; Nexus 5X Build/MMB29P) AppleWebKit/537.36 (KHTML, like Gecko) Chrome/41.0.2272.96 Mobile Safari/537.36 (compatible; Googlebot/2.1; +http://www.google.com/bot.html)"
46.229.168.154 - - [21/Aug/2019:03:57:44 +0000] "GET /robots.txt HTTP/1.1" 200 24 "-" "Mozilla/5.0 (compatible; SemrushBot/3~bl; +http://www.semrush.com/bot.html)"
46.229.168.136 - - [21/Aug/2019:03:57:45 +0000] "GET /zemljista/zadarkozino-gradevinska-zemljista-300-m-od-mora-520-555-m2 HTTP/1.1" 200 5552 "-" "Mozilla/5.0 (compatible; SemrushBot/3~bl; +http://www.semrush.com/bot.html)"
66.249.79.124 - - [21/Aug/2019:04:12:51 +0000] "GET /hr/pretraga?category=&type=&place=6&area=&price=100000&surface=100 HTTP/1.1" 500 4485 "-" "Mozilla/5.0 (Linux; Android 6.0.1; Nexus 5X Build/MMB29P) AppleWebKit/537.36 (KHTML, like Gecko) Chrome/41.0.2272.96 Mobile Safari/537.36 (compatible; Googlebot/2.1; +http://www.google.com/bot.html)"
46.229.168.147 - - [21/Aug/2019:04:19:20 +0000] "GET /hr/kuce/zadar-vostarnica-dvokatnica-pogodna-za-hostel-315-m2 HTTP/1.1" 200 5730 "-" "Mozilla/5.0 (compatible; SemrushBot/3~bl; +http://www.semrush.com/bot.html)"
66.249.79.126 - - [21/Aug/2019:04:20:49 +0000] "GET /pretraga?category=&type=&place=41&area=157&price=&surface=100 HTTP/1.1" 500 4485 "-" "Mozilla/5.0 (Linux; Android 6.0.1; Nexus 5X Build/MMB29P) AppleWebKit/537.36 (KHTML, like Gecko) Chrome/41.0.2272.96 Mobile Safari/537.36 (compatible; Googlebot/2.1; +http://www.google.com/bot.html)"
66.249.79.124 - - [21/Aug/2019:04:32:19 +0000] "GET /hr/pretraga?category=&type=&place=13&area=&price=&surface= HTTP/1.1" 500 4485 "-" "Mozilla/5.0 (Linux; Android 6.0.1; Nexus 5X Build/MMB29P) AppleWebKit/537.36 (KHTML, like Gecko) Chrome/41.0.2272.96 Mobile Safari/537.36 (compatible; Googlebot/2.1; +http://www.google.com/bot.html)"
46.229.168.129 - - [21/Aug/2019:04:35:58 +0000] "GET /robots.txt HTTP/1.1" 200 24 "-" "Mozilla/5.0 (compatible; SemrushBot/3~bl; +http://www.semrush.com/bot.html)"
46.229.168.140 - - [21/Aug/2019:04:35:59 +0000] "GET /kuce/sibenik-dio-kuce-u-centru-110-m2-dvoriste-130-m2 HTTP/1.1" 200 5725 "-" "Mozilla/5.0 (compatible; SemrushBot/3~bl; +http://www.semrush.com/bot.html)"
66.249.79.126 - - [21/Aug/2019:04:43:02 +0000] "GET /pretraga?category=&type=&place=37&area=157&price=&surface=100 HTTP/1.1" 500 4485 "-" "Mozilla/5.0 (Linux; Android 6.0.1; Nexus 5X Build/MMB29P) AppleWebKit/537.36 (KHTML, like Gecko) Chrome/41.0.2272.96 Mobile Safari/537.36 (compatible; Googlebot/2.1; +http://www.google.com/bot.html)"
66.249.79.124 - - [21/Aug/2019:04:51:06 +0000] "GET /hr/pretraga?category=&type=&place=9&area=&price=50000&surface=50 HTTP/1.1" 500 4485 "-" "Mozilla/5.0 (Linux; Android 6.0.1; Nexus 5X Build/MMB29P) AppleWebKit/537.36 (KHTML, like Gecko) Chrome/41.0.2272.96 Mobile Safari/537.36 (compatible; Googlebot/2.1; +http://www.google.com/bot.html)"
46.229.168.136 - - [21/Aug/2019:05:05:39 +0000] "GET /robots.txt HTTP/1.1" 200 24 "-" "Mozilla/5.0 (compatible; SemrushBot/3~bl; +http://www.semrush.com/bot.html)"
46.229.168.163 - - [21/Aug/2019:05:05:40 +0000] "GET /hr/blog/prosjecne-cijene-stanova-u-zadarskoj-zupaniji-porasle-za-981 HTTP/1.1" 200 4776 "-" "Mozilla/5.0 (compatible; SemrushBot/3~bl; +http://www.semrush.com/bot.html)"
46.229.168.135 - - [21/Aug/2019:05:16:32 +0000] "GET /en/lands/rtina-gradevinsko-zemljiste-prvi-red-do-mora-715-m2 HTTP/1.1" 200 5447 "-" "Mozilla/5.0 (compatible; SemrushBot/3~bl; +http://www.semrush.com/bot.html)"
40.77.167.1 - - [21/Aug/2019:05:24:00 +0000] "GET /apartmani/privlaka-dvosoban-apartman-120-metara-od-pjescane-plaze-84-m2 HTTP/1.1" 200 5452 "-" "Mozilla/5.0 (compatible; bingbot/2.0; +http://www.bing.com/bingbot.htm)"
157.55.39.3 - - [21/Aug/2019:05:24:01 +0000] "GET /robots.txt HTTP/1.1" 301 242 "-" "Mozilla/5.0 (compatible; bingbot/2.0; +http://www.bing.com/bingbot.htm)"
40.77.191.46 - - [21/Aug/2019:05:24:01 +0000] "GET /css/bootstrap.css HTTP/1.1" 200 141198 "-" "Mozilla/5.0 (Windows NT 6.1; WOW64) AppleWebKit/534+ (KHTML, like Gecko) BingPreview/1.0b"
157.55.39.3 - - [21/Aug/2019:05:24:02 +0000] "GET /robots.txt HTTP/1.1" 200 24 "-" "Mozilla/5.0 (compatible; bingbot/2.0; +http://www.bing.com/bingbot.htm)"
40.77.189.233 - - [21/Aug/2019:05:24:03 +0000] "GET /css/style.css?v=2 HTTP/1.1" 200 92836 "-" "Mozilla/5.0 (Windows NT 6.1; WOW64) AppleWebKit/534+ (KHTML, like Gecko) BingPreview/1.0b"
40.77.188.76 - - [21/Aug/2019:05:24:04 +0000] "GET /css/font-awesome.css HTTP/1.1" 200 37414 "-" "Mozilla/5.0 (Windows NT 6.1; WOW64) AppleWebKit/534+ (KHTML, like Gecko) BingPreview/1.0b"
40.77.189.147 - - [21/Aug/2019:05:24:05 +0000] "GET /fonts/flaticon.css HTTP/1.1" 200 2508 "-" "Mozilla/5.0 (Windows NT 6.1; WOW64) AppleWebKit/534+ (KHTML, like Gecko) BingPreview/1.0b"
40.77.189.147 - - [21/Aug/2019:05:24:06 +0000] "GET /css/jslider.css HTTP/1.1" 200 2554 "-" "Mozilla/5.0 (Windows NT 6.1; WOW64) AppleWebKit/534+ (KHTML, like Gecko) BingPreview/1.0b"
40.77.189.233 - - [21/Aug/2019:05:24:06 +0000] "GET /css/responsive.css HTTP/1.1" 200 11472 "-" "Mozilla/5.0 (Windows NT 6.1; WOW64) AppleWebKit/534+ (KHTML, like Gecko) BingPreview/1.0b"
40.77.189.222 - - [21/Aug/2019:05:24:06 +0000] "GET /css/colors/blue.css?v=2 HTTP/1.1" 200 16168 "-" "Mozilla/5.0 (Windows NT 6.1; WOW64) AppleWebKit/534+ (KHTML, like Gecko) BingPreview/1.0b"
40.77.189.147 - - [21/Aug/2019:05:24:06 +0000] "GET /css/loader.css?v=2 HTTP/1.1" 200 4190 "-" "Mozilla/5.0 (Windows NT 6.1; WOW64) AppleWebKit/534+ (KHTML, like Gecko) BingPreview/1.0b"
40.77.189.243 - - [21/Aug/2019:05:24:07 +0000] "GET /assets/plugins/flag/css/flag-icon.css HTTP/1.1" 200 37528 "-" "Mozilla/5.0 (Windows NT 6.1; WOW64) AppleWebKit/534+ (KHTML, like Gecko) BingPreview/1.0b"
40.77.189.243 - - [21/Aug/2019:05:24:07 +0000] "GET /unitegallery/css/unite-gallery.css HTTP/1.1" 200 31016 "-" "Mozilla/5.0 (Windows NT 6.1; WOW64) AppleWebKit/534+ (KHTML, like Gecko) BingPreview/1.0b"
40.77.189.243 - - [21/Aug/2019:05:24:07 +0000] "GET /css/animate.min.css HTTP/1.1" 200 58791 "-" "Mozilla/5.0 (Windows NT 6.1; WOW64) AppleWebKit/534+ (KHTML, like Gecko) BingPreview/1.0b"
40.77.189.243 - - [21/Aug/2019:05:24:07 +0000] "GET /css/jquery.fancybox.css HTTP/1.1" 200 4971 "-" "Mozilla/5.0 (Windows NT 6.1; WOW64) AppleWebKit/534+ (KHTML, like Gecko) BingPreview/1.0b"
40.77.189.147 - - [21/Aug/2019:05:24:07 +0000] "GET /css/owl.css HTTP/1.1" 200 5407 "-" "Mozilla/5.0 (Windows NT 6.1; WOW64) AppleWebKit/534+ (KHTML, like Gecko) BingPreview/1.0b"
40.77.189.243 - - [21/Aug/2019:05:24:08 +0000] "GET /js/jquery.min.js HTTP/1.1" 200 97163 "-" "Mozilla/5.0 (Windows NT 6.1; WOW64) AppleWebKit/534+ (KHTML, like Gecko) BingPreview/1.0b"
40.77.189.147 - - [21/Aug/2019:05:24:08 +0000] "GET /js/bootstrap.min.js HTTP/1.1" 200 37045 "-" "Mozilla/5.0 (Windows NT 6.1; WOW64) AppleWebKit/534+ (KHTML, like Gecko) BingPreview/1.0b"
40.77.167.147 - - [21/Aug/2019:05:24:08 +0000] "GET /robots.txt HTTP/1.1" 301 242 "-" "Mozilla/5.0 (compatible; bingbot/2.0; +http://www.bing.com/bingbot.htm)"
40.77.189.147 - - [21/Aug/2019:05:24:08 +0000] "GET /js/bootstrap-select.js HTTP/1.1" 200 68790 "-" "Mozilla/5.0 (Windows NT 6.1; WOW64) AppleWebKit/534+ (KHTML, like Gecko) BingPreview/1.0b"
40.77.188.76 - - [21/Aug/2019:05:24:09 +0000] "GET /js/YouTubePopUp.jquery.js HTTP/1.1" 200 2805 "-" "Mozilla/5.0 (Windows NT 6.1; WOW64) AppleWebKit/534+ (KHTML, like Gecko) BingPreview/1.0b"
40.77.189.147 - - [21/Aug/2019:05:24:09 +0000] "GET /js/jquery.fancybox.pack.js HTTP/1.1" 200 23135 "-" "Mozilla/5.0 (Windows NT 6.1; WOW64) AppleWebKit/534+ (KHTML, like Gecko) BingPreview/1.0b"
40.77.189.147 - - [21/Aug/2019:05:24:09 +0000] "GET /js/jquery.fancybox-media.js HTTP/1.1" 200 5305 "-" "Mozilla/5.0 (Windows NT 6.1; WOW64) AppleWebKit/534+ (KHTML, like Gecko) BingPreview/1.0b"
40.77.167.147 - - [21/Aug/2019:05:24:09 +0000] "GET /robots.txt HTTP/1.1" 200 24 "-" "Mozilla/5.0 (compatible; bingbot/2.0; +http://www.bing.com/bingbot.htm)"
40.77.189.243 - - [21/Aug/2019:05:24:09 +0000] "GET /js/owl.js HTTP/1.1" 200 79152 "-" "Mozilla/5.0 (Windows NT 6.1; WOW64) AppleWebKit/534+ (KHTML, like Gecko) BingPreview/1.0b"
40.77.167.147 - - [21/Aug/2019:05:24:09 +0000] "GET /robots.txt HTTP/1.1" 301 242 "-" "Mozilla/5.0 (compatible; bingbot/2.0; +http://www.bing.com/bingbot.htm)"
40.77.188.76 - - [21/Aug/2019:05:24:09 +0000] "GET /js/mixitup.js HTTP/1.1" 200 52224 "-" "Mozilla/5.0 (Windows NT 6.1; WOW64) AppleWebKit/534+ (KHTML, like Gecko) BingPreview/1.0b"
40.77.188.76 - - [21/Aug/2019:05:24:09 +0000] "GET /js/wow.js HTTP/1.1" 200 6283 "-" "Mozilla/5.0 (Windows NT 6.1; WOW64) AppleWebKit/534+ (KHTML, like Gecko) BingPreview/1.0b"
40.77.167.147 - - [21/Aug/2019:05:24:09 +0000] "GET /robots.txt HTTP/1.1" 200 24 "-" "Mozilla/5.0 (compatible; bingbot/2.0; +http://www.bing.com/bingbot.htm)"
40.77.189.147 - - [21/Aug/2019:05:24:10 +0000] "GET /js/jquery.numberformatter-1.2.3.js HTTP/1.1" 200 15222 "-" "Mozilla/5.0 (Windows NT 6.1; WOW64) AppleWebKit/534+ (KHTML, like Gecko) BingPreview/1.0b"
40.77.167.147 - - [21/Aug/2019:05:24:10 +0000] "GET /robots.txt HTTP/1.1" 301 242 "-" "Mozilla/5.0 (compatible; bingbot/2.0; +http://www.bing.com/bingbot.htm)"
40.77.189.243 - - [21/Aug/2019:05:24:10 +0000] "GET /js/tmpl.js HTTP/1.1" 200 1195 "-" "Mozilla/5.0 (Windows NT 6.1; WOW64) AppleWebKit/534+ (KHTML, like Gecko) BingPreview/1.0b"
40.77.189.243 - - [21/Aug/2019:05:24:10 +0000] "GET /js/jquery.dependClass-0.1.js HTTP/1.1" 200 1412 "-" "Mozilla/5.0 (Windows NT 6.1; WOW64) AppleWebKit/534+ (KHTML, like Gecko) BingPreview/1.0b"
40.77.189.233 - - [21/Aug/2019:05:24:10 +0000] "GET /js/draggable-0.1.js HTTP/1.1" 200 4426 "-" "Mozilla/5.0 (Windows NT 6.1; WOW64) AppleWebKit/534+ (KHTML, like Gecko) BingPreview/1.0b"
40.77.167.147 - - [21/Aug/2019:05:24:10 +0000] "GET /robots.txt HTTP/1.1" 200 24 "-" "Mozilla/5.0 (compatible; bingbot/2.0; +http://www.bing.com/bingbot.htm)"
40.77.189.233 - - [21/Aug/2019:05:24:10 +0000] "GET /js/jquery.slider.js HTTP/1.1" 200 19719 "-" "Mozilla/5.0 (Windows NT 6.1; WOW64) AppleWebKit/534+ (KHTML, like Gecko) BingPreview/1.0b"
40.77.167.147 - - [21/Aug/2019:05:24:10 +0000] "GET /robots.txt HTTP/1.1" 301 242 "-" "Mozilla/5.0 (compatible; bingbot/2.0; +http://www.bing.com/bingbot.htm)"
40.77.189.233 - - [21/Aug/2019:05:24:10 +0000] "GET /js/jquery.barrating.js HTTP/1.1" 200 20041 "-" "Mozilla/5.0 (Windows NT 6.1; WOW64) AppleWebKit/534+ (KHTML, like Gecko) BingPreview/1.0b"
40.77.189.233 - - [21/Aug/2019:05:24:10 +0000] "GET /js/custom.js HTTP/1.1" 200 19442 "-" "Mozilla/5.0 (Windows NT 6.1; WOW64) AppleWebKit/534+ (KHTML, like Gecko) BingPreview/1.0b"
40.77.167.147 - - [21/Aug/2019:05:24:11 +0000] "GET /robots.txt HTTP/1.1" 200 24 "-" "Mozilla/5.0 (compatible; bingbot/2.0; +http://www.bing.com/bingbot.htm)"
40.77.189.233 - - [21/Aug/2019:05:24:11 +0000] "GET /unitegallery/js/jquery-11.0.min.js HTTP/1.1" 200 96381 "-" "Mozilla/5.0 (Windows NT 6.1; WOW64) AppleWebKit/534+ (KHTML, like Gecko) BingPreview/1.0b"
40.77.167.147 - - [21/Aug/2019:05:24:11 +0000] "GET /robots.txt HTTP/1.1" 301 242 "-" "Mozilla/5.0 (compatible; bingbot/2.0; +http://www.bing.com/bingbot.htm)"
40.77.189.233 - - [21/Aug/2019:05:24:11 +0000] "GET /unitegallery/js/unitegallery.min.js HTTP/1.1" 200 251556 "-" "Mozilla/5.0 (Windows NT 6.1; WOW64) AppleWebKit/534+ (KHTML, like Gecko) BingPreview/1.0b"
40.77.167.147 - - [21/Aug/2019:05:24:11 +0000] "GET /robots.txt HTTP/1.1" 200 24 "-" "Mozilla/5.0 (compatible; bingbot/2.0; +http://www.bing.com/bingbot.htm)"
40.77.167.147 - - [21/Aug/2019:05:24:11 +0000] "GET /robots.txt HTTP/1.1" 301 242 "-" "Mozilla/5.0 (compatible; bingbot/2.0; +http://www.bing.com/bingbot.htm)"
40.77.188.47 - - [21/Aug/2019:05:24:12 +0000] "GET /unitegallery/themes/compact/ug-theme-compact.js HTTP/1.1" 200 9736 "-" "Mozilla/5.0 (Windows NT 6.1; WOW64) AppleWebKit/534+ (KHTML, like Gecko) BingPreview/1.0b"
40.77.189.243 - - [21/Aug/2019:05:24:13 +0000] "GET /assets/plugins/flag/flags/4x3/hr.svg HTTP/1.1" 200 80697 "-" "Mozilla/5.0 (Windows NT 6.1; WOW64) AppleWebKit/534+ (KHTML, like Gecko) BingPreview/1.0b"
40.77.188.47 - - [21/Aug/2019:05:24:13 +0000] "GET /fonts/fontawesome-webfont.ttf?v=4.7.0 HTTP/1.1" 200 165548 "-" "Mozilla/5.0 (Windows NT 6.1; WOW64) AppleWebKit/534+ (KHTML, like Gecko) BingPreview/1.0b"
40.77.167.147 - - [21/Aug/2019:05:24:19 +0000] "GET /robots.txt HTTP/1.1" 200 24 "-" "Mozilla/5.0 (compatible; bingbot/2.0; +http://www.bing.com/bingbot.htm)"
40.77.167.147 - - [21/Aug/2019:05:24:20 +0000] "GET /robots.txt HTTP/1.1" 301 242 "-" "Mozilla/5.0 (compatible; bingbot/2.0; +http://www.bing.com/bingbot.htm)"
40.77.167.147 - - [21/Aug/2019:05:24:20 +0000] "GET /robots.txt HTTP/1.1" 200 24 "-" "Mozilla/5.0 (compatible; bingbot/2.0; +http://www.bing.com/bingbot.htm)"
40.77.167.147 - - [21/Aug/2019:05:24:20 +0000] "GET /robots.txt HTTP/1.1" 301 242 "-" "Mozilla/5.0 (compatible; bingbot/2.0; +http://www.bing.com/bingbot.htm)"
40.77.167.147 - - [21/Aug/2019:05:24:20 +0000] "GET /robots.txt HTTP/1.1" 200 24 "-" "Mozilla/5.0 (compatible; bingbot/2.0; +http://www.bing.com/bingbot.htm)"
40.77.167.147 - - [21/Aug/2019:05:24:21 +0000] "GET /robots.txt HTTP/1.1" 301 242 "-" "Mozilla/5.0 (compatible; bingbot/2.0; +http://www.bing.com/bingbot.htm)"
40.77.167.147 - - [21/Aug/2019:05:24:21 +0000] "GET /robots.txt HTTP/1.1" 200 24 "-" "Mozilla/5.0 (compatible; bingbot/2.0; +http://www.bing.com/bingbot.htm)"
40.77.167.147 - - [21/Aug/2019:05:24:21 +0000] "GET /robots.txt HTTP/1.1" 301 242 "-" "Mozilla/5.0 (compatible; bingbot/2.0; +http://www.bing.com/bingbot.htm)"
40.77.167.147 - - [21/Aug/2019:05:24:22 +0000] "GET /robots.txt HTTP/1.1" 200 24 "-" "Mozilla/5.0 (compatible; bingbot/2.0; +http://www.bing.com/bingbot.htm)"
40.77.167.147 - - [21/Aug/2019:05:24:22 +0000] "GET /robots.txt HTTP/1.1" 301 242 "-" "Mozilla/5.0 (compatible; bingbot/2.0; +http://www.bing.com/bingbot.htm)"
40.77.167.147 - - [21/Aug/2019:05:24:22 +0000] "GET /robots.txt HTTP/1.1" 200 24 "-" "Mozilla/5.0 (compatible; bingbot/2.0; +http://www.bing.com/bingbot.htm)"
46.229.168.139 - - [21/Aug/2019:05:29:28 +0000] "GET /en/lands/rovanjska-gradevinsko-zemljiste-s-pogledom-na-more-700-m2 HTTP/1.1" 200 5580 "-" "Mozilla/5.0 (compatible; SemrushBot/3~bl; +http://www.semrush.com/bot.html)"
66.249.79.126 - - [21/Aug/2019:05:31:55 +0000] "GET /hr/pretraga?category=&type=&place=53&area=157&price=1000000&surface=10 HTTP/1.1" 500 4485 "-" "Mozilla/5.0 (Linux; Android 6.0.1; Nexus 5X Build/MMB29P) AppleWebKit/537.36 (KHTML, like Gecko) Chrome/41.0.2272.96 Mobile Safari/537.36 (compatible; Googlebot/2.1; +http://www.google.com/bot.html)"
66.249.79.126 - - [21/Aug/2019:05:32:51 +0000] "GET /pretraga?category=&type=&place=53&area=&price=1000000&surface=50 HTTP/1.1" 500 4485 "-" "Mozilla/5.0 (Linux; Android 6.0.1; Nexus 5X Build/MMB29P) AppleWebKit/537.36 (KHTML, like Gecko) Chrome/41.0.2272.96 Mobile Safari/537.36 (compatible; Googlebot/2.1; +http://www.google.com/bot.html)"
46.229.168.150 - - [21/Aug/2019:05:33:04 +0000] "GET /hr/zemljista/maslenica-gradevinsko-zemljiste-treci-red-do-mora-1029-m2 HTTP/1.1" 200 5797 "-" "Mozilla/5.0 (compatible; SemrushBot/3~bl; +http://www.semrush.com/bot.html)"
31.217.9.41 - - [21/Aug/2019:05:33:40 +0000] "GET /uploads/images/d35a20e254b524e179133f8210b5c919.jpg HTTP/1.1" 200 214829 "https://www.google.com/" "Mozilla/5.0 (Linux; Android 7.0; PRA-LX1) AppleWebKit/537.36 (KHTML, like Gecko) Chrome/72.0.3626.121 Mobile Safari/537.36"
142.11.252.248 - - [21/Aug/2019:05:41:28 +0000] "GET / HTTP/1.1" 301 232 "-" "Mozilla/5.0 (Windows NT 10.0; Win64; x64) AppleWebKit/537.36 (KHTML, like Gecko) Chrome/63.0.3239.132 Safari/537.36"
142.11.252.248 - - [21/Aug/2019:05:41:29 +0000] "GET //wp-includes/wlwmanifest.xml HTTP/1.1" 500 4485 "-" "Mozilla/5.0 (Windows NT 10.0; Win64; x64) AppleWebKit/537.36 (KHTML, like Gecko) Chrome/63.0.3239.132 Safari/537.36"
142.11.252.248 - - [21/Aug/2019:05:41:29 +0000] "GET //xmlrpc.php?rsd HTTP/1.1" 500 4485 "-" "Mozilla/5.0 (Windows NT 10.0; Win64; x64) AppleWebKit/537.36 (KHTML, like Gecko) Chrome/63.0.3239.132 Safari/537.36"
142.11.252.248 - - [21/Aug/2019:05:41:29 +0000] "GET / HTTP/1.1" 200 33099 "-" "Mozilla/5.0 (Windows NT 10.0; Win64; x64) AppleWebKit/537.36 (KHTML, like Gecko) Chrome/63.0.3239.132 Safari/537.36"
142.11.252.248 - - [21/Aug/2019:05:41:30 +0000] "GET //blog/wp-includes/wlwmanifest.xml HTTP/1.1" 404 1104 "-" "Mozilla/5.0 (Windows NT 10.0; Win64; x64) AppleWebKit/537.36 (KHTML, like Gecko) Chrome/63.0.3239.132 Safari/537.36"
142.11.252.248 - - [21/Aug/2019:05:41:30 +0000] "GET //wordpress/wp-includes/wlwmanifest.xml HTTP/1.1" 404 1104 "-" "Mozilla/5.0 (Windows NT 10.0; Win64; x64) AppleWebKit/537.36 (KHTML, like Gecko) Chrome/63.0.3239.132 Safari/537.36"
142.11.252.248 - - [21/Aug/2019:05:41:30 +0000] "GET //wp/wp-includes/wlwmanifest.xml HTTP/1.1" 404 1104 "-" "Mozilla/5.0 (Windows NT 10.0; Win64; x64) AppleWebKit/537.36 (KHTML, like Gecko) Chrome/63.0.3239.132 Safari/537.36"
142.11.252.248 - - [21/Aug/2019:05:41:30 +0000] "GET //site/wp-includes/wlwmanifest.xml HTTP/1.1" 404 1104 "-" "Mozilla/5.0 (Windows NT 10.0; Win64; x64) AppleWebKit/537.36 (KHTML, like Gecko) Chrome/63.0.3239.132 Safari/537.36"
142.11.252.248 - - [21/Aug/2019:05:41:30 +0000] "GET //cms/wp-includes/wlwmanifest.xml HTTP/1.1" 404 1104 "-" "Mozilla/5.0 (Windows NT 10.0; Win64; x64) AppleWebKit/537.36 (KHTML, like Gecko) Chrome/63.0.3239.132 Safari/537.36"
46.229.168.147 - - [21/Aug/2019:05:44:15 +0000] "GET /robots.txt HTTP/1.1" 200 24 "-" "Mozilla/5.0 (compatible; SemrushBot/3~bl; +http://www.semrush.com/bot.html)"
46.229.168.142 - - [21/Aug/2019:05:44:15 +0000] "GET /hr/kuce/sv-filip-i-jakov-dvije-kuce-s-pogledom-na-more-33357-m2 HTTP/1.1" 200 6267 "-" "Mozilla/5.0 (compatible; SemrushBot/3~bl; +http://www.semrush.com/bot.html)"
66.249.79.126 - - [21/Aug/2019:05:46:00 +0000] "GET /js/mixitup.js HTTP/1.1" 200 11347 "https://www.citadela.hr/pretraga?category=&type=sale&place=&area=&price=200000&surface=100&page=3" "Mozilla/5.0 (Linux; Android 6.0.1; Nexus 5X Build/MMB29P) AppleWebKit/537.36 (KHTML, like Gecko) Chrome/41.0.2272.96 Mobile Safari/537.36 (compatible; Googlebot/2.1; +http://www.google.com/bot.html)"
66.249.79.122 - - [21/Aug/2019:06:02:19 +0000] "GET /hr/pretraga?category=&type=&place=9&area=&price=300000&surface=200 HTTP/1.1" 500 4485 "-" "Mozilla/5.0 (Linux; Android 6.0.1; Nexus 5X Build/MMB29P) AppleWebKit/537.36 (KHTML, like Gecko) Chrome/41.0.2272.96 Mobile Safari/537.36 (compatible; Googlebot/2.1; +http://www.google.com/bot.html)"
66.249.79.122 - - [21/Aug/2019:06:03:23 +0000] "GET /en/search?category=&type=&place=36&area=&price=500000&surface=10 HTTP/1.1" 500 4485 "-" "Mozilla/5.0 (Linux; Android 6.0.1; Nexus 5X Build/MMB29P) AppleWebKit/537.36 (KHTML, like Gecko) Chrome/41.0.2272.96 Mobile Safari/537.36 (compatible; Googlebot/2.1; +http://www.google.com/bot.html)"
66.249.79.124 - - [21/Aug/2019:06:21:27 +0000] "GET /pretraga?category=&type=&place=58&area=160&price=&surface=50 HTTP/1.1" 500 4485 "-" "Mozilla/5.0 (Linux; Android 6.0.1; Nexus 5X Build/MMB29P) AppleWebKit/537.36 (KHTML, like Gecko) Chrome/41.0.2272.96 Mobile Safari/537.36 (compatible; Googlebot/2.1; +http://www.google.com/bot.html)"
66.249.79.122 - - [21/Aug/2019:06:31:43 +0000] "GET /pretraga?category=&type=&place=59&area=&price=300000&surface=200 HTTP/1.1" 500 4485 "-" "Mozilla/5.0 (Linux; Android 6.0.1; Nexus 5X Build/MMB29P) AppleWebKit/537.36 (KHTML, like Gecko) Chrome/41.0.2272.96 Mobile Safari/537.36 (compatible; Googlebot/2.1; +http://www.google.com/bot.html)"
66.249.79.126 - - [21/Aug/2019:06:33:28 +0000] "GET /kuce/bibinje-kuca-drugi-red-do-mora-s-izravnim-pristupom-na-plazu-386-m2 HTTP/1.1" 200 6096 "-" "Mozilla/5.0 (Linux; Android 6.0.1; Nexus 5X Build/MMB29P) AppleWebKit/537.36 (KHTML, like Gecko) Chrome/41.0.2272.96 Mobile Safari/537.36 (compatible; Googlebot/2.1; +http://www.google.com/bot.html)"
46.229.168.149 - - [21/Aug/2019:06:34:42 +0000] "GET /robots.txt HTTP/1.1" 200 24 "-" "Mozilla/5.0 (compatible; SemrushBot/3~bl; +http://www.semrush.com/bot.html)"
46.229.168.136 - - [21/Aug/2019:06:34:43 +0000] "GET /en/houses/zadar-vostarnica-dvokatnica-pogodna-za-hostel-315-m2 HTTP/1.1" 200 5665 "-" "Mozilla/5.0 (compatible; SemrushBot/3~bl; +http://www.semrush.com/bot.html)"
66.249.79.124 - - [21/Aug/2019:06:43:11 +0000] "GET /hr/pretraga?category=&type=&place=14&area=&price=500000&surface= HTTP/1.1" 500 4485 "-" "Mozilla/5.0 (Linux; Android 6.0.1; Nexus 5X Build/MMB29P) AppleWebKit/537.36 (KHTML, like Gecko) Chrome/41.0.2272.96 Mobile Safari/537.36 (compatible; Googlebot/2.1; +http://www.google.com/bot.html)"
216.244.66.226 - - [21/Aug/2019:06:49:27 +0000] "GET /robots.txt HTTP/1.1" 301 242 "-" "Mozilla/5.0 (compatible; DotBot/1.1; http://www.opensiteexplorer.org/dotbot, help@moz.com)"
216.244.66.226 - - [21/Aug/2019:06:49:28 +0000] "GET /robots.txt HTTP/1.1" 200 24 "-" "Mozilla/5.0 (compatible; DotBot/1.1; http://www.opensiteexplorer.org/dotbot, help@moz.com)"
78.2.105.224 - - [21/Aug/2019:06:58:37 +0000] "GET /uploads/images/bdb290fa375c69e113c38d443c11983d.jpg HTTP/1.1" 200 170793 "https://www.google.com/blank.html" "Mozilla/5.0 (Linux; Android 8.0.0; RNE-L21 Build/HUAWEIRNE-L21; wv) AppleWebKit/537.36 (KHTML, like Gecko) Version/4.0 Chrome/76.0.3809.111 Mobile Safari/537.36 GSA/10.33.5.21.arm64"
54.36.150.136 - - [21/Aug/2019:07:02:00 +0000] "GET /apartmani HTTP/1.1" 200 5362 "-" "Mozilla/5.0 (compatible; AhrefsBot/6.1; +http://ahrefs.com/robot/)"
66.249.79.126 - - [21/Aug/2019:07:12:13 +0000] "GET /hr/pretraga?category=&type=&place=37&area=157&price=200000&surface=100 HTTP/1.1" 500 4485 "-" "Mozilla/5.0 (Linux; Android 6.0.1; Nexus 5X Build/MMB29P) AppleWebKit/537.36 (KHTML, like Gecko) Chrome/41.0.2272.96 Mobile Safari/537.36 (compatible; Googlebot/2.1; +http://www.google.com/bot.html)"
66.249.79.126 - - [21/Aug/2019:07:13:17 +0000] "GET /hr/pretraga?category=&type=&place=38&area=&price=300000&surface=50 HTTP/1.1" 500 4485 "-" "Mozilla/5.0 (Linux; Android 6.0.1; Nexus 5X Build/MMB29P) AppleWebKit/537.36 (KHTML, like Gecko) Chrome/41.0.2272.96 Mobile Safari/537.36 (compatible; Googlebot/2.1; +http://www.google.com/bot.html)"
85.66.243.18 - - [21/Aug/2019:07:18:25 +0000] "GET / HTTP/1.1" 301 232 "-" "Mozilla/5.0 (iPhone; CPU iPhone OS 12_4 like Mac OS X) AppleWebKit/605.1.15 (KHTML, like Gecko) Version/12.1.2 Mobile/15E148 Safari/604.1"
85.66.243.18 - - [21/Aug/2019:07:18:25 +0000] "GET / HTTP/1.1" 200 5820 "-" "Mozilla/5.0 (iPhone; CPU iPhone OS 12_4 like Mac OS X) AppleWebKit/605.1.15 (KHTML, like Gecko) Version/12.1.2 Mobile/15E148 Safari/604.1"
85.66.243.18 - - [21/Aug/2019:07:18:25 +0000] "GET /css/bootstrap.css HTTP/1.1" 200 20712 "https://www.citadela.hr/" "Mozilla/5.0 (iPhone; CPU iPhone OS 12_4 like Mac OS X) AppleWebKit/605.1.15 (KHTML, like Gecko) Version/12.1.2 Mobile/15E148 Safari/604.1"
85.66.243.18 - - [21/Aug/2019:07:18:25 +0000] "GET /css/colors/blue.css?v=2 HTTP/1.1" 200 3552 "https://www.citadela.hr/" "Mozilla/5.0 (iPhone; CPU iPhone OS 12_4 like Mac OS X) AppleWebKit/605.1.15 (KHTML, like Gecko) Version/12.1.2 Mobile/15E148 Safari/604.1"
85.66.243.18 - - [21/Aug/2019:07:18:25 +0000] "GET /css/style.css?v=2 HTTP/1.1" 200 17441 "https://www.citadela.hr/" "Mozilla/5.0 (iPhone; CPU iPhone OS 12_4 like Mac OS X) AppleWebKit/605.1.15 (KHTML, like Gecko) Version/12.1.2 Mobile/15E148 Safari/604.1"
85.66.243.18 - - [21/Aug/2019:07:18:25 +0000] "GET /fonts/flaticon.css HTTP/1.1" 200 699 "https://www.citadela.hr/" "Mozilla/5.0 (iPhone; CPU iPhone OS 12_4 like Mac OS X) AppleWebKit/605.1.15 (KHTML, like Gecko) Version/12.1.2 Mobile/15E148 Safari/604.1"
85.66.243.18 - - [21/Aug/2019:07:18:25 +0000] "GET /css/font-awesome.css HTTP/1.1" 200 7439 "https://www.citadela.hr/" "Mozilla/5.0 (iPhone; CPU iPhone OS 12_4 like Mac OS X) AppleWebKit/605.1.15 (KHTML, like Gecko) Version/12.1.2 Mobile/15E148 Safari/604.1"
85.66.243.18 - - [21/Aug/2019:07:18:25 +0000] "GET /css/jslider.css HTTP/1.1" 200 763 "https://www.citadela.hr/" "Mozilla/5.0 (iPhone; CPU iPhone OS 12_4 like Mac OS X) AppleWebKit/605.1.15 (KHTML, like Gecko) Version/12.1.2 Mobile/15E148 Safari/604.1"
85.66.243.18 - - [21/Aug/2019:07:18:25 +0000] "GET /css/responsive.css HTTP/1.1" 200 2788 "https://www.citadela.hr/" "Mozilla/5.0 (iPhone; CPU iPhone OS 12_4 like Mac OS X) AppleWebKit/605.1.15 (KHTML, like Gecko) Version/12.1.2 Mobile/15E148 Safari/604.1"
85.66.243.18 - - [21/Aug/2019:07:18:25 +0000] "GET /assets/plugins/flag/css/flag-icon.css HTTP/1.1" 200 2837 "https://www.citadela.hr/" "Mozilla/5.0 (iPhone; CPU iPhone OS 12_4 like Mac OS X) AppleWebKit/605.1.15 (KHTML, like Gecko) Version/12.1.2 Mobile/15E148 Safari/604.1"
85.66.243.18 - - [21/Aug/2019:07:18:25 +0000] "GET /css/loader.css?v=2 HTTP/1.1" 200 772 "https://www.citadela.hr/" "Mozilla/5.0 (iPhone; CPU iPhone OS 12_4 like Mac OS X) AppleWebKit/605.1.15 (KHTML, like Gecko) Version/12.1.2 Mobile/15E148 Safari/604.1"
85.66.243.18 - - [21/Aug/2019:07:18:25 +0000] "GET /js/jquery.min.js HTTP/1.1" 200 33760 "https://www.citadela.hr/" "Mozilla/5.0 (iPhone; CPU iPhone OS 12_4 like Mac OS X) AppleWebKit/605.1.15 (KHTML, like Gecko) Version/12.1.2 Mobile/15E148 Safari/604.1"
85.66.243.18 - - [21/Aug/2019:07:18:25 +0000] "GET /js/bootstrap.min.js HTTP/1.1" 200 9833 "https://www.citadela.hr/" "Mozilla/5.0 (iPhone; CPU iPhone OS 12_4 like Mac OS X) AppleWebKit/605.1.15 (KHTML, like Gecko) Version/12.1.2 Mobile/15E148 Safari/604.1"
85.66.243.18 - - [21/Aug/2019:07:18:25 +0000] "GET /js/YouTubePopUp.jquery.js HTTP/1.1" 200 967 "https://www.citadela.hr/" "Mozilla/5.0 (iPhone; CPU iPhone OS 12_4 like Mac OS X) AppleWebKit/605.1.15 (KHTML, like Gecko) Version/12.1.2 Mobile/15E148 Safari/604.1"
85.66.243.18 - - [21/Aug/2019:07:18:25 +0000] "GET /js/bootstrap-select.js HTTP/1.1" 200 15633 "https://www.citadela.hr/" "Mozilla/5.0 (iPhone; CPU iPhone OS 12_4 like Mac OS X) AppleWebKit/605.1.15 (KHTML, like Gecko) Version/12.1.2 Mobile/15E148 Safari/604.1"
85.66.243.18 - - [21/Aug/2019:07:18:25 +0000] "GET /js/jquery.fancybox.pack.js HTTP/1.1" 200 8634 "https://www.citadela.hr/" "Mozilla/5.0 (iPhone; CPU iPhone OS 12_4 like Mac OS X) AppleWebKit/605.1.15 (KHTML, like Gecko) Version/12.1.2 Mobile/15E148 Safari/604.1"
85.66.243.18 - - [21/Aug/2019:07:18:25 +0000] "GET /js/jquery.fancybox-media.js HTTP/1.1" 200 1973 "https://www.citadela.hr/" "Mozilla/5.0 (iPhone; CPU iPhone OS 12_4 like Mac OS X) AppleWebKit/605.1.15 (KHTML, like Gecko) Version/12.1.2 Mobile/15E148 Safari/604.1"
85.66.243.18 - - [21/Aug/2019:07:18:25 +0000] "GET /js/owl.js HTTP/1.1" 200 17545 "https://www.citadela.hr/" "Mozilla/5.0 (iPhone; CPU iPhone OS 12_4 like Mac OS X) AppleWebKit/605.1.15 (KHTML, like Gecko) Version/12.1.2 Mobile/15E148 Safari/604.1"
85.66.243.18 - - [21/Aug/2019:07:18:26 +0000] "GET /js/mixitup.js HTTP/1.1" 200 11347 "https://www.citadela.hr/" "Mozilla/5.0 (iPhone; CPU iPhone OS 12_4 like Mac OS X) AppleWebKit/605.1.15 (KHTML, like Gecko) Version/12.1.2 Mobile/15E148 Safari/604.1"
85.66.243.18 - - [21/Aug/2019:07:18:26 +0000] "GET /js/wow.js HTTP/1.1" 200 2198 "https://www.citadela.hr/" "Mozilla/5.0 (iPhone; CPU iPhone OS 12_4 like Mac OS X) AppleWebKit/605.1.15 (KHTML, like Gecko) Version/12.1.2 Mobile/15E148 Safari/604.1"
85.66.243.18 - - [21/Aug/2019:07:18:26 +0000] "GET /js/jquery.numberformatter-1.2.3.js HTTP/1.1" 200 4697 "https://www.citadela.hr/" "Mozilla/5.0 (iPhone; CPU iPhone OS 12_4 like Mac OS X) AppleWebKit/605.1.15 (KHTML, like Gecko) Version/12.1.2 Mobile/15E148 Safari/604.1"
85.66.243.18 - - [21/Aug/2019:07:18:26 +0000] "GET /js/jshashtable-2.1_src.js HTTP/1.1" 200 2957 "https://www.citadela.hr/" "Mozilla/5.0 (iPhone; CPU iPhone OS 12_4 like Mac OS X) AppleWebKit/605.1.15 (KHTML, like Gecko) Version/12.1.2 Mobile/15E148 Safari/604.1"
85.66.243.18 - - [21/Aug/2019:07:18:26 +0000] "GET /js/tmpl.js HTTP/1.1" 200 625 "https://www.citadela.hr/" "Mozilla/5.0 (iPhone; CPU iPhone OS 12_4 like Mac OS X) AppleWebKit/605.1.15 (KHTML, like Gecko) Version/12.1.2 Mobile/15E148 Safari/604.1"
85.66.243.18 - - [21/Aug/2019:07:18:26 +0000] "GET /js/jquery.dependClass-0.1.js HTTP/1.1" 200 458 "https://www.citadela.hr/" "Mozilla/5.0 (iPhone; CPU iPhone OS 12_4 like Mac OS X) AppleWebKit/605.1.15 (KHTML, like Gecko) Version/12.1.2 Mobile/15E148 Safari/604.1"
85.66.243.18 - - [21/Aug/2019:07:18:26 +0000] "GET /js/draggable-0.1.js HTTP/1.1" 200 1326 "https://www.citadela.hr/" "Mozilla/5.0 (iPhone; CPU iPhone OS 12_4 like Mac OS X) AppleWebKit/605.1.15 (KHTML, like Gecko) Version/12.1.2 Mobile/15E148 Safari/604.1"
85.66.243.18 - - [21/Aug/2019:07:18:26 +0000] "GET /js/jquery.slider.js HTTP/1.1" 200 4772 "https://www.citadela.hr/" "Mozilla/5.0 (iPhone; CPU iPhone OS 12_4 like Mac OS X) AppleWebKit/605.1.15 (KHTML, like Gecko) Version/12.1.2 Mobile/15E148 Safari/604.1"
85.66.243.18 - - [21/Aug/2019:07:18:26 +0000] "GET /js/jquery.barrating.js HTTP/1.1" 200 4280 "https://www.citadela.hr/" "Mozilla/5.0 (iPhone; CPU iPhone OS 12_4 like Mac OS X) AppleWebKit/605.1.15 (KHTML, like Gecko) Version/12.1.2 Mobile/15E148 Safari/604.1"
85.66.243.18 - - [21/Aug/2019:07:18:26 +0000] "GET /js/custom.js HTTP/1.1" 200 5159 "https://www.citadela.hr/" "Mozilla/5.0 (iPhone; CPU iPhone OS 12_4 like Mac OS X) AppleWebKit/605.1.15 (KHTML, like Gecko) Version/12.1.2 Mobile/15E148 Safari/604.1"
85.66.243.18 - - [21/Aug/2019:07:18:26 +0000] "GET /css/jquery.fancybox.css HTTP/1.1" 200 1434 "https://www.citadela.hr/" "Mozilla/5.0 (iPhone; CPU iPhone OS 12_4 like Mac OS X) AppleWebKit/605.1.15 (KHTML, like Gecko) Version/12.1.2 Mobile/15E148 Safari/604.1"
85.66.243.18 - - [21/Aug/2019:07:18:26 +0000] "GET /css/animate.min.css HTTP/1.1" 200 4242 "https://www.citadela.hr/" "Mozilla/5.0 (iPhone; CPU iPhone OS 12_4 like Mac OS X) AppleWebKit/605.1.15 (KHTML, like Gecko) Version/12.1.2 Mobile/15E148 Safari/604.1"
85.66.243.18 - - [21/Aug/2019:07:18:26 +0000] "GET /css/owl.css HTTP/1.1" 200 1348 "https://www.citadela.hr/" "Mozilla/5.0 (iPhone; CPU iPhone OS 12_4 like Mac OS X) AppleWebKit/605.1.15 (KHTML, like Gecko) Version/12.1.2 Mobile/15E148 Safari/604.1"
85.66.243.18 - - [21/Aug/2019:07:18:26 +0000] "GET /img/logo_header.png?v=2 HTTP/1.1" 200 4348 "https://www.citadela.hr/" "Mozilla/5.0 (iPhone; CPU iPhone OS 12_4 like Mac OS X) AppleWebKit/605.1.15 (KHTML, like Gecko) Version/12.1.2 Mobile/15E148 Safari/604.1"
85.66.243.18 - - [21/Aug/2019:07:18:26 +0000] "GET /uploads/thumbnails/42c15dd15f418344ccc035d6003dd670.jpeg HTTP/1.1" 200 56902 "https://www.citadela.hr/" "Mozilla/5.0 (iPhone; CPU iPhone OS 12_4 like Mac OS X) AppleWebKit/605.1.15 (KHTML, like Gecko) Version/12.1.2 Mobile/15E148 Safari/604.1"
85.66.243.18 - - [21/Aug/2019:07:18:26 +0000] "GET /uploads/thumbnails/3c55f605d3f0b0e63c055493db2ef6cb.jpg HTTP/1.1" 200 51114 "https://www.citadela.hr/" "Mozilla/5.0 (iPhone; CPU iPhone OS 12_4 like Mac OS X) AppleWebKit/605.1.15 (KHTML, like Gecko) Version/12.1.2 Mobile/15E148 Safari/604.1"
85.66.243.18 - - [21/Aug/2019:07:18:26 +0000] "GET /uploads/thumbnails/d88237410243ed4f971cfca527be5367.jpg HTTP/1.1" 200 53585 "https://www.citadela.hr/" "Mozilla/5.0 (iPhone; CPU iPhone OS 12_4 like Mac OS X) AppleWebKit/605.1.15 (KHTML, like Gecko) Version/12.1.2 Mobile/15E148 Safari/604.1"
85.66.243.18 - - [21/Aug/2019:07:18:26 +0000] "GET /uploads/thumbnails/637f734f3f66250d52f27e7aa9a9c97d.jpg HTTP/1.1" 200 66236 "https://www.citadela.hr/" "Mozilla/5.0 (iPhone; CPU iPhone OS 12_4 like Mac OS X) AppleWebKit/605.1.15 (KHTML, like Gecko) Version/12.1.2 Mobile/15E148 Safari/604.1"
85.66.243.18 - - [21/Aug/2019:07:18:26 +0000] "GET /uploads/thumbnails/e2f85641f091607835ef1e2c65529c2a.jpg HTTP/1.1" 200 44139 "https://www.citadela.hr/" "Mozilla/5.0 (iPhone; CPU iPhone OS 12_4 like Mac OS X) AppleWebKit/605.1.15 (KHTML, like Gecko) Version/12.1.2 Mobile/15E148 Safari/604.1"
85.66.243.18 - - [21/Aug/2019:07:18:26 +0000] "GET /img/logo_footer.png HTTP/1.1" 200 4213 "https://www.citadela.hr/" "Mozilla/5.0 (iPhone; CPU iPhone OS 12_4 like Mac OS X) AppleWebKit/605.1.15 (KHTML, like Gecko) Version/12.1.2 Mobile/15E148 Safari/604.1"
85.66.243.18 - - [21/Aug/2019:07:18:26 +0000] "GET /fonts/fontawesome-webfont.woff2?v=4.7.0 HTTP/1.1" 200 77160 "https://www.citadela.hr/" "Mozilla/5.0 (iPhone; CPU iPhone OS 12_4 like Mac OS X) AppleWebKit/605.1.15 (KHTML, like Gecko) Version/12.1.2 Mobile/15E148 Safari/604.1"
85.66.243.18 - - [21/Aug/2019:07:18:26 +0000] "GET /uploads/thumbnails/c29da346589ecace8f77a2de714c55d5.jpg HTTP/1.1" 200 60477 "https://www.citadela.hr/" "Mozilla/5.0 (iPhone; CPU iPhone OS 12_4 like Mac OS X) AppleWebKit/605.1.15 (KHTML, like Gecko) Version/12.1.2 Mobile/15E148 Safari/604.1"
85.66.243.18 - - [21/Aug/2019:07:18:26 +0000] "GET /img/category_grid/newyork.png HTTP/1.1" 200 68457 "https://www.citadela.hr/" "Mozilla/5.0 (iPhone; CPU iPhone OS 12_4 like Mac OS X) AppleWebKit/605.1.15 (KHTML, like Gecko) Version/12.1.2 Mobile/15E148 Safari/604.1"
85.66.243.18 - - [21/Aug/2019:07:18:26 +0000] "GET /img/category_grid/miami.png HTTP/1.1" 200 306196 "https://www.citadela.hr/" "Mozilla/5.0 (iPhone; CPU iPhone OS 12_4 like Mac OS X) AppleWebKit/605.1.15 (KHTML, like Gecko) Version/12.1.2 Mobile/15E148 Safari/604.1"
85.66.243.18 - - [21/Aug/2019:07:18:26 +0000] "GET /img/category_grid/chicago.png HTTP/1.1" 200 98081 "https://www.citadela.hr/" "Mozilla/5.0 (iPhone; CPU iPhone OS 12_4 like Mac OS X) AppleWebKit/605.1.15 (KHTML, like Gecko) Version/12.1.2 Mobile/15E148 Safari/604.1"
85.66.243.18 - - [21/Aug/2019:07:18:26 +0000] "GET /img/category_grid/losangeles.png HTTP/1.1" 200 140282 "https://www.citadela.hr/" "Mozilla/5.0 (iPhone; CPU iPhone OS 12_4 like Mac OS X) AppleWebKit/605.1.15 (KHTML, like Gecko) Version/12.1.2 Mobile/15E148 Safari/604.1"
85.66.243.18 - - [21/Aug/2019:07:18:26 +0000] "GET /img/slider/fixed-slider.png HTTP/1.1" 200 436232 "https://www.citadela.hr/" "Mozilla/5.0 (iPhone; CPU iPhone OS 12_4 like Mac OS X) AppleWebKit/605.1.15 (KHTML, like Gecko) Version/12.1.2 Mobile/15E148 Safari/604.1"
85.66.243.18 - - [21/Aug/2019:07:18:26 +0000] "GET /img/banner/house-closing.png HTTP/1.1" 200 691258 "https://www.citadela.hr/" "Mozilla/5.0 (iPhone; CPU iPhone OS 12_4 like Mac OS X) AppleWebKit/605.1.15 (KHTML, like Gecko) Version/12.1.2 Mobile/15E148 Safari/604.1"
85.66.243.18 - - [21/Aug/2019:07:18:27 +0000] "GET /favicon-32x32.png HTTP/1.1" 200 1936 "https://www.citadela.hr/" "Mozilla/5.0 (iPhone; CPU iPhone OS 12_4 like Mac OS X) AppleWebKit/605.1.15 (KHTML, like Gecko) Version/12.1.2 Mobile/15E148 Safari/604.1"
85.66.243.18 - - [21/Aug/2019:07:18:27 +0000] "GET /favicon-16x16.png HTTP/1.1" 200 1203 "https://www.citadela.hr/" "Mozilla/5.0 (iPhone; CPU iPhone OS 12_4 like Mac OS X) AppleWebKit/605.1.15 (KHTML, like Gecko) Version/12.1.2 Mobile/15E148 Safari/604.1"
213.149.51.24 - - [21/Aug/2019:07:18:55 +0000] "GET /uploads/thumbnails/f28c4ddee2395a7c3c7630d204227ede.JPG HTTP/1.1" 200 46650 "https://www.google.com/" "Mozilla/5.0 (Windows NT 10.0; Win64; x64) AppleWebKit/537.36 (KHTML, like Gecko) Chrome/76.0.3809.100 Safari/537.36"
85.66.243.18 - - [21/Aug/2019:07:19:18 +0000] "GET /zemljista/starigrad-gradevinsko-zemljiste-prvi-red-do-mora-1000-m2 HTTP/1.1" 200 6020 "https://www.citadela.hr/" "Mozilla/5.0 (iPhone; CPU iPhone OS 12_4 like Mac OS X) AppleWebKit/605.1.15 (KHTML, like Gecko) Version/12.1.2 Mobile/15E148 Safari/604.1"
85.66.243.18 - - [21/Aug/2019:07:19:18 +0000] "GET /unitegallery/css/unite-gallery.css HTTP/1.1" 200 4825 "https://www.citadela.hr/zemljista/starigrad-gradevinsko-zemljiste-prvi-red-do-mora-1000-m2" "Mozilla/5.0 (iPhone; CPU iPhone OS 12_4 like Mac OS X) AppleWebKit/605.1.15 (KHTML, like Gecko) Version/12.1.2 Mobile/15E148 Safari/604.1"
85.66.243.18 - - [21/Aug/2019:07:19:18 +0000] "GET /unitegallery/js/jquery-11.0.min.js HTTP/1.1" 200 33369 "https://www.citadela.hr/zemljista/starigrad-gradevinsko-zemljiste-prvi-red-do-mora-1000-m2" "Mozilla/5.0 (iPhone; CPU iPhone OS 12_4 like Mac OS X) AppleWebKit/605.1.15 (KHTML, like Gecko) Version/12.1.2 Mobile/15E148 Safari/604.1"
85.66.243.18 - - [21/Aug/2019:07:19:18 +0000] "GET /uploads/thumbnails/a191805535e2305499e8b149a00d975a.jpg HTTP/1.1" 200 43425 "https://www.citadela.hr/zemljista/starigrad-gradevinsko-zemljiste-prvi-red-do-mora-1000-m2" "Mozilla/5.0 (iPhone; CPU iPhone OS 12_4 like Mac OS X) AppleWebKit/605.1.15 (KHTML, like Gecko) Version/12.1.2 Mobile/15E148 Safari/604.1"
85.66.243.18 - - [21/Aug/2019:07:19:18 +0000] "GET /uploads/thumbnails/d68b8c046b7a1cc1ef6abd244aeb99df.jpeg HTTP/1.1" 200 63086 "https://www.citadela.hr/zemljista/starigrad-gradevinsko-zemljiste-prvi-red-do-mora-1000-m2" "Mozilla/5.0 (iPhone; CPU iPhone OS 12_4 like Mac OS X) AppleWebKit/605.1.15 (KHTML, like Gecko) Version/12.1.2 Mobile/15E148 Safari/604.1"
85.66.243.18 - - [21/Aug/2019:07:19:19 +0000] "GET /unitegallery/js/unitegallery.min.js HTTP/1.1" 200 66910 "https://www.citadela.hr/zemljista/starigrad-gradevinsko-zemljiste-prvi-red-do-mora-1000-m2" "Mozilla/5.0 (iPhone; CPU iPhone OS 12_4 like Mac OS X) AppleWebKit/605.1.15 (KHTML, like Gecko) Version/12.1.2 Mobile/15E148 Safari/604.1"
85.66.243.18 - - [21/Aug/2019:07:19:19 +0000] "GET /uploads/thumbnails/29f701d5373a6cdc7e49a46230a8c542.jpeg HTTP/1.1" 200 48820 "https://www.citadela.hr/zemljista/starigrad-gradevinsko-zemljiste-prvi-red-do-mora-1000-m2" "Mozilla/5.0 (iPhone; CPU iPhone OS 12_4 like Mac OS X) AppleWebKit/605.1.15 (KHTML, like Gecko) Version/12.1.2 Mobile/15E148 Safari/604.1"
85.66.243.18 - - [21/Aug/2019:07:19:19 +0000] "GET /unitegallery/themes/compact/ug-theme-compact.js HTTP/1.1" 200 2477 "https://www.citadela.hr/zemljista/starigrad-gradevinsko-zemljiste-prvi-red-do-mora-1000-m2" "Mozilla/5.0 (iPhone; CPU iPhone OS 12_4 like Mac OS X) AppleWebKit/605.1.15 (KHTML, like Gecko) Version/12.1.2 Mobile/15E148 Safari/604.1"
85.66.243.18 - - [21/Aug/2019:07:19:19 +0000] "GET /uploads/thumbnails/6bb11ea7c9513f585d6e0be66aeac468.jpg HTTP/1.1" 200 44325 "https://www.citadela.hr/zemljista/starigrad-gradevinsko-zemljiste-prvi-red-do-mora-1000-m2" "Mozilla/5.0 (iPhone; CPU iPhone OS 12_4 like Mac OS X) AppleWebKit/605.1.15 (KHTML, like Gecko) Version/12.1.2 Mobile/15E148 Safari/604.1"
