66.249.73.158 - - [24/Aug/2019:04:55:14 +0000] "GET /en/search?category=4&type=rent&place=&area=&price=100000&surface=100 HTTP/1.1" 200 3879 "-" "Mozilla/5.0 (Linux; Android 6.0.1; Nexus 5X Build/MMB29P) AppleWebKit/537.36 (KHTML, like Gecko) Chrome/41.0.2272.96 Mobile Safari/537.36 (compatible; Googlebot/2.1; +http://www.google.com/bot.html)"
66.249.73.154 - - [24/Aug/2019:04:56:58 +0000] "GET /en/search?category=1&type=&place=34&area=&price=50000&surface=10 HTTP/1.1" 200 4198 "-" "Mozilla/5.0 (Linux; Android 6.0.1; Nexus 5X Build/MMB29P) AppleWebKit/537.36 (KHTML, like Gecko) Chrome/41.0.2272.96 Mobile Safari/537.36 (compatible; Googlebot/2.1; +http://www.google.com/bot.html)"
66.249.73.154 - - [24/Aug/2019:05:01:37 +0000] "GET /en/search?category=&type=&place=36&area=167&price=500000&surface= HTTP/1.1" 500 4485 "-" "Mozilla/5.0 (Linux; Android 6.0.1; Nexus 5X Build/MMB29P) AppleWebKit/537.36 (KHTML, like Gecko) Chrome/41.0.2272.96 Mobile Safari/537.36 (compatible; Googlebot/2.1; +http://www.google.com/bot.html)"
66.249.73.158 - - [24/Aug/2019:05:03:21 +0000] "GET /hr/pretraga?category=&type=&place=58&area=&price=1000000&surface=50 HTTP/1.1" 500 4485 "-" "Mozilla/5.0 (Linux; Android 6.0.1; Nexus 5X Build/MMB29P) AppleWebKit/537.36 (KHTML, like Gecko) Chrome/41.0.2272.96 Mobile Safari/537.36 (compatible; Googlebot/2.1; +http://www.google.com/bot.html)"
54.36.150.44 - - [24/Aug/2019:05:03:34 +0000] "GET /hr/apartmani/privlaka-dvosoban-apartman-120-metara-od-pjescane-plaze-84-m2 HTTP/1.1" 200 5450 "-" "Mozilla/5.0 (compatible; AhrefsBot/6.1; +http://ahrefs.com/robot/)"
66.249.73.154 - - [24/Aug/2019:05:03:56 +0000] "GET /hr/pretraga?category=&type=&place=43&area=&price=200000&surface=100 HTTP/1.1" 500 4485 "-" "Mozilla/5.0 (Linux; Android 6.0.1; Nexus 5X Build/MMB29P) AppleWebKit/537.36 (KHTML, like Gecko) Chrome/41.0.2272.96 Mobile Safari/537.36 (compatible; Googlebot/2.1; +http://www.google.com/bot.html)"
66.249.73.154 - - [24/Aug/2019:05:05:06 +0000] "GET /en/search?category=&type=sale&place=36&area=&price=300000&surface=10 HTTP/1.1" 500 4485 "-" "Mozilla/5.0 (Linux; Android 6.0.1; Nexus 5X Build/MMB29P) AppleWebKit/537.36 (KHTML, like Gecko) Chrome/41.0.2272.96 Mobile Safari/537.36 (compatible; Googlebot/2.1; +http://www.google.com/bot.html)"
66.249.73.156 - - [24/Aug/2019:05:05:41 +0000] "GET /en/search?category=&type=&place=36&area=166&price=200000&surface=200 HTTP/1.1" 500 4485 "-" "Mozilla/5.0 (Linux; Android 6.0.1; Nexus 5X Build/MMB29P) AppleWebKit/537.36 (KHTML, like Gecko) Chrome/41.0.2272.96 Mobile Safari/537.36 (compatible; Googlebot/2.1; +http://www.google.com/bot.html)"
66.249.73.156 - - [24/Aug/2019:05:06:15 +0000] "GET /pretraga?category=&type=&place=53&area=&price=50000&surface=100 HTTP/1.1" 500 4485 "-" "Mozilla/5.0 (Linux; Android 6.0.1; Nexus 5X Build/MMB29P) AppleWebKit/537.36 (KHTML, like Gecko) Chrome/41.0.2272.96 Mobile Safari/537.36 (compatible; Googlebot/2.1; +http://www.google.com/bot.html)"
66.249.73.154 - - [24/Aug/2019:05:06:50 +0000] "GET /hr/pretraga?category=&type=&place=47&area=&price=50000&surface=200 HTTP/1.1" 500 4485 "-" "Mozilla/5.0 (Linux; Android 6.0.1; Nexus 5X Build/MMB29P) AppleWebKit/537.36 (KHTML, like Gecko) Chrome/41.0.2272.96 Mobile Safari/537.36 (compatible; Googlebot/2.1; +http://www.google.com/bot.html)"
66.249.73.158 - - [24/Aug/2019:05:07:25 +0000] "GET /hr/pretraga?category=&type=&place=36&area=229&price=500000&surface=200 HTTP/1.1" 500 4485 "-" "Mozilla/5.0 (Linux; Android 6.0.1; Nexus 5X Build/MMB29P) AppleWebKit/537.36 (KHTML, like Gecko) Chrome/41.0.2272.96 Mobile Safari/537.36 (compatible; Googlebot/2.1; +http://www.google.com/bot.html)"
46.229.168.147 - - [24/Aug/2019:05:07:28 +0000] "GET /hr/zemljista/dugi-otok-dragove-grad-zemljiste-prvi-red-do-mora-2010-m2-70m2 HTTP/1.1" 200 5601 "-" "Mozilla/5.0 (compatible; SemrushBot/6~bl; +http://www.semrush.com/bot.html)"
66.249.73.154 - - [24/Aug/2019:05:08:35 +0000] "GET /hr/pretraga?category=&type=&place=41&area=157&price=500000&surface= HTTP/1.1" 500 4485 "-" "Mozilla/5.0 (Linux; Android 6.0.1; Nexus 5X Build/MMB29P) AppleWebKit/537.36 (KHTML, like Gecko) Chrome/41.0.2272.96 Mobile Safari/537.36 (compatible; Googlebot/2.1; +http://www.google.com/bot.html)"
66.249.73.156 - - [24/Aug/2019:05:09:44 +0000] "GET /hr/pretraga?category=&type=&place=58&area=157&price=1000000&surface=10 HTTP/1.1" 500 4485 "-" "Mozilla/5.0 (Linux; Android 6.0.1; Nexus 5X Build/MMB29P) AppleWebKit/537.36 (KHTML, like Gecko) Chrome/41.0.2272.96 Mobile Safari/537.36 (compatible; Googlebot/2.1; +http://www.google.com/bot.html)"
66.249.73.154 - - [24/Aug/2019:05:11:29 +0000] "GET /pretraga?category=&type=&place=36&area=179&price=50000&surface= HTTP/1.1" 500 4485 "-" "Mozilla/5.0 (Linux; Android 6.0.1; Nexus 5X Build/MMB29P) AppleWebKit/537.36 (KHTML, like Gecko) Chrome/41.0.2272.96 Mobile Safari/537.36 (compatible; Googlebot/2.1; +http://www.google.com/bot.html)"
66.249.73.156 - - [24/Aug/2019:05:12:04 +0000] "GET /en/search?category=&type=&place=5&area=&price=50000&surface=10 HTTP/1.1" 500 4485 "-" "Mozilla/5.0 (Linux; Android 6.0.1; Nexus 5X Build/MMB29P) AppleWebKit/537.36 (KHTML, like Gecko) Chrome/41.0.2272.96 Mobile Safari/537.36 (compatible; Googlebot/2.1; +http://www.google.com/bot.html)"
66.249.73.156 - - [24/Aug/2019:05:30:39 +0000] "GET /en/search?category=3&type=&place=&area=&price=&surface=10&page=5 HTTP/1.1" 200 4660 "-" "Mozilla/5.0 (Linux; Android 6.0.1; Nexus 5X Build/MMB29P) AppleWebKit/537.36 (KHTML, like Gecko) Chrome/41.0.2272.96 Mobile Safari/537.36 (compatible; Googlebot/2.1; +http://www.google.com/bot.html)"
66.249.73.154 - - [24/Aug/2019:05:31:48 +0000] "GET /pretraga?category=&type=&place=5&area=&price=200000&surface=200 HTTP/1.1" 500 4485 "-" "Mozilla/5.0 (Linux; Android 6.0.1; Nexus 5X Build/MMB29P) AppleWebKit/537.36 (KHTML, like Gecko) Chrome/41.0.2272.96 Mobile Safari/537.36 (compatible; Googlebot/2.1; +http://www.google.com/bot.html)"
66.249.73.156 - - [24/Aug/2019:05:32:23 +0000] "GET /pretraga?category=&type=&place=36&area=172&price=50000&surface=200 HTTP/1.1" 500 4485 "-" "Mozilla/5.0 (Linux; Android 6.0.1; Nexus 5X Build/MMB29P) AppleWebKit/537.36 (KHTML, like Gecko) Chrome/41.0.2272.96 Mobile Safari/537.36 (compatible; Googlebot/2.1; +http://www.google.com/bot.html)"
66.249.73.154 - - [24/Aug/2019:05:34:08 +0000] "GET /hr/pretraga?category=&type=&place=46&area=&price=200000&surface=10 HTTP/1.1" 500 4485 "-" "Mozilla/5.0 (Linux; Android 6.0.1; Nexus 5X Build/MMB29P) AppleWebKit/537.36 (KHTML, like Gecko) Chrome/41.0.2272.96 Mobile Safari/537.36 (compatible; Googlebot/2.1; +http://www.google.com/bot.html)"
66.249.73.156 - - [24/Aug/2019:05:34:43 +0000] "GET /pretraga?category=&type=&place=4&area=&price=500000&surface=100 HTTP/1.1" 500 4485 "-" "Mozilla/5.0 (Linux; Android 6.0.1; Nexus 5X Build/MMB29P) AppleWebKit/537.36 (KHTML, like Gecko) Chrome/41.0.2272.96 Mobile Safari/537.36 (compatible; Googlebot/2.1; +http://www.google.com/bot.html)"
66.249.73.156 - - [24/Aug/2019:05:35:17 +0000] "GET /pretraga?category=&type=&place=58&area=161&price=100000&surface=100 HTTP/1.1" 500 4485 "-" "Mozilla/5.0 (Linux; Android 6.0.1; Nexus 5X Build/MMB29P) AppleWebKit/537.36 (KHTML, like Gecko) Chrome/41.0.2272.96 Mobile Safari/537.36 (compatible; Googlebot/2.1; +http://www.google.com/bot.html)"
66.249.73.158 - - [24/Aug/2019:05:37:37 +0000] "GET /hr/pretraga?category=&type=&place=19&area=&price=50000&surface= HTTP/1.1" 500 4485 "-" "Mozilla/5.0 (Linux; Android 6.0.1; Nexus 5X Build/MMB29P) AppleWebKit/537.36 (KHTML, like Gecko) Chrome/41.0.2272.96 Mobile Safari/537.36 (compatible; Googlebot/2.1; +http://www.google.com/bot.html)"
66.249.73.154 - - [24/Aug/2019:05:38:12 +0000] "GET /hr/pretraga?category=&type=&place=53&area=157&price=1000000&surface=10 HTTP/1.1" 500 4485 "-" "Mozilla/5.0 (Linux; Android 6.0.1; Nexus 5X Build/MMB29P) AppleWebKit/537.36 (KHTML, like Gecko) Chrome/41.0.2272.96 Mobile Safari/537.36 (compatible; Googlebot/2.1; +http://www.google.com/bot.html)"
66.249.73.154 - - [24/Aug/2019:05:39:21 +0000] "GET /pretraga?category=&type=&place=36&area=161&price=1000000&surface=200 HTTP/1.1" 500 4485 "-" "Mozilla/5.0 (Linux; Android 6.0.1; Nexus 5X Build/MMB29P) AppleWebKit/537.36 (KHTML, like Gecko) Chrome/41.0.2272.96 Mobile Safari/537.36 (compatible; Googlebot/2.1; +http://www.google.com/bot.html)"
46.229.168.145 - - [24/Aug/2019:05:42:30 +0000] "GET /robots.txt HTTP/1.1" 200 24 "-" "Mozilla/5.0 (compatible; SemrushBot/6~bl; +http://www.semrush.com/bot.html)"
46.229.168.150 - - [24/Aug/2019:05:42:31 +0000] "GET /en/houses/sukosan-kuca-za-odmor-156-m2 HTTP/1.1" 200 5739 "-" "Mozilla/5.0 (compatible; SemrushBot/6~bl; +http://www.semrush.com/bot.html)"
54.36.149.101 - - [24/Aug/2019:05:44:28 +0000] "GET /robots.txt HTTP/1.1" 301 242 "-" "Mozilla/5.0 (compatible; AhrefsBot/6.1; +http://ahrefs.com/robot/)"
54.36.149.101 - - [24/Aug/2019:05:44:28 +0000] "GET /robots.txt HTTP/1.1" 200 24 "-" "Mozilla/5.0 (compatible; AhrefsBot/6.1; +http://ahrefs.com/robot/)"
54.36.148.19 - - [24/Aug/2019:05:44:28 +0000] "GET / HTTP/1.1" 301 232 "-" "Mozilla/5.0 (compatible; AhrefsBot/6.1; +http://ahrefs.com/robot/)"
66.249.73.158 - - [24/Aug/2019:05:52:29 +0000] "GET /en/search?category=4&type=sale&place=&area=&price=50000&surface=100 HTTP/1.1" 200 3881 "-" "Mozilla/5.0 (Linux; Android 6.0.1; Nexus 5X Build/MMB29P) AppleWebKit/537.36 (KHTML, like Gecko) Chrome/41.0.2272.96 Mobile Safari/537.36 (compatible; Googlebot/2.1; +http://www.google.com/bot.html)"
66.249.73.156 - - [24/Aug/2019:05:54:29 +0000] "GET /en/search?category=1&type=rent&place=34&area=&price=1000000&surface=10 HTTP/1.1" 200 4196 "-" "Mozilla/5.0 (Linux; Android 6.0.1; Nexus 5X Build/MMB29P) AppleWebKit/537.36 (KHTML, like Gecko) Chrome/41.0.2272.96 Mobile Safari/537.36 (compatible; Googlebot/2.1; +http://www.google.com/bot.html)"
66.249.73.156 - - [24/Aug/2019:06:00:29 +0000] "GET /stanovi/zadar-bulevar-renovirani-dvosoban-stan-7911-m2 HTTP/1.1" 200 5398 "-" "Mozilla/5.0 (Linux; Android 6.0.1; Nexus 5X Build/MMB29P) AppleWebKit/537.36 (KHTML, like Gecko) Chrome/41.0.2272.96 Mobile Safari/537.36 (compatible; Googlebot/2.1; +http://www.google.com/bot.html)"
46.229.168.133 - - [24/Aug/2019:06:03:53 +0000] "GET /en/houses/primostencentar-kamena-kuca-s-restoranom-i-12-soba-340-m2 HTTP/1.1" 200 6503 "-" "Mozilla/5.0 (compatible; SemrushBot/6~bl; +http://www.semrush.com/bot.html)"
66.249.73.154 - - [24/Aug/2019:06:08:29 +0000] "GET /pretraga?category=&type=&place=58&area=157&price=200000&surface=50 HTTP/1.1" 500 4485 "-" "Mozilla/5.0 (Linux; Android 6.0.1; Nexus 5X Build/MMB29P) AppleWebKit/537.36 (KHTML, like Gecko) Chrome/41.0.2272.96 Mobile Safari/537.36 (compatible; Googlebot/2.1; +http://www.google.com/bot.html)"
66.249.73.158 - - [24/Aug/2019:06:09:29 +0000] "GET /pretraga?category=&type=&place=46&area=&price=500000&surface=10 HTTP/1.1" 500 4485 "-" "Mozilla/5.0 (Linux; Android 6.0.1; Nexus 5X Build/MMB29P) AppleWebKit/537.36 (KHTML, like Gecko) Chrome/41.0.2272.96 Mobile Safari/537.36 (compatible; Googlebot/2.1; +http://www.google.com/bot.html)"
66.249.73.158 - - [24/Aug/2019:06:10:29 +0000] "GET /en/search?category=&type=&place=36&area=170&price=200000&surface=200 HTTP/1.1" 500 4485 "-" "Mozilla/5.0 (Linux; Android 6.0.1; Nexus 5X Build/MMB29P) AppleWebKit/537.36 (KHTML, like Gecko) Chrome/41.0.2272.96 Mobile Safari/537.36 (compatible; Googlebot/2.1; +http://www.google.com/bot.html)"
157.55.39.194 - - [24/Aug/2019:06:12:16 +0000] "GET /uploads/thumbnails/e09af63c5c3ec153ad1177ba42751bd2.JPG HTTP/1.1" 200 33651 "-" "Mozilla/5.0 (compatible; bingbot/2.0; +http://www.bing.com/bingbot.htm)"
66.249.73.156 - - [24/Aug/2019:06:12:29 +0000] "GET /hr/pretraga?category=&type=&place=46&area=&price=1000000&surface=200 HTTP/1.1" 500 4485 "-" "Mozilla/5.0 (Linux; Android 6.0.1; Nexus 5X Build/MMB29P) AppleWebKit/537.36 (KHTML, like Gecko) Chrome/41.0.2272.96 Mobile Safari/537.36 (compatible; Googlebot/2.1; +http://www.google.com/bot.html)"
66.249.73.156 - - [24/Aug/2019:06:13:29 +0000] "GET /hr/pretraga?category=&type=&place=2&area=&price=50000&surface= HTTP/1.1" 500 4485 "-" "Mozilla/5.0 (Linux; Android 6.0.1; Nexus 5X Build/MMB29P) AppleWebKit/537.36 (KHTML, like Gecko) Chrome/41.0.2272.96 Mobile Safari/537.36 (compatible; Googlebot/2.1; +http://www.google.com/bot.html)"
66.249.73.156 - - [24/Aug/2019:06:14:29 +0000] "GET /hr/pretraga?category=&type=&place=36&area=173&price=100000&surface=200 HTTP/1.1" 500 4485 "-" "Mozilla/5.0 (Linux; Android 6.0.1; Nexus 5X Build/MMB29P) AppleWebKit/537.36 (KHTML, like Gecko) Chrome/41.0.2272.96 Mobile Safari/537.36 (compatible; Googlebot/2.1; +http://www.google.com/bot.html)"
66.249.73.158 - - [24/Aug/2019:06:18:29 +0000] "GET /hr/pretraga?category=&type=&place=59&area=&price=100000&surface=100 HTTP/1.1" 500 4485 "-" "Mozilla/5.0 (Linux; Android 6.0.1; Nexus 5X Build/MMB29P) AppleWebKit/537.36 (KHTML, like Gecko) Chrome/41.0.2272.96 Mobile Safari/537.36 (compatible; Googlebot/2.1; +http://www.google.com/bot.html)"
66.249.73.156 - - [24/Aug/2019:06:19:29 +0000] "GET /pretraga?category=&type=&place=36&area=179&price=1000000&surface=10 HTTP/1.1" 500 4485 "-" "Mozilla/5.0 (Linux; Android 6.0.1; Nexus 5X Build/MMB29P) AppleWebKit/537.36 (KHTML, like Gecko) Chrome/41.0.2272.96 Mobile Safari/537.36 (compatible; Googlebot/2.1; +http://www.google.com/bot.html)"
66.249.73.156 - - [24/Aug/2019:06:21:29 +0000] "GET /pretraga?category=&type=&place=58&area=160&price=200000&surface=50 HTTP/1.1" 500 4485 "-" "Mozilla/5.0 (Linux; Android 6.0.1; Nexus 5X Build/MMB29P) AppleWebKit/537.36 (KHTML, like Gecko) Chrome/41.0.2272.96 Mobile Safari/537.36 (compatible; Googlebot/2.1; +http://www.google.com/bot.html)"
66.249.73.158 - - [24/Aug/2019:06:22:29 +0000] "GET /hr/pretraga?category=&type=&place=41&area=&price=&surface=10 HTTP/1.1" 500 4485 "-" "Mozilla/5.0 (Linux; Android 6.0.1; Nexus 5X Build/MMB29P) AppleWebKit/537.36 (KHTML, like Gecko) Chrome/41.0.2272.96 Mobile Safari/537.36 (compatible; Googlebot/2.1; +http://www.google.com/bot.html)"
46.229.168.161 - - [24/Aug/2019:06:23:15 +0000] "GET /robots.txt HTTP/1.1" 200 24 "-" "Mozilla/5.0 (compatible; SemrushBot/6~bl; +http://www.semrush.com/bot.html)"
46.229.168.129 - - [24/Aug/2019:06:23:16 +0000] "GET /hr/blog/prosjecna-cijena-kvadrata-stana-u-sibeniku-porasla-za-489 HTTP/1.1" 200 4608 "-" "Mozilla/5.0 (compatible; SemrushBot/6~bl; +http://www.semrush.com/bot.html)"
66.249.73.154 - - [24/Aug/2019:06:23:29 +0000] "GET /pretraga?category=&type=&place=36&area=170&price=100000&surface=100 HTTP/1.1" 500 4485 "-" "Mozilla/5.0 (Linux; Android 6.0.1; Nexus 5X Build/MMB29P) AppleWebKit/537.36 (KHTML, like Gecko) Chrome/41.0.2272.96 Mobile Safari/537.36 (compatible; Googlebot/2.1; +http://www.google.com/bot.html)"
66.249.73.156 - - [24/Aug/2019:06:24:29 +0000] "GET /hr/pretraga?category=&type=&place=16&area=&price=500000&surface=10 HTTP/1.1" 500 4485 "-" "Mozilla/5.0 (Linux; Android 6.0.1; Nexus 5X Build/MMB29P) AppleWebKit/537.36 (KHTML, like Gecko) Chrome/41.0.2272.96 Mobile Safari/537.36 (compatible; Googlebot/2.1; +http://www.google.com/bot.html)"
46.229.168.154 - - [24/Aug/2019:06:26:24 +0000] "GET /snizeno HTTP/1.1" 200 4265 "-" "Mozilla/5.0 (compatible; SemrushBot/6~bl; +http://www.semrush.com/bot.html)"
66.249.73.156 - - [24/Aug/2019:06:29:29 +0000] "GET /pretraga?category=&type=&place=58&area=228&price=100000&surface=50 HTTP/1.1" 500 4485 "-" "Mozilla/5.0 (Linux; Android 6.0.1; Nexus 5X Build/MMB29P) AppleWebKit/537.36 (KHTML, like Gecko) Chrome/41.0.2272.96 Mobile Safari/537.36 (compatible; Googlebot/2.1; +http://www.google.com/bot.html)"
66.249.73.158 - - [24/Aug/2019:06:39:07 +0000] "GET /hr/kuce/pag-centar-kuca-na-4-etaze-60-metara-od-mora-250-m2 HTTP/1.1" 200 5489 "-" "Mozilla/5.0 (Linux; Android 6.0.1; Nexus 5X Build/MMB29P) AppleWebKit/537.36 (KHTML, like Gecko) Chrome/41.0.2272.96 Mobile Safari/537.36 (compatible; Googlebot/2.1; +http://www.google.com/bot.html)"
46.229.168.135 - - [24/Aug/2019:06:42:16 +0000] "GET /hr/kuce/bibinje-kuca-drugi-red-do-mora-s-izravnim-pristupom-na-plazu-386-m2 HTTP/1.1" 200 6094 "-" "Mozilla/5.0 (compatible; SemrushBot/6~bl; +http://www.semrush.com/bot.html)"
66.249.73.154 - - [24/Aug/2019:06:49:29 +0000] "GET /pretraga?category=&type=&place=36&area=157&price=1000000&surface=10 HTTP/1.1" 500 4485 "-" "Mozilla/5.0 (Linux; Android 6.0.1; Nexus 5X Build/MMB29P) AppleWebKit/537.36 (KHTML, like Gecko) Chrome/41.0.2272.96 Mobile Safari/537.36 (compatible; Googlebot/2.1; +http://www.google.com/bot.html)"
66.249.73.156 - - [24/Aug/2019:06:51:29 +0000] "GET /blog/prosjecne-cijene-stanova-u-zadru-porasle-za-1308 HTTP/1.1" 200 4911 "-" "Mozilla/5.0 (compatible; Googlebot/2.1; +http://www.google.com/bot.html)"
66.249.73.156 - - [24/Aug/2019:06:52:29 +0000] "GET /pretraga?category=&type=&place=36&area=180&price=200000&surface=10 HTTP/1.1" 500 4485 "-" "Mozilla/5.0 (Linux; Android 6.0.1; Nexus 5X Build/MMB29P) AppleWebKit/537.36 (KHTML, like Gecko) Chrome/41.0.2272.96 Mobile Safari/537.36 (compatible; Googlebot/2.1; +http://www.google.com/bot.html)"
66.249.73.154 - - [24/Aug/2019:06:53:29 +0000] "GET /pretraga?category=&type=&place=36&area=172&price=50000&surface=50 HTTP/1.1" 500 4485 "-" "Mozilla/5.0 (Linux; Android 6.0.1; Nexus 5X Build/MMB29P) AppleWebKit/537.36 (KHTML, like Gecko) Chrome/41.0.2272.96 Mobile Safari/537.36 (compatible; Googlebot/2.1; +http://www.google.com/bot.html)"
66.249.73.158 - - [24/Aug/2019:06:54:29 +0000] "GET /pretraga?category=&type=&place=8&area=&price=200000&surface=50 HTTP/1.1" 500 4485 "-" "Mozilla/5.0 (Linux; Android 6.0.1; Nexus 5X Build/MMB29P) AppleWebKit/537.36 (KHTML, like Gecko) Chrome/41.0.2272.96 Mobile Safari/537.36 (compatible; Googlebot/2.1; +http://www.google.com/bot.html)"
66.249.73.154 - - [24/Aug/2019:06:55:29 +0000] "GET /en/search?category=&type=&place=19&area=&price=300000&surface=50 HTTP/1.1" 500 4485 "-" "Mozilla/5.0 (Linux; Android 6.0.1; Nexus 5X Build/MMB29P) AppleWebKit/537.36 (KHTML, like Gecko) Chrome/41.0.2272.96 Mobile Safari/537.36 (compatible; Googlebot/2.1; +http://www.google.com/bot.html)"
66.249.73.156 - - [24/Aug/2019:06:56:29 +0000] "GET /pretraga?category=&type=&place=36&area=161&price=300000&surface=50 HTTP/1.1" 500 4485 "-" "Mozilla/5.0 (Linux; Android 6.0.1; Nexus 5X Build/MMB29P) AppleWebKit/537.36 (KHTML, like Gecko) Chrome/41.0.2272.96 Mobile Safari/537.36 (compatible; Googlebot/2.1; +http://www.google.com/bot.html)"
66.249.73.154 - - [24/Aug/2019:06:57:29 +0000] "GET /hr/pretraga?category=&type=&place=9&area=&price=200000&surface=50 HTTP/1.1" 500 4485 "-" "Mozilla/5.0 (Linux; Android 6.0.1; Nexus 5X Build/MMB29P) AppleWebKit/537.36 (KHTML, like Gecko) Chrome/41.0.2272.96 Mobile Safari/537.36 (compatible; Googlebot/2.1; +http://www.google.com/bot.html)"
66.249.73.158 - - [24/Aug/2019:06:58:29 +0000] "GET /hr/pretraga?category=&type=&place=7&area=&price=50000&surface=50 HTTP/1.1" 500 4485 "-" "Mozilla/5.0 (Linux; Android 6.0.1; Nexus 5X Build/MMB29P) AppleWebKit/537.36 (KHTML, like Gecko) Chrome/41.0.2272.96 Mobile Safari/537.36 (compatible; Googlebot/2.1; +http://www.google.com/bot.html)"
66.249.73.156 - - [24/Aug/2019:06:59:29 +0000] "GET /en/apartments/bibinje-trosoban-apartman-drugi-red-do-mora-10079-m2-1646-m2 HTTP/1.1" 500 4485 "-" "Mozilla/5.0 (Linux; Android 6.0.1; Nexus 5X Build/MMB29P) AppleWebKit/537.36 (KHTML, like Gecko) Chrome/41.0.2272.96 Mobile Safari/537.36 (compatible; Googlebot/2.1; +http://www.google.com/bot.html)"
66.249.73.156 - - [24/Aug/2019:07:00:29 +0000] "GET /en/apartments/bibinje-trosoban-apartman-drugi-red-do-mora-10079-m2-1646-m2 HTTP/1.1" 500 4485 "-" "Mozilla/5.0 (Linux; Android 6.0.1; Nexus 5X Build/MMB29P) AppleWebKit/537.36 (KHTML, like Gecko) Chrome/41.0.2272.96 Mobile Safari/537.36 (compatible; Googlebot/2.1; +http://www.google.com/bot.html)"
66.249.73.154 - - [24/Aug/2019:07:01:29 +0000] "GET /en/search?category=&type=&place=36&area=192&price=50000&surface=10 HTTP/1.1" 500 4485 "-" "Mozilla/5.0 (Linux; Android 6.0.1; Nexus 5X Build/MMB29P) AppleWebKit/537.36 (KHTML, like Gecko) Chrome/41.0.2272.96 Mobile Safari/537.36 (compatible; Googlebot/2.1; +http://www.google.com/bot.html)"
66.249.73.158 - - [24/Aug/2019:07:04:29 +0000] "GET /pretraga?category=&type=&place=58&area=157&price=&surface=100 HTTP/1.1" 500 4485 "-" "Mozilla/5.0 (Linux; Android 6.0.1; Nexus 5X Build/MMB29P) AppleWebKit/537.36 (KHTML, like Gecko) Chrome/41.0.2272.96 Mobile Safari/537.36 (compatible; Googlebot/2.1; +http://www.google.com/bot.html)"
66.249.73.156 - - [24/Aug/2019:07:05:29 +0000] "GET /pretraga?category=&type=&place=4&area=&price=&surface=10 HTTP/1.1" 500 4485 "-" "Mozilla/5.0 (Linux; Android 6.0.1; Nexus 5X Build/MMB29P) AppleWebKit/537.36 (KHTML, like Gecko) Chrome/41.0.2272.96 Mobile Safari/537.36 (compatible; Googlebot/2.1; +http://www.google.com/bot.html)"
66.249.73.154 - - [24/Aug/2019:07:06:29 +0000] "GET /hr/pretraga?category=&type=&place=2&area=&price=100000&surface= HTTP/1.1" 500 4485 "-" "Mozilla/5.0 (Linux; Android 6.0.1; Nexus 5X Build/MMB29P) AppleWebKit/537.36 (KHTML, like Gecko) Chrome/41.0.2272.96 Mobile Safari/537.36 (compatible; Googlebot/2.1; +http://www.google.com/bot.html)"
66.249.73.156 - - [24/Aug/2019:07:07:29 +0000] "GET /pretraga?category=&type=&place=58&area=157&price=100000&surface=50 HTTP/1.1" 500 4485 "-" "Mozilla/5.0 (Linux; Android 6.0.1; Nexus 5X Build/MMB29P) AppleWebKit/537.36 (KHTML, like Gecko) Chrome/41.0.2272.96 Mobile Safari/537.36 (compatible; Googlebot/2.1; +http://www.google.com/bot.html)"
46.229.168.147 - - [24/Aug/2019:07:08:49 +0000] "GET /robots.txt HTTP/1.1" 200 24 "-" "Mozilla/5.0 (compatible; SemrushBot/6~bl; +http://www.semrush.com/bot.html)"
46.229.168.134 - - [24/Aug/2019:07:08:49 +0000] "GET /en/search?page=4 HTTP/1.1" 200 5374 "-" "Mozilla/5.0 (compatible; SemrushBot/6~bl; +http://www.semrush.com/bot.html)"
46.229.168.162 - - [24/Aug/2019:07:09:11 +0000] "GET /pretraga?page=3 HTTP/1.1" 200 5492 "-" "Mozilla/5.0 (compatible; SemrushBot/6~bl; +http://www.semrush.com/bot.html)"
66.249.73.156 - - [24/Aug/2019:07:11:29 +0000] "GET /hr/pretraga?category=&type=&place=36&area=164&price=1000000&surface=10 HTTP/1.1" 500 4485 "-" "Mozilla/5.0 (Linux; Android 6.0.1; Nexus 5X Build/MMB29P) AppleWebKit/537.36 (KHTML, like Gecko) Chrome/41.0.2272.96 Mobile Safari/537.36 (compatible; Googlebot/2.1; +http://www.google.com/bot.html)"
66.249.73.156 - - [24/Aug/2019:07:12:29 +0000] "GET /hr/pretraga?category=&type=&place=5&area=&price=1000000&surface=10 HTTP/1.1" 500 4485 "-" "Mozilla/5.0 (Linux; Android 6.0.1; Nexus 5X Build/MMB29P) AppleWebKit/537.36 (KHTML, like Gecko) Chrome/41.0.2272.96 Mobile Safari/537.36 (compatible; Googlebot/2.1; +http://www.google.com/bot.html)"
66.249.73.158 - - [24/Aug/2019:07:13:29 +0000] "GET /en/search?category=&type=&place=49&area=&price=500000&surface= HTTP/1.1" 500 4485 "-" "Mozilla/5.0 (Linux; Android 6.0.1; Nexus 5X Build/MMB29P) AppleWebKit/537.36 (KHTML, like Gecko) Chrome/41.0.2272.96 Mobile Safari/537.36 (compatible; Googlebot/2.1; +http://www.google.com/bot.html)"
66.249.73.154 - - [24/Aug/2019:07:16:29 +0000] "GET /en/search?category=&type=&place=36&area=159&price=&surface=200 HTTP/1.1" 500 4485 "-" "Mozilla/5.0 (Linux; Android 6.0.1; Nexus 5X Build/MMB29P) AppleWebKit/537.36 (KHTML, like Gecko) Chrome/41.0.2272.96 Mobile Safari/537.36 (compatible; Googlebot/2.1; +http://www.google.com/bot.html)"
66.249.73.156 - - [24/Aug/2019:07:21:29 +0000] "GET /pretraga?category=&type=&place=36&area=164&price=100000&surface=50 HTTP/1.1" 500 4485 "-" "Mozilla/5.0 (Linux; Android 6.0.1; Nexus 5X Build/MMB29P) AppleWebKit/537.36 (KHTML, like Gecko) Chrome/41.0.2272.96 Mobile Safari/537.36 (compatible; Googlebot/2.1; +http://www.google.com/bot.html)"
66.249.73.156 - - [24/Aug/2019:07:27:29 +0000] "GET /hr/pretraga?category=&type=&place=20&area=&price=500000&surface=200 HTTP/1.1" 500 4485 "-" "Mozilla/5.0 (Linux; Android 6.0.1; Nexus 5X Build/MMB29P) AppleWebKit/537.36 (KHTML, like Gecko) Chrome/41.0.2272.96 Mobile Safari/537.36 (compatible; Googlebot/2.1; +http://www.google.com/bot.html)"
66.249.73.158 - - [24/Aug/2019:07:28:29 +0000] "GET /hr/pretraga?category=&type=&place=47&area=&price=500000&surface=50 HTTP/1.1" 500 4485 "-" "Mozilla/5.0 (Linux; Android 6.0.1; Nexus 5X Build/MMB29P) AppleWebKit/537.36 (KHTML, like Gecko) Chrome/41.0.2272.96 Mobile Safari/537.36 (compatible; Googlebot/2.1; +http://www.google.com/bot.html)"
66.249.73.156 - - [24/Aug/2019:07:30:29 +0000] "GET /en/search?category=&type=&place=36&area=230&price=300000&surface=100 HTTP/1.1" 500 4485 "-" "Mozilla/5.0 (Linux; Android 6.0.1; Nexus 5X Build/MMB29P) AppleWebKit/537.36 (KHTML, like Gecko) Chrome/41.0.2272.96 Mobile Safari/537.36 (compatible; Googlebot/2.1; +http://www.google.com/bot.html)"
66.249.73.158 - - [24/Aug/2019:07:31:29 +0000] "GET /pretraga?category=&type=&place=58&area=157&price=300000&surface=200 HTTP/1.1" 500 4485 "-" "Mozilla/5.0 (Linux; Android 6.0.1; Nexus 5X Build/MMB29P) AppleWebKit/537.36 (KHTML, like Gecko) Chrome/41.0.2272.96 Mobile Safari/537.36 (compatible; Googlebot/2.1; +http://www.google.com/bot.html)"
66.249.73.156 - - [24/Aug/2019:07:33:29 +0000] "GET /pretraga?category=&type=sale&place=41&area=&price=50000&surface=100 HTTP/1.1" 500 4485 "-" "Mozilla/5.0 (Linux; Android 6.0.1; Nexus 5X Build/MMB29P) AppleWebKit/537.36 (KHTML, like Gecko) Chrome/41.0.2272.96 Mobile Safari/537.36 (compatible; Googlebot/2.1; +http://www.google.com/bot.html)"
157.55.39.194 - - [24/Aug/2019:07:34:20 +0000] "GET /uploads/thumbnails/d00cb8928f676c42c613cb02782ac344.JPG HTTP/1.1" 200 29920 "-" "Mozilla/5.0 (compatible; bingbot/2.0; +http://www.bing.com/bingbot.htm)"
217.182.16.82 - - [24/Aug/2019:07:38:25 +0000] "GET /sites/all/libraries/mailchimp/vendor/phpunit/phpunit/src/Util/PHP/eval-stdin.php HTTP/1.1" 301 312 "-" "Mozilla/5.0 (compatible; Googlebot/2.1; +http://www.google.com/bot.html)"
217.182.16.82 - - [24/Aug/2019:07:38:25 +0000] "GET /sites/all/libraries/mailchimp/vendor/phpunit/phpunit/src/Util/PHP/kill.php HTTP/1.0" 301 306 "-" "-"
217.182.16.82 - - [24/Aug/2019:07:38:26 +0000] "GET /sites/all/libraries/mailchimp/vendor/phpunit/phpunit/src/Util/PHP/kill.php HTTP/1.0" 404 1104 "-" "-"
66.249.73.158 - - [24/Aug/2019:07:38:29 +0000] "GET /pretraga?category=&type=&place=37&area=157&price=50000&surface=100 HTTP/1.1" 500 4485 "-" "Mozilla/5.0 (Linux; Android 6.0.1; Nexus 5X Build/MMB29P) AppleWebKit/537.36 (KHTML, like Gecko) Chrome/41.0.2272.96 Mobile Safari/537.36 (compatible; Googlebot/2.1; +http://www.google.com/bot.html)"
46.229.168.137 - - [24/Aug/2019:07:39:30 +0000] "GET /en/lands/rogoznica-okolica-zemljiste-s-pogledom-na-more-12400-m2 HTTP/1.1" 200 5133 "-" "Mozilla/5.0 (compatible; SemrushBot/6~bl; +http://www.semrush.com/bot.html)"
66.249.73.154 - - [24/Aug/2019:07:41:29 +0000] "GET /en/search?category=&type=&place=50&area=&price=200000&surface=10 HTTP/1.1" 500 4485 "-" "Mozilla/5.0 (Linux; Android 6.0.1; Nexus 5X Build/MMB29P) AppleWebKit/537.36 (KHTML, like Gecko) Chrome/41.0.2272.96 Mobile Safari/537.36 (compatible; Googlebot/2.1; +http://www.google.com/bot.html)"
66.249.73.156 - - [24/Aug/2019:07:42:29 +0000] "GET /hr/pretraga?category=&type=&place=7&area=&price=1000000&surface=10 HTTP/1.1" 500 4485 "-" "Mozilla/5.0 (Linux; Android 6.0.1; Nexus 5X Build/MMB29P) AppleWebKit/537.36 (KHTML, like Gecko) Chrome/41.0.2272.96 Mobile Safari/537.36 (compatible; Googlebot/2.1; +http://www.google.com/bot.html)"
93.137.242.31 - - [24/Aug/2019:07:44:14 +0000] "GET /uploads/images/fbbcde00c6338dfead7d45f37234a12e.jpg HTTP/1.1" 200 73392 "https://www.google.com/" "Mozilla/5.0 (Windows NT 10.0; Win64; x64) AppleWebKit/537.36 (KHTML, like Gecko) Chrome/76.0.3809.100 Safari/537.36"
40.77.167.50 - - [24/Aug/2019:07:48:16 +0000] "GET / HTTP/1.1" 301 232 "-" "Mozilla/5.0 (compatible; bingbot/2.0; +http://www.bing.com/bingbot.htm)"
46.229.168.161 - - [24/Aug/2019:07:49:45 +0000] "GET /robots.txt HTTP/1.1" 200 24 "-" "Mozilla/5.0 (compatible; SemrushBot/6~bl; +http://www.semrush.com/bot.html)"
46.229.168.162 - - [24/Aug/2019:07:49:46 +0000] "GET /zemljista/maslenica-gradevinsko-zemljiste-s-prikljucenom-strujom-i-vodom490-m2 HTTP/1.1" 200 5603 "-" "Mozilla/5.0 (compatible; SemrushBot/6~bl; +http://www.semrush.com/bot.html)"
66.249.73.156 - - [24/Aug/2019:07:53:29 +0000] "GET /hr/pretraga?category=&type=&place=37&area=&price=50000&surface=50 HTTP/1.1" 500 4485 "-" "Mozilla/5.0 (Linux; Android 6.0.1; Nexus 5X Build/MMB29P) AppleWebKit/537.36 (KHTML, like Gecko) Chrome/41.0.2272.96 Mobile Safari/537.36 (compatible; Googlebot/2.1; +http://www.google.com/bot.html)"
66.249.73.156 - - [24/Aug/2019:07:54:29 +0000] "GET /en/search?category=&type=&place=37&area=157&price=50000&surface=200 HTTP/1.1" 500 4485 "-" "Mozilla/5.0 (Linux; Android 6.0.1; Nexus 5X Build/MMB29P) AppleWebKit/537.36 (KHTML, like Gecko) Chrome/41.0.2272.96 Mobile Safari/537.36 (compatible; Googlebot/2.1; +http://www.google.com/bot.html)"
66.249.73.158 - - [24/Aug/2019:07:55:29 +0000] "GET /en/search?category=&type=&place=43&area=&price=50000&surface= HTTP/1.1" 500 4485 "-" "Mozilla/5.0 (Linux; Android 6.0.1; Nexus 5X Build/MMB29P) AppleWebKit/537.36 (KHTML, like Gecko) Chrome/41.0.2272.96 Mobile Safari/537.36 (compatible; Googlebot/2.1; +http://www.google.com/bot.html)"
188.252.196.81 - - [24/Aug/2019:07:56:50 +0000] "GET /uploads/images/f52db60061aa0f39c5e71c8b05ad19fe.jpg HTTP/1.1" 200 393252 "https://www.citadela.hr/zemljista/baske-ostarije-grad-zemljiste-s-projektnom-dokumentacijom-1095-m2" "Mozilla/5.0 (Linux; Android 8.0.0; F5321) AppleWebKit/537.36 (KHTML, like Gecko) Chrome/76.0.3809.111 Mobile Safari/537.36"
188.252.196.81 - - [24/Aug/2019:07:57:32 +0000] "GET /uploads/images/343c0ac106065c50a8e34c76c6d18966.jpg HTTP/1.1" 200 125546 "https://www.citadela.hr/zemljista/baske-ostarije-grad-zemljiste-s-projektnom-dokumentacijom-1095-m2" "Mozilla/5.0 (Linux; Android 8.0.0; F5321) AppleWebKit/537.36 (KHTML, like Gecko) Chrome/76.0.3809.111 Mobile Safari/537.36"
188.252.196.81 - - [24/Aug/2019:07:57:33 +0000] "GET /uploads/images/14570e92e71dc12bc95dd1dfa560e1ae.jpg HTTP/1.1" 200 316484 "https://www.citadela.hr/zemljista/baske-ostarije-grad-zemljiste-s-projektnom-dokumentacijom-1095-m2" "Mozilla/5.0 (Linux; Android 8.0.0; F5321) AppleWebKit/537.36 (KHTML, like Gecko) Chrome/76.0.3809.111 Mobile Safari/537.36"
188.252.196.81 - - [24/Aug/2019:07:57:35 +0000] "GET /uploads/images/450ec5aab6c7b8a59210f6613de97b17.jpg HTTP/1.1" 200 204071 "https://www.citadela.hr/zemljista/baske-ostarije-grad-zemljiste-s-projektnom-dokumentacijom-1095-m2" "Mozilla/5.0 (Linux; Android 8.0.0; F5321) AppleWebKit/537.36 (KHTML, like Gecko) Chrome/76.0.3809.111 Mobile Safari/537.36"
188.252.196.81 - - [24/Aug/2019:07:57:39 +0000] "GET /uploads/images/a23eacfa8a6b236ca4d2f424edce2d7f.jpg HTTP/1.1" 200 363176 "https://www.citadela.hr/zemljista/baske-ostarije-grad-zemljiste-s-projektnom-dokumentacijom-1095-m2" "Mozilla/5.0 (Linux; Android 8.0.0; F5321) AppleWebKit/537.36 (KHTML, like Gecko) Chrome/76.0.3809.111 Mobile Safari/537.36"
188.252.196.81 - - [24/Aug/2019:07:57:40 +0000] "GET /uploads/images/3d50c29ba3fc6ea3bea05a1b63edb2b8.jpg HTTP/1.1" 200 51255 "https://www.citadela.hr/zemljista/baske-ostarije-grad-zemljiste-s-projektnom-dokumentacijom-1095-m2" "Mozilla/5.0 (Linux; Android 8.0.0; F5321) AppleWebKit/537.36 (KHTML, like Gecko) Chrome/76.0.3809.111 Mobile Safari/537.36"
188.252.196.81 - - [24/Aug/2019:07:57:43 +0000] "GET /uploads/images/ec68ada914e6b37a8f33d58f2240a499.jpg HTTP/1.1" 200 73457 "https://www.citadela.hr/zemljista/baske-ostarije-grad-zemljiste-s-projektnom-dokumentacijom-1095-m2" "Mozilla/5.0 (Linux; Android 8.0.0; F5321) AppleWebKit/537.36 (KHTML, like Gecko) Chrome/76.0.3809.111 Mobile Safari/537.36"
188.252.196.81 - - [24/Aug/2019:07:57:45 +0000] "GET /uploads/images/8fa8aae10d2b8f1e37fb6871c18e37c7.jpg HTTP/1.1" 200 82111 "https://www.citadela.hr/zemljista/baske-ostarije-grad-zemljiste-s-projektnom-dokumentacijom-1095-m2" "Mozilla/5.0 (Linux; Android 8.0.0; F5321) AppleWebKit/537.36 (KHTML, like Gecko) Chrome/76.0.3809.111 Mobile Safari/537.36"
188.252.196.81 - - [24/Aug/2019:07:57:46 +0000] "GET /uploads/images/82b6e80cdc48bbd35184e4063d819b3b.jpg HTTP/1.1" 200 293635 "https://www.citadela.hr/zemljista/baske-ostarije-grad-zemljiste-s-projektnom-dokumentacijom-1095-m2" "Mozilla/5.0 (Linux; Android 8.0.0; F5321) AppleWebKit/537.36 (KHTML, like Gecko) Chrome/76.0.3809.111 Mobile Safari/537.36"
188.252.196.81 - - [24/Aug/2019:07:57:47 +0000] "GET /uploads/images/5b19a6d3750a3ebc5ea1bf6ffb724817.jpg HTTP/1.1" 200 231721 "https://www.citadela.hr/zemljista/baske-ostarije-grad-zemljiste-s-projektnom-dokumentacijom-1095-m2" "Mozilla/5.0 (Linux; Android 8.0.0; F5321) AppleWebKit/537.36 (KHTML, like Gecko) Chrome/76.0.3809.111 Mobile Safari/537.36"
188.252.196.81 - - [24/Aug/2019:07:57:49 +0000] "GET /uploads/images/9b3a97ca07e6070c780ceaed5edce551.jpg HTTP/1.1" 200 116727 "https://www.citadela.hr/zemljista/baske-ostarije-grad-zemljiste-s-projektnom-dokumentacijom-1095-m2" "Mozilla/5.0 (Linux; Android 8.0.0; F5321) AppleWebKit/537.36 (KHTML, like Gecko) Chrome/76.0.3809.111 Mobile Safari/537.36"
66.249.73.156 - - [24/Aug/2019:08:00:29 +0000] "GET /hr/pretraga?category=&type=&place=50&area=&price=300000&surface=100 HTTP/1.1" 500 4485 "-" "Mozilla/5.0 (Linux; Android 6.0.1; Nexus 5X Build/MMB29P) AppleWebKit/537.36 (KHTML, like Gecko) Chrome/41.0.2272.96 Mobile Safari/537.36 (compatible; Googlebot/2.1; +http://www.google.com/bot.html)"
66.249.73.156 - - [24/Aug/2019:08:01:29 +0000] "GET /hr/pretraga?category=&type=&place=58&area=160&price=1000000&surface=50 HTTP/1.1" 500 4485 "-" "Mozilla/5.0 (Linux; Android 6.0.1; Nexus 5X Build/MMB29P) AppleWebKit/537.36 (KHTML, like Gecko) Chrome/41.0.2272.96 Mobile Safari/537.36 (compatible; Googlebot/2.1; +http://www.google.com/bot.html)"
66.249.73.156 - - [24/Aug/2019:08:02:29 +0000] "GET /hr/pretraga?category=&type=&place=38&area=157&price=300000&surface= HTTP/1.1" 500 4485 "-" "Mozilla/5.0 (Linux; Android 6.0.1; Nexus 5X Build/MMB29P) AppleWebKit/537.36 (KHTML, like Gecko) Chrome/41.0.2272.96 Mobile Safari/537.36 (compatible; Googlebot/2.1; +http://www.google.com/bot.html)"
66.249.73.154 - - [24/Aug/2019:08:05:29 +0000] "GET /pretraga?category=&type=&place=43&area=&price=1000000&surface= HTTP/1.1" 500 4485 "-" "Mozilla/5.0 (Linux; Android 6.0.1; Nexus 5X Build/MMB29P) AppleWebKit/537.36 (KHTML, like Gecko) Chrome/41.0.2272.96 Mobile Safari/537.36 (compatible; Googlebot/2.1; +http://www.google.com/bot.html)"
46.229.168.141 - - [24/Aug/2019:08:06:00 +0000] "GET /hr/zemljista/biograd-na-moru-gradevinsko-zemljiste-1215-m2 HTTP/1.1" 200 5278 "-" "Mozilla/5.0 (compatible; SemrushBot/6~bl; +http://www.semrush.com/bot.html)"
34.216.10.235 - - [24/Aug/2019:08:07:44 +0000] "GET / HTTP/1.1" 301 232 "-" "Go-http-client/1.1"
66.249.73.154 - - [24/Aug/2019:08:08:29 +0000] "GET /en/search?category=&type=sale&place=34&area=&price=500000&surface=10 HTTP/1.1" 200 5014 "-" "Mozilla/5.0 (Linux; Android 6.0.1; Nexus 5X Build/MMB29P) AppleWebKit/537.36 (KHTML, like Gecko) Chrome/41.0.2272.96 Mobile Safari/537.36 (compatible; Googlebot/2.1; +http://www.google.com/bot.html)"
66.249.73.154 - - [24/Aug/2019:08:11:29 +0000] "GET /pretraga?category=&type=&place=59&area=&price=500000&surface=10 HTTP/1.1" 500 4485 "-" "Mozilla/5.0 (Linux; Android 6.0.1; Nexus 5X Build/MMB29P) AppleWebKit/537.36 (KHTML, like Gecko) Chrome/41.0.2272.96 Mobile Safari/537.36 (compatible; Googlebot/2.1; +http://www.google.com/bot.html)"
66.249.73.156 - - [24/Aug/2019:08:12:29 +0000] "GET /en/search?category=&type=&place=37&area=157&price=50000&surface= HTTP/1.1" 500 4485 "-" "Mozilla/5.0 (Linux; Android 6.0.1; Nexus 5X Build/MMB29P) AppleWebKit/537.36 (KHTML, like Gecko) Chrome/41.0.2272.96 Mobile Safari/537.36 (compatible; Googlebot/2.1; +http://www.google.com/bot.html)"
66.249.73.156 - - [24/Aug/2019:08:13:29 +0000] "GET /en/search?category=&type=&place=37&area=&price=100000&surface=100 HTTP/1.1" 500 4485 "-" "Mozilla/5.0 (Linux; Android 6.0.1; Nexus 5X Build/MMB29P) AppleWebKit/537.36 (KHTML, like Gecko) Chrome/41.0.2272.96 Mobile Safari/537.36 (compatible; Googlebot/2.1; +http://www.google.com/bot.html)"
66.249.73.154 - - [24/Aug/2019:08:14:29 +0000] "GET /hr/pretraga?category=&type=&place=36&area=167&price=300000&surface=200 HTTP/1.1" 500 4485 "-" "Mozilla/5.0 (Linux; Android 6.0.1; Nexus 5X Build/MMB29P) AppleWebKit/537.36 (KHTML, like Gecko) Chrome/41.0.2272.96 Mobile Safari/537.36 (compatible; Googlebot/2.1; +http://www.google.com/bot.html)"
66.249.73.158 - - [24/Aug/2019:08:15:29 +0000] "GET /pretraga?category=&type=&place=36&area=157&price=100000&surface=50 HTTP/1.1" 500 4485 "-" "Mozilla/5.0 (Linux; Android 6.0.1; Nexus 5X Build/MMB29P) AppleWebKit/537.36 (KHTML, like Gecko) Chrome/41.0.2272.96 Mobile Safari/537.36 (compatible; Googlebot/2.1; +http://www.google.com/bot.html)"
188.246.39.235 - - [24/Aug/2019:08:15:38 +0000] "GET / HTTP/1.1" 200 5820 "https://www.google.com/" "Mozilla/5.0 (Windows NT 6.2; Win64; x64) AppleWebKit/537.36 (KHTML, like Gecko) Chrome/72.0.3626.121 Safari/537.36"
188.246.39.235 - - [24/Aug/2019:08:15:38 +0000] "GET /uploads/thumbnails/42c15dd15f418344ccc035d6003dd670.jpeg HTTP/1.1" 200 56902 "https://www.citadela.hr/" "Mozilla/5.0 (Windows NT 6.2; Win64; x64) AppleWebKit/537.36 (KHTML, like Gecko) Chrome/72.0.3626.121 Safari/537.36"
188.246.39.235 - - [24/Aug/2019:08:15:38 +0000] "GET /uploads/thumbnails/3c55f605d3f0b0e63c055493db2ef6cb.jpg HTTP/1.1" 200 51114 "https://www.citadela.hr/" "Mozilla/5.0 (Windows NT 6.2; Win64; x64) AppleWebKit/537.36 (KHTML, like Gecko) Chrome/72.0.3626.121 Safari/537.36"
188.246.39.235 - - [24/Aug/2019:08:15:38 +0000] "GET /uploads/thumbnails/e2f85641f091607835ef1e2c65529c2a.jpg HTTP/1.1" 200 44139 "https://www.citadela.hr/" "Mozilla/5.0 (Windows NT 6.2; Win64; x64) AppleWebKit/537.36 (KHTML, like Gecko) Chrome/72.0.3626.121 Safari/537.36"
188.246.39.235 - - [24/Aug/2019:08:15:38 +0000] "GET /uploads/thumbnails/d88237410243ed4f971cfca527be5367.jpg HTTP/1.1" 200 53585 "https://www.citadela.hr/" "Mozilla/5.0 (Windows NT 6.2; Win64; x64) AppleWebKit/537.36 (KHTML, like Gecko) Chrome/72.0.3626.121 Safari/537.36"
188.246.39.235 - - [24/Aug/2019:08:15:38 +0000] "GET /uploads/thumbnails/637f734f3f66250d52f27e7aa9a9c97d.jpg HTTP/1.1" 200 66236 "https://www.citadela.hr/" "Mozilla/5.0 (Windows NT 6.2; Win64; x64) AppleWebKit/537.36 (KHTML, like Gecko) Chrome/72.0.3626.121 Safari/537.36"
188.246.39.235 - - [24/Aug/2019:08:15:38 +0000] "GET /uploads/thumbnails/c29da346589ecace8f77a2de714c55d5.jpg HTTP/1.1" 200 60477 "https://www.citadela.hr/" "Mozilla/5.0 (Windows NT 6.2; Win64; x64) AppleWebKit/537.36 (KHTML, like Gecko) Chrome/72.0.3626.121 Safari/537.36"
66.249.73.154 - - [24/Aug/2019:08:16:29 +0000] "GET /en/search?category=&type=&place=3&area=&price=200000&surface= HTTP/1.1" 500 4485 "-" "Mozilla/5.0 (Linux; Android 6.0.1; Nexus 5X Build/MMB29P) AppleWebKit/537.36 (KHTML, like Gecko) Chrome/41.0.2272.96 Mobile Safari/537.36 (compatible; Googlebot/2.1; +http://www.google.com/bot.html)"
66.249.73.154 - - [24/Aug/2019:08:17:29 +0000] "GET /en/search?category=&type=&place=53&area=&price=1000000&surface=100 HTTP/1.1" 500 4485 "-" "Mozilla/5.0 (Linux; Android 6.0.1; Nexus 5X Build/MMB29P) AppleWebKit/537.36 (KHTML, like Gecko) Chrome/41.0.2272.96 Mobile Safari/537.36 (compatible; Googlebot/2.1; +http://www.google.com/bot.html)"
66.249.73.154 - - [24/Aug/2019:08:18:29 +0000] "GET /en/search?category=&type=&place=38&area=&price=500000&surface=200 HTTP/1.1" 500 4485 "-" "Mozilla/5.0 (Linux; Android 6.0.1; Nexus 5X Build/MMB29P) AppleWebKit/537.36 (KHTML, like Gecko) Chrome/41.0.2272.96 Mobile Safari/537.36 (compatible; Googlebot/2.1; +http://www.google.com/bot.html)"
66.249.73.156 - - [24/Aug/2019:08:19:29 +0000] "GET /hr/pretraga?category=&type=&place=4&area=&price=200000&surface=50 HTTP/1.1" 500 4485 "-" "Mozilla/5.0 (Linux; Android 6.0.1; Nexus 5X Build/MMB29P) AppleWebKit/537.36 (KHTML, like Gecko) Chrome/41.0.2272.96 Mobile Safari/537.36 (compatible; Googlebot/2.1; +http://www.google.com/bot.html)"
66.249.73.154 - - [24/Aug/2019:08:20:29 +0000] "GET /hr/pretraga?category=&type=&place=5&area=&price=500000&surface=100 HTTP/1.1" 500 4485 "-" "Mozilla/5.0 (Linux; Android 6.0.1; Nexus 5X Build/MMB29P) AppleWebKit/537.36 (KHTML, like Gecko) Chrome/41.0.2272.96 Mobile Safari/537.36 (compatible; Googlebot/2.1; +http://www.google.com/bot.html)"
66.249.73.154 - - [24/Aug/2019:08:21:29 +0000] "GET /hr/pretraga?category=&type=&place=58&area=160&price=500000&surface= HTTP/1.1" 500 4485 "-" "Mozilla/5.0 (Linux; Android 6.0.1; Nexus 5X Build/MMB29P) AppleWebKit/537.36 (KHTML, like Gecko) Chrome/41.0.2272.96 Mobile Safari/537.36 (compatible; Googlebot/2.1; +http://www.google.com/bot.html)"
66.249.73.158 - - [24/Aug/2019:08:24:29 +0000] "GET /en/search?category=&type=&place=38&area=&price=500000&surface=200 HTTP/1.1" 500 4485 "-" "Mozilla/5.0 (Linux; Android 6.0.1; Nexus 5X Build/MMB29P) AppleWebKit/537.36 (KHTML, like Gecko) Chrome/41.0.2272.96 Mobile Safari/537.36 (compatible; Googlebot/2.1; +http://www.google.com/bot.html)"
66.249.73.156 - - [24/Aug/2019:08:25:29 +0000] "GET /hr/pretraga?category=&type=&place=49&area=&price=1000000&surface=100 HTTP/1.1" 500 4485 "-" "Mozilla/5.0 (Linux; Android 6.0.1; Nexus 5X Build/MMB29P) AppleWebKit/537.36 (KHTML, like Gecko) Chrome/41.0.2272.96 Mobile Safari/537.36 (compatible; Googlebot/2.1; +http://www.google.com/bot.html)"
66.249.73.154 - - [24/Aug/2019:08:26:29 +0000] "GET /hr/pretraga?category=&type=&place=4&area=&price=200000&surface=50 HTTP/1.1" 500 4485 "-" "Mozilla/5.0 (Linux; Android 6.0.1; Nexus 5X Build/MMB29P) AppleWebKit/537.36 (KHTML, like Gecko) Chrome/41.0.2272.96 Mobile Safari/537.36 (compatible; Googlebot/2.1; +http://www.google.com/bot.html)"
66.249.73.156 - - [24/Aug/2019:08:27:29 +0000] "GET /hr/pretraga?category=&type=&place=58&area=160&price=500000&surface= HTTP/1.1" 500 4485 "-" "Mozilla/5.0 (Linux; Android 6.0.1; Nexus 5X Build/MMB29P) AppleWebKit/537.36 (KHTML, like Gecko) Chrome/41.0.2272.96 Mobile Safari/537.36 (compatible; Googlebot/2.1; +http://www.google.com/bot.html)"
66.249.73.158 - - [24/Aug/2019:08:29:29 +0000] "GET /en/search?category=&place=2&price=500000&surface=200 HTTP/1.1" 500 4485 "-" "Mozilla/5.0 (Linux; Android 6.0.1; Nexus 5X Build/MMB29P) AppleWebKit/537.36 (KHTML, like Gecko) Chrome/41.0.2272.96 Mobile Safari/537.36 (compatible; Googlebot/2.1; +http://www.google.com/bot.html)"
95.168.124.180 - - [24/Aug/2019:08:29:49 +0000] "GET /pretraga?category=&place=40&price=&surface= HTTP/1.1" 200 4478 "-" "Mozilla/5.0 (Linux; Android 8.1.0; SAMSUNG SM-J530F Build/M1AJQ) AppleWebKit/537.36 (KHTML, like Gecko) SamsungBrowser/9.4 Chrome/67.0.3396.87 Mobile Safari/537.36"
95.168.124.180 - - [24/Aug/2019:08:29:50 +0000] "GET /uploads/thumbnails/45e534b54c6fb189a72b425ea43be0e6.jpg HTTP/1.1" 200 55401 "https://www.citadela.hr/pretraga?category=&place=40&price=&surface=" "Mozilla/5.0 (Linux; Android 8.1.0; SAMSUNG SM-J530F Build/M1AJQ) AppleWebKit/537.36 (KHTML, like Gecko) SamsungBrowser/9.4 Chrome/67.0.3396.87 Mobile Safari/537.36"
95.168.124.180 - - [24/Aug/2019:08:29:50 +0000] "GET /uploads/thumbnails/135bb1ac3d8f9a51eda9a4dc4ef8ed32.JPG HTTP/1.1" 200 54034 "https://www.citadela.hr/pretraga?category=&place=40&price=&surface=" "Mozilla/5.0 (Linux; Android 8.1.0; SAMSUNG SM-J530F Build/M1AJQ) AppleWebKit/537.36 (KHTML, like Gecko) SamsungBrowser/9.4 Chrome/67.0.3396.87 Mobile Safari/537.36"
95.168.124.180 - - [24/Aug/2019:08:29:51 +0000] "GET /uploads/thumbnails/437c468920226cbacd560e10a3785b34.JPG HTTP/1.1" 200 48851 "https://www.citadela.hr/pretraga?category=&place=40&price=&surface=" "Mozilla/5.0 (Linux; Android 8.1.0; SAMSUNG SM-J530F Build/M1AJQ) AppleWebKit/537.36 (KHTML, like Gecko) SamsungBrowser/9.4 Chrome/67.0.3396.87 Mobile Safari/537.36"
95.168.124.180 - - [24/Aug/2019:08:29:51 +0000] "GET /fonts/fontawesome-webfont.woff2?v=4.7.0 HTTP/1.1" 200 77160 "https://www.citadela.hr/css/font-awesome.css" "Mozilla/5.0 (Linux; Android 8.1.0; SAMSUNG SM-J530F Build/M1AJQ) AppleWebKit/537.36 (KHTML, like Gecko) SamsungBrowser/9.4 Chrome/67.0.3396.87 Mobile Safari/537.36"
95.168.124.180 - - [24/Aug/2019:08:29:51 +0000] "GET /img/banner/banner.png HTTP/1.1" 200 188379 "https://www.citadela.hr/css/style.css?v=2" "Mozilla/5.0 (Linux; Android 8.1.0; SAMSUNG SM-J530F Build/M1AJQ) AppleWebKit/537.36 (KHTML, like Gecko) SamsungBrowser/9.4 Chrome/67.0.3396.87 Mobile Safari/537.36"
95.168.124.180 - - [24/Aug/2019:08:30:08 +0000] "GET /kuce/biograd-na-moru-kuca-s-9-apartmana-508-m2 HTTP/1.1" 200 5638 "https://www.citadela.hr/pretraga?category=&place=40&price=&surface=" "Mozilla/5.0 (Linux; Android 8.1.0; SAMSUNG SM-J530F Build/M1AJQ) AppleWebKit/537.36 (KHTML, like Gecko) SamsungBrowser/9.4 Chrome/67.0.3396.87 Mobile Safari/537.36"
95.168.124.180 - - [24/Aug/2019:08:30:09 +0000] "GET /uploads/thumbnails/fd7e2c6b8a6b227b05faabc0c89c26b8.JPG HTTP/1.1" 200 53233 "https://www.citadela.hr/kuce/biograd-na-moru-kuca-s-9-apartmana-508-m2" "Mozilla/5.0 (Linux; Android 8.1.0; SAMSUNG SM-J530F Build/M1AJQ) AppleWebKit/537.36 (KHTML, like Gecko) SamsungBrowser/9.4 Chrome/67.0.3396.87 Mobile Safari/537.36"
95.168.124.180 - - [24/Aug/2019:08:30:09 +0000] "GET /uploads/thumbnails/ce8ea049f92a7157f55f6e11a253f3f9.JPG HTTP/1.1" 200 55949 "https://www.citadela.hr/kuce/biograd-na-moru-kuca-s-9-apartmana-508-m2" "Mozilla/5.0 (Linux; Android 8.1.0; SAMSUNG SM-J530F Build/M1AJQ) AppleWebKit/537.36 (KHTML, like Gecko) SamsungBrowser/9.4 Chrome/67.0.3396.87 Mobile Safari/537.36"
95.168.124.180 - - [24/Aug/2019:08:30:09 +0000] "GET /uploads/thumbnails/23e816a101d20fb513b2e17dc48c8625.jpg HTTP/1.1" 200 44990 "https://www.citadela.hr/kuce/biograd-na-moru-kuca-s-9-apartmana-508-m2" "Mozilla/5.0 (Linux; Android 8.1.0; SAMSUNG SM-J530F Build/M1AJQ) AppleWebKit/537.36 (KHTML, like Gecko) SamsungBrowser/9.4 Chrome/67.0.3396.87 Mobile Safari/537.36"
95.168.124.180 - - [24/Aug/2019:08:30:09 +0000] "GET /uploads/thumbnails/4b734c8f568f0f0332d8ffe41ad9b7c7.jpg HTTP/1.1" 200 43485 "https://www.citadela.hr/kuce/biograd-na-moru-kuca-s-9-apartmana-508-m2" "Mozilla/5.0 (Linux; Android 8.1.0; SAMSUNG SM-J530F Build/M1AJQ) AppleWebKit/537.36 (KHTML, like Gecko) SamsungBrowser/9.4 Chrome/67.0.3396.87 Mobile Safari/537.36"
95.168.124.180 - - [24/Aug/2019:08:30:09 +0000] "GET /uploads/thumbnails/21eb1352fbe4703c3a5bf456182e3d47.jpg HTTP/1.1" 200 57175 "https://www.citadela.hr/kuce/biograd-na-moru-kuca-s-9-apartmana-508-m2" "Mozilla/5.0 (Linux; Android 8.1.0; SAMSUNG SM-J530F Build/M1AJQ) AppleWebKit/537.36 (KHTML, like Gecko) SamsungBrowser/9.4 Chrome/67.0.3396.87 Mobile Safari/537.36"
95.168.124.180 - - [24/Aug/2019:08:30:09 +0000] "GET /uploads/thumbnails/45ec36eccd7c04058b757eaca8176c7a.jpg HTTP/1.1" 200 43360 "https://www.citadela.hr/kuce/biograd-na-moru-kuca-s-9-apartmana-508-m2" "Mozilla/5.0 (Linux; Android 8.1.0; SAMSUNG SM-J530F Build/M1AJQ) AppleWebKit/537.36 (KHTML, like Gecko) SamsungBrowser/9.4 Chrome/67.0.3396.87 Mobile Safari/537.36"
95.168.124.180 - - [24/Aug/2019:08:30:09 +0000] "GET /uploads/thumbnails/3630777f8f01912413e60e440fc7a1e2.jpg HTTP/1.1" 200 29005 "https://www.citadela.hr/kuce/biograd-na-moru-kuca-s-9-apartmana-508-m2" "Mozilla/5.0 (Linux; Android 8.1.0; SAMSUNG SM-J530F Build/M1AJQ) AppleWebKit/537.36 (KHTML, like Gecko) SamsungBrowser/9.4 Chrome/67.0.3396.87 Mobile Safari/537.36"
95.168.124.180 - - [24/Aug/2019:08:30:09 +0000] "GET /uploads/thumbnails/a8168d107ca6a17aa5977de3c7391a2e.jpg HTTP/1.1" 200 49666 "https://www.citadela.hr/kuce/biograd-na-moru-kuca-s-9-apartmana-508-m2" "Mozilla/5.0 (Linux; Android 8.1.0; SAMSUNG SM-J530F Build/M1AJQ) AppleWebKit/537.36 (KHTML, like Gecko) SamsungBrowser/9.4 Chrome/67.0.3396.87 Mobile Safari/537.36"
95.168.124.180 - - [24/Aug/2019:08:30:09 +0000] "GET /uploads/thumbnails/8699a2251762dda9e66b88379c9b2cfc.JPG HTTP/1.1" 200 54100 "https://www.citadela.hr/kuce/biograd-na-moru-kuca-s-9-apartmana-508-m2" "Mozilla/5.0 (Linux; Android 8.1.0; SAMSUNG SM-J530F Build/M1AJQ) AppleWebKit/537.36 (KHTML, like Gecko) SamsungBrowser/9.4 Chrome/67.0.3396.87 Mobile Safari/537.36"
95.168.124.180 - - [24/Aug/2019:08:30:10 +0000] "GET /uploads/images/8699a2251762dda9e66b88379c9b2cfc.JPG HTTP/1.1" 200 344866 "https://www.citadela.hr/kuce/biograd-na-moru-kuca-s-9-apartmana-508-m2" "Mozilla/5.0 (Linux; Android 8.1.0; SAMSUNG SM-J530F Build/M1AJQ) AppleWebKit/537.36 (KHTML, like Gecko) SamsungBrowser/9.4 Chrome/67.0.3396.87 Mobile Safari/537.36"
95.168.124.180 - - [24/Aug/2019:08:30:10 +0000] "GET /uploads/images/135bb1ac3d8f9a51eda9a4dc4ef8ed32.JPG HTTP/1.1" 200 336575 "https://www.citadela.hr/kuce/biograd-na-moru-kuca-s-9-apartmana-508-m2" "Mozilla/5.0 (Linux; Android 8.1.0; SAMSUNG SM-J530F Build/M1AJQ) AppleWebKit/537.36 (KHTML, like Gecko) SamsungBrowser/9.4 Chrome/67.0.3396.87 Mobile Safari/537.36"
95.168.124.180 - - [24/Aug/2019:08:30:10 +0000] "GET /uploads/images/fd7e2c6b8a6b227b05faabc0c89c26b8.JPG HTTP/1.1" 200 323817 "https://www.citadela.hr/kuce/biograd-na-moru-kuca-s-9-apartmana-508-m2" "Mozilla/5.0 (Linux; Android 8.1.0; SAMSUNG SM-J530F Build/M1AJQ) AppleWebKit/537.36 (KHTML, like Gecko) SamsungBrowser/9.4 Chrome/67.0.3396.87 Mobile Safari/537.36"
66.249.73.158 - - [24/Aug/2019:08:30:29 +0000] "GET /pretraga?category=&type=&place=38&area=157&price=1000000&surface=10 HTTP/1.1" 500 4485 "-" "Mozilla/5.0 (Linux; Android 6.0.1; Nexus 5X Build/MMB29P) AppleWebKit/537.36 (KHTML, like Gecko) Chrome/41.0.2272.96 Mobile Safari/537.36 (compatible; Googlebot/2.1; +http://www.google.com/bot.html)"
