66.249.73.154 - - [24/Aug/2019:15:58:42 +0000] "GET /pretraga?category=&type=&place=36&area=&price=&surface=50 HTTP/1.1" 500 4485 "-" "Mozilla/5.0 (Linux; Android 6.0.1; Nexus 5X Build/MMB29P) AppleWebKit/537.36 (KHTML, like Gecko) Chrome/41.0.2272.96 Mobile Safari/537.36 (compatible; Googlebot/2.1; +http://www.google.com/bot.html)"
66.249.73.158 - - [24/Aug/2019:16:01:18 +0000] "GET /pretraga?category=&type=&place=43&area=&price=50000&surface=100 HTTP/1.1" 500 4485 "-" "Mozilla/5.0 (Linux; Android 6.0.1; Nexus 5X Build/MMB29P) AppleWebKit/537.36 (KHTML, like Gecko) Chrome/41.0.2272.96 Mobile Safari/537.36 (compatible; Googlebot/2.1; +http://www.google.com/bot.html)"
66.249.73.158 - - [24/Aug/2019:16:07:25 +0000] "GET /pretraga?category=&type=&place=43&area=&price=50000&surface=100 HTTP/1.1" 500 4485 "-" "Mozilla/5.0 (Linux; Android 6.0.1; Nexus 5X Build/MMB29P) AppleWebKit/537.36 (KHTML, like Gecko) Chrome/41.0.2272.96 Mobile Safari/537.36 (compatible; Googlebot/2.1; +http://www.google.com/bot.html)"
66.249.73.154 - - [24/Aug/2019:16:07:48 +0000] "GET /pretraga?category=&type=&place=36&area=161&price=&surface= HTTP/1.1" 500 4485 "-" "Mozilla/5.0 (Linux; Android 6.0.1; Nexus 5X Build/MMB29P) AppleWebKit/537.36 (KHTML, like Gecko) Chrome/41.0.2272.96 Mobile Safari/537.36 (compatible; Googlebot/2.1; +http://www.google.com/bot.html)"
66.249.73.154 - - [24/Aug/2019:16:08:32 +0000] "GET /hr/pretraga?category=&type=&place=5&area=&price=500000&surface=10 HTTP/1.1" 500 4485 "-" "Mozilla/5.0 (Linux; Android 6.0.1; Nexus 5X Build/MMB29P) AppleWebKit/537.36 (KHTML, like Gecko) Chrome/41.0.2272.96 Mobile Safari/537.36 (compatible; Googlebot/2.1; +http://www.google.com/bot.html)"
66.249.73.156 - - [24/Aug/2019:16:09:25 +0000] "GET /pretraga?category=&type=&place=5&area=&price=500000&surface=50 HTTP/1.1" 500 4485 "-" "Mozilla/5.0 (Linux; Android 6.0.1; Nexus 5X Build/MMB29P) AppleWebKit/537.36 (KHTML, like Gecko) Chrome/41.0.2272.96 Mobile Safari/537.36 (compatible; Googlebot/2.1; +http://www.google.com/bot.html)"
66.249.73.156 - - [24/Aug/2019:16:09:38 +0000] "GET /pretraga?category=&type=&place=58&area=229&price=200000&surface=10 HTTP/1.1" 500 4485 "-" "Mozilla/5.0 (Linux; Android 6.0.1; Nexus 5X Build/MMB29P) AppleWebKit/537.36 (KHTML, like Gecko) Chrome/41.0.2272.96 Mobile Safari/537.36 (compatible; Googlebot/2.1; +http://www.google.com/bot.html)"
66.249.73.156 - - [24/Aug/2019:16:10:33 +0000] "GET /pretraga?category=&type=&place=36&area=162&price=100000&surface=200 HTTP/1.1" 500 4485 "-" "Mozilla/5.0 (Linux; Android 6.0.1; Nexus 5X Build/MMB29P) AppleWebKit/537.36 (KHTML, like Gecko) Chrome/41.0.2272.96 Mobile Safari/537.36 (compatible; Googlebot/2.1; +http://www.google.com/bot.html)"
66.249.73.156 - - [24/Aug/2019:16:11:08 +0000] "GET /en/search?category=&type=&place=43&area=&price=200000&surface= HTTP/1.1" 500 4485 "-" "Mozilla/5.0 (Linux; Android 6.0.1; Nexus 5X Build/MMB29P) AppleWebKit/537.36 (KHTML, like Gecko) Chrome/41.0.2272.96 Mobile Safari/537.36 (compatible; Googlebot/2.1; +http://www.google.com/bot.html)"
66.249.73.154 - - [24/Aug/2019:16:11:37 +0000] "GET /pretraga?category=&type=&place=36&area=167&price=200000&surface=200 HTTP/1.1" 500 4485 "-" "Mozilla/5.0 (Linux; Android 6.0.1; Nexus 5X Build/MMB29P) AppleWebKit/537.36 (KHTML, like Gecko) Chrome/41.0.2272.96 Mobile Safari/537.36 (compatible; Googlebot/2.1; +http://www.google.com/bot.html)"
66.249.73.154 - - [24/Aug/2019:16:17:54 +0000] "GET /hr/pretraga?category=&type=&place=41&area=&price=200000&surface=100 HTTP/1.1" 500 4485 "-" "Mozilla/5.0 (Linux; Android 6.0.1; Nexus 5X Build/MMB29P) AppleWebKit/537.36 (KHTML, like Gecko) Chrome/41.0.2272.96 Mobile Safari/537.36 (compatible; Googlebot/2.1; +http://www.google.com/bot.html)"
66.249.73.156 - - [24/Aug/2019:16:18:32 +0000] "GET /hr/pretraga?category=&type=&place=41&area=&price=1000000&surface=10 HTTP/1.1" 500 4485 "-" "Mozilla/5.0 (Linux; Android 6.0.1; Nexus 5X Build/MMB29P) AppleWebKit/537.36 (KHTML, like Gecko) Chrome/41.0.2272.96 Mobile Safari/537.36 (compatible; Googlebot/2.1; +http://www.google.com/bot.html)"
66.249.73.158 - - [24/Aug/2019:16:19:06 +0000] "GET /en/search?category=&type=&place=36&area=172&price=300000&surface=100 HTTP/1.1" 500 4485 "-" "Mozilla/5.0 (Linux; Android 6.0.1; Nexus 5X Build/MMB29P) AppleWebKit/537.36 (KHTML, like Gecko) Chrome/41.0.2272.96 Mobile Safari/537.36 (compatible; Googlebot/2.1; +http://www.google.com/bot.html)"
66.249.73.156 - - [24/Aug/2019:16:19:29 +0000] "GET /pretraga?category=&type=&place=58&area=229&price=500000&surface= HTTP/1.1" 500 4485 "-" "Mozilla/5.0 (Linux; Android 6.0.1; Nexus 5X Build/MMB29P) AppleWebKit/537.36 (KHTML, like Gecko) Chrome/41.0.2272.96 Mobile Safari/537.36 (compatible; Googlebot/2.1; +http://www.google.com/bot.html)"
66.249.73.154 - - [24/Aug/2019:16:19:44 +0000] "GET /pretraga?category=&type=&place=36&area=159&price=100000&surface=10 HTTP/1.1" 500 4485 "-" "Mozilla/5.0 (Linux; Android 6.0.1; Nexus 5X Build/MMB29P) AppleWebKit/537.36 (KHTML, like Gecko) Chrome/41.0.2272.96 Mobile Safari/537.36 (compatible; Googlebot/2.1; +http://www.google.com/bot.html)"
66.249.73.154 - - [24/Aug/2019:16:20:09 +0000] "GET /pretraga?category=&type=&place=36&area=167&price=200000&surface=200 HTTP/1.1" 500 4485 "-" "Mozilla/5.0 (Linux; Android 6.0.1; Nexus 5X Build/MMB29P) AppleWebKit/537.36 (KHTML, like Gecko) Chrome/41.0.2272.96 Mobile Safari/537.36 (compatible; Googlebot/2.1; +http://www.google.com/bot.html)"
66.249.73.154 - - [24/Aug/2019:16:20:24 +0000] "GET /en/search?category=&type=&place=7&area=&price=100000&surface=100 HTTP/1.1" 500 4485 "-" "Mozilla/5.0 (Linux; Android 6.0.1; Nexus 5X Build/MMB29P) AppleWebKit/537.36 (KHTML, like Gecko) Chrome/41.0.2272.96 Mobile Safari/537.36 (compatible; Googlebot/2.1; +http://www.google.com/bot.html)"
66.249.73.154 - - [24/Aug/2019:16:20:44 +0000] "GET /en/search?category=&type=sale&place=37&area=&price=1000000&surface=10 HTTP/1.1" 500 4485 "-" "Mozilla/5.0 (Linux; Android 6.0.1; Nexus 5X Build/MMB29P) AppleWebKit/537.36 (KHTML, like Gecko) Chrome/41.0.2272.96 Mobile Safari/537.36 (compatible; Googlebot/2.1; +http://www.google.com/bot.html)"
66.249.73.154 - - [24/Aug/2019:16:21:49 +0000] "GET /pretraga?category=&type=&place=58&area=229&price=500000&surface=10 HTTP/1.1" 500 4485 "-" "Mozilla/5.0 (Linux; Android 6.0.1; Nexus 5X Build/MMB29P) AppleWebKit/537.36 (KHTML, like Gecko) Chrome/41.0.2272.96 Mobile Safari/537.36 (compatible; Googlebot/2.1; +http://www.google.com/bot.html)"
188.105.195.180 - - [24/Aug/2019:16:22:47 +0000] "GET /uploads/thumbnails/13d57e856cb278809fa9ecc970f5930c.jpg HTTP/1.1" 200 52855 "https://www.google.de/" "Mozilla/5.0 (Windows NT 10.0; Win64; x64) AppleWebKit/537.36 (KHTML, like Gecko) Chrome/70.0.3538.102 Safari/537.36 Edge/18.18362"
188.105.195.180 - - [24/Aug/2019:16:22:49 +0000] "GET /en/houses/veli-iz-pansion-prvi-red-do-mora-46340-m2-okucnica-1688-m2 HTTP/1.1" 200 6148 "https://www.google.de/" "Mozilla/5.0 (Windows NT 10.0; Win64; x64) AppleWebKit/537.36 (KHTML, like Gecko) Chrome/70.0.3538.102 Safari/537.36 Edge/18.18362"
188.105.195.180 - - [24/Aug/2019:16:22:50 +0000] "GET /css/font-awesome.css HTTP/1.1" 200 7439 "https://www.citadela.hr/en/houses/veli-iz-pansion-prvi-red-do-mora-46340-m2-okucnica-1688-m2" "Mozilla/5.0 (Windows NT 10.0; Win64; x64) AppleWebKit/537.36 (KHTML, like Gecko) Chrome/70.0.3538.102 Safari/537.36 Edge/18.18362"
188.105.195.180 - - [24/Aug/2019:16:22:50 +0000] "GET /fonts/flaticon.css HTTP/1.1" 200 699 "https://www.citadela.hr/en/houses/veli-iz-pansion-prvi-red-do-mora-46340-m2-okucnica-1688-m2" "Mozilla/5.0 (Windows NT 10.0; Win64; x64) AppleWebKit/537.36 (KHTML, like Gecko) Chrome/70.0.3538.102 Safari/537.36 Edge/18.18362"
188.105.195.180 - - [24/Aug/2019:16:22:50 +0000] "GET /css/jslider.css HTTP/1.1" 200 763 "https://www.citadela.hr/en/houses/veli-iz-pansion-prvi-red-do-mora-46340-m2-okucnica-1688-m2" "Mozilla/5.0 (Windows NT 10.0; Win64; x64) AppleWebKit/537.36 (KHTML, like Gecko) Chrome/70.0.3538.102 Safari/537.36 Edge/18.18362"
188.105.195.180 - - [24/Aug/2019:16:22:50 +0000] "GET /css/bootstrap.css HTTP/1.1" 200 20712 "https://www.citadela.hr/en/houses/veli-iz-pansion-prvi-red-do-mora-46340-m2-okucnica-1688-m2" "Mozilla/5.0 (Windows NT 10.0; Win64; x64) AppleWebKit/537.36 (KHTML, like Gecko) Chrome/70.0.3538.102 Safari/537.36 Edge/18.18362"
188.105.195.180 - - [24/Aug/2019:16:22:50 +0000] "GET /css/style.css?v=2 HTTP/1.1" 200 17441 "https://www.citadela.hr/en/houses/veli-iz-pansion-prvi-red-do-mora-46340-m2-okucnica-1688-m2" "Mozilla/5.0 (Windows NT 10.0; Win64; x64) AppleWebKit/537.36 (KHTML, like Gecko) Chrome/70.0.3538.102 Safari/537.36 Edge/18.18362"
188.105.195.180 - - [24/Aug/2019:16:22:50 +0000] "GET /css/colors/blue.css?v=2 HTTP/1.1" 200 3552 "https://www.citadela.hr/en/houses/veli-iz-pansion-prvi-red-do-mora-46340-m2-okucnica-1688-m2" "Mozilla/5.0 (Windows NT 10.0; Win64; x64) AppleWebKit/537.36 (KHTML, like Gecko) Chrome/70.0.3538.102 Safari/537.36 Edge/18.18362"
188.105.195.180 - - [24/Aug/2019:16:22:50 +0000] "GET /css/responsive.css HTTP/1.1" 200 2788 "https://www.citadela.hr/en/houses/veli-iz-pansion-prvi-red-do-mora-46340-m2-okucnica-1688-m2" "Mozilla/5.0 (Windows NT 10.0; Win64; x64) AppleWebKit/537.36 (KHTML, like Gecko) Chrome/70.0.3538.102 Safari/537.36 Edge/18.18362"
188.105.195.180 - - [24/Aug/2019:16:22:50 +0000] "GET /unitegallery/css/unite-gallery.css HTTP/1.1" 200 4825 "https://www.citadela.hr/en/houses/veli-iz-pansion-prvi-red-do-mora-46340-m2-okucnica-1688-m2" "Mozilla/5.0 (Windows NT 10.0; Win64; x64) AppleWebKit/537.36 (KHTML, like Gecko) Chrome/70.0.3538.102 Safari/537.36 Edge/18.18362"
188.105.195.180 - - [24/Aug/2019:16:22:50 +0000] "GET /assets/plugins/flag/css/flag-icon.css HTTP/1.1" 200 2837 "https://www.citadela.hr/en/houses/veli-iz-pansion-prvi-red-do-mora-46340-m2-okucnica-1688-m2" "Mozilla/5.0 (Windows NT 10.0; Win64; x64) AppleWebKit/537.36 (KHTML, like Gecko) Chrome/70.0.3538.102 Safari/537.36 Edge/18.18362"
188.105.195.180 - - [24/Aug/2019:16:22:50 +0000] "GET /css/loader.css?v=2 HTTP/1.1" 200 772 "https://www.citadela.hr/en/houses/veli-iz-pansion-prvi-red-do-mora-46340-m2-okucnica-1688-m2" "Mozilla/5.0 (Windows NT 10.0; Win64; x64) AppleWebKit/537.36 (KHTML, like Gecko) Chrome/70.0.3538.102 Safari/537.36 Edge/18.18362"
188.105.195.180 - - [24/Aug/2019:16:22:50 +0000] "GET /img/logo_header.png?v=2 HTTP/1.1" 200 4348 "https://www.citadela.hr/en/houses/veli-iz-pansion-prvi-red-do-mora-46340-m2-okucnica-1688-m2" "Mozilla/5.0 (Windows NT 10.0; Win64; x64) AppleWebKit/537.36 (KHTML, like Gecko) Chrome/70.0.3538.102 Safari/537.36 Edge/18.18362"
188.105.195.180 - - [24/Aug/2019:16:22:50 +0000] "GET /uploads/thumbnails/c3786d9ced9e0c939d2a2b2624a95b83.jpg HTTP/1.1" 200 43314 "https://www.citadela.hr/en/houses/veli-iz-pansion-prvi-red-do-mora-46340-m2-okucnica-1688-m2" "Mozilla/5.0 (Windows NT 10.0; Win64; x64) AppleWebKit/537.36 (KHTML, like Gecko) Chrome/70.0.3538.102 Safari/537.36 Edge/18.18362"
188.105.195.180 - - [24/Aug/2019:16:22:50 +0000] "GET /uploads/thumbnails/c48228d265c34c38b2b30d9adbff59a4.jpg HTTP/1.1" 200 59785 "https://www.citadela.hr/en/houses/veli-iz-pansion-prvi-red-do-mora-46340-m2-okucnica-1688-m2" "Mozilla/5.0 (Windows NT 10.0; Win64; x64) AppleWebKit/537.36 (KHTML, like Gecko) Chrome/70.0.3538.102 Safari/537.36 Edge/18.18362"
188.105.195.180 - - [24/Aug/2019:16:22:50 +0000] "GET /uploads/thumbnails/bd8dbf113376ca05344ce3d5e4309f4b.jpg HTTP/1.1" 200 57945 "https://www.citadela.hr/en/houses/veli-iz-pansion-prvi-red-do-mora-46340-m2-okucnica-1688-m2" "Mozilla/5.0 (Windows NT 10.0; Win64; x64) AppleWebKit/537.36 (KHTML, like Gecko) Chrome/70.0.3538.102 Safari/537.36 Edge/18.18362"
188.105.195.180 - - [24/Aug/2019:16:22:50 +0000] "GET /uploads/thumbnails/b01a94f87a32ae3374623ee6cb313533.jpg HTTP/1.1" 200 65835 "https://www.citadela.hr/en/houses/veli-iz-pansion-prvi-red-do-mora-46340-m2-okucnica-1688-m2" "Mozilla/5.0 (Windows NT 10.0; Win64; x64) AppleWebKit/537.36 (KHTML, like Gecko) Chrome/70.0.3538.102 Safari/537.36 Edge/18.18362"
188.105.195.180 - - [24/Aug/2019:16:22:50 +0000] "GET /uploads/thumbnails/35f2ca849419643c5bd385a33f69d688.jpg HTTP/1.1" 200 63250 "https://www.citadela.hr/en/houses/veli-iz-pansion-prvi-red-do-mora-46340-m2-okucnica-1688-m2" "Mozilla/5.0 (Windows NT 10.0; Win64; x64) AppleWebKit/537.36 (KHTML, like Gecko) Chrome/70.0.3538.102 Safari/537.36 Edge/18.18362"
188.105.195.180 - - [24/Aug/2019:16:22:50 +0000] "GET /uploads/thumbnails/45165545b215bea6da0336e0a83fd0cf.jpg HTTP/1.1" 200 63445 "https://www.citadela.hr/en/houses/veli-iz-pansion-prvi-red-do-mora-46340-m2-okucnica-1688-m2" "Mozilla/5.0 (Windows NT 10.0; Win64; x64) AppleWebKit/537.36 (KHTML, like Gecko) Chrome/70.0.3538.102 Safari/537.36 Edge/18.18362"
188.105.195.180 - - [24/Aug/2019:16:22:50 +0000] "GET /uploads/thumbnails/1a24b12349cf00ac529a2bbd8c912c6c.jpg HTTP/1.1" 200 31346 "https://www.citadela.hr/en/houses/veli-iz-pansion-prvi-red-do-mora-46340-m2-okucnica-1688-m2" "Mozilla/5.0 (Windows NT 10.0; Win64; x64) AppleWebKit/537.36 (KHTML, like Gecko) Chrome/70.0.3538.102 Safari/537.36 Edge/18.18362"
188.105.195.180 - - [24/Aug/2019:16:22:51 +0000] "GET /uploads/thumbnails/8e6337affd0c2a2fea899a280f9e0b1c.jpg HTTP/1.1" 200 29151 "https://www.citadela.hr/en/houses/veli-iz-pansion-prvi-red-do-mora-46340-m2-okucnica-1688-m2" "Mozilla/5.0 (Windows NT 10.0; Win64; x64) AppleWebKit/537.36 (KHTML, like Gecko) Chrome/70.0.3538.102 Safari/537.36 Edge/18.18362"
188.105.195.180 - - [24/Aug/2019:16:22:51 +0000] "GET /img/mate.jpg HTTP/1.1" 200 14037 "https://www.citadela.hr/en/houses/veli-iz-pansion-prvi-red-do-mora-46340-m2-okucnica-1688-m2" "Mozilla/5.0 (Windows NT 10.0; Win64; x64) AppleWebKit/537.36 (KHTML, like Gecko) Chrome/70.0.3538.102 Safari/537.36 Edge/18.18362"
188.105.195.180 - - [24/Aug/2019:16:22:51 +0000] "GET /uploads/thumbnails/21877cd9b10507f3f9819724bcbdc000.jpg HTTP/1.1" 200 47899 "https://www.citadela.hr/en/houses/veli-iz-pansion-prvi-red-do-mora-46340-m2-okucnica-1688-m2" "Mozilla/5.0 (Windows NT 10.0; Win64; x64) AppleWebKit/537.36 (KHTML, like Gecko) Chrome/70.0.3538.102 Safari/537.36 Edge/18.18362"
188.105.195.180 - - [24/Aug/2019:16:22:51 +0000] "GET /js/jquery.min.js HTTP/1.1" 200 33760 "https://www.citadela.hr/en/houses/veli-iz-pansion-prvi-red-do-mora-46340-m2-okucnica-1688-m2" "Mozilla/5.0 (Windows NT 10.0; Win64; x64) AppleWebKit/537.36 (KHTML, like Gecko) Chrome/70.0.3538.102 Safari/537.36 Edge/18.18362"
188.105.195.180 - - [24/Aug/2019:16:22:51 +0000] "GET /uploads/thumbnails/6609f8f5c63efb6cd1e4941c584dce94.jpg HTTP/1.1" 200 69155 "https://www.citadela.hr/en/houses/veli-iz-pansion-prvi-red-do-mora-46340-m2-okucnica-1688-m2" "Mozilla/5.0 (Windows NT 10.0; Win64; x64) AppleWebKit/537.36 (KHTML, like Gecko) Chrome/70.0.3538.102 Safari/537.36 Edge/18.18362"
188.105.195.180 - - [24/Aug/2019:16:22:51 +0000] "GET /uploads/thumbnails/040bd55dfaf3b55da48edb55ce981577.jpg HTTP/1.1" 200 50636 "https://www.citadela.hr/en/houses/veli-iz-pansion-prvi-red-do-mora-46340-m2-okucnica-1688-m2" "Mozilla/5.0 (Windows NT 10.0; Win64; x64) AppleWebKit/537.36 (KHTML, like Gecko) Chrome/70.0.3538.102 Safari/537.36 Edge/18.18362"
188.105.195.180 - - [24/Aug/2019:16:22:51 +0000] "GET /uploads/thumbnails/77653f3a8b80c52383b0fb924dd541ac.jpg HTTP/1.1" 200 55594 "https://www.citadela.hr/en/houses/veli-iz-pansion-prvi-red-do-mora-46340-m2-okucnica-1688-m2" "Mozilla/5.0 (Windows NT 10.0; Win64; x64) AppleWebKit/537.36 (KHTML, like Gecko) Chrome/70.0.3538.102 Safari/537.36 Edge/18.18362"
188.105.195.180 - - [24/Aug/2019:16:22:51 +0000] "GET /img/logo_footer.png HTTP/1.1" 200 4213 "https://www.citadela.hr/en/houses/veli-iz-pansion-prvi-red-do-mora-46340-m2-okucnica-1688-m2" "Mozilla/5.0 (Windows NT 10.0; Win64; x64) AppleWebKit/537.36 (KHTML, like Gecko) Chrome/70.0.3538.102 Safari/537.36 Edge/18.18362"
188.105.195.180 - - [24/Aug/2019:16:22:51 +0000] "GET /js/bootstrap.min.js HTTP/1.1" 200 9833 "https://www.citadela.hr/en/houses/veli-iz-pansion-prvi-red-do-mora-46340-m2-okucnica-1688-m2" "Mozilla/5.0 (Windows NT 10.0; Win64; x64) AppleWebKit/537.36 (KHTML, like Gecko) Chrome/70.0.3538.102 Safari/537.36 Edge/18.18362"
188.105.195.180 - - [24/Aug/2019:16:22:51 +0000] "GET /js/bootstrap-select.js HTTP/1.1" 200 15633 "https://www.citadela.hr/en/houses/veli-iz-pansion-prvi-red-do-mora-46340-m2-okucnica-1688-m2" "Mozilla/5.0 (Windows NT 10.0; Win64; x64) AppleWebKit/537.36 (KHTML, like Gecko) Chrome/70.0.3538.102 Safari/537.36 Edge/18.18362"
188.105.195.180 - - [24/Aug/2019:16:22:51 +0000] "GET /uploads/thumbnails/c1a95298a38bbecd0f96971349d9e338.jpg HTTP/1.1" 200 30276 "https://www.citadela.hr/en/houses/veli-iz-pansion-prvi-red-do-mora-46340-m2-okucnica-1688-m2" "Mozilla/5.0 (Windows NT 10.0; Win64; x64) AppleWebKit/537.36 (KHTML, like Gecko) Chrome/70.0.3538.102 Safari/537.36 Edge/18.18362"
188.105.195.180 - - [24/Aug/2019:16:22:51 +0000] "GET /uploads/thumbnails/932363dc317b5f2d292a7d2015d06bb8.jpg HTTP/1.1" 200 45940 "https://www.citadela.hr/en/houses/veli-iz-pansion-prvi-red-do-mora-46340-m2-okucnica-1688-m2" "Mozilla/5.0 (Windows NT 10.0; Win64; x64) AppleWebKit/537.36 (KHTML, like Gecko) Chrome/70.0.3538.102 Safari/537.36 Edge/18.18362"
188.105.195.180 - - [24/Aug/2019:16:22:51 +0000] "GET /js/jquery.fancybox-media.js HTTP/1.1" 200 1973 "https://www.citadela.hr/en/houses/veli-iz-pansion-prvi-red-do-mora-46340-m2-okucnica-1688-m2" "Mozilla/5.0 (Windows NT 10.0; Win64; x64) AppleWebKit/537.36 (KHTML, like Gecko) Chrome/70.0.3538.102 Safari/537.36 Edge/18.18362"
188.105.195.180 - - [24/Aug/2019:16:22:51 +0000] "GET /js/mixitup.js HTTP/1.1" 200 11347 "https://www.citadela.hr/en/houses/veli-iz-pansion-prvi-red-do-mora-46340-m2-okucnica-1688-m2" "Mozilla/5.0 (Windows NT 10.0; Win64; x64) AppleWebKit/537.36 (KHTML, like Gecko) Chrome/70.0.3538.102 Safari/537.36 Edge/18.18362"
188.105.195.180 - - [24/Aug/2019:16:22:51 +0000] "GET /js/jshashtable-2.1_src.js HTTP/1.1" 200 2957 "https://www.citadela.hr/en/houses/veli-iz-pansion-prvi-red-do-mora-46340-m2-okucnica-1688-m2" "Mozilla/5.0 (Windows NT 10.0; Win64; x64) AppleWebKit/537.36 (KHTML, like Gecko) Chrome/70.0.3538.102 Safari/537.36 Edge/18.18362"
188.105.195.180 - - [24/Aug/2019:16:22:51 +0000] "GET /js/tmpl.js HTTP/1.1" 200 625 "https://www.citadela.hr/en/houses/veli-iz-pansion-prvi-red-do-mora-46340-m2-okucnica-1688-m2" "Mozilla/5.0 (Windows NT 10.0; Win64; x64) AppleWebKit/537.36 (KHTML, like Gecko) Chrome/70.0.3538.102 Safari/537.36 Edge/18.18362"
188.105.195.180 - - [24/Aug/2019:16:22:51 +0000] "GET /js/jquery.fancybox.pack.js HTTP/1.1" 200 8634 "https://www.citadela.hr/en/houses/veli-iz-pansion-prvi-red-do-mora-46340-m2-okucnica-1688-m2" "Mozilla/5.0 (Windows NT 10.0; Win64; x64) AppleWebKit/537.36 (KHTML, like Gecko) Chrome/70.0.3538.102 Safari/537.36 Edge/18.18362"
188.105.195.180 - - [24/Aug/2019:16:22:52 +0000] "GET /js/owl.js HTTP/1.1" 200 17545 "https://www.citadela.hr/en/houses/veli-iz-pansion-prvi-red-do-mora-46340-m2-okucnica-1688-m2" "Mozilla/5.0 (Windows NT 10.0; Win64; x64) AppleWebKit/537.36 (KHTML, like Gecko) Chrome/70.0.3538.102 Safari/537.36 Edge/18.18362"
188.105.195.180 - - [24/Aug/2019:16:22:52 +0000] "GET /js/custom.js HTTP/1.1" 200 5159 "https://www.citadela.hr/en/houses/veli-iz-pansion-prvi-red-do-mora-46340-m2-okucnica-1688-m2" "Mozilla/5.0 (Windows NT 10.0; Win64; x64) AppleWebKit/537.36 (KHTML, like Gecko) Chrome/70.0.3538.102 Safari/537.36 Edge/18.18362"
188.105.195.180 - - [24/Aug/2019:16:22:52 +0000] "GET /js/jquery.dependClass-0.1.js HTTP/1.1" 200 458 "https://www.citadela.hr/en/houses/veli-iz-pansion-prvi-red-do-mora-46340-m2-okucnica-1688-m2" "Mozilla/5.0 (Windows NT 10.0; Win64; x64) AppleWebKit/537.36 (KHTML, like Gecko) Chrome/70.0.3538.102 Safari/537.36 Edge/18.18362"
188.105.195.180 - - [24/Aug/2019:16:22:52 +0000] "GET /unitegallery/themes/compact/ug-theme-compact.js HTTP/1.1" 200 2477 "https://www.citadela.hr/en/houses/veli-iz-pansion-prvi-red-do-mora-46340-m2-okucnica-1688-m2" "Mozilla/5.0 (Windows NT 10.0; Win64; x64) AppleWebKit/537.36 (KHTML, like Gecko) Chrome/70.0.3538.102 Safari/537.36 Edge/18.18362"
188.105.195.180 - - [24/Aug/2019:16:22:52 +0000] "GET /js/jquery.numberformatter-1.2.3.js HTTP/1.1" 200 4697 "https://www.citadela.hr/en/houses/veli-iz-pansion-prvi-red-do-mora-46340-m2-okucnica-1688-m2" "Mozilla/5.0 (Windows NT 10.0; Win64; x64) AppleWebKit/537.36 (KHTML, like Gecko) Chrome/70.0.3538.102 Safari/537.36 Edge/18.18362"
188.105.195.180 - - [24/Aug/2019:16:22:52 +0000] "GET /unitegallery/js/unitegallery.min.js HTTP/1.1" 200 66910 "https://www.citadela.hr/en/houses/veli-iz-pansion-prvi-red-do-mora-46340-m2-okucnica-1688-m2" "Mozilla/5.0 (Windows NT 10.0; Win64; x64) AppleWebKit/537.36 (KHTML, like Gecko) Chrome/70.0.3538.102 Safari/537.36 Edge/18.18362"
188.105.195.180 - - [24/Aug/2019:16:22:52 +0000] "GET /js/jquery.barrating.js HTTP/1.1" 200 4280 "https://www.citadela.hr/en/houses/veli-iz-pansion-prvi-red-do-mora-46340-m2-okucnica-1688-m2" "Mozilla/5.0 (Windows NT 10.0; Win64; x64) AppleWebKit/537.36 (KHTML, like Gecko) Chrome/70.0.3538.102 Safari/537.36 Edge/18.18362"
188.105.195.180 - - [24/Aug/2019:16:22:52 +0000] "GET /js/YouTubePopUp.jquery.js HTTP/1.1" 200 967 "https://www.citadela.hr/en/houses/veli-iz-pansion-prvi-red-do-mora-46340-m2-okucnica-1688-m2" "Mozilla/5.0 (Windows NT 10.0; Win64; x64) AppleWebKit/537.36 (KHTML, like Gecko) Chrome/70.0.3538.102 Safari/537.36 Edge/18.18362"
188.105.195.180 - - [24/Aug/2019:16:22:52 +0000] "GET /js/jquery.slider.js HTTP/1.1" 200 4772 "https://www.citadela.hr/en/houses/veli-iz-pansion-prvi-red-do-mora-46340-m2-okucnica-1688-m2" "Mozilla/5.0 (Windows NT 10.0; Win64; x64) AppleWebKit/537.36 (KHTML, like Gecko) Chrome/70.0.3538.102 Safari/537.36 Edge/18.18362"
188.105.195.180 - - [24/Aug/2019:16:22:52 +0000] "GET /js/wow.js HTTP/1.1" 200 2198 "https://www.citadela.hr/en/houses/veli-iz-pansion-prvi-red-do-mora-46340-m2-okucnica-1688-m2" "Mozilla/5.0 (Windows NT 10.0; Win64; x64) AppleWebKit/537.36 (KHTML, like Gecko) Chrome/70.0.3538.102 Safari/537.36 Edge/18.18362"
188.105.195.180 - - [24/Aug/2019:16:22:52 +0000] "GET /js/draggable-0.1.js HTTP/1.1" 200 1326 "https://www.citadela.hr/en/houses/veli-iz-pansion-prvi-red-do-mora-46340-m2-okucnica-1688-m2" "Mozilla/5.0 (Windows NT 10.0; Win64; x64) AppleWebKit/537.36 (KHTML, like Gecko) Chrome/70.0.3538.102 Safari/537.36 Edge/18.18362"
188.105.195.180 - - [24/Aug/2019:16:22:52 +0000] "GET /unitegallery/js/jquery-11.0.min.js HTTP/1.1" 200 33369 "https://www.citadela.hr/en/houses/veli-iz-pansion-prvi-red-do-mora-46340-m2-okucnica-1688-m2" "Mozilla/5.0 (Windows NT 10.0; Win64; x64) AppleWebKit/537.36 (KHTML, like Gecko) Chrome/70.0.3538.102 Safari/537.36 Edge/18.18362"
188.105.195.180 - - [24/Aug/2019:16:22:52 +0000] "GET /assets/plugins/flag/flags/4x3/gb.svg HTTP/1.1" 200 989 "https://www.citadela.hr/en/houses/veli-iz-pansion-prvi-red-do-mora-46340-m2-okucnica-1688-m2" "Mozilla/5.0 (Windows NT 10.0; Win64; x64) AppleWebKit/537.36 (KHTML, like Gecko) Chrome/70.0.3538.102 Safari/537.36 Edge/18.18362"
188.105.195.180 - - [24/Aug/2019:16:22:52 +0000] "GET /css/owl.css HTTP/1.1" 200 1348 "https://www.citadela.hr/en/houses/veli-iz-pansion-prvi-red-do-mora-46340-m2-okucnica-1688-m2" "Mozilla/5.0 (Windows NT 10.0; Win64; x64) AppleWebKit/537.36 (KHTML, like Gecko) Chrome/70.0.3538.102 Safari/537.36 Edge/18.18362"
188.105.195.180 - - [24/Aug/2019:16:22:52 +0000] "GET /fonts/fontawesome-webfont.woff2?v=4.7.0 HTTP/1.1" 200 77160 "https://www.citadela.hr/en/houses/veli-iz-pansion-prvi-red-do-mora-46340-m2-okucnica-1688-m2" "Mozilla/5.0 (Windows NT 10.0; Win64; x64) AppleWebKit/537.36 (KHTML, like Gecko) Chrome/70.0.3538.102 Safari/537.36 Edge/18.18362"
188.105.195.180 - - [24/Aug/2019:16:22:52 +0000] "GET /assets/plugins/flag/flags/4x3/hr.svg HTTP/1.1" 200 80697 "https://www.citadela.hr/en/houses/veli-iz-pansion-prvi-red-do-mora-46340-m2-okucnica-1688-m2" "Mozilla/5.0 (Windows NT 10.0; Win64; x64) AppleWebKit/537.36 (KHTML, like Gecko) Chrome/70.0.3538.102 Safari/537.36 Edge/18.18362"
188.105.195.180 - - [24/Aug/2019:16:22:52 +0000] "GET /css/jquery.fancybox.css HTTP/1.1" 200 1434 "https://www.citadela.hr/en/houses/veli-iz-pansion-prvi-red-do-mora-46340-m2-okucnica-1688-m2" "Mozilla/5.0 (Windows NT 10.0; Win64; x64) AppleWebKit/537.36 (KHTML, like Gecko) Chrome/70.0.3538.102 Safari/537.36 Edge/18.18362"
188.105.195.180 - - [24/Aug/2019:16:22:52 +0000] "GET /css/animate.min.css HTTP/1.1" 200 4242 "https://www.citadela.hr/en/houses/veli-iz-pansion-prvi-red-do-mora-46340-m2-okucnica-1688-m2" "Mozilla/5.0 (Windows NT 10.0; Win64; x64) AppleWebKit/537.36 (KHTML, like Gecko) Chrome/70.0.3538.102 Safari/537.36 Edge/18.18362"
188.105.195.180 - - [24/Aug/2019:16:22:52 +0000] "GET /img/banner/banner.png HTTP/1.1" 200 188379 "https://www.citadela.hr/en/houses/veli-iz-pansion-prvi-red-do-mora-46340-m2-okucnica-1688-m2" "Mozilla/5.0 (Windows NT 10.0; Win64; x64) AppleWebKit/537.36 (KHTML, like Gecko) Chrome/70.0.3538.102 Safari/537.36 Edge/18.18362"
188.105.195.180 - - [24/Aug/2019:16:22:55 +0000] "GET /favicon-32x32.png HTTP/1.1" 200 1936 "-" "Mozilla/5.0 (Windows NT 10.0; Win64; x64) AppleWebKit/537.36 (KHTML, like Gecko) Chrome/70.0.3538.102 Safari/537.36 Edge/18.18362"
188.105.195.180 - - [24/Aug/2019:16:22:55 +0000] "GET /unitegallery/skins/default/slider_arrow_left.png HTTP/1.1" 200 493 "https://www.citadela.hr/en/houses/veli-iz-pansion-prvi-red-do-mora-46340-m2-okucnica-1688-m2" "Mozilla/5.0 (Windows NT 10.0; Win64; x64) AppleWebKit/537.36 (KHTML, like Gecko) Chrome/70.0.3538.102 Safari/537.36 Edge/18.18362"
188.105.195.180 - - [24/Aug/2019:16:22:55 +0000] "GET /unitegallery/images/loader.gif HTTP/1.1" 200 673 "https://www.citadela.hr/en/houses/veli-iz-pansion-prvi-red-do-mora-46340-m2-okucnica-1688-m2" "Mozilla/5.0 (Windows NT 10.0; Win64; x64) AppleWebKit/537.36 (KHTML, like Gecko) Chrome/70.0.3538.102 Safari/537.36 Edge/18.18362"
188.105.195.180 - - [24/Aug/2019:16:22:55 +0000] "GET /unitegallery/skins/default/slider_arrow_right.png HTTP/1.1" 200 505 "https://www.citadela.hr/en/houses/veli-iz-pansion-prvi-red-do-mora-46340-m2-okucnica-1688-m2" "Mozilla/5.0 (Windows NT 10.0; Win64; x64) AppleWebKit/537.36 (KHTML, like Gecko) Chrome/70.0.3538.102 Safari/537.36 Edge/18.18362"
188.105.195.180 - - [24/Aug/2019:16:22:55 +0000] "GET /unitegallery/images/not_loaded.png HTTP/1.1" 200 858 "https://www.citadela.hr/en/houses/veli-iz-pansion-prvi-red-do-mora-46340-m2-okucnica-1688-m2" "Mozilla/5.0 (Windows NT 10.0; Win64; x64) AppleWebKit/537.36 (KHTML, like Gecko) Chrome/70.0.3538.102 Safari/537.36 Edge/18.18362"
188.105.195.180 - - [24/Aug/2019:16:22:55 +0000] "GET /unitegallery/skins/default/button_fullscreen.png HTTP/1.1" 200 1146 "https://www.citadela.hr/en/houses/veli-iz-pansion-prvi-red-do-mora-46340-m2-okucnica-1688-m2" "Mozilla/5.0 (Windows NT 10.0; Win64; x64) AppleWebKit/537.36 (KHTML, like Gecko) Chrome/70.0.3538.102 Safari/537.36 Edge/18.18362"
188.105.195.180 - - [24/Aug/2019:16:22:55 +0000] "GET /uploads/images/13d57e856cb278809fa9ecc970f5930c.jpg HTTP/1.1" 200 191675 "https://www.citadela.hr/en/houses/veli-iz-pansion-prvi-red-do-mora-46340-m2-okucnica-1688-m2" "Mozilla/5.0 (Windows NT 10.0; Win64; x64) AppleWebKit/537.36 (KHTML, like Gecko) Chrome/70.0.3538.102 Safari/537.36 Edge/18.18362"
188.105.195.180 - - [24/Aug/2019:16:22:55 +0000] "GET /unitegallery/images/button-close.png HTTP/1.1" 200 7155 "https://www.citadela.hr/en/houses/veli-iz-pansion-prvi-red-do-mora-46340-m2-okucnica-1688-m2" "Mozilla/5.0 (Windows NT 10.0; Win64; x64) AppleWebKit/537.36 (KHTML, like Gecko) Chrome/70.0.3538.102 Safari/537.36 Edge/18.18362"
188.105.195.180 - - [24/Aug/2019:16:22:55 +0000] "GET /uploads/images/45165545b215bea6da0336e0a83fd0cf.jpg HTTP/1.1" 200 249094 "https://www.citadela.hr/en/houses/veli-iz-pansion-prvi-red-do-mora-46340-m2-okucnica-1688-m2" "Mozilla/5.0 (Windows NT 10.0; Win64; x64) AppleWebKit/537.36 (KHTML, like Gecko) Chrome/70.0.3538.102 Safari/537.36 Edge/18.18362"
188.105.195.180 - - [24/Aug/2019:16:22:55 +0000] "GET /unitegallery/images/play-button-square.png HTTP/1.1" 200 4591 "https://www.citadela.hr/en/houses/veli-iz-pansion-prvi-red-do-mora-46340-m2-okucnica-1688-m2" "Mozilla/5.0 (Windows NT 10.0; Win64; x64) AppleWebKit/537.36 (KHTML, like Gecko) Chrome/70.0.3538.102 Safari/537.36 Edge/18.18362"
188.105.195.180 - - [24/Aug/2019:16:22:55 +0000] "GET /uploads/images/c1a95298a38bbecd0f96971349d9e338.jpg HTTP/1.1" 200 96345 "https://www.citadela.hr/en/houses/veli-iz-pansion-prvi-red-do-mora-46340-m2-okucnica-1688-m2" "Mozilla/5.0 (Windows NT 10.0; Win64; x64) AppleWebKit/537.36 (KHTML, like Gecko) Chrome/70.0.3538.102 Safari/537.36 Edge/18.18362"
188.105.195.180 - - [24/Aug/2019:16:22:55 +0000] "GET /unitegallery/images/loader-black1.gif HTTP/1.1" 200 5855 "https://www.citadela.hr/en/houses/veli-iz-pansion-prvi-red-do-mora-46340-m2-okucnica-1688-m2" "Mozilla/5.0 (Windows NT 10.0; Win64; x64) AppleWebKit/537.36 (KHTML, like Gecko) Chrome/70.0.3538.102 Safari/537.36 Edge/18.18362"
188.105.195.180 - - [24/Aug/2019:16:22:55 +0000] "GET /unitegallery/images/loader-white1.gif HTTP/1.1" 200 2545 "https://www.citadela.hr/en/houses/veli-iz-pansion-prvi-red-do-mora-46340-m2-okucnica-1688-m2" "Mozilla/5.0 (Windows NT 10.0; Win64; x64) AppleWebKit/537.36 (KHTML, like Gecko) Chrome/70.0.3538.102 Safari/537.36 Edge/18.18362"
188.105.195.180 - - [24/Aug/2019:16:22:55 +0000] "GET /unitegallery/images/cover-grid.png HTTP/1.1" 200 933 "https://www.citadela.hr/en/houses/veli-iz-pansion-prvi-red-do-mora-46340-m2-okucnica-1688-m2" "Mozilla/5.0 (Windows NT 10.0; Win64; x64) AppleWebKit/537.36 (KHTML, like Gecko) Chrome/70.0.3538.102 Safari/537.36 Edge/18.18362"
188.105.195.180 - - [24/Aug/2019:16:23:07 +0000] "GET /uploads/images/b01a94f87a32ae3374623ee6cb313533.jpg HTTP/1.1" 200 252120 "https://www.citadela.hr/en/houses/veli-iz-pansion-prvi-red-do-mora-46340-m2-okucnica-1688-m2" "Mozilla/5.0 (Windows NT 10.0; Win64; x64) AppleWebKit/537.36 (KHTML, like Gecko) Chrome/70.0.3538.102 Safari/537.36 Edge/18.18362"
188.105.195.180 - - [24/Aug/2019:16:23:09 +0000] "GET /uploads/images/77653f3a8b80c52383b0fb924dd541ac.jpg HTTP/1.1" 200 204957 "https://www.citadela.hr/en/houses/veli-iz-pansion-prvi-red-do-mora-46340-m2-okucnica-1688-m2" "Mozilla/5.0 (Windows NT 10.0; Win64; x64) AppleWebKit/537.36 (KHTML, like Gecko) Chrome/70.0.3538.102 Safari/537.36 Edge/18.18362"
188.105.195.180 - - [24/Aug/2019:16:23:11 +0000] "GET /uploads/images/bd8dbf113376ca05344ce3d5e4309f4b.jpg HTTP/1.1" 200 157687 "https://www.citadela.hr/en/houses/veli-iz-pansion-prvi-red-do-mora-46340-m2-okucnica-1688-m2" "Mozilla/5.0 (Windows NT 10.0; Win64; x64) AppleWebKit/537.36 (KHTML, like Gecko) Chrome/70.0.3538.102 Safari/537.36 Edge/18.18362"
188.105.195.180 - - [24/Aug/2019:16:23:12 +0000] "GET /uploads/images/35f2ca849419643c5bd385a33f69d688.jpg HTTP/1.1" 200 243104 "https://www.citadela.hr/en/houses/veli-iz-pansion-prvi-red-do-mora-46340-m2-okucnica-1688-m2" "Mozilla/5.0 (Windows NT 10.0; Win64; x64) AppleWebKit/537.36 (KHTML, like Gecko) Chrome/70.0.3538.102 Safari/537.36 Edge/18.18362"
188.105.195.180 - - [24/Aug/2019:16:23:13 +0000] "GET /uploads/images/c48228d265c34c38b2b30d9adbff59a4.jpg HTTP/1.1" 200 223811 "https://www.citadela.hr/en/houses/veli-iz-pansion-prvi-red-do-mora-46340-m2-okucnica-1688-m2" "Mozilla/5.0 (Windows NT 10.0; Win64; x64) AppleWebKit/537.36 (KHTML, like Gecko) Chrome/70.0.3538.102 Safari/537.36 Edge/18.18362"
188.105.195.180 - - [24/Aug/2019:16:23:14 +0000] "GET /uploads/images/6609f8f5c63efb6cd1e4941c584dce94.jpg HTTP/1.1" 200 268807 "https://www.citadela.hr/en/houses/veli-iz-pansion-prvi-red-do-mora-46340-m2-okucnica-1688-m2" "Mozilla/5.0 (Windows NT 10.0; Win64; x64) AppleWebKit/537.36 (KHTML, like Gecko) Chrome/70.0.3538.102 Safari/537.36 Edge/18.18362"
188.105.195.180 - - [24/Aug/2019:16:23:15 +0000] "GET /uploads/images/21877cd9b10507f3f9819724bcbdc000.jpg HTTP/1.1" 200 178361 "https://www.citadela.hr/en/houses/veli-iz-pansion-prvi-red-do-mora-46340-m2-okucnica-1688-m2" "Mozilla/5.0 (Windows NT 10.0; Win64; x64) AppleWebKit/537.36 (KHTML, like Gecko) Chrome/70.0.3538.102 Safari/537.36 Edge/18.18362"
188.105.195.180 - - [24/Aug/2019:16:23:17 +0000] "GET /uploads/images/040bd55dfaf3b55da48edb55ce981577.jpg HTTP/1.1" 200 178223 "https://www.citadela.hr/en/houses/veli-iz-pansion-prvi-red-do-mora-46340-m2-okucnica-1688-m2" "Mozilla/5.0 (Windows NT 10.0; Win64; x64) AppleWebKit/537.36 (KHTML, like Gecko) Chrome/70.0.3538.102 Safari/537.36 Edge/18.18362"
188.105.195.180 - - [24/Aug/2019:16:23:19 +0000] "GET /uploads/images/c3786d9ced9e0c939d2a2b2624a95b83.jpg HTTP/1.1" 200 157379 "https://www.citadela.hr/en/houses/veli-iz-pansion-prvi-red-do-mora-46340-m2-okucnica-1688-m2" "Mozilla/5.0 (Windows NT 10.0; Win64; x64) AppleWebKit/537.36 (KHTML, like Gecko) Chrome/70.0.3538.102 Safari/537.36 Edge/18.18362"
188.105.195.180 - - [24/Aug/2019:16:23:20 +0000] "GET /uploads/images/1a24b12349cf00ac529a2bbd8c912c6c.jpg HTTP/1.1" 200 83423 "https://www.citadela.hr/en/houses/veli-iz-pansion-prvi-red-do-mora-46340-m2-okucnica-1688-m2" "Mozilla/5.0 (Windows NT 10.0; Win64; x64) AppleWebKit/537.36 (KHTML, like Gecko) Chrome/70.0.3538.102 Safari/537.36 Edge/18.18362"
188.105.195.180 - - [24/Aug/2019:16:23:21 +0000] "GET /uploads/images/932363dc317b5f2d292a7d2015d06bb8.jpg HTTP/1.1" 200 163844 "https://www.citadela.hr/en/houses/veli-iz-pansion-prvi-red-do-mora-46340-m2-okucnica-1688-m2" "Mozilla/5.0 (Windows NT 10.0; Win64; x64) AppleWebKit/537.36 (KHTML, like Gecko) Chrome/70.0.3538.102 Safari/537.36 Edge/18.18362"
188.105.195.180 - - [24/Aug/2019:16:23:22 +0000] "GET /uploads/images/8e6337affd0c2a2fea899a280f9e0b1c.jpg HTTP/1.1" 200 65818 "https://www.citadela.hr/en/houses/veli-iz-pansion-prvi-red-do-mora-46340-m2-okucnica-1688-m2" "Mozilla/5.0 (Windows NT 10.0; Win64; x64) AppleWebKit/537.36 (KHTML, like Gecko) Chrome/70.0.3538.102 Safari/537.36 Edge/18.18362"
66.249.73.158 - - [24/Aug/2019:16:28:22 +0000] "GET /en/search?category=&place=3&price=&surface=200 HTTP/1.1" 500 4485 "-" "Mozilla/5.0 (Linux; Android 6.0.1; Nexus 5X Build/MMB29P) AppleWebKit/537.36 (KHTML, like Gecko) Chrome/41.0.2272.96 Mobile Safari/537.36 (compatible; Googlebot/2.1; +http://www.google.com/bot.html)"
66.249.73.158 - - [24/Aug/2019:16:28:22 +0000] "GET /pretraga?category=&type=&place=58&area=229&price=500000&surface=10 HTTP/1.1" 500 4485 "-" "Mozilla/5.0 (Linux; Android 6.0.1; Nexus 5X Build/MMB29P) AppleWebKit/537.36 (KHTML, like Gecko) Chrome/41.0.2272.96 Mobile Safari/537.36 (compatible; Googlebot/2.1; +http://www.google.com/bot.html)"
66.249.73.154 - - [24/Aug/2019:16:30:58 +0000] "GET /hr/pretraga?category=&place=36&price=1000000&surface= HTTP/1.1" 500 4485 "-" "Mozilla/5.0 (Linux; Android 6.0.1; Nexus 5X Build/MMB29P) AppleWebKit/537.36 (KHTML, like Gecko) Chrome/41.0.2272.96 Mobile Safari/537.36 (compatible; Googlebot/2.1; +http://www.google.com/bot.html)"
66.249.73.156 - - [24/Aug/2019:16:31:13 +0000] "GET /en/search?category=&type=&place=11&area=&price=100000&surface= HTTP/1.1" 500 4485 "-" "Mozilla/5.0 (Linux; Android 6.0.1; Nexus 5X Build/MMB29P) AppleWebKit/537.36 (KHTML, like Gecko) Chrome/41.0.2272.96 Mobile Safari/537.36 (compatible; Googlebot/2.1; +http://www.google.com/bot.html)"
66.249.73.156 - - [24/Aug/2019:16:31:34 +0000] "GET /en/search?category=&type=&place=15&area=&price=300000&surface=200 HTTP/1.1" 500 4485 "-" "Mozilla/5.0 (Linux; Android 6.0.1; Nexus 5X Build/MMB29P) AppleWebKit/537.36 (KHTML, like Gecko) Chrome/41.0.2272.96 Mobile Safari/537.36 (compatible; Googlebot/2.1; +http://www.google.com/bot.html)"
66.249.73.154 - - [24/Aug/2019:16:32:52 +0000] "GET /pretraga?category=&type=&place=36&area=161&price=300000&surface=100 HTTP/1.1" 500 4485 "-" "Mozilla/5.0 (Linux; Android 6.0.1; Nexus 5X Build/MMB29P) AppleWebKit/537.36 (KHTML, like Gecko) Chrome/41.0.2272.96 Mobile Safari/537.36 (compatible; Googlebot/2.1; +http://www.google.com/bot.html)"
213.202.69.42 - - [24/Aug/2019:16:38:50 +0000] "GET /uploads/images/437c468920226cbacd560e10a3785b34.JPG HTTP/1.1" 200 310265 "https://www.google.hr/" "Mozilla/5.0 (Windows NT 10.0; Win64; x64; rv:68.0) Gecko/20100101 Firefox/68.0"
66.249.73.154 - - [24/Aug/2019:16:38:56 +0000] "GET /hr/pretraga?category=&type=&place=8&area=&price=1000000&surface=100 HTTP/1.1" 500 4485 "-" "Mozilla/5.0 (Linux; Android 6.0.1; Nexus 5X Build/MMB29P) AppleWebKit/537.36 (KHTML, like Gecko) Chrome/41.0.2272.96 Mobile Safari/537.36 (compatible; Googlebot/2.1; +http://www.google.com/bot.html)"
66.249.73.158 - - [24/Aug/2019:16:39:42 +0000] "GET /pretraga?category=&type=&place=36&area=161&price=300000&surface=100 HTTP/1.1" 500 4485 "-" "Mozilla/5.0 (Linux; Android 6.0.1; Nexus 5X Build/MMB29P) AppleWebKit/537.36 (KHTML, like Gecko) Chrome/41.0.2272.96 Mobile Safari/537.36 (compatible; Googlebot/2.1; +http://www.google.com/bot.html)"
66.249.73.156 - - [24/Aug/2019:16:40:56 +0000] "GET /en/search?category=&type=&place=58&area=193&price=100000&surface=10 HTTP/1.1" 500 4485 "-" "Mozilla/5.0 (Linux; Android 6.0.1; Nexus 5X Build/MMB29P) AppleWebKit/537.36 (KHTML, like Gecko) Chrome/41.0.2272.96 Mobile Safari/537.36 (compatible; Googlebot/2.1; +http://www.google.com/bot.html)"
66.249.73.154 - - [24/Aug/2019:16:41:18 +0000] "GET /hr/pretraga?category=&type=&place=16&area=&price=50000&surface=50 HTTP/1.1" 500 4485 "-" "Mozilla/5.0 (Linux; Android 6.0.1; Nexus 5X Build/MMB29P) AppleWebKit/537.36 (KHTML, like Gecko) Chrome/41.0.2272.96 Mobile Safari/537.36 (compatible; Googlebot/2.1; +http://www.google.com/bot.html)"
66.249.73.156 - - [24/Aug/2019:16:52:03 +0000] "GET /hr/pretraga?category=&type=&place=58&area=228&price=100000&surface=50 HTTP/1.1" 500 4485 "-" "Mozilla/5.0 (Linux; Android 6.0.1; Nexus 5X Build/MMB29P) AppleWebKit/537.36 (KHTML, like Gecko) Chrome/41.0.2272.96 Mobile Safari/537.36 (compatible; Googlebot/2.1; +http://www.google.com/bot.html)"
66.249.73.158 - - [24/Aug/2019:16:57:02 +0000] "GET /pretraga?category=&type=&place=58&area=228&price=500000&surface=10 HTTP/1.1" 500 4485 "-" "Mozilla/5.0 (Linux; Android 6.0.1; Nexus 5X Build/MMB29P) AppleWebKit/537.36 (KHTML, like Gecko) Chrome/41.0.2272.96 Mobile Safari/537.36 (compatible; Googlebot/2.1; +http://www.google.com/bot.html)"
66.249.73.154 - - [24/Aug/2019:17:00:59 +0000] "GET /pretraga?category=&type=&place=36&area=166&price=1000000&surface=100 HTTP/1.1" 500 4485 "-" "Mozilla/5.0 (Linux; Android 6.0.1; Nexus 5X Build/MMB29P) AppleWebKit/537.36 (KHTML, like Gecko) Chrome/41.0.2272.96 Mobile Safari/537.36 (compatible; Googlebot/2.1; +http://www.google.com/bot.html)"
66.249.73.158 - - [24/Aug/2019:17:01:16 +0000] "GET /hr/pretraga?category=&type=&place=36&area=170&price=500000&surface=200 HTTP/1.1" 500 4485 "-" "Mozilla/5.0 (Linux; Android 6.0.1; Nexus 5X Build/MMB29P) AppleWebKit/537.36 (KHTML, like Gecko) Chrome/41.0.2272.96 Mobile Safari/537.36 (compatible; Googlebot/2.1; +http://www.google.com/bot.html)"
66.249.73.154 - - [24/Aug/2019:17:01:24 +0000] "GET /pretraga?category=&type=&place=58&area=230&price=&surface=100 HTTP/1.1" 500 4485 "-" "Mozilla/5.0 (Linux; Android 6.0.1; Nexus 5X Build/MMB29P) AppleWebKit/537.36 (KHTML, like Gecko) Chrome/41.0.2272.96 Mobile Safari/537.36 (compatible; Googlebot/2.1; +http://www.google.com/bot.html)"
66.249.73.156 - - [24/Aug/2019:17:03:37 +0000] "GET /hr/pretraga?category=&type=&place=20&area=&price=100000&surface=100 HTTP/1.1" 500 4485 "-" "Mozilla/5.0 (Linux; Android 6.0.1; Nexus 5X Build/MMB29P) AppleWebKit/537.36 (KHTML, like Gecko) Chrome/41.0.2272.96 Mobile Safari/537.36 (compatible; Googlebot/2.1; +http://www.google.com/bot.html)"
66.249.73.158 - - [24/Aug/2019:17:05:14 +0000] "GET /hr/pretraga?category=&type=&place=41&area=157&price=1000000&surface= HTTP/1.1" 500 4485 "-" "Mozilla/5.0 (Linux; Android 6.0.1; Nexus 5X Build/MMB29P) AppleWebKit/537.36 (KHTML, like Gecko) Chrome/41.0.2272.96 Mobile Safari/537.36 (compatible; Googlebot/2.1; +http://www.google.com/bot.html)"
95.168.124.162 - - [24/Aug/2019:17:11:12 +0000] "GET /uploads/thumbnails/dc01dd49d69506407f88affdefd3ae2e.jpeg HTTP/1.1" 200 22841 "https://www.google.com/" "Mozilla/5.0 (Linux; Android 4.4.4; SM-T561 Build/KTU84P) AppleWebKit/537.36 (KHTML, like Gecko) Version/4.0 Chrome/33.0.0.0 Safari/537.36 GSA/9.94.7.16.arm"
66.249.73.156 - - [24/Aug/2019:17:11:35 +0000] "GET /hr/pretraga?category=&type=&place=20&area=&price=100000&surface=100 HTTP/1.1" 500 4485 "-" "Mozilla/5.0 (Linux; Android 6.0.1; Nexus 5X Build/MMB29P) AppleWebKit/537.36 (KHTML, like Gecko) Chrome/41.0.2272.96 Mobile Safari/537.36 (compatible; Googlebot/2.1; +http://www.google.com/bot.html)"
66.249.73.156 - - [24/Aug/2019:17:12:39 +0000] "GET /hr/pretraga?category=&type=&place=41&area=157&price=1000000&surface= HTTP/1.1" 500 4485 "-" "Mozilla/5.0 (Linux; Android 6.0.1; Nexus 5X Build/MMB29P) AppleWebKit/537.36 (KHTML, like Gecko) Chrome/41.0.2272.96 Mobile Safari/537.36 (compatible; Googlebot/2.1; +http://www.google.com/bot.html)"
66.249.73.154 - - [24/Aug/2019:17:14:11 +0000] "GET /en/search?category=&type=&place=5&area=&price=50000&surface=100 HTTP/1.1" 500 4485 "-" "Mozilla/5.0 (Linux; Android 6.0.1; Nexus 5X Build/MMB29P) AppleWebKit/537.36 (KHTML, like Gecko) Chrome/41.0.2272.96 Mobile Safari/537.36 (compatible; Googlebot/2.1; +http://www.google.com/bot.html)"
66.249.73.156 - - [24/Aug/2019:17:14:56 +0000] "GET /en/search?category=&place=&price=100000&surface=200&page=4 HTTP/1.1" 200 4350 "-" "Mozilla/5.0 (Linux; Android 6.0.1; Nexus 5X Build/MMB29P) AppleWebKit/537.36 (KHTML, like Gecko) Chrome/41.0.2272.96 Mobile Safari/537.36 (compatible; Googlebot/2.1; +http://www.google.com/bot.html)"
212.95.5.50 - - [24/Aug/2019:17:20:05 +0000] "GET /uploads/images/300abfa1882cf4f03a04f8eed64c94e8.jpeg HTTP/1.1" 200 269934 "https://www.google.at/" "Mozilla/5.0 (iPad; CPU OS 12_3_1 like Mac OS X) AppleWebKit/605.1.15 (KHTML, like Gecko) Version/12.1.1 Mobile/15E148 Safari/604.1"
66.249.73.156 - - [24/Aug/2019:17:24:45 +0000] "GET /pretraga?category=&type=&place=36&area=166&price=100000&surface=50 HTTP/1.1" 500 4485 "-" "Mozilla/5.0 (Linux; Android 6.0.1; Nexus 5X Build/MMB29P) AppleWebKit/537.36 (KHTML, like Gecko) Chrome/41.0.2272.96 Mobile Safari/537.36 (compatible; Googlebot/2.1; +http://www.google.com/bot.html)"
66.249.73.154 - - [24/Aug/2019:17:24:55 +0000] "GET /pretraga?category=&type=&place=38&area=157&price=100000&surface=200 HTTP/1.1" 500 4485 "-" "Mozilla/5.0 (Linux; Android 6.0.1; Nexus 5X Build/MMB29P) AppleWebKit/537.36 (KHTML, like Gecko) Chrome/41.0.2272.96 Mobile Safari/537.36 (compatible; Googlebot/2.1; +http://www.google.com/bot.html)"
66.249.73.156 - - [24/Aug/2019:17:26:00 +0000] "GET /hr/pretraga?category=&type=&place=37&area=157&price=1000000&surface= HTTP/1.1" 500 4485 "-" "Mozilla/5.0 (Linux; Android 6.0.1; Nexus 5X Build/MMB29P) AppleWebKit/537.36 (KHTML, like Gecko) Chrome/41.0.2272.96 Mobile Safari/537.36 (compatible; Googlebot/2.1; +http://www.google.com/bot.html)"
66.249.73.156 - - [24/Aug/2019:17:26:06 +0000] "GET /pretraga?category=&type=&place=58&area=161&price=&surface=200 HTTP/1.1" 500 4485 "-" "Mozilla/5.0 (Linux; Android 6.0.1; Nexus 5X Build/MMB29P) AppleWebKit/537.36 (KHTML, like Gecko) Chrome/41.0.2272.96 Mobile Safari/537.36 (compatible; Googlebot/2.1; +http://www.google.com/bot.html)"
66.249.73.158 - - [24/Aug/2019:17:29:40 +0000] "GET /pretraga?category=&type=&place=10&area=&price=500000&surface=10 HTTP/1.1" 500 4485 "-" "Mozilla/5.0 (Linux; Android 6.0.1; Nexus 5X Build/MMB29P) AppleWebKit/537.36 (KHTML, like Gecko) Chrome/41.0.2272.96 Mobile Safari/537.36 (compatible; Googlebot/2.1; +http://www.google.com/bot.html)"
66.249.73.158 - - [24/Aug/2019:17:30:09 +0000] "GET /en/houses/biograd-na-moru-kuca-s-9-apartmana-481-m2-novogradnja HTTP/1.1" 200 6337 "-" "Mozilla/5.0 (Linux; Android 6.0.1; Nexus 5X Build/MMB29P) AppleWebKit/537.36 (KHTML, like Gecko) Chrome/41.0.2272.96 Mobile Safari/537.36 (compatible; Googlebot/2.1; +http://www.google.com/bot.html)"
54.36.150.1 - - [24/Aug/2019:17:33:21 +0000] "GET /en/lands/rogoznica-okolica-zemljiste-s-pogledom-na-more-12400-m2 HTTP/1.1" 200 5131 "-" "Mozilla/5.0 (compatible; AhrefsBot/6.1; +http://ahrefs.com/robot/)"
66.249.73.158 - - [24/Aug/2019:17:35:57 +0000] "GET /pretraga?category=&type=&place=36&area=172&price=50000&surface=50 HTTP/1.1" 500 4485 "-" "Mozilla/5.0 (Linux; Android 6.0.1; Nexus 5X Build/MMB29P) AppleWebKit/537.36 (KHTML, like Gecko) Chrome/41.0.2272.96 Mobile Safari/537.36 (compatible; Googlebot/2.1; +http://www.google.com/bot.html)"
66.249.73.154 - - [24/Aug/2019:17:39:39 +0000] "GET /en/search?category=&type=&place=36&area=167&price=200000&surface= HTTP/1.1" 500 4485 "-" "Mozilla/5.0 (Linux; Android 6.0.1; Nexus 5X Build/MMB29P) AppleWebKit/537.36 (KHTML, like Gecko) Chrome/41.0.2272.96 Mobile Safari/537.36 (compatible; Googlebot/2.1; +http://www.google.com/bot.html)"
66.249.73.154 - - [24/Aug/2019:17:39:51 +0000] "GET /hr/pretraga?category=&type=&place=39&area=160&price=100000&surface=100 HTTP/1.1" 200 3937 "-" "Mozilla/5.0 (Linux; Android 6.0.1; Nexus 5X Build/MMB29P) AppleWebKit/537.36 (KHTML, like Gecko) Chrome/41.0.2272.96 Mobile Safari/537.36 (compatible; Googlebot/2.1; +http://www.google.com/bot.html)"
66.249.73.158 - - [24/Aug/2019:17:43:34 +0000] "GET /pretraga?category=&type=&place=38&area=157&price=100000&surface= HTTP/1.1" 500 4485 "-" "Mozilla/5.0 (Linux; Android 6.0.1; Nexus 5X Build/MMB29P) AppleWebKit/537.36 (KHTML, like Gecko) Chrome/41.0.2272.96 Mobile Safari/537.36 (compatible; Googlebot/2.1; +http://www.google.com/bot.html)"
66.249.73.156 - - [24/Aug/2019:17:43:51 +0000] "GET /pretraga?category=&type=&place=8&area=&price=500000&surface=50 HTTP/1.1" 500 4485 "-" "Mozilla/5.0 (Linux; Android 6.0.1; Nexus 5X Build/MMB29P) AppleWebKit/537.36 (KHTML, like Gecko) Chrome/41.0.2272.96 Mobile Safari/537.36 (compatible; Googlebot/2.1; +http://www.google.com/bot.html)"
66.249.73.158 - - [24/Aug/2019:17:44:14 +0000] "GET /en/search?category=&place=4&price=500000&surface=50 HTTP/1.1" 500 4485 "-" "Mozilla/5.0 (Linux; Android 6.0.1; Nexus 5X Build/MMB29P) AppleWebKit/537.36 (KHTML, like Gecko) Chrome/41.0.2272.96 Mobile Safari/537.36 (compatible; Googlebot/2.1; +http://www.google.com/bot.html)"
66.249.73.156 - - [24/Aug/2019:17:44:36 +0000] "GET /pretraga?category=&type=&place=58&area=&price=&surface=200 HTTP/1.1" 500 4485 "-" "Mozilla/5.0 (Linux; Android 6.0.1; Nexus 5X Build/MMB29P) AppleWebKit/537.36 (KHTML, like Gecko) Chrome/41.0.2272.96 Mobile Safari/537.36 (compatible; Googlebot/2.1; +http://www.google.com/bot.html)"
66.249.73.156 - - [24/Aug/2019:17:48:02 +0000] "GET /hr/pretraga?category=&type=&place=15&area=&price=1000000&surface=200 HTTP/1.1" 500 4485 "-" "Mozilla/5.0 (Linux; Android 6.0.1; Nexus 5X Build/MMB29P) AppleWebKit/537.36 (KHTML, like Gecko) Chrome/41.0.2272.96 Mobile Safari/537.36 (compatible; Googlebot/2.1; +http://www.google.com/bot.html)"
54.36.150.139 - - [24/Aug/2019:17:52:12 +0000] "GET /hr/apartmani/bibinje-trosoban-apartman-25-metara-od-plaze-100-m2 HTTP/1.1" 500 4485 "-" "Mozilla/5.0 (compatible; AhrefsBot/6.1; +http://ahrefs.com/robot/)"
66.249.73.154 - - [24/Aug/2019:17:54:28 +0000] "GET /pretraga?category=&type=&place=36&area=172&price=&surface=100 HTTP/1.1" 500 4485 "-" "Mozilla/5.0 (Linux; Android 6.0.1; Nexus 5X Build/MMB29P) AppleWebKit/537.36 (KHTML, like Gecko) Chrome/41.0.2272.96 Mobile Safari/537.36 (compatible; Googlebot/2.1; +http://www.google.com/bot.html)"
66.249.73.156 - - [24/Aug/2019:17:54:52 +0000] "GET /en/search?category=&type=&place=36&area=&price=&surface=200 HTTP/1.1" 500 4485 "-" "Mozilla/5.0 (Linux; Android 6.0.1; Nexus 5X Build/MMB29P) AppleWebKit/537.36 (KHTML, like Gecko) Chrome/41.0.2272.96 Mobile Safari/537.36 (compatible; Googlebot/2.1; +http://www.google.com/bot.html)"
66.249.73.158 - - [24/Aug/2019:17:55:19 +0000] "GET /hr/pretraga?category=&type=&place=36&area=167&price=300000&surface=50 HTTP/1.1" 500 4485 "-" "Mozilla/5.0 (Linux; Android 6.0.1; Nexus 5X Build/MMB29P) AppleWebKit/537.36 (KHTML, like Gecko) Chrome/41.0.2272.96 Mobile Safari/537.36 (compatible; Googlebot/2.1; +http://www.google.com/bot.html)"
66.249.73.158 - - [24/Aug/2019:17:56:10 +0000] "GET /hr/pretraga?category=&type=&place=59&area=&price=300000&surface=100 HTTP/1.1" 500 4485 "-" "Mozilla/5.0 (Linux; Android 6.0.1; Nexus 5X Build/MMB29P) AppleWebKit/537.36 (KHTML, like Gecko) Chrome/41.0.2272.96 Mobile Safari/537.36 (compatible; Googlebot/2.1; +http://www.google.com/bot.html)"
66.249.73.154 - - [24/Aug/2019:17:56:34 +0000] "GET /pretraga?category=&type=&place=36&area=180&price=100000&surface=50 HTTP/1.1" 500 4485 "-" "Mozilla/5.0 (Linux; Android 6.0.1; Nexus 5X Build/MMB29P) AppleWebKit/537.36 (KHTML, like Gecko) Chrome/41.0.2272.96 Mobile Safari/537.36 (compatible; Googlebot/2.1; +http://www.google.com/bot.html)"
66.249.73.154 - - [24/Aug/2019:17:56:59 +0000] "GET /en/search?category=&type=&place=36&area=159&price=200000&surface=100 HTTP/1.1" 500 4485 "-" "Mozilla/5.0 (Linux; Android 6.0.1; Nexus 5X Build/MMB29P) AppleWebKit/537.36 (KHTML, like Gecko) Chrome/41.0.2272.96 Mobile Safari/537.36 (compatible; Googlebot/2.1; +http://www.google.com/bot.html)"
66.249.73.158 - - [24/Aug/2019:18:01:25 +0000] "GET /en/search?category=&type=&place=38&area=&price=100000&surface=200 HTTP/1.1" 500 4485 "-" "Mozilla/5.0 (Linux; Android 6.0.1; Nexus 5X Build/MMB29P) AppleWebKit/537.36 (KHTML, like Gecko) Chrome/41.0.2272.96 Mobile Safari/537.36 (compatible; Googlebot/2.1; +http://www.google.com/bot.html)"
93.143.25.234 - - [24/Aug/2019:18:05:57 +0000] "GET /uploads/images/bdb290fa375c69e113c38d443c11983d.jpg HTTP/1.1" 200 170793 "https://www.google.com/" "Mozilla/5.0 (Linux; Android 8.1.0; Redmi 5 Plus) AppleWebKit/537.36 (KHTML, like Gecko) Chrome/76.0.3809.111 Mobile Safari/537.36"
