66.249.73.158 - - [24/Aug/2019:18:06:11 +0000] "GET /hr/pretraga?category=&type=&place=38&area=157&price=200000&surface= HTTP/1.1" 500 4485 "-" "Mozilla/5.0 (Linux; Android 6.0.1; Nexus 5X Build/MMB29P) AppleWebKit/537.36 (KHTML, like Gecko) Chrome/41.0.2272.96 Mobile Safari/537.36 (compatible; Googlebot/2.1; +http://www.google.com/bot.html)"
66.249.73.154 - - [24/Aug/2019:18:06:35 +0000] "GET /pretraga?category=&type=&place=38&area=157&price=&surface=10 HTTP/1.1" 500 4485 "-" "Mozilla/5.0 (Linux; Android 6.0.1; Nexus 5X Build/MMB29P) AppleWebKit/537.36 (KHTML, like Gecko) Chrome/41.0.2272.96 Mobile Safari/537.36 (compatible; Googlebot/2.1; +http://www.google.com/bot.html)"
66.249.73.154 - - [24/Aug/2019:18:11:26 +0000] "GET /hr/pretraga?category=&type=&place=7&area=&price=100000&surface=200 HTTP/1.1" 500 4485 "-" "Mozilla/5.0 (Linux; Android 6.0.1; Nexus 5X Build/MMB29P) AppleWebKit/537.36 (KHTML, like Gecko) Chrome/41.0.2272.96 Mobile Safari/537.36 (compatible; Googlebot/2.1; +http://www.google.com/bot.html)"
66.249.73.156 - - [24/Aug/2019:18:14:38 +0000] "GET /en/search?category=&type=&place=41&area=&price=50000&surface= HTTP/1.1" 500 4485 "-" "Mozilla/5.0 (Linux; Android 6.0.1; Nexus 5X Build/MMB29P) AppleWebKit/537.36 (KHTML, like Gecko) Chrome/41.0.2272.96 Mobile Safari/537.36 (compatible; Googlebot/2.1; +http://www.google.com/bot.html)"
46.229.168.139 - - [24/Aug/2019:18:14:40 +0000] "GET /robots.txt HTTP/1.1" 200 24 "-" "Mozilla/5.0 (compatible; SemrushBot/6~bl; +http://www.semrush.com/bot.html)"
46.229.168.153 - - [24/Aug/2019:18:14:40 +0000] "GET /hr/apartmani/sibenik-kamena-kuca-u-centru-grada-87-m2 HTTP/1.1" 200 5582 "-" "Mozilla/5.0 (compatible; SemrushBot/6~bl; +http://www.semrush.com/bot.html)"
66.249.73.154 - - [24/Aug/2019:18:16:14 +0000] "GET /pretraga?category=&type=&place=36&area=168&price=200000&surface= HTTP/1.1" 500 4485 "-" "Mozilla/5.0 (Linux; Android 6.0.1; Nexus 5X Build/MMB29P) AppleWebKit/537.36 (KHTML, like Gecko) Chrome/41.0.2272.96 Mobile Safari/537.36 (compatible; Googlebot/2.1; +http://www.google.com/bot.html)"
66.249.73.154 - - [24/Aug/2019:18:16:58 +0000] "GET /hr/pretraga?category=&type=&place=41&area=&price=200000&surface= HTTP/1.1" 500 4485 "-" "Mozilla/5.0 (Linux; Android 6.0.1; Nexus 5X Build/MMB29P) AppleWebKit/537.36 (KHTML, like Gecko) Chrome/41.0.2272.96 Mobile Safari/537.36 (compatible; Googlebot/2.1; +http://www.google.com/bot.html)"
66.249.73.158 - - [24/Aug/2019:18:23:29 +0000] "GET /hr/pretraga?category=&type=&place=10&area=&price=300000&surface=10 HTTP/1.1" 500 4485 "-" "Mozilla/5.0 (Linux; Android 6.0.1; Nexus 5X Build/MMB29P) AppleWebKit/537.36 (KHTML, like Gecko) Chrome/41.0.2272.96 Mobile Safari/537.36 (compatible; Googlebot/2.1; +http://www.google.com/bot.html)"
66.249.73.156 - - [24/Aug/2019:18:24:51 +0000] "GET /en/search?category=&type=&place=58&area=157&price=500000&surface= HTTP/1.1" 500 4485 "-" "Mozilla/5.0 (Linux; Android 6.0.1; Nexus 5X Build/MMB29P) AppleWebKit/537.36 (KHTML, like Gecko) Chrome/41.0.2272.96 Mobile Safari/537.36 (compatible; Googlebot/2.1; +http://www.google.com/bot.html)"
66.249.73.154 - - [24/Aug/2019:18:26:19 +0000] "GET /hr/pretraga?category=&type=&place=37&area=157&price=100000&surface=50 HTTP/1.1" 500 4485 "-" "Mozilla/5.0 (Linux; Android 6.0.1; Nexus 5X Build/MMB29P) AppleWebKit/537.36 (KHTML, like Gecko) Chrome/41.0.2272.96 Mobile Safari/537.36 (compatible; Googlebot/2.1; +http://www.google.com/bot.html)"
66.249.73.156 - - [24/Aug/2019:18:27:25 +0000] "GET /pretraga?category=&type=&place=13&area=&price=500000&surface=100 HTTP/1.1" 500 4485 "-" "Mozilla/5.0 (Linux; Android 6.0.1; Nexus 5X Build/MMB29P) AppleWebKit/537.36 (KHTML, like Gecko) Chrome/41.0.2272.96 Mobile Safari/537.36 (compatible; Googlebot/2.1; +http://www.google.com/bot.html)"
66.249.73.158 - - [24/Aug/2019:18:37:27 +0000] "GET /en/search?category=&type=&place=36&area=157&price=100000&surface=10 HTTP/1.1" 500 4485 "-" "Mozilla/5.0 (Linux; Android 6.0.1; Nexus 5X Build/MMB29P) AppleWebKit/537.36 (KHTML, like Gecko) Chrome/41.0.2272.96 Mobile Safari/537.36 (compatible; Googlebot/2.1; +http://www.google.com/bot.html)"
66.249.79.124 - - [24/Aug/2019:18:46:31 +0000] "GET /hr/pretraga?category=&type=&place=3&area=&price=1000000&surface= HTTP/1.1" 500 4485 "-" "Mozilla/5.0 (Linux; Android 6.0.1; Nexus 5X Build/MMB29P) AppleWebKit/537.36 (KHTML, like Gecko) Chrome/41.0.2272.96 Mobile Safari/537.36 (compatible; Googlebot/2.1; +http://www.google.com/bot.html)"
66.249.66.42 - - [24/Aug/2019:18:48:00 +0000] "GET /pretraga?category=&type=&place=3&area=&price=300000&surface=10 HTTP/1.1" 500 4485 "-" "Mozilla/5.0 (Linux; Android 6.0.1; Nexus 5X Build/MMB29P) AppleWebKit/537.36 (KHTML, like Gecko) Chrome/41.0.2272.96 Mobile Safari/537.36 (compatible; Googlebot/2.1; +http://www.google.com/bot.html)"
66.249.66.42 - - [24/Aug/2019:18:51:59 +0000] "GET /pretraga?category=&type=&place=58&area=160&price=1000000&surface= HTTP/1.1" 500 4485 "-" "Mozilla/5.0 (Linux; Android 6.0.1; Nexus 5X Build/MMB29P) AppleWebKit/537.36 (KHTML, like Gecko) Chrome/41.0.2272.96 Mobile Safari/537.36 (compatible; Googlebot/2.1; +http://www.google.com/bot.html)"
66.249.66.42 - - [24/Aug/2019:18:52:02 +0000] "GET /en/search?category=&type=&place=58&area=159&price=&surface=10 HTTP/1.1" 500 4485 "-" "Mozilla/5.0 (Linux; Android 6.0.1; Nexus 5X Build/MMB29P) AppleWebKit/537.36 (KHTML, like Gecko) Chrome/41.0.2272.96 Mobile Safari/537.36 (compatible; Googlebot/2.1; +http://www.google.com/bot.html)"
46.229.168.147 - - [24/Aug/2019:18:52:26 +0000] "GET /robots.txt HTTP/1.1" 200 24 "-" "Mozilla/5.0 (compatible; SemrushBot/6~bl; +http://www.semrush.com/bot.html)"
46.229.168.143 - - [24/Aug/2019:18:52:27 +0000] "GET /hr/zemljista/maslenica-gradevinsko-zemljiste-u-blizini-mora-1056-m2 HTTP/1.1" 200 5632 "-" "Mozilla/5.0 (compatible; SemrushBot/6~bl; +http://www.semrush.com/bot.html)"
46.229.168.161 - - [24/Aug/2019:18:52:34 +0000] "GET /kuce HTTP/1.1" 200 5390 "-" "Mozilla/5.0 (compatible; SemrushBot/6~bl; +http://www.semrush.com/bot.html)"
157.55.39.147 - - [24/Aug/2019:19:00:04 +0000] "GET /apartmani/privlaka-dvosoban-apartman-120-metara-od-pjescane-plaze-84-m2 HTTP/1.1" 200 5451 "-" "Mozilla/5.0 (compatible; bingbot/2.0; +http://www.bing.com/bingbot.htm)"
66.249.66.46 - - [24/Aug/2019:19:05:50 +0000] "GET /pretraga?category=&type=&place=5&area=&price=&surface= HTTP/1.1" 500 4485 "-" "Mozilla/5.0 (Linux; Android 6.0.1; Nexus 5X Build/MMB29P) AppleWebKit/537.36 (KHTML, like Gecko) Chrome/41.0.2272.96 Mobile Safari/537.36 (compatible; Googlebot/2.1; +http://www.google.com/bot.html)"
178.128.225.195 - - [24/Aug/2019:19:14:41 +0000] "HEAD / HTTP/1.1" 200 - "-" "Mozilla/5.0 (Windows; U; Windows NT 6.0; en-US) AppleWebKit/525.19 (KHTML, like Gecko) Chrome/0.2.152.0 Safari/525.19"
46.229.168.163 - - [24/Aug/2019:19:14:45 +0000] "GET /poslovni-prostori HTTP/1.1" 200 4569 "-" "Mozilla/5.0 (compatible; SemrushBot/6~bl; +http://www.semrush.com/bot.html)"
66.249.66.42 - - [24/Aug/2019:19:19:20 +0000] "GET /en/search?category=&type=&place=36&area=180&price=50000&surface= HTTP/1.1" 500 4485 "-" "Mozilla/5.0 (Linux; Android 6.0.1; Nexus 5X Build/MMB29P) AppleWebKit/537.36 (KHTML, like Gecko) Chrome/41.0.2272.96 Mobile Safari/537.36 (compatible; Googlebot/2.1; +http://www.google.com/bot.html)"
34.247.27.134 - - [24/Aug/2019:19:23:15 +0000] "GET /robots.txt HTTP/1.1" 301 242 "-" "PleskBot"
34.247.27.134 - - [24/Aug/2019:19:23:16 +0000] "GET /robots.txt HTTP/1.1" 301 242 "-" "PleskBot"
34.247.27.134 - - [24/Aug/2019:19:23:17 +0000] "GET / HTTP/1.1" 301 232 "-" "PleskBot"
34.247.27.134 - - [24/Aug/2019:19:23:20 +0000] "GET / HTTP/1.1" 301 232 "-" "PleskBot"
66.249.66.44 - - [24/Aug/2019:19:29:06 +0000] "GET /hr/pretraga?category=&type=&place=12&area=&price=50000&surface=200 HTTP/1.1" 500 4485 "-" "Mozilla/5.0 (Linux; Android 6.0.1; Nexus 5X Build/MMB29P) AppleWebKit/537.36 (KHTML, like Gecko) Chrome/41.0.2272.96 Mobile Safari/537.36 (compatible; Googlebot/2.1; +http://www.google.com/bot.html)"
66.249.66.42 - - [24/Aug/2019:19:29:32 +0000] "GET /pretraga?category=&type=&place=58&area=161&price=500000&surface=100 HTTP/1.1" 500 4485 "-" "Mozilla/5.0 (Linux; Android 6.0.1; Nexus 5X Build/MMB29P) AppleWebKit/537.36 (KHTML, like Gecko) Chrome/41.0.2272.96 Mobile Safari/537.36 (compatible; Googlebot/2.1; +http://www.google.com/bot.html)"
93.35.186.2 - - [24/Aug/2019:19:48:25 +0000] "GET /uploads/thumbnails/0bbd1dd75c98d26c7084fc8347d3cf1d.jpg HTTP/1.1" 200 41811 "https://www.google.it/" "Mozilla/5.0 (Linux; Android 9; CLT-L29) AppleWebKit/537.36 (KHTML, like Gecko) Chrome/72.0.3626.121 Mobile Safari/537.36"
66.249.66.42 - - [24/Aug/2019:19:49:46 +0000] "GET /hr/pretraga?category=&type=&place=36&area=173&price=100000&surface=200 HTTP/1.1" 500 4485 "-" "Mozilla/5.0 (Linux; Android 6.0.1; Nexus 5X Build/MMB29P) AppleWebKit/537.36 (KHTML, like Gecko) Chrome/41.0.2272.96 Mobile Safari/537.36 (compatible; Googlebot/2.1; +http://www.google.com/bot.html)"
66.249.66.46 - - [24/Aug/2019:20:00:36 +0000] "GET /pretraga?category=&type=&place=40&area=233&price=50000&surface=200 HTTP/1.1" 200 3937 "-" "Mozilla/5.0 (Linux; Android 6.0.1; Nexus 5X Build/MMB29P) AppleWebKit/537.36 (KHTML, like Gecko) Chrome/41.0.2272.96 Mobile Safari/537.36 (compatible; Googlebot/2.1; +http://www.google.com/bot.html)"
54.36.148.96 - - [24/Aug/2019:20:05:22 +0000] "GET /en/lands/sv-filip-i-jakov-zemljiste-2225-m2-pogodno-za-vikendicu-od-30-m2 HTTP/1.1" 200 5336 "-" "Mozilla/5.0 (compatible; AhrefsBot/6.1; +http://ahrefs.com/robot/)"
46.229.168.136 - - [24/Aug/2019:20:05:31 +0000] "GET /robots.txt HTTP/1.1" 200 24 "-" "Mozilla/5.0 (compatible; SemrushBot/6~bl; +http://www.semrush.com/bot.html)"
46.229.168.163 - - [24/Aug/2019:20:05:32 +0000] "GET /apartmani/privlaka-dvosoban-apartman-120-metara-od-pjescane-plaze-84-m2 HTTP/1.1" 200 5452 "-" "Mozilla/5.0 (compatible; SemrushBot/6~bl; +http://www.semrush.com/bot.html)"
46.251.14.195 - - [24/Aug/2019:20:08:06 +0000] "GET /uploads/images/0bbd1dd75c98d26c7084fc8347d3cf1d.jpg HTTP/1.1" 200 247216 "https://www.google.com/" "Mozilla/5.0 (Linux; Android 4.4.4; Lenovo A6000) AppleWebKit/537.36 (KHTML, like Gecko) Chrome/76.0.3809.111 Mobile Safari/537.36"
66.249.66.42 - - [24/Aug/2019:20:12:51 +0000] "GET /en/search?category=&type=&place=41&area=157&price=1000000&surface=200 HTTP/1.1" 500 4485 "-" "Mozilla/5.0 (Linux; Android 6.0.1; Nexus 5X Build/MMB29P) AppleWebKit/537.36 (KHTML, like Gecko) Chrome/41.0.2272.96 Mobile Safari/537.36 (compatible; Googlebot/2.1; +http://www.google.com/bot.html)"
66.249.66.42 - - [24/Aug/2019:20:19:37 +0000] "GET /pretraga?category=&type=&place=17&area=&price=100000&surface=100 HTTP/1.1" 500 4485 "-" "Mozilla/5.0 (Linux; Android 6.0.1; Nexus 5X Build/MMB29P) AppleWebKit/537.36 (KHTML, like Gecko) Chrome/41.0.2272.96 Mobile Safari/537.36 (compatible; Googlebot/2.1; +http://www.google.com/bot.html)"
66.249.66.42 - - [24/Aug/2019:20:19:55 +0000] "GET /hr/pretraga?category=&type=&place=4&area=&price=&surface=10 HTTP/1.1" 500 4485 "-" "Mozilla/5.0 (Linux; Android 6.0.1; Nexus 5X Build/MMB29P) AppleWebKit/537.36 (KHTML, like Gecko) Chrome/41.0.2272.96 Mobile Safari/537.36 (compatible; Googlebot/2.1; +http://www.google.com/bot.html)"
66.249.66.46 - - [24/Aug/2019:20:20:18 +0000] "GET /en/search?category=&type=&place=15&area=&price=&surface=200 HTTP/1.1" 500 4485 "-" "Mozilla/5.0 (Linux; Android 6.0.1; Nexus 5X Build/MMB29P) AppleWebKit/537.36 (KHTML, like Gecko) Chrome/41.0.2272.96 Mobile Safari/537.36 (compatible; Googlebot/2.1; +http://www.google.com/bot.html)"
66.249.66.44 - - [24/Aug/2019:20:20:38 +0000] "GET /hr/pretraga?category=&type=&place=36&area=169&price=1000000&surface=50 HTTP/1.1" 500 4485 "-" "Mozilla/5.0 (Linux; Android 6.0.1; Nexus 5X Build/MMB29P) AppleWebKit/537.36 (KHTML, like Gecko) Chrome/41.0.2272.96 Mobile Safari/537.36 (compatible; Googlebot/2.1; +http://www.google.com/bot.html)"
66.249.66.44 - - [24/Aug/2019:20:28:09 +0000] "GET /en/search?category=&type=&place=&area=79&price=&surface=&page=1 HTTP/1.1" 200 3869 "-" "Mozilla/5.0 (Linux; Android 6.0.1; Nexus 5X Build/MMB29P) AppleWebKit/537.36 (KHTML, like Gecko) Chrome/41.0.2272.96 Mobile Safari/537.36 (compatible; Googlebot/2.1; +http://www.google.com/bot.html)"
66.249.66.42 - - [24/Aug/2019:20:30:06 +0000] "GET /hr/pretraga?category=&type=&place=20&area=&price=1000000&surface=100 HTTP/1.1" 500 4485 "-" "Mozilla/5.0 (Linux; Android 6.0.1; Nexus 5X Build/MMB29P) AppleWebKit/537.36 (KHTML, like Gecko) Chrome/41.0.2272.96 Mobile Safari/537.36 (compatible; Googlebot/2.1; +http://www.google.com/bot.html)"
66.249.66.42 - - [24/Aug/2019:20:31:22 +0000] "GET /pretraga?category=&type=&place=58&area=228&price=50000&surface=10 HTTP/1.1" 500 4485 "-" "Mozilla/5.0 (Linux; Android 6.0.1; Nexus 5X Build/MMB29P) AppleWebKit/537.36 (KHTML, like Gecko) Chrome/41.0.2272.96 Mobile Safari/537.36 (compatible; Googlebot/2.1; +http://www.google.com/bot.html)"
46.229.168.163 - - [24/Aug/2019:20:32:35 +0000] "GET /apartmani?page=1 HTTP/1.1" 200 5362 "-" "Mozilla/5.0 (compatible; SemrushBot/6~bl; +http://www.semrush.com/bot.html)"
93.143.47.227 - - [24/Aug/2019:20:33:27 +0000] "GET /kuce/rovanjska-vila-s-bazenom-u-blizini-mora-250-m2 HTTP/1.1" 200 6211 "https://www.google.com/" "Mozilla/5.0 (Linux; Android 8.0.0; SM-A520F) AppleWebKit/537.36 (KHTML, like Gecko) Chrome/76.0.3809.111 Mobile Safari/537.36"
93.143.47.227 - - [24/Aug/2019:20:33:28 +0000] "GET /css/bootstrap.css HTTP/1.1" 200 20712 "https://www.citadela.hr/kuce/rovanjska-vila-s-bazenom-u-blizini-mora-250-m2" "Mozilla/5.0 (Linux; Android 8.0.0; SM-A520F) AppleWebKit/537.36 (KHTML, like Gecko) Chrome/76.0.3809.111 Mobile Safari/537.36"
93.143.47.227 - - [24/Aug/2019:20:33:28 +0000] "GET /css/style.css?v=2 HTTP/1.1" 200 17441 "https://www.citadela.hr/kuce/rovanjska-vila-s-bazenom-u-blizini-mora-250-m2" "Mozilla/5.0 (Linux; Android 8.0.0; SM-A520F) AppleWebKit/537.36 (KHTML, like Gecko) Chrome/76.0.3809.111 Mobile Safari/537.36"
93.143.47.227 - - [24/Aug/2019:20:33:28 +0000] "GET /css/font-awesome.css HTTP/1.1" 200 7439 "https://www.citadela.hr/kuce/rovanjska-vila-s-bazenom-u-blizini-mora-250-m2" "Mozilla/5.0 (Linux; Android 8.0.0; SM-A520F) AppleWebKit/537.36 (KHTML, like Gecko) Chrome/76.0.3809.111 Mobile Safari/537.36"
93.143.47.227 - - [24/Aug/2019:20:33:28 +0000] "GET /fonts/flaticon.css HTTP/1.1" 200 699 "https://www.citadela.hr/kuce/rovanjska-vila-s-bazenom-u-blizini-mora-250-m2" "Mozilla/5.0 (Linux; Android 8.0.0; SM-A520F) AppleWebKit/537.36 (KHTML, like Gecko) Chrome/76.0.3809.111 Mobile Safari/537.36"
93.143.47.227 - - [24/Aug/2019:20:33:28 +0000] "GET /css/jslider.css HTTP/1.1" 200 763 "https://www.citadela.hr/kuce/rovanjska-vila-s-bazenom-u-blizini-mora-250-m2" "Mozilla/5.0 (Linux; Android 8.0.0; SM-A520F) AppleWebKit/537.36 (KHTML, like Gecko) Chrome/76.0.3809.111 Mobile Safari/537.36"
93.143.47.227 - - [24/Aug/2019:20:33:28 +0000] "GET /css/colors/blue.css?v=2 HTTP/1.1" 200 3552 "https://www.citadela.hr/kuce/rovanjska-vila-s-bazenom-u-blizini-mora-250-m2" "Mozilla/5.0 (Linux; Android 8.0.0; SM-A520F) AppleWebKit/537.36 (KHTML, like Gecko) Chrome/76.0.3809.111 Mobile Safari/537.36"
93.143.47.227 - - [24/Aug/2019:20:33:28 +0000] "GET /css/responsive.css HTTP/1.1" 200 2788 "https://www.citadela.hr/kuce/rovanjska-vila-s-bazenom-u-blizini-mora-250-m2" "Mozilla/5.0 (Linux; Android 8.0.0; SM-A520F) AppleWebKit/537.36 (KHTML, like Gecko) Chrome/76.0.3809.111 Mobile Safari/537.36"
93.143.47.227 - - [24/Aug/2019:20:33:28 +0000] "GET /css/loader.css?v=2 HTTP/1.1" 200 772 "https://www.citadela.hr/kuce/rovanjska-vila-s-bazenom-u-blizini-mora-250-m2" "Mozilla/5.0 (Linux; Android 8.0.0; SM-A520F) AppleWebKit/537.36 (KHTML, like Gecko) Chrome/76.0.3809.111 Mobile Safari/537.36"
93.143.47.227 - - [24/Aug/2019:20:33:28 +0000] "GET /assets/plugins/flag/css/flag-icon.css HTTP/1.1" 200 2837 "https://www.citadela.hr/kuce/rovanjska-vila-s-bazenom-u-blizini-mora-250-m2" "Mozilla/5.0 (Linux; Android 8.0.0; SM-A520F) AppleWebKit/537.36 (KHTML, like Gecko) Chrome/76.0.3809.111 Mobile Safari/537.36"
93.143.47.227 - - [24/Aug/2019:20:33:28 +0000] "GET /unitegallery/css/unite-gallery.css HTTP/1.1" 200 4825 "https://www.citadela.hr/kuce/rovanjska-vila-s-bazenom-u-blizini-mora-250-m2" "Mozilla/5.0 (Linux; Android 8.0.0; SM-A520F) AppleWebKit/537.36 (KHTML, like Gecko) Chrome/76.0.3809.111 Mobile Safari/537.36"
93.143.47.227 - - [24/Aug/2019:20:33:28 +0000] "GET /css/jquery.fancybox.css HTTP/1.1" 200 1434 "https://www.citadela.hr/kuce/rovanjska-vila-s-bazenom-u-blizini-mora-250-m2" "Mozilla/5.0 (Linux; Android 8.0.0; SM-A520F) AppleWebKit/537.36 (KHTML, like Gecko) Chrome/76.0.3809.111 Mobile Safari/537.36"
93.143.47.227 - - [24/Aug/2019:20:33:28 +0000] "GET /css/animate.min.css HTTP/1.1" 200 4242 "https://www.citadela.hr/kuce/rovanjska-vila-s-bazenom-u-blizini-mora-250-m2" "Mozilla/5.0 (Linux; Android 8.0.0; SM-A520F) AppleWebKit/537.36 (KHTML, like Gecko) Chrome/76.0.3809.111 Mobile Safari/537.36"
93.143.47.227 - - [24/Aug/2019:20:33:28 +0000] "GET /css/owl.css HTTP/1.1" 200 1348 "https://www.citadela.hr/kuce/rovanjska-vila-s-bazenom-u-blizini-mora-250-m2" "Mozilla/5.0 (Linux; Android 8.0.0; SM-A520F) AppleWebKit/537.36 (KHTML, like Gecko) Chrome/76.0.3809.111 Mobile Safari/537.36"
93.143.47.227 - - [24/Aug/2019:20:33:28 +0000] "GET /js/jquery.min.js HTTP/1.1" 200 33760 "https://www.citadela.hr/kuce/rovanjska-vila-s-bazenom-u-blizini-mora-250-m2" "Mozilla/5.0 (Linux; Android 8.0.0; SM-A520F) AppleWebKit/537.36 (KHTML, like Gecko) Chrome/76.0.3809.111 Mobile Safari/537.36"
93.143.47.227 - - [24/Aug/2019:20:33:28 +0000] "GET /img/logo_header.png?v=2 HTTP/1.1" 200 4348 "https://www.citadela.hr/kuce/rovanjska-vila-s-bazenom-u-blizini-mora-250-m2" "Mozilla/5.0 (Linux; Android 8.0.0; SM-A520F) AppleWebKit/537.36 (KHTML, like Gecko) Chrome/76.0.3809.111 Mobile Safari/537.36"
93.143.47.227 - - [24/Aug/2019:20:33:28 +0000] "GET /fonts/fontawesome-webfont.woff2?v=4.7.0 HTTP/1.1" 200 77160 "https://www.citadela.hr/css/font-awesome.css" "Mozilla/5.0 (Linux; Android 8.0.0; SM-A520F) AppleWebKit/537.36 (KHTML, like Gecko) Chrome/76.0.3809.111 Mobile Safari/537.36"
93.143.47.227 - - [24/Aug/2019:20:33:28 +0000] "GET /js/YouTubePopUp.jquery.js HTTP/1.1" 200 967 "https://www.citadela.hr/kuce/rovanjska-vila-s-bazenom-u-blizini-mora-250-m2" "Mozilla/5.0 (Linux; Android 8.0.0; SM-A520F) AppleWebKit/537.36 (KHTML, like Gecko) Chrome/76.0.3809.111 Mobile Safari/537.36"
93.143.47.227 - - [24/Aug/2019:20:33:28 +0000] "GET /js/bootstrap-select.js HTTP/1.1" 200 15633 "https://www.citadela.hr/kuce/rovanjska-vila-s-bazenom-u-blizini-mora-250-m2" "Mozilla/5.0 (Linux; Android 8.0.0; SM-A520F) AppleWebKit/537.36 (KHTML, like Gecko) Chrome/76.0.3809.111 Mobile Safari/537.36"
93.143.47.227 - - [24/Aug/2019:20:33:28 +0000] "GET /js/bootstrap.min.js HTTP/1.1" 200 9833 "https://www.citadela.hr/kuce/rovanjska-vila-s-bazenom-u-blizini-mora-250-m2" "Mozilla/5.0 (Linux; Android 8.0.0; SM-A520F) AppleWebKit/537.36 (KHTML, like Gecko) Chrome/76.0.3809.111 Mobile Safari/537.36"
93.143.47.227 - - [24/Aug/2019:20:33:28 +0000] "GET /js/jquery.fancybox.pack.js HTTP/1.1" 200 8634 "https://www.citadela.hr/kuce/rovanjska-vila-s-bazenom-u-blizini-mora-250-m2" "Mozilla/5.0 (Linux; Android 8.0.0; SM-A520F) AppleWebKit/537.36 (KHTML, like Gecko) Chrome/76.0.3809.111 Mobile Safari/537.36"
93.143.47.227 - - [24/Aug/2019:20:33:28 +0000] "GET /js/jquery.fancybox-media.js HTTP/1.1" 200 1973 "https://www.citadela.hr/kuce/rovanjska-vila-s-bazenom-u-blizini-mora-250-m2" "Mozilla/5.0 (Linux; Android 8.0.0; SM-A520F) AppleWebKit/537.36 (KHTML, like Gecko) Chrome/76.0.3809.111 Mobile Safari/537.36"
93.143.47.227 - - [24/Aug/2019:20:33:28 +0000] "GET /js/mixitup.js HTTP/1.1" 200 11347 "https://www.citadela.hr/kuce/rovanjska-vila-s-bazenom-u-blizini-mora-250-m2" "Mozilla/5.0 (Linux; Android 8.0.0; SM-A520F) AppleWebKit/537.36 (KHTML, like Gecko) Chrome/76.0.3809.111 Mobile Safari/537.36"
93.143.47.227 - - [24/Aug/2019:20:33:28 +0000] "GET /js/owl.js HTTP/1.1" 200 17545 "https://www.citadela.hr/kuce/rovanjska-vila-s-bazenom-u-blizini-mora-250-m2" "Mozilla/5.0 (Linux; Android 8.0.0; SM-A520F) AppleWebKit/537.36 (KHTML, like Gecko) Chrome/76.0.3809.111 Mobile Safari/537.36"
93.143.47.227 - - [24/Aug/2019:20:33:28 +0000] "GET /js/wow.js HTTP/1.1" 200 2198 "https://www.citadela.hr/kuce/rovanjska-vila-s-bazenom-u-blizini-mora-250-m2" "Mozilla/5.0 (Linux; Android 8.0.0; SM-A520F) AppleWebKit/537.36 (KHTML, like Gecko) Chrome/76.0.3809.111 Mobile Safari/537.36"
93.143.47.227 - - [24/Aug/2019:20:33:28 +0000] "GET /js/jshashtable-2.1_src.js HTTP/1.1" 200 2957 "https://www.citadela.hr/kuce/rovanjska-vila-s-bazenom-u-blizini-mora-250-m2" "Mozilla/5.0 (Linux; Android 8.0.0; SM-A520F) AppleWebKit/537.36 (KHTML, like Gecko) Chrome/76.0.3809.111 Mobile Safari/537.36"
93.143.47.227 - - [24/Aug/2019:20:33:28 +0000] "GET /js/jquery.numberformatter-1.2.3.js HTTP/1.1" 200 4697 "https://www.citadela.hr/kuce/rovanjska-vila-s-bazenom-u-blizini-mora-250-m2" "Mozilla/5.0 (Linux; Android 8.0.0; SM-A520F) AppleWebKit/537.36 (KHTML, like Gecko) Chrome/76.0.3809.111 Mobile Safari/537.36"
93.143.47.227 - - [24/Aug/2019:20:33:29 +0000] "GET /js/tmpl.js HTTP/1.1" 200 625 "https://www.citadela.hr/kuce/rovanjska-vila-s-bazenom-u-blizini-mora-250-m2" "Mozilla/5.0 (Linux; Android 8.0.0; SM-A520F) AppleWebKit/537.36 (KHTML, like Gecko) Chrome/76.0.3809.111 Mobile Safari/537.36"
93.143.47.227 - - [24/Aug/2019:20:33:29 +0000] "GET /js/jquery.dependClass-0.1.js HTTP/1.1" 200 458 "https://www.citadela.hr/kuce/rovanjska-vila-s-bazenom-u-blizini-mora-250-m2" "Mozilla/5.0 (Linux; Android 8.0.0; SM-A520F) AppleWebKit/537.36 (KHTML, like Gecko) Chrome/76.0.3809.111 Mobile Safari/537.36"
93.143.47.227 - - [24/Aug/2019:20:33:29 +0000] "GET /js/draggable-0.1.js HTTP/1.1" 200 1326 "https://www.citadela.hr/kuce/rovanjska-vila-s-bazenom-u-blizini-mora-250-m2" "Mozilla/5.0 (Linux; Android 8.0.0; SM-A520F) AppleWebKit/537.36 (KHTML, like Gecko) Chrome/76.0.3809.111 Mobile Safari/537.36"
93.143.47.227 - - [24/Aug/2019:20:33:29 +0000] "GET /js/jquery.slider.js HTTP/1.1" 200 4772 "https://www.citadela.hr/kuce/rovanjska-vila-s-bazenom-u-blizini-mora-250-m2" "Mozilla/5.0 (Linux; Android 8.0.0; SM-A520F) AppleWebKit/537.36 (KHTML, like Gecko) Chrome/76.0.3809.111 Mobile Safari/537.36"
93.143.47.227 - - [24/Aug/2019:20:33:29 +0000] "GET /js/jquery.barrating.js HTTP/1.1" 200 4280 "https://www.citadela.hr/kuce/rovanjska-vila-s-bazenom-u-blizini-mora-250-m2" "Mozilla/5.0 (Linux; Android 8.0.0; SM-A520F) AppleWebKit/537.36 (KHTML, like Gecko) Chrome/76.0.3809.111 Mobile Safari/537.36"
93.143.47.227 - - [24/Aug/2019:20:33:29 +0000] "GET /js/custom.js HTTP/1.1" 200 5159 "https://www.citadela.hr/kuce/rovanjska-vila-s-bazenom-u-blizini-mora-250-m2" "Mozilla/5.0 (Linux; Android 8.0.0; SM-A520F) AppleWebKit/537.36 (KHTML, like Gecko) Chrome/76.0.3809.111 Mobile Safari/537.36"
93.143.47.227 - - [24/Aug/2019:20:33:29 +0000] "GET /unitegallery/js/jquery-11.0.min.js HTTP/1.1" 200 33369 "https://www.citadela.hr/kuce/rovanjska-vila-s-bazenom-u-blizini-mora-250-m2" "Mozilla/5.0 (Linux; Android 8.0.0; SM-A520F) AppleWebKit/537.36 (KHTML, like Gecko) Chrome/76.0.3809.111 Mobile Safari/537.36"
93.143.47.227 - - [24/Aug/2019:20:33:29 +0000] "GET /unitegallery/js/unitegallery.min.js HTTP/1.1" 200 66910 "https://www.citadela.hr/kuce/rovanjska-vila-s-bazenom-u-blizini-mora-250-m2" "Mozilla/5.0 (Linux; Android 8.0.0; SM-A520F) AppleWebKit/537.36 (KHTML, like Gecko) Chrome/76.0.3809.111 Mobile Safari/537.36"
93.143.47.227 - - [24/Aug/2019:20:33:29 +0000] "GET /unitegallery/themes/compact/ug-theme-compact.js HTTP/1.1" 200 2477 "https://www.citadela.hr/kuce/rovanjska-vila-s-bazenom-u-blizini-mora-250-m2" "Mozilla/5.0 (Linux; Android 8.0.0; SM-A520F) AppleWebKit/537.36 (KHTML, like Gecko) Chrome/76.0.3809.111 Mobile Safari/537.36"
93.143.47.227 - - [24/Aug/2019:20:33:29 +0000] "GET /uploads/thumbnails/ee4f70fae730d47223e194eaec734347.jpg HTTP/1.1" 200 39112 "https://www.citadela.hr/kuce/rovanjska-vila-s-bazenom-u-blizini-mora-250-m2" "Mozilla/5.0 (Linux; Android 8.0.0; SM-A520F) AppleWebKit/537.36 (KHTML, like Gecko) Chrome/76.0.3809.111 Mobile Safari/537.36"
93.143.47.227 - - [24/Aug/2019:20:33:29 +0000] "GET /uploads/thumbnails/bba4f819fb3fbdedd14b2424513a10e9.jpg HTTP/1.1" 200 31752 "https://www.citadela.hr/kuce/rovanjska-vila-s-bazenom-u-blizini-mora-250-m2" "Mozilla/5.0 (Linux; Android 8.0.0; SM-A520F) AppleWebKit/537.36 (KHTML, like Gecko) Chrome/76.0.3809.111 Mobile Safari/537.36"
93.143.47.227 - - [24/Aug/2019:20:33:29 +0000] "GET /uploads/thumbnails/e812c83436162823a60b55ae534692cc.jpg HTTP/1.1" 200 39324 "https://www.citadela.hr/kuce/rovanjska-vila-s-bazenom-u-blizini-mora-250-m2" "Mozilla/5.0 (Linux; Android 8.0.0; SM-A520F) AppleWebKit/537.36 (KHTML, like Gecko) Chrome/76.0.3809.111 Mobile Safari/537.36"
93.143.47.227 - - [24/Aug/2019:20:33:29 +0000] "GET /uploads/thumbnails/7b2015b77f568af4cff8cb4b62eb9a07.jpg HTTP/1.1" 200 36126 "https://www.citadela.hr/kuce/rovanjska-vila-s-bazenom-u-blizini-mora-250-m2" "Mozilla/5.0 (Linux; Android 8.0.0; SM-A520F) AppleWebKit/537.36 (KHTML, like Gecko) Chrome/76.0.3809.111 Mobile Safari/537.36"
93.143.47.227 - - [24/Aug/2019:20:33:29 +0000] "GET /uploads/thumbnails/cae709c03bbe5c38fb01627857a647e5.jpg HTTP/1.1" 200 28554 "https://www.citadela.hr/kuce/rovanjska-vila-s-bazenom-u-blizini-mora-250-m2" "Mozilla/5.0 (Linux; Android 8.0.0; SM-A520F) AppleWebKit/537.36 (KHTML, like Gecko) Chrome/76.0.3809.111 Mobile Safari/537.36"
93.143.47.227 - - [24/Aug/2019:20:33:29 +0000] "GET /uploads/thumbnails/c8ca78f00e5fd9e3ea6a85dd63290324.jpg HTTP/1.1" 200 31295 "https://www.citadela.hr/kuce/rovanjska-vila-s-bazenom-u-blizini-mora-250-m2" "Mozilla/5.0 (Linux; Android 8.0.0; SM-A520F) AppleWebKit/537.36 (KHTML, like Gecko) Chrome/76.0.3809.111 Mobile Safari/537.36"
93.143.47.227 - - [24/Aug/2019:20:33:29 +0000] "GET /uploads/thumbnails/00e6da5dea06ae8f9507b76a2e510508.jpg HTTP/1.1" 200 30298 "https://www.citadela.hr/kuce/rovanjska-vila-s-bazenom-u-blizini-mora-250-m2" "Mozilla/5.0 (Linux; Android 8.0.0; SM-A520F) AppleWebKit/537.36 (KHTML, like Gecko) Chrome/76.0.3809.111 Mobile Safari/537.36"
93.143.47.227 - - [24/Aug/2019:20:33:29 +0000] "GET /uploads/thumbnails/87e6afcbb5c998af6e3c51ccd97dd27d.jpg HTTP/1.1" 200 28359 "https://www.citadela.hr/kuce/rovanjska-vila-s-bazenom-u-blizini-mora-250-m2" "Mozilla/5.0 (Linux; Android 8.0.0; SM-A520F) AppleWebKit/537.36 (KHTML, like Gecko) Chrome/76.0.3809.111 Mobile Safari/537.36"
93.143.47.227 - - [24/Aug/2019:20:33:29 +0000] "GET /uploads/thumbnails/d1166910e2db96e3c7b65ba83e0c32f0.jpg HTTP/1.1" 200 39981 "https://www.citadela.hr/kuce/rovanjska-vila-s-bazenom-u-blizini-mora-250-m2" "Mozilla/5.0 (Linux; Android 8.0.0; SM-A520F) AppleWebKit/537.36 (KHTML, like Gecko) Chrome/76.0.3809.111 Mobile Safari/537.36"
93.143.47.227 - - [24/Aug/2019:20:33:30 +0000] "GET /uploads/thumbnails/03a19e7cfae6aff3aad0a166bb976149.jpg HTTP/1.1" 200 27229 "https://www.citadela.hr/kuce/rovanjska-vila-s-bazenom-u-blizini-mora-250-m2" "Mozilla/5.0 (Linux; Android 8.0.0; SM-A520F) AppleWebKit/537.36 (KHTML, like Gecko) Chrome/76.0.3809.111 Mobile Safari/537.36"
93.143.47.227 - - [24/Aug/2019:20:33:30 +0000] "GET /uploads/thumbnails/77effcacdf5f7261de4f19925b71ff12.jpg HTTP/1.1" 200 31748 "https://www.citadela.hr/kuce/rovanjska-vila-s-bazenom-u-blizini-mora-250-m2" "Mozilla/5.0 (Linux; Android 8.0.0; SM-A520F) AppleWebKit/537.36 (KHTML, like Gecko) Chrome/76.0.3809.111 Mobile Safari/537.36"
93.143.47.227 - - [24/Aug/2019:20:33:30 +0000] "GET /uploads/thumbnails/0583830de28ee6f5738417f31e39be0c.jpg HTTP/1.1" 200 38148 "https://www.citadela.hr/kuce/rovanjska-vila-s-bazenom-u-blizini-mora-250-m2" "Mozilla/5.0 (Linux; Android 8.0.0; SM-A520F) AppleWebKit/537.36 (KHTML, like Gecko) Chrome/76.0.3809.111 Mobile Safari/537.36"
93.143.47.227 - - [24/Aug/2019:20:33:30 +0000] "GET /uploads/thumbnails/b282a1501702b5647b1f0383a3bf0721.jpg HTTP/1.1" 200 26495 "https://www.citadela.hr/kuce/rovanjska-vila-s-bazenom-u-blizini-mora-250-m2" "Mozilla/5.0 (Linux; Android 8.0.0; SM-A520F) AppleWebKit/537.36 (KHTML, like Gecko) Chrome/76.0.3809.111 Mobile Safari/537.36"
93.143.47.227 - - [24/Aug/2019:20:33:30 +0000] "GET /uploads/thumbnails/3715c08fded98535cf88056d2993cdef.jpg HTTP/1.1" 200 25649 "https://www.citadela.hr/kuce/rovanjska-vila-s-bazenom-u-blizini-mora-250-m2" "Mozilla/5.0 (Linux; Android 8.0.0; SM-A520F) AppleWebKit/537.36 (KHTML, like Gecko) Chrome/76.0.3809.111 Mobile Safari/537.36"
93.143.47.227 - - [24/Aug/2019:20:33:30 +0000] "GET /uploads/thumbnails/7698b38fbcea83c54098515499e98cc9.jpg HTTP/1.1" 200 35186 "https://www.citadela.hr/kuce/rovanjska-vila-s-bazenom-u-blizini-mora-250-m2" "Mozilla/5.0 (Linux; Android 8.0.0; SM-A520F) AppleWebKit/537.36 (KHTML, like Gecko) Chrome/76.0.3809.111 Mobile Safari/537.36"
93.143.47.227 - - [24/Aug/2019:20:33:30 +0000] "GET /uploads/thumbnails/60806dacb0bfe4bc6fa089505cd15495.jpg HTTP/1.1" 200 34693 "https://www.citadela.hr/kuce/rovanjska-vila-s-bazenom-u-blizini-mora-250-m2" "Mozilla/5.0 (Linux; Android 8.0.0; SM-A520F) AppleWebKit/537.36 (KHTML, like Gecko) Chrome/76.0.3809.111 Mobile Safari/537.36"
93.143.47.227 - - [24/Aug/2019:20:33:31 +0000] "GET /uploads/thumbnails/8f9318468fe831dcdd0e9f8b9f88edc6.jpg HTTP/1.1" 200 28288 "https://www.citadela.hr/kuce/rovanjska-vila-s-bazenom-u-blizini-mora-250-m2" "Mozilla/5.0 (Linux; Android 8.0.0; SM-A520F) AppleWebKit/537.36 (KHTML, like Gecko) Chrome/76.0.3809.111 Mobile Safari/537.36"
93.143.47.227 - - [24/Aug/2019:20:33:31 +0000] "GET /uploads/thumbnails/9278c853bfac136d39314e5d7eabaf18.jpg HTTP/1.1" 200 40530 "https://www.citadela.hr/kuce/rovanjska-vila-s-bazenom-u-blizini-mora-250-m2" "Mozilla/5.0 (Linux; Android 8.0.0; SM-A520F) AppleWebKit/537.36 (KHTML, like Gecko) Chrome/76.0.3809.111 Mobile Safari/537.36"
93.143.47.227 - - [24/Aug/2019:20:33:31 +0000] "GET /img/mate.jpg HTTP/1.1" 200 14037 "https://www.citadela.hr/kuce/rovanjska-vila-s-bazenom-u-blizini-mora-250-m2" "Mozilla/5.0 (Linux; Android 8.0.0; SM-A520F) AppleWebKit/537.36 (KHTML, like Gecko) Chrome/76.0.3809.111 Mobile Safari/537.36"
93.143.47.227 - - [24/Aug/2019:20:33:31 +0000] "GET /img/logo_footer.png HTTP/1.1" 200 4213 "https://www.citadela.hr/kuce/rovanjska-vila-s-bazenom-u-blizini-mora-250-m2" "Mozilla/5.0 (Linux; Android 8.0.0; SM-A520F) AppleWebKit/537.36 (KHTML, like Gecko) Chrome/76.0.3809.111 Mobile Safari/537.36"
93.143.47.227 - - [24/Aug/2019:20:33:32 +0000] "GET /unitegallery/images/cover-grid.png HTTP/1.1" 200 933 "https://www.citadela.hr/unitegallery/css/unite-gallery.css" "Mozilla/5.0 (Linux; Android 8.0.0; SM-A520F) AppleWebKit/537.36 (KHTML, like Gecko) Chrome/76.0.3809.111 Mobile Safari/537.36"
93.143.47.227 - - [24/Aug/2019:20:33:31 +0000] "GET /img/banner/banner.png HTTP/1.1" 200 188379 "https://www.citadela.hr/css/style.css?v=2" "Mozilla/5.0 (Linux; Android 8.0.0; SM-A520F) AppleWebKit/537.36 (KHTML, like Gecko) Chrome/76.0.3809.111 Mobile Safari/537.36"
93.143.47.227 - - [24/Aug/2019:20:33:32 +0000] "GET /unitegallery/images/loader.gif HTTP/1.1" 200 673 "https://www.citadela.hr/unitegallery/css/unite-gallery.css" "Mozilla/5.0 (Linux; Android 8.0.0; SM-A520F) AppleWebKit/537.36 (KHTML, like Gecko) Chrome/76.0.3809.111 Mobile Safari/537.36"
93.143.47.227 - - [24/Aug/2019:20:33:32 +0000] "GET /unitegallery/images/not_loaded.png HTTP/1.1" 200 858 "https://www.citadela.hr/unitegallery/css/unite-gallery.css" "Mozilla/5.0 (Linux; Android 8.0.0; SM-A520F) AppleWebKit/537.36 (KHTML, like Gecko) Chrome/76.0.3809.111 Mobile Safari/537.36"
93.143.47.227 - - [24/Aug/2019:20:33:32 +0000] "GET /unitegallery/images/loader-white1.gif HTTP/1.1" 200 2545 "https://www.citadela.hr/unitegallery/css/unite-gallery.css" "Mozilla/5.0 (Linux; Android 8.0.0; SM-A520F) AppleWebKit/537.36 (KHTML, like Gecko) Chrome/76.0.3809.111 Mobile Safari/537.36"
93.143.47.227 - - [24/Aug/2019:20:33:32 +0000] "GET /unitegallery/images/play-button-square.png HTTP/1.1" 200 4591 "https://www.citadela.hr/unitegallery/css/unite-gallery.css" "Mozilla/5.0 (Linux; Android 8.0.0; SM-A520F) AppleWebKit/537.36 (KHTML, like Gecko) Chrome/76.0.3809.111 Mobile Safari/537.36"
93.143.47.227 - - [24/Aug/2019:20:33:32 +0000] "GET /unitegallery/skins/default/slider_arrow_left.png HTTP/1.1" 200 493 "https://www.citadela.hr/unitegallery/css/unite-gallery.css" "Mozilla/5.0 (Linux; Android 8.0.0; SM-A520F) AppleWebKit/537.36 (KHTML, like Gecko) Chrome/76.0.3809.111 Mobile Safari/537.36"
93.143.47.227 - - [24/Aug/2019:20:33:32 +0000] "GET /unitegallery/skins/default/slider_arrow_right.png HTTP/1.1" 200 505 "https://www.citadela.hr/unitegallery/css/unite-gallery.css" "Mozilla/5.0 (Linux; Android 8.0.0; SM-A520F) AppleWebKit/537.36 (KHTML, like Gecko) Chrome/76.0.3809.111 Mobile Safari/537.36"
93.143.47.227 - - [24/Aug/2019:20:33:32 +0000] "GET /unitegallery/skins/default/button_fullscreen.png HTTP/1.1" 200 1146 "https://www.citadela.hr/unitegallery/css/unite-gallery.css" "Mozilla/5.0 (Linux; Android 8.0.0; SM-A520F) AppleWebKit/537.36 (KHTML, like Gecko) Chrome/76.0.3809.111 Mobile Safari/537.36"
93.143.47.227 - - [24/Aug/2019:20:33:32 +0000] "GET /unitegallery/images/loader-black1.gif HTTP/1.1" 200 5855 "https://www.citadela.hr/unitegallery/css/unite-gallery.css" "Mozilla/5.0 (Linux; Android 8.0.0; SM-A520F) AppleWebKit/537.36 (KHTML, like Gecko) Chrome/76.0.3809.111 Mobile Safari/537.36"
93.143.47.227 - - [24/Aug/2019:20:33:32 +0000] "GET /unitegallery/images/button-close.png HTTP/1.1" 200 7155 "https://www.citadela.hr/unitegallery/css/unite-gallery.css" "Mozilla/5.0 (Linux; Android 8.0.0; SM-A520F) AppleWebKit/537.36 (KHTML, like Gecko) Chrome/76.0.3809.111 Mobile Safari/537.36"
93.143.47.227 - - [24/Aug/2019:20:33:32 +0000] "GET /uploads/images/ee4f70fae730d47223e194eaec734347.jpg HTTP/1.1" 200 223013 "https://www.citadela.hr/kuce/rovanjska-vila-s-bazenom-u-blizini-mora-250-m2" "Mozilla/5.0 (Linux; Android 8.0.0; SM-A520F) AppleWebKit/537.36 (KHTML, like Gecko) Chrome/76.0.3809.111 Mobile Safari/537.36"
93.143.47.227 - - [24/Aug/2019:20:33:32 +0000] "GET /uploads/images/bba4f819fb3fbdedd14b2424513a10e9.jpg HTTP/1.1" 200 178311 "https://www.citadela.hr/kuce/rovanjska-vila-s-bazenom-u-blizini-mora-250-m2" "Mozilla/5.0 (Linux; Android 8.0.0; SM-A520F) AppleWebKit/537.36 (KHTML, like Gecko) Chrome/76.0.3809.111 Mobile Safari/537.36"
93.143.47.227 - - [24/Aug/2019:20:33:32 +0000] "GET /uploads/images/9278c853bfac136d39314e5d7eabaf18.jpg HTTP/1.1" 200 51580 "https://www.citadela.hr/kuce/rovanjska-vila-s-bazenom-u-blizini-mora-250-m2" "Mozilla/5.0 (Linux; Android 8.0.0; SM-A520F) AppleWebKit/537.36 (KHTML, like Gecko) Chrome/76.0.3809.111 Mobile Safari/537.36"
93.143.47.227 - - [24/Aug/2019:20:33:36 +0000] "GET /favicon-32x32.png HTTP/1.1" 200 1936 "https://www.citadela.hr/kuce/rovanjska-vila-s-bazenom-u-blizini-mora-250-m2" "Mozilla/5.0 (Linux; Android 8.0.0; SM-A520F) AppleWebKit/537.36 (KHTML, like Gecko) Chrome/76.0.3809.111 Mobile Safari/537.36"
93.143.47.227 - - [24/Aug/2019:20:33:36 +0000] "GET /apple-touch-icon.png HTTP/1.1" 200 9899 "https://www.citadela.hr/kuce/rovanjska-vila-s-bazenom-u-blizini-mora-250-m2" "Mozilla/5.0 (Linux; Android 8.0.0; SM-A520F) AppleWebKit/537.36 (KHTML, like Gecko) Chrome/76.0.3809.111 Mobile Safari/537.36"
93.143.47.227 - - [24/Aug/2019:20:33:36 +0000] "GET /site.webmanifest HTTP/1.1" 200 291 "https://www.citadela.hr/kuce/rovanjska-vila-s-bazenom-u-blizini-mora-250-m2" "Mozilla/5.0 (Linux; Android 8.0.0; SM-A520F) AppleWebKit/537.36 (KHTML, like Gecko) Chrome/76.0.3809.111 Mobile Safari/537.36"
66.249.66.44 - - [24/Aug/2019:20:34:02 +0000] "GET /pretraga?category=&place=2&price=&surface=100 HTTP/1.1" 500 4485 "-" "Mozilla/5.0 (Linux; Android 6.0.1; Nexus 5X Build/MMB29P) AppleWebKit/537.36 (KHTML, like Gecko) Chrome/41.0.2272.96 Mobile Safari/537.36 (compatible; Googlebot/2.1; +http://www.google.com/bot.html)"
66.249.66.42 - - [24/Aug/2019:20:34:03 +0000] "GET /hr/pretraga?category=&type=&place=5&area=&price=100000&surface=10 HTTP/1.1" 500 4485 "-" "Mozilla/5.0 (Linux; Android 6.0.1; Nexus 5X Build/MMB29P) AppleWebKit/537.36 (KHTML, like Gecko) Chrome/41.0.2272.96 Mobile Safari/537.36 (compatible; Googlebot/2.1; +http://www.google.com/bot.html)"
157.55.39.154 - - [24/Aug/2019:20:39:42 +0000] "GET /ponudi-nekretninu HTTP/1.1" 200 3903 "-" "Mozilla/5.0 (compatible; bingbot/2.0; +http://www.bing.com/bingbot.htm)"
66.249.66.46 - - [24/Aug/2019:20:41:21 +0000] "GET /en/search?category=&type=&place=36&area=169&price=1000000&surface=100 HTTP/1.1" 500 4485 "-" "Mozilla/5.0 (Linux; Android 6.0.1; Nexus 5X Build/MMB29P) AppleWebKit/537.36 (KHTML, like Gecko) Chrome/41.0.2272.96 Mobile Safari/537.36 (compatible; Googlebot/2.1; +http://www.google.com/bot.html)"
66.249.66.44 - - [24/Aug/2019:20:46:51 +0000] "GET /en/search?category=&type=&place=&area=89&price=300000&surface=10&page=2 HTTP/1.1" 200 3968 "-" "Mozilla/5.0 (Linux; Android 6.0.1; Nexus 5X Build/MMB29P) AppleWebKit/537.36 (KHTML, like Gecko) Chrome/41.0.2272.96 Mobile Safari/537.36 (compatible; Googlebot/2.1; +http://www.google.com/bot.html)"
66.249.66.44 - - [24/Aug/2019:20:48:31 +0000] "GET /hr/pretraga?category=&type=&place=41&area=157&price=100000&surface= HTTP/1.1" 500 4485 "-" "Mozilla/5.0 (Linux; Android 6.0.1; Nexus 5X Build/MMB29P) AppleWebKit/537.36 (KHTML, like Gecko) Chrome/41.0.2272.96 Mobile Safari/537.36 (compatible; Googlebot/2.1; +http://www.google.com/bot.html)"
66.249.66.46 - - [24/Aug/2019:20:49:32 +0000] "GET /en/search?category=&type=&place=36&area=172&price=100000&surface=10 HTTP/1.1" 500 4485 "-" "Mozilla/5.0 (Linux; Android 6.0.1; Nexus 5X Build/MMB29P) AppleWebKit/537.36 (KHTML, like Gecko) Chrome/41.0.2272.96 Mobile Safari/537.36 (compatible; Googlebot/2.1; +http://www.google.com/bot.html)"
66.249.66.42 - - [24/Aug/2019:20:49:54 +0000] "GET /hr/pretraga?category=&type=&place=3&area=&price=200000&surface=100 HTTP/1.1" 500 4485 "-" "Mozilla/5.0 (Linux; Android 6.0.1; Nexus 5X Build/MMB29P) AppleWebKit/537.36 (KHTML, like Gecko) Chrome/41.0.2272.96 Mobile Safari/537.36 (compatible; Googlebot/2.1; +http://www.google.com/bot.html)"
66.249.66.46 - - [24/Aug/2019:20:50:57 +0000] "GET /hr/pretraga?category=&type=&place=38&area=157&price=&surface=200 HTTP/1.1" 500 4485 "-" "Mozilla/5.0 (Linux; Android 6.0.1; Nexus 5X Build/MMB29P) AppleWebKit/537.36 (KHTML, like Gecko) Chrome/41.0.2272.96 Mobile Safari/537.36 (compatible; Googlebot/2.1; +http://www.google.com/bot.html)"
46.229.168.137 - - [24/Aug/2019:20:52:19 +0000] "GET /robots.txt HTTP/1.1" 200 24 "-" "Mozilla/5.0 (compatible; SemrushBot/6~bl; +http://www.semrush.com/bot.html)"
46.229.168.141 - - [24/Aug/2019:20:52:20 +0000] "GET /en/houses?page=2 HTTP/1.1" 200 5436 "-" "Mozilla/5.0 (compatible; SemrushBot/6~bl; +http://www.semrush.com/bot.html)"
46.229.168.149 - - [24/Aug/2019:21:00:22 +0000] "GET /hr/apartmani/vinjerac-dvoetazni-cetverosoban-apartman-17576-m2-novogradnja HTTP/1.1" 200 6291 "-" "Mozilla/5.0 (compatible; SemrushBot/6~bl; +http://www.semrush.com/bot.html)"
66.249.66.42 - - [24/Aug/2019:21:00:46 +0000] "GET /en/search?category=&type=&place=16&area=&price=200000&surface= HTTP/1.1" 500 4485 "-" "Mozilla/5.0 (Linux; Android 6.0.1; Nexus 5X Build/MMB29P) AppleWebKit/537.36 (KHTML, like Gecko) Chrome/41.0.2272.96 Mobile Safari/537.36 (compatible; Googlebot/2.1; +http://www.google.com/bot.html)"
66.249.66.44 - - [24/Aug/2019:21:01:21 +0000] "GET /pretraga?category=&type=&place=37&area=157&price=500000&surface= HTTP/1.1" 500 4485 "-" "Mozilla/5.0 (Linux; Android 6.0.1; Nexus 5X Build/MMB29P) AppleWebKit/537.36 (KHTML, like Gecko) Chrome/41.0.2272.96 Mobile Safari/537.36 (compatible; Googlebot/2.1; +http://www.google.com/bot.html)"
66.249.66.42 - - [24/Aug/2019:21:01:57 +0000] "GET /en/search?category=&type=&place=36&area=165&price=100000&surface=10 HTTP/1.1" 500 4485 "-" "Mozilla/5.0 (Linux; Android 6.0.1; Nexus 5X Build/MMB29P) AppleWebKit/537.36 (KHTML, like Gecko) Chrome/41.0.2272.96 Mobile Safari/537.36 (compatible; Googlebot/2.1; +http://www.google.com/bot.html)"
66.249.66.44 - - [24/Aug/2019:21:02:18 +0000] "GET /en/search?category=&type=&place=37&area=157&price=500000&surface= HTTP/1.1" 500 4485 "-" "Mozilla/5.0 (Linux; Android 6.0.1; Nexus 5X Build/MMB29P) AppleWebKit/537.36 (KHTML, like Gecko) Chrome/41.0.2272.96 Mobile Safari/537.36 (compatible; Googlebot/2.1; +http://www.google.com/bot.html)"
66.249.66.46 - - [24/Aug/2019:21:05:33 +0000] "GET /en/search?category=&type=&place=&area=183&price=100000&surface=10&page=2 HTTP/1.1" 200 3968 "-" "Mozilla/5.0 (Linux; Android 6.0.1; Nexus 5X Build/MMB29P) AppleWebKit/537.36 (KHTML, like Gecko) Chrome/41.0.2272.96 Mobile Safari/537.36 (compatible; Googlebot/2.1; +http://www.google.com/bot.html)"
66.249.66.46 - - [24/Aug/2019:21:08:28 +0000] "GET /en/search?category=&type=&place=37&area=157&price=500000&surface= HTTP/1.1" 500 4485 "-" "Mozilla/5.0 (Linux; Android 6.0.1; Nexus 5X Build/MMB29P) AppleWebKit/537.36 (KHTML, like Gecko) Chrome/41.0.2272.96 Mobile Safari/537.36 (compatible; Googlebot/2.1; +http://www.google.com/bot.html)"
66.249.66.46 - - [24/Aug/2019:21:10:09 +0000] "GET /pretraga?category=&type=&place=36&area=&price=500000&surface=10 HTTP/1.1" 500 4485 "-" "Mozilla/5.0 (Linux; Android 6.0.1; Nexus 5X Build/MMB29P) AppleWebKit/537.36 (KHTML, like Gecko) Chrome/41.0.2272.96 Mobile Safari/537.36 (compatible; Googlebot/2.1; +http://www.google.com/bot.html)"
66.249.66.46 - - [24/Aug/2019:21:12:13 +0000] "GET /pretraga?category=&type=&place=36&area=172&price=300000&surface= HTTP/1.1" 500 4485 "-" "Mozilla/5.0 (Linux; Android 6.0.1; Nexus 5X Build/MMB29P) AppleWebKit/537.36 (KHTML, like Gecko) Chrome/41.0.2272.96 Mobile Safari/537.36 (compatible; Googlebot/2.1; +http://www.google.com/bot.html)"
66.249.66.44 - - [24/Aug/2019:21:19:07 +0000] "GET /en/search?category=&type=&place=49&area=&price=1000000&surface=100 HTTP/1.1" 500 4485 "-" "Mozilla/5.0 (Linux; Android 6.0.1; Nexus 5X Build/MMB29P) AppleWebKit/537.36 (KHTML, like Gecko) Chrome/41.0.2272.96 Mobile Safari/537.36 (compatible; Googlebot/2.1; +http://www.google.com/bot.html)"
66.249.66.46 - - [24/Aug/2019:21:20:55 +0000] "GET /pretraga?category=&type=&place=58&area=229&price=50000&surface=100 HTTP/1.1" 500 4485 "-" "Mozilla/5.0 (Linux; Android 6.0.1; Nexus 5X Build/MMB29P) AppleWebKit/537.36 (KHTML, like Gecko) Chrome/41.0.2272.96 Mobile Safari/537.36 (compatible; Googlebot/2.1; +http://www.google.com/bot.html)"
66.249.66.46 - - [24/Aug/2019:21:21:21 +0000] "GET /hr/pretraga?category=&type=&place=58&area=&price=100000&surface=50 HTTP/1.1" 500 4485 "-" "Mozilla/5.0 (Linux; Android 6.0.1; Nexus 5X Build/MMB29P) AppleWebKit/537.36 (KHTML, like Gecko) Chrome/41.0.2272.96 Mobile Safari/537.36 (compatible; Googlebot/2.1; +http://www.google.com/bot.html)"
66.249.66.44 - - [24/Aug/2019:21:22:47 +0000] "GET /en/search?category=&type=&place=47&area=&price=300000&surface=200 HTTP/1.1" 500 4485 "-" "Mozilla/5.0 (Linux; Android 6.0.1; Nexus 5X Build/MMB29P) AppleWebKit/537.36 (KHTML, like Gecko) Chrome/41.0.2272.96 Mobile Safari/537.36 (compatible; Googlebot/2.1; +http://www.google.com/bot.html)"
66.249.66.46 - - [24/Aug/2019:21:24:15 +0000] "GET /pretraga?category=&type=sale&place=&area=&price=&surface=100&page=6 HTTP/1.1" 200 5604 "-" "Mozilla/5.0 (Linux; Android 6.0.1; Nexus 5X Build/MMB29P) AppleWebKit/537.36 (KHTML, like Gecko) Chrome/41.0.2272.96 Mobile Safari/537.36 (compatible; Googlebot/2.1; +http://www.google.com/bot.html)"
66.249.66.46 - - [24/Aug/2019:21:30:19 +0000] "GET /pretraga?category=&type=sale&place=41&area=&price=100000&surface=200 HTTP/1.1" 500 4485 "-" "Mozilla/5.0 (Linux; Android 6.0.1; Nexus 5X Build/MMB29P) AppleWebKit/537.36 (KHTML, like Gecko) Chrome/41.0.2272.96 Mobile Safari/537.36 (compatible; Googlebot/2.1; +http://www.google.com/bot.html)"
66.249.66.46 - - [24/Aug/2019:21:31:21 +0000] "GET /hr/pretraga?category=&place=2&price=200000&surface=200 HTTP/1.1" 500 4485 "-" "Mozilla/5.0 (Linux; Android 6.0.1; Nexus 5X Build/MMB29P) AppleWebKit/537.36 (KHTML, like Gecko) Chrome/41.0.2272.96 Mobile Safari/537.36 (compatible; Googlebot/2.1; +http://www.google.com/bot.html)"
66.249.66.46 - - [24/Aug/2019:21:33:17 +0000] "GET /hr/pretraga?category=&type=&place=46&area=&price=300000&surface=200 HTTP/1.1" 500 4485 "-" "Mozilla/5.0 (Linux; Android 6.0.1; Nexus 5X Build/MMB29P) AppleWebKit/537.36 (KHTML, like Gecko) Chrome/41.0.2272.96 Mobile Safari/537.36 (compatible; Googlebot/2.1; +http://www.google.com/bot.html)"
66.249.66.42 - - [24/Aug/2019:21:36:43 +0000] "GET /pretraga?category=&place=&price=300000&surface=&page=1 HTTP/1.1" 200 5513 "-" "Mozilla/5.0 (Linux; Android 6.0.1; Nexus 5X Build/MMB29P) AppleWebKit/537.36 (KHTML, like Gecko) Chrome/41.0.2272.96 Mobile Safari/537.36 (compatible; Googlebot/2.1; +http://www.google.com/bot.html)"
66.249.66.42 - - [24/Aug/2019:21:37:17 +0000] "GET /en/search?category=&place=3&price=200000&surface=100 HTTP/1.1" 500 4485 "-" "Mozilla/5.0 (Linux; Android 6.0.1; Nexus 5X Build/MMB29P) AppleWebKit/537.36 (KHTML, like Gecko) Chrome/41.0.2272.96 Mobile Safari/537.36 (compatible; Googlebot/2.1; +http://www.google.com/bot.html)"
157.55.39.154 - - [24/Aug/2019:21:41:00 +0000] "GET /stanovi HTTP/1.1" 200 4417 "-" "Mozilla/5.0 (compatible; bingbot/2.0; +http://www.bing.com/bingbot.htm)"
66.249.66.46 - - [24/Aug/2019:21:41:39 +0000] "GET /hr/pretraga?category=&type=&place=46&area=&price=300000&surface=200 HTTP/1.1" 500 4485 "-" "Mozilla/5.0 (Linux; Android 6.0.1; Nexus 5X Build/MMB29P) AppleWebKit/537.36 (KHTML, like Gecko) Chrome/41.0.2272.96 Mobile Safari/537.36 (compatible; Googlebot/2.1; +http://www.google.com/bot.html)"
66.249.66.42 - - [24/Aug/2019:21:42:51 +0000] "GET /pretraga?category=&type=&place=36&area=180&price=300000&surface= HTTP/1.1" 500 4485 "-" "Mozilla/5.0 (Linux; Android 6.0.1; Nexus 5X Build/MMB29P) AppleWebKit/537.36 (KHTML, like Gecko) Chrome/41.0.2272.96 Mobile Safari/537.36 (compatible; Googlebot/2.1; +http://www.google.com/bot.html)"
66.249.66.44 - - [24/Aug/2019:21:43:10 +0000] "GET /pretraga?category=&type=&place=36&area=164&price=50000&surface= HTTP/1.1" 500 4485 "-" "Mozilla/5.0 (Linux; Android 6.0.1; Nexus 5X Build/MMB29P) AppleWebKit/537.36 (KHTML, like Gecko) Chrome/41.0.2272.96 Mobile Safari/537.36 (compatible; Googlebot/2.1; +http://www.google.com/bot.html)"
66.249.66.42 - - [24/Aug/2019:21:50:59 +0000] "GET /pretraga?category=&type=&place=36&area=173&price=300000&surface=50 HTTP/1.1" 500 4485 "-" "Mozilla/5.0 (Linux; Android 6.0.1; Nexus 5X Build/MMB29P) AppleWebKit/537.36 (KHTML, like Gecko) Chrome/41.0.2272.96 Mobile Safari/537.36 (compatible; Googlebot/2.1; +http://www.google.com/bot.html)"
66.249.66.46 - - [24/Aug/2019:21:51:47 +0000] "GET /hr/pretraga?category=&type=&place=58&area=229&price=200000&surface=10 HTTP/1.1" 500 4485 "-" "Mozilla/5.0 (Linux; Android 6.0.1; Nexus 5X Build/MMB29P) AppleWebKit/537.36 (KHTML, like Gecko) Chrome/41.0.2272.96 Mobile Safari/537.36 (compatible; Googlebot/2.1; +http://www.google.com/bot.html)"
66.249.66.46 - - [24/Aug/2019:21:52:33 +0000] "GET /hr/pretraga?category=&type=&place=36&area=170&price=500000&surface=100 HTTP/1.1" 500 4485 "-" "Mozilla/5.0 (Linux; Android 6.0.1; Nexus 5X Build/MMB29P) AppleWebKit/537.36 (KHTML, like Gecko) Chrome/41.0.2272.96 Mobile Safari/537.36 (compatible; Googlebot/2.1; +http://www.google.com/bot.html)"
66.249.66.46 - - [24/Aug/2019:21:53:04 +0000] "GET /pretraga?category=&type=&place=14&area=&price=500000&surface=50 HTTP/1.1" 500 4485 "-" "Mozilla/5.0 (Linux; Android 6.0.1; Nexus 5X Build/MMB29P) AppleWebKit/537.36 (KHTML, like Gecko) Chrome/41.0.2272.96 Mobile Safari/537.36 (compatible; Googlebot/2.1; +http://www.google.com/bot.html)"
66.249.66.46 - - [24/Aug/2019:22:02:26 +0000] "GET /hr/pretraga?category=&type=&place=14&area=&price=500000&surface= HTTP/1.1" 500 4485 "-" "Mozilla/5.0 (Linux; Android 6.0.1; Nexus 5X Build/MMB29P) AppleWebKit/537.36 (KHTML, like Gecko) Chrome/41.0.2272.96 Mobile Safari/537.36 (compatible; Googlebot/2.1; +http://www.google.com/bot.html)"
66.249.66.42 - - [24/Aug/2019:22:02:49 +0000] "GET /hr/pretraga?category=&type=&place=37&area=157&price=100000&surface=100 HTTP/1.1" 500 4485 "-" "Mozilla/5.0 (Linux; Android 6.0.1; Nexus 5X Build/MMB29P) AppleWebKit/537.36 (KHTML, like Gecko) Chrome/41.0.2272.96 Mobile Safari/537.36 (compatible; Googlebot/2.1; +http://www.google.com/bot.html)"
66.249.66.42 - - [24/Aug/2019:22:03:03 +0000] "GET /hr/pretraga?category=&type=&place=46&area=&price=1000000&surface=200 HTTP/1.1" 500 4485 "-" "Mozilla/5.0 (Linux; Android 6.0.1; Nexus 5X Build/MMB29P) AppleWebKit/537.36 (KHTML, like Gecko) Chrome/41.0.2272.96 Mobile Safari/537.36 (compatible; Googlebot/2.1; +http://www.google.com/bot.html)"
66.249.66.42 - - [24/Aug/2019:22:03:31 +0000] "GET /hr/pretraga?category=&type=&place=53&area=157&price=50000&surface=50 HTTP/1.1" 500 4485 "-" "Mozilla/5.0 (Linux; Android 6.0.1; Nexus 5X Build/MMB29P) AppleWebKit/537.36 (KHTML, like Gecko) Chrome/41.0.2272.96 Mobile Safari/537.36 (compatible; Googlebot/2.1; +http://www.google.com/bot.html)"
66.249.66.42 - - [24/Aug/2019:22:04:27 +0000] "GET /hr/pretraga?category=&type=&place=18&area=&price=&surface=50 HTTP/1.1" 500 4485 "-" "Mozilla/5.0 (Linux; Android 6.0.1; Nexus 5X Build/MMB29P) AppleWebKit/537.36 (KHTML, like Gecko) Chrome/41.0.2272.96 Mobile Safari/537.36 (compatible; Googlebot/2.1; +http://www.google.com/bot.html)"
66.249.66.42 - - [24/Aug/2019:22:07:55 +0000] "GET /pretraga?category=&type=&place=&area=62&price=300000&surface=100&page=3 HTTP/1.1" 200 4024 "-" "Mozilla/5.0 (Linux; Android 6.0.1; Nexus 5X Build/MMB29P) AppleWebKit/537.36 (KHTML, like Gecko) Chrome/41.0.2272.96 Mobile Safari/537.36 (compatible; Googlebot/2.1; +http://www.google.com/bot.html)"
