66.249.73.154 - - [24/Aug/2019:00:00:15 +0000] "GET /pretraga?category=&type=&place=36&area=167&price=200000&surface=200 HTTP/1.1" 500 4485 "-" "Mozilla/5.0 (Linux; Android 6.0.1; Nexus 5X Build/MMB29P) AppleWebKit/537.36 (KHTML, like Gecko) Chrome/41.0.2272.96 Mobile Safari/537.36 (compatible; Googlebot/2.1; +http://www.google.com/bot.html)"
66.249.73.154 - - [24/Aug/2019:00:00:50 +0000] "GET /hr/pretraga?category=&type=&place=43&area=&price=500000&surface=100 HTTP/1.1" 500 4485 "-" "Mozilla/5.0 (Linux; Android 6.0.1; Nexus 5X Build/MMB29P) AppleWebKit/537.36 (KHTML, like Gecko) Chrome/41.0.2272.96 Mobile Safari/537.36 (compatible; Googlebot/2.1; +http://www.google.com/bot.html)"
66.249.73.154 - - [24/Aug/2019:00:01:25 +0000] "GET /pretraga?category=&type=&place=36&area=171&price=1000000&surface= HTTP/1.1" 500 4485 "-" "Mozilla/5.0 (Linux; Android 6.0.1; Nexus 5X Build/MMB29P) AppleWebKit/537.36 (KHTML, like Gecko) Chrome/41.0.2272.96 Mobile Safari/537.36 (compatible; Googlebot/2.1; +http://www.google.com/bot.html)"
66.249.73.154 - - [24/Aug/2019:00:02:00 +0000] "GET /pretraga?category=&type=&place=36&area=228&price=50000&surface=50 HTTP/1.1" 500 4485 "-" "Mozilla/5.0 (Linux; Android 6.0.1; Nexus 5X Build/MMB29P) AppleWebKit/537.36 (KHTML, like Gecko) Chrome/41.0.2272.96 Mobile Safari/537.36 (compatible; Googlebot/2.1; +http://www.google.com/bot.html)"
66.249.73.154 - - [24/Aug/2019:00:02:34 +0000] "GET /en/search?category=&type=&place=37&area=157&price=50000&surface= HTTP/1.1" 500 4485 "-" "Mozilla/5.0 (Linux; Android 6.0.1; Nexus 5X Build/MMB29P) AppleWebKit/537.36 (KHTML, like Gecko) Chrome/41.0.2272.96 Mobile Safari/537.36 (compatible; Googlebot/2.1; +http://www.google.com/bot.html)"
66.249.73.154 - - [24/Aug/2019:00:03:09 +0000] "GET /pretraga?category=&type=&place=4&area=&price=500000&surface= HTTP/1.1" 500 4485 "-" "Mozilla/5.0 (Linux; Android 6.0.1; Nexus 5X Build/MMB29P) AppleWebKit/537.36 (KHTML, like Gecko) Chrome/41.0.2272.96 Mobile Safari/537.36 (compatible; Googlebot/2.1; +http://www.google.com/bot.html)"
66.249.73.154 - - [24/Aug/2019:00:04:19 +0000] "GET /hr/pretraga?category=&type=&place=36&area=169&price=1000000&surface=50 HTTP/1.1" 500 4485 "-" "Mozilla/5.0 (Linux; Android 6.0.1; Nexus 5X Build/MMB29P) AppleWebKit/537.36 (KHTML, like Gecko) Chrome/41.0.2272.96 Mobile Safari/537.36 (compatible; Googlebot/2.1; +http://www.google.com/bot.html)"
66.249.73.154 - - [24/Aug/2019:00:04:54 +0000] "GET /en/search?category=&place=4&price=50000&surface=50 HTTP/1.1" 500 4485 "-" "Mozilla/5.0 (Linux; Android 6.0.1; Nexus 5X Build/MMB29P) AppleWebKit/537.36 (KHTML, like Gecko) Chrome/41.0.2272.96 Mobile Safari/537.36 (compatible; Googlebot/2.1; +http://www.google.com/bot.html)"
66.249.73.156 - - [24/Aug/2019:00:06:04 +0000] "GET /hr/pretraga?category=&type=&place=5&area=&price=500000&surface=100 HTTP/1.1" 500 4485 "-" "Mozilla/5.0 (Linux; Android 6.0.1; Nexus 5X Build/MMB29P) AppleWebKit/537.36 (KHTML, like Gecko) Chrome/41.0.2272.96 Mobile Safari/537.36 (compatible; Googlebot/2.1; +http://www.google.com/bot.html)"
66.249.73.154 - - [24/Aug/2019:00:06:39 +0000] "GET /hr/pretraga?category=&type=&place=9&area=&price=100000&surface= HTTP/1.1" 500 4485 "-" "Mozilla/5.0 (Linux; Android 6.0.1; Nexus 5X Build/MMB29P) AppleWebKit/537.36 (KHTML, like Gecko) Chrome/41.0.2272.96 Mobile Safari/537.36 (compatible; Googlebot/2.1; +http://www.google.com/bot.html)"
66.249.73.154 - - [24/Aug/2019:00:07:48 +0000] "GET /hr/pretraga?category=&type=&place=11&area=&price=1000000&surface= HTTP/1.1" 500 4485 "-" "Mozilla/5.0 (Linux; Android 6.0.1; Nexus 5X Build/MMB29P) AppleWebKit/537.36 (KHTML, like Gecko) Chrome/41.0.2272.96 Mobile Safari/537.36 (compatible; Googlebot/2.1; +http://www.google.com/bot.html)"
66.249.73.158 - - [24/Aug/2019:00:08:23 +0000] "GET /hr/pretraga?category=&type=&place=15&area=&price=50000&surface=200 HTTP/1.1" 500 4485 "-" "Mozilla/5.0 (Linux; Android 6.0.1; Nexus 5X Build/MMB29P) AppleWebKit/537.36 (KHTML, like Gecko) Chrome/41.0.2272.96 Mobile Safari/537.36 (compatible; Googlebot/2.1; +http://www.google.com/bot.html)"
66.249.73.154 - - [24/Aug/2019:00:08:58 +0000] "GET /en/search?category=&type=&place=20&area=&price=1000000&surface=100 HTTP/1.1" 500 4485 "-" "Mozilla/5.0 (Linux; Android 6.0.1; Nexus 5X Build/MMB29P) AppleWebKit/537.36 (KHTML, like Gecko) Chrome/41.0.2272.96 Mobile Safari/537.36 (compatible; Googlebot/2.1; +http://www.google.com/bot.html)"
66.249.73.158 - - [24/Aug/2019:00:09:33 +0000] "GET /pretraga?category=&type=&place=58&area=229&price=500000&surface= HTTP/1.1" 500 4485 "-" "Mozilla/5.0 (Linux; Android 6.0.1; Nexus 5X Build/MMB29P) AppleWebKit/537.36 (KHTML, like Gecko) Chrome/41.0.2272.96 Mobile Safari/537.36 (compatible; Googlebot/2.1; +http://www.google.com/bot.html)"
207.46.13.223 - - [24/Aug/2019:00:10:19 +0000] "GET /hr/stanovi HTTP/1.1" 200 4418 "-" "Mozilla/5.0 (compatible; bingbot/2.0; +http://www.bing.com/bingbot.htm)"
66.249.73.154 - - [24/Aug/2019:00:10:43 +0000] "GET /hr/pretraga?category=&type=&place=46&area=&price=500000&surface=50 HTTP/1.1" 500 4485 "-" "Mozilla/5.0 (Linux; Android 6.0.1; Nexus 5X Build/MMB29P) AppleWebKit/537.36 (KHTML, like Gecko) Chrome/41.0.2272.96 Mobile Safari/537.36 (compatible; Googlebot/2.1; +http://www.google.com/bot.html)"
66.249.73.158 - - [24/Aug/2019:00:11:17 +0000] "GET /pretraga?category=&type=&place=41&area=157&price=&surface=100 HTTP/1.1" 500 4485 "-" "Mozilla/5.0 (Linux; Android 6.0.1; Nexus 5X Build/MMB29P) AppleWebKit/537.36 (KHTML, like Gecko) Chrome/41.0.2272.96 Mobile Safari/537.36 (compatible; Googlebot/2.1; +http://www.google.com/bot.html)"
66.249.73.156 - - [24/Aug/2019:00:11:52 +0000] "GET /hr/pretraga?category=&type=&place=38&area=157&price=200000&surface= HTTP/1.1" 500 4485 "-" "Mozilla/5.0 (Linux; Android 6.0.1; Nexus 5X Build/MMB29P) AppleWebKit/537.36 (KHTML, like Gecko) Chrome/41.0.2272.96 Mobile Safari/537.36 (compatible; Googlebot/2.1; +http://www.google.com/bot.html)"
46.229.168.144 - - [24/Aug/2019:00:12:15 +0000] "GET /robots.txt HTTP/1.1" 200 24 "-" "Mozilla/5.0 (compatible; SemrushBot/6~bl; +http://www.semrush.com/bot.html)"
46.229.168.162 - - [24/Aug/2019:00:12:16 +0000] "GET /pretraga?page=12 HTTP/1.1" 200 4053 "-" "Mozilla/5.0 (compatible; SemrushBot/6~bl; +http://www.semrush.com/bot.html)"
66.249.73.158 - - [24/Aug/2019:00:13:02 +0000] "GET /pretraga?category=&type=&place=53&area=&price=200000&surface=10 HTTP/1.1" 500 4485 "-" "Mozilla/5.0 (Linux; Android 6.0.1; Nexus 5X Build/MMB29P) AppleWebKit/537.36 (KHTML, like Gecko) Chrome/41.0.2272.96 Mobile Safari/537.36 (compatible; Googlebot/2.1; +http://www.google.com/bot.html)"
46.229.168.137 - - [24/Aug/2019:00:13:28 +0000] "GET /apartmani/vinjerac-novi-apartman-s-pogledom-na-more-6397-m2 HTTP/1.1" 200 6061 "-" "Mozilla/5.0 (compatible; SemrushBot/6~bl; +http://www.semrush.com/bot.html)"
66.249.73.154 - - [24/Aug/2019:00:14:46 +0000] "GET /hr/pretraga?category=&place=&price=&surface=50&page=11 HTTP/1.1" 200 4084 "-" "Mozilla/5.0 (Linux; Android 6.0.1; Nexus 5X Build/MMB29P) AppleWebKit/537.36 (KHTML, like Gecko) Chrome/41.0.2272.96 Mobile Safari/537.36 (compatible; Googlebot/2.1; +http://www.google.com/bot.html)"
46.229.168.129 - - [24/Aug/2019:00:19:44 +0000] "GET /apartmani/bibinje-trosoban-apartman-25-metara-od-plaze-100-m2 HTTP/1.1" 500 4485 "-" "Mozilla/5.0 (compatible; SemrushBot/6~bl; +http://www.semrush.com/bot.html)"
66.249.73.156 - - [24/Aug/2019:00:22:54 +0000] "GET /hr/pretraga?category=&type=&place=&area=128&price=&surface=50&page=8 HTTP/1.1" 500 4485 "-" "Mozilla/5.0 (Linux; Android 6.0.1; Nexus 5X Build/MMB29P) AppleWebKit/537.36 (KHTML, like Gecko) Chrome/41.0.2272.96 Mobile Safari/537.36 (compatible; Googlebot/2.1; +http://www.google.com/bot.html)"
66.249.73.154 - - [24/Aug/2019:00:31:02 +0000] "GET /pretraga?category=&type=&place=37&area=&price=&surface=50 HTTP/1.1" 500 4485 "-" "Mozilla/5.0 (Linux; Android 6.0.1; Nexus 5X Build/MMB29P) AppleWebKit/537.36 (KHTML, like Gecko) Chrome/41.0.2272.96 Mobile Safari/537.36 (compatible; Googlebot/2.1; +http://www.google.com/bot.html)"
66.249.73.156 - - [24/Aug/2019:00:31:37 +0000] "GET /pretraga?category=&type=&place=16&area=&price=&surface=10 HTTP/1.1" 500 4485 "-" "Mozilla/5.0 (Linux; Android 6.0.1; Nexus 5X Build/MMB29P) AppleWebKit/537.36 (KHTML, like Gecko) Chrome/41.0.2272.96 Mobile Safari/537.36 (compatible; Googlebot/2.1; +http://www.google.com/bot.html)"
66.249.73.158 - - [24/Aug/2019:00:32:12 +0000] "GET /hr/pretraga?category=&type=&place=8&area=&price=300000&surface=200 HTTP/1.1" 500 4485 "-" "Mozilla/5.0 (Linux; Android 6.0.1; Nexus 5X Build/MMB29P) AppleWebKit/537.36 (KHTML, like Gecko) Chrome/41.0.2272.96 Mobile Safari/537.36 (compatible; Googlebot/2.1; +http://www.google.com/bot.html)"
66.249.73.156 - - [24/Aug/2019:00:33:21 +0000] "GET /hr/pretraga?category=&type=&place=37&area=&price=500000&surface=100 HTTP/1.1" 500 4485 "-" "Mozilla/5.0 (Linux; Android 6.0.1; Nexus 5X Build/MMB29P) AppleWebKit/537.36 (KHTML, like Gecko) Chrome/41.0.2272.96 Mobile Safari/537.36 (compatible; Googlebot/2.1; +http://www.google.com/bot.html)"
66.249.73.156 - - [24/Aug/2019:00:33:56 +0000] "GET /pretraga?category=&type=&place=38&area=157&price=100000&surface= HTTP/1.1" 500 4485 "-" "Mozilla/5.0 (Linux; Android 6.0.1; Nexus 5X Build/MMB29P) AppleWebKit/537.36 (KHTML, like Gecko) Chrome/41.0.2272.96 Mobile Safari/537.36 (compatible; Googlebot/2.1; +http://www.google.com/bot.html)"
66.249.73.158 - - [24/Aug/2019:00:34:24 +0000] "GET /stanovi/zadar-poluotok-dvosoban-renovirani-stan-54-m2 HTTP/1.1" 500 4485 "-" "Mozilla/5.0 (Linux; Android 6.0.1; Nexus 5X Build/MMB29P) AppleWebKit/537.36 (KHTML, like Gecko) Chrome/41.0.2272.96 Mobile Safari/537.36 (compatible; Googlebot/2.1; +http://www.google.com/bot.html)"
66.249.73.156 - - [24/Aug/2019:00:34:31 +0000] "GET /pretraga?category=&type=&place=38&area=157&price=1000000&surface=10 HTTP/1.1" 500 4485 "-" "Mozilla/5.0 (Linux; Android 6.0.1; Nexus 5X Build/MMB29P) AppleWebKit/537.36 (KHTML, like Gecko) Chrome/41.0.2272.96 Mobile Safari/537.36 (compatible; Googlebot/2.1; +http://www.google.com/bot.html)"
66.249.73.156 - - [24/Aug/2019:00:35:05 +0000] "GET /hr/pretraga?category=&type=&place=58&area=160&price=500000&surface=100 HTTP/1.1" 500 4485 "-" "Mozilla/5.0 (Linux; Android 6.0.1; Nexus 5X Build/MMB29P) AppleWebKit/537.36 (KHTML, like Gecko) Chrome/41.0.2272.96 Mobile Safari/537.36 (compatible; Googlebot/2.1; +http://www.google.com/bot.html)"
66.249.73.156 - - [24/Aug/2019:00:35:40 +0000] "GET /hr/pretraga?category=&type=&place=6&area=&price=300000&surface= HTTP/1.1" 500 4485 "-" "Mozilla/5.0 (Linux; Android 6.0.1; Nexus 5X Build/MMB29P) AppleWebKit/537.36 (KHTML, like Gecko) Chrome/41.0.2272.96 Mobile Safari/537.36 (compatible; Googlebot/2.1; +http://www.google.com/bot.html)"
66.249.73.158 - - [24/Aug/2019:00:36:15 +0000] "GET /en/search?category=&type=&place=41&area=&price=50000&surface= HTTP/1.1" 500 4485 "-" "Mozilla/5.0 (Linux; Android 6.0.1; Nexus 5X Build/MMB29P) AppleWebKit/537.36 (KHTML, like Gecko) Chrome/41.0.2272.96 Mobile Safari/537.36 (compatible; Googlebot/2.1; +http://www.google.com/bot.html)"
66.249.73.154 - - [24/Aug/2019:00:38:00 +0000] "GET /en/search?category=&type=&place=36&area=172&price=300000&surface=100 HTTP/1.1" 500 4485 "-" "Mozilla/5.0 (Linux; Android 6.0.1; Nexus 5X Build/MMB29P) AppleWebKit/537.36 (KHTML, like Gecko) Chrome/41.0.2272.96 Mobile Safari/537.36 (compatible; Googlebot/2.1; +http://www.google.com/bot.html)"
66.249.73.158 - - [24/Aug/2019:00:39:44 +0000] "GET /pretraga?category=&type=&place=36&area=169&price=200000&surface=10 HTTP/1.1" 500 4485 "-" "Mozilla/5.0 (Linux; Android 6.0.1; Nexus 5X Build/MMB29P) AppleWebKit/537.36 (KHTML, like Gecko) Chrome/41.0.2272.96 Mobile Safari/537.36 (compatible; Googlebot/2.1; +http://www.google.com/bot.html)"
66.249.73.158 - - [24/Aug/2019:00:40:19 +0000] "GET /en/search?category=&type=&place=36&area=165&price=100000&surface=10 HTTP/1.1" 500 4485 "-" "Mozilla/5.0 (Linux; Android 6.0.1; Nexus 5X Build/MMB29P) AppleWebKit/537.36 (KHTML, like Gecko) Chrome/41.0.2272.96 Mobile Safari/537.36 (compatible; Googlebot/2.1; +http://www.google.com/bot.html)"
66.249.73.156 - - [24/Aug/2019:00:41:29 +0000] "GET /hr/pretraga?category=&type=&place=12&area=&price=300000&surface=50 HTTP/1.1" 500 4485 "-" "Mozilla/5.0 (Linux; Android 6.0.1; Nexus 5X Build/MMB29P) AppleWebKit/537.36 (KHTML, like Gecko) Chrome/41.0.2272.96 Mobile Safari/537.36 (compatible; Googlebot/2.1; +http://www.google.com/bot.html)"
66.249.73.156 - - [24/Aug/2019:00:56:00 +0000] "GET /en/lands/murter-centar-gradevinsko-zemljiste-treci-red-do-plaze-962-m2 HTTP/1.1" 200 5300 "-" "Mozilla/5.0 (Linux; Android 6.0.1; Nexus 5X Build/MMB29P) AppleWebKit/537.36 (KHTML, like Gecko) Chrome/41.0.2272.96 Mobile Safari/537.36 (compatible; Googlebot/2.1; +http://www.google.com/bot.html)"
66.249.73.158 - - [24/Aug/2019:01:04:08 +0000] "GET /pretraga?category=&type=&place=36&area=163&price=500000&surface=200 HTTP/1.1" 500 4485 "-" "Mozilla/5.0 (Linux; Android 6.0.1; Nexus 5X Build/MMB29P) AppleWebKit/537.36 (KHTML, like Gecko) Chrome/41.0.2272.96 Mobile Safari/537.36 (compatible; Googlebot/2.1; +http://www.google.com/bot.html)"
66.249.73.156 - - [24/Aug/2019:01:06:27 +0000] "GET /pretraga?category=&type=&place=36&area=165&price=50000&surface= HTTP/1.1" 500 4485 "-" "Mozilla/5.0 (Linux; Android 6.0.1; Nexus 5X Build/MMB29P) AppleWebKit/537.36 (KHTML, like Gecko) Chrome/41.0.2272.96 Mobile Safari/537.36 (compatible; Googlebot/2.1; +http://www.google.com/bot.html)"
46.229.168.161 - - [24/Aug/2019:01:06:58 +0000] "GET /robots.txt HTTP/1.1" 200 24 "-" "Mozilla/5.0 (compatible; SemrushBot/6~bl; +http://www.semrush.com/bot.html)"
46.229.168.147 - - [24/Aug/2019:01:06:58 +0000] "GET /zemljista/murter-cigrada-zemljiste-prvi-red-do-mora-333-m2 HTTP/1.1" 200 5652 "-" "Mozilla/5.0 (compatible; SemrushBot/6~bl; +http://www.semrush.com/bot.html)"
66.249.73.154 - - [24/Aug/2019:01:07:02 +0000] "GET /pretraga?category=&type=&place=46&area=&price=300000&surface= HTTP/1.1" 500 4485 "-" "Mozilla/5.0 (Linux; Android 6.0.1; Nexus 5X Build/MMB29P) AppleWebKit/537.36 (KHTML, like Gecko) Chrome/41.0.2272.96 Mobile Safari/537.36 (compatible; Googlebot/2.1; +http://www.google.com/bot.html)"
66.249.73.154 - - [24/Aug/2019:01:07:36 +0000] "GET /en/search?category=&place=4&price=500000&surface=50 HTTP/1.1" 500 4485 "-" "Mozilla/5.0 (Linux; Android 6.0.1; Nexus 5X Build/MMB29P) AppleWebKit/537.36 (KHTML, like Gecko) Chrome/41.0.2272.96 Mobile Safari/537.36 (compatible; Googlebot/2.1; +http://www.google.com/bot.html)"
66.249.73.158 - - [24/Aug/2019:01:08:46 +0000] "GET /pretraga?category=&type=&place=36&area=160&price=200000&surface=10 HTTP/1.1" 500 4485 "-" "Mozilla/5.0 (Linux; Android 6.0.1; Nexus 5X Build/MMB29P) AppleWebKit/537.36 (KHTML, like Gecko) Chrome/41.0.2272.96 Mobile Safari/537.36 (compatible; Googlebot/2.1; +http://www.google.com/bot.html)"
66.249.73.154 - - [24/Aug/2019:01:09:56 +0000] "GET /hr/pretraga?category=&type=&place=41&area=&price=200000&surface= HTTP/1.1" 500 4485 "-" "Mozilla/5.0 (Linux; Android 6.0.1; Nexus 5X Build/MMB29P) AppleWebKit/537.36 (KHTML, like Gecko) Chrome/41.0.2272.96 Mobile Safari/537.36 (compatible; Googlebot/2.1; +http://www.google.com/bot.html)"
66.249.73.158 - - [24/Aug/2019:01:10:31 +0000] "GET /pretraga?category=1&type=sale&place=36&area=&price=1000000&surface=100 HTTP/1.1" 500 4485 "-" "Mozilla/5.0 (Linux; Android 6.0.1; Nexus 5X Build/MMB29P) AppleWebKit/537.36 (KHTML, like Gecko) Chrome/41.0.2272.96 Mobile Safari/537.36 (compatible; Googlebot/2.1; +http://www.google.com/bot.html)"
66.249.73.156 - - [24/Aug/2019:01:11:41 +0000] "GET /en/search?category=&type=&place=36&area=&price=300000&surface= HTTP/1.1" 500 4485 "-" "Mozilla/5.0 (Linux; Android 6.0.1; Nexus 5X Build/MMB29P) AppleWebKit/537.36 (KHTML, like Gecko) Chrome/41.0.2272.96 Mobile Safari/537.36 (compatible; Googlebot/2.1; +http://www.google.com/bot.html)"
66.249.73.156 - - [24/Aug/2019:01:14:00 +0000] "GET /pretraga?category=&type=&place=58&area=&price=300000&surface=10 HTTP/1.1" 500 4485 "-" "Mozilla/5.0 (Linux; Android 6.0.1; Nexus 5X Build/MMB29P) AppleWebKit/537.36 (KHTML, like Gecko) Chrome/41.0.2272.96 Mobile Safari/537.36 (compatible; Googlebot/2.1; +http://www.google.com/bot.html)"
46.229.168.154 - - [24/Aug/2019:01:35:39 +0000] "GET /blog/prosjecne-cijene-stanova-u-zadarskoj-zupaniji-porasle-za-981 HTTP/1.1" 200 4775 "-" "Mozilla/5.0 (compatible; SemrushBot/6~bl; +http://www.semrush.com/bot.html)"
66.249.73.158 - - [24/Aug/2019:01:36:39 +0000] "GET /hr/pretraga?category=&type=&place=38&area=157&price=1000000&surface=50 HTTP/1.1" 500 4485 "-" "Mozilla/5.0 (Linux; Android 6.0.1; Nexus 5X Build/MMB29P) AppleWebKit/537.36 (KHTML, like Gecko) Chrome/41.0.2272.96 Mobile Safari/537.36 (compatible; Googlebot/2.1; +http://www.google.com/bot.html)"
66.249.73.154 - - [24/Aug/2019:01:38:58 +0000] "GET /pretraga?category=&type=&place=4&area=&price=300000&surface=10 HTTP/1.1" 500 4485 "-" "Mozilla/5.0 (Linux; Android 6.0.1; Nexus 5X Build/MMB29P) AppleWebKit/537.36 (KHTML, like Gecko) Chrome/41.0.2272.96 Mobile Safari/537.36 (compatible; Googlebot/2.1; +http://www.google.com/bot.html)"
66.249.73.156 - - [24/Aug/2019:01:39:43 +0000] "GET /uploads/images/51af8666eb1fbc862a3177868cf35152.jpg HTTP/1.1" 200 38834 "-" "Googlebot-Image/1.0"
66.249.73.156 - - [24/Aug/2019:01:40:42 +0000] "GET /en/search?category=&place=&price=500000&surface=50&page=4 HTTP/1.1" 200 5422 "-" "Mozilla/5.0 (Linux; Android 6.0.1; Nexus 5X Build/MMB29P) AppleWebKit/537.36 (KHTML, like Gecko) Chrome/41.0.2272.96 Mobile Safari/537.36 (compatible; Googlebot/2.1; +http://www.google.com/bot.html)"
66.249.73.154 - - [24/Aug/2019:01:41:18 +0000] "GET /en/search?category=&place=&price=500000&surface=50&page=8 HTTP/1.1" 200 5516 "-" "Mozilla/5.0 (Linux; Android 6.0.1; Nexus 5X Build/MMB29P) AppleWebKit/537.36 (KHTML, like Gecko) Chrome/41.0.2272.96 Mobile Safari/537.36 (compatible; Googlebot/2.1; +http://www.google.com/bot.html)"
66.249.73.156 - - [24/Aug/2019:01:42:27 +0000] "GET /kuce/sibenik-kamena-kuca-u-centru-grada-87-m2 HTTP/1.1" 200 5587 "-" "Mozilla/5.0 (Linux; Android 6.0.1; Nexus 5X Build/MMB29P) AppleWebKit/537.36 (KHTML, like Gecko) Chrome/41.0.2272.96 Mobile Safari/537.36 (compatible; Googlebot/2.1; +http://www.google.com/bot.html)"
46.229.168.149 - - [24/Aug/2019:01:46:13 +0000] "GET /robots.txt HTTP/1.1" 200 24 "-" "Mozilla/5.0 (compatible; SemrushBot/6~bl; +http://www.semrush.com/bot.html)"
46.229.168.132 - - [24/Aug/2019:01:46:14 +0000] "GET /hr/pretraga?page=5 HTTP/1.1" 200 5516 "-" "Mozilla/5.0 (compatible; SemrushBot/6~bl; +http://www.semrush.com/bot.html)"
66.249.73.156 - - [24/Aug/2019:01:50:35 +0000] "GET /en/search?category=&type=&place=36&area=159&price=300000&surface=10 HTTP/1.1" 500 4485 "-" "Mozilla/5.0 (Linux; Android 6.0.1; Nexus 5X Build/MMB29P) AppleWebKit/537.36 (KHTML, like Gecko) Chrome/41.0.2272.96 Mobile Safari/537.36 (compatible; Googlebot/2.1; +http://www.google.com/bot.html)"
46.229.168.135 - - [24/Aug/2019:01:56:39 +0000] "GET /hr/pretraga?page=2 HTTP/1.1" 200 5263 "-" "Mozilla/5.0 (compatible; SemrushBot/6~bl; +http://www.semrush.com/bot.html)"
66.249.73.158 - - [24/Aug/2019:02:01:37 +0000] "GET /en/search?category=&type=&place=14&area=&price=&surface=50 HTTP/1.1" 500 4485 "-" "Mozilla/5.0 (Linux; Android 6.0.1; Nexus 5X Build/MMB29P) AppleWebKit/537.36 (KHTML, like Gecko) Chrome/41.0.2272.96 Mobile Safari/537.36 (compatible; Googlebot/2.1; +http://www.google.com/bot.html)"
66.249.73.154 - - [24/Aug/2019:02:03:21 +0000] "GET /pretraga?category=&type=&place=38&area=157&price=100000&surface=200 HTTP/1.1" 500 4485 "-" "Mozilla/5.0 (Linux; Android 6.0.1; Nexus 5X Build/MMB29P) AppleWebKit/537.36 (KHTML, like Gecko) Chrome/41.0.2272.96 Mobile Safari/537.36 (compatible; Googlebot/2.1; +http://www.google.com/bot.html)"
66.249.73.158 - - [24/Aug/2019:02:04:31 +0000] "GET /en/search?category=1&type=sale&place=36&area=&price=500000&surface=10 HTTP/1.1" 500 4485 "-" "Mozilla/5.0 (Linux; Android 6.0.1; Nexus 5X Build/MMB29P) AppleWebKit/537.36 (KHTML, like Gecko) Chrome/41.0.2272.96 Mobile Safari/537.36 (compatible; Googlebot/2.1; +http://www.google.com/bot.html)"
66.249.73.156 - - [24/Aug/2019:02:05:06 +0000] "GET /hr/pretraga?category=&type=&place=38&area=&price=200000&surface=200 HTTP/1.1" 500 4485 "-" "Mozilla/5.0 (Linux; Android 6.0.1; Nexus 5X Build/MMB29P) AppleWebKit/537.36 (KHTML, like Gecko) Chrome/41.0.2272.96 Mobile Safari/537.36 (compatible; Googlebot/2.1; +http://www.google.com/bot.html)"
66.249.73.158 - - [24/Aug/2019:02:06:15 +0000] "GET /en/search?category=&type=&place=36&area=173&price=1000000&surface= HTTP/1.1" 500 4485 "-" "Mozilla/5.0 (Linux; Android 6.0.1; Nexus 5X Build/MMB29P) AppleWebKit/537.36 (KHTML, like Gecko) Chrome/41.0.2272.96 Mobile Safari/537.36 (compatible; Googlebot/2.1; +http://www.google.com/bot.html)"
46.229.168.146 - - [24/Aug/2019:02:06:27 +0000] "GET /hr/kuce/sibenik-kamena-kuca-u-centru-grada-87-m2 HTTP/1.1" 200 5588 "-" "Mozilla/5.0 (compatible; SemrushBot/6~bl; +http://www.semrush.com/bot.html)"
66.249.73.156 - - [24/Aug/2019:02:10:03 +0000] "GET /hr/pretraga?category=&type=&place=12&area=&price=&surface=100 HTTP/1.1" 500 4485 "-" "Mozilla/5.0 (Linux; Android 6.0.1; Nexus 5X Build/MMB29P) AppleWebKit/537.36 (KHTML, like Gecko) Chrome/41.0.2272.96 Mobile Safari/537.36 (compatible; Googlebot/2.1; +http://www.google.com/bot.html)"
66.249.73.158 - - [24/Aug/2019:02:10:04 +0000] "GET /pretraga?category=&type=&place=41&area=&price=&surface=200 HTTP/1.1" 500 4485 "-" "Mozilla/5.0 (Linux; Android 6.0.1; Nexus 5X Build/MMB29P) AppleWebKit/537.36 (KHTML, like Gecko) Chrome/41.0.2272.96 Mobile Safari/537.36 (compatible; Googlebot/2.1; +http://www.google.com/bot.html)"
66.249.73.154 - - [24/Aug/2019:02:10:20 +0000] "GET /hr/pretraga?category=&type=&place=58&area=157&price=500000&surface=200 HTTP/1.1" 500 4485 "-" "Mozilla/5.0 (Linux; Android 6.0.1; Nexus 5X Build/MMB29P) AppleWebKit/537.36 (KHTML, like Gecko) Chrome/41.0.2272.96 Mobile Safari/537.36 (compatible; Googlebot/2.1; +http://www.google.com/bot.html)"
66.249.73.154 - - [24/Aug/2019:02:10:54 +0000] "GET /hr/pretraga?category=&type=&place=3&area=&price=300000&surface= HTTP/1.1" 500 4485 "-" "Mozilla/5.0 (Linux; Android 6.0.1; Nexus 5X Build/MMB29P) AppleWebKit/537.36 (KHTML, like Gecko) Chrome/41.0.2272.96 Mobile Safari/537.36 (compatible; Googlebot/2.1; +http://www.google.com/bot.html)"
66.249.73.156 - - [24/Aug/2019:02:11:29 +0000] "GET /pretraga?category=&type=&place=41&area=157&price=50000&surface=10 HTTP/1.1" 500 4485 "-" "Mozilla/5.0 (Linux; Android 6.0.1; Nexus 5X Build/MMB29P) AppleWebKit/537.36 (KHTML, like Gecko) Chrome/41.0.2272.96 Mobile Safari/537.36 (compatible; Googlebot/2.1; +http://www.google.com/bot.html)"
66.249.73.156 - - [24/Aug/2019:02:13:13 +0000] "GET /en/search?category=&type=sale&place=37&area=&price=1000000&surface=10 HTTP/1.1" 500 4485 "-" "Mozilla/5.0 (Linux; Android 6.0.1; Nexus 5X Build/MMB29P) AppleWebKit/537.36 (KHTML, like Gecko) Chrome/41.0.2272.96 Mobile Safari/537.36 (compatible; Googlebot/2.1; +http://www.google.com/bot.html)"
66.249.73.156 - - [24/Aug/2019:02:13:48 +0000] "GET /hr/pretraga?category=&type=&place=7&area=&price=50000&surface=200 HTTP/1.1" 500 4485 "-" "Mozilla/5.0 (Linux; Android 6.0.1; Nexus 5X Build/MMB29P) AppleWebKit/537.36 (KHTML, like Gecko) Chrome/41.0.2272.96 Mobile Safari/537.36 (compatible; Googlebot/2.1; +http://www.google.com/bot.html)"
66.249.73.154 - - [24/Aug/2019:02:14:23 +0000] "GET /hr/pretraga?category=&place=3&price=500000&surface=50 HTTP/1.1" 500 4485 "-" "Mozilla/5.0 (Linux; Android 6.0.1; Nexus 5X Build/MMB29P) AppleWebKit/537.36 (KHTML, like Gecko) Chrome/41.0.2272.96 Mobile Safari/537.36 (compatible; Googlebot/2.1; +http://www.google.com/bot.html)"
66.249.73.154 - - [24/Aug/2019:02:15:33 +0000] "GET /en/search?category=&type=&place=4&area=&price=100000&surface= HTTP/1.1" 500 4485 "-" "Mozilla/5.0 (Linux; Android 6.0.1; Nexus 5X Build/MMB29P) AppleWebKit/537.36 (KHTML, like Gecko) Chrome/41.0.2272.96 Mobile Safari/537.36 (compatible; Googlebot/2.1; +http://www.google.com/bot.html)"
66.249.73.158 - - [24/Aug/2019:02:16:43 +0000] "GET /hr/pretraga?category=&type=&place=58&area=157&price=&surface=10 HTTP/1.1" 500 4485 "-" "Mozilla/5.0 (Linux; Android 6.0.1; Nexus 5X Build/MMB29P) AppleWebKit/537.36 (KHTML, like Gecko) Chrome/41.0.2272.96 Mobile Safari/537.36 (compatible; Googlebot/2.1; +http://www.google.com/bot.html)"
66.249.73.154 - - [24/Aug/2019:02:17:17 +0000] "GET /hr/pretraga?category=&type=&place=16&area=&price=300000&surface=10 HTTP/1.1" 500 4485 "-" "Mozilla/5.0 (Linux; Android 6.0.1; Nexus 5X Build/MMB29P) AppleWebKit/537.36 (KHTML, like Gecko) Chrome/41.0.2272.96 Mobile Safari/537.36 (compatible; Googlebot/2.1; +http://www.google.com/bot.html)"
46.229.168.139 - - [24/Aug/2019:02:30:34 +0000] "GET /robots.txt HTTP/1.1" 200 24 "-" "Mozilla/5.0 (compatible; SemrushBot/6~bl; +http://www.semrush.com/bot.html)"
46.229.168.143 - - [24/Aug/2019:02:30:34 +0000] "GET /hr/kuce/sibenik-dio-kuce-u-centru-110-m2-dvoriste-130-m2 HTTP/1.1" 200 5727 "-" "Mozilla/5.0 (compatible; SemrushBot/6~bl; +http://www.semrush.com/bot.html)"
66.249.73.156 - - [24/Aug/2019:02:32:23 +0000] "GET /pretraga?category=&type=&place=36&area=173&price=200000&surface=100 HTTP/1.1" 500 4485 "-" "Mozilla/5.0 (Linux; Android 6.0.1; Nexus 5X Build/MMB29P) AppleWebKit/537.36 (KHTML, like Gecko) Chrome/41.0.2272.96 Mobile Safari/537.36 (compatible; Googlebot/2.1; +http://www.google.com/bot.html)"
66.249.73.154 - - [24/Aug/2019:02:32:58 +0000] "GET /pretraga?category=&type=&place=36&area=165&price=200000&surface=200 HTTP/1.1" 500 4485 "-" "Mozilla/5.0 (Linux; Android 6.0.1; Nexus 5X Build/MMB29P) AppleWebKit/537.36 (KHTML, like Gecko) Chrome/41.0.2272.96 Mobile Safari/537.36 (compatible; Googlebot/2.1; +http://www.google.com/bot.html)"
66.249.73.158 - - [24/Aug/2019:02:33:33 +0000] "GET /hr/pretraga?category=&type=&place=17&area=&price=50000&surface=100 HTTP/1.1" 500 4485 "-" "Mozilla/5.0 (Linux; Android 6.0.1; Nexus 5X Build/MMB29P) AppleWebKit/537.36 (KHTML, like Gecko) Chrome/41.0.2272.96 Mobile Safari/537.36 (compatible; Googlebot/2.1; +http://www.google.com/bot.html)"
66.249.73.158 - - [24/Aug/2019:02:34:43 +0000] "GET /pretraga?category=&type=&place=11&area=&price=100000&surface=10 HTTP/1.1" 500 4485 "-" "Mozilla/5.0 (Linux; Android 6.0.1; Nexus 5X Build/MMB29P) AppleWebKit/537.36 (KHTML, like Gecko) Chrome/41.0.2272.96 Mobile Safari/537.36 (compatible; Googlebot/2.1; +http://www.google.com/bot.html)"
66.249.73.158 - - [24/Aug/2019:02:35:17 +0000] "GET /en/search?category=&type=&place=36&area=165&price=&surface= HTTP/1.1" 500 4485 "-" "Mozilla/5.0 (Linux; Android 6.0.1; Nexus 5X Build/MMB29P) AppleWebKit/537.36 (KHTML, like Gecko) Chrome/41.0.2272.96 Mobile Safari/537.36 (compatible; Googlebot/2.1; +http://www.google.com/bot.html)"
66.249.73.156 - - [24/Aug/2019:02:39:22 +0000] "GET /en/search?category=&type=&place=56&area=&price=1000000&surface=10 HTTP/1.1" 500 4485 "-" "Mozilla/5.0 (Linux; Android 6.0.1; Nexus 5X Build/MMB29P) AppleWebKit/537.36 (KHTML, like Gecko) Chrome/41.0.2272.96 Mobile Safari/537.36 (compatible; Googlebot/2.1; +http://www.google.com/bot.html)"
66.249.73.154 - - [24/Aug/2019:02:41:06 +0000] "GET /pretraga?category=&type=&place=16&area=&price=300000&surface=10 HTTP/1.1" 500 4485 "-" "Mozilla/5.0 (Linux; Android 6.0.1; Nexus 5X Build/MMB29P) AppleWebKit/537.36 (KHTML, like Gecko) Chrome/41.0.2272.96 Mobile Safari/537.36 (compatible; Googlebot/2.1; +http://www.google.com/bot.html)"
54.36.150.190 - - [24/Aug/2019:02:57:15 +0000] "GET /hr/apartmani/vir-apartman-s-pogledom-na-more-120-m-od-plaze-75-m2 HTTP/1.1" 200 5646 "-" "Mozilla/5.0 (compatible; AhrefsBot/6.1; +http://ahrefs.com/robot/)"
66.249.73.156 - - [24/Aug/2019:02:57:56 +0000] "GET /pretraga?category=&type=sale&place=41&area=&price=300000&surface=200 HTTP/1.1" 500 4485 "-" "Mozilla/5.0 (Linux; Android 6.0.1; Nexus 5X Build/MMB29P) AppleWebKit/537.36 (KHTML, like Gecko) Chrome/41.0.2272.96 Mobile Safari/537.36 (compatible; Googlebot/2.1; +http://www.google.com/bot.html)"
66.249.73.156 - - [24/Aug/2019:03:04:54 +0000] "GET /en/search?category=&type=&place=58&area=161&price=200000&surface=200 HTTP/1.1" 500 4485 "-" "Mozilla/5.0 (Linux; Android 6.0.1; Nexus 5X Build/MMB29P) AppleWebKit/537.36 (KHTML, like Gecko) Chrome/41.0.2272.96 Mobile Safari/537.36 (compatible; Googlebot/2.1; +http://www.google.com/bot.html)"
66.249.73.154 - - [24/Aug/2019:03:06:04 +0000] "GET /hr/pretraga?category=&type=&place=12&area=&price=1000000&surface=100 HTTP/1.1" 500 4485 "-" "Mozilla/5.0 (Linux; Android 6.0.1; Nexus 5X Build/MMB29P) AppleWebKit/537.36 (KHTML, like Gecko) Chrome/41.0.2272.96 Mobile Safari/537.36 (compatible; Googlebot/2.1; +http://www.google.com/bot.html)"
66.249.73.154 - - [24/Aug/2019:03:06:38 +0000] "GET /en/search?category=&type=&place=41&area=&price=500000&surface= HTTP/1.1" 500 4485 "-" "Mozilla/5.0 (Linux; Android 6.0.1; Nexus 5X Build/MMB29P) AppleWebKit/537.36 (KHTML, like Gecko) Chrome/41.0.2272.96 Mobile Safari/537.36 (compatible; Googlebot/2.1; +http://www.google.com/bot.html)"
66.249.73.158 - - [24/Aug/2019:03:07:13 +0000] "GET /pretraga?category=&type=&place=36&area=181&price=100000&surface=200 HTTP/1.1" 500 4485 "-" "Mozilla/5.0 (Linux; Android 6.0.1; Nexus 5X Build/MMB29P) AppleWebKit/537.36 (KHTML, like Gecko) Chrome/41.0.2272.96 Mobile Safari/537.36 (compatible; Googlebot/2.1; +http://www.google.com/bot.html)"
66.249.73.154 - - [24/Aug/2019:03:08:58 +0000] "GET /pretraga?category=&type=&place=53&area=&price=200000&surface=50 HTTP/1.1" 500 4485 "-" "Mozilla/5.0 (Linux; Android 6.0.1; Nexus 5X Build/MMB29P) AppleWebKit/537.36 (KHTML, like Gecko) Chrome/41.0.2272.96 Mobile Safari/537.36 (compatible; Googlebot/2.1; +http://www.google.com/bot.html)"
66.249.73.154 - - [24/Aug/2019:03:09:32 +0000] "GET /en/search?category=&type=&place=36&area=159&price=200000&surface=100 HTTP/1.1" 500 4485 "-" "Mozilla/5.0 (Linux; Android 6.0.1; Nexus 5X Build/MMB29P) AppleWebKit/537.36 (KHTML, like Gecko) Chrome/41.0.2272.96 Mobile Safari/537.36 (compatible; Googlebot/2.1; +http://www.google.com/bot.html)"
66.249.73.156 - - [24/Aug/2019:03:10:43 +0000] "GET /hr/pretraga?category=&type=&place=53&area=157&price=100000&surface=10 HTTP/1.1" 500 4485 "-" "Mozilla/5.0 (Linux; Android 6.0.1; Nexus 5X Build/MMB29P) AppleWebKit/537.36 (KHTML, like Gecko) Chrome/41.0.2272.96 Mobile Safari/537.36 (compatible; Googlebot/2.1; +http://www.google.com/bot.html)"
66.249.73.156 - - [24/Aug/2019:03:11:17 +0000] "GET /hr/pretraga?category=&type=&place=58&area=229&price=&surface=100 HTTP/1.1" 500 4485 "-" "Mozilla/5.0 (Linux; Android 6.0.1; Nexus 5X Build/MMB29P) AppleWebKit/537.36 (KHTML, like Gecko) Chrome/41.0.2272.96 Mobile Safari/537.36 (compatible; Googlebot/2.1; +http://www.google.com/bot.html)"
66.249.73.154 - - [24/Aug/2019:03:13:02 +0000] "GET /pretraga?category=&type=&place=37&area=157&price=1000000&surface= HTTP/1.1" 500 4485 "-" "Mozilla/5.0 (Linux; Android 6.0.1; Nexus 5X Build/MMB29P) AppleWebKit/537.36 (KHTML, like Gecko) Chrome/41.0.2272.96 Mobile Safari/537.36 (compatible; Googlebot/2.1; +http://www.google.com/bot.html)"
66.249.73.158 - - [24/Aug/2019:03:14:12 +0000] "GET /en/search?category=1&type=sale&place=34&area=&price=50000&surface=10 HTTP/1.1" 200 4200 "-" "Mozilla/5.0 (Linux; Android 6.0.1; Nexus 5X Build/MMB29P) AppleWebKit/537.36 (KHTML, like Gecko) Chrome/41.0.2272.96 Mobile Safari/537.36 (compatible; Googlebot/2.1; +http://www.google.com/bot.html)"
66.249.73.158 - - [24/Aug/2019:03:15:21 +0000] "GET /en/search?category=&type=&place=74&area=&price=50000&surface=10 HTTP/1.1" 200 3880 "-" "Mozilla/5.0 (Linux; Android 6.0.1; Nexus 5X Build/MMB29P) AppleWebKit/537.36 (KHTML, like Gecko) Chrome/41.0.2272.96 Mobile Safari/537.36 (compatible; Googlebot/2.1; +http://www.google.com/bot.html)"
46.229.168.145 - - [24/Aug/2019:03:20:51 +0000] "GET /robots.txt HTTP/1.1" 200 24 "-" "Mozilla/5.0 (compatible; SemrushBot/6~bl; +http://www.semrush.com/bot.html)"
46.229.168.141 - - [24/Aug/2019:03:20:54 +0000] "GET /zemljista/pasman-tkon-gradevinsko-zemljiste-drugi-red-do-mora-2173-m2 HTTP/1.1" 200 5368 "-" "Mozilla/5.0 (compatible; SemrushBot/6~bl; +http://www.semrush.com/bot.html)"
66.249.73.158 - - [24/Aug/2019:03:25:48 +0000] "GET /en/search?category=4&type=rent&place=&area=&price=300000&surface=10 HTTP/1.1" 200 3879 "-" "Mozilla/5.0 (Linux; Android 6.0.1; Nexus 5X Build/MMB29P) AppleWebKit/537.36 (KHTML, like Gecko) Chrome/41.0.2272.96 Mobile Safari/537.36 (compatible; Googlebot/2.1; +http://www.google.com/bot.html)"
66.249.73.158 - - [24/Aug/2019:03:27:33 +0000] "GET /en/lands/rtina-gradevinsko-zemljiste-prvi-red-do-mora-715-m2 HTTP/1.1" 200 5444 "-" "Mozilla/5.0 (Linux; Android 6.0.1; Nexus 5X Build/MMB29P) AppleWebKit/537.36 (KHTML, like Gecko) Chrome/41.0.2272.96 Mobile Safari/537.36 (compatible; Googlebot/2.1; +http://www.google.com/bot.html)"
66.249.73.154 - - [24/Aug/2019:03:29:17 +0000] "GET /en/lands/zemunik-donji-gradevinsko-zemljiste-250m-od-centra-5071-m2prilika HTTP/1.1" 200 5446 "-" "Mozilla/5.0 (Linux; Android 6.0.1; Nexus 5X Build/MMB29P) AppleWebKit/537.36 (KHTML, like Gecko) Chrome/41.0.2272.96 Mobile Safari/537.36 (compatible; Googlebot/2.1; +http://www.google.com/bot.html)"
66.249.73.158 - - [24/Aug/2019:03:32:12 +0000] "GET /zemljista/privlaka-gradevinsko-zemljiste-u-sumi-i-blizu-mora-912-m2 HTTP/1.1" 200 5681 "-" "Mozilla/5.0 (Linux; Android 6.0.1; Nexus 5X Build/MMB29P) AppleWebKit/537.36 (KHTML, like Gecko) Chrome/41.0.2272.96 Mobile Safari/537.36 (compatible; Googlebot/2.1; +http://www.google.com/bot.html)"
66.249.73.154 - - [24/Aug/2019:03:32:46 +0000] "GET /pretraga?category=&type=&place=36&area=161&price=&surface= HTTP/1.1" 500 4485 "-" "Mozilla/5.0 (Linux; Android 6.0.1; Nexus 5X Build/MMB29P) AppleWebKit/537.36 (KHTML, like Gecko) Chrome/41.0.2272.96 Mobile Safari/537.36 (compatible; Googlebot/2.1; +http://www.google.com/bot.html)"
66.249.73.154 - - [24/Aug/2019:03:33:21 +0000] "GET /hr/pretraga?category=&type=&place=5&area=&price=50000&surface=10 HTTP/1.1" 500 4485 "-" "Mozilla/5.0 (Linux; Android 6.0.1; Nexus 5X Build/MMB29P) AppleWebKit/537.36 (KHTML, like Gecko) Chrome/41.0.2272.96 Mobile Safari/537.36 (compatible; Googlebot/2.1; +http://www.google.com/bot.html)"
66.249.73.154 - - [24/Aug/2019:03:34:31 +0000] "GET /en/search?category=&type=&place=17&area=&price=300000&surface=100 HTTP/1.1" 500 4485 "-" "Mozilla/5.0 (Linux; Android 6.0.1; Nexus 5X Build/MMB29P) AppleWebKit/537.36 (KHTML, like Gecko) Chrome/41.0.2272.96 Mobile Safari/537.36 (compatible; Googlebot/2.1; +http://www.google.com/bot.html)"
66.249.73.156 - - [24/Aug/2019:03:35:41 +0000] "GET /hr/pretraga?category=&type=&place=41&area=&price=1000000&surface=10 HTTP/1.1" 500 4485 "-" "Mozilla/5.0 (Linux; Android 6.0.1; Nexus 5X Build/MMB29P) AppleWebKit/537.36 (KHTML, like Gecko) Chrome/41.0.2272.96 Mobile Safari/537.36 (compatible; Googlebot/2.1; +http://www.google.com/bot.html)"
66.249.73.158 - - [24/Aug/2019:03:36:15 +0000] "GET /en/search?category=&type=&place=58&area=&price=300000&surface=10 HTTP/1.1" 500 4485 "-" "Mozilla/5.0 (Linux; Android 6.0.1; Nexus 5X Build/MMB29P) AppleWebKit/537.36 (KHTML, like Gecko) Chrome/41.0.2272.96 Mobile Safari/537.36 (compatible; Googlebot/2.1; +http://www.google.com/bot.html)"
66.249.73.154 - - [24/Aug/2019:03:36:50 +0000] "GET /pretraga?category=&type=&place=8&area=&price=500000&surface=50 HTTP/1.1" 500 4485 "-" "Mozilla/5.0 (Linux; Android 6.0.1; Nexus 5X Build/MMB29P) AppleWebKit/537.36 (KHTML, like Gecko) Chrome/41.0.2272.96 Mobile Safari/537.36 (compatible; Googlebot/2.1; +http://www.google.com/bot.html)"
66.249.73.158 - - [24/Aug/2019:03:38:00 +0000] "GET /en/search?category=&type=&place=38&area=&price=100000&surface=10 HTTP/1.1" 500 4485 "-" "Mozilla/5.0 (Linux; Android 6.0.1; Nexus 5X Build/MMB29P) AppleWebKit/537.36 (KHTML, like Gecko) Chrome/41.0.2272.96 Mobile Safari/537.36 (compatible; Googlebot/2.1; +http://www.google.com/bot.html)"
66.249.73.154 - - [24/Aug/2019:03:38:35 +0000] "GET /hr/pretraga?category=&type=&place=58&area=228&price=100000&surface= HTTP/1.1" 500 4485 "-" "Mozilla/5.0 (Linux; Android 6.0.1; Nexus 5X Build/MMB29P) AppleWebKit/537.36 (KHTML, like Gecko) Chrome/41.0.2272.96 Mobile Safari/537.36 (compatible; Googlebot/2.1; +http://www.google.com/bot.html)"
66.249.73.158 - - [24/Aug/2019:03:39:10 +0000] "GET /hr/pretraga?category=&type=&place=59&area=&price=300000&surface=100 HTTP/1.1" 500 4485 "-" "Mozilla/5.0 (Linux; Android 6.0.1; Nexus 5X Build/MMB29P) AppleWebKit/537.36 (KHTML, like Gecko) Chrome/41.0.2272.96 Mobile Safari/537.36 (compatible; Googlebot/2.1; +http://www.google.com/bot.html)"
66.249.73.154 - - [24/Aug/2019:03:39:45 +0000] "GET /en/search?category=&type=&place=15&area=&price=300000&surface=200 HTTP/1.1" 500 4485 "-" "Mozilla/5.0 (Linux; Android 6.0.1; Nexus 5X Build/MMB29P) AppleWebKit/537.36 (KHTML, like Gecko) Chrome/41.0.2272.96 Mobile Safari/537.36 (compatible; Googlebot/2.1; +http://www.google.com/bot.html)"
66.249.73.158 - - [24/Aug/2019:03:40:54 +0000] "GET /pretraga?category=&type=&place=58&area=160&price=&surface=50 HTTP/1.1" 500 4485 "-" "Mozilla/5.0 (Linux; Android 6.0.1; Nexus 5X Build/MMB29P) AppleWebKit/537.36 (KHTML, like Gecko) Chrome/41.0.2272.96 Mobile Safari/537.36 (compatible; Googlebot/2.1; +http://www.google.com/bot.html)"
66.249.73.154 - - [24/Aug/2019:03:41:29 +0000] "GET /hr/pretraga?category=&type=&place=49&area=&price=1000000&surface=50 HTTP/1.1" 500 4485 "-" "Mozilla/5.0 (Linux; Android 6.0.1; Nexus 5X Build/MMB29P) AppleWebKit/537.36 (KHTML, like Gecko) Chrome/41.0.2272.96 Mobile Safari/537.36 (compatible; Googlebot/2.1; +http://www.google.com/bot.html)"
66.249.73.154 - - [24/Aug/2019:03:42:03 +0000] "GET /en/search?category=&place=2&price=300000&surface=10 HTTP/1.1" 500 4485 "-" "Mozilla/5.0 (Linux; Android 6.0.1; Nexus 5X Build/MMB29P) AppleWebKit/537.36 (KHTML, like Gecko) Chrome/41.0.2272.96 Mobile Safari/537.36 (compatible; Googlebot/2.1; +http://www.google.com/bot.html)"
66.249.73.154 - - [24/Aug/2019:03:42:38 +0000] "GET /pretraga?category=&type=&place=50&area=&price=50000&surface=200 HTTP/1.1" 500 4485 "-" "Mozilla/5.0 (Linux; Android 6.0.1; Nexus 5X Build/MMB29P) AppleWebKit/537.36 (KHTML, like Gecko) Chrome/41.0.2272.96 Mobile Safari/537.36 (compatible; Googlebot/2.1; +http://www.google.com/bot.html)"
66.249.73.158 - - [24/Aug/2019:03:43:13 +0000] "GET /pretraga?category=&type=&place=50&area=&price=300000&surface=200 HTTP/1.1" 500 4485 "-" "Mozilla/5.0 (Linux; Android 6.0.1; Nexus 5X Build/MMB29P) AppleWebKit/537.36 (KHTML, like Gecko) Chrome/41.0.2272.96 Mobile Safari/537.36 (compatible; Googlebot/2.1; +http://www.google.com/bot.html)"
66.249.73.158 - - [24/Aug/2019:03:47:52 +0000] "GET /en/lands/gracac-omsica-zemljiste-s-5-objekata-105445-m2 HTTP/1.1" 200 5648 "-" "Mozilla/5.0 (Linux; Android 6.0.1; Nexus 5X Build/MMB29P) AppleWebKit/537.36 (KHTML, like Gecko) Chrome/41.0.2272.96 Mobile Safari/537.36 (compatible; Googlebot/2.1; +http://www.google.com/bot.html)"
87.250.224.91 - - [24/Aug/2019:03:49:44 +0000] "GET /robots.txt HTTP/1.1" 200 24 "-" "Mozilla/5.0 (compatible; YandexBot/3.0; +http://yandex.com/bots)"
87.250.224.91 - - [24/Aug/2019:03:49:48 +0000] "GET /zemljista?page=2 HTTP/1.1" 200 5266 "-" "Mozilla/5.0 (compatible; YandexBot/3.0; +http://yandex.com/bots)"
66.249.73.158 - - [24/Aug/2019:04:02:23 +0000] "GET /en/lands/maslenica-gradevinsko-zemljiste-s-pogledom-na-more-857-m2 HTTP/1.1" 200 5670 "-" "Mozilla/5.0 (Linux; Android 6.0.1; Nexus 5X Build/MMB29P) AppleWebKit/537.36 (KHTML, like Gecko) Chrome/41.0.2272.96 Mobile Safari/537.36 (compatible; Googlebot/2.1; +http://www.google.com/bot.html)"
66.249.73.158 - - [24/Aug/2019:04:04:08 +0000] "GET /hr/pretraga?category=&place=4&price=200000&surface=100 HTTP/1.1" 500 4485 "-" "Mozilla/5.0 (Linux; Android 6.0.1; Nexus 5X Build/MMB29P) AppleWebKit/537.36 (KHTML, like Gecko) Chrome/41.0.2272.96 Mobile Safari/537.36 (compatible; Googlebot/2.1; +http://www.google.com/bot.html)"
46.229.168.144 - - [24/Aug/2019:04:06:01 +0000] "GET /robots.txt HTTP/1.1" 200 24 "-" "Mozilla/5.0 (compatible; SemrushBot/6~bl; +http://www.semrush.com/bot.html)"
46.229.168.144 - - [24/Aug/2019:04:06:02 +0000] "GET /en/lands/baske-ostarije-grad-zemljiste-s-projektnom-dokumentacijom-1095-m2 HTTP/1.1" 200 6413 "-" "Mozilla/5.0 (compatible; SemrushBot/6~bl; +http://www.semrush.com/bot.html)"
66.249.73.154 - - [24/Aug/2019:04:06:27 +0000] "GET /pretraga?category=&type=&place=58&area=229&price=&surface=10 HTTP/1.1" 500 4485 "-" "Mozilla/5.0 (Linux; Android 6.0.1; Nexus 5X Build/MMB29P) AppleWebKit/537.36 (KHTML, like Gecko) Chrome/41.0.2272.96 Mobile Safari/537.36 (compatible; Googlebot/2.1; +http://www.google.com/bot.html)"
66.249.73.156 - - [24/Aug/2019:04:07:02 +0000] "GET /en/search?category=&type=&place=9&area=&price=500000&surface=10 HTTP/1.1" 500 4485 "-" "Mozilla/5.0 (Linux; Android 6.0.1; Nexus 5X Build/MMB29P) AppleWebKit/537.36 (KHTML, like Gecko) Chrome/41.0.2272.96 Mobile Safari/537.36 (compatible; Googlebot/2.1; +http://www.google.com/bot.html)"
66.249.73.154 - - [24/Aug/2019:04:07:37 +0000] "GET /pretraga?category=&type=&place=58&area=159&price=200000&surface=10 HTTP/1.1" 500 4485 "-" "Mozilla/5.0 (Linux; Android 6.0.1; Nexus 5X Build/MMB29P) AppleWebKit/537.36 (KHTML, like Gecko) Chrome/41.0.2272.96 Mobile Safari/537.36 (compatible; Googlebot/2.1; +http://www.google.com/bot.html)"
66.249.73.158 - - [24/Aug/2019:04:08:12 +0000] "GET /en/search?category=&type=&place=17&area=&price=&surface= HTTP/1.1" 500 4485 "-" "Mozilla/5.0 (Linux; Android 6.0.1; Nexus 5X Build/MMB29P) AppleWebKit/537.36 (KHTML, like Gecko) Chrome/41.0.2272.96 Mobile Safari/537.36 (compatible; Googlebot/2.1; +http://www.google.com/bot.html)"
66.249.73.156 - - [24/Aug/2019:04:08:46 +0000] "GET /hr/pretraga?category=&type=&place=59&area=&price=1000000&surface=100 HTTP/1.1" 500 4485 "-" "Mozilla/5.0 (Linux; Android 6.0.1; Nexus 5X Build/MMB29P) AppleWebKit/537.36 (KHTML, like Gecko) Chrome/41.0.2272.96 Mobile Safari/537.36 (compatible; Googlebot/2.1; +http://www.google.com/bot.html)"
66.249.73.158 - - [24/Aug/2019:04:11:06 +0000] "GET /en/search?category=&type=&place=36&area=160&price=300000&surface= HTTP/1.1" 500 4485 "-" "Mozilla/5.0 (Linux; Android 6.0.1; Nexus 5X Build/MMB29P) AppleWebKit/537.36 (KHTML, like Gecko) Chrome/41.0.2272.96 Mobile Safari/537.36 (compatible; Googlebot/2.1; +http://www.google.com/bot.html)"
66.249.73.156 - - [24/Aug/2019:04:11:41 +0000] "GET /hr/pretraga?category=&type=&place=9&area=&price=300000&surface=200 HTTP/1.1" 500 4485 "-" "Mozilla/5.0 (Linux; Android 6.0.1; Nexus 5X Build/MMB29P) AppleWebKit/537.36 (KHTML, like Gecko) Chrome/41.0.2272.96 Mobile Safari/537.36 (compatible; Googlebot/2.1; +http://www.google.com/bot.html)"
66.249.73.158 - - [24/Aug/2019:04:12:50 +0000] "GET /hr/pretraga?category=&type=&place=36&area=168&price=500000&surface=10 HTTP/1.1" 500 4485 "-" "Mozilla/5.0 (Linux; Android 6.0.1; Nexus 5X Build/MMB29P) AppleWebKit/537.36 (KHTML, like Gecko) Chrome/41.0.2272.96 Mobile Safari/537.36 (compatible; Googlebot/2.1; +http://www.google.com/bot.html)"
66.249.73.158 - - [24/Aug/2019:04:13:25 +0000] "GET /pretraga?category=&type=&place=49&area=&price=1000000&surface=200 HTTP/1.1" 500 4485 "-" "Mozilla/5.0 (Linux; Android 6.0.1; Nexus 5X Build/MMB29P) AppleWebKit/537.36 (KHTML, like Gecko) Chrome/41.0.2272.96 Mobile Safari/537.36 (compatible; Googlebot/2.1; +http://www.google.com/bot.html)"
54.36.148.41 - - [24/Aug/2019:04:13:36 +0000] "GET /robots.txt HTTP/1.1" 200 24 "-" "Mozilla/5.0 (compatible; AhrefsBot/6.1; +http://ahrefs.com/robot/)"
54.36.148.213 - - [24/Aug/2019:04:13:37 +0000] "GET /en/apartments/bibinje-trosoban-apartman-i-garsonjera-25-m-od-plaze-100-m2 HTTP/1.1" 200 5629 "-" "Mozilla/5.0 (compatible; AhrefsBot/6.1; +http://ahrefs.com/robot/)"
66.249.73.156 - - [24/Aug/2019:04:14:35 +0000] "GET /pretraga?category=&type=&place=58&area=159&price=1000000&surface=10 HTTP/1.1" 500 4485 "-" "Mozilla/5.0 (Linux; Android 6.0.1; Nexus 5X Build/MMB29P) AppleWebKit/537.36 (KHTML, like Gecko) Chrome/41.0.2272.96 Mobile Safari/537.36 (compatible; Googlebot/2.1; +http://www.google.com/bot.html)"
157.55.39.194 - - [24/Aug/2019:04:15:20 +0000] "GET /hr/kuce HTTP/1.1" 200 5391 "-" "Mozilla/5.0 (compatible; bingbot/2.0; +http://www.bing.com/bingbot.htm)"
66.249.73.156 - - [24/Aug/2019:04:16:19 +0000] "GET /pretraga?category=&type=&place=38&area=&price=300000&surface=50 HTTP/1.1" 500 4485 "-" "Mozilla/5.0 (Linux; Android 6.0.1; Nexus 5X Build/MMB29P) AppleWebKit/537.36 (KHTML, like Gecko) Chrome/41.0.2272.96 Mobile Safari/537.36 (compatible; Googlebot/2.1; +http://www.google.com/bot.html)"
66.249.73.158 - - [24/Aug/2019:04:19:14 +0000] "GET /hr/pretraga?category=&type=&place=37&area=&price=&surface=200 HTTP/1.1" 500 4485 "-" "Mozilla/5.0 (Linux; Android 6.0.1; Nexus 5X Build/MMB29P) AppleWebKit/537.36 (KHTML, like Gecko) Chrome/41.0.2272.96 Mobile Safari/537.36 (compatible; Googlebot/2.1; +http://www.google.com/bot.html)"
46.229.168.134 - - [24/Aug/2019:04:30:58 +0000] "GET /hr/zemljista/rupalj-gradevinsko-zemljiste-povrsine-4280-m2-23-m2 HTTP/1.1" 200 5413 "-" "Mozilla/5.0 (compatible; SemrushBot/6~bl; +http://www.semrush.com/bot.html)"
66.249.73.156 - - [24/Aug/2019:04:35:29 +0000] "GET /hr/pretraga?category=&type=&place=38&area=&price=1000000&surface=200 HTTP/1.1" 500 4485 "-" "Mozilla/5.0 (Linux; Android 6.0.1; Nexus 5X Build/MMB29P) AppleWebKit/537.36 (KHTML, like Gecko) Chrome/41.0.2272.96 Mobile Safari/537.36 (compatible; Googlebot/2.1; +http://www.google.com/bot.html)"
66.249.73.156 - - [24/Aug/2019:04:39:06 +0000] "GET /pretraga?category=&type=&place=36&area=167&price=100000&surface=200 HTTP/1.1" 500 4485 "-" "Mozilla/5.0 (Linux; Android 6.0.1; Nexus 5X Build/MMB29P) AppleWebKit/537.36 (KHTML, like Gecko) Chrome/41.0.2272.96 Mobile Safari/537.36 (compatible; Googlebot/2.1; +http://www.google.com/bot.html)"
66.249.73.156 - - [24/Aug/2019:04:39:22 +0000] "GET /hr/pretraga?category=&type=&place=16&area=&price=50000&surface=50 HTTP/1.1" 500 4485 "-" "Mozilla/5.0 (Linux; Android 6.0.1; Nexus 5X Build/MMB29P) AppleWebKit/537.36 (KHTML, like Gecko) Chrome/41.0.2272.96 Mobile Safari/537.36 (compatible; Googlebot/2.1; +http://www.google.com/bot.html)"
66.249.73.154 - - [24/Aug/2019:04:39:40 +0000] "GET /en/search?category=&type=&place=36&area=201&price=300000&surface=10 HTTP/1.1" 500 4485 "-" "Mozilla/5.0 (Linux; Android 6.0.1; Nexus 5X Build/MMB29P) AppleWebKit/537.36 (KHTML, like Gecko) Chrome/41.0.2272.96 Mobile Safari/537.36 (compatible; Googlebot/2.1; +http://www.google.com/bot.html)"
66.249.73.154 - - [24/Aug/2019:04:39:57 +0000] "GET /en/search?category=&type=&place=36&area=166&price=500000&surface= HTTP/1.1" 500 4485 "-" "Mozilla/5.0 (Linux; Android 6.0.1; Nexus 5X Build/MMB29P) AppleWebKit/537.36 (KHTML, like Gecko) Chrome/41.0.2272.96 Mobile Safari/537.36 (compatible; Googlebot/2.1; +http://www.google.com/bot.html)"
66.249.73.158 - - [24/Aug/2019:04:40:43 +0000] "GET /hr/pretraga?category=&place=36&price=1000000&surface= HTTP/1.1" 500 4485 "-" "Mozilla/5.0 (Linux; Android 6.0.1; Nexus 5X Build/MMB29P) AppleWebKit/537.36 (KHTML, like Gecko) Chrome/41.0.2272.96 Mobile Safari/537.36 (compatible; Googlebot/2.1; +http://www.google.com/bot.html)"
46.229.168.137 - - [24/Aug/2019:04:40:56 +0000] "GET /robots.txt HTTP/1.1" 200 24 "-" "Mozilla/5.0 (compatible; SemrushBot/6~bl; +http://www.semrush.com/bot.html)"
46.229.168.132 - - [24/Aug/2019:04:40:57 +0000] "GET /en/houses/posedarje-kuca-prvi-red-do-mora-322-m2 HTTP/1.1" 200 5400 "-" "Mozilla/5.0 (compatible; SemrushBot/6~bl; +http://www.semrush.com/bot.html)"
66.249.73.156 - - [24/Aug/2019:04:41:52 +0000] "GET /pretraga?category=&type=&place=36&area=157&price=&surface=50 HTTP/1.1" 500 4485 "-" "Mozilla/5.0 (Linux; Android 6.0.1; Nexus 5X Build/MMB29P) AppleWebKit/537.36 (KHTML, like Gecko) Chrome/41.0.2272.96 Mobile Safari/537.36 (compatible; Googlebot/2.1; +http://www.google.com/bot.html)"
66.249.73.156 - - [24/Aug/2019:04:42:27 +0000] "GET /pretraga?category=&type=&place=59&area=&price=300000&surface=200 HTTP/1.1" 500 4485 "-" "Mozilla/5.0 (Linux; Android 6.0.1; Nexus 5X Build/MMB29P) AppleWebKit/537.36 (KHTML, like Gecko) Chrome/41.0.2272.96 Mobile Safari/537.36 (compatible; Googlebot/2.1; +http://www.google.com/bot.html)"
66.249.73.156 - - [24/Aug/2019:04:43:02 +0000] "GET /en/search?category=&type=&place=49&area=&price=500000&surface=10 HTTP/1.1" 500 4485 "-" "Mozilla/5.0 (Linux; Android 6.0.1; Nexus 5X Build/MMB29P) AppleWebKit/537.36 (KHTML, like Gecko) Chrome/41.0.2272.96 Mobile Safari/537.36 (compatible; Googlebot/2.1; +http://www.google.com/bot.html)"
66.249.73.156 - - [24/Aug/2019:04:45:56 +0000] "GET /hr/pretraga?category=&type=&place=7&area=&price=200000&surface= HTTP/1.1" 500 4485 "-" "Mozilla/5.0 (Linux; Android 6.0.1; Nexus 5X Build/MMB29P) AppleWebKit/537.36 (KHTML, like Gecko) Chrome/41.0.2272.96 Mobile Safari/537.36 (compatible; Googlebot/2.1; +http://www.google.com/bot.html)"
66.249.73.158 - - [24/Aug/2019:04:46:31 +0000] "GET /pretraga?category=&place=3&price=&surface=100 HTTP/1.1" 500 4485 "-" "Mozilla/5.0 (Linux; Android 6.0.1; Nexus 5X Build/MMB29P) AppleWebKit/537.36 (KHTML, like Gecko) Chrome/41.0.2272.96 Mobile Safari/537.36 (compatible; Googlebot/2.1; +http://www.google.com/bot.html)"
66.249.73.156 - - [24/Aug/2019:04:47:41 +0000] "GET /pretraga?category=&type=&place=&area=96&price=&surface=&page=2 HTTP/1.1" 200 4012 "-" "Mozilla/5.0 (Linux; Android 6.0.1; Nexus 5X Build/MMB29P) AppleWebKit/537.36 (KHTML, like Gecko) Chrome/41.0.2272.96 Mobile Safari/537.36 (compatible; Googlebot/2.1; +http://www.google.com/bot.html)"
