139.18.2.214 - - [25/Aug/2019:14:13:37 +0000] "GET /hr/zemljista/murter-cigrada-zemljiste-prvi-red-do-mora-333-m2 HTTP/1.0" 200 24749 "https://www.citadela.hr/hr/zemljista?page=4" "LCC (+http://corpora.informatik.uni-leipzig.de/crawler_faq.html)"
139.18.2.214 - - [25/Aug/2019:14:13:47 +0000] "GET /hr/zemljista/murter-centar-gradevinsko-zemljiste-treci-red-do-plaze-962-m2 HTTP/1.0" 200 24356 "https://www.citadela.hr/hr/zemljista?page=4" "LCC (+http://corpora.informatik.uni-leipzig.de/crawler_faq.html)"
139.18.2.214 - - [25/Aug/2019:14:13:59 +0000] "GET /hr/zemljista/starigrad-gradevinsko-zemljiste-pored-ulaza-u-np-paklenica-480m2 HTTP/1.0" 200 25341 "https://www.citadela.hr/hr/zemljista?page=4" "LCC (+http://corpora.informatik.uni-leipzig.de/crawler_faq.html)"
139.18.2.214 - - [25/Aug/2019:14:14:10 +0000] "GET /hr/zemljista/zemunik-donji-gradevinsko-zemljiste-250m-od-centra-5071-m2prilika HTTP/1.0" 200 23992 "https://www.citadela.hr/hr/zemljista?page=4" "LCC (+http://corpora.informatik.uni-leipzig.de/crawler_faq.html)"
139.18.2.214 - - [25/Aug/2019:14:14:26 +0000] "GET /hr/zemljista/gracac-omsica-zemljiste-s-5-objekata-105445-m2 HTTP/1.0" 200 26337 "https://www.citadela.hr/hr/zemljista?page=4" "LCC (+http://corpora.informatik.uni-leipzig.de/crawler_faq.html)"
139.18.2.214 - - [25/Aug/2019:14:14:38 +0000] "GET /hr/zemljista/zadarkozino-gradevinska-zemljista-300-m-od-mora-520-555-m2 HTTP/1.0" 200 23752 "https://www.citadela.hr/hr/zemljista?page=4" "LCC (+http://corpora.informatik.uni-leipzig.de/crawler_faq.html)"
139.18.2.214 - - [25/Aug/2019:14:14:49 +0000] "GET /hr/zemljista/dugi-otok-dragove-grad-zemljiste-prvi-red-do-mora-2010-m2-70m2 HTTP/1.0" 200 23975 "https://www.citadela.hr/hr/zemljista?page=5" "LCC (+http://corpora.informatik.uni-leipzig.de/crawler_faq.html)"
139.18.2.214 - - [25/Aug/2019:14:15:04 +0000] "GET /hr/zemljista/biograd-na-moru-gradevinsko-zemljiste-1215-m2 HTTP/1.0" 200 23726 "https://www.citadela.hr/hr/zemljista?page=5" "LCC (+http://corpora.informatik.uni-leipzig.de/crawler_faq.html)"
139.18.2.214 - - [25/Aug/2019:14:15:18 +0000] "GET /hr/apartmani/maslenica-apartman-prvi-red-do-mora HTTP/1.0" 200 25700 "https://www.citadela.hr/hr/apartmani?page=2" "LCC (+http://corpora.informatik.uni-leipzig.de/crawler_faq.html)"
139.18.2.214 - - [25/Aug/2019:14:15:31 +0000] "GET /hr/apartmani/maslenica-cetverosoban-apartman-prvi-red-do-mora-8573-m2 HTTP/1.0" 200 28588 "https://www.citadela.hr/hr/apartmani?page=2" "LCC (+http://corpora.informatik.uni-leipzig.de/crawler_faq.html)"
66.249.66.46 - - [25/Aug/2019:14:15:45 +0000] "GET /uploads/thumbnails/d0a82be5ec99cbeea3fb0de3038fbac0.jpg HTTP/1.1" 200 45301 "-" "Googlebot-Image/1.0"
139.18.2.214 - - [25/Aug/2019:14:15:45 +0000] "GET /hr/apartmani/maslenica-dvosoban-apartman-prvi-red-do-mora-4269-m2 HTTP/1.0" 200 26606 "https://www.citadela.hr/hr/apartmani?page=2" "LCC (+http://corpora.informatik.uni-leipzig.de/crawler_faq.html)"
139.18.2.214 - - [25/Aug/2019:14:15:58 +0000] "GET /hr/apartmani/starigrad-novi-trosoban-stan-s-pogledom-na-more-garsonjera9365-m2 HTTP/1.0" 200 27393 "https://www.citadela.hr/hr/apartmani?page=2" "LCC (+http://corpora.informatik.uni-leipzig.de/crawler_faq.html)"
66.249.66.44 - - [25/Aug/2019:14:20:48 +0000] "GET /hr/pretraga?category=&type=&place=59&area=&price=200000&surface= HTTP/1.1" 500 4485 "-" "Mozilla/5.0 (Linux; Android 6.0.1; Nexus 5X Build/MMB29P) AppleWebKit/537.36 (KHTML, like Gecko) Chrome/41.0.2272.96 Mobile Safari/537.36 (compatible; Googlebot/2.1; +http://www.google.com/bot.html)"
66.249.66.46 - - [25/Aug/2019:14:22:25 +0000] "GET /uploads/thumbnails/c48228d265c34c38b2b30d9adbff59a4.jpg HTTP/1.1" 200 59785 "-" "Googlebot-Image/1.0"
207.46.13.81 - - [25/Aug/2019:14:23:52 +0000] "GET /hr/zemljista/dugi-rat-sumpetar-gradevinsko-zemljiste-s-pogledom-na-more-476-m2 HTTP/1.1" 200 5519 "-" "Mozilla/5.0 (compatible; bingbot/2.0; +http://www.bing.com/bingbot.htm)"
66.249.66.46 - - [25/Aug/2019:14:25:48 +0000] "GET /pretraga?category=&type=rent&place=35&area=&price=100000&surface= HTTP/1.1" 200 4109 "-" "Mozilla/5.0 (Linux; Android 6.0.1; Nexus 5X Build/MMB29P) AppleWebKit/537.36 (KHTML, like Gecko) Chrome/41.0.2272.96 Mobile Safari/537.36 (compatible; Googlebot/2.1; +http://www.google.com/bot.html)"
93.142.95.72 - - [25/Aug/2019:14:25:53 +0000] "GET /kuce HTTP/1.1" 200 5390 "https://www.google.com/" "Mozilla/5.0 (iPad; CPU OS 12_3_1 like Mac OS X) AppleWebKit/605.1.15 (KHTML, like Gecko) GSA/80.0.262003652 Mobile/16F203 Safari/604.1"
93.142.95.72 - - [25/Aug/2019:14:25:53 +0000] "GET /css/bootstrap.css HTTP/1.1" 200 20712 "https://www.citadela.hr/kuce" "Mozilla/5.0 (iPad; CPU OS 12_3_1 like Mac OS X) AppleWebKit/605.1.15 (KHTML, like Gecko) GSA/80.0.262003652 Mobile/16F203 Safari/604.1"
93.142.95.72 - - [25/Aug/2019:14:25:53 +0000] "GET /css/colors/blue.css?v=2 HTTP/1.1" 200 3552 "https://www.citadela.hr/kuce" "Mozilla/5.0 (iPad; CPU OS 12_3_1 like Mac OS X) AppleWebKit/605.1.15 (KHTML, like Gecko) GSA/80.0.262003652 Mobile/16F203 Safari/604.1"
93.142.95.72 - - [25/Aug/2019:14:25:53 +0000] "GET /css/style.css?v=2 HTTP/1.1" 200 17441 "https://www.citadela.hr/kuce" "Mozilla/5.0 (iPad; CPU OS 12_3_1 like Mac OS X) AppleWebKit/605.1.15 (KHTML, like Gecko) GSA/80.0.262003652 Mobile/16F203 Safari/604.1"
93.142.95.72 - - [25/Aug/2019:14:25:53 +0000] "GET /fonts/flaticon.css HTTP/1.1" 200 699 "https://www.citadela.hr/kuce" "Mozilla/5.0 (iPad; CPU OS 12_3_1 like Mac OS X) AppleWebKit/605.1.15 (KHTML, like Gecko) GSA/80.0.262003652 Mobile/16F203 Safari/604.1"
93.142.95.72 - - [25/Aug/2019:14:25:53 +0000] "GET /css/font-awesome.css HTTP/1.1" 200 7439 "https://www.citadela.hr/kuce" "Mozilla/5.0 (iPad; CPU OS 12_3_1 like Mac OS X) AppleWebKit/605.1.15 (KHTML, like Gecko) GSA/80.0.262003652 Mobile/16F203 Safari/604.1"
93.142.95.72 - - [25/Aug/2019:14:25:53 +0000] "GET /css/jslider.css HTTP/1.1" 200 763 "https://www.citadela.hr/kuce" "Mozilla/5.0 (iPad; CPU OS 12_3_1 like Mac OS X) AppleWebKit/605.1.15 (KHTML, like Gecko) GSA/80.0.262003652 Mobile/16F203 Safari/604.1"
93.142.95.72 - - [25/Aug/2019:14:25:53 +0000] "GET /css/responsive.css HTTP/1.1" 200 2788 "https://www.citadela.hr/kuce" "Mozilla/5.0 (iPad; CPU OS 12_3_1 like Mac OS X) AppleWebKit/605.1.15 (KHTML, like Gecko) GSA/80.0.262003652 Mobile/16F203 Safari/604.1"
93.142.95.72 - - [25/Aug/2019:14:25:53 +0000] "GET /css/loader.css?v=2 HTTP/1.1" 200 772 "https://www.citadela.hr/kuce" "Mozilla/5.0 (iPad; CPU OS 12_3_1 like Mac OS X) AppleWebKit/605.1.15 (KHTML, like Gecko) GSA/80.0.262003652 Mobile/16F203 Safari/604.1"
93.142.95.72 - - [25/Aug/2019:14:25:53 +0000] "GET /assets/plugins/flag/css/flag-icon.css HTTP/1.1" 200 2837 "https://www.citadela.hr/kuce" "Mozilla/5.0 (iPad; CPU OS 12_3_1 like Mac OS X) AppleWebKit/605.1.15 (KHTML, like Gecko) GSA/80.0.262003652 Mobile/16F203 Safari/604.1"
93.142.95.72 - - [25/Aug/2019:14:25:53 +0000] "GET /js/jquery.min.js HTTP/1.1" 200 33760 "https://www.citadela.hr/kuce" "Mozilla/5.0 (iPad; CPU OS 12_3_1 like Mac OS X) AppleWebKit/605.1.15 (KHTML, like Gecko) GSA/80.0.262003652 Mobile/16F203 Safari/604.1"
93.142.95.72 - - [25/Aug/2019:14:25:53 +0000] "GET /js/bootstrap.min.js HTTP/1.1" 200 9833 "https://www.citadela.hr/kuce" "Mozilla/5.0 (iPad; CPU OS 12_3_1 like Mac OS X) AppleWebKit/605.1.15 (KHTML, like Gecko) GSA/80.0.262003652 Mobile/16F203 Safari/604.1"
93.142.95.72 - - [25/Aug/2019:14:25:53 +0000] "GET /js/bootstrap-select.js HTTP/1.1" 200 15633 "https://www.citadela.hr/kuce" "Mozilla/5.0 (iPad; CPU OS 12_3_1 like Mac OS X) AppleWebKit/605.1.15 (KHTML, like Gecko) GSA/80.0.262003652 Mobile/16F203 Safari/604.1"
93.142.95.72 - - [25/Aug/2019:14:25:53 +0000] "GET /js/YouTubePopUp.jquery.js HTTP/1.1" 200 967 "https://www.citadela.hr/kuce" "Mozilla/5.0 (iPad; CPU OS 12_3_1 like Mac OS X) AppleWebKit/605.1.15 (KHTML, like Gecko) GSA/80.0.262003652 Mobile/16F203 Safari/604.1"
93.142.95.72 - - [25/Aug/2019:14:25:53 +0000] "GET /js/jquery.fancybox.pack.js HTTP/1.1" 200 8634 "https://www.citadela.hr/kuce" "Mozilla/5.0 (iPad; CPU OS 12_3_1 like Mac OS X) AppleWebKit/605.1.15 (KHTML, like Gecko) GSA/80.0.262003652 Mobile/16F203 Safari/604.1"
93.142.95.72 - - [25/Aug/2019:14:25:53 +0000] "GET /js/jquery.fancybox-media.js HTTP/1.1" 200 1973 "https://www.citadela.hr/kuce" "Mozilla/5.0 (iPad; CPU OS 12_3_1 like Mac OS X) AppleWebKit/605.1.15 (KHTML, like Gecko) GSA/80.0.262003652 Mobile/16F203 Safari/604.1"
93.142.95.72 - - [25/Aug/2019:14:25:53 +0000] "GET /js/owl.js HTTP/1.1" 200 17545 "https://www.citadela.hr/kuce" "Mozilla/5.0 (iPad; CPU OS 12_3_1 like Mac OS X) AppleWebKit/605.1.15 (KHTML, like Gecko) GSA/80.0.262003652 Mobile/16F203 Safari/604.1"
93.142.95.72 - - [25/Aug/2019:14:25:54 +0000] "GET /js/mixitup.js HTTP/1.1" 200 11347 "https://www.citadela.hr/kuce" "Mozilla/5.0 (iPad; CPU OS 12_3_1 like Mac OS X) AppleWebKit/605.1.15 (KHTML, like Gecko) GSA/80.0.262003652 Mobile/16F203 Safari/604.1"
93.142.95.72 - - [25/Aug/2019:14:25:54 +0000] "GET /js/wow.js HTTP/1.1" 200 2198 "https://www.citadela.hr/kuce" "Mozilla/5.0 (iPad; CPU OS 12_3_1 like Mac OS X) AppleWebKit/605.1.15 (KHTML, like Gecko) GSA/80.0.262003652 Mobile/16F203 Safari/604.1"
93.142.95.72 - - [25/Aug/2019:14:25:54 +0000] "GET /js/jshashtable-2.1_src.js HTTP/1.1" 200 2957 "https://www.citadela.hr/kuce" "Mozilla/5.0 (iPad; CPU OS 12_3_1 like Mac OS X) AppleWebKit/605.1.15 (KHTML, like Gecko) GSA/80.0.262003652 Mobile/16F203 Safari/604.1"
93.142.95.72 - - [25/Aug/2019:14:25:54 +0000] "GET /js/jquery.numberformatter-1.2.3.js HTTP/1.1" 200 4697 "https://www.citadela.hr/kuce" "Mozilla/5.0 (iPad; CPU OS 12_3_1 like Mac OS X) AppleWebKit/605.1.15 (KHTML, like Gecko) GSA/80.0.262003652 Mobile/16F203 Safari/604.1"
93.142.95.72 - - [25/Aug/2019:14:25:54 +0000] "GET /js/tmpl.js HTTP/1.1" 200 625 "https://www.citadela.hr/kuce" "Mozilla/5.0 (iPad; CPU OS 12_3_1 like Mac OS X) AppleWebKit/605.1.15 (KHTML, like Gecko) GSA/80.0.262003652 Mobile/16F203 Safari/604.1"
93.142.95.72 - - [25/Aug/2019:14:25:54 +0000] "GET /js/jquery.dependClass-0.1.js HTTP/1.1" 200 458 "https://www.citadela.hr/kuce" "Mozilla/5.0 (iPad; CPU OS 12_3_1 like Mac OS X) AppleWebKit/605.1.15 (KHTML, like Gecko) GSA/80.0.262003652 Mobile/16F203 Safari/604.1"
93.142.95.72 - - [25/Aug/2019:14:25:54 +0000] "GET /js/draggable-0.1.js HTTP/1.1" 200 1326 "https://www.citadela.hr/kuce" "Mozilla/5.0 (iPad; CPU OS 12_3_1 like Mac OS X) AppleWebKit/605.1.15 (KHTML, like Gecko) GSA/80.0.262003652 Mobile/16F203 Safari/604.1"
93.142.95.72 - - [25/Aug/2019:14:25:54 +0000] "GET /js/jquery.slider.js HTTP/1.1" 200 4772 "https://www.citadela.hr/kuce" "Mozilla/5.0 (iPad; CPU OS 12_3_1 like Mac OS X) AppleWebKit/605.1.15 (KHTML, like Gecko) GSA/80.0.262003652 Mobile/16F203 Safari/604.1"
93.142.95.72 - - [25/Aug/2019:14:25:54 +0000] "GET /js/custom.js HTTP/1.1" 200 5159 "https://www.citadela.hr/kuce" "Mozilla/5.0 (iPad; CPU OS 12_3_1 like Mac OS X) AppleWebKit/605.1.15 (KHTML, like Gecko) GSA/80.0.262003652 Mobile/16F203 Safari/604.1"
93.142.95.72 - - [25/Aug/2019:14:25:54 +0000] "GET /js/jquery.barrating.js HTTP/1.1" 200 4280 "https://www.citadela.hr/kuce" "Mozilla/5.0 (iPad; CPU OS 12_3_1 like Mac OS X) AppleWebKit/605.1.15 (KHTML, like Gecko) GSA/80.0.262003652 Mobile/16F203 Safari/604.1"
93.142.95.72 - - [25/Aug/2019:14:25:54 +0000] "GET /css/animate.min.css HTTP/1.1" 200 4242 "https://www.citadela.hr/kuce" "Mozilla/5.0 (iPad; CPU OS 12_3_1 like Mac OS X) AppleWebKit/605.1.15 (KHTML, like Gecko) GSA/80.0.262003652 Mobile/16F203 Safari/604.1"
93.142.95.72 - - [25/Aug/2019:14:25:54 +0000] "GET /css/jquery.fancybox.css HTTP/1.1" 200 1434 "https://www.citadela.hr/kuce" "Mozilla/5.0 (iPad; CPU OS 12_3_1 like Mac OS X) AppleWebKit/605.1.15 (KHTML, like Gecko) GSA/80.0.262003652 Mobile/16F203 Safari/604.1"
93.142.95.72 - - [25/Aug/2019:14:25:54 +0000] "GET /css/owl.css HTTP/1.1" 200 1348 "https://www.citadela.hr/kuce" "Mozilla/5.0 (iPad; CPU OS 12_3_1 like Mac OS X) AppleWebKit/605.1.15 (KHTML, like Gecko) GSA/80.0.262003652 Mobile/16F203 Safari/604.1"
93.142.95.72 - - [25/Aug/2019:14:25:54 +0000] "GET /img/logo_header.png?v=2 HTTP/1.1" 200 4348 "https://www.citadela.hr/kuce" "Mozilla/5.0 (iPad; CPU OS 12_3_1 like Mac OS X) AppleWebKit/605.1.15 (KHTML, like Gecko) GSA/80.0.262003652 Mobile/16F203 Safari/604.1"
93.142.95.72 - - [25/Aug/2019:14:25:54 +0000] "GET /uploads/thumbnails/547ae143dd15ff6c97ccd4b4a4eb58c1.jpg HTTP/1.1" 200 42006 "https://www.citadela.hr/kuce" "Mozilla/5.0 (iPad; CPU OS 12_3_1 like Mac OS X) AppleWebKit/605.1.15 (KHTML, like Gecko) GSA/80.0.262003652 Mobile/16F203 Safari/604.1"
93.142.95.72 - - [25/Aug/2019:14:25:54 +0000] "GET /uploads/thumbnails/f28c4ddee2395a7c3c7630d204227ede.JPG HTTP/1.1" 200 46650 "https://www.citadela.hr/kuce" "Mozilla/5.0 (iPad; CPU OS 12_3_1 like Mac OS X) AppleWebKit/605.1.15 (KHTML, like Gecko) GSA/80.0.262003652 Mobile/16F203 Safari/604.1"
93.142.95.72 - - [25/Aug/2019:14:25:54 +0000] "GET /uploads/thumbnails/c42bfd6c558a7ac6c41421ccc209f5a5.jpg HTTP/1.1" 200 43798 "https://www.citadela.hr/kuce" "Mozilla/5.0 (iPad; CPU OS 12_3_1 like Mac OS X) AppleWebKit/605.1.15 (KHTML, like Gecko) GSA/80.0.262003652 Mobile/16F203 Safari/604.1"
93.142.95.72 - - [25/Aug/2019:14:25:54 +0000] "GET /uploads/thumbnails/0e90894cf5c08ae61374d409ab092509.jpg HTTP/1.1" 200 52239 "https://www.citadela.hr/kuce" "Mozilla/5.0 (iPad; CPU OS 12_3_1 like Mac OS X) AppleWebKit/605.1.15 (KHTML, like Gecko) GSA/80.0.262003652 Mobile/16F203 Safari/604.1"
93.142.95.72 - - [25/Aug/2019:14:25:54 +0000] "GET /images/no-photo.png HTTP/1.1" 200 11612 "https://www.citadela.hr/kuce" "Mozilla/5.0 (iPad; CPU OS 12_3_1 like Mac OS X) AppleWebKit/605.1.15 (KHTML, like Gecko) GSA/80.0.262003652 Mobile/16F203 Safari/604.1"
93.142.95.72 - - [25/Aug/2019:14:25:54 +0000] "GET /uploads/thumbnails/cc29133b7cd10d0cd86da60ef5b5dcf4.jpg HTTP/1.1" 200 81491 "https://www.citadela.hr/kuce" "Mozilla/5.0 (iPad; CPU OS 12_3_1 like Mac OS X) AppleWebKit/605.1.15 (KHTML, like Gecko) GSA/80.0.262003652 Mobile/16F203 Safari/604.1"
93.142.95.72 - - [25/Aug/2019:14:25:54 +0000] "GET /uploads/thumbnails/bdb290fa375c69e113c38d443c11983d.jpg HTTP/1.1" 200 32661 "https://www.citadela.hr/kuce" "Mozilla/5.0 (iPad; CPU OS 12_3_1 like Mac OS X) AppleWebKit/605.1.15 (KHTML, like Gecko) GSA/80.0.262003652 Mobile/16F203 Safari/604.1"
93.142.95.72 - - [25/Aug/2019:14:25:54 +0000] "GET /uploads/thumbnails/97fbad5d2a6228e6d05ce735017cd87b.jpg HTTP/1.1" 200 42996 "https://www.citadela.hr/kuce" "Mozilla/5.0 (iPad; CPU OS 12_3_1 like Mac OS X) AppleWebKit/605.1.15 (KHTML, like Gecko) GSA/80.0.262003652 Mobile/16F203 Safari/604.1"
93.142.95.72 - - [25/Aug/2019:14:25:54 +0000] "GET /uploads/thumbnails/07477cb0f198515487ff5a5a7917e133.jpeg HTTP/1.1" 200 57318 "https://www.citadela.hr/kuce" "Mozilla/5.0 (iPad; CPU OS 12_3_1 like Mac OS X) AppleWebKit/605.1.15 (KHTML, like Gecko) GSA/80.0.262003652 Mobile/16F203 Safari/604.1"
93.142.95.72 - - [25/Aug/2019:14:25:54 +0000] "GET /img/logo_footer.png HTTP/1.1" 200 4213 "https://www.citadela.hr/kuce" "Mozilla/5.0 (iPad; CPU OS 12_3_1 like Mac OS X) AppleWebKit/605.1.15 (KHTML, like Gecko) GSA/80.0.262003652 Mobile/16F203 Safari/604.1"
93.142.95.72 - - [25/Aug/2019:14:25:54 +0000] "GET /fonts/fontawesome-webfont.woff2?v=4.7.0 HTTP/1.1" 200 77160 "https://www.citadela.hr/kuce" "Mozilla/5.0 (iPad; CPU OS 12_3_1 like Mac OS X) AppleWebKit/605.1.15 (KHTML, like Gecko) GSA/80.0.262003652 Mobile/16F203 Safari/604.1"
93.142.95.72 - - [25/Aug/2019:14:25:55 +0000] "GET /assets/plugins/flag/flags/4x3/hr.svg HTTP/1.1" 200 80697 "https://www.citadela.hr/kuce" "Mozilla/5.0 (iPad; CPU OS 12_3_1 like Mac OS X) AppleWebKit/605.1.15 (KHTML, like Gecko) GSA/80.0.262003652 Mobile/16F203 Safari/604.1"
93.142.95.72 - - [25/Aug/2019:14:25:55 +0000] "GET /img/banner/banner.png HTTP/1.1" 200 188379 "https://www.citadela.hr/kuce" "Mozilla/5.0 (iPad; CPU OS 12_3_1 like Mac OS X) AppleWebKit/605.1.15 (KHTML, like Gecko) GSA/80.0.262003652 Mobile/16F203 Safari/604.1"
93.142.95.72 - - [25/Aug/2019:14:26:22 +0000] "GET /kuce?page=2 HTTP/1.1" 200 5475 "https://www.citadela.hr/kuce" "Mozilla/5.0 (iPad; CPU OS 12_3_1 like Mac OS X) AppleWebKit/605.1.15 (KHTML, like Gecko) GSA/80.0.262003652 Mobile/16F203 Safari/604.1"
93.142.95.72 - - [25/Aug/2019:14:26:22 +0000] "GET /uploads/thumbnails/ee4f70fae730d47223e194eaec734347.jpg HTTP/1.1" 200 39112 "https://www.citadela.hr/kuce?page=2" "Mozilla/5.0 (iPad; CPU OS 12_3_1 like Mac OS X) AppleWebKit/605.1.15 (KHTML, like Gecko) GSA/80.0.262003652 Mobile/16F203 Safari/604.1"
93.142.95.72 - - [25/Aug/2019:14:26:22 +0000] "GET /uploads/thumbnails/fbbcde00c6338dfead7d45f37234a12e.jpg HTTP/1.1" 200 37636 "https://www.citadela.hr/kuce?page=2" "Mozilla/5.0 (iPad; CPU OS 12_3_1 like Mac OS X) AppleWebKit/605.1.15 (KHTML, like Gecko) GSA/80.0.262003652 Mobile/16F203 Safari/604.1"
93.142.95.72 - - [25/Aug/2019:14:26:22 +0000] "GET /uploads/thumbnails/32eeec1539a0198834a50c0504808b4e.jpg HTTP/1.1" 200 27004 "https://www.citadela.hr/kuce?page=2" "Mozilla/5.0 (iPad; CPU OS 12_3_1 like Mac OS X) AppleWebKit/605.1.15 (KHTML, like Gecko) GSA/80.0.262003652 Mobile/16F203 Safari/604.1"
93.142.95.72 - - [25/Aug/2019:14:26:22 +0000] "GET /uploads/thumbnails/13d57e856cb278809fa9ecc970f5930c.jpg HTTP/1.1" 200 52855 "https://www.citadela.hr/kuce?page=2" "Mozilla/5.0 (iPad; CPU OS 12_3_1 like Mac OS X) AppleWebKit/605.1.15 (KHTML, like Gecko) GSA/80.0.262003652 Mobile/16F203 Safari/604.1"
93.142.95.72 - - [25/Aug/2019:14:26:22 +0000] "GET /uploads/thumbnails/f2b120e89367d97c2024164c4038256a.jpg HTTP/1.1" 200 40509 "https://www.citadela.hr/kuce?page=2" "Mozilla/5.0 (iPad; CPU OS 12_3_1 like Mac OS X) AppleWebKit/605.1.15 (KHTML, like Gecko) GSA/80.0.262003652 Mobile/16F203 Safari/604.1"
93.142.95.72 - - [25/Aug/2019:14:26:22 +0000] "GET /uploads/thumbnails/83c7ff88ba4e727bf289b5ffea408c07.jpg HTTP/1.1" 200 35710 "https://www.citadela.hr/kuce?page=2" "Mozilla/5.0 (iPad; CPU OS 12_3_1 like Mac OS X) AppleWebKit/605.1.15 (KHTML, like Gecko) GSA/80.0.262003652 Mobile/16F203 Safari/604.1"
93.142.95.72 - - [25/Aug/2019:14:26:22 +0000] "GET /uploads/thumbnails/7e86d59720e998f1d13415fd8bfb361e.JPG HTTP/1.1" 200 34565 "https://www.citadela.hr/kuce?page=2" "Mozilla/5.0 (iPad; CPU OS 12_3_1 like Mac OS X) AppleWebKit/605.1.15 (KHTML, like Gecko) GSA/80.0.262003652 Mobile/16F203 Safari/604.1"
93.142.95.72 - - [25/Aug/2019:14:26:22 +0000] "GET /uploads/thumbnails/487b597fcb2e3598fd7696fc43a4f52b.jpeg HTTP/1.1" 200 36053 "https://www.citadela.hr/kuce?page=2" "Mozilla/5.0 (iPad; CPU OS 12_3_1 like Mac OS X) AppleWebKit/605.1.15 (KHTML, like Gecko) GSA/80.0.262003652 Mobile/16F203 Safari/604.1"
93.142.95.72 - - [25/Aug/2019:14:26:22 +0000] "GET /uploads/thumbnails/855dd279da5509ee38446c01c98e3da3.jpg HTTP/1.1" 200 52875 "https://www.citadela.hr/kuce?page=2" "Mozilla/5.0 (iPad; CPU OS 12_3_1 like Mac OS X) AppleWebKit/605.1.15 (KHTML, like Gecko) GSA/80.0.262003652 Mobile/16F203 Safari/604.1"
93.142.95.72 - - [25/Aug/2019:14:26:22 +0000] "GET /uploads/thumbnails/437c468920226cbacd560e10a3785b34.JPG HTTP/1.1" 200 48851 "https://www.citadela.hr/kuce?page=2" "Mozilla/5.0 (iPad; CPU OS 12_3_1 like Mac OS X) AppleWebKit/605.1.15 (KHTML, like Gecko) GSA/80.0.262003652 Mobile/16F203 Safari/604.1"
93.142.95.72 - - [25/Aug/2019:14:26:35 +0000] "GET /kuce?page=3 HTTP/1.1" 200 5553 "https://www.citadela.hr/kuce?page=2" "Mozilla/5.0 (iPad; CPU OS 12_3_1 like Mac OS X) AppleWebKit/605.1.15 (KHTML, like Gecko) GSA/80.0.262003652 Mobile/16F203 Safari/604.1"
93.142.95.72 - - [25/Aug/2019:14:26:36 +0000] "GET /uploads/thumbnails/1f771e827bece82ed8a60f06582eb793.jpeg HTTP/1.1" 200 41179 "https://www.citadela.hr/kuce?page=3" "Mozilla/5.0 (iPad; CPU OS 12_3_1 like Mac OS X) AppleWebKit/605.1.15 (KHTML, like Gecko) GSA/80.0.262003652 Mobile/16F203 Safari/604.1"
93.142.95.72 - - [25/Aug/2019:14:26:36 +0000] "GET /uploads/thumbnails/b2d9ac8232d293ec7107f9298ee1cae8.jpg HTTP/1.1" 200 36110 "https://www.citadela.hr/kuce?page=3" "Mozilla/5.0 (iPad; CPU OS 12_3_1 like Mac OS X) AppleWebKit/605.1.15 (KHTML, like Gecko) GSA/80.0.262003652 Mobile/16F203 Safari/604.1"
93.142.95.72 - - [25/Aug/2019:14:26:36 +0000] "GET /uploads/thumbnails/db90760d408c8f9ea833800cfd0ff598.jpeg HTTP/1.1" 200 34618 "https://www.citadela.hr/kuce?page=3" "Mozilla/5.0 (iPad; CPU OS 12_3_1 like Mac OS X) AppleWebKit/605.1.15 (KHTML, like Gecko) GSA/80.0.262003652 Mobile/16F203 Safari/604.1"
93.142.95.72 - - [25/Aug/2019:14:26:36 +0000] "GET /uploads/thumbnails/d7932b7b6c9be1e3578d556ed4a63e59.jpg HTTP/1.1" 200 27338 "https://www.citadela.hr/kuce?page=3" "Mozilla/5.0 (iPad; CPU OS 12_3_1 like Mac OS X) AppleWebKit/605.1.15 (KHTML, like Gecko) GSA/80.0.262003652 Mobile/16F203 Safari/604.1"
93.142.95.72 - - [25/Aug/2019:14:26:37 +0000] "GET /uploads/thumbnails/6edc2838229f9cfe44958f5ad2061a0f.jpeg HTTP/1.1" 200 35387 "https://www.citadela.hr/kuce?page=3" "Mozilla/5.0 (iPad; CPU OS 12_3_1 like Mac OS X) AppleWebKit/605.1.15 (KHTML, like Gecko) GSA/80.0.262003652 Mobile/16F203 Safari/604.1"
93.142.95.72 - - [25/Aug/2019:14:26:37 +0000] "GET /uploads/thumbnails/91d510547ceaa160ca3ce9901b321e82.jpg HTTP/1.1" 200 38748 "https://www.citadela.hr/kuce?page=3" "Mozilla/5.0 (iPad; CPU OS 12_3_1 like Mac OS X) AppleWebKit/605.1.15 (KHTML, like Gecko) GSA/80.0.262003652 Mobile/16F203 Safari/604.1"
93.142.95.72 - - [25/Aug/2019:14:26:37 +0000] "GET /uploads/thumbnails/a576f45ae8747cddc39be8d5761e1057.jpg HTTP/1.1" 200 49816 "https://www.citadela.hr/kuce?page=3" "Mozilla/5.0 (iPad; CPU OS 12_3_1 like Mac OS X) AppleWebKit/605.1.15 (KHTML, like Gecko) GSA/80.0.262003652 Mobile/16F203 Safari/604.1"
93.142.95.72 - - [25/Aug/2019:14:26:37 +0000] "GET /uploads/thumbnails/3c55f605d3f0b0e63c055493db2ef6cb.jpg HTTP/1.1" 200 51114 "https://www.citadela.hr/kuce?page=3" "Mozilla/5.0 (iPad; CPU OS 12_3_1 like Mac OS X) AppleWebKit/605.1.15 (KHTML, like Gecko) GSA/80.0.262003652 Mobile/16F203 Safari/604.1"
93.142.95.72 - - [25/Aug/2019:14:26:37 +0000] "GET /uploads/thumbnails/ae9636d72cfba5edf412122a9b90b5a5.JPG HTTP/1.1" 200 30676 "https://www.citadela.hr/kuce?page=3" "Mozilla/5.0 (iPad; CPU OS 12_3_1 like Mac OS X) AppleWebKit/605.1.15 (KHTML, like Gecko) GSA/80.0.262003652 Mobile/16F203 Safari/604.1"
93.142.95.72 - - [25/Aug/2019:14:26:37 +0000] "GET /uploads/thumbnails/135bb1ac3d8f9a51eda9a4dc4ef8ed32.JPG HTTP/1.1" 200 54034 "https://www.citadela.hr/kuce?page=3" "Mozilla/5.0 (iPad; CPU OS 12_3_1 like Mac OS X) AppleWebKit/605.1.15 (KHTML, like Gecko) GSA/80.0.262003652 Mobile/16F203 Safari/604.1"
93.142.95.72 - - [25/Aug/2019:14:26:47 +0000] "GET /kuce/primostencentar-kamena-kuca-s-restoranom-i-12-soba-340-m2 HTTP/1.1" 200 6564 "https://www.citadela.hr/kuce?page=3" "Mozilla/5.0 (iPad; CPU OS 12_3_1 like Mac OS X) AppleWebKit/605.1.15 (KHTML, like Gecko) GSA/80.0.262003652 Mobile/16F203 Safari/604.1"
93.142.95.72 - - [25/Aug/2019:14:26:47 +0000] "GET /unitegallery/css/unite-gallery.css HTTP/1.1" 200 4825 "https://www.citadela.hr/kuce/primostencentar-kamena-kuca-s-restoranom-i-12-soba-340-m2" "Mozilla/5.0 (iPad; CPU OS 12_3_1 like Mac OS X) AppleWebKit/605.1.15 (KHTML, like Gecko) GSA/80.0.262003652 Mobile/16F203 Safari/604.1"
93.142.95.72 - - [25/Aug/2019:14:26:47 +0000] "GET /uploads/thumbnails/842da40b9970c3a888b1c4aedfa018f5.jpg HTTP/1.1" 200 26328 "https://www.citadela.hr/kuce/primostencentar-kamena-kuca-s-restoranom-i-12-soba-340-m2" "Mozilla/5.0 (iPad; CPU OS 12_3_1 like Mac OS X) AppleWebKit/605.1.15 (KHTML, like Gecko) GSA/80.0.262003652 Mobile/16F203 Safari/604.1"
93.142.95.72 - - [25/Aug/2019:14:26:47 +0000] "GET /uploads/thumbnails/c643bf0fadb99b0ede55349224cb6381.jpg HTTP/1.1" 200 38991 "https://www.citadela.hr/kuce/primostencentar-kamena-kuca-s-restoranom-i-12-soba-340-m2" "Mozilla/5.0 (iPad; CPU OS 12_3_1 like Mac OS X) AppleWebKit/605.1.15 (KHTML, like Gecko) GSA/80.0.262003652 Mobile/16F203 Safari/604.1"
93.142.95.72 - - [25/Aug/2019:14:26:47 +0000] "GET /uploads/thumbnails/7b6379cc99c35d3aa1345386cf347508.jpg HTTP/1.1" 200 52579 "https://www.citadela.hr/kuce/primostencentar-kamena-kuca-s-restoranom-i-12-soba-340-m2" "Mozilla/5.0 (iPad; CPU OS 12_3_1 like Mac OS X) AppleWebKit/605.1.15 (KHTML, like Gecko) GSA/80.0.262003652 Mobile/16F203 Safari/604.1"
93.142.95.72 - - [25/Aug/2019:14:26:48 +0000] "GET /unitegallery/js/jquery-11.0.min.js HTTP/1.1" 200 33369 "https://www.citadela.hr/kuce/primostencentar-kamena-kuca-s-restoranom-i-12-soba-340-m2" "Mozilla/5.0 (iPad; CPU OS 12_3_1 like Mac OS X) AppleWebKit/605.1.15 (KHTML, like Gecko) GSA/80.0.262003652 Mobile/16F203 Safari/604.1"
93.142.95.72 - - [25/Aug/2019:14:26:48 +0000] "GET /unitegallery/js/unitegallery.min.js HTTP/1.1" 200 66910 "https://www.citadela.hr/kuce/primostencentar-kamena-kuca-s-restoranom-i-12-soba-340-m2" "Mozilla/5.0 (iPad; CPU OS 12_3_1 like Mac OS X) AppleWebKit/605.1.15 (KHTML, like Gecko) GSA/80.0.262003652 Mobile/16F203 Safari/604.1"
93.142.95.72 - - [25/Aug/2019:14:26:48 +0000] "GET /unitegallery/themes/compact/ug-theme-compact.js HTTP/1.1" 200 2477 "https://www.citadela.hr/kuce/primostencentar-kamena-kuca-s-restoranom-i-12-soba-340-m2" "Mozilla/5.0 (iPad; CPU OS 12_3_1 like Mac OS X) AppleWebKit/605.1.15 (KHTML, like Gecko) GSA/80.0.262003652 Mobile/16F203 Safari/604.1"
93.142.95.72 - - [25/Aug/2019:14:26:48 +0000] "GET /uploads/thumbnails/d6df9a8e4e3929576fb80ee775ec8b34.jpg HTTP/1.1" 200 48344 "https://www.citadela.hr/kuce/primostencentar-kamena-kuca-s-restoranom-i-12-soba-340-m2" "Mozilla/5.0 (iPad; CPU OS 12_3_1 like Mac OS X) AppleWebKit/605.1.15 (KHTML, like Gecko) GSA/80.0.262003652 Mobile/16F203 Safari/604.1"
93.142.95.72 - - [25/Aug/2019:14:26:48 +0000] "GET /uploads/thumbnails/f26970bfadecb630fdead3706d1ef551.jpg HTTP/1.1" 200 53204 "https://www.citadela.hr/kuce/primostencentar-kamena-kuca-s-restoranom-i-12-soba-340-m2" "Mozilla/5.0 (iPad; CPU OS 12_3_1 like Mac OS X) AppleWebKit/605.1.15 (KHTML, like Gecko) GSA/80.0.262003652 Mobile/16F203 Safari/604.1"
93.142.95.72 - - [25/Aug/2019:14:26:48 +0000] "GET /uploads/thumbnails/81f28f928226c44e597e63c8c7a7e2f9.jpg HTTP/1.1" 200 33757 "https://www.citadela.hr/kuce/primostencentar-kamena-kuca-s-restoranom-i-12-soba-340-m2" "Mozilla/5.0 (iPad; CPU OS 12_3_1 like Mac OS X) AppleWebKit/605.1.15 (KHTML, like Gecko) GSA/80.0.262003652 Mobile/16F203 Safari/604.1"
93.142.95.72 - - [25/Aug/2019:14:26:48 +0000] "GET /uploads/thumbnails/f6d13372ad89223df4d63c01504655d6.jpg HTTP/1.1" 200 44425 "https://www.citadela.hr/kuce/primostencentar-kamena-kuca-s-restoranom-i-12-soba-340-m2" "Mozilla/5.0 (iPad; CPU OS 12_3_1 like Mac OS X) AppleWebKit/605.1.15 (KHTML, like Gecko) GSA/80.0.262003652 Mobile/16F203 Safari/604.1"
93.142.95.72 - - [25/Aug/2019:14:26:48 +0000] "GET /uploads/thumbnails/51edcdb32f0010c4ea93239c0d514e4f.jpg HTTP/1.1" 200 42298 "https://www.citadela.hr/kuce/primostencentar-kamena-kuca-s-restoranom-i-12-soba-340-m2" "Mozilla/5.0 (iPad; CPU OS 12_3_1 like Mac OS X) AppleWebKit/605.1.15 (KHTML, like Gecko) GSA/80.0.262003652 Mobile/16F203 Safari/604.1"
93.142.95.72 - - [25/Aug/2019:14:26:48 +0000] "GET /uploads/thumbnails/62a4b85d57df4bfd9513f074f5b3979e.jpg HTTP/1.1" 200 34235 "https://www.citadela.hr/kuce/primostencentar-kamena-kuca-s-restoranom-i-12-soba-340-m2" "Mozilla/5.0 (iPad; CPU OS 12_3_1 like Mac OS X) AppleWebKit/605.1.15 (KHTML, like Gecko) GSA/80.0.262003652 Mobile/16F203 Safari/604.1"
93.142.95.72 - - [25/Aug/2019:14:26:48 +0000] "GET /uploads/thumbnails/b64292c1b46705adfca2435fa0604e9c.jpg HTTP/1.1" 200 49816 "https://www.citadela.hr/kuce/primostencentar-kamena-kuca-s-restoranom-i-12-soba-340-m2" "Mozilla/5.0 (iPad; CPU OS 12_3_1 like Mac OS X) AppleWebKit/605.1.15 (KHTML, like Gecko) GSA/80.0.262003652 Mobile/16F203 Safari/604.1"
93.142.95.72 - - [25/Aug/2019:14:26:48 +0000] "GET /uploads/thumbnails/8afd6597dac0d351ed120c420ed8846c.jpg HTTP/1.1" 200 33010 "https://www.citadela.hr/kuce/primostencentar-kamena-kuca-s-restoranom-i-12-soba-340-m2" "Mozilla/5.0 (iPad; CPU OS 12_3_1 like Mac OS X) AppleWebKit/605.1.15 (KHTML, like Gecko) GSA/80.0.262003652 Mobile/16F203 Safari/604.1"
93.142.95.72 - - [25/Aug/2019:14:26:48 +0000] "GET /uploads/thumbnails/aee25dc1018c5058a7e1b3ce11b1dc52.jpg HTTP/1.1" 200 45321 "https://www.citadela.hr/kuce/primostencentar-kamena-kuca-s-restoranom-i-12-soba-340-m2" "Mozilla/5.0 (iPad; CPU OS 12_3_1 like Mac OS X) AppleWebKit/605.1.15 (KHTML, like Gecko) GSA/80.0.262003652 Mobile/16F203 Safari/604.1"
93.142.95.72 - - [25/Aug/2019:14:26:48 +0000] "GET /uploads/thumbnails/04c9051b58e413f318f80cd6e48c25fe.jpg HTTP/1.1" 200 48811 "https://www.citadela.hr/kuce/primostencentar-kamena-kuca-s-restoranom-i-12-soba-340-m2" "Mozilla/5.0 (iPad; CPU OS 12_3_1 like Mac OS X) AppleWebKit/605.1.15 (KHTML, like Gecko) GSA/80.0.262003652 Mobile/16F203 Safari/604.1"
93.142.95.72 - - [25/Aug/2019:14:26:48 +0000] "GET /img/mate.jpg HTTP/1.1" 200 14037 "https://www.citadela.hr/kuce/primostencentar-kamena-kuca-s-restoranom-i-12-soba-340-m2" "Mozilla/5.0 (iPad; CPU OS 12_3_1 like Mac OS X) AppleWebKit/605.1.15 (KHTML, like Gecko) GSA/80.0.262003652 Mobile/16F203 Safari/604.1"
93.142.95.72 - - [25/Aug/2019:14:26:49 +0000] "GET /unitegallery/images/loader.gif HTTP/1.1" 200 673 "https://www.citadela.hr/kuce/primostencentar-kamena-kuca-s-restoranom-i-12-soba-340-m2" "Mozilla/5.0 (iPad; CPU OS 12_3_1 like Mac OS X) AppleWebKit/605.1.15 (KHTML, like Gecko) GSA/80.0.262003652 Mobile/16F203 Safari/604.1"
93.142.95.72 - - [25/Aug/2019:14:26:48 +0000] "GET /uploads/thumbnails/ac1a9218aa5ddc0f04c280fccfce198e.jpg HTTP/1.1" 200 61577 "https://www.citadela.hr/kuce/primostencentar-kamena-kuca-s-restoranom-i-12-soba-340-m2" "Mozilla/5.0 (iPad; CPU OS 12_3_1 like Mac OS X) AppleWebKit/605.1.15 (KHTML, like Gecko) GSA/80.0.262003652 Mobile/16F203 Safari/604.1"
93.142.95.72 - - [25/Aug/2019:14:26:49 +0000] "GET /unitegallery/images/loader-white1.gif HTTP/1.1" 200 2545 "https://www.citadela.hr/kuce/primostencentar-kamena-kuca-s-restoranom-i-12-soba-340-m2" "Mozilla/5.0 (iPad; CPU OS 12_3_1 like Mac OS X) AppleWebKit/605.1.15 (KHTML, like Gecko) GSA/80.0.262003652 Mobile/16F203 Safari/604.1"
93.142.95.72 - - [25/Aug/2019:14:26:49 +0000] "GET /unitegallery/skins/default/slider_arrow_left.png HTTP/1.1" 200 493 "https://www.citadela.hr/kuce/primostencentar-kamena-kuca-s-restoranom-i-12-soba-340-m2" "Mozilla/5.0 (iPad; CPU OS 12_3_1 like Mac OS X) AppleWebKit/605.1.15 (KHTML, like Gecko) GSA/80.0.262003652 Mobile/16F203 Safari/604.1"
93.142.95.72 - - [25/Aug/2019:14:26:49 +0000] "GET /unitegallery/skins/default/slider_arrow_right.png HTTP/1.1" 200 505 "https://www.citadela.hr/kuce/primostencentar-kamena-kuca-s-restoranom-i-12-soba-340-m2" "Mozilla/5.0 (iPad; CPU OS 12_3_1 like Mac OS X) AppleWebKit/605.1.15 (KHTML, like Gecko) GSA/80.0.262003652 Mobile/16F203 Safari/604.1"
93.142.95.72 - - [25/Aug/2019:14:26:49 +0000] "GET /unitegallery/skins/default/button_fullscreen.png HTTP/1.1" 200 1146 "https://www.citadela.hr/kuce/primostencentar-kamena-kuca-s-restoranom-i-12-soba-340-m2" "Mozilla/5.0 (iPad; CPU OS 12_3_1 like Mac OS X) AppleWebKit/605.1.15 (KHTML, like Gecko) GSA/80.0.262003652 Mobile/16F203 Safari/604.1"
93.142.95.72 - - [25/Aug/2019:14:26:49 +0000] "GET /unitegallery/images/play-button-square.png HTTP/1.1" 200 4591 "https://www.citadela.hr/kuce/primostencentar-kamena-kuca-s-restoranom-i-12-soba-340-m2" "Mozilla/5.0 (iPad; CPU OS 12_3_1 like Mac OS X) AppleWebKit/605.1.15 (KHTML, like Gecko) GSA/80.0.262003652 Mobile/16F203 Safari/604.1"
93.142.95.72 - - [25/Aug/2019:14:26:49 +0000] "GET /unitegallery/images/loader-black1.gif HTTP/1.1" 200 5855 "https://www.citadela.hr/kuce/primostencentar-kamena-kuca-s-restoranom-i-12-soba-340-m2" "Mozilla/5.0 (iPad; CPU OS 12_3_1 like Mac OS X) AppleWebKit/605.1.15 (KHTML, like Gecko) GSA/80.0.262003652 Mobile/16F203 Safari/604.1"
93.142.95.72 - - [25/Aug/2019:14:26:49 +0000] "GET /unitegallery/images/button-close.png HTTP/1.1" 200 7155 "https://www.citadela.hr/kuce/primostencentar-kamena-kuca-s-restoranom-i-12-soba-340-m2" "Mozilla/5.0 (iPad; CPU OS 12_3_1 like Mac OS X) AppleWebKit/605.1.15 (KHTML, like Gecko) GSA/80.0.262003652 Mobile/16F203 Safari/604.1"
93.142.95.72 - - [25/Aug/2019:14:26:49 +0000] "GET /uploads/images/a576f45ae8747cddc39be8d5761e1057.jpg HTTP/1.1" 200 185559 "https://www.citadela.hr/kuce/primostencentar-kamena-kuca-s-restoranom-i-12-soba-340-m2" "Mozilla/5.0 (iPad; CPU OS 12_3_1 like Mac OS X) AppleWebKit/605.1.15 (KHTML, like Gecko) GSA/80.0.262003652 Mobile/16F203 Safari/604.1"
93.142.95.72 - - [25/Aug/2019:14:26:49 +0000] "GET /uploads/images/842da40b9970c3a888b1c4aedfa018f5.jpg HTTP/1.1" 200 106339 "https://www.citadela.hr/kuce/primostencentar-kamena-kuca-s-restoranom-i-12-soba-340-m2" "Mozilla/5.0 (iPad; CPU OS 12_3_1 like Mac OS X) AppleWebKit/605.1.15 (KHTML, like Gecko) GSA/80.0.262003652 Mobile/16F203 Safari/604.1"
93.142.95.72 - - [25/Aug/2019:14:26:49 +0000] "GET /uploads/images/ac1a9218aa5ddc0f04c280fccfce198e.jpg HTTP/1.1" 200 268767 "https://www.citadela.hr/kuce/primostencentar-kamena-kuca-s-restoranom-i-12-soba-340-m2" "Mozilla/5.0 (iPad; CPU OS 12_3_1 like Mac OS X) AppleWebKit/605.1.15 (KHTML, like Gecko) GSA/80.0.262003652 Mobile/16F203 Safari/604.1"
93.142.95.72 - - [25/Aug/2019:14:27:06 +0000] "GET /kuce?page=4 HTTP/1.1" 200 4353 "https://www.citadela.hr/kuce?page=3" "Mozilla/5.0 (iPad; CPU OS 12_3_1 like Mac OS X) AppleWebKit/605.1.15 (KHTML, like Gecko) GSA/80.0.262003652 Mobile/16F203 Safari/604.1"
93.142.95.72 - - [25/Aug/2019:14:27:06 +0000] "GET /uploads/thumbnails/fa4db0901a852e7aa04ff33cb7f6cd49.jpg HTTP/1.1" 200 51284 "https://www.citadela.hr/kuce?page=4" "Mozilla/5.0 (iPad; CPU OS 12_3_1 like Mac OS X) AppleWebKit/605.1.15 (KHTML, like Gecko) GSA/80.0.262003652 Mobile/16F203 Safari/604.1"
66.249.66.44 - - [25/Aug/2019:14:27:48 +0000] "GET /pretraga?category=&place=4&price=&surface=10 HTTP/1.1" 500 4485 "-" "Mozilla/5.0 (Linux; Android 6.0.1; Nexus 5X Build/MMB29P) AppleWebKit/537.36 (KHTML, like Gecko) Chrome/41.0.2272.96 Mobile Safari/537.36 (compatible; Googlebot/2.1; +http://www.google.com/bot.html)"
66.249.66.44 - - [25/Aug/2019:14:34:48 +0000] "GET /en/search?category=&type=&place=20&area=&price=500000&surface=10 HTTP/1.1" 500 4485 "-" "Mozilla/5.0 (Linux; Android 6.0.1; Nexus 5X Build/MMB29P) AppleWebKit/537.36 (KHTML, like Gecko) Chrome/41.0.2272.96 Mobile Safari/537.36 (compatible; Googlebot/2.1; +http://www.google.com/bot.html)"
66.249.66.42 - - [25/Aug/2019:14:41:48 +0000] "GET /hr/pretraga?category=&type=&place=6&area=&price=300000&surface=10 HTTP/1.1" 500 4485 "-" "Mozilla/5.0 (Linux; Android 6.0.1; Nexus 5X Build/MMB29P) AppleWebKit/537.36 (KHTML, like Gecko) Chrome/41.0.2272.96 Mobile Safari/537.36 (compatible; Googlebot/2.1; +http://www.google.com/bot.html)"
66.249.66.42 - - [25/Aug/2019:14:45:48 +0000] "GET /en/search?category=&place=2&price=100000&surface=200 HTTP/1.1" 500 4485 "-" "Mozilla/5.0 (Linux; Android 6.0.1; Nexus 5X Build/MMB29P) AppleWebKit/537.36 (KHTML, like Gecko) Chrome/41.0.2272.96 Mobile Safari/537.36 (compatible; Googlebot/2.1; +http://www.google.com/bot.html)"
66.249.66.44 - - [25/Aug/2019:14:47:48 +0000] "GET /pretraga?category=&place=3&price=&surface=50 HTTP/1.1" 500 4485 "-" "Mozilla/5.0 (Linux; Android 6.0.1; Nexus 5X Build/MMB29P) AppleWebKit/537.36 (KHTML, like Gecko) Chrome/41.0.2272.96 Mobile Safari/537.36 (compatible; Googlebot/2.1; +http://www.google.com/bot.html)"
46.229.168.146 - - [25/Aug/2019:14:50:24 +0000] "GET /robots.txt HTTP/1.1" 200 24 "-" "Mozilla/5.0 (compatible; SemrushBot/6~bl; +http://www.semrush.com/bot.html)"
46.229.168.129 - - [25/Aug/2019:14:50:25 +0000] "GET /en/houses/zadar-diklo-kuca-188-m2-pomocni-objekat-47m2-okucnica-1106-m2 HTTP/1.1" 200 5455 "-" "Mozilla/5.0 (compatible; SemrushBot/6~bl; +http://www.semrush.com/bot.html)"
66.249.66.46 - - [25/Aug/2019:14:54:48 +0000] "GET /hr/pretraga?category=&type=&place=18&area=&price=100000&surface= HTTP/1.1" 500 4485 "-" "Mozilla/5.0 (Linux; Android 6.0.1; Nexus 5X Build/MMB29P) AppleWebKit/537.36 (KHTML, like Gecko) Chrome/41.0.2272.96 Mobile Safari/537.36 (compatible; Googlebot/2.1; +http://www.google.com/bot.html)"
66.249.66.46 - - [25/Aug/2019:15:03:48 +0000] "GET /en/search?category=&place=2&price=1000000&surface=10 HTTP/1.1" 500 4485 "-" "Mozilla/5.0 (Linux; Android 6.0.1; Nexus 5X Build/MMB29P) AppleWebKit/537.36 (KHTML, like Gecko) Chrome/41.0.2272.96 Mobile Safari/537.36 (compatible; Googlebot/2.1; +http://www.google.com/bot.html)"
95.163.255.211 - - [25/Aug/2019:15:05:48 +0000] "GET /robots.txt HTTP/1.0" 200 24 "-" "Mozilla/5.0 (compatible; Linux x86_64; Mail.RU_Bot/2.0; +http://go.mail.ru/help/robots)"
95.163.255.217 - - [25/Aug/2019:15:05:50 +0000] "GET /en HTTP/1.1" 200 5769 "-" "Mozilla/5.0 (compatible; Linux x86_64; Mail.RU_Bot/2.0; +http://go.mail.ru/help/robots)"
95.163.255.222 - - [25/Aug/2019:15:05:51 +0000] "GET /en/lands HTTP/1.1" 200 5282 "-" "Mozilla/5.0 (compatible; Linux x86_64; Mail.RU_Bot/2.0; +http://go.mail.ru/help/robots)"
66.249.66.44 - - [25/Aug/2019:15:06:48 +0000] "GET /pretraga?category=&type=&place=14&area=&price=500000&surface=200 HTTP/1.1" 500 4485 "-" "Mozilla/5.0 (Linux; Android 6.0.1; Nexus 5X Build/MMB29P) AppleWebKit/537.36 (KHTML, like Gecko) Chrome/41.0.2272.96 Mobile Safari/537.36 (compatible; Googlebot/2.1; +http://www.google.com/bot.html)"
66.249.66.42 - - [25/Aug/2019:15:10:49 +0000] "GET /hr/pretraga?category=&type=&place=58&area=229&price=50000&surface= HTTP/1.1" 500 4485 "-" "Mozilla/5.0 (Linux; Android 6.0.1; Nexus 5X Build/MMB29P) AppleWebKit/537.36 (KHTML, like Gecko) Chrome/41.0.2272.96 Mobile Safari/537.36 (compatible; Googlebot/2.1; +http://www.google.com/bot.html)"
66.249.66.44 - - [25/Aug/2019:15:11:48 +0000] "GET /pretraga?category=&type=&place=19&area=&price=100000&surface=50 HTTP/1.1" 500 4485 "-" "Mozilla/5.0 (Linux; Android 6.0.1; Nexus 5X Build/MMB29P) AppleWebKit/537.36 (KHTML, like Gecko) Chrome/41.0.2272.96 Mobile Safari/537.36 (compatible; Googlebot/2.1; +http://www.google.com/bot.html)"
66.249.66.46 - - [25/Aug/2019:15:12:48 +0000] "GET /pretraga?category=&type=&place=36&area=180&price=100000&surface=50 HTTP/1.1" 500 4485 "-" "Mozilla/5.0 (Linux; Android 6.0.1; Nexus 5X Build/MMB29P) AppleWebKit/537.36 (KHTML, like Gecko) Chrome/41.0.2272.96 Mobile Safari/537.36 (compatible; Googlebot/2.1; +http://www.google.com/bot.html)"
66.249.66.42 - - [25/Aug/2019:15:13:48 +0000] "GET /hr/pretraga?category=&type=&place=6&area=&price=1000000&surface= HTTP/1.1" 500 4485 "-" "Mozilla/5.0 (Linux; Android 6.0.1; Nexus 5X Build/MMB29P) AppleWebKit/537.36 (KHTML, like Gecko) Chrome/41.0.2272.96 Mobile Safari/537.36 (compatible; Googlebot/2.1; +http://www.google.com/bot.html)"
66.249.66.46 - - [25/Aug/2019:15:14:48 +0000] "GET /hr/pretraga?category=&type=&place=53&area=&price=1000000&surface=10 HTTP/1.1" 500 4485 "-" "Mozilla/5.0 (Linux; Android 6.0.1; Nexus 5X Build/MMB29P) AppleWebKit/537.36 (KHTML, like Gecko) Chrome/41.0.2272.96 Mobile Safari/537.36 (compatible; Googlebot/2.1; +http://www.google.com/bot.html)"
66.249.66.44 - - [25/Aug/2019:15:15:48 +0000] "GET /pretraga?category=&type=&place=58&area=228&price=300000&surface= HTTP/1.1" 500 4485 "-" "Mozilla/5.0 (Linux; Android 6.0.1; Nexus 5X Build/MMB29P) AppleWebKit/537.36 (KHTML, like Gecko) Chrome/41.0.2272.96 Mobile Safari/537.36 (compatible; Googlebot/2.1; +http://www.google.com/bot.html)"
66.249.66.42 - - [25/Aug/2019:15:16:48 +0000] "GET /hr/pretraga?category=&type=&place=36&area=170&price=50000&surface=50 HTTP/1.1" 500 4485 "-" "Mozilla/5.0 (Linux; Android 6.0.1; Nexus 5X Build/MMB29P) AppleWebKit/537.36 (KHTML, like Gecko) Chrome/41.0.2272.96 Mobile Safari/537.36 (compatible; Googlebot/2.1; +http://www.google.com/bot.html)"
66.249.66.44 - - [25/Aug/2019:15:17:48 +0000] "GET /hr/pretraga?category=&type=&place=11&area=&price=300000&surface=50 HTTP/1.1" 500 4485 "-" "Mozilla/5.0 (Linux; Android 6.0.1; Nexus 5X Build/MMB29P) AppleWebKit/537.36 (KHTML, like Gecko) Chrome/41.0.2272.96 Mobile Safari/537.36 (compatible; Googlebot/2.1; +http://www.google.com/bot.html)"
66.249.66.44 - - [25/Aug/2019:15:18:48 +0000] "GET /hr/pretraga?category=&type=&place=20&area=&price=&surface=200 HTTP/1.1" 500 4485 "-" "Mozilla/5.0 (Linux; Android 6.0.1; Nexus 5X Build/MMB29P) AppleWebKit/537.36 (KHTML, like Gecko) Chrome/41.0.2272.96 Mobile Safari/537.36 (compatible; Googlebot/2.1; +http://www.google.com/bot.html)"
46.229.168.145 - - [25/Aug/2019:15:18:57 +0000] "GET /robots.txt HTTP/1.1" 200 24 "-" "Mozilla/5.0 (compatible; SemrushBot/6~bl; +http://www.semrush.com/bot.html)"
46.229.168.141 - - [25/Aug/2019:15:18:58 +0000] "GET /kuce/bibinje-kuca-drugi-red-do-mora-s-izravnim-pristupom-na-plazu-386-m2 HTTP/1.1" 200 6093 "-" "Mozilla/5.0 (compatible; SemrushBot/6~bl; +http://www.semrush.com/bot.html)"
66.249.66.42 - - [25/Aug/2019:15:19:48 +0000] "GET /pretraga?category=&type=&place=8&area=&price=500000&surface=50 HTTP/1.1" 500 4485 "-" "Mozilla/5.0 (Linux; Android 6.0.1; Nexus 5X Build/MMB29P) AppleWebKit/537.36 (KHTML, like Gecko) Chrome/41.0.2272.96 Mobile Safari/537.36 (compatible; Googlebot/2.1; +http://www.google.com/bot.html)"
66.249.66.46 - - [25/Aug/2019:15:20:48 +0000] "GET /hr/pretraga?category=&type=&place=49&area=&price=1000000&surface=100 HTTP/1.1" 500 4485 "-" "Mozilla/5.0 (Linux; Android 6.0.1; Nexus 5X Build/MMB29P) AppleWebKit/537.36 (KHTML, like Gecko) Chrome/41.0.2272.96 Mobile Safari/537.36 (compatible; Googlebot/2.1; +http://www.google.com/bot.html)"
46.229.168.153 - - [25/Aug/2019:15:21:15 +0000] "GET /hr/kuce/zadar-diklo-kuca-188-m2-pomocni-objekat-47m2-okucnica-1106-m2 HTTP/1.1" 200 5511 "-" "Mozilla/5.0 (compatible; SemrushBot/6~bl; +http://www.semrush.com/bot.html)"
66.249.66.44 - - [25/Aug/2019:15:21:48 +0000] "GET /pretraga?category=&type=&place=37&area=&price=1000000&surface=50 HTTP/1.1" 500 4485 "-" "Mozilla/5.0 (Linux; Android 6.0.1; Nexus 5X Build/MMB29P) AppleWebKit/537.36 (KHTML, like Gecko) Chrome/41.0.2272.96 Mobile Safari/537.36 (compatible; Googlebot/2.1; +http://www.google.com/bot.html)"
46.229.168.137 - - [25/Aug/2019:15:22:53 +0000] "GET /en/apartments HTTP/1.1" 200 5305 "-" "Mozilla/5.0 (compatible; SemrushBot/6~bl; +http://www.semrush.com/bot.html)"
66.249.66.46 - - [25/Aug/2019:15:36:48 +0000] "GET /pretraga?category=&type=sale&place=38&area=&price=300000&surface=200 HTTP/1.1" 500 4485 "-" "Mozilla/5.0 (Linux; Android 6.0.1; Nexus 5X Build/MMB29P) AppleWebKit/537.36 (KHTML, like Gecko) Chrome/41.0.2272.96 Mobile Safari/537.36 (compatible; Googlebot/2.1; +http://www.google.com/bot.html)"
66.249.66.46 - - [25/Aug/2019:15:48:48 +0000] "GET /pretraga?category=&type=&place=36&area=230&price=100000&surface=200 HTTP/1.1" 500 4485 "-" "Mozilla/5.0 (Linux; Android 6.0.1; Nexus 5X Build/MMB29P) AppleWebKit/537.36 (KHTML, like Gecko) Chrome/41.0.2272.96 Mobile Safari/537.36 (compatible; Googlebot/2.1; +http://www.google.com/bot.html)"
66.249.66.46 - - [25/Aug/2019:15:53:48 +0000] "GET /pretraga?category=&type=&place=36&area=181&price=&surface=100 HTTP/1.1" 500 4485 "-" "Mozilla/5.0 (Linux; Android 6.0.1; Nexus 5X Build/MMB29P) AppleWebKit/537.36 (KHTML, like Gecko) Chrome/41.0.2272.96 Mobile Safari/537.36 (compatible; Googlebot/2.1; +http://www.google.com/bot.html)"
66.249.66.46 - - [25/Aug/2019:15:57:48 +0000] "GET /en/search?category=&type=&place=18&area=&price=500000&surface= HTTP/1.1" 500 4485 "-" "Mozilla/5.0 (Linux; Android 6.0.1; Nexus 5X Build/MMB29P) AppleWebKit/537.36 (KHTML, like Gecko) Chrome/41.0.2272.96 Mobile Safari/537.36 (compatible; Googlebot/2.1; +http://www.google.com/bot.html)"
46.229.168.147 - - [25/Aug/2019:15:58:31 +0000] "GET /robots.txt HTTP/1.1" 200 24 "-" "Mozilla/5.0 (compatible; SemrushBot/6~bl; +http://www.semrush.com/bot.html)"
46.229.168.140 - - [25/Aug/2019:15:58:32 +0000] "GET /zemljista/starigrad-gradevinsko-zemljiste-pored-ulaza-u-np-paklenica-963-m2 HTTP/1.1" 200 5876 "-" "Mozilla/5.0 (compatible; SemrushBot/6~bl; +http://www.semrush.com/bot.html)"
66.249.66.42 - - [25/Aug/2019:16:00:48 +0000] "GET /hr/pretraga?category=&type=&place=46&area=&price=200000&surface=200 HTTP/1.1" 500 4485 "-" "Mozilla/5.0 (Linux; Android 6.0.1; Nexus 5X Build/MMB29P) AppleWebKit/537.36 (KHTML, like Gecko) Chrome/41.0.2272.96 Mobile Safari/537.36 (compatible; Googlebot/2.1; +http://www.google.com/bot.html)"
66.249.66.42 - - [25/Aug/2019:16:05:48 +0000] "GET /pretraga?category=&type=sale&place=36&area=&price=100000&surface= HTTP/1.1" 500 4485 "-" "Mozilla/5.0 (Linux; Android 6.0.1; Nexus 5X Build/MMB29P) AppleWebKit/537.36 (KHTML, like Gecko) Chrome/41.0.2272.96 Mobile Safari/537.36 (compatible; Googlebot/2.1; +http://www.google.com/bot.html)"
66.249.66.46 - - [25/Aug/2019:16:06:48 +0000] "GET /en/search?category=&type=&place=11&area=&price=100000&surface=50 HTTP/1.1" 500 4485 "-" "Mozilla/5.0 (Linux; Android 6.0.1; Nexus 5X Build/MMB29P) AppleWebKit/537.36 (KHTML, like Gecko) Chrome/41.0.2272.96 Mobile Safari/537.36 (compatible; Googlebot/2.1; +http://www.google.com/bot.html)"
66.249.66.44 - - [25/Aug/2019:16:15:48 +0000] "GET /en/search?category=&type=&place=15&area=&price=&surface=50 HTTP/1.1" 500 4485 "-" "Mozilla/5.0 (Linux; Android 6.0.1; Nexus 5X Build/MMB29P) AppleWebKit/537.36 (KHTML, like Gecko) Chrome/41.0.2272.96 Mobile Safari/537.36 (compatible; Googlebot/2.1; +http://www.google.com/bot.html)"
193.217.220.85 - - [25/Aug/2019:16:20:03 +0000] "GET /uploads/images/0bbd1dd75c98d26c7084fc8347d3cf1d.jpg HTTP/1.1" 200 247216 "https://www.google.com/blank.html" "Mozilla/5.0 (Linux; Android 7.0; EVA-L09 Build/HUAWEIEVA-L09; wv) AppleWebKit/537.36 (KHTML, like Gecko) Version/4.0 Chrome/76.0.3809.111 Mobile Safari/537.36 GSA/10.33.5.21.arm64"
66.249.66.42 - - [25/Aug/2019:16:30:48 +0000] "GET /pretraga?category=&type=&place=59&area=&price=500000&surface=10 HTTP/1.1" 500 4485 "-" "Mozilla/5.0 (Linux; Android 6.0.1; Nexus 5X Build/MMB29P) AppleWebKit/537.36 (KHTML, like Gecko) Chrome/41.0.2272.96 Mobile Safari/537.36 (compatible; Googlebot/2.1; +http://www.google.com/bot.html)"
66.249.66.46 - - [25/Aug/2019:16:32:48 +0000] "GET /pretraga?category=&place=4&price=&surface=50 HTTP/1.1" 500 4485 "-" "Mozilla/5.0 (Linux; Android 6.0.1; Nexus 5X Build/MMB29P) AppleWebKit/537.36 (KHTML, like Gecko) Chrome/41.0.2272.96 Mobile Safari/537.36 (compatible; Googlebot/2.1; +http://www.google.com/bot.html)"
66.249.66.44 - - [25/Aug/2019:16:34:48 +0000] "GET /hr/pretraga?category=&type=&place=36&area=163&price=100000&surface=50 HTTP/1.1" 500 4485 "-" "Mozilla/5.0 (Linux; Android 6.0.1; Nexus 5X Build/MMB29P) AppleWebKit/537.36 (KHTML, like Gecko) Chrome/41.0.2272.96 Mobile Safari/537.36 (compatible; Googlebot/2.1; +http://www.google.com/bot.html)"
95.168.116.10 - - [25/Aug/2019:16:48:09 +0000] "GET /uploads/thumbnails/f28c4ddee2395a7c3c7630d204227ede.JPG HTTP/1.1" 200 46650 "https://www.google.com/" "Mozilla/5.0 (Windows NT 10.0; Win64; x64) AppleWebKit/537.36 (KHTML, like Gecko) Chrome/76.0.3809.100 Safari/537.36"
46.229.168.145 - - [25/Aug/2019:16:53:10 +0000] "GET /robots.txt HTTP/1.1" 200 24 "-" "Mozilla/5.0 (compatible; SemrushBot/6~bl; +http://www.semrush.com/bot.html)"
46.229.168.129 - - [25/Aug/2019:16:53:11 +0000] "GET /kuce/privlaka-luksuzna-kuca-za-odmor-272-m2 HTTP/1.1" 200 6351 "-" "Mozilla/5.0 (compatible; SemrushBot/6~bl; +http://www.semrush.com/bot.html)"
66.249.66.42 - - [25/Aug/2019:16:53:48 +0000] "GET /pretraga?category=&type=&place=36&area=170&price=100000&surface=200 HTTP/1.1" 500 4485 "-" "Mozilla/5.0 (Linux; Android 6.0.1; Nexus 5X Build/MMB29P) AppleWebKit/537.36 (KHTML, like Gecko) Chrome/41.0.2272.96 Mobile Safari/537.36 (compatible; Googlebot/2.1; +http://www.google.com/bot.html)"
66.249.66.46 - - [25/Aug/2019:16:58:48 +0000] "GET /pretraga?category=&type=&place=20&area=&price=100000&surface=200 HTTP/1.1" 500 4485 "-" "Mozilla/5.0 (Linux; Android 6.0.1; Nexus 5X Build/MMB29P) AppleWebKit/537.36 (KHTML, like Gecko) Chrome/41.0.2272.96 Mobile Safari/537.36 (compatible; Googlebot/2.1; +http://www.google.com/bot.html)"
66.249.66.46 - - [25/Aug/2019:16:59:48 +0000] "GET /en/search?category=&type=&place=16&area=&price=1000000&surface=50 HTTP/1.1" 500 4485 "-" "Mozilla/5.0 (Linux; Android 6.0.1; Nexus 5X Build/MMB29P) AppleWebKit/537.36 (KHTML, like Gecko) Chrome/41.0.2272.96 Mobile Safari/537.36 (compatible; Googlebot/2.1; +http://www.google.com/bot.html)"
66.249.66.42 - - [25/Aug/2019:17:03:48 +0000] "GET /hr/pretraga?category=&type=&place=59&area=&price=300000&surface=200 HTTP/1.1" 500 4485 "-" "Mozilla/5.0 (Linux; Android 6.0.1; Nexus 5X Build/MMB29P) AppleWebKit/537.36 (KHTML, like Gecko) Chrome/41.0.2272.96 Mobile Safari/537.36 (compatible; Googlebot/2.1; +http://www.google.com/bot.html)"
66.249.66.44 - - [25/Aug/2019:17:04:48 +0000] "GET /pretraga?category=&type=&place=36&area=171&price=500000&surface=100 HTTP/1.1" 500 4485 "-" "Mozilla/5.0 (Linux; Android 6.0.1; Nexus 5X Build/MMB29P) AppleWebKit/537.36 (KHTML, like Gecko) Chrome/41.0.2272.96 Mobile Safari/537.36 (compatible; Googlebot/2.1; +http://www.google.com/bot.html)"
66.249.66.42 - - [25/Aug/2019:17:08:48 +0000] "GET /hr/pretraga?category=&type=&place=59&area=&price=200000&surface=100 HTTP/1.1" 500 4485 "-" "Mozilla/5.0 (Linux; Android 6.0.1; Nexus 5X Build/MMB29P) AppleWebKit/537.36 (KHTML, like Gecko) Chrome/41.0.2272.96 Mobile Safari/537.36 (compatible; Googlebot/2.1; +http://www.google.com/bot.html)"
66.249.66.46 - - [25/Aug/2019:17:09:06 +0000] "GET /uploads/images/8d21a32ee7f52297e82eda686948793f.jpg HTTP/1.1" 200 136421 "-" "Googlebot-Image/1.0"
66.249.66.44 - - [25/Aug/2019:17:09:48 +0000] "GET /pretraga?category=&type=&place=36&area=&price=300000&surface=10 HTTP/1.1" 500 4485 "-" "Mozilla/5.0 (Linux; Android 6.0.1; Nexus 5X Build/MMB29P) AppleWebKit/537.36 (KHTML, like Gecko) Chrome/41.0.2272.96 Mobile Safari/537.36 (compatible; Googlebot/2.1; +http://www.google.com/bot.html)"
