139.18.2.214 - - [25/Aug/2019:08:35:24 +0000] "GET /apartmani/vinjerac-novi-apartman-s-pogledom-na-more-6397-m2 HTTP/1.0" 200 27196 "https://www.citadela.hr/apartmani" "LCC (+http://corpora.informatik.uni-leipzig.de/crawler_faq.html)"
139.18.2.214 - - [25/Aug/2019:08:35:41 +0000] "GET /apartmani/vinjerac-dvoetazni-cetverosoban-apartman-17576-m2-novogradnja HTTP/1.0" 200 29927 "https://www.citadela.hr/apartmani" "LCC (+http://corpora.informatik.uni-leipzig.de/crawler_faq.html)"
139.18.2.214 - - [25/Aug/2019:08:35:58 +0000] "GET /apartmani?page=2 HTTP/1.0" 200 26503 "https://www.citadela.hr/apartmani" "LCC (+http://corpora.informatik.uni-leipzig.de/crawler_faq.html)"
139.18.2.214 - - [25/Aug/2019:08:36:11 +0000] "GET /poslovni-prostori/murter-centar-restoran-s-terasom-i-dva-apartmana-180-m2 HTTP/1.0" 200 26893 "https://www.citadela.hr/poslovni-prostori" "LCC (+http://corpora.informatik.uni-leipzig.de/crawler_faq.html)"
139.18.2.214 - - [25/Aug/2019:08:36:30 +0000] "GET /poslovni-prostori/vodice-hala-za-razne-namjene-1096-m2-dvoriste-1700-m2 HTTP/1.0" 200 24780 "https://www.citadela.hr/poslovni-prostori" "LCC (+http://corpora.informatik.uni-leipzig.de/crawler_faq.html)"
139.18.2.214 - - [25/Aug/2019:08:36:53 +0000] "GET /blog/gdje-kupiti-stan-na-jadranu HTTP/1.0" 200 19814 "https://www.citadela.hr/blog" "LCC (+http://corpora.informatik.uni-leipzig.de/crawler_faq.html)"
139.18.2.214 - - [25/Aug/2019:08:37:17 +0000] "GET /en/offices/sibenik-plisac-poslovni-prostor-uredski-4362-m2 HTTP/1.0" 200 22257 "https://www.citadela.hr/en/sale" "LCC (+http://corpora.informatik.uni-leipzig.de/crawler_faq.html)"
139.18.2.214 - - [25/Aug/2019:08:37:32 +0000] "GET /en/flats/zadar-bulevar-renovirani-dvosoban-stan-7911-m2 HTTP/1.0" 200 23021 "https://www.citadela.hr/en/flats" "LCC (+http://corpora.informatik.uni-leipzig.de/crawler_faq.html)"
139.18.2.214 - - [25/Aug/2019:08:37:58 +0000] "GET /en/flats/sibenik-vidici-trosoban-stan-s-garazom-105-m2 HTTP/1.0" 200 27228 "https://www.citadela.hr/en/flats" "LCC (+http://corpora.informatik.uni-leipzig.de/crawler_faq.html)"
139.18.2.214 - - [25/Aug/2019:08:38:18 +0000] "GET /en/houses/bibinje-kuca-drugi-red-do-mora-s-izravnim-pristupom-na-plazu-386-m2 HTTP/1.0" 200 30541 "https://www.citadela.hr/en/houses" "LCC (+http://corpora.informatik.uni-leipzig.de/crawler_faq.html)"
66.249.66.44 - - [25/Aug/2019:08:40:48 +0000] "GET /hr/pretraga?category=&type=&place=5&area=&price=500000&surface=100 HTTP/1.1" 500 4485 "-" "Mozilla/5.0 (Linux; Android 6.0.1; Nexus 5X Build/MMB29P) AppleWebKit/537.36 (KHTML, like Gecko) Chrome/41.0.2272.96 Mobile Safari/537.36 (compatible; Googlebot/2.1; +http://www.google.com/bot.html)"
66.249.66.46 - - [25/Aug/2019:08:42:48 +0000] "GET /en/search?category=&type=&place=9&area=&price=1000000&surface=50 HTTP/1.1" 500 4485 "-" "Mozilla/5.0 (Linux; Android 6.0.1; Nexus 5X Build/MMB29P) AppleWebKit/537.36 (KHTML, like Gecko) Chrome/41.0.2272.96 Mobile Safari/537.36 (compatible; Googlebot/2.1; +http://www.google.com/bot.html)"
46.229.168.130 - - [25/Aug/2019:08:43:43 +0000] "GET /en/lands/pag-mandre-gradevinsko-zemljiste-u-t2t3-zoni-12585-m2 HTTP/1.1" 200 5411 "-" "Mozilla/5.0 (compatible; SemrushBot/6~bl; +http://www.semrush.com/bot.html)"
66.249.66.46 - - [25/Aug/2019:08:44:48 +0000] "GET /hr/pretraga?category=&type=&place=59&area=&price=300000&surface=10 HTTP/1.1" 500 4485 "-" "Mozilla/5.0 (Linux; Android 6.0.1; Nexus 5X Build/MMB29P) AppleWebKit/537.36 (KHTML, like Gecko) Chrome/41.0.2272.96 Mobile Safari/537.36 (compatible; Googlebot/2.1; +http://www.google.com/bot.html)"
66.249.66.46 - - [25/Aug/2019:08:48:48 +0000] "GET /hr/pretraga?category=&type=&place=9&area=&price=50000&surface= HTTP/1.1" 500 4485 "-" "Mozilla/5.0 (Linux; Android 6.0.1; Nexus 5X Build/MMB29P) AppleWebKit/537.36 (KHTML, like Gecko) Chrome/41.0.2272.96 Mobile Safari/537.36 (compatible; Googlebot/2.1; +http://www.google.com/bot.html)"
139.18.2.214 - - [25/Aug/2019:08:49:07 +0000] "GET /en/houses/petrcane-punta-skala-vikendica-s-3-apartmana-i-pogledom-na-more HTTP/1.0" 200 29454 "https://www.citadela.hr/en/houses" "LCC (+http://corpora.informatik.uni-leipzig.de/crawler_faq.html)"
139.18.2.214 - - [25/Aug/2019:08:49:45 +0000] "GET /en/houses/kali-ugljan-house-with-a-sea-view-on-a-quiet-location HTTP/1.0" 200 24777 "https://www.citadela.hr/en/houses" "LCC (+http://corpora.informatik.uni-leipzig.de/crawler_faq.html)"
139.18.2.214 - - [25/Aug/2019:08:50:10 +0000] "GET /en/houses/posedarje-kuca-prvi-red-do-mora-322-m2 HTTP/1.0" 200 23699 "https://www.citadela.hr/en/houses" "LCC (+http://corpora.informatik.uni-leipzig.de/crawler_faq.html)"
139.18.2.214 - - [25/Aug/2019:08:50:43 +0000] "GET /en/houses/zadar-relja-kuca-i-dvor-pored-autobusnog-kolodvora HTTP/1.0" 200 23103 "https://www.citadela.hr/en/houses" "LCC (+http://corpora.informatik.uni-leipzig.de/crawler_faq.html)"
139.18.2.214 - - [25/Aug/2019:08:51:14 +0000] "GET /en/houses/sibenik-kamena-kuca-u-centru-grada-87-m2 HTTP/1.0" 200 23811 "https://www.citadela.hr/en/houses" "LCC (+http://corpora.informatik.uni-leipzig.de/crawler_faq.html)"
139.18.2.214 - - [25/Aug/2019:08:51:33 +0000] "GET /en/houses/sukosan-kuca-za-odmor-156-m2 HTTP/1.0" 200 26553 "https://www.citadela.hr/en/houses" "LCC (+http://corpora.informatik.uni-leipzig.de/crawler_faq.html)"
139.18.2.214 - - [25/Aug/2019:08:51:48 +0000] "GET /en/houses/pag-centar-kuca-na-4-etaze-60-metara-od-mora-250-m2 HTTP/1.0" 200 25186 "https://www.citadela.hr/en/houses" "LCC (+http://corpora.informatik.uni-leipzig.de/crawler_faq.html)"
139.18.2.214 - - [25/Aug/2019:08:52:02 +0000] "GET /en/houses/zadar-sinjoretovo-kuca-s-5-stanova-350-m2 HTTP/1.0" 200 22291 "https://www.citadela.hr/en/houses" "LCC (+http://corpora.informatik.uni-leipzig.de/crawler_faq.html)"
139.18.2.214 - - [25/Aug/2019:08:52:18 +0000] "GET /en/houses/nin-centar-kuca-pored-ostataka-rimskog-hrama-220-m2 HTTP/1.0" 200 25448 "https://www.citadela.hr/en/houses" "LCC (+http://corpora.informatik.uni-leipzig.de/crawler_faq.html)"
139.18.2.214 - - [25/Aug/2019:08:52:34 +0000] "GET /en/houses?page=2 HTTP/1.0" 200 31520 "https://www.citadela.hr/en/houses" "LCC (+http://corpora.informatik.uni-leipzig.de/crawler_faq.html)"
46.229.168.134 - - [25/Aug/2019:08:52:42 +0000] "GET /robots.txt HTTP/1.1" 200 24 "-" "Mozilla/5.0 (compatible; SemrushBot/6~bl; +http://www.semrush.com/bot.html)"
46.229.168.142 - - [25/Aug/2019:08:52:43 +0000] "GET /en/lands/debeljak-gradevinsko-zemljiste-s-pogledom-na-more-1826-m2 HTTP/1.1" 200 5343 "-" "Mozilla/5.0 (compatible; SemrushBot/6~bl; +http://www.semrush.com/bot.html)"
77.77.218.107 - - [25/Aug/2019:08:55:18 +0000] "GET /uploads/thumbnails/cf0130eb3cf4b6d64a2f058e2c8fa4c7.jpg HTTP/1.1" 200 49001 "https://www.google.com/" "Mozilla/5.0 (Windows NT 6.1) AppleWebKit/537.36 (KHTML, like Gecko) Chrome/76.0.3809.100 Safari/537.36"
91.242.162.38 - - [25/Aug/2019:08:56:01 +0000] "GET /hr/blog/prosjecne-cijene-stanova-u-zadarskoj-zupaniji-porasle-za-981 HTTP/1.1" 200 4776 "-" "Mozilla/5.0 (compatible; Qwantify/2.4w; +https://www.qwant.com/)/2.4w"
95.168.120.31 - - [25/Aug/2019:08:57:27 +0000] "GET /uploads/thumbnails/4240c5935d321944b9b3dd8ea14094af.jpg HTTP/1.1" 200 60600 "https://www.google.com/blank.html" "Mozilla/5.0 (Linux; Android 9; SM-G973F Build/PPR1.180610.011; wv) AppleWebKit/537.36 (KHTML, like Gecko) Version/4.0 Chrome/75.0.3770.143 Mobile Safari/537.36 GSA/10.20.3.21.arm64"
95.168.120.31 - - [25/Aug/2019:08:57:31 +0000] "GET /zemljista/murter-cigrada-zemljiste-prvi-red-do-mora-333-m2 HTTP/1.1" 200 5651 "https://www.google.com/" "Mozilla/5.0 (Linux; Android 9; SM-G973F) AppleWebKit/537.36 (KHTML, like Gecko) Chrome/75.0.3770.143 Mobile Safari/537.36"
95.168.120.31 - - [25/Aug/2019:08:57:31 +0000] "GET /css/style.css?v=2 HTTP/1.1" 200 17441 "https://www.citadela.hr/zemljista/murter-cigrada-zemljiste-prvi-red-do-mora-333-m2" "Mozilla/5.0 (Linux; Android 9; SM-G973F) AppleWebKit/537.36 (KHTML, like Gecko) Chrome/75.0.3770.143 Mobile Safari/537.36"
95.168.120.31 - - [25/Aug/2019:08:57:31 +0000] "GET /css/bootstrap.css HTTP/1.1" 200 20712 "https://www.citadela.hr/zemljista/murter-cigrada-zemljiste-prvi-red-do-mora-333-m2" "Mozilla/5.0 (Linux; Android 9; SM-G973F) AppleWebKit/537.36 (KHTML, like Gecko) Chrome/75.0.3770.143 Mobile Safari/537.36"
95.168.120.31 - - [25/Aug/2019:08:57:31 +0000] "GET /css/font-awesome.css HTTP/1.1" 200 7439 "https://www.citadela.hr/zemljista/murter-cigrada-zemljiste-prvi-red-do-mora-333-m2" "Mozilla/5.0 (Linux; Android 9; SM-G973F) AppleWebKit/537.36 (KHTML, like Gecko) Chrome/75.0.3770.143 Mobile Safari/537.36"
95.168.120.31 - - [25/Aug/2019:08:57:31 +0000] "GET /fonts/flaticon.css HTTP/1.1" 200 699 "https://www.citadela.hr/zemljista/murter-cigrada-zemljiste-prvi-red-do-mora-333-m2" "Mozilla/5.0 (Linux; Android 9; SM-G973F) AppleWebKit/537.36 (KHTML, like Gecko) Chrome/75.0.3770.143 Mobile Safari/537.36"
95.168.120.31 - - [25/Aug/2019:08:57:31 +0000] "GET /css/colors/blue.css?v=2 HTTP/1.1" 200 3552 "https://www.citadela.hr/zemljista/murter-cigrada-zemljiste-prvi-red-do-mora-333-m2" "Mozilla/5.0 (Linux; Android 9; SM-G973F) AppleWebKit/537.36 (KHTML, like Gecko) Chrome/75.0.3770.143 Mobile Safari/537.36"
95.168.120.31 - - [25/Aug/2019:08:57:31 +0000] "GET /css/jslider.css HTTP/1.1" 200 763 "https://www.citadela.hr/zemljista/murter-cigrada-zemljiste-prvi-red-do-mora-333-m2" "Mozilla/5.0 (Linux; Android 9; SM-G973F) AppleWebKit/537.36 (KHTML, like Gecko) Chrome/75.0.3770.143 Mobile Safari/537.36"
95.168.120.31 - - [25/Aug/2019:08:57:31 +0000] "GET /assets/plugins/flag/css/flag-icon.css HTTP/1.1" 200 2837 "https://www.citadela.hr/zemljista/murter-cigrada-zemljiste-prvi-red-do-mora-333-m2" "Mozilla/5.0 (Linux; Android 9; SM-G973F) AppleWebKit/537.36 (KHTML, like Gecko) Chrome/75.0.3770.143 Mobile Safari/537.36"
95.168.120.31 - - [25/Aug/2019:08:57:31 +0000] "GET /css/responsive.css HTTP/1.1" 200 2788 "https://www.citadela.hr/zemljista/murter-cigrada-zemljiste-prvi-red-do-mora-333-m2" "Mozilla/5.0 (Linux; Android 9; SM-G973F) AppleWebKit/537.36 (KHTML, like Gecko) Chrome/75.0.3770.143 Mobile Safari/537.36"
95.168.120.31 - - [25/Aug/2019:08:57:31 +0000] "GET /css/loader.css?v=2 HTTP/1.1" 200 772 "https://www.citadela.hr/zemljista/murter-cigrada-zemljiste-prvi-red-do-mora-333-m2" "Mozilla/5.0 (Linux; Android 9; SM-G973F) AppleWebKit/537.36 (KHTML, like Gecko) Chrome/75.0.3770.143 Mobile Safari/537.36"
95.168.120.31 - - [25/Aug/2019:08:57:31 +0000] "GET /unitegallery/css/unite-gallery.css HTTP/1.1" 200 4825 "https://www.citadela.hr/zemljista/murter-cigrada-zemljiste-prvi-red-do-mora-333-m2" "Mozilla/5.0 (Linux; Android 9; SM-G973F) AppleWebKit/537.36 (KHTML, like Gecko) Chrome/75.0.3770.143 Mobile Safari/537.36"
95.168.120.31 - - [25/Aug/2019:08:57:31 +0000] "GET /css/jquery.fancybox.css HTTP/1.1" 200 1434 "https://www.citadela.hr/zemljista/murter-cigrada-zemljiste-prvi-red-do-mora-333-m2" "Mozilla/5.0 (Linux; Android 9; SM-G973F) AppleWebKit/537.36 (KHTML, like Gecko) Chrome/75.0.3770.143 Mobile Safari/537.36"
95.168.120.31 - - [25/Aug/2019:08:57:31 +0000] "GET /css/animate.min.css HTTP/1.1" 200 4242 "https://www.citadela.hr/zemljista/murter-cigrada-zemljiste-prvi-red-do-mora-333-m2" "Mozilla/5.0 (Linux; Android 9; SM-G973F) AppleWebKit/537.36 (KHTML, like Gecko) Chrome/75.0.3770.143 Mobile Safari/537.36"
95.168.120.31 - - [25/Aug/2019:08:57:31 +0000] "GET /css/owl.css HTTP/1.1" 200 1348 "https://www.citadela.hr/zemljista/murter-cigrada-zemljiste-prvi-red-do-mora-333-m2" "Mozilla/5.0 (Linux; Android 9; SM-G973F) AppleWebKit/537.36 (KHTML, like Gecko) Chrome/75.0.3770.143 Mobile Safari/537.36"
95.168.120.31 - - [25/Aug/2019:08:57:31 +0000] "GET /img/logo_header.png?v=2 HTTP/1.1" 200 4348 "https://www.citadela.hr/zemljista/murter-cigrada-zemljiste-prvi-red-do-mora-333-m2" "Mozilla/5.0 (Linux; Android 9; SM-G973F) AppleWebKit/537.36 (KHTML, like Gecko) Chrome/75.0.3770.143 Mobile Safari/537.36"
95.168.120.31 - - [25/Aug/2019:08:57:31 +0000] "GET /js/jquery.min.js HTTP/1.1" 200 33760 "https://www.citadela.hr/zemljista/murter-cigrada-zemljiste-prvi-red-do-mora-333-m2" "Mozilla/5.0 (Linux; Android 9; SM-G973F) AppleWebKit/537.36 (KHTML, like Gecko) Chrome/75.0.3770.143 Mobile Safari/537.36"
95.168.120.31 - - [25/Aug/2019:08:57:31 +0000] "GET /js/bootstrap.min.js HTTP/1.1" 200 9833 "https://www.citadela.hr/zemljista/murter-cigrada-zemljiste-prvi-red-do-mora-333-m2" "Mozilla/5.0 (Linux; Android 9; SM-G973F) AppleWebKit/537.36 (KHTML, like Gecko) Chrome/75.0.3770.143 Mobile Safari/537.36"
95.168.120.31 - - [25/Aug/2019:08:57:31 +0000] "GET /js/bootstrap-select.js HTTP/1.1" 200 15633 "https://www.citadela.hr/zemljista/murter-cigrada-zemljiste-prvi-red-do-mora-333-m2" "Mozilla/5.0 (Linux; Android 9; SM-G973F) AppleWebKit/537.36 (KHTML, like Gecko) Chrome/75.0.3770.143 Mobile Safari/537.36"
95.168.120.31 - - [25/Aug/2019:08:57:31 +0000] "GET /js/YouTubePopUp.jquery.js HTTP/1.1" 200 967 "https://www.citadela.hr/zemljista/murter-cigrada-zemljiste-prvi-red-do-mora-333-m2" "Mozilla/5.0 (Linux; Android 9; SM-G973F) AppleWebKit/537.36 (KHTML, like Gecko) Chrome/75.0.3770.143 Mobile Safari/537.36"
95.168.120.31 - - [25/Aug/2019:08:57:31 +0000] "GET /js/jquery.fancybox.pack.js HTTP/1.1" 200 8634 "https://www.citadela.hr/zemljista/murter-cigrada-zemljiste-prvi-red-do-mora-333-m2" "Mozilla/5.0 (Linux; Android 9; SM-G973F) AppleWebKit/537.36 (KHTML, like Gecko) Chrome/75.0.3770.143 Mobile Safari/537.36"
95.168.120.31 - - [25/Aug/2019:08:57:32 +0000] "GET /js/jquery.fancybox-media.js HTTP/1.1" 200 1973 "https://www.citadela.hr/zemljista/murter-cigrada-zemljiste-prvi-red-do-mora-333-m2" "Mozilla/5.0 (Linux; Android 9; SM-G973F) AppleWebKit/537.36 (KHTML, like Gecko) Chrome/75.0.3770.143 Mobile Safari/537.36"
95.168.120.31 - - [25/Aug/2019:08:57:31 +0000] "GET /fonts/fontawesome-webfont.woff2?v=4.7.0 HTTP/1.1" 200 77160 "https://www.citadela.hr/css/font-awesome.css" "Mozilla/5.0 (Linux; Android 9; SM-G973F) AppleWebKit/537.36 (KHTML, like Gecko) Chrome/75.0.3770.143 Mobile Safari/537.36"
95.168.120.31 - - [25/Aug/2019:08:57:32 +0000] "GET /js/wow.js HTTP/1.1" 200 2198 "https://www.citadela.hr/zemljista/murter-cigrada-zemljiste-prvi-red-do-mora-333-m2" "Mozilla/5.0 (Linux; Android 9; SM-G973F) AppleWebKit/537.36 (KHTML, like Gecko) Chrome/75.0.3770.143 Mobile Safari/537.36"
95.168.120.31 - - [25/Aug/2019:08:57:32 +0000] "GET /js/owl.js HTTP/1.1" 200 17545 "https://www.citadela.hr/zemljista/murter-cigrada-zemljiste-prvi-red-do-mora-333-m2" "Mozilla/5.0 (Linux; Android 9; SM-G973F) AppleWebKit/537.36 (KHTML, like Gecko) Chrome/75.0.3770.143 Mobile Safari/537.36"
95.168.120.31 - - [25/Aug/2019:08:57:32 +0000] "GET /js/jshashtable-2.1_src.js HTTP/1.1" 200 2957 "https://www.citadela.hr/zemljista/murter-cigrada-zemljiste-prvi-red-do-mora-333-m2" "Mozilla/5.0 (Linux; Android 9; SM-G973F) AppleWebKit/537.36 (KHTML, like Gecko) Chrome/75.0.3770.143 Mobile Safari/537.36"
95.168.120.31 - - [25/Aug/2019:08:57:32 +0000] "GET /js/mixitup.js HTTP/1.1" 200 11347 "https://www.citadela.hr/zemljista/murter-cigrada-zemljiste-prvi-red-do-mora-333-m2" "Mozilla/5.0 (Linux; Android 9; SM-G973F) AppleWebKit/537.36 (KHTML, like Gecko) Chrome/75.0.3770.143 Mobile Safari/537.36"
95.168.120.31 - - [25/Aug/2019:08:57:32 +0000] "GET /js/jquery.numberformatter-1.2.3.js HTTP/1.1" 200 4697 "https://www.citadela.hr/zemljista/murter-cigrada-zemljiste-prvi-red-do-mora-333-m2" "Mozilla/5.0 (Linux; Android 9; SM-G973F) AppleWebKit/537.36 (KHTML, like Gecko) Chrome/75.0.3770.143 Mobile Safari/537.36"
95.168.120.31 - - [25/Aug/2019:08:57:32 +0000] "GET /js/tmpl.js HTTP/1.1" 200 625 "https://www.citadela.hr/zemljista/murter-cigrada-zemljiste-prvi-red-do-mora-333-m2" "Mozilla/5.0 (Linux; Android 9; SM-G973F) AppleWebKit/537.36 (KHTML, like Gecko) Chrome/75.0.3770.143 Mobile Safari/537.36"
95.168.120.31 - - [25/Aug/2019:08:57:32 +0000] "GET /js/jquery.slider.js HTTP/1.1" 200 4772 "https://www.citadela.hr/zemljista/murter-cigrada-zemljiste-prvi-red-do-mora-333-m2" "Mozilla/5.0 (Linux; Android 9; SM-G973F) AppleWebKit/537.36 (KHTML, like Gecko) Chrome/75.0.3770.143 Mobile Safari/537.36"
95.168.120.31 - - [25/Aug/2019:08:57:32 +0000] "GET /js/jquery.dependClass-0.1.js HTTP/1.1" 200 458 "https://www.citadela.hr/zemljista/murter-cigrada-zemljiste-prvi-red-do-mora-333-m2" "Mozilla/5.0 (Linux; Android 9; SM-G973F) AppleWebKit/537.36 (KHTML, like Gecko) Chrome/75.0.3770.143 Mobile Safari/537.36"
95.168.120.31 - - [25/Aug/2019:08:57:32 +0000] "GET /js/draggable-0.1.js HTTP/1.1" 200 1326 "https://www.citadela.hr/zemljista/murter-cigrada-zemljiste-prvi-red-do-mora-333-m2" "Mozilla/5.0 (Linux; Android 9; SM-G973F) AppleWebKit/537.36 (KHTML, like Gecko) Chrome/75.0.3770.143 Mobile Safari/537.36"
95.168.120.31 - - [25/Aug/2019:08:57:32 +0000] "GET /js/custom.js HTTP/1.1" 200 5159 "https://www.citadela.hr/zemljista/murter-cigrada-zemljiste-prvi-red-do-mora-333-m2" "Mozilla/5.0 (Linux; Android 9; SM-G973F) AppleWebKit/537.36 (KHTML, like Gecko) Chrome/75.0.3770.143 Mobile Safari/537.36"
95.168.120.31 - - [25/Aug/2019:08:57:32 +0000] "GET /js/jquery.barrating.js HTTP/1.1" 200 4280 "https://www.citadela.hr/zemljista/murter-cigrada-zemljiste-prvi-red-do-mora-333-m2" "Mozilla/5.0 (Linux; Android 9; SM-G973F) AppleWebKit/537.36 (KHTML, like Gecko) Chrome/75.0.3770.143 Mobile Safari/537.36"
95.168.120.31 - - [25/Aug/2019:08:57:32 +0000] "GET /unitegallery/js/jquery-11.0.min.js HTTP/1.1" 200 33369 "https://www.citadela.hr/zemljista/murter-cigrada-zemljiste-prvi-red-do-mora-333-m2" "Mozilla/5.0 (Linux; Android 9; SM-G973F) AppleWebKit/537.36 (KHTML, like Gecko) Chrome/75.0.3770.143 Mobile Safari/537.36"
95.168.120.31 - - [25/Aug/2019:08:57:32 +0000] "GET /unitegallery/js/unitegallery.min.js HTTP/1.1" 200 66910 "https://www.citadela.hr/zemljista/murter-cigrada-zemljiste-prvi-red-do-mora-333-m2" "Mozilla/5.0 (Linux; Android 9; SM-G973F) AppleWebKit/537.36 (KHTML, like Gecko) Chrome/75.0.3770.143 Mobile Safari/537.36"
95.168.120.31 - - [25/Aug/2019:08:57:32 +0000] "GET /unitegallery/themes/compact/ug-theme-compact.js HTTP/1.1" 200 2477 "https://www.citadela.hr/zemljista/murter-cigrada-zemljiste-prvi-red-do-mora-333-m2" "Mozilla/5.0 (Linux; Android 9; SM-G973F) AppleWebKit/537.36 (KHTML, like Gecko) Chrome/75.0.3770.143 Mobile Safari/537.36"
95.168.120.31 - - [25/Aug/2019:08:57:32 +0000] "GET /uploads/thumbnails/4d66d27a633efa72abe2fe69fa0bb1bb.jpg HTTP/1.1" 200 42717 "https://www.citadela.hr/zemljista/murter-cigrada-zemljiste-prvi-red-do-mora-333-m2" "Mozilla/5.0 (Linux; Android 9; SM-G973F) AppleWebKit/537.36 (KHTML, like Gecko) Chrome/75.0.3770.143 Mobile Safari/537.36"
95.168.120.31 - - [25/Aug/2019:08:57:32 +0000] "GET /uploads/thumbnails/c085f09d62c0ce2515144a1c029943c0.jpg HTTP/1.1" 200 25594 "https://www.citadela.hr/zemljista/murter-cigrada-zemljiste-prvi-red-do-mora-333-m2" "Mozilla/5.0 (Linux; Android 9; SM-G973F) AppleWebKit/537.36 (KHTML, like Gecko) Chrome/75.0.3770.143 Mobile Safari/537.36"
95.168.120.31 - - [25/Aug/2019:08:57:32 +0000] "GET /uploads/thumbnails/4240c5935d321944b9b3dd8ea14094af.jpg HTTP/1.1" 200 60600 "https://www.citadela.hr/zemljista/murter-cigrada-zemljiste-prvi-red-do-mora-333-m2" "Mozilla/5.0 (Linux; Android 9; SM-G973F) AppleWebKit/537.36 (KHTML, like Gecko) Chrome/75.0.3770.143 Mobile Safari/537.36"
95.168.120.31 - - [25/Aug/2019:08:57:32 +0000] "GET /uploads/thumbnails/b79f9bc4ee717c82c04ee7cf06b3c632.jpg HTTP/1.1" 200 50378 "https://www.citadela.hr/zemljista/murter-cigrada-zemljiste-prvi-red-do-mora-333-m2" "Mozilla/5.0 (Linux; Android 9; SM-G973F) AppleWebKit/537.36 (KHTML, like Gecko) Chrome/75.0.3770.143 Mobile Safari/537.36"
95.168.120.31 - - [25/Aug/2019:08:57:32 +0000] "GET /uploads/thumbnails/b76155ac63e15417a03bd38f5e45eb1a.jpg HTTP/1.1" 200 40326 "https://www.citadela.hr/zemljista/murter-cigrada-zemljiste-prvi-red-do-mora-333-m2" "Mozilla/5.0 (Linux; Android 9; SM-G973F) AppleWebKit/537.36 (KHTML, like Gecko) Chrome/75.0.3770.143 Mobile Safari/537.36"
95.168.120.31 - - [25/Aug/2019:08:57:32 +0000] "GET /img/mate.jpg HTTP/1.1" 200 14037 "https://www.citadela.hr/zemljista/murter-cigrada-zemljiste-prvi-red-do-mora-333-m2" "Mozilla/5.0 (Linux; Android 9; SM-G973F) AppleWebKit/537.36 (KHTML, like Gecko) Chrome/75.0.3770.143 Mobile Safari/537.36"
95.168.120.31 - - [25/Aug/2019:08:57:32 +0000] "GET /img/logo_footer.png HTTP/1.1" 200 4213 "https://www.citadela.hr/zemljista/murter-cigrada-zemljiste-prvi-red-do-mora-333-m2" "Mozilla/5.0 (Linux; Android 9; SM-G973F) AppleWebKit/537.36 (KHTML, like Gecko) Chrome/75.0.3770.143 Mobile Safari/537.36"
95.168.120.31 - - [25/Aug/2019:08:57:32 +0000] "GET /uploads/thumbnails/73d4521b85ecf599429b376991dcfc2a.jpg HTTP/1.1" 200 60055 "https://www.citadela.hr/zemljista/murter-cigrada-zemljiste-prvi-red-do-mora-333-m2" "Mozilla/5.0 (Linux; Android 9; SM-G973F) AppleWebKit/537.36 (KHTML, like Gecko) Chrome/75.0.3770.143 Mobile Safari/537.36"
95.168.120.31 - - [25/Aug/2019:08:57:32 +0000] "GET /unitegallery/images/cover-grid.png HTTP/1.1" 200 933 "https://www.citadela.hr/unitegallery/css/unite-gallery.css" "Mozilla/5.0 (Linux; Android 9; SM-G973F) AppleWebKit/537.36 (KHTML, like Gecko) Chrome/75.0.3770.143 Mobile Safari/537.36"
95.168.120.31 - - [25/Aug/2019:08:57:32 +0000] "GET /unitegallery/images/loader.gif HTTP/1.1" 200 673 "https://www.citadela.hr/unitegallery/css/unite-gallery.css" "Mozilla/5.0 (Linux; Android 9; SM-G973F) AppleWebKit/537.36 (KHTML, like Gecko) Chrome/75.0.3770.143 Mobile Safari/537.36"
95.168.120.31 - - [25/Aug/2019:08:57:32 +0000] "GET /unitegallery/images/loader-white1.gif HTTP/1.1" 200 2545 "https://www.citadela.hr/unitegallery/css/unite-gallery.css" "Mozilla/5.0 (Linux; Android 9; SM-G973F) AppleWebKit/537.36 (KHTML, like Gecko) Chrome/75.0.3770.143 Mobile Safari/537.36"
95.168.120.31 - - [25/Aug/2019:08:57:32 +0000] "GET /unitegallery/images/not_loaded.png HTTP/1.1" 200 858 "https://www.citadela.hr/unitegallery/css/unite-gallery.css" "Mozilla/5.0 (Linux; Android 9; SM-G973F) AppleWebKit/537.36 (KHTML, like Gecko) Chrome/75.0.3770.143 Mobile Safari/537.36"
95.168.120.31 - - [25/Aug/2019:08:57:32 +0000] "GET /img/banner/banner.png HTTP/1.1" 200 188379 "https://www.citadela.hr/css/style.css?v=2" "Mozilla/5.0 (Linux; Android 9; SM-G973F) AppleWebKit/537.36 (KHTML, like Gecko) Chrome/75.0.3770.143 Mobile Safari/537.36"
95.168.120.31 - - [25/Aug/2019:08:57:32 +0000] "GET /unitegallery/images/play-button-square.png HTTP/1.1" 200 4591 "https://www.citadela.hr/unitegallery/css/unite-gallery.css" "Mozilla/5.0 (Linux; Android 9; SM-G973F) AppleWebKit/537.36 (KHTML, like Gecko) Chrome/75.0.3770.143 Mobile Safari/537.36"
95.168.120.31 - - [25/Aug/2019:08:57:32 +0000] "GET /unitegallery/skins/default/slider_arrow_left.png HTTP/1.1" 200 493 "https://www.citadela.hr/unitegallery/css/unite-gallery.css" "Mozilla/5.0 (Linux; Android 9; SM-G973F) AppleWebKit/537.36 (KHTML, like Gecko) Chrome/75.0.3770.143 Mobile Safari/537.36"
95.168.120.31 - - [25/Aug/2019:08:57:32 +0000] "GET /unitegallery/skins/default/button_fullscreen.png HTTP/1.1" 200 1146 "https://www.citadela.hr/unitegallery/css/unite-gallery.css" "Mozilla/5.0 (Linux; Android 9; SM-G973F) AppleWebKit/537.36 (KHTML, like Gecko) Chrome/75.0.3770.143 Mobile Safari/537.36"
95.168.120.31 - - [25/Aug/2019:08:57:32 +0000] "GET /unitegallery/skins/default/slider_arrow_right.png HTTP/1.1" 200 505 "https://www.citadela.hr/unitegallery/css/unite-gallery.css" "Mozilla/5.0 (Linux; Android 9; SM-G973F) AppleWebKit/537.36 (KHTML, like Gecko) Chrome/75.0.3770.143 Mobile Safari/537.36"
95.168.120.31 - - [25/Aug/2019:08:57:32 +0000] "GET /unitegallery/images/loader-black1.gif HTTP/1.1" 200 5855 "https://www.citadela.hr/unitegallery/css/unite-gallery.css" "Mozilla/5.0 (Linux; Android 9; SM-G973F) AppleWebKit/537.36 (KHTML, like Gecko) Chrome/75.0.3770.143 Mobile Safari/537.36"
95.168.120.31 - - [25/Aug/2019:08:57:32 +0000] "GET /unitegallery/images/button-close.png HTTP/1.1" 200 7155 "https://www.citadela.hr/unitegallery/css/unite-gallery.css" "Mozilla/5.0 (Linux; Android 9; SM-G973F) AppleWebKit/537.36 (KHTML, like Gecko) Chrome/75.0.3770.143 Mobile Safari/537.36"
95.168.120.31 - - [25/Aug/2019:08:57:32 +0000] "GET /uploads/images/4d66d27a633efa72abe2fe69fa0bb1bb.jpg HTTP/1.1" 200 83335 "https://www.citadela.hr/zemljista/murter-cigrada-zemljiste-prvi-red-do-mora-333-m2" "Mozilla/5.0 (Linux; Android 9; SM-G973F) AppleWebKit/537.36 (KHTML, like Gecko) Chrome/75.0.3770.143 Mobile Safari/537.36"
95.168.120.31 - - [25/Aug/2019:08:57:32 +0000] "GET /uploads/images/4240c5935d321944b9b3dd8ea14094af.jpg HTTP/1.1" 200 136228 "https://www.citadela.hr/zemljista/murter-cigrada-zemljiste-prvi-red-do-mora-333-m2" "Mozilla/5.0 (Linux; Android 9; SM-G973F) AppleWebKit/537.36 (KHTML, like Gecko) Chrome/75.0.3770.143 Mobile Safari/537.36"
95.168.120.31 - - [25/Aug/2019:08:57:32 +0000] "GET /uploads/images/73d4521b85ecf599429b376991dcfc2a.jpg HTTP/1.1" 200 143699 "https://www.citadela.hr/zemljista/murter-cigrada-zemljiste-prvi-red-do-mora-333-m2" "Mozilla/5.0 (Linux; Android 9; SM-G973F) AppleWebKit/537.36 (KHTML, like Gecko) Chrome/75.0.3770.143 Mobile Safari/537.36"
95.168.120.31 - - [25/Aug/2019:08:57:33 +0000] "GET /favicon-32x32.png HTTP/1.1" 200 1936 "https://www.citadela.hr/zemljista/murter-cigrada-zemljiste-prvi-red-do-mora-333-m2" "Mozilla/5.0 (Linux; Android 9; SM-G973F) AppleWebKit/537.36 (KHTML, like Gecko) Chrome/75.0.3770.143 Mobile Safari/537.36"
95.168.120.31 - - [25/Aug/2019:08:57:33 +0000] "GET /apple-touch-icon.png HTTP/1.1" 200 9899 "https://www.citadela.hr/zemljista/murter-cigrada-zemljiste-prvi-red-do-mora-333-m2" "Mozilla/5.0 (Linux; Android 9; SM-G973F) AppleWebKit/537.36 (KHTML, like Gecko) Chrome/75.0.3770.143 Mobile Safari/537.36"
95.168.120.31 - - [25/Aug/2019:08:57:33 +0000] "GET /site.webmanifest HTTP/1.1" 200 291 "https://www.citadela.hr/zemljista/murter-cigrada-zemljiste-prvi-red-do-mora-333-m2" "Mozilla/5.0 (Linux; Android 9; SM-G973F) AppleWebKit/537.36 (KHTML, like Gecko) Chrome/75.0.3770.143 Mobile Safari/537.36"
95.168.120.31 - - [25/Aug/2019:08:58:20 +0000] "GET /uploads/images/b76155ac63e15417a03bd38f5e45eb1a.jpg HTTP/1.1" 200 177982 "https://www.citadela.hr/zemljista/murter-cigrada-zemljiste-prvi-red-do-mora-333-m2" "Mozilla/5.0 (Linux; Android 9; SM-G973F) AppleWebKit/537.36 (KHTML, like Gecko) Chrome/75.0.3770.143 Mobile Safari/537.36"
66.249.66.46 - - [25/Aug/2019:09:01:48 +0000] "GET /hr/pretraga?category=&type=&place=59&area=&price=100000&surface=100 HTTP/1.1" 500 4485 "-" "Mozilla/5.0 (Linux; Android 6.0.1; Nexus 5X Build/MMB29P) AppleWebKit/537.36 (KHTML, like Gecko) Chrome/41.0.2272.96 Mobile Safari/537.36 (compatible; Googlebot/2.1; +http://www.google.com/bot.html)"
66.249.66.46 - - [25/Aug/2019:09:02:32 +0000] "GET /apartmani/tribunj-apartman-u-blizini-mora-30-m2 HTTP/1.1" 500 4485 "-" "Mozilla/5.0 (Linux; Android 6.0.1; Nexus 5X Build/MMB29P) AppleWebKit/537.36 (KHTML, like Gecko) Chrome/41.0.2272.96 Mobile Safari/537.36 (compatible; Googlebot/2.1; +http://www.google.com/bot.html)"
66.249.66.44 - - [25/Aug/2019:09:02:48 +0000] "GET /en/search?category=&type=&place=19&area=&price=50000&surface=100 HTTP/1.1" 500 4485 "-" "Mozilla/5.0 (Linux; Android 6.0.1; Nexus 5X Build/MMB29P) AppleWebKit/537.36 (KHTML, like Gecko) Chrome/41.0.2272.96 Mobile Safari/537.36 (compatible; Googlebot/2.1; +http://www.google.com/bot.html)"
66.249.66.42 - - [25/Aug/2019:09:02:57 +0000] "GET /uploads/thumbnails/c1a95298a38bbecd0f96971349d9e338.jpg HTTP/1.1" 200 30276 "-" "Googlebot-Image/1.0"
139.18.2.214 - - [25/Aug/2019:09:03:11 +0000] "GET /en/houses?page=3 HTTP/1.0" 200 32175 "https://www.citadela.hr/en/houses" "LCC (+http://corpora.informatik.uni-leipzig.de/crawler_faq.html)"
66.249.66.46 - - [25/Aug/2019:09:03:48 +0000] "GET /hr/pretraga?category=&type=&place=41&area=157&price=300000&surface=200 HTTP/1.1" 500 4485 "-" "Mozilla/5.0 (Linux; Android 6.0.1; Nexus 5X Build/MMB29P) AppleWebKit/537.36 (KHTML, like Gecko) Chrome/41.0.2272.96 Mobile Safari/537.36 (compatible; Googlebot/2.1; +http://www.google.com/bot.html)"
66.249.66.46 - - [25/Aug/2019:09:04:48 +0000] "GET /pretraga?category=&type=&place=36&area=169&price=200000&surface=10 HTTP/1.1" 500 4485 "-" "Mozilla/5.0 (Linux; Android 6.0.1; Nexus 5X Build/MMB29P) AppleWebKit/537.36 (KHTML, like Gecko) Chrome/41.0.2272.96 Mobile Safari/537.36 (compatible; Googlebot/2.1; +http://www.google.com/bot.html)"
66.249.66.46 - - [25/Aug/2019:09:05:48 +0000] "GET /en/houses?page=3 HTTP/1.1" 200 5508 "-" "Mozilla/5.0 (Linux; Android 6.0.1; Nexus 5X Build/MMB29P) AppleWebKit/537.36 (KHTML, like Gecko) Chrome/41.0.2272.96 Mobile Safari/537.36 (compatible; Googlebot/2.1; +http://www.google.com/bot.html)"
66.249.66.42 - - [25/Aug/2019:09:06:48 +0000] "GET /hr/pretraga?category=&type=&place=15&area=&price=50000&surface=10 HTTP/1.1" 500 4485 "-" "Mozilla/5.0 (Linux; Android 6.0.1; Nexus 5X Build/MMB29P) AppleWebKit/537.36 (KHTML, like Gecko) Chrome/41.0.2272.96 Mobile Safari/537.36 (compatible; Googlebot/2.1; +http://www.google.com/bot.html)"
66.249.66.42 - - [25/Aug/2019:09:07:48 +0000] "GET /hr/pretraga?category=&type=&place=6&area=&price=50000&surface=200 HTTP/1.1" 500 4485 "-" "Mozilla/5.0 (Linux; Android 6.0.1; Nexus 5X Build/MMB29P) AppleWebKit/537.36 (KHTML, like Gecko) Chrome/41.0.2272.96 Mobile Safari/537.36 (compatible; Googlebot/2.1; +http://www.google.com/bot.html)"
66.249.66.42 - - [25/Aug/2019:09:08:48 +0000] "GET /hr/pretraga?category=&type=&place=58&area=160&price=1000000&surface=50 HTTP/1.1" 500 4485 "-" "Mozilla/5.0 (Linux; Android 6.0.1; Nexus 5X Build/MMB29P) AppleWebKit/537.36 (KHTML, like Gecko) Chrome/41.0.2272.96 Mobile Safari/537.36 (compatible; Googlebot/2.1; +http://www.google.com/bot.html)"
93.136.75.182 - - [25/Aug/2019:09:10:09 +0000] "GET /uploads/thumbnails/f28c4ddee2395a7c3c7630d204227ede.JPG HTTP/1.1" 200 46650 "https://www.google.com/" "Mozilla/5.0 (iPad; CPU OS 12_3_1 like Mac OS X) AppleWebKit/605.1.15 (KHTML, like Gecko) GSA/80.0.262003652 Mobile/16F203 Safari/604.1"
93.136.75.182 - - [25/Aug/2019:09:10:12 +0000] "GET /uploads/thumbnails/0e90894cf5c08ae61374d409ab092509.jpg HTTP/1.1" 200 52239 "https://www.google.com/" "Mozilla/5.0 (iPad; CPU OS 12_3_1 like Mac OS X) AppleWebKit/605.1.15 (KHTML, like Gecko) GSA/80.0.262003652 Mobile/16F203 Safari/604.1"
66.249.66.42 - - [25/Aug/2019:09:10:48 +0000] "GET /hr/pretraga?category=&type=&place=46&area=&price=200000&surface=10 HTTP/1.1" 500 4485 "-" "Mozilla/5.0 (Linux; Android 6.0.1; Nexus 5X Build/MMB29P) AppleWebKit/537.36 (KHTML, like Gecko) Chrome/41.0.2272.96 Mobile Safari/537.36 (compatible; Googlebot/2.1; +http://www.google.com/bot.html)"
139.18.2.214 - - [25/Aug/2019:09:13:48 +0000] "GET /en/houses?page=4 HTTP/1.0" 200 19802 "https://www.citadela.hr/en/houses" "LCC (+http://corpora.informatik.uni-leipzig.de/crawler_faq.html)"
139.18.2.214 - - [25/Aug/2019:09:13:57 +0000] "GET /en/lands/sv-filip-i-jakov-zemljiste-2225-m2-pogodno-za-vikendicu-od-30-m2 HTTP/1.0" 200 22692 "https://www.citadela.hr/en/lands" "LCC (+http://corpora.informatik.uni-leipzig.de/crawler_faq.html)"
139.18.2.214 - - [25/Aug/2019:09:14:12 +0000] "GET /en/lands/bibinje-gradevinsko-zemljiste-687-m2 HTTP/1.0" 200 22768 "https://www.citadela.hr/en/lands" "LCC (+http://corpora.informatik.uni-leipzig.de/crawler_faq.html)"
139.18.2.214 - - [25/Aug/2019:09:14:23 +0000] "GET /en/lands/pasman-tkon-gradevinsko-zemljiste-drugi-red-do-mora-2173-m2 HTTP/1.0" 200 23021 "https://www.citadela.hr/en/lands" "LCC (+http://corpora.informatik.uni-leipzig.de/crawler_faq.html)"
139.18.2.214 - - [25/Aug/2019:09:14:34 +0000] "GET /en/lands/rtina-gradevinsko-zemljiste-prvi-red-do-mora-715-m2 HTTP/1.0" 200 24543 "https://www.citadela.hr/en/lands" "LCC (+http://corpora.informatik.uni-leipzig.de/crawler_faq.html)"
139.18.2.214 - - [25/Aug/2019:09:14:44 +0000] "GET /en/lands/dugi-otok-zaglav-gradevinsko-zemljiste-prvi-red-do-mora-667-m2 HTTP/1.0" 200 24659 "https://www.citadela.hr/en/lands" "LCC (+http://corpora.informatik.uni-leipzig.de/crawler_faq.html)"
139.18.2.214 - - [25/Aug/2019:09:14:56 +0000] "GET /en/lands/rovanjska-gradevinsko-zemljiste-pogled-na-more-686-m2 HTTP/1.0" 200 24003 "https://www.citadela.hr/en/lands" "LCC (+http://corpora.informatik.uni-leipzig.de/crawler_faq.html)"
139.18.2.214 - - [25/Aug/2019:09:15:06 +0000] "GET /en/lands/rovanjska-gradevinsko-zemljiste-s-pogledom-na-more-700-m2 HTTP/1.0" 200 24024 "https://www.citadela.hr/en/lands" "LCC (+http://corpora.informatik.uni-leipzig.de/crawler_faq.html)"
139.18.2.214 - - [25/Aug/2019:09:15:14 +0000] "GET /en/lands/rovanjska-gradevinsko-zemljiste-u-blizini-mora-645-m2-59-m2 HTTP/1.0" 200 24541 "https://www.citadela.hr/en/lands" "LCC (+http://corpora.informatik.uni-leipzig.de/crawler_faq.html)"
139.18.2.214 - - [25/Aug/2019:09:15:23 +0000] "GET /en/lands/rogoznica-okolica-zemljiste-s-pogledom-na-more-12400-m2 HTTP/1.0" 200 22560 "https://www.citadela.hr/en/lands" "LCC (+http://corpora.informatik.uni-leipzig.de/crawler_faq.html)"
139.18.2.214 - - [25/Aug/2019:09:15:33 +0000] "GET /en/lands?page=2 HTTP/1.0" 200 31796 "https://www.citadela.hr/en/lands" "LCC (+http://corpora.informatik.uni-leipzig.de/crawler_faq.html)"
66.249.66.44 - - [25/Aug/2019:09:15:48 +0000] "GET /pretraga?category=&type=&place=36&area=172&price=50000&surface=200 HTTP/1.1" 500 4485 "-" "Mozilla/5.0 (Linux; Android 6.0.1; Nexus 5X Build/MMB29P) AppleWebKit/537.36 (KHTML, like Gecko) Chrome/41.0.2272.96 Mobile Safari/537.36 (compatible; Googlebot/2.1; +http://www.google.com/bot.html)"
66.249.66.42 - - [25/Aug/2019:09:16:48 +0000] "GET /pretraga?category=&type=&place=43&area=&price=1000000&surface= HTTP/1.1" 500 4485 "-" "Mozilla/5.0 (Linux; Android 6.0.1; Nexus 5X Build/MMB29P) AppleWebKit/537.36 (KHTML, like Gecko) Chrome/41.0.2272.96 Mobile Safari/537.36 (compatible; Googlebot/2.1; +http://www.google.com/bot.html)"
91.242.162.38 - - [25/Aug/2019:09:21:18 +0000] "GET /en/blog/prosjecna-cijena-kvadrata-stana-u-sibeniku-porasla-za-489 HTTP/1.1" 200 4450 "-" "Mozilla/5.0 (compatible; Qwantify/2.4w; +https://www.qwant.com/)/2.4w"
54.36.148.17 - - [25/Aug/2019:09:22:09 +0000] "GET /robots.txt HTTP/1.1" 301 242 "-" "Mozilla/5.0 (compatible; AhrefsBot/6.1; +http://ahrefs.com/robot/)"
54.36.148.17 - - [25/Aug/2019:09:22:09 +0000] "GET /robots.txt HTTP/1.1" 200 24 "-" "Mozilla/5.0 (compatible; AhrefsBot/6.1; +http://ahrefs.com/robot/)"
54.36.150.151 - - [25/Aug/2019:09:22:10 +0000] "GET / HTTP/1.1" 301 232 "-" "Mozilla/5.0 (compatible; AhrefsBot/6.1; +http://ahrefs.com/robot/)"
139.18.2.214 - - [25/Aug/2019:09:26:14 +0000] "GET /en/lands?page=3 HTTP/1.0" 200 31994 "https://www.citadela.hr/en/lands" "LCC (+http://corpora.informatik.uni-leipzig.de/crawler_faq.html)"
66.249.66.46 - - [25/Aug/2019:09:30:48 +0000] "GET /pretraga?category=&type=&place=38&area=157&price=200000&surface=10 HTTP/1.1" 500 4485 "-" "Mozilla/5.0 (Linux; Android 6.0.1; Nexus 5X Build/MMB29P) AppleWebKit/537.36 (KHTML, like Gecko) Chrome/41.0.2272.96 Mobile Safari/537.36 (compatible; Googlebot/2.1; +http://www.google.com/bot.html)"
66.249.66.46 - - [25/Aug/2019:09:32:48 +0000] "GET /en/search?category=&type=&place=12&area=&price=500000&surface=100 HTTP/1.1" 500 4485 "-" "Mozilla/5.0 (Linux; Android 6.0.1; Nexus 5X Build/MMB29P) AppleWebKit/537.36 (KHTML, like Gecko) Chrome/41.0.2272.96 Mobile Safari/537.36 (compatible; Googlebot/2.1; +http://www.google.com/bot.html)"
66.249.66.42 - - [25/Aug/2019:09:35:48 +0000] "GET /pretraga?category=&type=&place=36&area=169&price=300000&surface=10 HTTP/1.1" 500 4485 "-" "Mozilla/5.0 (Linux; Android 6.0.1; Nexus 5X Build/MMB29P) AppleWebKit/537.36 (KHTML, like Gecko) Chrome/41.0.2272.96 Mobile Safari/537.36 (compatible; Googlebot/2.1; +http://www.google.com/bot.html)"
139.18.2.214 - - [25/Aug/2019:09:36:51 +0000] "GET /en/lands?page=4 HTTP/1.0" 200 32681 "https://www.citadela.hr/en/lands" "LCC (+http://corpora.informatik.uni-leipzig.de/crawler_faq.html)"
34.219.68.140 - - [25/Aug/2019:09:38:04 +0000] "GET / HTTP/1.1" 301 232 "-" "Mozilla/5.0 (Windows NT 10.0; Win64; x64)AppleWebKit/537.36 (KHTML, like Gecko) Chrome/66.0.3359.181 Safari/537.36"
34.219.68.140 - - [25/Aug/2019:09:38:05 +0000] "GET / HTTP/1.1" 200 5820 "-" "Mozilla/5.0 (Windows NT 10.0; Win64; x64)AppleWebKit/537.36 (KHTML, like Gecko) Chrome/66.0.3359.181 Safari/537.36"
34.219.68.140 - - [25/Aug/2019:09:38:06 +0000] "GET / HTTP/1.1" 301 232 "-" "Mozilla/5.0 (Windows NT 10.0; Win64; x64)AppleWebKit/537.36 (KHTML, like Gecko) Chrome/66.0.3359.181 Safari/537.36"
34.219.68.140 - - [25/Aug/2019:09:38:06 +0000] "GET / HTTP/1.1" 200 5820 "-" "Mozilla/5.0 (Windows NT 10.0; Win64; x64)AppleWebKit/537.36 (KHTML, like Gecko) Chrome/66.0.3359.181 Safari/537.36"
66.249.66.46 - - [25/Aug/2019:09:43:48 +0000] "GET /hr/pretraga?category=&type=&place=8&area=&price=200000&surface= HTTP/1.1" 500 4485 "-" "Mozilla/5.0 (Linux; Android 6.0.1; Nexus 5X Build/MMB29P) AppleWebKit/537.36 (KHTML, like Gecko) Chrome/41.0.2272.96 Mobile Safari/537.36 (compatible; Googlebot/2.1; +http://www.google.com/bot.html)"
66.249.66.46 - - [25/Aug/2019:09:45:48 +0000] "GET /pretraga?category=&type=&place=58&area=229&price=&surface=10 HTTP/1.1" 500 4485 "-" "Mozilla/5.0 (Linux; Android 6.0.1; Nexus 5X Build/MMB29P) AppleWebKit/537.36 (KHTML, like Gecko) Chrome/41.0.2272.96 Mobile Safari/537.36 (compatible; Googlebot/2.1; +http://www.google.com/bot.html)"
93.140.225.151 - - [25/Aug/2019:09:46:12 +0000] "GET /uploads/thumbnails/71e4bac8591bec3f12102710a5da6082.jpg HTTP/1.1" 200 29212 "https://www.google.com/" "Mozilla/5.0 (Windows NT 6.3; Win64; x64) AppleWebKit/537.36 (KHTML, like Gecko) Chrome/76.0.3809.100 Safari/537.36"
139.18.2.214 - - [25/Aug/2019:09:47:28 +0000] "GET /en/lands?page=5 HTTP/1.0" 200 22738 "https://www.citadela.hr/en/lands" "LCC (+http://corpora.informatik.uni-leipzig.de/crawler_faq.html)"
95.168.124.117 - - [25/Aug/2019:09:47:29 +0000] "GET /uploads/images/7fd7bbbb12068dc7f182705bb4823283.jpg HTTP/1.1" 200 288882 "https://www.google.hr/" "Mozilla/5.0 (iPhone; CPU iPhone OS 12_4 like Mac OS X) AppleWebKit/605.1.15 (KHTML, like Gecko) Version/12.1.2 Mobile/15E148 Safari/604.1"
139.18.2.214 - - [25/Aug/2019:09:47:41 +0000] "GET /en/apartments/vir-apartman-s-pogledom-na-more-120-m-od-plaze-75-m2 HTTP/1.0" 200 25248 "https://www.citadela.hr/en/apartments" "LCC (+http://corpora.informatik.uni-leipzig.de/crawler_faq.html)"
139.18.2.214 - - [25/Aug/2019:09:47:58 +0000] "GET /en/apartments/murter-plaza-slanica-dvosoban-apartman-prvi-red-do-mora-4355-m2 HTTP/1.0" 200 28733 "https://www.citadela.hr/en/apartments" "LCC (+http://corpora.informatik.uni-leipzig.de/crawler_faq.html)"
139.18.2.214 - - [25/Aug/2019:09:48:11 +0000] "GET /en/apartments/bibinje-trosoban-apartman-i-garsonjera-s-izlazom-na-plazu-100-m2 HTTP/1.0" 200 25331 "https://www.citadela.hr/en/apartments" "LCC (+http://corpora.informatik.uni-leipzig.de/crawler_faq.html)"
139.18.2.214 - - [25/Aug/2019:09:48:23 +0000] "GET /en/apartments/bibinje-trosoban-apartman-i-garsonjera-25-m-od-plaze-100-m2 HTTP/1.0" 200 26716 "https://www.citadela.hr/en/apartments" "LCC (+http://corpora.informatik.uni-leipzig.de/crawler_faq.html)"
139.18.2.214 - - [25/Aug/2019:09:48:48 +0000] "GET /en/apartments/privlaka-dvosoban-apartman-120-metara-od-pjescane-plaze-84-m2 HTTP/1.0" 200 23651 "https://www.citadela.hr/en/apartments" "LCC (+http://corpora.informatik.uni-leipzig.de/crawler_faq.html)"
66.249.66.44 - - [25/Aug/2019:09:48:48 +0000] "GET /hr/pretraga?category=&type=&place=36&area=167&price=300000&surface=200 HTTP/1.1" 500 4485 "-" "Mozilla/5.0 (Linux; Android 6.0.1; Nexus 5X Build/MMB29P) AppleWebKit/537.36 (KHTML, like Gecko) Chrome/41.0.2272.96 Mobile Safari/537.36 (compatible; Googlebot/2.1; +http://www.google.com/bot.html)"
139.18.2.214 - - [25/Aug/2019:09:49:01 +0000] "GET /en/apartments/sibenik-kamena-kuca-u-centru-grada-87-m2 HTTP/1.0" 200 23811 "https://www.citadela.hr/en/apartments" "LCC (+http://corpora.informatik.uni-leipzig.de/crawler_faq.html)"
139.18.2.214 - - [25/Aug/2019:09:49:10 +0000] "GET /en/apartments/starigrad-trosoban-stan-s-pogledom-na-more-10560-m2-novogradnja HTTP/1.0" 200 27930 "https://www.citadela.hr/en/apartments" "LCC (+http://corpora.informatik.uni-leipzig.de/crawler_faq.html)"
139.18.2.214 - - [25/Aug/2019:09:49:20 +0000] "GET /en/apartments/kozino-namjesten-apartman-prvi-red-do-mora-4783-m2 HTTP/1.0" 200 26258 "https://www.citadela.hr/en/apartments" "LCC (+http://corpora.informatik.uni-leipzig.de/crawler_faq.html)"
139.18.2.214 - - [25/Aug/2019:09:49:31 +0000] "GET /en/apartments/vinjerac-novi-apartman-s-pogledom-na-more-6397-m2 HTTP/1.0" 200 27111 "https://www.citadela.hr/en/apartments" "LCC (+http://corpora.informatik.uni-leipzig.de/crawler_faq.html)"
139.18.2.214 - - [25/Aug/2019:09:49:40 +0000] "GET /en/apartments/vinjerac-dvoetazni-cetverosoban-apartman-17576-m2-novogradnja HTTP/1.0" 200 29839 "https://www.citadela.hr/en/apartments" "LCC (+http://corpora.informatik.uni-leipzig.de/crawler_faq.html)"
139.18.2.214 - - [25/Aug/2019:09:49:50 +0000] "GET /en/apartments?page=2 HTTP/1.0" 200 26423 "https://www.citadela.hr/en/apartments" "LCC (+http://corpora.informatik.uni-leipzig.de/crawler_faq.html)"
139.18.2.214 - - [25/Aug/2019:09:50:00 +0000] "GET /en/offices/murter-centar-restoran-s-terasom-i-dva-apartmana-180-m2 HTTP/1.0" 200 26795 "https://www.citadela.hr/en/offices" "LCC (+http://corpora.informatik.uni-leipzig.de/crawler_faq.html)"
139.18.2.214 - - [25/Aug/2019:09:50:11 +0000] "GET /en/offices/vodice-hala-za-razne-namjene-1096-m2-dvoriste-1700-m2 HTTP/1.0" 200 24685 "https://www.citadela.hr/en/offices" "LCC (+http://corpora.informatik.uni-leipzig.de/crawler_faq.html)"
139.18.2.214 - - [25/Aug/2019:09:50:22 +0000] "GET /hr/poslovni-prostori/sibenik-plisac-poslovni-prostor-uredski-4362-m2 HTTP/1.0" 200 22436 "https://www.citadela.hr/hr/snizeno" "LCC (+http://corpora.informatik.uni-leipzig.de/crawler_faq.html)"
139.18.2.214 - - [25/Aug/2019:09:50:33 +0000] "GET /hr/stanovi/zadar-bulevar-renovirani-dvosoban-stan-7911-m2 HTTP/1.0" 200 23195 "https://www.citadela.hr/hr/stanovi" "LCC (+http://corpora.informatik.uni-leipzig.de/crawler_faq.html)"
139.18.2.214 - - [25/Aug/2019:09:50:45 +0000] "GET /hr/stanovi/sibenik-vidici-trosoban-stan-s-garazom-105-m2 HTTP/1.0" 200 27406 "https://www.citadela.hr/hr/stanovi" "LCC (+http://corpora.informatik.uni-leipzig.de/crawler_faq.html)"
139.18.2.214 - - [25/Aug/2019:09:50:55 +0000] "GET /hr/kuce/bibinje-kuca-drugi-red-do-mora-s-izravnim-pristupom-na-plazu-386-m2 HTTP/1.0" 200 30715 "https://www.citadela.hr/hr/kuce" "LCC (+http://corpora.informatik.uni-leipzig.de/crawler_faq.html)"
66.249.66.44 - - [25/Aug/2019:09:52:48 +0000] "GET /en/search?category=&type=&place=9&area=&price=200000&surface=10 HTTP/1.1" 500 4485 "-" "Mozilla/5.0 (Linux; Android 6.0.1; Nexus 5X Build/MMB29P) AppleWebKit/537.36 (KHTML, like Gecko) Chrome/41.0.2272.96 Mobile Safari/537.36 (compatible; Googlebot/2.1; +http://www.google.com/bot.html)"
139.18.2.214 - - [25/Aug/2019:10:01:28 +0000] "GET /hr/kuce/petrcane-punta-skala-vikendica-s-3-apartmana-i-pogledom-na-more HTTP/1.0" 200 29627 "https://www.citadela.hr/hr/kuce" "LCC (+http://corpora.informatik.uni-leipzig.de/crawler_faq.html)"
139.18.2.214 - - [25/Aug/2019:10:01:37 +0000] "GET /hr/kuce/otok-ugljan-kali-vikendica-u-blizini-plaze-s-pogledom-na-more HTTP/1.0" 200 25573 "https://www.citadela.hr/hr/kuce" "LCC (+http://corpora.informatik.uni-leipzig.de/crawler_faq.html)"
139.18.2.214 - - [25/Aug/2019:10:01:45 +0000] "GET /hr/kuce/posedarje-kuca-prvi-red-do-mora-322-m2 HTTP/1.0" 200 23872 "https://www.citadela.hr/hr/kuce" "LCC (+http://corpora.informatik.uni-leipzig.de/crawler_faq.html)"
139.18.2.214 - - [25/Aug/2019:10:01:55 +0000] "GET /hr/kuce/zadar-relja-kuca-i-dvor-pored-autobusnog-kolodvora HTTP/1.0" 200 23274 "https://www.citadela.hr/hr/kuce" "LCC (+http://corpora.informatik.uni-leipzig.de/crawler_faq.html)"
139.18.2.214 - - [25/Aug/2019:10:02:03 +0000] "GET /hr/kuce/sibenik-kamena-kuca-u-centru-grada-87-m2 HTTP/1.0" 200 23977 "https://www.citadela.hr/hr/kuce" "LCC (+http://corpora.informatik.uni-leipzig.de/crawler_faq.html)"
139.18.2.214 - - [25/Aug/2019:10:02:14 +0000] "GET /hr/kuce/sukosan-kuca-za-odmor-156-m2 HTTP/1.0" 200 26726 "https://www.citadela.hr/hr/kuce" "LCC (+http://corpora.informatik.uni-leipzig.de/crawler_faq.html)"
139.18.2.214 - - [25/Aug/2019:10:02:27 +0000] "GET /hr/kuce/pag-centar-kuca-na-4-etaze-60-metara-od-mora-250-m2 HTTP/1.0" 200 25357 "https://www.citadela.hr/hr/kuce" "LCC (+http://corpora.informatik.uni-leipzig.de/crawler_faq.html)"
139.18.2.214 - - [25/Aug/2019:10:02:38 +0000] "GET /hr/kuce/zadar-sinjoretovo-kuca-s-5-stanova-350-m2 HTTP/1.0" 200 22459 "https://www.citadela.hr/hr/kuce" "LCC (+http://corpora.informatik.uni-leipzig.de/crawler_faq.html)"
139.18.2.214 - - [25/Aug/2019:10:02:52 +0000] "GET /hr/kuce/nin-centar-kuca-pored-ostataka-rimskog-hrama-220-m2 HTTP/1.0" 200 25614 "https://www.citadela.hr/hr/kuce" "LCC (+http://corpora.informatik.uni-leipzig.de/crawler_faq.html)"
139.18.2.214 - - [25/Aug/2019:10:03:07 +0000] "GET /hr/kuce?page=2 HTTP/1.0" 200 31735 "https://www.citadela.hr/hr/kuce" "LCC (+http://corpora.informatik.uni-leipzig.de/crawler_faq.html)"
46.229.168.163 - - [25/Aug/2019:10:04:10 +0000] "GET /robots.txt HTTP/1.1" 200 24 "-" "Mozilla/5.0 (compatible; SemrushBot/6~bl; +http://www.semrush.com/bot.html)"
46.229.168.151 - - [25/Aug/2019:10:04:11 +0000] "GET /zemljista?page=4 HTTP/1.1" 200 5513 "-" "Mozilla/5.0 (compatible; SemrushBot/6~bl; +http://www.semrush.com/bot.html)"
66.249.66.42 - - [25/Aug/2019:10:09:48 +0000] "GET /pretraga?category=&type=sale&place=41&area=&price=300000&surface=200 HTTP/1.1" 500 4485 "-" "Mozilla/5.0 (Linux; Android 6.0.1; Nexus 5X Build/MMB29P) AppleWebKit/537.36 (KHTML, like Gecko) Chrome/41.0.2272.96 Mobile Safari/537.36 (compatible; Googlebot/2.1; +http://www.google.com/bot.html)"
66.249.66.46 - - [25/Aug/2019:10:12:48 +0000] "GET /en/search?category=&type=&place=4&area=&price=300000&surface=10 HTTP/1.1" 500 4485 "-" "Mozilla/5.0 (Linux; Android 6.0.1; Nexus 5X Build/MMB29P) AppleWebKit/537.36 (KHTML, like Gecko) Chrome/41.0.2272.96 Mobile Safari/537.36 (compatible; Googlebot/2.1; +http://www.google.com/bot.html)"
139.18.2.214 - - [25/Aug/2019:10:13:44 +0000] "GET /hr/kuce?page=3 HTTP/1.0" 200 32396 "https://www.citadela.hr/hr/kuce" "LCC (+http://corpora.informatik.uni-leipzig.de/crawler_faq.html)"
66.249.66.44 - - [25/Aug/2019:10:14:48 +0000] "GET /hr/pretraga?category=&place=3&price=300000&surface=10 HTTP/1.1" 500 4485 "-" "Mozilla/5.0 (Linux; Android 6.0.1; Nexus 5X Build/MMB29P) AppleWebKit/537.36 (KHTML, like Gecko) Chrome/41.0.2272.96 Mobile Safari/537.36 (compatible; Googlebot/2.1; +http://www.google.com/bot.html)"
66.249.66.46 - - [25/Aug/2019:10:15:48 +0000] "GET /pretraga?category=&type=&place=36&area=171&price=1000000&surface= HTTP/1.1" 500 4485 "-" "Mozilla/5.0 (Linux; Android 6.0.1; Nexus 5X Build/MMB29P) AppleWebKit/537.36 (KHTML, like Gecko) Chrome/41.0.2272.96 Mobile Safari/537.36 (compatible; Googlebot/2.1; +http://www.google.com/bot.html)"
66.249.66.44 - - [25/Aug/2019:10:17:03 +0000] "GET /en/lands HTTP/1.1" 200 5282 "-" "Mozilla/5.0 (compatible; Googlebot/2.1; +http://www.google.com/bot.html)"
139.18.2.214 - - [25/Aug/2019:10:24:22 +0000] "GET /hr/kuce?page=4 HTTP/1.0" 200 19929 "https://www.citadela.hr/hr/kuce" "LCC (+http://corpora.informatik.uni-leipzig.de/crawler_faq.html)"
139.18.2.214 - - [25/Aug/2019:10:24:33 +0000] "GET /hr/zemljista/sv-filip-i-jakov-zemljiste-2225-m2-pogodno-za-vikendicu-od-30-m2 HTTP/1.0" 200 22888 "https://www.citadela.hr/hr/zemljista" "LCC (+http://corpora.informatik.uni-leipzig.de/crawler_faq.html)"
139.18.2.214 - - [25/Aug/2019:10:24:41 +0000] "GET /hr/zemljista/bibinje-gradevinsko-zemljiste-687-m2 HTTP/1.0" 200 22957 "https://www.citadela.hr/hr/zemljista" "LCC (+http://corpora.informatik.uni-leipzig.de/crawler_faq.html)"
139.18.2.214 - - [25/Aug/2019:10:24:51 +0000] "GET /hr/zemljista/pasman-tkon-gradevinsko-zemljiste-drugi-red-do-mora-2173-m2 HTTP/1.0" 200 23210 "https://www.citadela.hr/hr/zemljista" "LCC (+http://corpora.informatik.uni-leipzig.de/crawler_faq.html)"
139.18.2.214 - - [25/Aug/2019:10:24:59 +0000] "GET /hr/zemljista/rtina-gradevinsko-zemljiste-prvi-red-do-mora-715-m2 HTTP/1.0" 200 24732 "https://www.citadela.hr/hr/zemljista" "LCC (+http://corpora.informatik.uni-leipzig.de/crawler_faq.html)"
139.18.2.214 - - [25/Aug/2019:10:25:08 +0000] "GET /hr/zemljista/dugi-otok-zaglav-gradevinsko-zemljiste-prvi-red-do-mora-667-m2 HTTP/1.0" 200 24848 "https://www.citadela.hr/hr/zemljista" "LCC (+http://corpora.informatik.uni-leipzig.de/crawler_faq.html)"
139.18.2.214 - - [25/Aug/2019:10:25:18 +0000] "GET /hr/zemljista/rovanjska-gradevinsko-zemljiste-pogled-na-more-686-m2 HTTP/1.0" 200 24192 "https://www.citadela.hr/hr/zemljista" "LCC (+http://corpora.informatik.uni-leipzig.de/crawler_faq.html)"
139.18.2.214 - - [25/Aug/2019:10:25:28 +0000] "GET /hr/zemljista/rovanjska-gradevinsko-zemljiste-s-pogledom-na-more-700-m2 HTTP/1.0" 200 24213 "https://www.citadela.hr/hr/zemljista" "LCC (+http://corpora.informatik.uni-leipzig.de/crawler_faq.html)"
139.18.2.214 - - [25/Aug/2019:10:25:41 +0000] "GET /hr/zemljista/rovanjska-gradevinsko-zemljiste-u-blizini-mora-645-m2-59-m2 HTTP/1.0" 200 24730 "https://www.citadela.hr/hr/zemljista" "LCC (+http://corpora.informatik.uni-leipzig.de/crawler_faq.html)"
66.249.66.42 - - [25/Aug/2019:10:25:48 +0000] "GET /hr/pretraga?category=&type=&place=59&area=&price=200000&surface=10 HTTP/1.1" 500 4485 "-" "Mozilla/5.0 (Linux; Android 6.0.1; Nexus 5X Build/MMB29P) AppleWebKit/537.36 (KHTML, like Gecko) Chrome/41.0.2272.96 Mobile Safari/537.36 (compatible; Googlebot/2.1; +http://www.google.com/bot.html)"
