66.249.66.42 - - [25/Aug/2019:05:28:48 +0000] "GET /hr/pretraga?category=&type=&place=58&area=157&price=500000&surface=200 HTTP/1.1" 500 4485 "-" "Mozilla/5.0 (Linux; Android 6.0.1; Nexus 5X Build/MMB29P) AppleWebKit/537.36 (KHTML, like Gecko) Chrome/41.0.2272.96 Mobile Safari/537.36 (compatible; Googlebot/2.1; +http://www.google.com/bot.html)"
66.249.66.46 - - [25/Aug/2019:05:29:48 +0000] "GET /en/search?category=&type=&place=43&area=&price=500000&surface=100 HTTP/1.1" 500 4485 "-" "Mozilla/5.0 (Linux; Android 6.0.1; Nexus 5X Build/MMB29P) AppleWebKit/537.36 (KHTML, like Gecko) Chrome/41.0.2272.96 Mobile Safari/537.36 (compatible; Googlebot/2.1; +http://www.google.com/bot.html)"
66.249.66.42 - - [25/Aug/2019:05:31:48 +0000] "GET /en/search?category=&type=&place=36&area=180&price=100000&surface=10 HTTP/1.1" 500 4485 "-" "Mozilla/5.0 (Linux; Android 6.0.1; Nexus 5X Build/MMB29P) AppleWebKit/537.36 (KHTML, like Gecko) Chrome/41.0.2272.96 Mobile Safari/537.36 (compatible; Googlebot/2.1; +http://www.google.com/bot.html)"
66.249.66.44 - - [25/Aug/2019:05:32:48 +0000] "GET /en/search?category=&type=&place=41&area=&price=500000&surface= HTTP/1.1" 500 4485 "-" "Mozilla/5.0 (Linux; Android 6.0.1; Nexus 5X Build/MMB29P) AppleWebKit/537.36 (KHTML, like Gecko) Chrome/41.0.2272.96 Mobile Safari/537.36 (compatible; Googlebot/2.1; +http://www.google.com/bot.html)"
66.249.66.46 - - [25/Aug/2019:05:33:48 +0000] "GET /pretraga?category=&type=&place=50&area=&price=300000&surface=200 HTTP/1.1" 500 4485 "-" "Mozilla/5.0 (Linux; Android 6.0.1; Nexus 5X Build/MMB29P) AppleWebKit/537.36 (KHTML, like Gecko) Chrome/41.0.2272.96 Mobile Safari/537.36 (compatible; Googlebot/2.1; +http://www.google.com/bot.html)"
66.249.66.42 - - [25/Aug/2019:05:34:48 +0000] "GET /en/search?category=&type=&place=36&area=170&price=200000&surface=200 HTTP/1.1" 500 4485 "-" "Mozilla/5.0 (Linux; Android 6.0.1; Nexus 5X Build/MMB29P) AppleWebKit/537.36 (KHTML, like Gecko) Chrome/41.0.2272.96 Mobile Safari/537.36 (compatible; Googlebot/2.1; +http://www.google.com/bot.html)"
66.249.66.44 - - [25/Aug/2019:05:35:48 +0000] "GET /hr/pretraga?category=&type=&place=58&area=159&price=500000&surface=100 HTTP/1.1" 500 4485 "-" "Mozilla/5.0 (Linux; Android 6.0.1; Nexus 5X Build/MMB29P) AppleWebKit/537.36 (KHTML, like Gecko) Chrome/41.0.2272.96 Mobile Safari/537.36 (compatible; Googlebot/2.1; +http://www.google.com/bot.html)"
66.249.66.44 - - [25/Aug/2019:05:36:48 +0000] "GET /hr/pretraga?category=&type=&place=38&area=157&price=1000000&surface=50 HTTP/1.1" 500 4485 "-" "Mozilla/5.0 (Linux; Android 6.0.1; Nexus 5X Build/MMB29P) AppleWebKit/537.36 (KHTML, like Gecko) Chrome/41.0.2272.96 Mobile Safari/537.36 (compatible; Googlebot/2.1; +http://www.google.com/bot.html)"
139.18.2.214 - - [25/Aug/2019:05:37:47 +0000] "GET /poslovni-prostori HTTP/1.0" 200 22464 "https://www.citadela.hr/" "LCC (+http://corpora.informatik.uni-leipzig.de/crawler_faq.html)"
66.249.66.46 - - [25/Aug/2019:05:37:48 +0000] "GET /en/search?category=&type=&place=58&area=161&price=200000&surface=200 HTTP/1.1" 500 4485 "-" "Mozilla/5.0 (Linux; Android 6.0.1; Nexus 5X Build/MMB29P) AppleWebKit/537.36 (KHTML, like Gecko) Chrome/41.0.2272.96 Mobile Safari/537.36 (compatible; Googlebot/2.1; +http://www.google.com/bot.html)"
139.18.2.214 - - [25/Aug/2019:05:38:02 +0000] "GET /blog HTTP/1.0" 200 20615 "https://www.citadela.hr/" "LCC (+http://corpora.informatik.uni-leipzig.de/crawler_faq.html)"
139.18.2.214 - - [25/Aug/2019:05:38:18 +0000] "GET /kontakt HTTP/1.0" 200 18377 "https://www.citadela.hr/" "LCC (+http://corpora.informatik.uni-leipzig.de/crawler_faq.html)"
139.18.2.214 - - [25/Aug/2019:05:38:27 +0000] "GET /zemljista/starigrad-gradevinsko-zemljiste-prvi-red-do-mora-1000-m2 HTTP/1.0" 200 26396 "https://www.citadela.hr/" "LCC (+http://corpora.informatik.uni-leipzig.de/crawler_faq.html)"
139.18.2.214 - - [25/Aug/2019:05:38:38 +0000] "GET /kuce/hotel-u-centru-zadra-s-pogledom-na-sv-donat-182-m2 HTTP/1.0" 200 30795 "https://www.citadela.hr/" "LCC (+http://corpora.informatik.uni-leipzig.de/crawler_faq.html)"
66.249.66.46 - - [25/Aug/2019:05:38:48 +0000] "GET /en/search?category=&type=&place=36&area=161&price=&surface= HTTP/1.1" 500 4485 "-" "Mozilla/5.0 (Linux; Android 6.0.1; Nexus 5X Build/MMB29P) AppleWebKit/537.36 (KHTML, like Gecko) Chrome/41.0.2272.96 Mobile Safari/537.36 (compatible; Googlebot/2.1; +http://www.google.com/bot.html)"
66.249.66.42 - - [25/Aug/2019:05:39:48 +0000] "GET /pretraga?category=&type=&place=13&area=&price=300000&surface=200 HTTP/1.1" 500 4485 "-" "Mozilla/5.0 (Linux; Android 6.0.1; Nexus 5X Build/MMB29P) AppleWebKit/537.36 (KHTML, like Gecko) Chrome/41.0.2272.96 Mobile Safari/537.36 (compatible; Googlebot/2.1; +http://www.google.com/bot.html)"
66.249.66.44 - - [25/Aug/2019:05:41:48 +0000] "GET /hr/pretraga?category=&type=&place=58&area=&price=1000000&surface=50 HTTP/1.1" 500 4485 "-" "Mozilla/5.0 (Linux; Android 6.0.1; Nexus 5X Build/MMB29P) AppleWebKit/537.36 (KHTML, like Gecko) Chrome/41.0.2272.96 Mobile Safari/537.36 (compatible; Googlebot/2.1; +http://www.google.com/bot.html)"
66.249.66.44 - - [25/Aug/2019:05:42:48 +0000] "GET /en/search?category=&type=&place=36&area=170&price=500000&surface=100 HTTP/1.1" 500 4485 "-" "Mozilla/5.0 (Linux; Android 6.0.1; Nexus 5X Build/MMB29P) AppleWebKit/537.36 (KHTML, like Gecko) Chrome/41.0.2272.96 Mobile Safari/537.36 (compatible; Googlebot/2.1; +http://www.google.com/bot.html)"
66.249.66.44 - - [25/Aug/2019:05:43:48 +0000] "GET /hr/pretraga?category=&type=&place=37&area=&price=300000&surface=50 HTTP/1.1" 500 4485 "-" "Mozilla/5.0 (Linux; Android 6.0.1; Nexus 5X Build/MMB29P) AppleWebKit/537.36 (KHTML, like Gecko) Chrome/41.0.2272.96 Mobile Safari/537.36 (compatible; Googlebot/2.1; +http://www.google.com/bot.html)"
66.249.66.42 - - [25/Aug/2019:05:44:48 +0000] "GET /pretraga?category=&type=&place=36&area=161&price=1000000&surface=200 HTTP/1.1" 500 4485 "-" "Mozilla/5.0 (Linux; Android 6.0.1; Nexus 5X Build/MMB29P) AppleWebKit/537.36 (KHTML, like Gecko) Chrome/41.0.2272.96 Mobile Safari/537.36 (compatible; Googlebot/2.1; +http://www.google.com/bot.html)"
66.249.66.44 - - [25/Aug/2019:05:45:48 +0000] "GET /pretraga?category=&type=&place=10&area=&price=300000&surface=10 HTTP/1.1" 500 4485 "-" "Mozilla/5.0 (Linux; Android 6.0.1; Nexus 5X Build/MMB29P) AppleWebKit/537.36 (KHTML, like Gecko) Chrome/41.0.2272.96 Mobile Safari/537.36 (compatible; Googlebot/2.1; +http://www.google.com/bot.html)"
66.249.66.42 - - [25/Aug/2019:05:46:48 +0000] "GET /pretraga?category=&type=&place=53&area=157&price=200000&surface=50 HTTP/1.1" 500 4485 "-" "Mozilla/5.0 (Linux; Android 6.0.1; Nexus 5X Build/MMB29P) AppleWebKit/537.36 (KHTML, like Gecko) Chrome/41.0.2272.96 Mobile Safari/537.36 (compatible; Googlebot/2.1; +http://www.google.com/bot.html)"
66.249.66.44 - - [25/Aug/2019:05:47:48 +0000] "GET /hr/pretraga?category=&type=&place=18&area=&price=50000&surface=200 HTTP/1.1" 500 4485 "-" "Mozilla/5.0 (Linux; Android 6.0.1; Nexus 5X Build/MMB29P) AppleWebKit/537.36 (KHTML, like Gecko) Chrome/41.0.2272.96 Mobile Safari/537.36 (compatible; Googlebot/2.1; +http://www.google.com/bot.html)"
66.249.66.46 - - [25/Aug/2019:05:48:48 +0000] "GET /hr/pretraga?category=&place=36&price=&surface=200 HTTP/1.1" 500 4485 "-" "Mozilla/5.0 (Linux; Android 6.0.1; Nexus 5X Build/MMB29P) AppleWebKit/537.36 (KHTML, like Gecko) Chrome/41.0.2272.96 Mobile Safari/537.36 (compatible; Googlebot/2.1; +http://www.google.com/bot.html)"
139.18.2.214 - - [25/Aug/2019:05:49:11 +0000] "GET /zemljista/dugi-rat-sumpetar-gradevinsko-zemljiste-s-pogledom-na-more-476-m2 HTTP/1.0" 200 25993 "https://www.citadela.hr/" "LCC (+http://corpora.informatik.uni-leipzig.de/crawler_faq.html)"
139.18.2.214 - - [25/Aug/2019:05:49:20 +0000] "GET /blog/prosjecne-cijene-stanova-u-zadru-porasle-za-1308 HTTP/1.0" 200 20186 "https://www.citadela.hr/" "LCC (+http://corpora.informatik.uni-leipzig.de/crawler_faq.html)"
139.18.2.214 - - [25/Aug/2019:05:49:34 +0000] "GET /blog/prosjecne-cijene-stanova-u-zadarskoj-zupaniji-porasle-za-981 HTTP/1.0" 200 20045 "https://www.citadela.hr/" "LCC (+http://corpora.informatik.uni-leipzig.de/crawler_faq.html)"
139.18.2.214 - - [25/Aug/2019:05:49:56 +0000] "GET /blog/prosjecna-cijena-kvadrata-stana-u-sibeniku-porasla-za-489 HTTP/1.0" 200 19451 "https://www.citadela.hr/" "LCC (+http://corpora.informatik.uni-leipzig.de/crawler_faq.html)"
139.18.2.214 - - [25/Aug/2019:05:50:10 +0000] "GET /en/offer-property HTTP/1.0" 200 17927 "https://www.citadela.hr/en" "LCC (+http://corpora.informatik.uni-leipzig.de/crawler_faq.html)"
139.18.2.214 - - [25/Aug/2019:05:50:23 +0000] "GET /en/about-us HTTP/1.0" 200 17799 "https://www.citadela.hr/en" "LCC (+http://corpora.informatik.uni-leipzig.de/crawler_faq.html)"
139.18.2.214 - - [25/Aug/2019:05:50:32 +0000] "GET /en/sale HTTP/1.0" 200 19508 "https://www.citadela.hr/en" "LCC (+http://corpora.informatik.uni-leipzig.de/crawler_faq.html)"
139.18.2.214 - - [25/Aug/2019:05:50:42 +0000] "GET /en/flats HTTP/1.0" 200 20691 "https://www.citadela.hr/en" "LCC (+http://corpora.informatik.uni-leipzig.de/crawler_faq.html)"
66.249.66.46 - - [25/Aug/2019:05:50:48 +0000] "GET /en/search?category=&type=&place=14&area=&price=200000&surface=100 HTTP/1.1" 500 4485 "-" "Mozilla/5.0 (Linux; Android 6.0.1; Nexus 5X Build/MMB29P) AppleWebKit/537.36 (KHTML, like Gecko) Chrome/41.0.2272.96 Mobile Safari/537.36 (compatible; Googlebot/2.1; +http://www.google.com/bot.html)"
139.18.2.214 - - [25/Aug/2019:05:50:53 +0000] "GET /en/houses HTTP/1.0" 200 31125 "https://www.citadela.hr/en" "LCC (+http://corpora.informatik.uni-leipzig.de/crawler_faq.html)"
66.249.66.46 - - [25/Aug/2019:05:58:48 +0000] "GET /apartmani/bibinje-trosoban-apartman-25-metara-od-plaze-100-m2 HTTP/1.1" 500 4485 "-" "Mozilla/5.0 (Linux; Android 6.0.1; Nexus 5X Build/MMB29P) AppleWebKit/537.36 (KHTML, like Gecko) Chrome/41.0.2272.96 Mobile Safari/537.36 (compatible; Googlebot/2.1; +http://www.google.com/bot.html)"
139.18.2.214 - - [25/Aug/2019:06:01:28 +0000] "GET /en/lands HTTP/1.0" 200 31855 "https://www.citadela.hr/en" "LCC (+http://corpora.informatik.uni-leipzig.de/crawler_faq.html)"
46.229.168.131 - - [25/Aug/2019:06:01:48 +0000] "GET /robots.txt HTTP/1.1" 200 24 "-" "Mozilla/5.0 (compatible; SemrushBot/6~bl; +http://www.semrush.com/bot.html)"
46.229.168.145 - - [25/Aug/2019:06:01:48 +0000] "GET /en/flats HTTP/1.1" 200 4357 "-" "Mozilla/5.0 (compatible; SemrushBot/6~bl; +http://www.semrush.com/bot.html)"
66.249.66.44 - - [25/Aug/2019:06:06:48 +0000] "GET /hr/pretraga?category=&type=&place=20&area=&price=&surface=50 HTTP/1.1" 500 4485 "-" "Mozilla/5.0 (Linux; Android 6.0.1; Nexus 5X Build/MMB29P) AppleWebKit/537.36 (KHTML, like Gecko) Chrome/41.0.2272.96 Mobile Safari/537.36 (compatible; Googlebot/2.1; +http://www.google.com/bot.html)"
139.18.2.214 - - [25/Aug/2019:06:11:59 +0000] "GET /en/apartments HTTP/1.0" 200 31522 "https://www.citadela.hr/en" "LCC (+http://corpora.informatik.uni-leipzig.de/crawler_faq.html)"
66.249.66.42 - - [25/Aug/2019:06:12:48 +0000] "GET /en/search?category=&type=&place=4&area=&price=&surface=50 HTTP/1.1" 500 4485 "-" "Mozilla/5.0 (Linux; Android 6.0.1; Nexus 5X Build/MMB29P) AppleWebKit/537.36 (KHTML, like Gecko) Chrome/41.0.2272.96 Mobile Safari/537.36 (compatible; Googlebot/2.1; +http://www.google.com/bot.html)"
66.249.66.46 - - [25/Aug/2019:06:14:48 +0000] "GET /pretraga?category=&type=&place=49&area=&price=1000000&surface=200 HTTP/1.1" 500 4485 "-" "Mozilla/5.0 (Linux; Android 6.0.1; Nexus 5X Build/MMB29P) AppleWebKit/537.36 (KHTML, like Gecko) Chrome/41.0.2272.96 Mobile Safari/537.36 (compatible; Googlebot/2.1; +http://www.google.com/bot.html)"
66.249.66.44 - - [25/Aug/2019:06:15:48 +0000] "GET /hr/pretraga?category=&type=&place=36&area=170&price=500000&surface=10 HTTP/1.1" 500 4485 "-" "Mozilla/5.0 (Linux; Android 6.0.1; Nexus 5X Build/MMB29P) AppleWebKit/537.36 (KHTML, like Gecko) Chrome/41.0.2272.96 Mobile Safari/537.36 (compatible; Googlebot/2.1; +http://www.google.com/bot.html)"
46.229.168.131 - - [25/Aug/2019:06:16:44 +0000] "GET /hr/kuce/primosten-dolac-kuca-s-pogledom-na-more-16869-m2 HTTP/1.1" 200 6048 "-" "Mozilla/5.0 (compatible; SemrushBot/6~bl; +http://www.semrush.com/bot.html)"
66.249.66.46 - - [25/Aug/2019:06:16:48 +0000] "GET /pretraga?category=1&type=&place=36&area=&price=200000&surface=100 HTTP/1.1" 500 4485 "-" "Mozilla/5.0 (Linux; Android 6.0.1; Nexus 5X Build/MMB29P) AppleWebKit/537.36 (KHTML, like Gecko) Chrome/41.0.2272.96 Mobile Safari/537.36 (compatible; Googlebot/2.1; +http://www.google.com/bot.html)"
66.249.66.44 - - [25/Aug/2019:06:17:48 +0000] "GET /hr/pretraga?category=&type=&place=47&area=&price=50000&surface=200 HTTP/1.1" 500 4485 "-" "Mozilla/5.0 (Linux; Android 6.0.1; Nexus 5X Build/MMB29P) AppleWebKit/537.36 (KHTML, like Gecko) Chrome/41.0.2272.96 Mobile Safari/537.36 (compatible; Googlebot/2.1; +http://www.google.com/bot.html)"
66.249.66.44 - - [25/Aug/2019:06:18:48 +0000] "GET /en/search?category=&type=&place=12&area=&price=200000&surface=100 HTTP/1.1" 500 4485 "-" "Mozilla/5.0 (Linux; Android 6.0.1; Nexus 5X Build/MMB29P) AppleWebKit/537.36 (KHTML, like Gecko) Chrome/41.0.2272.96 Mobile Safari/537.36 (compatible; Googlebot/2.1; +http://www.google.com/bot.html)"
66.249.66.42 - - [25/Aug/2019:06:20:48 +0000] "GET /hr/pretraga?category=&type=&place=5&area=&price=1000000&surface=100 HTTP/1.1" 500 4485 "-" "Mozilla/5.0 (Linux; Android 6.0.1; Nexus 5X Build/MMB29P) AppleWebKit/537.36 (KHTML, like Gecko) Chrome/41.0.2272.96 Mobile Safari/537.36 (compatible; Googlebot/2.1; +http://www.google.com/bot.html)"
66.249.66.44 - - [25/Aug/2019:06:21:48 +0000] "GET /pretraga?category=&type=&place=58&area=159&price=200000&surface=10 HTTP/1.1" 500 4485 "-" "Mozilla/5.0 (Linux; Android 6.0.1; Nexus 5X Build/MMB29P) AppleWebKit/537.36 (KHTML, like Gecko) Chrome/41.0.2272.96 Mobile Safari/537.36 (compatible; Googlebot/2.1; +http://www.google.com/bot.html)"
54.36.150.185 - - [25/Aug/2019:06:22:16 +0000] "GET /en/houses/slivnica-kuca-za-odmor-s-pogledom-na-more-19210-m2 HTTP/1.1" 200 5616 "-" "Mozilla/5.0 (compatible; AhrefsBot/6.1; +http://ahrefs.com/robot/)"
139.18.2.214 - - [25/Aug/2019:06:22:36 +0000] "GET /en/offices HTTP/1.0" 200 22265 "https://www.citadela.hr/en" "LCC (+http://corpora.informatik.uni-leipzig.de/crawler_faq.html)"
139.18.2.214 - - [25/Aug/2019:06:22:47 +0000] "GET /en/blog HTTP/1.0" 200 14810 "https://www.citadela.hr/en" "LCC (+http://corpora.informatik.uni-leipzig.de/crawler_faq.html)"
66.249.66.42 - - [25/Aug/2019:06:22:48 +0000] "GET /en/search?category=&place=4&price=100000&surface=50 HTTP/1.1" 500 4485 "-" "Mozilla/5.0 (Linux; Android 6.0.1; Nexus 5X Build/MMB29P) AppleWebKit/537.36 (KHTML, like Gecko) Chrome/41.0.2272.96 Mobile Safari/537.36 (compatible; Googlebot/2.1; +http://www.google.com/bot.html)"
139.18.2.214 - - [25/Aug/2019:06:22:56 +0000] "GET /en/contact HTTP/1.0" 200 18188 "https://www.citadela.hr/en" "LCC (+http://corpora.informatik.uni-leipzig.de/crawler_faq.html)"
139.18.2.214 - - [25/Aug/2019:06:23:05 +0000] "GET /en/lands/starigrad-paklenica-building-plot-1st-row-from-the-sea-1000-m2 HTTP/1.0" 200 25593 "https://www.citadela.hr/en" "LCC (+http://corpora.informatik.uni-leipzig.de/crawler_faq.html)"
139.18.2.214 - - [25/Aug/2019:06:23:21 +0000] "GET /en/houses/hotel-u-centru-zadra-s-pogledom-na-sv-donat-182-m2 HTTP/1.0" 200 30707 "https://www.citadela.hr/en" "LCC (+http://corpora.informatik.uni-leipzig.de/crawler_faq.html)"
66.249.66.44 - - [25/Aug/2019:06:23:48 +0000] "GET /en/search?category=&type=&place=36&area=173&price=500000&surface=10 HTTP/1.1" 500 4485 "-" "Mozilla/5.0 (Linux; Android 6.0.1; Nexus 5X Build/MMB29P) AppleWebKit/537.36 (KHTML, like Gecko) Chrome/41.0.2272.96 Mobile Safari/537.36 (compatible; Googlebot/2.1; +http://www.google.com/bot.html)"
31.15.250.28 - - [25/Aug/2019:06:24:21 +0000] "GET /uploads/images/d52769a695078a5dc3698aecf9d945f0.jpg HTTP/1.1" 200 298467 "https://www.google.si/" "Mozilla/5.0 (iPad; CPU OS 12_1 like Mac OS X) AppleWebKit/605.1.15 (KHTML, like Gecko) Version/12.0 Mobile/15E148 Safari/604.1"
66.249.66.42 - - [25/Aug/2019:06:24:48 +0000] "GET /pretraga?category=&type=&place=36&area=160&price=300000&surface=100 HTTP/1.1" 500 4485 "-" "Mozilla/5.0 (Linux; Android 6.0.1; Nexus 5X Build/MMB29P) AppleWebKit/537.36 (KHTML, like Gecko) Chrome/41.0.2272.96 Mobile Safari/537.36 (compatible; Googlebot/2.1; +http://www.google.com/bot.html)"
157.55.39.37 - - [25/Aug/2019:06:24:58 +0000] "GET /robots.txt HTTP/1.1" 301 242 "-" "Mozilla/5.0 (compatible; bingbot/2.0; +http://www.bing.com/bingbot.htm)"
157.55.39.37 - - [25/Aug/2019:06:24:59 +0000] "GET /robots.txt HTTP/1.1" 200 24 "-" "Mozilla/5.0 (compatible; bingbot/2.0; +http://www.bing.com/bingbot.htm)"
66.249.66.44 - - [25/Aug/2019:06:25:48 +0000] "GET /hr/pretraga?category=&type=&place=58&area=157&price=1000000&surface=10 HTTP/1.1" 500 4485 "-" "Mozilla/5.0 (Linux; Android 6.0.1; Nexus 5X Build/MMB29P) AppleWebKit/537.36 (KHTML, like Gecko) Chrome/41.0.2272.96 Mobile Safari/537.36 (compatible; Googlebot/2.1; +http://www.google.com/bot.html)"
66.249.66.46 - - [25/Aug/2019:06:26:48 +0000] "GET /en/search?category=&type=&place=36&area=159&price=&surface=200 HTTP/1.1" 500 4485 "-" "Mozilla/5.0 (Linux; Android 6.0.1; Nexus 5X Build/MMB29P) AppleWebKit/537.36 (KHTML, like Gecko) Chrome/41.0.2272.96 Mobile Safari/537.36 (compatible; Googlebot/2.1; +http://www.google.com/bot.html)"
207.46.13.113 - - [25/Aug/2019:06:27:11 +0000] "GET /catering.html HTTP/1.1" 301 245 "-" "Mozilla/5.0 (compatible; bingbot/2.0; +http://www.bing.com/bingbot.htm)"
66.249.66.44 - - [25/Aug/2019:06:27:48 +0000] "GET /hr/pretraga?category=&type=&place=8&area=&price=1000000&surface=50 HTTP/1.1" 500 4485 "-" "Mozilla/5.0 (Linux; Android 6.0.1; Nexus 5X Build/MMB29P) AppleWebKit/537.36 (KHTML, like Gecko) Chrome/41.0.2272.96 Mobile Safari/537.36 (compatible; Googlebot/2.1; +http://www.google.com/bot.html)"
66.249.66.46 - - [25/Aug/2019:06:28:48 +0000] "GET /en/search?category=&type=&place=36&area=167&price=500000&surface= HTTP/1.1" 500 4485 "-" "Mozilla/5.0 (Linux; Android 6.0.1; Nexus 5X Build/MMB29P) AppleWebKit/537.36 (KHTML, like Gecko) Chrome/41.0.2272.96 Mobile Safari/537.36 (compatible; Googlebot/2.1; +http://www.google.com/bot.html)"
66.249.66.44 - - [25/Aug/2019:06:29:48 +0000] "GET /hr/pretraga?category=&type=&place=43&area=&price=200000&surface=100 HTTP/1.1" 500 4485 "-" "Mozilla/5.0 (Linux; Android 6.0.1; Nexus 5X Build/MMB29P) AppleWebKit/537.36 (KHTML, like Gecko) Chrome/41.0.2272.96 Mobile Safari/537.36 (compatible; Googlebot/2.1; +http://www.google.com/bot.html)"
66.249.66.46 - - [25/Aug/2019:06:30:48 +0000] "GET /en/search?category=&type=sale&place=36&area=&price=300000&surface=10 HTTP/1.1" 500 4485 "-" "Mozilla/5.0 (Linux; Android 6.0.1; Nexus 5X Build/MMB29P) AppleWebKit/537.36 (KHTML, like Gecko) Chrome/41.0.2272.96 Mobile Safari/537.36 (compatible; Googlebot/2.1; +http://www.google.com/bot.html)"
66.249.66.42 - - [25/Aug/2019:06:31:48 +0000] "GET /pretraga?category=&type=&place=36&area=164&price=100000&surface=50 HTTP/1.1" 500 4485 "-" "Mozilla/5.0 (Linux; Android 6.0.1; Nexus 5X Build/MMB29P) AppleWebKit/537.36 (KHTML, like Gecko) Chrome/41.0.2272.96 Mobile Safari/537.36 (compatible; Googlebot/2.1; +http://www.google.com/bot.html)"
139.18.2.214 - - [25/Aug/2019:06:33:58 +0000] "GET /en/lands/dugi-rat-sumpetar-gradevinsko-zemljiste-s-pogledom-na-more-476-m2 HTTP/1.0" 200 25885 "https://www.citadela.hr/en" "LCC (+http://corpora.informatik.uni-leipzig.de/crawler_faq.html)"
139.18.2.214 - - [25/Aug/2019:06:34:08 +0000] "GET /en/blog/prosjecne-cijene-stanova-u-zadru-porasle-za-1308 HTTP/1.0" 200 19585 "https://www.citadela.hr/en" "LCC (+http://corpora.informatik.uni-leipzig.de/crawler_faq.html)"
139.18.2.214 - - [25/Aug/2019:06:34:19 +0000] "GET /en/blog/prosjecne-cijene-stanova-u-zadarskoj-zupaniji-porasle-za-981 HTTP/1.0" 200 19469 "https://www.citadela.hr/en" "LCC (+http://corpora.informatik.uni-leipzig.de/crawler_faq.html)"
139.18.2.214 - - [25/Aug/2019:06:34:34 +0000] "GET /en/blog/prosjecna-cijena-kvadrata-stana-u-sibeniku-porasla-za-489 HTTP/1.0" 200 18875 "https://www.citadela.hr/en" "LCC (+http://corpora.informatik.uni-leipzig.de/crawler_faq.html)"
139.18.2.214 - - [25/Aug/2019:06:34:50 +0000] "GET /hr/ponudi-nekretninu HTTP/1.0" 200 18109 "https://www.citadela.hr/hr" "LCC (+http://corpora.informatik.uni-leipzig.de/crawler_faq.html)"
139.18.2.214 - - [25/Aug/2019:06:35:06 +0000] "GET /hr/o-nama HTTP/1.0" 200 17894 "https://www.citadela.hr/hr" "LCC (+http://corpora.informatik.uni-leipzig.de/crawler_faq.html)"
139.18.2.214 - - [25/Aug/2019:06:35:25 +0000] "GET /hr/snizeno HTTP/1.0" 200 19665 "https://www.citadela.hr/hr" "LCC (+http://corpora.informatik.uni-leipzig.de/crawler_faq.html)"
139.18.2.214 - - [25/Aug/2019:06:35:37 +0000] "GET /hr/stanovi HTTP/1.0" 200 20867 "https://www.citadela.hr/hr" "LCC (+http://corpora.informatik.uni-leipzig.de/crawler_faq.html)"
139.18.2.214 - - [25/Aug/2019:06:35:48 +0000] "GET /hr/kuce HTTP/1.0" 200 31375 "https://www.citadela.hr/hr" "LCC (+http://corpora.informatik.uni-leipzig.de/crawler_faq.html)"
66.249.66.42 - - [25/Aug/2019:06:35:48 +0000] "GET /en/search?category=&type=&place=37&area=157&price=200000&surface=10 HTTP/1.1" 500 4485 "-" "Mozilla/5.0 (Linux; Android 6.0.1; Nexus 5X Build/MMB29P) AppleWebKit/537.36 (KHTML, like Gecko) Chrome/41.0.2272.96 Mobile Safari/537.36 (compatible; Googlebot/2.1; +http://www.google.com/bot.html)"
216.244.66.226 - - [25/Aug/2019:06:42:43 +0000] "GET /robots.txt HTTP/1.1" 301 242 "-" "Mozilla/5.0 (compatible; DotBot/1.1; http://www.opensiteexplorer.org/dotbot, help@moz.com)"
216.244.66.226 - - [25/Aug/2019:06:42:44 +0000] "GET /robots.txt HTTP/1.1" 200 24 "-" "Mozilla/5.0 (compatible; DotBot/1.1; http://www.opensiteexplorer.org/dotbot, help@moz.com)"
77.75.78.169 - - [25/Aug/2019:06:45:58 +0000] "GET /robots.txt HTTP/1.1" 200 24 "-" "Mozilla/5.0 (compatible; SeznamBot/3.2; +http://napoveda.seznam.cz/en/seznambot-intro/)"
77.75.78.169 - - [25/Aug/2019:06:45:59 +0000] "GET /uploads/thumbnails/547ae143dd15ff6c97ccd4b4a4eb58c1.jpg HTTP/1.1" 304 - "-" "Mozilla/5.0 (compatible; SeznamBot/3.2; +http://napoveda.seznam.cz/en/seznambot-intro/)"
139.18.2.214 - - [25/Aug/2019:06:46:20 +0000] "GET /hr/zemljista HTTP/1.0" 200 32377 "https://www.citadela.hr/hr" "LCC (+http://corpora.informatik.uni-leipzig.de/crawler_faq.html)"
66.249.66.42 - - [25/Aug/2019:06:47:48 +0000] "GET /en/search?category=&type=&place=3&area=&price=200000&surface= HTTP/1.1" 500 4485 "-" "Mozilla/5.0 (Linux; Android 6.0.1; Nexus 5X Build/MMB29P) AppleWebKit/537.36 (KHTML, like Gecko) Chrome/41.0.2272.96 Mobile Safari/537.36 (compatible; Googlebot/2.1; +http://www.google.com/bot.html)"
66.249.66.42 - - [25/Aug/2019:06:51:48 +0000] "GET /en/search?category=&type=&place=36&area=&price=100000&surface=100 HTTP/1.1" 500 4485 "-" "Mozilla/5.0 (Linux; Android 6.0.1; Nexus 5X Build/MMB29P) AppleWebKit/537.36 (KHTML, like Gecko) Chrome/41.0.2272.96 Mobile Safari/537.36 (compatible; Googlebot/2.1; +http://www.google.com/bot.html)"
66.249.66.44 - - [25/Aug/2019:06:52:48 +0000] "GET /en/search?category=&type=&place=14&area=&price=&surface=50 HTTP/1.1" 500 4485 "-" "Mozilla/5.0 (Linux; Android 6.0.1; Nexus 5X Build/MMB29P) AppleWebKit/537.36 (KHTML, like Gecko) Chrome/41.0.2272.96 Mobile Safari/537.36 (compatible; Googlebot/2.1; +http://www.google.com/bot.html)"
66.249.66.44 - - [25/Aug/2019:06:53:48 +0000] "GET /hr/pretraga?category=&type=&place=9&area=&price=&surface=100 HTTP/1.1" 500 4485 "-" "Mozilla/5.0 (Linux; Android 6.0.1; Nexus 5X Build/MMB29P) AppleWebKit/537.36 (KHTML, like Gecko) Chrome/41.0.2272.96 Mobile Safari/537.36 (compatible; Googlebot/2.1; +http://www.google.com/bot.html)"
66.249.66.42 - - [25/Aug/2019:06:54:48 +0000] "GET /hr/pretraga?category=&place=36&price=&surface=10 HTTP/1.1" 500 4485 "-" "Mozilla/5.0 (Linux; Android 6.0.1; Nexus 5X Build/MMB29P) AppleWebKit/537.36 (KHTML, like Gecko) Chrome/41.0.2272.96 Mobile Safari/537.36 (compatible; Googlebot/2.1; +http://www.google.com/bot.html)"
139.18.2.214 - - [25/Aug/2019:06:57:03 +0000] "GET /hr/apartmani HTTP/1.0" 200 31764 "https://www.citadela.hr/hr" "LCC (+http://corpora.informatik.uni-leipzig.de/crawler_faq.html)"
46.229.168.150 - - [25/Aug/2019:07:06:30 +0000] "GET /robots.txt HTTP/1.1" 200 24 "-" "Mozilla/5.0 (compatible; SemrushBot/6~bl; +http://www.semrush.com/bot.html)"
46.229.168.152 - - [25/Aug/2019:07:06:31 +0000] "GET /hr/apartmani?page=3 HTTP/1.1" 200 4006 "-" "Mozilla/5.0 (compatible; SemrushBot/6~bl; +http://www.semrush.com/bot.html)"
139.18.2.214 - - [25/Aug/2019:07:07:53 +0000] "GET /hr/poslovni-prostori HTTP/1.0" 200 22557 "https://www.citadela.hr/hr" "LCC (+http://corpora.informatik.uni-leipzig.de/crawler_faq.html)"
139.18.2.214 - - [25/Aug/2019:07:08:20 +0000] "GET /hr/blog HTTP/1.0" 200 20747 "https://www.citadela.hr/hr" "LCC (+http://corpora.informatik.uni-leipzig.de/crawler_faq.html)"
66.249.66.42 - - [25/Aug/2019:07:08:48 +0000] "GET /apartmani/tribunj-apartman-u-blizini-mora-34-m2 HTTP/1.1" 500 4485 "-" "Mozilla/5.0 (Linux; Android 6.0.1; Nexus 5X Build/MMB29P) AppleWebKit/537.36 (KHTML, like Gecko) Chrome/41.0.2272.96 Mobile Safari/537.36 (compatible; Googlebot/2.1; +http://www.google.com/bot.html)"
139.18.2.214 - - [25/Aug/2019:07:08:51 +0000] "GET /hr/kontakt HTTP/1.0" 200 18452 "https://www.citadela.hr/hr" "LCC (+http://corpora.informatik.uni-leipzig.de/crawler_faq.html)"
139.18.2.214 - - [25/Aug/2019:07:09:14 +0000] "GET /hr/zemljista/starigrad-gradevinsko-zemljiste-prvi-red-do-mora-1000-m2 HTTP/1.0" 200 26477 "https://www.citadela.hr/hr" "LCC (+http://corpora.informatik.uni-leipzig.de/crawler_faq.html)"
139.18.2.214 - - [25/Aug/2019:07:09:31 +0000] "GET /hr/kuce/hotel-u-centru-zadra-s-pogledom-na-sv-donat-182-m2 HTTP/1.0" 200 30876 "https://www.citadela.hr/hr" "LCC (+http://corpora.informatik.uni-leipzig.de/crawler_faq.html)"
66.249.66.42 - - [25/Aug/2019:07:15:48 +0000] "GET /pretraga?category=&place=36&price=50000&surface=100 HTTP/1.1" 500 4485 "-" "Mozilla/5.0 (Linux; Android 6.0.1; Nexus 5X Build/MMB29P) AppleWebKit/537.36 (KHTML, like Gecko) Chrome/41.0.2272.96 Mobile Safari/537.36 (compatible; Googlebot/2.1; +http://www.google.com/bot.html)"
66.249.66.42 - - [25/Aug/2019:07:18:48 +0000] "GET /apartmani/vinjerac-dvosoban-apartman-s-pogledom-na-more-54-m2-novogradnja HTTP/1.1" 500 4485 "-" "Mozilla/5.0 (Linux; Android 6.0.1; Nexus 5X Build/MMB29P) AppleWebKit/537.36 (KHTML, like Gecko) Chrome/41.0.2272.96 Mobile Safari/537.36 (compatible; Googlebot/2.1; +http://www.google.com/bot.html)"
66.249.66.44 - - [25/Aug/2019:07:18:53 +0000] "GET /en/houses?page=3 HTTP/1.1" 200 5508 "-" "Mozilla/5.0 (Linux; Android 6.0.1; Nexus 5X Build/MMB29P) AppleWebKit/537.36 (KHTML, like Gecko) Chrome/41.0.2272.96 Mobile Safari/537.36 (compatible; Googlebot/2.1; +http://www.google.com/bot.html)"
66.249.66.42 - - [25/Aug/2019:07:19:48 +0000] "GET /en/search?category=&place=2&price=100000&surface=50 HTTP/1.1" 500 4485 "-" "Mozilla/5.0 (Linux; Android 6.0.1; Nexus 5X Build/MMB29P) AppleWebKit/537.36 (KHTML, like Gecko) Chrome/41.0.2272.96 Mobile Safari/537.36 (compatible; Googlebot/2.1; +http://www.google.com/bot.html)"
139.18.2.214 - - [25/Aug/2019:07:20:10 +0000] "GET /hr/zemljista/dugi-rat-sumpetar-gradevinsko-zemljiste-s-pogledom-na-more-476-m2 HTTP/1.0" 200 26074 "https://www.citadela.hr/hr" "LCC (+http://corpora.informatik.uni-leipzig.de/crawler_faq.html)"
139.18.2.214 - - [25/Aug/2019:07:20:30 +0000] "GET /hr/blog/prosjecne-cijene-stanova-u-zadru-porasle-za-1308 HTTP/1.0" 200 20285 "https://www.citadela.hr/hr" "LCC (+http://corpora.informatik.uni-leipzig.de/crawler_faq.html)"
139.18.2.214 - - [25/Aug/2019:07:20:42 +0000] "GET /hr/blog/prosjecne-cijene-stanova-u-zadarskoj-zupaniji-porasle-za-981 HTTP/1.0" 200 20144 "https://www.citadela.hr/hr" "LCC (+http://corpora.informatik.uni-leipzig.de/crawler_faq.html)"
66.249.66.44 - - [25/Aug/2019:07:20:48 +0000] "GET /pretraga?category=&place=36&price=50000&surface=200 HTTP/1.1" 500 4485 "-" "Mozilla/5.0 (Linux; Android 6.0.1; Nexus 5X Build/MMB29P) AppleWebKit/537.36 (KHTML, like Gecko) Chrome/41.0.2272.96 Mobile Safari/537.36 (compatible; Googlebot/2.1; +http://www.google.com/bot.html)"
139.18.2.214 - - [25/Aug/2019:07:20:52 +0000] "GET /hr/blog/prosjecna-cijena-kvadrata-stana-u-sibeniku-porasla-za-489 HTTP/1.0" 200 19550 "https://www.citadela.hr/hr" "LCC (+http://corpora.informatik.uni-leipzig.de/crawler_faq.html)"
139.18.2.214 - - [25/Aug/2019:07:21:00 +0000] "GET /poslovni-prostori/sibenik-plisac-poslovni-prostor-uredski-4362-m2 HTTP/1.0" 200 22355 "https://www.citadela.hr/snizeno" "LCC (+http://corpora.informatik.uni-leipzig.de/crawler_faq.html)"
139.18.2.214 - - [25/Aug/2019:07:21:09 +0000] "GET /stanovi/zadar-bulevar-renovirani-dvosoban-stan-7911-m2 HTTP/1.0" 200 23114 "https://www.citadela.hr/stanovi" "LCC (+http://corpora.informatik.uni-leipzig.de/crawler_faq.html)"
139.18.2.214 - - [25/Aug/2019:07:21:33 +0000] "GET /stanovi/sibenik-vidici-trosoban-stan-s-garazom-105-m2 HTTP/1.0" 200 27325 "https://www.citadela.hr/stanovi" "LCC (+http://corpora.informatik.uni-leipzig.de/crawler_faq.html)"
66.249.66.42 - - [25/Aug/2019:07:21:48 +0000] "GET /en/search?category=&type=&place=19&area=&price=500000&surface=200 HTTP/1.1" 500 4485 "-" "Mozilla/5.0 (Linux; Android 6.0.1; Nexus 5X Build/MMB29P) AppleWebKit/537.36 (KHTML, like Gecko) Chrome/41.0.2272.96 Mobile Safari/537.36 (compatible; Googlebot/2.1; +http://www.google.com/bot.html)"
139.18.2.214 - - [25/Aug/2019:07:21:52 +0000] "GET /kuce/bibinje-kuca-drugi-red-do-mora-s-izravnim-pristupom-na-plazu-386-m2 HTTP/1.0" 200 30634 "https://www.citadela.hr/kuce" "LCC (+http://corpora.informatik.uni-leipzig.de/crawler_faq.html)"
66.249.66.46 - - [25/Aug/2019:07:23:48 +0000] "GET /pretraga?category=&type=&place=9&area=&price=100000&surface=100 HTTP/1.1" 500 4485 "-" "Mozilla/5.0 (Linux; Android 6.0.1; Nexus 5X Build/MMB29P) AppleWebKit/537.36 (KHTML, like Gecko) Chrome/41.0.2272.96 Mobile Safari/537.36 (compatible; Googlebot/2.1; +http://www.google.com/bot.html)"
66.249.66.46 - - [25/Aug/2019:07:24:48 +0000] "GET /hr/pretraga?category=&type=&place=15&area=&price=1000000&surface=100 HTTP/1.1" 500 4485 "-" "Mozilla/5.0 (Linux; Android 6.0.1; Nexus 5X Build/MMB29P) AppleWebKit/537.36 (KHTML, like Gecko) Chrome/41.0.2272.96 Mobile Safari/537.36 (compatible; Googlebot/2.1; +http://www.google.com/bot.html)"
66.249.66.46 - - [25/Aug/2019:07:26:48 +0000] "GET /en/search?category=&type=&place=53&area=&price=1000000&surface=10 HTTP/1.1" 500 4485 "-" "Mozilla/5.0 (Linux; Android 6.0.1; Nexus 5X Build/MMB29P) AppleWebKit/537.36 (KHTML, like Gecko) Chrome/41.0.2272.96 Mobile Safari/537.36 (compatible; Googlebot/2.1; +http://www.google.com/bot.html)"
66.249.66.44 - - [25/Aug/2019:07:28:48 +0000] "GET /en/search?category=&type=&place=58&area=&price=300000&surface=10 HTTP/1.1" 500 4485 "-" "Mozilla/5.0 (Linux; Android 6.0.1; Nexus 5X Build/MMB29P) AppleWebKit/537.36 (KHTML, like Gecko) Chrome/41.0.2272.96 Mobile Safari/537.36 (compatible; Googlebot/2.1; +http://www.google.com/bot.html)"
139.18.2.214 - - [25/Aug/2019:07:32:47 +0000] "GET /kuce/petrcane-punta-skala-vikendica-s-3-apartmana-i-pogledom-na-more HTTP/1.0" 200 29546 "https://www.citadela.hr/kuce" "LCC (+http://corpora.informatik.uni-leipzig.de/crawler_faq.html)"
139.18.2.214 - - [25/Aug/2019:07:33:08 +0000] "GET /kuce/otok-ugljan-kali-vikendica-u-blizini-plaze-s-pogledom-na-more HTTP/1.0" 200 25492 "https://www.citadela.hr/kuce" "LCC (+http://corpora.informatik.uni-leipzig.de/crawler_faq.html)"
139.18.2.214 - - [25/Aug/2019:07:33:30 +0000] "GET /kuce/posedarje-kuca-prvi-red-do-mora-322-m2 HTTP/1.0" 200 23791 "https://www.citadela.hr/kuce" "LCC (+http://corpora.informatik.uni-leipzig.de/crawler_faq.html)"
139.18.2.214 - - [25/Aug/2019:07:33:44 +0000] "GET /kuce/zadar-relja-kuca-i-dvor-pored-autobusnog-kolodvora HTTP/1.0" 200 23193 "https://www.citadela.hr/kuce" "LCC (+http://corpora.informatik.uni-leipzig.de/crawler_faq.html)"
139.18.2.214 - - [25/Aug/2019:07:34:00 +0000] "GET /kuce/sibenik-kamena-kuca-u-centru-grada-87-m2 HTTP/1.0" 200 23896 "https://www.citadela.hr/kuce" "LCC (+http://corpora.informatik.uni-leipzig.de/crawler_faq.html)"
139.18.2.214 - - [25/Aug/2019:07:34:14 +0000] "GET /kuce/sukosan-kuca-za-odmor-156-m2 HTTP/1.0" 200 26645 "https://www.citadela.hr/kuce" "LCC (+http://corpora.informatik.uni-leipzig.de/crawler_faq.html)"
139.18.2.214 - - [25/Aug/2019:07:34:28 +0000] "GET /kuce/pag-centar-kuca-na-4-etaze-60-metara-od-mora-250-m2 HTTP/1.0" 200 25276 "https://www.citadela.hr/kuce" "LCC (+http://corpora.informatik.uni-leipzig.de/crawler_faq.html)"
139.18.2.214 - - [25/Aug/2019:07:34:41 +0000] "GET /kuce/zadar-sinjoretovo-kuca-s-5-stanova-350-m2 HTTP/1.0" 200 22378 "https://www.citadela.hr/kuce" "LCC (+http://corpora.informatik.uni-leipzig.de/crawler_faq.html)"
139.18.2.214 - - [25/Aug/2019:07:34:55 +0000] "GET /kuce/nin-centar-kuca-pored-ostataka-rimskog-hrama-220-m2 HTTP/1.0" 200 25533 "https://www.citadela.hr/kuce" "LCC (+http://corpora.informatik.uni-leipzig.de/crawler_faq.html)"
139.18.2.214 - - [25/Aug/2019:07:35:08 +0000] "GET /kuce?page=2 HTTP/1.0" 200 31585 "https://www.citadela.hr/kuce" "LCC (+http://corpora.informatik.uni-leipzig.de/crawler_faq.html)"
66.249.66.44 - - [25/Aug/2019:07:35:50 +0000] "GET /en/search?category=&type=&place=36&area=167&price=100000&surface= HTTP/1.1" 500 4485 "-" "Mozilla/5.0 (Linux; Android 6.0.1; Nexus 5X Build/MMB29P) AppleWebKit/537.36 (KHTML, like Gecko) Chrome/41.0.2272.96 Mobile Safari/537.36 (compatible; Googlebot/2.1; +http://www.google.com/bot.html)"
66.249.66.44 - - [25/Aug/2019:07:35:50 +0000] "GET /pretraga?category=&type=&place=46&area=&price=500000&surface=10 HTTP/1.1" 500 4485 "-" "Mozilla/5.0 (Linux; Android 6.0.1; Nexus 5X Build/MMB29P) AppleWebKit/537.36 (KHTML, like Gecko) Chrome/41.0.2272.96 Mobile Safari/537.36 (compatible; Googlebot/2.1; +http://www.google.com/bot.html)"
66.249.66.44 - - [25/Aug/2019:07:35:50 +0000] "GET /hr/pretraga?category=&type=&place=58&area=161&price=50000&surface= HTTP/1.1" 500 4485 "-" "Mozilla/5.0 (Linux; Android 6.0.1; Nexus 5X Build/MMB29P) AppleWebKit/537.36 (KHTML, like Gecko) Chrome/41.0.2272.96 Mobile Safari/537.36 (compatible; Googlebot/2.1; +http://www.google.com/bot.html)"
66.249.66.44 - - [25/Aug/2019:07:36:48 +0000] "GET /en/search?category=&type=&place=46&area=&price=500000&surface=200 HTTP/1.1" 500 4485 "-" "Mozilla/5.0 (Linux; Android 6.0.1; Nexus 5X Build/MMB29P) AppleWebKit/537.36 (KHTML, like Gecko) Chrome/41.0.2272.96 Mobile Safari/537.36 (compatible; Googlebot/2.1; +http://www.google.com/bot.html)"
66.249.66.44 - - [25/Aug/2019:07:37:48 +0000] "GET /pretraga?category=&type=&place=37&area=&price=500000&surface= HTTP/1.1" 500 4485 "-" "Mozilla/5.0 (Linux; Android 6.0.1; Nexus 5X Build/MMB29P) AppleWebKit/537.36 (KHTML, like Gecko) Chrome/41.0.2272.96 Mobile Safari/537.36 (compatible; Googlebot/2.1; +http://www.google.com/bot.html)"
66.249.66.46 - - [25/Aug/2019:07:39:37 +0000] "GET /hr/pretraga?category=&place=&price=300000&surface=&page=4 HTTP/1.1" 200 5438 "-" "Mozilla/5.0 (Linux; Android 6.0.1; Nexus 5X Build/MMB29P) AppleWebKit/537.36 (KHTML, like Gecko) Chrome/41.0.2272.96 Mobile Safari/537.36 (compatible; Googlebot/2.1; +http://www.google.com/bot.html)"
66.249.66.44 - - [25/Aug/2019:07:42:48 +0000] "GET /pretraga?category=&type=&place=5&area=&price=1000000&surface=200 HTTP/1.1" 500 4485 "-" "Mozilla/5.0 (Linux; Android 6.0.1; Nexus 5X Build/MMB29P) AppleWebKit/537.36 (KHTML, like Gecko) Chrome/41.0.2272.96 Mobile Safari/537.36 (compatible; Googlebot/2.1; +http://www.google.com/bot.html)"
139.18.2.214 - - [25/Aug/2019:07:45:59 +0000] "GET /kuce?page=3 HTTP/1.0" 200 32246 "https://www.citadela.hr/kuce" "LCC (+http://corpora.informatik.uni-leipzig.de/crawler_faq.html)"
66.249.66.46 - - [25/Aug/2019:07:46:48 +0000] "GET /hr/pretraga?category=&type=&place=8&area=&price=100000&surface=100 HTTP/1.1" 500 4485 "-" "Mozilla/5.0 (Linux; Android 6.0.1; Nexus 5X Build/MMB29P) AppleWebKit/537.36 (KHTML, like Gecko) Chrome/41.0.2272.96 Mobile Safari/537.36 (compatible; Googlebot/2.1; +http://www.google.com/bot.html)"
66.249.66.46 - - [25/Aug/2019:07:47:48 +0000] "GET /pretraga?category=&type=&place=58&area=228&price=100000&surface=50 HTTP/1.1" 500 4485 "-" "Mozilla/5.0 (Linux; Android 6.0.1; Nexus 5X Build/MMB29P) AppleWebKit/537.36 (KHTML, like Gecko) Chrome/41.0.2272.96 Mobile Safari/537.36 (compatible; Googlebot/2.1; +http://www.google.com/bot.html)"
66.249.66.46 - - [25/Aug/2019:07:48:48 +0000] "GET /en/search?category=&type=&place=46&area=&price=500000&surface=200 HTTP/1.1" 500 4485 "-" "Mozilla/5.0 (Linux; Android 6.0.1; Nexus 5X Build/MMB29P) AppleWebKit/537.36 (KHTML, like Gecko) Chrome/41.0.2272.96 Mobile Safari/537.36 (compatible; Googlebot/2.1; +http://www.google.com/bot.html)"
66.249.66.44 - - [25/Aug/2019:07:49:48 +0000] "GET /pretraga?category=&type=&place=58&area=157&price=&surface=100 HTTP/1.1" 500 4485 "-" "Mozilla/5.0 (Linux; Android 6.0.1; Nexus 5X Build/MMB29P) AppleWebKit/537.36 (KHTML, like Gecko) Chrome/41.0.2272.96 Mobile Safari/537.36 (compatible; Googlebot/2.1; +http://www.google.com/bot.html)"
66.249.66.44 - - [25/Aug/2019:07:50:48 +0000] "GET /pretraga?category=&type=&place=37&area=&price=500000&surface= HTTP/1.1" 500 4485 "-" "Mozilla/5.0 (Linux; Android 6.0.1; Nexus 5X Build/MMB29P) AppleWebKit/537.36 (KHTML, like Gecko) Chrome/41.0.2272.96 Mobile Safari/537.36 (compatible; Googlebot/2.1; +http://www.google.com/bot.html)"
66.249.66.46 - - [25/Aug/2019:07:51:48 +0000] "GET /en/search?category=&type=&place=49&area=&price=500000&surface= HTTP/1.1" 500 4485 "-" "Mozilla/5.0 (Linux; Android 6.0.1; Nexus 5X Build/MMB29P) AppleWebKit/537.36 (KHTML, like Gecko) Chrome/41.0.2272.96 Mobile Safari/537.36 (compatible; Googlebot/2.1; +http://www.google.com/bot.html)"
66.249.66.42 - - [25/Aug/2019:07:52:48 +0000] "GET /pretraga?category=&type=&place=19&area=&price=1000000&surface=100 HTTP/1.1" 500 4485 "-" "Mozilla/5.0 (Linux; Android 6.0.1; Nexus 5X Build/MMB29P) AppleWebKit/537.36 (KHTML, like Gecko) Chrome/41.0.2272.96 Mobile Safari/537.36 (compatible; Googlebot/2.1; +http://www.google.com/bot.html)"
66.249.66.42 - - [25/Aug/2019:07:53:48 +0000] "GET /en/search?category=&type=&place=18&area=&price=&surface=200 HTTP/1.1" 500 4485 "-" "Mozilla/5.0 (Linux; Android 6.0.1; Nexus 5X Build/MMB29P) AppleWebKit/537.36 (KHTML, like Gecko) Chrome/41.0.2272.96 Mobile Safari/537.36 (compatible; Googlebot/2.1; +http://www.google.com/bot.html)"
46.229.168.152 - - [25/Aug/2019:07:54:40 +0000] "GET /robots.txt HTTP/1.1" 200 24 "-" "Mozilla/5.0 (compatible; SemrushBot/6~bl; +http://www.semrush.com/bot.html)"
46.229.168.163 - - [25/Aug/2019:07:54:41 +0000] "GET /en/lands?page=5 HTTP/1.1" 200 4593 "-" "Mozilla/5.0 (compatible; SemrushBot/6~bl; +http://www.semrush.com/bot.html)"
66.249.66.46 - - [25/Aug/2019:07:54:48 +0000] "GET /en/search?category=&type=&place=18&area=&price=&surface=200 HTTP/1.1" 500 4485 "-" "Mozilla/5.0 (Linux; Android 6.0.1; Nexus 5X Build/MMB29P) AppleWebKit/537.36 (KHTML, like Gecko) Chrome/41.0.2272.96 Mobile Safari/537.36 (compatible; Googlebot/2.1; +http://www.google.com/bot.html)"
87.250.224.91 - - [25/Aug/2019:07:56:16 +0000] "GET /robots.txt HTTP/1.1" 200 24 "-" "Mozilla/5.0 (compatible; YandexBot/3.0; +http://yandex.com/bots)"
87.250.224.91 - - [25/Aug/2019:07:56:19 +0000] "GET /sitemap.xml HTTP/1.1" 200 4782 "-" "Mozilla/5.0 (compatible; YandexBot/3.0; +http://yandex.com/bots)"
66.249.66.44 - - [25/Aug/2019:07:56:48 +0000] "GET /en/search?category=&type=&place=9&area=&price=100000&surface=200 HTTP/1.1" 500 4485 "-" "Mozilla/5.0 (Linux; Android 6.0.1; Nexus 5X Build/MMB29P) AppleWebKit/537.36 (KHTML, like Gecko) Chrome/41.0.2272.96 Mobile Safari/537.36 (compatible; Googlebot/2.1; +http://www.google.com/bot.html)"
139.18.2.214 - - [25/Aug/2019:07:56:53 +0000] "GET /kuce?page=4 HTTP/1.0" 200 19836 "https://www.citadela.hr/kuce" "LCC (+http://corpora.informatik.uni-leipzig.de/crawler_faq.html)"
139.18.2.214 - - [25/Aug/2019:07:57:35 +0000] "GET /zemljista/sv-filip-i-jakov-zemljiste-2225-m2-pogodno-za-vikendicu-od-30-m2 HTTP/1.0" 200 22807 "https://www.citadela.hr/zemljista" "LCC (+http://corpora.informatik.uni-leipzig.de/crawler_faq.html)"
139.18.2.214 - - [25/Aug/2019:07:58:04 +0000] "GET /zemljista/bibinje-gradevinsko-zemljiste-687-m2 HTTP/1.0" 200 22876 "https://www.citadela.hr/zemljista" "LCC (+http://corpora.informatik.uni-leipzig.de/crawler_faq.html)"
139.18.2.214 - - [25/Aug/2019:07:58:26 +0000] "GET /zemljista/pasman-tkon-gradevinsko-zemljiste-drugi-red-do-mora-2173-m2 HTTP/1.0" 200 23129 "https://www.citadela.hr/zemljista" "LCC (+http://corpora.informatik.uni-leipzig.de/crawler_faq.html)"
139.18.2.214 - - [25/Aug/2019:07:58:40 +0000] "GET /zemljista/rtina-gradevinsko-zemljiste-prvi-red-do-mora-715-m2 HTTP/1.0" 200 24651 "https://www.citadela.hr/zemljista" "LCC (+http://corpora.informatik.uni-leipzig.de/crawler_faq.html)"
139.18.2.214 - - [25/Aug/2019:07:59:09 +0000] "GET /zemljista/dugi-otok-zaglav-gradevinsko-zemljiste-prvi-red-do-mora-667-m2 HTTP/1.0" 200 24767 "https://www.citadela.hr/zemljista" "LCC (+http://corpora.informatik.uni-leipzig.de/crawler_faq.html)"
139.18.2.214 - - [25/Aug/2019:07:59:25 +0000] "GET /zemljista/rovanjska-gradevinsko-zemljiste-pogled-na-more-686-m2 HTTP/1.0" 200 24111 "https://www.citadela.hr/zemljista" "LCC (+http://corpora.informatik.uni-leipzig.de/crawler_faq.html)"
139.18.2.214 - - [25/Aug/2019:07:59:44 +0000] "GET /zemljista/rovanjska-gradevinsko-zemljiste-s-pogledom-na-more-700-m2 HTTP/1.0" 200 24132 "https://www.citadela.hr/zemljista" "LCC (+http://corpora.informatik.uni-leipzig.de/crawler_faq.html)"
139.18.2.214 - - [25/Aug/2019:07:59:59 +0000] "GET /zemljista/rovanjska-gradevinsko-zemljiste-u-blizini-mora-645-m2-59-m2 HTTP/1.0" 200 24649 "https://www.citadela.hr/zemljista" "LCC (+http://corpora.informatik.uni-leipzig.de/crawler_faq.html)"
139.18.2.214 - - [25/Aug/2019:08:00:17 +0000] "GET /zemljista/rogoznica-okolica-zemljiste-s-pogledom-na-more-12400-m2 HTTP/1.0" 200 22675 "https://www.citadela.hr/zemljista" "LCC (+http://corpora.informatik.uni-leipzig.de/crawler_faq.html)"
66.249.66.42 - - [25/Aug/2019:08:00:21 +0000] "GET /hr/pretraga?category=&place=&price=&surface=&page=1 HTTP/1.1" 200 5516 "-" "Mozilla/5.0 (Linux; Android 6.0.1; Nexus 5X Build/MMB29P) AppleWebKit/537.36 (KHTML, like Gecko) Chrome/41.0.2272.96 Mobile Safari/537.36 (compatible; Googlebot/2.1; +http://www.google.com/bot.html)"
139.18.2.214 - - [25/Aug/2019:08:00:35 +0000] "GET /zemljista?page=2 HTTP/1.0" 200 32167 "https://www.citadela.hr/zemljista" "LCC (+http://corpora.informatik.uni-leipzig.de/crawler_faq.html)"
66.249.66.44 - - [25/Aug/2019:08:07:58 +0000] "GET /en/search?category=&type=&place=37&area=157&price=50000&surface= HTTP/1.1" 500 4485 "-" "Mozilla/5.0 (Linux; Android 6.0.1; Nexus 5X Build/MMB29P) AppleWebKit/537.36 (KHTML, like Gecko) Chrome/41.0.2272.96 Mobile Safari/537.36 (compatible; Googlebot/2.1; +http://www.google.com/bot.html)"
66.249.93.29 - - [25/Aug/2019:08:10:07 +0000] "GET /pretraga?category=1 HTTP/1.1" 200 4411 "-" "Mozilla/5.0 (X11; Linux x86_64) AppleWebKit/537.36 (KHTML, like Gecko) Chrome/49.0.2623.75 Safari/537.36 Google Favicon"
66.249.93.29 - - [25/Aug/2019:08:10:07 +0000] "GET / HTTP/1.1" 200 5820 "-" "Mozilla/5.0 (X11; Linux x86_64) AppleWebKit/537.36 (KHTML, like Gecko) Chrome/49.0.2623.75 Safari/537.36 Google Favicon"
66.249.93.30 - - [25/Aug/2019:08:10:07 +0000] "GET /favicon-32x32.png HTTP/1.1" 200 1936 "-" "Mozilla/5.0 (X11; Linux x86_64) AppleWebKit/537.36 (KHTML, like Gecko) Chrome/49.0.2623.75 Safari/537.36 Google Favicon"
66.249.93.30 - - [25/Aug/2019:08:10:07 +0000] "GET /favicon-32x32.png HTTP/1.1" 200 1936 "-" "Mozilla/5.0 (X11; Linux x86_64) AppleWebKit/537.36 (KHTML, like Gecko) Chrome/49.0.2623.75 Safari/537.36 Google Favicon"
139.18.2.214 - - [25/Aug/2019:08:11:27 +0000] "GET /zemljista?page=3 HTTP/1.0" 200 32366 "https://www.citadela.hr/zemljista" "LCC (+http://corpora.informatik.uni-leipzig.de/crawler_faq.html)"
66.249.66.44 - - [25/Aug/2019:08:11:48 +0000] "GET /en/flats/zadar-maraska-park-dvosoban-stan-55-m2-terasa-30-m2 HTTP/1.1" 500 4485 "-" "Mozilla/5.0 (Linux; Android 6.0.1; Nexus 5X Build/MMB29P) AppleWebKit/537.36 (KHTML, like Gecko) Chrome/41.0.2272.96 Mobile Safari/537.36 (compatible; Googlebot/2.1; +http://www.google.com/bot.html)"
66.249.66.44 - - [25/Aug/2019:08:12:49 +0000] "GET /hr/pretraga?category=&type=&place=2&area=&price=&surface=50 HTTP/1.1" 500 4485 "-" "Mozilla/5.0 (Linux; Android 6.0.1; Nexus 5X Build/MMB29P) AppleWebKit/537.36 (KHTML, like Gecko) Chrome/41.0.2272.96 Mobile Safari/537.36 (compatible; Googlebot/2.1; +http://www.google.com/bot.html)"
66.249.66.44 - - [25/Aug/2019:08:12:59 +0000] "GET /hr/ HTTP/1.1" 301 233 "-" "Mozilla/5.0 (compatible; Googlebot/2.1; +http://www.google.com/bot.html)"
66.249.66.53 - - [25/Aug/2019:08:12:59 +0000] "GET /hr HTTP/1.1" 301 234 "-" "Mozilla/5.0 (compatible; Googlebot/2.1; +http://www.google.com/bot.html)"
66.249.66.44 - - [25/Aug/2019:08:13:00 +0000] "GET /hr HTTP/1.1" 200 5821 "-" "Mozilla/5.0 (compatible; Googlebot/2.1; +http://www.google.com/bot.html)"
46.229.168.129 - - [25/Aug/2019:08:15:19 +0000] "GET /hr/kuce/zadar-relja-kuca-i-dvor-pored-autobusnog-kolodvora HTTP/1.1" 200 5383 "-" "Mozilla/5.0 (compatible; SemrushBot/6~bl; +http://www.semrush.com/bot.html)"
93.136.231.231 - - [25/Aug/2019:08:16:48 +0000] "GET /uploads/thumbnails/dbdbf878c68c4cad18387ff683729113.jpg HTTP/1.1" 200 46141 "https://www.google.com/blank.html" "Mozilla/5.0 (Linux; Android 8.0.0; SM-J330F Build/R16NW; wv) AppleWebKit/537.36 (KHTML, like Gecko) Version/4.0 Chrome/76.0.3809.111 Mobile Safari/537.36 GSA/10.33.5.21.arm"
91.242.162.38 - - [25/Aug/2019:08:17:16 +0000] "GET /robots.txt HTTP/1.1" 200 24 "-" "Mozilla/5.0 (compatible; Qwantify/2.4w; +https://www.qwant.com/)/2.4w"
91.242.162.38 - - [25/Aug/2019:08:17:16 +0000] "GET /hr/blog/prosjecna-cijena-kvadrata-stana-u-sibeniku-porasla-za-489 HTTP/1.1" 200 4608 "-" "Mozilla/5.0 (compatible; Qwantify/2.4w; +https://www.qwant.com/)/2.4w"
66.249.66.46 - - [25/Aug/2019:08:19:48 +0000] "GET /hr/pretraga?category=&type=&place=38&area=157&price=&surface=100 HTTP/1.1" 500 4485 "-" "Mozilla/5.0 (Linux; Android 6.0.1; Nexus 5X Build/MMB29P) AppleWebKit/537.36 (KHTML, like Gecko) Chrome/41.0.2272.96 Mobile Safari/537.36 (compatible; Googlebot/2.1; +http://www.google.com/bot.html)"
139.18.2.214 - - [25/Aug/2019:08:22:03 +0000] "GET /zemljista?page=4 HTTP/1.0" 200 33062 "https://www.citadela.hr/zemljista" "LCC (+http://corpora.informatik.uni-leipzig.de/crawler_faq.html)"
54.36.148.154 - - [25/Aug/2019:08:23:12 +0000] "GET / HTTP/1.1" 200 5820 "-" "Mozilla/5.0 (compatible; AhrefsBot/6.1; +http://ahrefs.com/robot/)"
66.249.66.46 - - [25/Aug/2019:08:26:06 +0000] "GET /sitemap.xml HTTP/1.1" 200 4782 "-" "Mozilla/5.0 (compatible; Googlebot/2.1; +http://www.google.com/bot.html)"
46.229.168.132 - - [25/Aug/2019:08:26:16 +0000] "GET /robots.txt HTTP/1.1" 200 24 "-" "Mozilla/5.0 (compatible; SemrushBot/6~bl; +http://www.semrush.com/bot.html)"
46.229.168.137 - - [25/Aug/2019:08:26:18 +0000] "GET /en/houses/privlaka-luksuzna-kuca-za-odmor-272-m2 HTTP/1.1" 200 6298 "-" "Mozilla/5.0 (compatible; SemrushBot/6~bl; +http://www.semrush.com/bot.html)"
66.249.66.46 - - [25/Aug/2019:08:29:37 +0000] "GET /uploads/thumbnails/1a24b12349cf00ac529a2bbd8c912c6c.jpg HTTP/1.1" 200 31346 "-" "Googlebot-Image/1.0"
46.229.168.150 - - [25/Aug/2019:08:32:12 +0000] "GET /hr/kuce HTTP/1.1" 200 5391 "-" "Mozilla/5.0 (compatible; SemrushBot/6~bl; +http://www.semrush.com/bot.html)"
139.18.2.214 - - [25/Aug/2019:08:33:05 +0000] "GET /zemljista?page=5 HTTP/1.0" 200 22907 "https://www.citadela.hr/zemljista" "LCC (+http://corpora.informatik.uni-leipzig.de/crawler_faq.html)"
139.18.2.214 - - [25/Aug/2019:08:33:27 +0000] "GET /apartmani/vir-apartman-s-pogledom-na-more-120-m-od-plaze-75-m2 HTTP/1.0" 200 25336 "https://www.citadela.hr/apartmani" "LCC (+http://corpora.informatik.uni-leipzig.de/crawler_faq.html)"
139.18.2.214 - - [25/Aug/2019:08:33:45 +0000] "GET /apartmani/murter-plaza-slanica-dvosoban-apartman-prvi-red-do-mora-4355-m2 HTTP/1.0" 200 28821 "https://www.citadela.hr/apartmani" "LCC (+http://corpora.informatik.uni-leipzig.de/crawler_faq.html)"
139.18.2.214 - - [25/Aug/2019:08:34:01 +0000] "GET /apartmani/bibinje-trosoban-apartman-i-garsonjera-s-izlazom-na-plazu-100-m2 HTTP/1.0" 200 25416 "https://www.citadela.hr/apartmani" "LCC (+http://corpora.informatik.uni-leipzig.de/crawler_faq.html)"
139.18.2.214 - - [25/Aug/2019:08:34:16 +0000] "GET /apartmani/bibinje-trosoban-apartman-i-garsonjera-25-m-od-plaze-100-m2 HTTP/1.0" 200 26801 "https://www.citadela.hr/apartmani" "LCC (+http://corpora.informatik.uni-leipzig.de/crawler_faq.html)"
139.18.2.214 - - [25/Aug/2019:08:34:31 +0000] "GET /apartmani/privlaka-dvosoban-apartman-120-metara-od-pjescane-plaze-84-m2 HTTP/1.0" 200 23740 "https://www.citadela.hr/apartmani" "LCC (+http://corpora.informatik.uni-leipzig.de/crawler_faq.html)"
139.18.2.214 - - [25/Aug/2019:08:34:47 +0000] "GET /apartmani/sibenik-kamena-kuca-u-centru-grada-87-m2 HTTP/1.0" 200 23896 "https://www.citadela.hr/apartmani" "LCC (+http://corpora.informatik.uni-leipzig.de/crawler_faq.html)"
139.18.2.214 - - [25/Aug/2019:08:34:59 +0000] "GET /apartmani/starigrad-trosoban-stan-s-pogledom-na-more-10560-m2-novogradnja HTTP/1.0" 200 28018 "https://www.citadela.hr/apartmani" "LCC (+http://corpora.informatik.uni-leipzig.de/crawler_faq.html)"
139.18.2.214 - - [25/Aug/2019:08:35:13 +0000] "GET /apartmani/kozino-namjesten-apartman-prvi-red-do-mora-4783-m2 HTTP/1.0" 200 26343 "https://www.citadela.hr/apartmani" "LCC (+http://corpora.informatik.uni-leipzig.de/crawler_faq.html)"
