139.18.2.214 - - [25/Aug/2019:10:25:58 +0000] "GET /hr/zemljista/rogoznica-okolica-zemljiste-s-pogledom-na-more-12400-m2 HTTP/1.0" 200 22756 "https://www.citadela.hr/hr/zemljista" "LCC (+http://corpora.informatik.uni-leipzig.de/crawler_faq.html)"
139.18.2.214 - - [25/Aug/2019:10:26:16 +0000] "GET /hr/zemljista?page=2 HTTP/1.0" 200 32320 "https://www.citadela.hr/hr/zemljista" "LCC (+http://corpora.informatik.uni-leipzig.de/crawler_faq.html)"
66.249.66.42 - - [25/Aug/2019:10:28:48 +0000] "GET /hr/pretraga?category=&type=&place=2&area=&price=300000&surface=10 HTTP/1.1" 500 4485 "-" "Mozilla/5.0 (Linux; Android 6.0.1; Nexus 5X Build/MMB29P) AppleWebKit/537.36 (KHTML, like Gecko) Chrome/41.0.2272.96 Mobile Safari/537.36 (compatible; Googlebot/2.1; +http://www.google.com/bot.html)"
66.249.66.44 - - [25/Aug/2019:10:29:48 +0000] "GET /pretraga?category=&type=&place=36&area=179&price=1000000&surface=10 HTTP/1.1" 500 4485 "-" "Mozilla/5.0 (Linux; Android 6.0.1; Nexus 5X Build/MMB29P) AppleWebKit/537.36 (KHTML, like Gecko) Chrome/41.0.2272.96 Mobile Safari/537.36 (compatible; Googlebot/2.1; +http://www.google.com/bot.html)"
66.249.66.42 - - [25/Aug/2019:10:30:48 +0000] "GET /pretraga?category=&type=&place=36&area=179&price=1000000&surface=10 HTTP/1.1" 500 4485 "-" "Mozilla/5.0 (Linux; Android 6.0.1; Nexus 5X Build/MMB29P) AppleWebKit/537.36 (KHTML, like Gecko) Chrome/41.0.2272.96 Mobile Safari/537.36 (compatible; Googlebot/2.1; +http://www.google.com/bot.html)"
66.249.66.44 - - [25/Aug/2019:10:34:48 +0000] "GET /en/search?category=&type=&place=37&area=&price=100000&surface=100 HTTP/1.1" 500 4485 "-" "Mozilla/5.0 (Linux; Android 6.0.1; Nexus 5X Build/MMB29P) AppleWebKit/537.36 (KHTML, like Gecko) Chrome/41.0.2272.96 Mobile Safari/537.36 (compatible; Googlebot/2.1; +http://www.google.com/bot.html)"
66.249.66.44 - - [25/Aug/2019:10:35:48 +0000] "GET /hr/pretraga?category=&type=&place=49&area=&price=&surface=200 HTTP/1.1" 500 4485 "-" "Mozilla/5.0 (Linux; Android 6.0.1; Nexus 5X Build/MMB29P) AppleWebKit/537.36 (KHTML, like Gecko) Chrome/41.0.2272.96 Mobile Safari/537.36 (compatible; Googlebot/2.1; +http://www.google.com/bot.html)"
139.18.2.214 - - [25/Aug/2019:10:37:37 +0000] "GET /hr/zemljista?page=3 HTTP/1.0" 200 32519 "https://www.citadela.hr/hr/zemljista" "LCC (+http://corpora.informatik.uni-leipzig.de/crawler_faq.html)"
66.249.66.44 - - [25/Aug/2019:10:37:48 +0000] "GET /pretraga?category=&type=&place=36&area=180&price=200000&surface=100 HTTP/1.1" 500 4485 "-" "Mozilla/5.0 (Linux; Android 6.0.1; Nexus 5X Build/MMB29P) AppleWebKit/537.36 (KHTML, like Gecko) Chrome/41.0.2272.96 Mobile Safari/537.36 (compatible; Googlebot/2.1; +http://www.google.com/bot.html)"
66.249.66.42 - - [25/Aug/2019:10:38:48 +0000] "GET /en/search?category=&type=&place=43&area=&price=50000&surface= HTTP/1.1" 500 4485 "-" "Mozilla/5.0 (Linux; Android 6.0.1; Nexus 5X Build/MMB29P) AppleWebKit/537.36 (KHTML, like Gecko) Chrome/41.0.2272.96 Mobile Safari/537.36 (compatible; Googlebot/2.1; +http://www.google.com/bot.html)"
66.249.66.44 - - [25/Aug/2019:10:39:48 +0000] "GET /en/search?category=&type=&place=43&area=&price=50000&surface= HTTP/1.1" 500 4485 "-" "Mozilla/5.0 (Linux; Android 6.0.1; Nexus 5X Build/MMB29P) AppleWebKit/537.36 (KHTML, like Gecko) Chrome/41.0.2272.96 Mobile Safari/537.36 (compatible; Googlebot/2.1; +http://www.google.com/bot.html)"
66.249.66.44 - - [25/Aug/2019:10:41:48 +0000] "GET /pretraga?category=&type=&place=36&area=157&price=100000&surface=50 HTTP/1.1" 500 4485 "-" "Mozilla/5.0 (Linux; Android 6.0.1; Nexus 5X Build/MMB29P) AppleWebKit/537.36 (KHTML, like Gecko) Chrome/41.0.2272.96 Mobile Safari/537.36 (compatible; Googlebot/2.1; +http://www.google.com/bot.html)"
66.249.66.46 - - [25/Aug/2019:10:42:48 +0000] "GET /pretraga?category=&type=&place=58&area=160&price=200000&surface=50 HTTP/1.1" 500 4485 "-" "Mozilla/5.0 (Linux; Android 6.0.1; Nexus 5X Build/MMB29P) AppleWebKit/537.36 (KHTML, like Gecko) Chrome/41.0.2272.96 Mobile Safari/537.36 (compatible; Googlebot/2.1; +http://www.google.com/bot.html)"
46.229.168.151 - - [25/Aug/2019:10:46:06 +0000] "GET /robots.txt HTTP/1.1" 200 24 "-" "Mozilla/5.0 (compatible; SemrushBot/6~bl; +http://www.semrush.com/bot.html)"
46.229.168.140 - - [25/Aug/2019:10:46:06 +0000] "GET /zemljista/starigrad-gradevinsko-zemljiste-prvi-red-do-mora-1000-m2 HTTP/1.1" 200 6020 "-" "Mozilla/5.0 (compatible; SemrushBot/6~bl; +http://www.semrush.com/bot.html)"
139.18.2.214 - - [25/Aug/2019:10:48:11 +0000] "GET /hr/zemljista?page=4 HTTP/1.0" 200 33215 "https://www.citadela.hr/hr/zemljista" "LCC (+http://corpora.informatik.uni-leipzig.de/crawler_faq.html)"
66.249.66.46 - - [25/Aug/2019:10:50:48 +0000] "GET /en/search?category=&type=&place=36&area=169&price=100000&surface=10 HTTP/1.1" 500 4485 "-" "Mozilla/5.0 (Linux; Android 6.0.1; Nexus 5X Build/MMB29P) AppleWebKit/537.36 (KHTML, like Gecko) Chrome/41.0.2272.96 Mobile Safari/537.36 (compatible; Googlebot/2.1; +http://www.google.com/bot.html)"
66.249.66.44 - - [25/Aug/2019:10:53:48 +0000] "GET /pretraga?category=&type=&place=36&area=180&price=200000&surface=10 HTTP/1.1" 500 4485 "-" "Mozilla/5.0 (Linux; Android 6.0.1; Nexus 5X Build/MMB29P) AppleWebKit/537.36 (KHTML, like Gecko) Chrome/41.0.2272.96 Mobile Safari/537.36 (compatible; Googlebot/2.1; +http://www.google.com/bot.html)"
66.249.66.44 - - [25/Aug/2019:10:54:48 +0000] "GET /hr/pretraga?category=&type=&place=10&area=&price=200000&surface=100 HTTP/1.1" 500 4485 "-" "Mozilla/5.0 (Linux; Android 6.0.1; Nexus 5X Build/MMB29P) AppleWebKit/537.36 (KHTML, like Gecko) Chrome/41.0.2272.96 Mobile Safari/537.36 (compatible; Googlebot/2.1; +http://www.google.com/bot.html)"
66.249.66.46 - - [25/Aug/2019:10:55:48 +0000] "GET /hr/pretraga?category=&type=&place=10&area=&price=300000&surface=10 HTTP/1.1" 500 4485 "-" "Mozilla/5.0 (Linux; Android 6.0.1; Nexus 5X Build/MMB29P) AppleWebKit/537.36 (KHTML, like Gecko) Chrome/41.0.2272.96 Mobile Safari/537.36 (compatible; Googlebot/2.1; +http://www.google.com/bot.html)"
93.136.251.235 - - [25/Aug/2019:10:56:41 +0000] "GET /uploads/thumbnails/42c15dd15f418344ccc035d6003dd670.jpeg HTTP/1.1" 200 56902 "https://www.google.com/" "Mozilla/5.0 (Windows NT 6.3; Win64; x64) AppleWebKit/537.36 (KHTML, like Gecko) Chrome/76.0.3809.100 Safari/537.36"
66.249.66.42 - - [25/Aug/2019:10:56:48 +0000] "GET /en/search?category=&type=&place=36&area=166&price=100000&surface=10 HTTP/1.1" 500 4485 "-" "Mozilla/5.0 (Linux; Android 6.0.1; Nexus 5X Build/MMB29P) AppleWebKit/537.36 (KHTML, like Gecko) Chrome/41.0.2272.96 Mobile Safari/537.36 (compatible; Googlebot/2.1; +http://www.google.com/bot.html)"
66.249.66.44 - - [25/Aug/2019:10:57:48 +0000] "GET /en/search?category=&type=&place=59&area=&price=50000&surface=10 HTTP/1.1" 500 4485 "-" "Mozilla/5.0 (Linux; Android 6.0.1; Nexus 5X Build/MMB29P) AppleWebKit/537.36 (KHTML, like Gecko) Chrome/41.0.2272.96 Mobile Safari/537.36 (compatible; Googlebot/2.1; +http://www.google.com/bot.html)"
139.18.2.214 - - [25/Aug/2019:10:58:44 +0000] "GET /hr/zemljista?page=5 HTTP/1.0" 200 23015 "https://www.citadela.hr/hr/zemljista" "LCC (+http://corpora.informatik.uni-leipzig.de/crawler_faq.html)"
139.18.2.214 - - [25/Aug/2019:10:58:54 +0000] "GET /hr/apartmani/vir-apartman-s-pogledom-na-more-120-m-od-plaze-75-m2 HTTP/1.0" 200 25417 "https://www.citadela.hr/hr/apartmani" "LCC (+http://corpora.informatik.uni-leipzig.de/crawler_faq.html)"
139.18.2.214 - - [25/Aug/2019:10:59:08 +0000] "GET /hr/apartmani/murter-plaza-slanica-dvosoban-apartman-prvi-red-do-mora-4355-m2 HTTP/1.0" 200 28902 "https://www.citadela.hr/hr/apartmani" "LCC (+http://corpora.informatik.uni-leipzig.de/crawler_faq.html)"
139.18.2.214 - - [25/Aug/2019:10:59:20 +0000] "GET /hr/apartmani/bibinje-trosoban-apartman-i-garsonjera-s-izlazom-na-plazu-100-m2 HTTP/1.0" 200 25497 "https://www.citadela.hr/hr/apartmani" "LCC (+http://corpora.informatik.uni-leipzig.de/crawler_faq.html)"
139.18.2.214 - - [25/Aug/2019:10:59:29 +0000] "GET /hr/apartmani/bibinje-trosoban-apartman-i-garsonjera-25-m-od-plaze-100-m2 HTTP/1.0" 200 26882 "https://www.citadela.hr/hr/apartmani" "LCC (+http://corpora.informatik.uni-leipzig.de/crawler_faq.html)"
139.18.2.214 - - [25/Aug/2019:10:59:45 +0000] "GET /hr/apartmani/privlaka-dvosoban-apartman-120-metara-od-pjescane-plaze-84-m2 HTTP/1.0" 200 23821 "https://www.citadela.hr/hr/apartmani" "LCC (+http://corpora.informatik.uni-leipzig.de/crawler_faq.html)"
66.249.66.46 - - [25/Aug/2019:10:59:48 +0000] "GET /en/search?category=&type=sale&place=36&area=&price=50000&surface=10 HTTP/1.1" 500 4485 "-" "Mozilla/5.0 (Linux; Android 6.0.1; Nexus 5X Build/MMB29P) AppleWebKit/537.36 (KHTML, like Gecko) Chrome/41.0.2272.96 Mobile Safari/537.36 (compatible; Googlebot/2.1; +http://www.google.com/bot.html)"
139.18.2.214 - - [25/Aug/2019:10:59:59 +0000] "GET /hr/apartmani/sibenik-kamena-kuca-u-centru-grada-87-m2 HTTP/1.0" 200 23977 "https://www.citadela.hr/hr/apartmani" "LCC (+http://corpora.informatik.uni-leipzig.de/crawler_faq.html)"
139.18.2.214 - - [25/Aug/2019:11:00:14 +0000] "GET /hr/apartmani/starigrad-trosoban-stan-s-pogledom-na-more-10560-m2-novogradnja HTTP/1.0" 200 28099 "https://www.citadela.hr/hr/apartmani" "LCC (+http://corpora.informatik.uni-leipzig.de/crawler_faq.html)"
93.136.251.235 - - [25/Aug/2019:11:00:15 +0000] "GET /uploads/thumbnails/4240c5935d321944b9b3dd8ea14094af.jpg HTTP/1.1" 200 60600 "https://www.google.com/" "Mozilla/5.0 (Windows NT 6.3; Win64; x64) AppleWebKit/537.36 (KHTML, like Gecko) Chrome/76.0.3809.100 Safari/537.36"
139.18.2.214 - - [25/Aug/2019:11:00:33 +0000] "GET /hr/apartmani/kozino-namjesten-apartman-prvi-red-do-mora-4783-m2 HTTP/1.0" 200 26424 "https://www.citadela.hr/hr/apartmani" "LCC (+http://corpora.informatik.uni-leipzig.de/crawler_faq.html)"
139.18.2.214 - - [25/Aug/2019:11:00:54 +0000] "GET /hr/apartmani/vinjerac-novi-apartman-s-pogledom-na-more-6397-m2 HTTP/1.0" 200 27277 "https://www.citadela.hr/hr/apartmani" "LCC (+http://corpora.informatik.uni-leipzig.de/crawler_faq.html)"
139.18.2.214 - - [25/Aug/2019:11:01:18 +0000] "GET /hr/apartmani/vinjerac-dvoetazni-cetverosoban-apartman-17576-m2-novogradnja HTTP/1.0" 200 30008 "https://www.citadela.hr/hr/apartmani" "LCC (+http://corpora.informatik.uni-leipzig.de/crawler_faq.html)"
139.18.2.214 - - [25/Aug/2019:11:01:40 +0000] "GET /hr/apartmani?page=2 HTTP/1.0" 200 26620 "https://www.citadela.hr/hr/apartmani" "LCC (+http://corpora.informatik.uni-leipzig.de/crawler_faq.html)"
66.249.66.44 - - [25/Aug/2019:11:01:48 +0000] "GET /hr/pretraga?category=&type=&place=36&area=171&price=50000&surface=50 HTTP/1.1" 500 4485 "-" "Mozilla/5.0 (Linux; Android 6.0.1; Nexus 5X Build/MMB29P) AppleWebKit/537.36 (KHTML, like Gecko) Chrome/41.0.2272.96 Mobile Safari/537.36 (compatible; Googlebot/2.1; +http://www.google.com/bot.html)"
139.18.2.214 - - [25/Aug/2019:11:01:56 +0000] "GET /hr/poslovni-prostori/murter-centar-restoran-s-terasom-i-dva-apartmana-180-m2 HTTP/1.0" 200 26974 "https://www.citadela.hr/hr/poslovni-prostori" "LCC (+http://corpora.informatik.uni-leipzig.de/crawler_faq.html)"
139.18.2.214 - - [25/Aug/2019:11:02:13 +0000] "GET /hr/poslovni-prostori/vodice-hala-za-razne-namjene-1096-m2-dvoriste-1700-m2 HTTP/1.0" 200 24861 "https://www.citadela.hr/hr/poslovni-prostori" "LCC (+http://corpora.informatik.uni-leipzig.de/crawler_faq.html)"
139.18.2.214 - - [25/Aug/2019:11:02:30 +0000] "GET /hr/blog/gdje-kupiti-stan-na-jadranu HTTP/1.0" 200 19913 "https://www.citadela.hr/hr/blog" "LCC (+http://corpora.informatik.uni-leipzig.de/crawler_faq.html)"
139.18.2.214 - - [25/Aug/2019:11:02:44 +0000] "GET /kuce/rovanjska-vila-s-bazenom-u-blizini-mora-250-m2 HTTP/1.0" 200 28961 "https://www.citadela.hr/kuce?page=2" "LCC (+http://corpora.informatik.uni-leipzig.de/crawler_faq.html)"
66.249.66.46 - - [25/Aug/2019:11:02:48 +0000] "GET /en/search?category=&type=&place=36&area=163&price=50000&surface=100 HTTP/1.1" 500 4485 "-" "Mozilla/5.0 (Linux; Android 6.0.1; Nexus 5X Build/MMB29P) AppleWebKit/537.36 (KHTML, like Gecko) Chrome/41.0.2272.96 Mobile Safari/537.36 (compatible; Googlebot/2.1; +http://www.google.com/bot.html)"
139.18.2.214 - - [25/Aug/2019:11:02:54 +0000] "GET /kuce/veli-iz-pansion-prvi-red-do-mora-46340-m2-okucnica-1688-m2 HTTP/1.0" 200 28660 "https://www.citadela.hr/kuce?page=2" "LCC (+http://corpora.informatik.uni-leipzig.de/crawler_faq.html)"
139.18.2.214 - - [25/Aug/2019:11:03:03 +0000] "GET /kuce/slivnica-kuca-za-odmor-s-pogledom-na-more-19210-m2 HTTP/1.0" 200 25978 "https://www.citadela.hr/kuce?page=2" "LCC (+http://corpora.informatik.uni-leipzig.de/crawler_faq.html)"
139.18.2.214 - - [25/Aug/2019:11:03:12 +0000] "GET /kuce/privlaka-luksuzna-kuca-za-odmor-272-m2 HTTP/1.0" 200 27628 "https://www.citadela.hr/kuce?page=2" "LCC (+http://corpora.informatik.uni-leipzig.de/crawler_faq.html)"
139.18.2.214 - - [25/Aug/2019:11:03:22 +0000] "GET /kuce/sveti-petar-na-moru-pansion-s-15-soba-i-restoranom-600-m2 HTTP/1.0" 200 27191 "https://www.citadela.hr/kuce?page=2" "LCC (+http://corpora.informatik.uni-leipzig.de/crawler_faq.html)"
139.18.2.214 - - [25/Aug/2019:11:03:41 +0000] "GET /kuce/vir-kuca-556-m2-6-apartmana-i-poslovni-prostor-170-m-od-mora HTTP/1.0" 200 28083 "https://www.citadela.hr/kuce?page=2" "LCC (+http://corpora.informatik.uni-leipzig.de/crawler_faq.html)"
66.249.66.44 - - [25/Aug/2019:11:03:48 +0000] "GET /hr/pretraga?category=&type=&place=38&area=&price=100000&surface=100 HTTP/1.1" 500 4485 "-" "Mozilla/5.0 (Linux; Android 6.0.1; Nexus 5X Build/MMB29P) AppleWebKit/537.36 (KHTML, like Gecko) Chrome/41.0.2272.96 Mobile Safari/537.36 (compatible; Googlebot/2.1; +http://www.google.com/bot.html)"
139.18.2.214 - - [25/Aug/2019:11:03:52 +0000] "GET /kuce/zadar-diklo-kuca-188-m2-pomocni-objekat-47m2-okucnica-1106-m2 HTTP/1.0" 200 24698 "https://www.citadela.hr/kuce?page=2" "LCC (+http://corpora.informatik.uni-leipzig.de/crawler_faq.html)"
139.18.2.214 - - [25/Aug/2019:11:04:01 +0000] "GET /kuce/starigrad-kuca-s-bazenom-drugi-red-do-mora-260-m2 HTTP/1.0" 200 29304 "https://www.citadela.hr/kuce?page=2" "LCC (+http://corpora.informatik.uni-leipzig.de/crawler_faq.html)"
139.18.2.214 - - [25/Aug/2019:11:04:09 +0000] "GET /kuce/primosten-dolac-kuca-s-pogledom-na-more-16869-m2 HTTP/1.0" 200 27780 "https://www.citadela.hr/kuce?page=2" "LCC (+http://corpora.informatik.uni-leipzig.de/crawler_faq.html)"
139.18.2.214 - - [25/Aug/2019:11:04:18 +0000] "GET /kuce/biograd-na-moru-kuca-s-9-apartmana-481-m2-novogradnja HTTP/1.0" 200 31072 "https://www.citadela.hr/kuce?page=2" "LCC (+http://corpora.informatik.uni-leipzig.de/crawler_faq.html)"
66.249.66.44 - - [25/Aug/2019:11:04:48 +0000] "GET /hr/pretraga?category=&type=&place=37&area=157&price=300000&surface=10 HTTP/1.1" 500 4485 "-" "Mozilla/5.0 (Linux; Android 6.0.1; Nexus 5X Build/MMB29P) AppleWebKit/537.36 (KHTML, like Gecko) Chrome/41.0.2272.96 Mobile Safari/537.36 (compatible; Googlebot/2.1; +http://www.google.com/bot.html)"
66.249.66.46 - - [25/Aug/2019:11:05:48 +0000] "GET /hr/pretraga?category=&type=&place=43&area=&price=200000&surface=10 HTTP/1.1" 500 4485 "-" "Mozilla/5.0 (Linux; Android 6.0.1; Nexus 5X Build/MMB29P) AppleWebKit/537.36 (KHTML, like Gecko) Chrome/41.0.2272.96 Mobile Safari/537.36 (compatible; Googlebot/2.1; +http://www.google.com/bot.html)"
188.23.207.134 - - [25/Aug/2019:11:08:53 +0000] "GET /kuce HTTP/1.1" 200 5390 "https://www.google.com/" "Mozilla/5.0 (Windows NT 10.0; Win64; x64) AppleWebKit/537.36 (KHTML, like Gecko) Chrome/76.0.3809.100 Safari/537.36"
188.23.207.134 - - [25/Aug/2019:11:08:54 +0000] "GET /css/bootstrap.css HTTP/1.1" 200 20712 "https://www.citadela.hr/kuce" "Mozilla/5.0 (Windows NT 10.0; Win64; x64) AppleWebKit/537.36 (KHTML, like Gecko) Chrome/76.0.3809.100 Safari/537.36"
188.23.207.134 - - [25/Aug/2019:11:08:54 +0000] "GET /css/style.css?v=2 HTTP/1.1" 200 17441 "https://www.citadela.hr/kuce" "Mozilla/5.0 (Windows NT 10.0; Win64; x64) AppleWebKit/537.36 (KHTML, like Gecko) Chrome/76.0.3809.100 Safari/537.36"
188.23.207.134 - - [25/Aug/2019:11:08:54 +0000] "GET /fonts/flaticon.css HTTP/1.1" 200 699 "https://www.citadela.hr/kuce" "Mozilla/5.0 (Windows NT 10.0; Win64; x64) AppleWebKit/537.36 (KHTML, like Gecko) Chrome/76.0.3809.100 Safari/537.36"
188.23.207.134 - - [25/Aug/2019:11:08:54 +0000] "GET /css/jslider.css HTTP/1.1" 200 763 "https://www.citadela.hr/kuce" "Mozilla/5.0 (Windows NT 10.0; Win64; x64) AppleWebKit/537.36 (KHTML, like Gecko) Chrome/76.0.3809.100 Safari/537.36"
188.23.207.134 - - [25/Aug/2019:11:08:54 +0000] "GET /css/colors/blue.css?v=2 HTTP/1.1" 200 3552 "https://www.citadela.hr/kuce" "Mozilla/5.0 (Windows NT 10.0; Win64; x64) AppleWebKit/537.36 (KHTML, like Gecko) Chrome/76.0.3809.100 Safari/537.36"
188.23.207.134 - - [25/Aug/2019:11:08:54 +0000] "GET /css/responsive.css HTTP/1.1" 200 2788 "https://www.citadela.hr/kuce" "Mozilla/5.0 (Windows NT 10.0; Win64; x64) AppleWebKit/537.36 (KHTML, like Gecko) Chrome/76.0.3809.100 Safari/537.36"
188.23.207.134 - - [25/Aug/2019:11:08:54 +0000] "GET /css/font-awesome.css HTTP/1.1" 200 7439 "https://www.citadela.hr/kuce" "Mozilla/5.0 (Windows NT 10.0; Win64; x64) AppleWebKit/537.36 (KHTML, like Gecko) Chrome/76.0.3809.100 Safari/537.36"
188.23.207.134 - - [25/Aug/2019:11:08:54 +0000] "GET /css/loader.css?v=2 HTTP/1.1" 200 772 "https://www.citadela.hr/kuce" "Mozilla/5.0 (Windows NT 10.0; Win64; x64) AppleWebKit/537.36 (KHTML, like Gecko) Chrome/76.0.3809.100 Safari/537.36"
188.23.207.134 - - [25/Aug/2019:11:08:54 +0000] "GET /assets/plugins/flag/css/flag-icon.css HTTP/1.1" 200 2837 "https://www.citadela.hr/kuce" "Mozilla/5.0 (Windows NT 10.0; Win64; x64) AppleWebKit/537.36 (KHTML, like Gecko) Chrome/76.0.3809.100 Safari/537.36"
188.23.207.134 - - [25/Aug/2019:11:08:54 +0000] "GET /img/logo_header.png?v=2 HTTP/1.1" 200 4348 "https://www.citadela.hr/kuce" "Mozilla/5.0 (Windows NT 10.0; Win64; x64) AppleWebKit/537.36 (KHTML, like Gecko) Chrome/76.0.3809.100 Safari/537.36"
188.23.207.134 - - [25/Aug/2019:11:08:54 +0000] "GET /js/bootstrap.min.js HTTP/1.1" 200 9833 "https://www.citadela.hr/kuce" "Mozilla/5.0 (Windows NT 10.0; Win64; x64) AppleWebKit/537.36 (KHTML, like Gecko) Chrome/76.0.3809.100 Safari/537.36"
188.23.207.134 - - [25/Aug/2019:11:08:54 +0000] "GET /js/jquery.min.js HTTP/1.1" 200 33760 "https://www.citadela.hr/kuce" "Mozilla/5.0 (Windows NT 10.0; Win64; x64) AppleWebKit/537.36 (KHTML, like Gecko) Chrome/76.0.3809.100 Safari/537.36"
188.23.207.134 - - [25/Aug/2019:11:08:54 +0000] "GET /js/bootstrap-select.js HTTP/1.1" 200 15633 "https://www.citadela.hr/kuce" "Mozilla/5.0 (Windows NT 10.0; Win64; x64) AppleWebKit/537.36 (KHTML, like Gecko) Chrome/76.0.3809.100 Safari/537.36"
188.23.207.134 - - [25/Aug/2019:11:08:55 +0000] "GET /js/YouTubePopUp.jquery.js HTTP/1.1" 200 967 "https://www.citadela.hr/kuce" "Mozilla/5.0 (Windows NT 10.0; Win64; x64) AppleWebKit/537.36 (KHTML, like Gecko) Chrome/76.0.3809.100 Safari/537.36"
188.23.207.134 - - [25/Aug/2019:11:08:55 +0000] "GET /js/jquery.fancybox.pack.js HTTP/1.1" 200 8634 "https://www.citadela.hr/kuce" "Mozilla/5.0 (Windows NT 10.0; Win64; x64) AppleWebKit/537.36 (KHTML, like Gecko) Chrome/76.0.3809.100 Safari/537.36"
188.23.207.134 - - [25/Aug/2019:11:08:55 +0000] "GET /js/jquery.fancybox-media.js HTTP/1.1" 200 1973 "https://www.citadela.hr/kuce" "Mozilla/5.0 (Windows NT 10.0; Win64; x64) AppleWebKit/537.36 (KHTML, like Gecko) Chrome/76.0.3809.100 Safari/537.36"
188.23.207.134 - - [25/Aug/2019:11:08:55 +0000] "GET /js/owl.js HTTP/1.1" 200 17545 "https://www.citadela.hr/kuce" "Mozilla/5.0 (Windows NT 10.0; Win64; x64) AppleWebKit/537.36 (KHTML, like Gecko) Chrome/76.0.3809.100 Safari/537.36"
188.23.207.134 - - [25/Aug/2019:11:08:55 +0000] "GET /js/mixitup.js HTTP/1.1" 200 11347 "https://www.citadela.hr/kuce" "Mozilla/5.0 (Windows NT 10.0; Win64; x64) AppleWebKit/537.36 (KHTML, like Gecko) Chrome/76.0.3809.100 Safari/537.36"
188.23.207.134 - - [25/Aug/2019:11:08:55 +0000] "GET /js/wow.js HTTP/1.1" 200 2198 "https://www.citadela.hr/kuce" "Mozilla/5.0 (Windows NT 10.0; Win64; x64) AppleWebKit/537.36 (KHTML, like Gecko) Chrome/76.0.3809.100 Safari/537.36"
188.23.207.134 - - [25/Aug/2019:11:08:55 +0000] "GET /js/jshashtable-2.1_src.js HTTP/1.1" 200 2957 "https://www.citadela.hr/kuce" "Mozilla/5.0 (Windows NT 10.0; Win64; x64) AppleWebKit/537.36 (KHTML, like Gecko) Chrome/76.0.3809.100 Safari/537.36"
188.23.207.134 - - [25/Aug/2019:11:08:55 +0000] "GET /js/tmpl.js HTTP/1.1" 200 625 "https://www.citadela.hr/kuce" "Mozilla/5.0 (Windows NT 10.0; Win64; x64) AppleWebKit/537.36 (KHTML, like Gecko) Chrome/76.0.3809.100 Safari/537.36"
188.23.207.134 - - [25/Aug/2019:11:08:55 +0000] "GET /js/jquery.numberformatter-1.2.3.js HTTP/1.1" 200 4697 "https://www.citadela.hr/kuce" "Mozilla/5.0 (Windows NT 10.0; Win64; x64) AppleWebKit/537.36 (KHTML, like Gecko) Chrome/76.0.3809.100 Safari/537.36"
188.23.207.134 - - [25/Aug/2019:11:08:55 +0000] "GET /js/draggable-0.1.js HTTP/1.1" 200 1326 "https://www.citadela.hr/kuce" "Mozilla/5.0 (Windows NT 10.0; Win64; x64) AppleWebKit/537.36 (KHTML, like Gecko) Chrome/76.0.3809.100 Safari/537.36"
188.23.207.134 - - [25/Aug/2019:11:08:55 +0000] "GET /js/jquery.dependClass-0.1.js HTTP/1.1" 200 458 "https://www.citadela.hr/kuce" "Mozilla/5.0 (Windows NT 10.0; Win64; x64) AppleWebKit/537.36 (KHTML, like Gecko) Chrome/76.0.3809.100 Safari/537.36"
188.23.207.134 - - [25/Aug/2019:11:08:55 +0000] "GET /js/jquery.slider.js HTTP/1.1" 200 4772 "https://www.citadela.hr/kuce" "Mozilla/5.0 (Windows NT 10.0; Win64; x64) AppleWebKit/537.36 (KHTML, like Gecko) Chrome/76.0.3809.100 Safari/537.36"
188.23.207.134 - - [25/Aug/2019:11:08:55 +0000] "GET /js/jquery.barrating.js HTTP/1.1" 200 4280 "https://www.citadela.hr/kuce" "Mozilla/5.0 (Windows NT 10.0; Win64; x64) AppleWebKit/537.36 (KHTML, like Gecko) Chrome/76.0.3809.100 Safari/537.36"
188.23.207.134 - - [25/Aug/2019:11:08:55 +0000] "GET /js/custom.js HTTP/1.1" 200 5159 "https://www.citadela.hr/kuce" "Mozilla/5.0 (Windows NT 10.0; Win64; x64) AppleWebKit/537.36 (KHTML, like Gecko) Chrome/76.0.3809.100 Safari/537.36"
188.23.207.134 - - [25/Aug/2019:11:08:55 +0000] "GET /uploads/thumbnails/547ae143dd15ff6c97ccd4b4a4eb58c1.jpg HTTP/1.1" 200 42006 "https://www.citadela.hr/kuce" "Mozilla/5.0 (Windows NT 10.0; Win64; x64) AppleWebKit/537.36 (KHTML, like Gecko) Chrome/76.0.3809.100 Safari/537.36"
188.23.207.134 - - [25/Aug/2019:11:08:55 +0000] "GET /uploads/thumbnails/f28c4ddee2395a7c3c7630d204227ede.JPG HTTP/1.1" 200 46650 "https://www.citadela.hr/kuce" "Mozilla/5.0 (Windows NT 10.0; Win64; x64) AppleWebKit/537.36 (KHTML, like Gecko) Chrome/76.0.3809.100 Safari/537.36"
188.23.207.134 - - [25/Aug/2019:11:08:55 +0000] "GET /uploads/thumbnails/c42bfd6c558a7ac6c41421ccc209f5a5.jpg HTTP/1.1" 200 43798 "https://www.citadela.hr/kuce" "Mozilla/5.0 (Windows NT 10.0; Win64; x64) AppleWebKit/537.36 (KHTML, like Gecko) Chrome/76.0.3809.100 Safari/537.36"
188.23.207.134 - - [25/Aug/2019:11:08:55 +0000] "GET /images/no-photo.png HTTP/1.1" 200 11612 "https://www.citadela.hr/kuce" "Mozilla/5.0 (Windows NT 10.0; Win64; x64) AppleWebKit/537.36 (KHTML, like Gecko) Chrome/76.0.3809.100 Safari/537.36"
188.23.207.134 - - [25/Aug/2019:11:08:55 +0000] "GET /uploads/thumbnails/0e90894cf5c08ae61374d409ab092509.jpg HTTP/1.1" 200 52239 "https://www.citadela.hr/kuce" "Mozilla/5.0 (Windows NT 10.0; Win64; x64) AppleWebKit/537.36 (KHTML, like Gecko) Chrome/76.0.3809.100 Safari/537.36"
188.23.207.134 - - [25/Aug/2019:11:08:55 +0000] "GET /uploads/thumbnails/bdb290fa375c69e113c38d443c11983d.jpg HTTP/1.1" 200 32661 "https://www.citadela.hr/kuce" "Mozilla/5.0 (Windows NT 10.0; Win64; x64) AppleWebKit/537.36 (KHTML, like Gecko) Chrome/76.0.3809.100 Safari/537.36"
188.23.207.134 - - [25/Aug/2019:11:08:55 +0000] "GET /uploads/thumbnails/cc29133b7cd10d0cd86da60ef5b5dcf4.jpg HTTP/1.1" 200 81491 "https://www.citadela.hr/kuce" "Mozilla/5.0 (Windows NT 10.0; Win64; x64) AppleWebKit/537.36 (KHTML, like Gecko) Chrome/76.0.3809.100 Safari/537.36"
188.23.207.134 - - [25/Aug/2019:11:08:55 +0000] "GET /uploads/thumbnails/97fbad5d2a6228e6d05ce735017cd87b.jpg HTTP/1.1" 200 42996 "https://www.citadela.hr/kuce" "Mozilla/5.0 (Windows NT 10.0; Win64; x64) AppleWebKit/537.36 (KHTML, like Gecko) Chrome/76.0.3809.100 Safari/537.36"
188.23.207.134 - - [25/Aug/2019:11:08:55 +0000] "GET /img/logo_footer.png HTTP/1.1" 200 4213 "https://www.citadela.hr/kuce" "Mozilla/5.0 (Windows NT 10.0; Win64; x64) AppleWebKit/537.36 (KHTML, like Gecko) Chrome/76.0.3809.100 Safari/537.36"
188.23.207.134 - - [25/Aug/2019:11:08:55 +0000] "GET /uploads/thumbnails/07477cb0f198515487ff5a5a7917e133.jpeg HTTP/1.1" 200 57318 "https://www.citadela.hr/kuce" "Mozilla/5.0 (Windows NT 10.0; Win64; x64) AppleWebKit/537.36 (KHTML, like Gecko) Chrome/76.0.3809.100 Safari/537.36"
188.23.207.134 - - [25/Aug/2019:11:08:56 +0000] "GET /css/jquery.fancybox.css HTTP/1.1" 200 1434 "https://www.citadela.hr/kuce" "Mozilla/5.0 (Windows NT 10.0; Win64; x64) AppleWebKit/537.36 (KHTML, like Gecko) Chrome/76.0.3809.100 Safari/537.36"
188.23.207.134 - - [25/Aug/2019:11:08:56 +0000] "GET /css/owl.css HTTP/1.1" 200 1348 "https://www.citadela.hr/kuce" "Mozilla/5.0 (Windows NT 10.0; Win64; x64) AppleWebKit/537.36 (KHTML, like Gecko) Chrome/76.0.3809.100 Safari/537.36"
188.23.207.134 - - [25/Aug/2019:11:08:56 +0000] "GET /css/animate.min.css HTTP/1.1" 200 4242 "https://www.citadela.hr/kuce" "Mozilla/5.0 (Windows NT 10.0; Win64; x64) AppleWebKit/537.36 (KHTML, like Gecko) Chrome/76.0.3809.100 Safari/537.36"
188.23.207.134 - - [25/Aug/2019:11:08:56 +0000] "GET /assets/plugins/flag/flags/4x3/hr.svg HTTP/1.1" 200 80697 "https://www.citadela.hr/assets/plugins/flag/css/flag-icon.css" "Mozilla/5.0 (Windows NT 10.0; Win64; x64) AppleWebKit/537.36 (KHTML, like Gecko) Chrome/76.0.3809.100 Safari/537.36"
188.23.207.134 - - [25/Aug/2019:11:08:56 +0000] "GET /img/banner/banner.png HTTP/1.1" 200 188379 "https://www.citadela.hr/css/style.css?v=2" "Mozilla/5.0 (Windows NT 10.0; Win64; x64) AppleWebKit/537.36 (KHTML, like Gecko) Chrome/76.0.3809.100 Safari/537.36"
188.23.207.134 - - [25/Aug/2019:11:08:57 +0000] "GET /fonts/fontawesome-webfont.woff2?v=4.7.0 HTTP/1.1" 200 77160 "https://www.citadela.hr/css/font-awesome.css" "Mozilla/5.0 (Windows NT 10.0; Win64; x64) AppleWebKit/537.36 (KHTML, like Gecko) Chrome/76.0.3809.100 Safari/537.36"
188.23.207.134 - - [25/Aug/2019:11:08:59 +0000] "GET /favicon-32x32.png HTTP/1.1" 200 1936 "https://www.citadela.hr/kuce" "Mozilla/5.0 (Windows NT 10.0; Win64; x64) AppleWebKit/537.36 (KHTML, like Gecko) Chrome/76.0.3809.100 Safari/537.36"
188.23.207.134 - - [25/Aug/2019:11:08:59 +0000] "GET /site.webmanifest HTTP/1.1" 200 291 "https://www.citadela.hr/kuce" "Mozilla/5.0 (Windows NT 10.0; Win64; x64) AppleWebKit/537.36 (KHTML, like Gecko) Chrome/76.0.3809.100 Safari/537.36"
188.23.207.134 - - [25/Aug/2019:11:09:43 +0000] "GET /kuce?page=2 HTTP/1.1" 200 5475 "https://www.citadela.hr/kuce" "Mozilla/5.0 (Windows NT 10.0; Win64; x64) AppleWebKit/537.36 (KHTML, like Gecko) Chrome/76.0.3809.100 Safari/537.36"
188.23.207.134 - - [25/Aug/2019:11:09:44 +0000] "GET /uploads/thumbnails/ee4f70fae730d47223e194eaec734347.jpg HTTP/1.1" 200 39112 "https://www.citadela.hr/kuce?page=2" "Mozilla/5.0 (Windows NT 10.0; Win64; x64) AppleWebKit/537.36 (KHTML, like Gecko) Chrome/76.0.3809.100 Safari/537.36"
188.23.207.134 - - [25/Aug/2019:11:09:44 +0000] "GET /uploads/thumbnails/fbbcde00c6338dfead7d45f37234a12e.jpg HTTP/1.1" 200 37636 "https://www.citadela.hr/kuce?page=2" "Mozilla/5.0 (Windows NT 10.0; Win64; x64) AppleWebKit/537.36 (KHTML, like Gecko) Chrome/76.0.3809.100 Safari/537.36"
188.23.207.134 - - [25/Aug/2019:11:09:44 +0000] "GET /uploads/thumbnails/32eeec1539a0198834a50c0504808b4e.jpg HTTP/1.1" 200 27004 "https://www.citadela.hr/kuce?page=2" "Mozilla/5.0 (Windows NT 10.0; Win64; x64) AppleWebKit/537.36 (KHTML, like Gecko) Chrome/76.0.3809.100 Safari/537.36"
188.23.207.134 - - [25/Aug/2019:11:09:44 +0000] "GET /uploads/thumbnails/f2b120e89367d97c2024164c4038256a.jpg HTTP/1.1" 200 40509 "https://www.citadela.hr/kuce?page=2" "Mozilla/5.0 (Windows NT 10.0; Win64; x64) AppleWebKit/537.36 (KHTML, like Gecko) Chrome/76.0.3809.100 Safari/537.36"
188.23.207.134 - - [25/Aug/2019:11:09:44 +0000] "GET /uploads/thumbnails/83c7ff88ba4e727bf289b5ffea408c07.jpg HTTP/1.1" 200 35710 "https://www.citadela.hr/kuce?page=2" "Mozilla/5.0 (Windows NT 10.0; Win64; x64) AppleWebKit/537.36 (KHTML, like Gecko) Chrome/76.0.3809.100 Safari/537.36"
188.23.207.134 - - [25/Aug/2019:11:09:44 +0000] "GET /uploads/thumbnails/13d57e856cb278809fa9ecc970f5930c.jpg HTTP/1.1" 200 52855 "https://www.citadela.hr/kuce?page=2" "Mozilla/5.0 (Windows NT 10.0; Win64; x64) AppleWebKit/537.36 (KHTML, like Gecko) Chrome/76.0.3809.100 Safari/537.36"
188.23.207.134 - - [25/Aug/2019:11:09:44 +0000] "GET /uploads/thumbnails/7e86d59720e998f1d13415fd8bfb361e.JPG HTTP/1.1" 200 34565 "https://www.citadela.hr/kuce?page=2" "Mozilla/5.0 (Windows NT 10.0; Win64; x64) AppleWebKit/537.36 (KHTML, like Gecko) Chrome/76.0.3809.100 Safari/537.36"
188.23.207.134 - - [25/Aug/2019:11:09:44 +0000] "GET /uploads/thumbnails/487b597fcb2e3598fd7696fc43a4f52b.jpeg HTTP/1.1" 200 36053 "https://www.citadela.hr/kuce?page=2" "Mozilla/5.0 (Windows NT 10.0; Win64; x64) AppleWebKit/537.36 (KHTML, like Gecko) Chrome/76.0.3809.100 Safari/537.36"
188.23.207.134 - - [25/Aug/2019:11:09:44 +0000] "GET /uploads/thumbnails/855dd279da5509ee38446c01c98e3da3.jpg HTTP/1.1" 200 52875 "https://www.citadela.hr/kuce?page=2" "Mozilla/5.0 (Windows NT 10.0; Win64; x64) AppleWebKit/537.36 (KHTML, like Gecko) Chrome/76.0.3809.100 Safari/537.36"
188.23.207.134 - - [25/Aug/2019:11:09:44 +0000] "GET /uploads/thumbnails/437c468920226cbacd560e10a3785b34.JPG HTTP/1.1" 200 48851 "https://www.citadela.hr/kuce?page=2" "Mozilla/5.0 (Windows NT 10.0; Win64; x64) AppleWebKit/537.36 (KHTML, like Gecko) Chrome/76.0.3809.100 Safari/537.36"
188.23.207.134 - - [25/Aug/2019:11:10:06 +0000] "GET /kuce?page=3 HTTP/1.1" 200 5553 "https://www.citadela.hr/kuce?page=2" "Mozilla/5.0 (Windows NT 10.0; Win64; x64) AppleWebKit/537.36 (KHTML, like Gecko) Chrome/76.0.3809.100 Safari/537.36"
188.23.207.134 - - [25/Aug/2019:11:10:06 +0000] "GET /uploads/thumbnails/db90760d408c8f9ea833800cfd0ff598.jpeg HTTP/1.1" 200 34618 "https://www.citadela.hr/kuce?page=3" "Mozilla/5.0 (Windows NT 10.0; Win64; x64) AppleWebKit/537.36 (KHTML, like Gecko) Chrome/76.0.3809.100 Safari/537.36"
188.23.207.134 - - [25/Aug/2019:11:10:06 +0000] "GET /uploads/thumbnails/b2d9ac8232d293ec7107f9298ee1cae8.jpg HTTP/1.1" 200 36110 "https://www.citadela.hr/kuce?page=3" "Mozilla/5.0 (Windows NT 10.0; Win64; x64) AppleWebKit/537.36 (KHTML, like Gecko) Chrome/76.0.3809.100 Safari/537.36"
188.23.207.134 - - [25/Aug/2019:11:10:06 +0000] "GET /uploads/thumbnails/d7932b7b6c9be1e3578d556ed4a63e59.jpg HTTP/1.1" 200 27338 "https://www.citadela.hr/kuce?page=3" "Mozilla/5.0 (Windows NT 10.0; Win64; x64) AppleWebKit/537.36 (KHTML, like Gecko) Chrome/76.0.3809.100 Safari/537.36"
188.23.207.134 - - [25/Aug/2019:11:10:06 +0000] "GET /uploads/thumbnails/1f771e827bece82ed8a60f06582eb793.jpeg HTTP/1.1" 200 41179 "https://www.citadela.hr/kuce?page=3" "Mozilla/5.0 (Windows NT 10.0; Win64; x64) AppleWebKit/537.36 (KHTML, like Gecko) Chrome/76.0.3809.100 Safari/537.36"
188.23.207.134 - - [25/Aug/2019:11:10:06 +0000] "GET /uploads/thumbnails/6edc2838229f9cfe44958f5ad2061a0f.jpeg HTTP/1.1" 200 35387 "https://www.citadela.hr/kuce?page=3" "Mozilla/5.0 (Windows NT 10.0; Win64; x64) AppleWebKit/537.36 (KHTML, like Gecko) Chrome/76.0.3809.100 Safari/537.36"
188.23.207.134 - - [25/Aug/2019:11:10:06 +0000] "GET /uploads/thumbnails/a576f45ae8747cddc39be8d5761e1057.jpg HTTP/1.1" 200 49816 "https://www.citadela.hr/kuce?page=3" "Mozilla/5.0 (Windows NT 10.0; Win64; x64) AppleWebKit/537.36 (KHTML, like Gecko) Chrome/76.0.3809.100 Safari/537.36"
188.23.207.134 - - [25/Aug/2019:11:10:07 +0000] "GET /uploads/thumbnails/91d510547ceaa160ca3ce9901b321e82.jpg HTTP/1.1" 200 38748 "https://www.citadela.hr/kuce?page=3" "Mozilla/5.0 (Windows NT 10.0; Win64; x64) AppleWebKit/537.36 (KHTML, like Gecko) Chrome/76.0.3809.100 Safari/537.36"
188.23.207.134 - - [25/Aug/2019:11:10:07 +0000] "GET /uploads/thumbnails/3c55f605d3f0b0e63c055493db2ef6cb.jpg HTTP/1.1" 200 51114 "https://www.citadela.hr/kuce?page=3" "Mozilla/5.0 (Windows NT 10.0; Win64; x64) AppleWebKit/537.36 (KHTML, like Gecko) Chrome/76.0.3809.100 Safari/537.36"
188.23.207.134 - - [25/Aug/2019:11:10:07 +0000] "GET /uploads/thumbnails/ae9636d72cfba5edf412122a9b90b5a5.JPG HTTP/1.1" 200 30676 "https://www.citadela.hr/kuce?page=3" "Mozilla/5.0 (Windows NT 10.0; Win64; x64) AppleWebKit/537.36 (KHTML, like Gecko) Chrome/76.0.3809.100 Safari/537.36"
188.23.207.134 - - [25/Aug/2019:11:10:07 +0000] "GET /uploads/thumbnails/135bb1ac3d8f9a51eda9a4dc4ef8ed32.JPG HTTP/1.1" 200 54034 "https://www.citadela.hr/kuce?page=3" "Mozilla/5.0 (Windows NT 10.0; Win64; x64) AppleWebKit/537.36 (KHTML, like Gecko) Chrome/76.0.3809.100 Safari/537.36"
188.23.207.134 - - [25/Aug/2019:11:10:33 +0000] "GET /kuce?page=4 HTTP/1.1" 200 4353 "https://www.citadela.hr/kuce?page=3" "Mozilla/5.0 (Windows NT 10.0; Win64; x64) AppleWebKit/537.36 (KHTML, like Gecko) Chrome/76.0.3809.100 Safari/537.36"
188.23.207.134 - - [25/Aug/2019:11:10:33 +0000] "GET /uploads/thumbnails/fa4db0901a852e7aa04ff33cb7f6cd49.jpg HTTP/1.1" 200 51284 "https://www.citadela.hr/kuce?page=4" "Mozilla/5.0 (Windows NT 10.0; Win64; x64) AppleWebKit/537.36 (KHTML, like Gecko) Chrome/76.0.3809.100 Safari/537.36"
66.249.66.46 - - [25/Aug/2019:11:11:48 +0000] "GET /pretraga?category=&type=&place=7&area=&price=50000&surface=50 HTTP/1.1" 500 4485 "-" "Mozilla/5.0 (Linux; Android 6.0.1; Nexus 5X Build/MMB29P) AppleWebKit/537.36 (KHTML, like Gecko) Chrome/41.0.2272.96 Mobile Safari/537.36 (compatible; Googlebot/2.1; +http://www.google.com/bot.html)"
66.249.66.44 - - [25/Aug/2019:11:12:48 +0000] "GET /en/flats/zadar-maraska-park-dvosoban-stan-55-m2-terasa-30-m2 HTTP/1.1" 500 4485 "-" "Mozilla/5.0 (Linux; Android 6.0.1; Nexus 5X Build/MMB29P) AppleWebKit/537.36 (KHTML, like Gecko) Chrome/41.0.2272.96 Mobile Safari/537.36 (compatible; Googlebot/2.1; +http://www.google.com/bot.html)"
46.229.168.146 - - [25/Aug/2019:11:13:14 +0000] "GET /robots.txt HTTP/1.1" 200 24 "-" "Mozilla/5.0 (compatible; SemrushBot/6~bl; +http://www.semrush.com/bot.html)"
46.229.168.149 - - [25/Aug/2019:11:13:15 +0000] "GET /hr/kuce/sukosan-kuca-za-odmor-156-m2 HTTP/1.1" 200 5801 "-" "Mozilla/5.0 (compatible; SemrushBot/6~bl; +http://www.semrush.com/bot.html)"
66.249.66.42 - - [25/Aug/2019:11:13:48 +0000] "GET /hr/pretraga?category=&type=&place=17&area=&price=50000&surface=10 HTTP/1.1" 500 4485 "-" "Mozilla/5.0 (Linux; Android 6.0.1; Nexus 5X Build/MMB29P) AppleWebKit/537.36 (KHTML, like Gecko) Chrome/41.0.2272.96 Mobile Safari/537.36 (compatible; Googlebot/2.1; +http://www.google.com/bot.html)"
66.249.66.46 - - [25/Aug/2019:11:14:48 +0000] "GET /en/search?category=&type=&place=9&area=&price=300000&surface=10 HTTP/1.1" 500 4485 "-" "Mozilla/5.0 (Linux; Android 6.0.1; Nexus 5X Build/MMB29P) AppleWebKit/537.36 (KHTML, like Gecko) Chrome/41.0.2272.96 Mobile Safari/537.36 (compatible; Googlebot/2.1; +http://www.google.com/bot.html)"
139.18.2.214 - - [25/Aug/2019:11:14:53 +0000] "GET /kuce?page=1 HTTP/1.0" 200 31228 "https://www.citadela.hr/kuce?page=2" "LCC (+http://corpora.informatik.uni-leipzig.de/crawler_faq.html)"
66.249.66.42 - - [25/Aug/2019:11:15:45 +0000] "GET /uploads/thumbnails/bef026c3eecefa812acd3ebdd80501b4.jpg HTTP/1.1" 200 42958 "-" "Googlebot-Image/1.0"
66.249.66.44 - - [25/Aug/2019:11:17:48 +0000] "GET /hr/pretraga?category=&type=&place=6&area=&price=100000&surface=100 HTTP/1.1" 500 4485 "-" "Mozilla/5.0 (compatible; Googlebot/2.1; +http://www.google.com/bot.html)"
66.249.66.42 - - [25/Aug/2019:11:21:48 +0000] "GET /pretraga?category=&type=&place=13&area=&price=&surface=50 HTTP/1.1" 500 4485 "-" "Mozilla/5.0 (Linux; Android 6.0.1; Nexus 5X Build/MMB29P) AppleWebKit/537.36 (KHTML, like Gecko) Chrome/41.0.2272.96 Mobile Safari/537.36 (compatible; Googlebot/2.1; +http://www.google.com/bot.html)"
66.249.66.46 - - [25/Aug/2019:11:23:48 +0000] "GET /pretraga?category=&place=36&price=100000&surface=100 HTTP/1.1" 500 4485 "-" "Mozilla/5.0 (Linux; Android 6.0.1; Nexus 5X Build/MMB29P) AppleWebKit/537.36 (KHTML, like Gecko) Chrome/41.0.2272.96 Mobile Safari/537.36 (compatible; Googlebot/2.1; +http://www.google.com/bot.html)"
139.18.2.214 - - [25/Aug/2019:11:25:25 +0000] "GET /kuce/zadar-vostarnica-dvokatnica-pogodna-za-hostel-315-m2 HTTP/1.0" 200 26230 "https://www.citadela.hr/kuce?page=3" "LCC (+http://corpora.informatik.uni-leipzig.de/crawler_faq.html)"
139.18.2.214 - - [25/Aug/2019:11:25:39 +0000] "GET /kuce/sv-petar-na-moru-kuca-sa-6-apartmana-i-pogledom-na-more-39637m2 HTTP/1.0" 200 30827 "https://www.citadela.hr/kuce?page=3" "LCC (+http://corpora.informatik.uni-leipzig.de/crawler_faq.html)"
66.249.66.44 - - [25/Aug/2019:11:25:48 +0000] "GET /en/search?category=&type=&place=20&area=&price=300000&surface=100 HTTP/1.1" 500 4485 "-" "Mozilla/5.0 (Linux; Android 6.0.1; Nexus 5X Build/MMB29P) AppleWebKit/537.36 (KHTML, like Gecko) Chrome/41.0.2272.96 Mobile Safari/537.36 (compatible; Googlebot/2.1; +http://www.google.com/bot.html)"
66.249.66.44 - - [25/Aug/2019:11:30:48 +0000] "GET /en/search?category=&type=&place=18&area=&price=1000000&surface=200 HTTP/1.1" 500 4485 "-" "Mozilla/5.0 (Linux; Android 6.0.1; Nexus 5X Build/MMB29P) AppleWebKit/537.36 (KHTML, like Gecko) Chrome/41.0.2272.96 Mobile Safari/537.36 (compatible; Googlebot/2.1; +http://www.google.com/bot.html)"
66.249.66.42 - - [25/Aug/2019:11:33:48 +0000] "GET /hr/pretraga?category=&type=&place=13&area=&price=&surface= HTTP/1.1" 500 4485 "-" "Mozilla/5.0 (compatible; Googlebot/2.1; +http://www.google.com/bot.html)"
66.249.66.42 - - [25/Aug/2019:11:35:45 +0000] "GET /uploads/images/bef026c3eecefa812acd3ebdd80501b4.jpg HTTP/1.1" 200 104860 "-" "Googlebot-Image/1.0"
188.165.192.220 - - [25/Aug/2019:11:35:54 +0000] "GET / HTTP/1.1" 301 232 "-" "Mozilla/5.0 (Windows NT 10.0; Win64; x64; rv:67.0) Gecko/20100101 Firefox/67.0"
188.165.192.220 - - [25/Aug/2019:11:35:54 +0000] "GET / HTTP/1.1" 200 5820 "-" "Mozilla/5.0 (Windows NT 10.0; Win64; x64; rv:67.0) Gecko/20100101 Firefox/67.0"
139.18.2.214 - - [25/Aug/2019:11:36:13 +0000] "GET /kuce/sibenik-dio-kuce-u-centru-110-m2-dvoriste-130-m2 HTTP/1.0" 200 25635 "https://www.citadela.hr/kuce?page=3" "LCC (+http://corpora.informatik.uni-leipzig.de/crawler_faq.html)"
139.18.2.214 - - [25/Aug/2019:11:36:28 +0000] "GET /kuce/sv-filip-i-jakov-dvije-kuce-s-pogledom-na-more-33357-m2 HTTP/1.0" 200 28635 "https://www.citadela.hr/kuce?page=3" "LCC (+http://corpora.informatik.uni-leipzig.de/crawler_faq.html)"
139.18.2.214 - - [25/Aug/2019:11:36:39 +0000] "GET /kuce/primostencentar-kamena-kuca-s-restoranom-i-12-soba-340-m2 HTTP/1.0" 200 29388 "https://www.citadela.hr/kuce?page=3" "LCC (+http://corpora.informatik.uni-leipzig.de/crawler_faq.html)"
139.18.2.214 - - [25/Aug/2019:11:36:49 +0000] "GET /kuce/maslenica-kuca-s-5-stanova-drugi-red-do-mora-200-m2-prilika HTTP/1.0" 200 29735 "https://www.citadela.hr/kuce?page=3" "LCC (+http://corpora.informatik.uni-leipzig.de/crawler_faq.html)"
139.18.2.214 - - [25/Aug/2019:11:36:57 +0000] "GET /kuce/zaton-luksuzna-kuca-s-bazenom-19089-m2-novogradnja HTTP/1.0" 200 30417 "https://www.citadela.hr/kuce?page=3" "LCC (+http://corpora.informatik.uni-leipzig.de/crawler_faq.html)"
66.249.66.42 - - [25/Aug/2019:11:38:48 +0000] "GET /pretraga?category=&type=&place=17&area=&price=100000&surface=10 HTTP/1.1" 500 4485 "-" "Mozilla/5.0 (Linux; Android 6.0.1; Nexus 5X Build/MMB29P) AppleWebKit/537.36 (KHTML, like Gecko) Chrome/41.0.2272.96 Mobile Safari/537.36 (compatible; Googlebot/2.1; +http://www.google.com/bot.html)"
66.249.66.44 - - [25/Aug/2019:11:42:48 +0000] "GET /en/search?category=&type=&place=37&area=157&price=50000&surface=200 HTTP/1.1" 500 4485 "-" "Mozilla/5.0 (Linux; Android 6.0.1; Nexus 5X Build/MMB29P) AppleWebKit/537.36 (KHTML, like Gecko) Chrome/41.0.2272.96 Mobile Safari/537.36 (compatible; Googlebot/2.1; +http://www.google.com/bot.html)"
157.55.39.213 - - [25/Aug/2019:11:46:34 +0000] "GET /o-nama HTTP/1.1" 200 4362 "-" "Mozilla/5.0 (compatible; bingbot/2.0; +http://www.bing.com/bingbot.htm)"
207.46.13.89 - - [25/Aug/2019:11:46:37 +0000] "GET /robots.txt HTTP/1.1" 301 242 "-" "Mozilla/5.0 (compatible; bingbot/2.0; +http://www.bing.com/bingbot.htm)"
207.46.13.89 - - [25/Aug/2019:11:46:38 +0000] "GET /robots.txt HTTP/1.1" 200 24 "-" "Mozilla/5.0 (compatible; bingbot/2.0; +http://www.bing.com/bingbot.htm)"
157.55.39.213 - - [25/Aug/2019:11:46:45 +0000] "GET /assets/plugins/flag/css/flag-icon.css HTTP/1.1" 200 2837 "-" "Mozilla/5.0 (compatible; bingbot/2.0; +http://www.bing.com/bingbot.htm)"
157.55.39.213 - - [25/Aug/2019:11:46:45 +0000] "GET /css/font-awesome.css HTTP/1.1" 200 7439 "-" "Mozilla/5.0 (compatible; bingbot/2.0; +http://www.bing.com/bingbot.htm)"
157.55.39.213 - - [25/Aug/2019:11:46:45 +0000] "GET /css/responsive.css HTTP/1.1" 200 2788 "-" "Mozilla/5.0 (compatible; bingbot/2.0; +http://www.bing.com/bingbot.htm)"
157.55.39.213 - - [25/Aug/2019:11:46:45 +0000] "GET /fonts/flaticon.css HTTP/1.1" 200 699 "-" "Mozilla/5.0 (compatible; bingbot/2.0; +http://www.bing.com/bingbot.htm)"
157.55.39.213 - - [25/Aug/2019:11:46:45 +0000] "GET /js/YouTubePopUp.jquery.js HTTP/1.1" 200 967 "-" "Mozilla/5.0 (compatible; bingbot/2.0; +http://www.bing.com/bingbot.htm)"
157.55.39.213 - - [25/Aug/2019:11:46:46 +0000] "GET /js/bootstrap.min.js HTTP/1.1" 200 9833 "-" "Mozilla/5.0 (compatible; bingbot/2.0; +http://www.bing.com/bingbot.htm)"
157.55.39.213 - - [25/Aug/2019:11:46:46 +0000] "GET /js/custom.js HTTP/1.1" 200 5159 "-" "Mozilla/5.0 (compatible; bingbot/2.0; +http://www.bing.com/bingbot.htm)"
157.55.39.213 - - [25/Aug/2019:11:46:46 +0000] "GET /js/draggable-0.1.js HTTP/1.1" 200 1326 "-" "Mozilla/5.0 (compatible; bingbot/2.0; +http://www.bing.com/bingbot.htm)"
157.55.39.213 - - [25/Aug/2019:11:46:46 +0000] "GET /js/jshashtable-2.1_src.js HTTP/1.1" 200 2957 "-" "Mozilla/5.0 (compatible; bingbot/2.0; +http://www.bing.com/bingbot.htm)"
157.55.39.213 - - [25/Aug/2019:11:46:46 +0000] "GET /js/tmpl.js HTTP/1.1" 200 625 "-" "Mozilla/5.0 (compatible; bingbot/2.0; +http://www.bing.com/bingbot.htm)"
66.249.66.42 - - [25/Aug/2019:11:46:48 +0000] "GET /en/search?category=&type=&place=6&area=&price=1000000&surface=10 HTTP/1.1" 500 4485 "-" "Mozilla/5.0 (Linux; Android 6.0.1; Nexus 5X Build/MMB29P) AppleWebKit/537.36 (KHTML, like Gecko) Chrome/41.0.2272.96 Mobile Safari/537.36 (compatible; Googlebot/2.1; +http://www.google.com/bot.html)"
207.46.13.89 - - [25/Aug/2019:11:46:54 +0000] "GET /css/jslider.css HTTP/1.1" 200 763 "-" "Mozilla/5.0 (compatible; bingbot/2.0; +http://www.bing.com/bingbot.htm)"
207.46.13.89 - - [25/Aug/2019:11:46:54 +0000] "GET /js/jquery.fancybox.pack.js HTTP/1.1" 200 8634 "-" "Mozilla/5.0 (compatible; bingbot/2.0; +http://www.bing.com/bingbot.htm)"
207.46.13.89 - - [25/Aug/2019:11:46:54 +0000] "GET /js/jquery.min.js HTTP/1.1" 200 33760 "-" "Mozilla/5.0 (compatible; bingbot/2.0; +http://www.bing.com/bingbot.htm)"
207.46.13.89 - - [25/Aug/2019:11:46:54 +0000] "GET /js/jquery.slider.js HTTP/1.1" 200 4772 "-" "Mozilla/5.0 (compatible; bingbot/2.0; +http://www.bing.com/bingbot.htm)"
207.46.13.89 - - [25/Aug/2019:11:46:55 +0000] "GET /js/mixitup.js HTTP/1.1" 200 11347 "-" "Mozilla/5.0 (compatible; bingbot/2.0; +http://www.bing.com/bingbot.htm)"
157.55.39.163 - - [25/Aug/2019:11:47:00 +0000] "GET /css/bootstrap.css HTTP/1.1" 200 20712 "-" "Mozilla/5.0 (compatible; bingbot/2.0; +http://www.bing.com/bingbot.htm)"
157.55.39.163 - - [25/Aug/2019:11:47:00 +0000] "GET /css/colors/blue.css?v=2 HTTP/1.1" 200 3552 "-" "Mozilla/5.0 (compatible; bingbot/2.0; +http://www.bing.com/bingbot.htm)"
157.55.39.163 - - [25/Aug/2019:11:47:00 +0000] "GET /css/style.css?v=2 HTTP/1.1" 200 17441 "-" "Mozilla/5.0 (compatible; bingbot/2.0; +http://www.bing.com/bingbot.htm)"
157.55.39.163 - - [25/Aug/2019:11:47:00 +0000] "GET /js/jquery.barrating.js HTTP/1.1" 200 4280 "-" "Mozilla/5.0 (compatible; bingbot/2.0; +http://www.bing.com/bingbot.htm)"
157.55.39.163 - - [25/Aug/2019:11:47:01 +0000] "GET /js/jquery.numberformatter-1.2.3.js HTTP/1.1" 200 4697 "-" "Mozilla/5.0 (compatible; bingbot/2.0; +http://www.bing.com/bingbot.htm)"
157.55.39.163 - - [25/Aug/2019:11:47:01 +0000] "GET /js/owl.js HTTP/1.1" 200 17545 "-" "Mozilla/5.0 (compatible; bingbot/2.0; +http://www.bing.com/bingbot.htm)"
157.55.39.213 - - [25/Aug/2019:11:47:05 +0000] "GET /js/wow.js HTTP/1.1" 200 2198 "-" "Mozilla/5.0 (compatible; bingbot/2.0; +http://www.bing.com/bingbot.htm)"
139.18.2.214 - - [25/Aug/2019:11:47:32 +0000] "GET /kuce/biograd-na-moru-kuca-s-9-apartmana-508-m2 HTTP/1.0" 200 25667 "https://www.citadela.hr/kuce?page=3" "LCC (+http://corpora.informatik.uni-leipzig.de/crawler_faq.html)"
139.18.2.214 - - [25/Aug/2019:11:47:42 +0000] "GET /kuce/sukosan-kuca-s-4-apartmana-drugi-red-do-mora-2292-m2 HTTP/1.0" 200 28502 "https://www.citadela.hr/kuce?page=3" "LCC (+http://corpora.informatik.uni-leipzig.de/crawler_faq.html)"
139.18.2.214 - - [25/Aug/2019:11:47:50 +0000] "GET /kuce/posedarje-kuca-s-dva-stana-i-podrumom-150-m2 HTTP/1.0" 200 26669 "https://www.citadela.hr/kuce?page=4" "LCC (+http://corpora.informatik.uni-leipzig.de/crawler_faq.html)"
139.18.2.214 - - [25/Aug/2019:11:48:00 +0000] "GET /zemljista/sukosan-gradevinsko-zemljiste-s-pogledom-na-more-1373-m2 HTTP/1.0" 200 23328 "https://www.citadela.hr/zemljista?page=2" "LCC (+http://corpora.informatik.uni-leipzig.de/crawler_faq.html)"
139.18.2.214 - - [25/Aug/2019:11:48:08 +0000] "GET /zemljista/rupalj-gradevinsko-zemljiste-povrsine-4280-m2-23-m2 HTTP/1.0" 200 23462 "https://www.citadela.hr/zemljista?page=2" "LCC (+http://corpora.informatik.uni-leipzig.de/crawler_faq.html)"
139.18.2.214 - - [25/Aug/2019:11:48:17 +0000] "GET /zemljista/veli-rat-gradevinsko-zemljiste-prvi-red-do-mora-2049-m2 HTTP/1.0" 200 24324 "https://www.citadela.hr/zemljista?page=2" "LCC (+http://corpora.informatik.uni-leipzig.de/crawler_faq.html)"
139.18.2.214 - - [25/Aug/2019:11:48:26 +0000] "GET /zemljista/rogoznica-razanj-gradevinsko-zemljiste-treci-red-do-mora-480-m2 HTTP/1.0" 200 23347 "https://www.citadela.hr/zemljista?page=2" "LCC (+http://corpora.informatik.uni-leipzig.de/crawler_faq.html)"
139.18.2.214 - - [25/Aug/2019:11:48:34 +0000] "GET /zemljista/starigrad-gradevinsko-zemljiste-pored-ulaza-u-np-paklenica-963-m2 HTTP/1.0" 200 25327 "https://www.citadela.hr/zemljista?page=2" "LCC (+http://corpora.informatik.uni-leipzig.de/crawler_faq.html)"
139.18.2.214 - - [25/Aug/2019:11:48:43 +0000] "GET /zemljista/debeljak-gradevinsko-zemljiste-s-pogledom-na-more-1826-m2 HTTP/1.0" 200 23385 "https://www.citadela.hr/zemljista?page=2" "LCC (+http://corpora.informatik.uni-leipzig.de/crawler_faq.html)"
139.18.2.214 - - [25/Aug/2019:11:48:59 +0000] "GET /zemljista/maslenica-gradevinsko-zemljiste-treci-red-do-mora-1029-m2 HTTP/1.0" 200 25389 "https://www.citadela.hr/zemljista?page=2" "LCC (+http://corpora.informatik.uni-leipzig.de/crawler_faq.html)"
139.18.2.214 - - [25/Aug/2019:11:49:17 +0000] "GET /zemljista/maslenica-gradevinsko-zemljiste-u-blizini-mora-1056-m2 HTTP/1.0" 200 23791 "https://www.citadela.hr/zemljista?page=2" "LCC (+http://corpora.informatik.uni-leipzig.de/crawler_faq.html)"
139.18.2.214 - - [25/Aug/2019:11:49:29 +0000] "GET /zemljista/maslenica-gradevinsko-zemljiste-s-pogledom-na-more-857-m2 HTTP/1.0" 200 24631 "https://www.citadela.hr/zemljista?page=2" "LCC (+http://corpora.informatik.uni-leipzig.de/crawler_faq.html)"
139.18.2.214 - - [25/Aug/2019:11:49:41 +0000] "GET /zemljista/maslenica-gradevinsko-zemljiste-s-pogledom-na-more-609m2 HTTP/1.0" 200 25016 "https://www.citadela.hr/zemljista?page=2" "LCC (+http://corpora.informatik.uni-leipzig.de/crawler_faq.html)"
139.18.2.214 - - [25/Aug/2019:11:49:53 +0000] "GET /zemljista?page=1 HTTP/1.0" 200 32227 "https://www.citadela.hr/zemljista?page=2" "LCC (+http://corpora.informatik.uni-leipzig.de/crawler_faq.html)"
46.229.168.140 - - [25/Aug/2019:11:50:34 +0000] "GET /robots.txt HTTP/1.1" 200 24 "-" "Mozilla/5.0 (compatible; SemrushBot/6~bl; +http://www.semrush.com/bot.html)"
46.229.168.149 - - [25/Aug/2019:11:50:34 +0000] "GET /blog/gdje-kupiti-stan-na-jadranu HTTP/1.1" 200 4888 "-" "Mozilla/5.0 (compatible; SemrushBot/6~bl; +http://www.semrush.com/bot.html)"
46.229.168.144 - - [25/Aug/2019:11:56:53 +0000] "GET /hr/kuce?page=1 HTTP/1.1" 200 5391 "-" "Mozilla/5.0 (compatible; SemrushBot/6~bl; +http://www.semrush.com/bot.html)"
46.229.168.133 - - [25/Aug/2019:11:57:15 +0000] "GET /zemljista/gracac-omsica-zemljiste-s-5-objekata-105445-m2 HTTP/1.1" 200 5698 "-" "Mozilla/5.0 (compatible; SemrushBot/6~bl; +http://www.semrush.com/bot.html)"
139.18.2.214 - - [25/Aug/2019:12:00:29 +0000] "GET /zemljista/maslenica-gradevinsko-zemljiste-s-prikljucenom-strujom-i-vodom490-m2 HTTP/1.0" 200 23822 "https://www.citadela.hr/zemljista?page=3" "LCC (+http://corpora.informatik.uni-leipzig.de/crawler_faq.html)"
139.18.2.214 - - [25/Aug/2019:12:00:40 +0000] "GET /zemljista/pag-mandre-gradevinsko-zemljiste-u-t2t3-zoni-12585-m2 HTTP/1.0" 200 23480 "https://www.citadela.hr/zemljista?page=3" "LCC (+http://corpora.informatik.uni-leipzig.de/crawler_faq.html)"
139.18.2.214 - - [25/Aug/2019:12:00:56 +0000] "GET /zemljista/zaton-gradevinsko-zemljiste-s-projektom-treci-red-do-mora-1044-m2 HTTP/1.0" 200 24162 "https://www.citadela.hr/zemljista?page=3" "LCC (+http://corpora.informatik.uni-leipzig.de/crawler_faq.html)"
139.18.2.214 - - [25/Aug/2019:12:01:10 +0000] "GET /zemljista/privlaka-gradevinsko-zemljiste-prvi-red-do-mora-2679-m2 HTTP/1.0" 200 23668 "https://www.citadela.hr/zemljista?page=3" "LCC (+http://corpora.informatik.uni-leipzig.de/crawler_faq.html)"
