139.18.2.214 - - [25/Aug/2019:12:01:20 +0000] "GET /zemljista/povljana-gradevinsko-zemljiste-u-blizini-mora-1129-m2 HTTP/1.0" 200 23484 "https://www.citadela.hr/zemljista?page=3" "LCC (+http://corpora.informatik.uni-leipzig.de/crawler_faq.html)"
139.18.2.214 - - [25/Aug/2019:12:01:29 +0000] "GET /zemljista/pakostane-zemljiste-u-t3-kamp-zoni-drugi-red-do-mora-1949-m2 HTTP/1.0" 200 23851 "https://www.citadela.hr/zemljista?page=3" "LCC (+http://corpora.informatik.uni-leipzig.de/crawler_faq.html)"
139.18.2.214 - - [25/Aug/2019:12:01:40 +0000] "GET /zemljista/razanac-gradevinsko-zemljiste-u-blizini-mora-721-m2 HTTP/1.0" 200 24592 "https://www.citadela.hr/zemljista?page=3" "LCC (+http://corpora.informatik.uni-leipzig.de/crawler_faq.html)"
139.18.2.214 - - [25/Aug/2019:12:01:49 +0000] "GET /zemljista/zaboric-zemljiste-prvi-red-do-mora-t1-t2-t3-zona-12600-m2 HTTP/1.0" 200 24507 "https://www.citadela.hr/zemljista?page=3" "LCC (+http://corpora.informatik.uni-leipzig.de/crawler_faq.html)"
139.18.2.214 - - [25/Aug/2019:12:02:00 +0000] "GET /zemljista/baske-ostarije-grad-zemljiste-s-projektnom-dokumentacijom-1095-m2 HTTP/1.0" 200 29170 "https://www.citadela.hr/zemljista?page=3" "LCC (+http://corpora.informatik.uni-leipzig.de/crawler_faq.html)"
139.18.2.214 - - [25/Aug/2019:12:02:10 +0000] "GET /zemljista/murter-cigrada-zemljiste-drugi-red-do-mora-1252-m2 HTTP/1.0" 200 23896 "https://www.citadela.hr/zemljista?page=3" "LCC (+http://corpora.informatik.uni-leipzig.de/crawler_faq.html)"
139.18.2.214 - - [25/Aug/2019:12:02:26 +0000] "GET /zemljista/sv-filip-i-jakov-gradevinsko-zemljiste-u-blizini-mora-490-m2 HTTP/1.0" 200 24380 "https://www.citadela.hr/zemljista?page=4" "LCC (+http://corpora.informatik.uni-leipzig.de/crawler_faq.html)"
139.18.2.214 - - [25/Aug/2019:12:02:36 +0000] "GET /zemljista/pasman-zdrelac-gradevinsko-zemljiste-s-pogledom-na-more-460-m2 HTTP/1.0" 200 22325 "https://www.citadela.hr/zemljista?page=4" "LCC (+http://corpora.informatik.uni-leipzig.de/crawler_faq.html)"
139.18.2.214 - - [25/Aug/2019:12:02:49 +0000] "GET /zemljista/privlaka-gradevinsko-zemljiste-u-sumi-i-blizu-mora-912-m2 HTTP/1.0" 200 24902 "https://www.citadela.hr/zemljista?page=4" "LCC (+http://corpora.informatik.uni-leipzig.de/crawler_faq.html)"
139.18.2.214 - - [25/Aug/2019:12:03:04 +0000] "GET /zemljista/udbina-komic-4-objekta-na-imanju-od-20-hektara HTTP/1.0" 200 26507 "https://www.citadela.hr/zemljista?page=4" "LCC (+http://corpora.informatik.uni-leipzig.de/crawler_faq.html)"
139.18.2.214 - - [25/Aug/2019:12:03:23 +0000] "GET /zemljista/murter-cigrada-zemljiste-prvi-red-do-mora-333-m2 HTTP/1.0" 200 24668 "https://www.citadela.hr/zemljista?page=4" "LCC (+http://corpora.informatik.uni-leipzig.de/crawler_faq.html)"
139.18.2.214 - - [25/Aug/2019:12:03:47 +0000] "GET /zemljista/murter-centar-gradevinsko-zemljiste-treci-red-do-plaze-962-m2 HTTP/1.0" 200 24275 "https://www.citadela.hr/zemljista?page=4" "LCC (+http://corpora.informatik.uni-leipzig.de/crawler_faq.html)"
139.18.2.214 - - [25/Aug/2019:12:04:07 +0000] "GET /zemljista/starigrad-gradevinsko-zemljiste-pored-ulaza-u-np-paklenica-480m2 HTTP/1.0" 200 25260 "https://www.citadela.hr/zemljista?page=4" "LCC (+http://corpora.informatik.uni-leipzig.de/crawler_faq.html)"
139.18.2.214 - - [25/Aug/2019:12:04:22 +0000] "GET /zemljista/zemunik-donji-gradevinsko-zemljiste-250m-od-centra-5071-m2prilika HTTP/1.0" 200 23911 "https://www.citadela.hr/zemljista?page=4" "LCC (+http://corpora.informatik.uni-leipzig.de/crawler_faq.html)"
139.18.2.214 - - [25/Aug/2019:12:04:38 +0000] "GET /zemljista/gracac-omsica-zemljiste-s-5-objekata-105445-m2 HTTP/1.0" 200 26256 "https://www.citadela.hr/zemljista?page=4" "LCC (+http://corpora.informatik.uni-leipzig.de/crawler_faq.html)"
139.18.2.214 - - [25/Aug/2019:12:04:52 +0000] "GET /zemljista/zadarkozino-gradevinska-zemljista-300-m-od-mora-520-555-m2 HTTP/1.0" 200 23671 "https://www.citadela.hr/zemljista?page=4" "LCC (+http://corpora.informatik.uni-leipzig.de/crawler_faq.html)"
139.18.2.214 - - [25/Aug/2019:12:05:09 +0000] "GET /zemljista/dugi-otok-dragove-grad-zemljiste-prvi-red-do-mora-2010-m2-70m2 HTTP/1.0" 200 23894 "https://www.citadela.hr/zemljista?page=5" "LCC (+http://corpora.informatik.uni-leipzig.de/crawler_faq.html)"
66.249.83.47 - - [25/Aug/2019:12:05:14 +0000] "GET /blog/prosjecne-cijene-stanova-u-zadarskoj-zupaniji-porasle-za-981 HTTP/1.1" 200 4775 "-" "Mozilla/5.0 (Linux; Android 4.2.1; en-us; Nexus 5 Build/JOP40D) AppleWebKit/535.19 (KHTML, like Gecko; googleweblight) Chrome/38.0.1025.166 Mobile Safari/535.19"
66.249.83.47 - - [25/Aug/2019:12:05:14 +0000] "GET /css/style.css?v=2 HTTP/1.1" 200 17441 "https://www.citadela.hr/blog/prosjecne-cijene-stanova-u-zadarskoj-zupaniji-porasle-za-981" "Mozilla/5.0 (Linux; Android 4.2.1; en-us; Nexus 5 Build/JOP40D) AppleWebKit/535.19 (KHTML, like Gecko; googleweblight) Chrome/38.0.1025.166 Mobile Safari/535.19"
66.249.83.47 - - [25/Aug/2019:12:05:14 +0000] "GET /js/jquery.numberformatter-1.2.3.js HTTP/1.1" 200 4697 "https://www.citadela.hr/blog/prosjecne-cijene-stanova-u-zadarskoj-zupaniji-porasle-za-981" "Mozilla/5.0 (Linux; Android 4.2.1; en-us; Nexus 5 Build/JOP40D) AppleWebKit/535.19 (KHTML, like Gecko; googleweblight) Chrome/38.0.1025.166 Mobile Safari/535.19"
66.249.83.47 - - [25/Aug/2019:12:05:15 +0000] "GET /js/jquery.fancybox-media.js HTTP/1.1" 200 1973 "https://www.citadela.hr/blog/prosjecne-cijene-stanova-u-zadarskoj-zupaniji-porasle-za-981" "Mozilla/5.0 (Linux; Android 4.2.1; en-us; Nexus 5 Build/JOP40D) AppleWebKit/535.19 (KHTML, like Gecko; googleweblight) Chrome/38.0.1025.166 Mobile Safari/535.19"
66.249.83.45 - - [25/Aug/2019:12:05:15 +0000] "GET /css/jslider.css HTTP/1.1" 200 763 "https://www.citadela.hr/blog/prosjecne-cijene-stanova-u-zadarskoj-zupaniji-porasle-za-981" "Mozilla/5.0 (Linux; Android 4.2.1; en-us; Nexus 5 Build/JOP40D) AppleWebKit/535.19 (KHTML, like Gecko; googleweblight) Chrome/38.0.1025.166 Mobile Safari/535.19"
66.249.83.47 - - [25/Aug/2019:12:05:15 +0000] "GET /js/bootstrap.min.js HTTP/1.1" 200 9833 "https://www.citadela.hr/blog/prosjecne-cijene-stanova-u-zadarskoj-zupaniji-porasle-za-981" "Mozilla/5.0 (Linux; Android 4.2.1; en-us; Nexus 5 Build/JOP40D) AppleWebKit/535.19 (KHTML, like Gecko; googleweblight) Chrome/38.0.1025.166 Mobile Safari/535.19"
66.249.83.45 - - [25/Aug/2019:12:05:15 +0000] "GET /js/wow.js HTTP/1.1" 200 2198 "https://www.citadela.hr/blog/prosjecne-cijene-stanova-u-zadarskoj-zupaniji-porasle-za-981" "Mozilla/5.0 (Linux; Android 4.2.1; en-us; Nexus 5 Build/JOP40D) AppleWebKit/535.19 (KHTML, like Gecko; googleweblight) Chrome/38.0.1025.166 Mobile Safari/535.19"
66.249.83.43 - - [25/Aug/2019:12:05:15 +0000] "GET /assets/plugins/flag/css/flag-icon.css HTTP/1.1" 200 2837 "https://www.citadela.hr/blog/prosjecne-cijene-stanova-u-zadarskoj-zupaniji-porasle-za-981" "Mozilla/5.0 (Linux; Android 4.2.1; en-us; Nexus 5 Build/JOP40D) AppleWebKit/535.19 (KHTML, like Gecko; googleweblight) Chrome/38.0.1025.166 Mobile Safari/535.19"
66.249.83.45 - - [25/Aug/2019:12:05:15 +0000] "GET /css/bootstrap.css HTTP/1.1" 200 20712 "https://www.citadela.hr/blog/prosjecne-cijene-stanova-u-zadarskoj-zupaniji-porasle-za-981" "Mozilla/5.0 (Linux; Android 4.2.1; en-us; Nexus 5 Build/JOP40D) AppleWebKit/535.19 (KHTML, like Gecko; googleweblight) Chrome/38.0.1025.166 Mobile Safari/535.19"
66.249.83.43 - - [25/Aug/2019:12:05:15 +0000] "GET /js/owl.js HTTP/1.1" 200 17545 "https://www.citadela.hr/blog/prosjecne-cijene-stanova-u-zadarskoj-zupaniji-porasle-za-981" "Mozilla/5.0 (Linux; Android 4.2.1; en-us; Nexus 5 Build/JOP40D) AppleWebKit/535.19 (KHTML, like Gecko; googleweblight) Chrome/38.0.1025.166 Mobile Safari/535.19"
66.249.83.43 - - [25/Aug/2019:12:05:15 +0000] "GET /js/tmpl.js HTTP/1.1" 200 625 "https://www.citadela.hr/blog/prosjecne-cijene-stanova-u-zadarskoj-zupaniji-porasle-za-981" "Mozilla/5.0 (Linux; Android 4.2.1; en-us; Nexus 5 Build/JOP40D) AppleWebKit/535.19 (KHTML, like Gecko; googleweblight) Chrome/38.0.1025.166 Mobile Safari/535.19"
66.249.83.47 - - [25/Aug/2019:12:05:15 +0000] "GET /js/jquery.dependClass-0.1.js HTTP/1.1" 200 458 "https://www.citadela.hr/blog/prosjecne-cijene-stanova-u-zadarskoj-zupaniji-porasle-za-981" "Mozilla/5.0 (Linux; Android 4.2.1; en-us; Nexus 5 Build/JOP40D) AppleWebKit/535.19 (KHTML, like Gecko; googleweblight) Chrome/38.0.1025.166 Mobile Safari/535.19"
66.249.83.47 - - [25/Aug/2019:12:05:15 +0000] "GET /js/jshashtable-2.1_src.js HTTP/1.1" 200 2957 "https://www.citadela.hr/blog/prosjecne-cijene-stanova-u-zadarskoj-zupaniji-porasle-za-981" "Mozilla/5.0 (Linux; Android 4.2.1; en-us; Nexus 5 Build/JOP40D) AppleWebKit/535.19 (KHTML, like Gecko; googleweblight) Chrome/38.0.1025.166 Mobile Safari/535.19"
66.249.83.43 - - [25/Aug/2019:12:05:15 +0000] "GET /css/font-awesome.css HTTP/1.1" 200 7439 "https://www.citadela.hr/blog/prosjecne-cijene-stanova-u-zadarskoj-zupaniji-porasle-za-981" "Mozilla/5.0 (Linux; Android 4.2.1; en-us; Nexus 5 Build/JOP40D) AppleWebKit/535.19 (KHTML, like Gecko; googleweblight) Chrome/38.0.1025.166 Mobile Safari/535.19"
66.249.83.47 - - [25/Aug/2019:12:05:15 +0000] "GET /css/colors/blue.css?v=2 HTTP/1.1" 200 3552 "https://www.citadela.hr/blog/prosjecne-cijene-stanova-u-zadarskoj-zupaniji-porasle-za-981" "Mozilla/5.0 (Linux; Android 4.2.1; en-us; Nexus 5 Build/JOP40D) AppleWebKit/535.19 (KHTML, like Gecko; googleweblight) Chrome/38.0.1025.166 Mobile Safari/535.19"
66.249.83.43 - - [25/Aug/2019:12:05:15 +0000] "GET /js/mixitup.js HTTP/1.1" 200 11347 "https://www.citadela.hr/blog/prosjecne-cijene-stanova-u-zadarskoj-zupaniji-porasle-za-981" "Mozilla/5.0 (Linux; Android 4.2.1; en-us; Nexus 5 Build/JOP40D) AppleWebKit/535.19 (KHTML, like Gecko; googleweblight) Chrome/38.0.1025.166 Mobile Safari/535.19"
66.249.83.45 - - [25/Aug/2019:12:05:15 +0000] "GET /js/jquery.min.js HTTP/1.1" 200 33760 "https://www.citadela.hr/blog/prosjecne-cijene-stanova-u-zadarskoj-zupaniji-porasle-za-981" "Mozilla/5.0 (Linux; Android 4.2.1; en-us; Nexus 5 Build/JOP40D) AppleWebKit/535.19 (KHTML, like Gecko; googleweblight) Chrome/38.0.1025.166 Mobile Safari/535.19"
66.249.83.45 - - [25/Aug/2019:12:05:15 +0000] "GET /js/jquery.fancybox.pack.js HTTP/1.1" 200 8634 "https://www.citadela.hr/blog/prosjecne-cijene-stanova-u-zadarskoj-zupaniji-porasle-za-981" "Mozilla/5.0 (Linux; Android 4.2.1; en-us; Nexus 5 Build/JOP40D) AppleWebKit/535.19 (KHTML, like Gecko; googleweblight) Chrome/38.0.1025.166 Mobile Safari/535.19"
66.249.83.45 - - [25/Aug/2019:12:05:15 +0000] "GET /js/bootstrap-select.js HTTP/1.1" 200 15633 "https://www.citadela.hr/blog/prosjecne-cijene-stanova-u-zadarskoj-zupaniji-porasle-za-981" "Mozilla/5.0 (Linux; Android 4.2.1; en-us; Nexus 5 Build/JOP40D) AppleWebKit/535.19 (KHTML, like Gecko; googleweblight) Chrome/38.0.1025.166 Mobile Safari/535.19"
66.249.83.47 - - [25/Aug/2019:12:05:15 +0000] "GET /js/YouTubePopUp.jquery.js HTTP/1.1" 200 967 "https://www.citadela.hr/blog/prosjecne-cijene-stanova-u-zadarskoj-zupaniji-porasle-za-981" "Mozilla/5.0 (Linux; Android 4.2.1; en-us; Nexus 5 Build/JOP40D) AppleWebKit/535.19 (KHTML, like Gecko; googleweblight) Chrome/38.0.1025.166 Mobile Safari/535.19"
66.249.88.123 - - [25/Aug/2019:12:05:15 +0000] "GET /css/responsive.css HTTP/1.1" 200 2788 "https://www.citadela.hr/blog/prosjecne-cijene-stanova-u-zadarskoj-zupaniji-porasle-za-981" "Mozilla/5.0 (Linux; Android 4.2.1; en-us; Nexus 5 Build/JOP40D) AppleWebKit/535.19 (KHTML, like Gecko; googleweblight) Chrome/38.0.1025.166 Mobile Safari/535.19"
66.249.83.45 - - [25/Aug/2019:12:05:15 +0000] "GET /js/jquery.barrating.js HTTP/1.1" 200 4280 "https://www.citadela.hr/blog/prosjecne-cijene-stanova-u-zadarskoj-zupaniji-porasle-za-981" "Mozilla/5.0 (Linux; Android 4.2.1; en-us; Nexus 5 Build/JOP40D) AppleWebKit/535.19 (KHTML, like Gecko; googleweblight) Chrome/38.0.1025.166 Mobile Safari/535.19"
66.249.83.47 - - [25/Aug/2019:12:05:15 +0000] "GET /js/jquery.slider.js HTTP/1.1" 200 4772 "https://www.citadela.hr/blog/prosjecne-cijene-stanova-u-zadarskoj-zupaniji-porasle-za-981" "Mozilla/5.0 (Linux; Android 4.2.1; en-us; Nexus 5 Build/JOP40D) AppleWebKit/535.19 (KHTML, like Gecko; googleweblight) Chrome/38.0.1025.166 Mobile Safari/535.19"
66.249.83.47 - - [25/Aug/2019:12:05:15 +0000] "GET /unitegallery/css/unite-gallery.css HTTP/1.1" 200 4825 "https://www.citadela.hr/blog/prosjecne-cijene-stanova-u-zadarskoj-zupaniji-porasle-za-981" "Mozilla/5.0 (Linux; Android 4.2.1; en-us; Nexus 5 Build/JOP40D) AppleWebKit/535.19 (KHTML, like Gecko; googleweblight) Chrome/38.0.1025.166 Mobile Safari/535.19"
66.249.83.43 - - [25/Aug/2019:12:05:15 +0000] "GET /unitegallery/js/jquery-11.0.min.js HTTP/1.1" 200 33369 "https://www.citadela.hr/blog/prosjecne-cijene-stanova-u-zadarskoj-zupaniji-porasle-za-981" "Mozilla/5.0 (Linux; Android 4.2.1; en-us; Nexus 5 Build/JOP40D) AppleWebKit/535.19 (KHTML, like Gecko; googleweblight) Chrome/38.0.1025.166 Mobile Safari/535.19"
66.249.88.127 - - [25/Aug/2019:12:05:15 +0000] "GET /css/loader.css?v=2 HTTP/1.1" 200 772 "https://www.citadela.hr/blog/prosjecne-cijene-stanova-u-zadarskoj-zupaniji-porasle-za-981" "Mozilla/5.0 (Linux; Android 4.2.1; en-us; Nexus 5 Build/JOP40D) AppleWebKit/535.19 (KHTML, like Gecko; googleweblight) Chrome/38.0.1025.166 Mobile Safari/535.19"
66.249.83.45 - - [25/Aug/2019:12:05:15 +0000] "GET /unitegallery/js/unitegallery.min.js HTTP/1.1" 200 66910 "https://www.citadela.hr/blog/prosjecne-cijene-stanova-u-zadarskoj-zupaniji-porasle-za-981" "Mozilla/5.0 (Linux; Android 4.2.1; en-us; Nexus 5 Build/JOP40D) AppleWebKit/535.19 (KHTML, like Gecko; googleweblight) Chrome/38.0.1025.166 Mobile Safari/535.19"
66.249.83.43 - - [25/Aug/2019:12:05:15 +0000] "GET /unitegallery/themes/compact/ug-theme-compact.js HTTP/1.1" 200 2477 "https://www.citadela.hr/blog/prosjecne-cijene-stanova-u-zadarskoj-zupaniji-porasle-za-981" "Mozilla/5.0 (Linux; Android 4.2.1; en-us; Nexus 5 Build/JOP40D) AppleWebKit/535.19 (KHTML, like Gecko; googleweblight) Chrome/38.0.1025.166 Mobile Safari/535.19"
66.249.83.47 - - [25/Aug/2019:12:05:15 +0000] "GET /img/logo_header.png?v=2 HTTP/1.1" 200 4348 "https://www.citadela.hr/blog/prosjecne-cijene-stanova-u-zadarskoj-zupaniji-porasle-za-981" "Mozilla/5.0 (Linux; Android 4.2.1; en-us; Nexus 5 Build/JOP40D) AppleWebKit/535.19 (KHTML, like Gecko; googleweblight) Chrome/38.0.1025.166 Mobile Safari/535.19"
66.249.83.45 - - [25/Aug/2019:12:05:15 +0000] "GET /img/logo_footer.png HTTP/1.1" 200 4213 "https://www.citadela.hr/blog/prosjecne-cijene-stanova-u-zadarskoj-zupaniji-porasle-za-981" "Mozilla/5.0 (Linux; Android 4.2.1; en-us; Nexus 5 Build/JOP40D) AppleWebKit/535.19 (KHTML, like Gecko; googleweblight) Chrome/38.0.1025.166 Mobile Safari/535.19"
66.249.83.43 - - [25/Aug/2019:12:05:15 +0000] "GET /css/jquery.fancybox.css HTTP/1.1" 200 1434 "https://www.citadela.hr/blog/prosjecne-cijene-stanova-u-zadarskoj-zupaniji-porasle-za-981" "Mozilla/5.0 (Linux; Android 4.2.1; en-us; Nexus 5 Build/JOP40D) AppleWebKit/535.19 (KHTML, like Gecko; googleweblight) Chrome/38.0.1025.166 Mobile Safari/535.19"
66.249.88.123 - - [25/Aug/2019:12:05:15 +0000] "GET /fonts/flaticon.css HTTP/1.1" 200 699 "https://www.citadela.hr/blog/prosjecne-cijene-stanova-u-zadarskoj-zupaniji-porasle-za-981" "Mozilla/5.0 (Linux; Android 4.2.1; en-us; Nexus 5 Build/JOP40D) AppleWebKit/535.19 (KHTML, like Gecko; googleweblight) Chrome/38.0.1025.166 Mobile Safari/535.19"
66.249.83.43 - - [25/Aug/2019:12:05:15 +0000] "GET /css/owl.css HTTP/1.1" 200 1348 "https://www.citadela.hr/blog/prosjecne-cijene-stanova-u-zadarskoj-zupaniji-porasle-za-981" "Mozilla/5.0 (Linux; Android 4.2.1; en-us; Nexus 5 Build/JOP40D) AppleWebKit/535.19 (KHTML, like Gecko; googleweblight) Chrome/38.0.1025.166 Mobile Safari/535.19"
66.249.83.43 - - [25/Aug/2019:12:05:15 +0000] "GET /uploads/images/e2f85641f091607835ef1e2c65529c2a.jpg HTTP/1.1" 200 145298 "https://www.citadela.hr/blog/prosjecne-cijene-stanova-u-zadarskoj-zupaniji-porasle-za-981" "Mozilla/5.0 (Linux; Android 4.2.1; en-us; Nexus 5 Build/JOP40D) AppleWebKit/535.19 (KHTML, like Gecko; googleweblight) Chrome/38.0.1025.166 Mobile Safari/535.19"
66.249.83.43 - - [25/Aug/2019:12:05:15 +0000] "GET /js/draggable-0.1.js HTTP/1.1" 200 1326 "https://www.citadela.hr/blog/prosjecne-cijene-stanova-u-zadarskoj-zupaniji-porasle-za-981" "Mozilla/5.0 (Linux; Android 4.2.1; en-us; Nexus 5 Build/JOP40D) AppleWebKit/535.19 (KHTML, like Gecko; googleweblight) Chrome/38.0.1025.166 Mobile Safari/535.19"
66.249.88.123 - - [25/Aug/2019:12:05:15 +0000] "GET /css/animate.min.css HTTP/1.1" 200 4242 "https://www.citadela.hr/blog/prosjecne-cijene-stanova-u-zadarskoj-zupaniji-porasle-za-981" "Mozilla/5.0 (Linux; Android 4.2.1; en-us; Nexus 5 Build/JOP40D) AppleWebKit/535.19 (KHTML, like Gecko; googleweblight) Chrome/38.0.1025.166 Mobile Safari/535.19"
66.249.88.127 - - [25/Aug/2019:12:05:15 +0000] "GET /js/custom.js HTTP/1.1" 200 5159 "https://www.citadela.hr/blog/prosjecne-cijene-stanova-u-zadarskoj-zupaniji-porasle-za-981" "Mozilla/5.0 (Linux; Android 4.2.1; en-us; Nexus 5 Build/JOP40D) AppleWebKit/535.19 (KHTML, like Gecko; googleweblight) Chrome/38.0.1025.166 Mobile Safari/535.19"
66.249.88.123 - - [25/Aug/2019:12:05:15 +0000] "GET /img/banner/banner.png HTTP/1.1" 200 188379 "https://www.citadela.hr/css/style.css?v=2" "Mozilla/5.0 (Linux; Android 4.2.1; en-us; Nexus 5 Build/JOP40D) AppleWebKit/535.19 (KHTML, like Gecko; googleweblight) Chrome/38.0.1025.166 Mobile Safari/535.19"
139.18.2.214 - - [25/Aug/2019:12:05:25 +0000] "GET /zemljista/biograd-na-moru-gradevinsko-zemljiste-1215-m2 HTTP/1.0" 200 23645 "https://www.citadela.hr/zemljista?page=5" "LCC (+http://corpora.informatik.uni-leipzig.de/crawler_faq.html)"
139.18.2.214 - - [25/Aug/2019:12:05:37 +0000] "GET /apartmani/maslenica-apartman-prvi-red-do-mora HTTP/1.0" 200 25619 "https://www.citadela.hr/apartmani?page=2" "LCC (+http://corpora.informatik.uni-leipzig.de/crawler_faq.html)"
139.18.2.214 - - [25/Aug/2019:12:05:51 +0000] "GET /apartmani/maslenica-cetverosoban-apartman-prvi-red-do-mora-8573-m2 HTTP/1.0" 200 28507 "https://www.citadela.hr/apartmani?page=2" "LCC (+http://corpora.informatik.uni-leipzig.de/crawler_faq.html)"
139.18.2.214 - - [25/Aug/2019:12:06:10 +0000] "GET /apartmani/maslenica-dvosoban-apartman-prvi-red-do-mora-4269-m2 HTTP/1.0" 200 26525 "https://www.citadela.hr/apartmani?page=2" "LCC (+http://corpora.informatik.uni-leipzig.de/crawler_faq.html)"
139.18.2.214 - - [25/Aug/2019:12:06:24 +0000] "GET /apartmani/starigrad-novi-trosoban-stan-s-pogledom-na-more-garsonjera9365-m2 HTTP/1.0" 200 27312 "https://www.citadela.hr/apartmani?page=2" "LCC (+http://corpora.informatik.uni-leipzig.de/crawler_faq.html)"
139.18.2.214 - - [25/Aug/2019:12:06:37 +0000] "GET /en/houses/rovanjska-vila-s-bazenom-u-blizini-mora-250-m2 HTTP/1.0" 200 28869 "https://www.citadela.hr/en/houses?page=2" "LCC (+http://corpora.informatik.uni-leipzig.de/crawler_faq.html)"
139.18.2.214 - - [25/Aug/2019:12:06:50 +0000] "GET /en/houses/veli-iz-pansion-prvi-red-do-mora-46340-m2-okucnica-1688-m2 HTTP/1.0" 200 28573 "https://www.citadela.hr/en/houses?page=2" "LCC (+http://corpora.informatik.uni-leipzig.de/crawler_faq.html)"
139.18.2.214 - - [25/Aug/2019:12:07:02 +0000] "GET /en/houses/slivnica-kuca-za-odmor-s-pogledom-na-more-19210-m2 HTTP/1.0" 200 25886 "https://www.citadela.hr/en/houses?page=2" "LCC (+http://corpora.informatik.uni-leipzig.de/crawler_faq.html)"
139.18.2.214 - - [25/Aug/2019:12:07:14 +0000] "GET /en/houses/privlaka-luksuzna-kuca-za-odmor-272-m2 HTTP/1.0" 200 27536 "https://www.citadela.hr/en/houses?page=2" "LCC (+http://corpora.informatik.uni-leipzig.de/crawler_faq.html)"
139.18.2.214 - - [25/Aug/2019:12:07:28 +0000] "GET /en/houses/sveti-petar-na-moru-pansion-s-15-soba-i-restoranom-600-m2 HTTP/1.0" 200 27098 "https://www.citadela.hr/en/houses?page=2" "LCC (+http://corpora.informatik.uni-leipzig.de/crawler_faq.html)"
139.18.2.214 - - [25/Aug/2019:12:07:40 +0000] "GET /en/houses/vir-kuca-556-m2-6-apartmana-i-poslovni-prostor-170-m-od-mora HTTP/1.0" 200 27991 "https://www.citadela.hr/en/houses?page=2" "LCC (+http://corpora.informatik.uni-leipzig.de/crawler_faq.html)"
139.18.2.214 - - [25/Aug/2019:12:07:49 +0000] "GET /en/houses/zadar-diklo-kuca-188-m2-pomocni-objekat-47m2-okucnica-1106-m2 HTTP/1.0" 200 24611 "https://www.citadela.hr/en/houses?page=2" "LCC (+http://corpora.informatik.uni-leipzig.de/crawler_faq.html)"
139.18.2.214 - - [25/Aug/2019:12:08:03 +0000] "GET /en/houses/starigrad-kuca-s-bazenom-drugi-red-do-mora-260-m2 HTTP/1.0" 200 29212 "https://www.citadela.hr/en/houses?page=2" "LCC (+http://corpora.informatik.uni-leipzig.de/crawler_faq.html)"
139.18.2.214 - - [25/Aug/2019:12:08:16 +0000] "GET /en/houses/primosten-dolac-kuca-s-pogledom-na-more-16869-m2 HTTP/1.0" 200 27693 "https://www.citadela.hr/en/houses?page=2" "LCC (+http://corpora.informatik.uni-leipzig.de/crawler_faq.html)"
139.18.2.214 - - [25/Aug/2019:12:08:36 +0000] "GET /en/houses/biograd-na-moru-kuca-s-9-apartmana-481-m2-novogradnja HTTP/1.0" 200 30979 "https://www.citadela.hr/en/houses?page=2" "LCC (+http://corpora.informatik.uni-leipzig.de/crawler_faq.html)"
66.249.66.42 - - [25/Aug/2019:12:09:11 +0000] "GET /hr/pretraga?category=&place=&price=&surface=50&page=2 HTTP/1.1" 200 5256 "-" "Mozilla/5.0 (Linux; Android 6.0.1; Nexus 5X Build/MMB29P) AppleWebKit/537.36 (KHTML, like Gecko) Chrome/41.0.2272.96 Mobile Safari/537.36 (compatible; Googlebot/2.1; +http://www.google.com/bot.html)"
139.18.2.214 - - [25/Aug/2019:12:19:13 +0000] "GET /en/houses?page=1 HTTP/1.0" 200 31125 "https://www.citadela.hr/en/houses?page=2" "LCC (+http://corpora.informatik.uni-leipzig.de/crawler_faq.html)"
66.249.66.42 - - [25/Aug/2019:12:21:48 +0000] "GET /pretraga?category=&type=&place=36&area=159&price=100000&surface=10 HTTP/1.1" 500 4485 "-" "Mozilla/5.0 (Linux; Android 6.0.1; Nexus 5X Build/MMB29P) AppleWebKit/537.36 (KHTML, like Gecko) Chrome/41.0.2272.96 Mobile Safari/537.36 (compatible; Googlebot/2.1; +http://www.google.com/bot.html)"
66.249.66.44 - - [25/Aug/2019:12:22:25 +0000] "GET /uploads/thumbnails/abdef3e9693892be7545822343535b4f.jpg HTTP/1.1" 200 43804 "-" "Googlebot-Image/1.0"
66.249.66.42 - - [25/Aug/2019:12:22:48 +0000] "GET /pretraga?category=&type=sale&place=37&area=&price=300000&surface=200 HTTP/1.1" 500 4485 "-" "Mozilla/5.0 (Linux; Android 6.0.1; Nexus 5X Build/MMB29P) AppleWebKit/537.36 (KHTML, like Gecko) Chrome/41.0.2272.96 Mobile Safari/537.36 (compatible; Googlebot/2.1; +http://www.google.com/bot.html)"
66.249.66.44 - - [25/Aug/2019:12:23:48 +0000] "GET /hr/pretraga?category=&type=&place=2&area=&price=500000&surface=100 HTTP/1.1" 500 4485 "-" "Mozilla/5.0 (Linux; Android 6.0.1; Nexus 5X Build/MMB29P) AppleWebKit/537.36 (KHTML, like Gecko) Chrome/41.0.2272.96 Mobile Safari/537.36 (compatible; Googlebot/2.1; +http://www.google.com/bot.html)"
139.18.2.214 - - [25/Aug/2019:12:29:52 +0000] "GET /en/houses/zadar-vostarnica-dvokatnica-pogodna-za-hostel-315-m2 HTTP/1.0" 200 26135 "https://www.citadela.hr/en/houses?page=3" "LCC (+http://corpora.informatik.uni-leipzig.de/crawler_faq.html)"
139.18.2.214 - - [25/Aug/2019:12:30:07 +0000] "GET /en/houses/sv-petar-na-moru-kuca-sa-6-apartmana-i-pogledom-na-more-39637m2 HTTP/1.0" 200 30734 "https://www.citadela.hr/en/houses?page=3" "LCC (+http://corpora.informatik.uni-leipzig.de/crawler_faq.html)"
66.249.66.42 - - [25/Aug/2019:12:35:46 +0000] "GET /uploads/thumbnails/8e6337affd0c2a2fea899a280f9e0b1c.jpg HTTP/1.1" 200 29151 "-" "Googlebot-Image/1.0"
139.18.2.214 - - [25/Aug/2019:12:40:42 +0000] "GET /en/houses/sibenik-dio-kuce-u-centru-110-m2-dvoriste-130-m2 HTTP/1.0" 200 25545 "https://www.citadela.hr/en/houses?page=3" "LCC (+http://corpora.informatik.uni-leipzig.de/crawler_faq.html)"
139.18.2.214 - - [25/Aug/2019:12:40:53 +0000] "GET /en/houses/sv-filip-i-jakov-dvije-kuce-s-pogledom-na-more-33357-m2 HTTP/1.0" 200 28545 "https://www.citadela.hr/en/houses?page=3" "LCC (+http://corpora.informatik.uni-leipzig.de/crawler_faq.html)"
139.18.2.214 - - [25/Aug/2019:12:41:07 +0000] "GET /en/houses/primostencentar-kamena-kuca-s-restoranom-i-12-soba-340-m2 HTTP/1.0" 200 29306 "https://www.citadela.hr/en/houses?page=3" "LCC (+http://corpora.informatik.uni-leipzig.de/crawler_faq.html)"
139.18.2.214 - - [25/Aug/2019:12:41:18 +0000] "GET /en/houses/maslenica-kuca-s-5-stanova-drugi-red-do-mora-200-m2-prilika HTTP/1.0" 200 29648 "https://www.citadela.hr/en/houses?page=3" "LCC (+http://corpora.informatik.uni-leipzig.de/crawler_faq.html)"
139.18.2.214 - - [25/Aug/2019:12:41:30 +0000] "GET /en/houses/zaton-luksuzna-kuca-s-bazenom-19089-m2-novogradnja HTTP/1.0" 200 30325 "https://www.citadela.hr/en/houses?page=3" "LCC (+http://corpora.informatik.uni-leipzig.de/crawler_faq.html)"
66.249.66.44 - - [25/Aug/2019:12:42:25 +0000] "GET /uploads/images/74bfdd7673d7b8720a33b1b0fb4e7de4.jpg HTTP/1.1" 200 184099 "-" "Googlebot-Image/1.0"
66.249.66.42 - - [25/Aug/2019:12:44:48 +0000] "GET /en/search?category=&type=&place=4&area=&price=300000&surface=50 HTTP/1.1" 500 4485 "-" "Mozilla/5.0 (Linux; Android 6.0.1; Nexus 5X Build/MMB29P) AppleWebKit/537.36 (KHTML, like Gecko) Chrome/41.0.2272.96 Mobile Safari/537.36 (compatible; Googlebot/2.1; +http://www.google.com/bot.html)"
66.249.66.46 - - [25/Aug/2019:12:46:48 +0000] "GET /en/apartments/tribunj-apartman-u-blizini-mora-34-m2 HTTP/1.1" 500 4485 "-" "Mozilla/5.0 (Linux; Android 6.0.1; Nexus 5X Build/MMB29P) AppleWebKit/537.36 (KHTML, like Gecko) Chrome/41.0.2272.96 Mobile Safari/537.36 (compatible; Googlebot/2.1; +http://www.google.com/bot.html)"
157.55.39.213 - - [25/Aug/2019:12:48:08 +0000] "GET /css/owl.css HTTP/1.1" 200 1348 "-" "Mozilla/5.0 (compatible; bingbot/2.0; +http://www.bing.com/bingbot.htm)"
207.46.13.89 - - [25/Aug/2019:12:48:12 +0000] "GET /assets/plugins/flag/flags/4x3/hr.svg HTTP/1.1" 200 80697 "-" "Mozilla/5.0 (compatible; bingbot/2.0; +http://www.bing.com/bingbot.htm)"
207.46.13.89 - - [25/Aug/2019:12:48:12 +0000] "GET /css/jquery.fancybox.css HTTP/1.1" 200 1434 "-" "Mozilla/5.0 (compatible; bingbot/2.0; +http://www.bing.com/bingbot.htm)"
66.249.66.44 - - [25/Aug/2019:12:49:05 +0000] "GET /uploads/thumbnails/932363dc317b5f2d292a7d2015d06bb8.jpg HTTP/1.1" 200 45940 "-" "Googlebot-Image/1.0"
66.249.66.42 - - [25/Aug/2019:12:49:48 +0000] "GET /pretraga?category=&type=&place=58&area=159&price=200000&surface=50 HTTP/1.1" 500 4485 "-" "Mozilla/5.0 (Linux; Android 6.0.1; Nexus 5X Build/MMB29P) AppleWebKit/537.36 (KHTML, like Gecko) Chrome/41.0.2272.96 Mobile Safari/537.36 (compatible; Googlebot/2.1; +http://www.google.com/bot.html)"
66.249.66.44 - - [25/Aug/2019:12:50:48 +0000] "GET /hr/pretraga?category=&type=&place=53&area=&price=1000000&surface=50 HTTP/1.1" 500 4485 "-" "Mozilla/5.0 (Linux; Android 6.0.1; Nexus 5X Build/MMB29P) AppleWebKit/537.36 (KHTML, like Gecko) Chrome/41.0.2272.96 Mobile Safari/537.36 (compatible; Googlebot/2.1; +http://www.google.com/bot.html)"
46.229.168.152 - - [25/Aug/2019:12:51:11 +0000] "GET /robots.txt HTTP/1.1" 200 24 "-" "Mozilla/5.0 (compatible; SemrushBot/6~bl; +http://www.semrush.com/bot.html)"
46.229.168.130 - - [25/Aug/2019:12:51:12 +0000] "GET /en/search?area&category=1&place&price=100000&surface=100&type=sale HTTP/1.1" 200 3880 "-" "Mozilla/5.0 (compatible; SemrushBot/6~bl; +http://www.semrush.com/bot.html)"
66.249.66.42 - - [25/Aug/2019:12:51:48 +0000] "GET /en/search?category=&type=&place=15&area=&price=1000000&surface=10 HTTP/1.1" 500 4485 "-" "Mozilla/5.0 (compatible; Googlebot/2.1; +http://www.google.com/bot.html)"
139.18.2.214 - - [25/Aug/2019:12:52:04 +0000] "GET /en/houses/biograd-na-moru-kuca-s-9-apartmana-508-m2 HTTP/1.0" 200 25575 "https://www.citadela.hr/en/houses?page=3" "LCC (+http://corpora.informatik.uni-leipzig.de/crawler_faq.html)"
139.18.2.214 - - [25/Aug/2019:12:52:14 +0000] "GET /en/houses/sukosan-kuca-s-4-apartmana-drugi-red-do-mora-2292-m2 HTTP/1.0" 200 28415 "https://www.citadela.hr/en/houses?page=3" "LCC (+http://corpora.informatik.uni-leipzig.de/crawler_faq.html)"
139.18.2.214 - - [25/Aug/2019:12:52:22 +0000] "GET /en/houses/posedarje-kuca-s-dva-stana-i-podrumom-150-m2 HTTP/1.0" 200 26577 "https://www.citadela.hr/en/houses?page=4" "LCC (+http://corpora.informatik.uni-leipzig.de/crawler_faq.html)"
139.18.2.214 - - [25/Aug/2019:12:52:31 +0000] "GET /en/lands/sukosan-gradevinsko-zemljiste-s-pogledom-na-more-1373-m2 HTTP/1.0" 200 23220 "https://www.citadela.hr/en/lands?page=2" "LCC (+http://corpora.informatik.uni-leipzig.de/crawler_faq.html)"
139.18.2.214 - - [25/Aug/2019:12:52:42 +0000] "GET /en/lands/rupalj-gradevinsko-zemljiste-povrsine-4280-m2-23-m2 HTTP/1.0" 200 23354 "https://www.citadela.hr/en/lands?page=2" "LCC (+http://corpora.informatik.uni-leipzig.de/crawler_faq.html)"
139.18.2.214 - - [25/Aug/2019:12:52:55 +0000] "GET /en/lands/veli-rat-gradevinsko-zemljiste-prvi-red-do-mora-2049-m2 HTTP/1.0" 200 24216 "https://www.citadela.hr/en/lands?page=2" "LCC (+http://corpora.informatik.uni-leipzig.de/crawler_faq.html)"
139.18.2.214 - - [25/Aug/2019:12:53:07 +0000] "GET /en/lands/rogoznica-razanj-gradevinsko-zemljiste-treci-red-do-mora-480-m2 HTTP/1.0" 200 23239 "https://www.citadela.hr/en/lands?page=2" "LCC (+http://corpora.informatik.uni-leipzig.de/crawler_faq.html)"
139.18.2.214 - - [25/Aug/2019:12:53:16 +0000] "GET /en/lands/starigrad-gradevinsko-zemljiste-pored-ulaza-u-np-paklenica-963-m2 HTTP/1.0" 200 25219 "https://www.citadela.hr/en/lands?page=2" "LCC (+http://corpora.informatik.uni-leipzig.de/crawler_faq.html)"
139.18.2.214 - - [25/Aug/2019:12:53:30 +0000] "GET /en/lands/debeljak-gradevinsko-zemljiste-s-pogledom-na-more-1826-m2 HTTP/1.0" 200 23277 "https://www.citadela.hr/en/lands?page=2" "LCC (+http://corpora.informatik.uni-leipzig.de/crawler_faq.html)"
139.18.2.214 - - [25/Aug/2019:12:53:45 +0000] "GET /en/lands/maslenica-gradevinsko-zemljiste-treci-red-do-mora-1029-m2 HTTP/1.0" 200 25281 "https://www.citadela.hr/en/lands?page=2" "LCC (+http://corpora.informatik.uni-leipzig.de/crawler_faq.html)"
139.18.2.214 - - [25/Aug/2019:12:54:04 +0000] "GET /en/lands/maslenica-gradevinsko-zemljiste-u-blizini-mora-1056-m2 HTTP/1.0" 200 23683 "https://www.citadela.hr/en/lands?page=2" "LCC (+http://corpora.informatik.uni-leipzig.de/crawler_faq.html)"
54.36.149.87 - - [25/Aug/2019:12:54:12 +0000] "GET /robots.txt HTTP/1.1" 301 242 "-" "Mozilla/5.0 (compatible; AhrefsBot/6.1; +http://ahrefs.com/robot/)"
54.36.149.87 - - [25/Aug/2019:12:54:12 +0000] "GET /robots.txt HTTP/1.1" 200 24 "-" "Mozilla/5.0 (compatible; AhrefsBot/6.1; +http://ahrefs.com/robot/)"
139.18.2.214 - - [25/Aug/2019:12:54:30 +0000] "GET /en/lands/maslenica-gradevinsko-zemljiste-s-pogledom-na-more-857-m2 HTTP/1.0" 200 24523 "https://www.citadela.hr/en/lands?page=2" "LCC (+http://corpora.informatik.uni-leipzig.de/crawler_faq.html)"
139.18.2.214 - - [25/Aug/2019:12:54:47 +0000] "GET /en/lands/maslenica-gradevinsko-zemljiste-s-pogledom-na-more-609m2 HTTP/1.0" 200 24908 "https://www.citadela.hr/en/lands?page=2" "LCC (+http://corpora.informatik.uni-leipzig.de/crawler_faq.html)"
139.18.2.214 - - [25/Aug/2019:12:55:04 +0000] "GET /en/lands?page=1 HTTP/1.0" 200 31855 "https://www.citadela.hr/en/lands?page=2" "LCC (+http://corpora.informatik.uni-leipzig.de/crawler_faq.html)"
66.249.66.42 - - [25/Aug/2019:13:01:48 +0000] "GET /pretraga?category=&type=&place=20&area=&price=500000&surface=200 HTTP/1.1" 500 4485 "-" "Mozilla/5.0 (Linux; Android 6.0.1; Nexus 5X Build/MMB29P) AppleWebKit/537.36 (KHTML, like Gecko) Chrome/41.0.2272.96 Mobile Safari/537.36 (compatible; Googlebot/2.1; +http://www.google.com/bot.html)"
66.249.66.44 - - [25/Aug/2019:13:02:48 +0000] "GET /en/search?category=&type=&place=36&area=171&price=&surface=10 HTTP/1.1" 500 4485 "-" "Mozilla/5.0 (Linux; Android 6.0.1; Nexus 5X Build/MMB29P) AppleWebKit/537.36 (KHTML, like Gecko) Chrome/41.0.2272.96 Mobile Safari/537.36 (compatible; Googlebot/2.1; +http://www.google.com/bot.html)"
66.249.66.46 - - [25/Aug/2019:13:03:48 +0000] "GET /hr/pretraga?category=&type=&place=53&area=&price=1000000&surface=50 HTTP/1.1" 500 4485 "-" "Mozilla/5.0 (Linux; Android 6.0.1; Nexus 5X Build/MMB29P) AppleWebKit/537.36 (KHTML, like Gecko) Chrome/41.0.2272.96 Mobile Safari/537.36 (compatible; Googlebot/2.1; +http://www.google.com/bot.html)"
66.249.66.44 - - [25/Aug/2019:13:04:48 +0000] "GET /en/search?category=&type=&place=46&area=&price=&surface= HTTP/1.1" 500 4485 "-" "Mozilla/5.0 (Linux; Android 6.0.1; Nexus 5X Build/MMB29P) AppleWebKit/537.36 (KHTML, like Gecko) Chrome/41.0.2272.96 Mobile Safari/537.36 (compatible; Googlebot/2.1; +http://www.google.com/bot.html)"
139.18.2.214 - - [25/Aug/2019:13:05:43 +0000] "GET /en/lands/maslenica-gradevinsko-zemljiste-s-prikljucenom-strujom-i-vodom490-m2 HTTP/1.0" 200 23714 "https://www.citadela.hr/en/lands?page=3" "LCC (+http://corpora.informatik.uni-leipzig.de/crawler_faq.html)"
66.249.66.44 - - [25/Aug/2019:13:05:48 +0000] "GET /hr/pretraga?category=&type=&place=49&area=&price=&surface= HTTP/1.1" 500 4485 "-" "Mozilla/5.0 (Linux; Android 6.0.1; Nexus 5X Build/MMB29P) AppleWebKit/537.36 (KHTML, like Gecko) Chrome/41.0.2272.96 Mobile Safari/537.36 (compatible; Googlebot/2.1; +http://www.google.com/bot.html)"
139.18.2.214 - - [25/Aug/2019:13:05:55 +0000] "GET /en/lands/pag-mandre-gradevinsko-zemljiste-u-t2t3-zoni-12585-m2 HTTP/1.0" 200 23372 "https://www.citadela.hr/en/lands?page=3" "LCC (+http://corpora.informatik.uni-leipzig.de/crawler_faq.html)"
139.18.2.214 - - [25/Aug/2019:13:06:08 +0000] "GET /en/lands/zaton-gradevinsko-zemljiste-s-projektom-treci-red-do-mora-1044-m2 HTTP/1.0" 200 24054 "https://www.citadela.hr/en/lands?page=3" "LCC (+http://corpora.informatik.uni-leipzig.de/crawler_faq.html)"
139.18.2.214 - - [25/Aug/2019:13:06:25 +0000] "GET /en/lands/privlaka-gradevinsko-zemljiste-prvi-red-do-mora-2679-m2 HTTP/1.0" 200 23560 "https://www.citadela.hr/en/lands?page=3" "LCC (+http://corpora.informatik.uni-leipzig.de/crawler_faq.html)"
139.18.2.214 - - [25/Aug/2019:13:06:43 +0000] "GET /en/lands/povljana-gradevinsko-zemljiste-u-blizini-mora-1129-m2 HTTP/1.0" 200 23376 "https://www.citadela.hr/en/lands?page=3" "LCC (+http://corpora.informatik.uni-leipzig.de/crawler_faq.html)"
66.249.66.42 - - [25/Aug/2019:13:06:48 +0000] "GET /en/search?category=&type=&place=47&area=&price=200000&surface=100 HTTP/1.1" 500 4485 "-" "Mozilla/5.0 (Linux; Android 6.0.1; Nexus 5X Build/MMB29P) AppleWebKit/537.36 (KHTML, like Gecko) Chrome/41.0.2272.96 Mobile Safari/537.36 (compatible; Googlebot/2.1; +http://www.google.com/bot.html)"
139.18.2.214 - - [25/Aug/2019:13:07:10 +0000] "GET /en/lands/pakostane-zemljiste-u-t3-kamp-zoni-drugi-red-do-mora-1949-m2 HTTP/1.0" 200 23743 "https://www.citadela.hr/en/lands?page=3" "LCC (+http://corpora.informatik.uni-leipzig.de/crawler_faq.html)"
139.18.2.214 - - [25/Aug/2019:13:07:26 +0000] "GET /en/lands/razanac-gradevinsko-zemljiste-u-blizini-mora-721-m2 HTTP/1.0" 200 24484 "https://www.citadela.hr/en/lands?page=3" "LCC (+http://corpora.informatik.uni-leipzig.de/crawler_faq.html)"
207.46.13.26 - - [25/Aug/2019:13:07:32 +0000] "GET /hr HTTP/1.1" 200 5821 "-" "Mozilla/5.0 (compatible; bingbot/2.0; +http://www.bing.com/bingbot.htm)"
139.18.2.214 - - [25/Aug/2019:13:07:39 +0000] "GET /en/lands/zaboric-zemljiste-prvi-red-do-mora-t1-t2-t3-zona-12600-m2 HTTP/1.0" 200 24399 "https://www.citadela.hr/en/lands?page=3" "LCC (+http://corpora.informatik.uni-leipzig.de/crawler_faq.html)"
207.46.13.26 - - [25/Aug/2019:13:07:47 +0000] "GET /css/animate.min.css HTTP/1.1" 200 4242 "-" "Mozilla/5.0 (compatible; bingbot/2.0; +http://www.bing.com/bingbot.htm)"
207.46.13.26 - - [25/Aug/2019:13:07:47 +0000] "GET /css/loader.css?v=2 HTTP/1.1" 200 772 "-" "Mozilla/5.0 (compatible; bingbot/2.0; +http://www.bing.com/bingbot.htm)"
207.46.13.26 - - [25/Aug/2019:13:07:47 +0000] "GET /fonts/fontawesome-webfont.svg?v=4.7.0 HTTP/1.1" 200 444379 "-" "Mozilla/5.0 (compatible; bingbot/2.0; +http://www.bing.com/bingbot.htm)"
207.46.13.26 - - [25/Aug/2019:13:07:49 +0000] "GET /fonts/fontawesome-webfont.ttf?v=4.7.0 HTTP/1.1" 200 165548 "-" "Mozilla/5.0 (compatible; bingbot/2.0; +http://www.bing.com/bingbot.htm)"
207.46.13.26 - - [25/Aug/2019:13:07:49 +0000] "GET /js/bootstrap-select.js HTTP/1.1" 200 15633 "-" "Mozilla/5.0 (compatible; bingbot/2.0; +http://www.bing.com/bingbot.htm)"
207.46.13.26 - - [25/Aug/2019:13:07:49 +0000] "GET /js/jquery.fancybox-media.js HTTP/1.1" 200 1973 "-" "Mozilla/5.0 (compatible; bingbot/2.0; +http://www.bing.com/bingbot.htm)"
207.46.13.26 - - [25/Aug/2019:13:07:50 +0000] "GET /js/jquery.dependClass-0.1.js HTTP/1.1" 200 458 "-" "Mozilla/5.0 (compatible; bingbot/2.0; +http://www.bing.com/bingbot.htm)"
139.18.2.214 - - [25/Aug/2019:13:07:57 +0000] "GET /en/lands/baske-ostarije-grad-zemljiste-s-projektnom-dokumentacijom-1095-m2 HTTP/1.0" 200 29062 "https://www.citadela.hr/en/lands?page=3" "LCC (+http://corpora.informatik.uni-leipzig.de/crawler_faq.html)"
139.18.2.214 - - [25/Aug/2019:13:08:10 +0000] "GET /en/lands/murter-cigrada-zemljiste-drugi-red-do-mora-1252-m2 HTTP/1.0" 200 23781 "https://www.citadela.hr/en/lands?page=3" "LCC (+http://corpora.informatik.uni-leipzig.de/crawler_faq.html)"
139.18.2.214 - - [25/Aug/2019:13:08:25 +0000] "GET /en/lands/sv-filip-i-jakov-gradevinsko-zemljiste-u-blizini-mora-490-m2 HTTP/1.0" 200 24272 "https://www.citadela.hr/en/lands?page=4" "LCC (+http://corpora.informatik.uni-leipzig.de/crawler_faq.html)"
139.18.2.214 - - [25/Aug/2019:13:08:40 +0000] "GET /en/lands/pasman-zdrelac-gradevinsko-zemljiste-s-pogledom-na-more-460-m2 HTTP/1.0" 200 22217 "https://www.citadela.hr/en/lands?page=4" "LCC (+http://corpora.informatik.uni-leipzig.de/crawler_faq.html)"
139.18.2.214 - - [25/Aug/2019:13:08:56 +0000] "GET /en/lands/privlaka-gradevinsko-zemljiste-u-sumi-i-blizu-mora-912-m2 HTTP/1.0" 200 24794 "https://www.citadela.hr/en/lands?page=4" "LCC (+http://corpora.informatik.uni-leipzig.de/crawler_faq.html)"
139.18.2.214 - - [25/Aug/2019:13:09:10 +0000] "GET /en/lands/udbina-komic-4-objekta-na-imanju-od-20-hektara HTTP/1.0" 200 26392 "https://www.citadela.hr/en/lands?page=4" "LCC (+http://corpora.informatik.uni-leipzig.de/crawler_faq.html)"
139.18.2.214 - - [25/Aug/2019:13:09:20 +0000] "GET /en/lands/murter-cigrada-zemljiste-prvi-red-do-mora-333-m2 HTTP/1.0" 200 24553 "https://www.citadela.hr/en/lands?page=4" "LCC (+http://corpora.informatik.uni-leipzig.de/crawler_faq.html)"
139.18.2.214 - - [25/Aug/2019:13:09:29 +0000] "GET /en/lands/murter-centar-gradevinsko-zemljiste-treci-red-do-plaze-962-m2 HTTP/1.0" 200 24167 "https://www.citadela.hr/en/lands?page=4" "LCC (+http://corpora.informatik.uni-leipzig.de/crawler_faq.html)"
139.18.2.214 - - [25/Aug/2019:13:09:40 +0000] "GET /en/lands/starigrad-gradevinsko-zemljiste-pored-ulaza-u-np-paklenica-480m2 HTTP/1.0" 200 25152 "https://www.citadela.hr/en/lands?page=4" "LCC (+http://corpora.informatik.uni-leipzig.de/crawler_faq.html)"
139.18.2.214 - - [25/Aug/2019:13:09:52 +0000] "GET /en/lands/zemunik-donji-gradevinsko-zemljiste-250m-od-centra-5071-m2prilika HTTP/1.0" 200 23803 "https://www.citadela.hr/en/lands?page=4" "LCC (+http://corpora.informatik.uni-leipzig.de/crawler_faq.html)"
139.18.2.214 - - [25/Aug/2019:13:10:09 +0000] "GET /en/lands/gracac-omsica-zemljiste-s-5-objekata-105445-m2 HTTP/1.0" 200 26141 "https://www.citadela.hr/en/lands?page=4" "LCC (+http://corpora.informatik.uni-leipzig.de/crawler_faq.html)"
139.18.2.214 - - [25/Aug/2019:13:10:23 +0000] "GET /en/lands/zadarkozino-gradevinska-zemljista-300-m-od-mora-520-555-m2 HTTP/1.0" 200 23563 "https://www.citadela.hr/en/lands?page=4" "LCC (+http://corpora.informatik.uni-leipzig.de/crawler_faq.html)"
139.18.2.214 - - [25/Aug/2019:13:10:34 +0000] "GET /en/lands/dugi-otok-dragove-grad-zemljiste-prvi-red-do-mora-2010-m2-70m2 HTTP/1.0" 200 23786 "https://www.citadela.hr/en/lands?page=5" "LCC (+http://corpora.informatik.uni-leipzig.de/crawler_faq.html)"
139.18.2.214 - - [25/Aug/2019:13:10:44 +0000] "GET /en/lands/biograd-na-moru-gradevinsko-zemljiste-1215-m2 HTTP/1.0" 200 23537 "https://www.citadela.hr/en/lands?page=5" "LCC (+http://corpora.informatik.uni-leipzig.de/crawler_faq.html)"
139.18.2.214 - - [25/Aug/2019:13:10:55 +0000] "GET /en/apartments/maslenica-apartman-prvi-red-do-mora HTTP/1.0" 200 25535 "https://www.citadela.hr/en/apartments?page=2" "LCC (+http://corpora.informatik.uni-leipzig.de/crawler_faq.html)"
139.18.2.214 - - [25/Aug/2019:13:11:06 +0000] "GET /en/apartments/maslenica-cetverosoban-apartman-prvi-red-do-mora-8573-m2 HTTP/1.0" 200 28423 "https://www.citadela.hr/en/apartments?page=2" "LCC (+http://corpora.informatik.uni-leipzig.de/crawler_faq.html)"
139.18.2.214 - - [25/Aug/2019:13:11:18 +0000] "GET /en/apartments/maslenica-dvosoban-apartman-prvi-red-do-mora-4269-m2 HTTP/1.0" 200 26441 "https://www.citadela.hr/en/apartments?page=2" "LCC (+http://corpora.informatik.uni-leipzig.de/crawler_faq.html)"
66.249.66.42 - - [25/Aug/2019:13:11:23 +0000] "GET /en/search?category=&place=&price=&surface=50&page=2 HTTP/1.1" 200 5219 "-" "Mozilla/5.0 (Linux; Android 6.0.1; Nexus 5X Build/MMB29P) AppleWebKit/537.36 (KHTML, like Gecko) Chrome/41.0.2272.96 Mobile Safari/537.36 (compatible; Googlebot/2.1; +http://www.google.com/bot.html)"
139.18.2.214 - - [25/Aug/2019:13:11:31 +0000] "GET /en/apartments/starigrad-novi-trosoban-stan-s-pogledom-na-more-garsonjera9365-m2 HTTP/1.0" 200 27224 "https://www.citadela.hr/en/apartments?page=2" "LCC (+http://corpora.informatik.uni-leipzig.de/crawler_faq.html)"
46.229.168.134 - - [25/Aug/2019:13:11:34 +0000] "GET /kuce/veli-iz-pansion-prvi-red-do-mora-46340-m2-okucnica-1688-m2 HTTP/1.1" 200 6210 "-" "Mozilla/5.0 (compatible; SemrushBot/6~bl; +http://www.semrush.com/bot.html)"
139.18.2.214 - - [25/Aug/2019:13:11:45 +0000] "GET /hr/kuce/rovanjska-vila-s-bazenom-u-blizini-mora-250-m2 HTTP/1.0" 200 29042 "https://www.citadela.hr/hr/kuce?page=2" "LCC (+http://corpora.informatik.uni-leipzig.de/crawler_faq.html)"
66.249.66.42 - - [25/Aug/2019:13:11:48 +0000] "GET /en/search?category=&type=&place=15&area=&price=1000000&surface=10 HTTP/1.1" 500 4485 "-" "Mozilla/5.0 (compatible; Googlebot/2.1; +http://www.google.com/bot.html)"
139.18.2.214 - - [25/Aug/2019:13:12:00 +0000] "GET /hr/kuce/veli-iz-pansion-prvi-red-do-mora-46340-m2-okucnica-1688-m2 HTTP/1.0" 200 28741 "https://www.citadela.hr/hr/kuce?page=2" "LCC (+http://corpora.informatik.uni-leipzig.de/crawler_faq.html)"
139.18.2.214 - - [25/Aug/2019:13:12:13 +0000] "GET /hr/kuce/slivnica-kuca-za-odmor-s-pogledom-na-more-19210-m2 HTTP/1.0" 200 26059 "https://www.citadela.hr/hr/kuce?page=2" "LCC (+http://corpora.informatik.uni-leipzig.de/crawler_faq.html)"
139.18.2.214 - - [25/Aug/2019:13:12:27 +0000] "GET /hr/kuce/privlaka-luksuzna-kuca-za-odmor-272-m2 HTTP/1.0" 200 27709 "https://www.citadela.hr/hr/kuce?page=2" "LCC (+http://corpora.informatik.uni-leipzig.de/crawler_faq.html)"
139.18.2.214 - - [25/Aug/2019:13:12:39 +0000] "GET /hr/kuce/sveti-petar-na-moru-pansion-s-15-soba-i-restoranom-600-m2 HTTP/1.0" 200 27272 "https://www.citadela.hr/hr/kuce?page=2" "LCC (+http://corpora.informatik.uni-leipzig.de/crawler_faq.html)"
139.18.2.214 - - [25/Aug/2019:13:12:52 +0000] "GET /hr/kuce/vir-kuca-556-m2-6-apartmana-i-poslovni-prostor-170-m-od-mora HTTP/1.0" 200 28164 "https://www.citadela.hr/hr/kuce?page=2" "LCC (+http://corpora.informatik.uni-leipzig.de/crawler_faq.html)"
139.18.2.214 - - [25/Aug/2019:13:13:04 +0000] "GET /hr/kuce/zadar-diklo-kuca-188-m2-pomocni-objekat-47m2-okucnica-1106-m2 HTTP/1.0" 200 24779 "https://www.citadela.hr/hr/kuce?page=2" "LCC (+http://corpora.informatik.uni-leipzig.de/crawler_faq.html)"
139.18.2.214 - - [25/Aug/2019:13:13:12 +0000] "GET /hr/kuce/starigrad-kuca-s-bazenom-drugi-red-do-mora-260-m2 HTTP/1.0" 200 29385 "https://www.citadela.hr/hr/kuce?page=2" "LCC (+http://corpora.informatik.uni-leipzig.de/crawler_faq.html)"
139.18.2.214 - - [25/Aug/2019:13:13:20 +0000] "GET /hr/kuce/primosten-dolac-kuca-s-pogledom-na-more-16869-m2 HTTP/1.0" 200 27861 "https://www.citadela.hr/hr/kuce?page=2" "LCC (+http://corpora.informatik.uni-leipzig.de/crawler_faq.html)"
139.18.2.214 - - [25/Aug/2019:13:13:29 +0000] "GET /hr/kuce/biograd-na-moru-kuca-s-9-apartmana-481-m2-novogradnja HTTP/1.0" 200 31153 "https://www.citadela.hr/hr/kuce?page=2" "LCC (+http://corpora.informatik.uni-leipzig.de/crawler_faq.html)"
66.249.66.42 - - [25/Aug/2019:13:15:45 +0000] "GET /uploads/thumbnails/21877cd9b10507f3f9819724bcbdc000.jpg HTTP/1.1" 200 47899 "-" "Googlebot-Image/1.0"
66.249.66.46 - - [25/Aug/2019:13:20:48 +0000] "GET /hr/stanovi/zadar-petrici-trosoban-stan-8846-m2 HTTP/1.1" 500 4485 "-" "Mozilla/5.0 (Linux; Android 6.0.1; Nexus 5X Build/MMB29P) AppleWebKit/537.36 (KHTML, like Gecko) Chrome/41.0.2272.96 Mobile Safari/537.36 (compatible; Googlebot/2.1; +http://www.google.com/bot.html)"
178.145.69.169 - - [25/Aug/2019:13:22:07 +0000] "GET /uploads/images/7aae57972b2cf925b177aaa42ad5003f.JPG HTTP/1.1" 200 310505 "https://www.google.com/" "Mozilla/5.0 (Linux; Android 6.0.1; HUAWEI RIO-L01) AppleWebKit/537.36 (KHTML, like Gecko) Chrome/71.0.3578.99 Mobile Safari/537.36"
139.18.2.214 - - [25/Aug/2019:13:24:05 +0000] "GET /hr/kuce?page=1 HTTP/1.0" 200 31375 "https://www.citadela.hr/hr/kuce?page=2" "LCC (+http://corpora.informatik.uni-leipzig.de/crawler_faq.html)"
66.249.66.44 - - [25/Aug/2019:13:26:56 +0000] "GET /en/search?category=&type=&place=&area=88&price=1000000&surface=&page=3 HTTP/1.1" 200 3965 "-" "Mozilla/5.0 (Linux; Android 6.0.1; Nexus 5X Build/MMB29P) AppleWebKit/537.36 (KHTML, like Gecko) Chrome/41.0.2272.96 Mobile Safari/537.36 (compatible; Googlebot/2.1; +http://www.google.com/bot.html)"
54.36.150.25 - - [25/Aug/2019:13:29:54 +0000] "GET /hr/snizeno HTTP/1.1" 200 4264 "-" "Mozilla/5.0 (compatible; AhrefsBot/6.1; +http://ahrefs.com/robot/)"
139.18.2.214 - - [25/Aug/2019:13:34:39 +0000] "GET /hr/kuce/zadar-vostarnica-dvokatnica-pogodna-za-hostel-315-m2 HTTP/1.0" 200 26311 "https://www.citadela.hr/hr/kuce?page=3" "LCC (+http://corpora.informatik.uni-leipzig.de/crawler_faq.html)"
139.18.2.214 - - [25/Aug/2019:13:34:51 +0000] "GET /hr/kuce/sv-petar-na-moru-kuca-sa-6-apartmana-i-pogledom-na-more-39637m2 HTTP/1.0" 200 30908 "https://www.citadela.hr/hr/kuce?page=3" "LCC (+http://corpora.informatik.uni-leipzig.de/crawler_faq.html)"
66.249.66.42 - - [25/Aug/2019:13:38:48 +0000] "GET /hr/pretraga?category=&type=&place=9&area=&price=100000&surface=50 HTTP/1.1" 500 4485 "-" "Mozilla/5.0 (Linux; Android 6.0.1; Nexus 5X Build/MMB29P) AppleWebKit/537.36 (KHTML, like Gecko) Chrome/41.0.2272.96 Mobile Safari/537.36 (compatible; Googlebot/2.1; +http://www.google.com/bot.html)"
46.229.168.138 - - [25/Aug/2019:13:39:32 +0000] "GET /robots.txt HTTP/1.1" 200 24 "-" "Mozilla/5.0 (compatible; SemrushBot/6~bl; +http://www.semrush.com/bot.html)"
46.229.168.148 - - [25/Aug/2019:13:39:32 +0000] "GET /apartmani?page=2 HTTP/1.1" 200 4898 "-" "Mozilla/5.0 (compatible; SemrushBot/6~bl; +http://www.semrush.com/bot.html)"
66.249.66.44 - - [25/Aug/2019:13:40:48 +0000] "GET /en/search?category=&type=&place=16&area=&price=300000&surface=10 HTTP/1.1" 500 4485 "-" "Mozilla/5.0 (Linux; Android 6.0.1; Nexus 5X Build/MMB29P) AppleWebKit/537.36 (KHTML, like Gecko) Chrome/41.0.2272.96 Mobile Safari/537.36 (compatible; Googlebot/2.1; +http://www.google.com/bot.html)"
66.249.66.46 - - [25/Aug/2019:13:41:48 +0000] "GET /en/search?category=&type=&place=10&area=&price=&surface=10 HTTP/1.1" 500 4485 "-" "Mozilla/5.0 (Linux; Android 6.0.1; Nexus 5X Build/MMB29P) AppleWebKit/537.36 (KHTML, like Gecko) Chrome/41.0.2272.96 Mobile Safari/537.36 (compatible; Googlebot/2.1; +http://www.google.com/bot.html)"
66.249.66.46 - - [25/Aug/2019:13:42:25 +0000] "GET /uploads/thumbnails/9c3c4d6a1e121f51ec0bc244b5d63b18.jpg HTTP/1.1" 200 39444 "-" "Googlebot-Image/1.0"
139.18.2.214 - - [25/Aug/2019:13:45:24 +0000] "GET /hr/kuce/sibenik-dio-kuce-u-centru-110-m2-dvoriste-130-m2 HTTP/1.0" 200 25716 "https://www.citadela.hr/hr/kuce?page=3" "LCC (+http://corpora.informatik.uni-leipzig.de/crawler_faq.html)"
139.18.2.214 - - [25/Aug/2019:13:45:35 +0000] "GET /hr/kuce/sv-filip-i-jakov-dvije-kuce-s-pogledom-na-more-33357-m2 HTTP/1.0" 200 28716 "https://www.citadela.hr/hr/kuce?page=3" "LCC (+http://corpora.informatik.uni-leipzig.de/crawler_faq.html)"
139.18.2.214 - - [25/Aug/2019:13:45:46 +0000] "GET /hr/kuce/primostencentar-kamena-kuca-s-restoranom-i-12-soba-340-m2 HTTP/1.0" 200 29469 "https://www.citadela.hr/hr/kuce?page=3" "LCC (+http://corpora.informatik.uni-leipzig.de/crawler_faq.html)"
37.76.116.108 - - [25/Aug/2019:13:45:51 +0000] "GET /kuce/petrcane-punta-skala-vikendica-s-3-apartmana-i-pogledom-na-more HTTP/1.1" 200 5928 "https://www.citadela.hr/pretraga?category=&place=84&price=&surface=" "Mozilla/5.0 (Linux; Android 8.0.0; SM-G935F) AppleWebKit/537.36 (KHTML, like Gecko) Chrome/74.0.3729.157 Mobile Safari/537.36"
37.76.116.108 - - [25/Aug/2019:13:45:51 +0000] "GET /css/style.css?v=2 HTTP/1.1" 200 17441 "https://www.citadela.hr/kuce/petrcane-punta-skala-vikendica-s-3-apartmana-i-pogledom-na-more" "Mozilla/5.0 (Linux; Android 8.0.0; SM-G935F) AppleWebKit/537.36 (KHTML, like Gecko) Chrome/74.0.3729.157 Mobile Safari/537.36"
37.76.116.108 - - [25/Aug/2019:13:45:51 +0000] "GET /css/bootstrap.css HTTP/1.1" 200 20712 "https://www.citadela.hr/kuce/petrcane-punta-skala-vikendica-s-3-apartmana-i-pogledom-na-more" "Mozilla/5.0 (Linux; Android 8.0.0; SM-G935F) AppleWebKit/537.36 (KHTML, like Gecko) Chrome/74.0.3729.157 Mobile Safari/537.36"
37.76.116.108 - - [25/Aug/2019:13:45:51 +0000] "GET /css/colors/blue.css?v=2 HTTP/1.1" 200 3552 "https://www.citadela.hr/kuce/petrcane-punta-skala-vikendica-s-3-apartmana-i-pogledom-na-more" "Mozilla/5.0 (Linux; Android 8.0.0; SM-G935F) AppleWebKit/537.36 (KHTML, like Gecko) Chrome/74.0.3729.157 Mobile Safari/537.36"
