66.249.66.46 - - [27/Aug/2019:09:12:57 +0000] "GET /pretraga?category=&type=&place=6&area=&price=200000&surface=100 HTTP/1.1" 500 4485 "-" "Mozilla/5.0 (Linux; Android 6.0.1; Nexus 5X Build/MMB29P) AppleWebKit/537.36 (KHTML, like Gecko) Chrome/41.0.2272.96 Mobile Safari/537.36 (compatible; Googlebot/2.1; +http://www.google.com/bot.html)"
78.0.183.53 - - [27/Aug/2019:09:13:29 +0000] "GET /stanovi HTTP/1.1" 200 4417 "https://www.citadela.hr/" "Mozilla/5.0 (Windows NT 10.0; Win64; x64) AppleWebKit/537.36 (KHTML, like Gecko) Chrome/76.0.3809.100 Safari/537.36"
78.0.183.53 - - [27/Aug/2019:09:13:30 +0000] "GET /uploads/thumbnails/d52956ef8448d2edf5c7a3d817166db1.JPG HTTP/1.1" 200 20441 "https://www.citadela.hr/stanovi" "Mozilla/5.0 (Windows NT 10.0; Win64; x64) AppleWebKit/537.36 (KHTML, like Gecko) Chrome/76.0.3809.100 Safari/537.36"
78.0.183.53 - - [27/Aug/2019:09:13:30 +0000] "GET /uploads/thumbnails/47ec5f496d85f7f4ce356ce2d243c55b.jpg HTTP/1.1" 200 39188 "https://www.citadela.hr/stanovi" "Mozilla/5.0 (Windows NT 10.0; Win64; x64) AppleWebKit/537.36 (KHTML, like Gecko) Chrome/76.0.3809.100 Safari/537.36"
78.0.183.53 - - [27/Aug/2019:09:13:30 +0000] "GET /img/banner/banner.png HTTP/1.1" 200 188379 "https://www.citadela.hr/css/style.css?v=2" "Mozilla/5.0 (Windows NT 10.0; Win64; x64) AppleWebKit/537.36 (KHTML, like Gecko) Chrome/76.0.3809.100 Safari/537.36"
78.0.183.53 - - [27/Aug/2019:09:13:45 +0000] "GET / HTTP/1.1" 200 5820 "https://www.citadela.hr/stanovi" "Mozilla/5.0 (Windows NT 10.0; Win64; x64) AppleWebKit/537.36 (KHTML, like Gecko) Chrome/76.0.3809.100 Safari/537.36"
66.249.66.46 - - [27/Aug/2019:09:13:57 +0000] "GET /hr/pretraga?category=&type=&place=7&area=&price=100000&surface=100 HTTP/1.1" 500 4485 "-" "Mozilla/5.0 (Linux; Android 6.0.1; Nexus 5X Build/MMB29P) AppleWebKit/537.36 (KHTML, like Gecko) Chrome/41.0.2272.96 Mobile Safari/537.36 (compatible; Googlebot/2.1; +http://www.google.com/bot.html)"
157.55.39.58 - - [27/Aug/2019:09:14:05 +0000] "GET /uploads/thumbnails/c42bfd6c558a7ac6c41421ccc209f5a5.jpg HTTP/1.1" 200 43798 "-" "Mozilla/5.0 (compatible; bingbot/2.0; +http://www.bing.com/bingbot.htm)"
46.229.168.152 - - [27/Aug/2019:09:14:30 +0000] "GET /hr/zemljista/gracac-omsica-zemljiste-s-5-objekata-105445-m2 HTTP/1.1" 200 5698 "-" "Mozilla/5.0 (compatible; SemrushBot/6~bl; +http://www.semrush.com/bot.html)"
46.229.168.146 - - [27/Aug/2019:09:15:01 +0000] "GET /robots.txt HTTP/1.1" 200 24 "-" "Mozilla/5.0 (compatible; SemrushBot/6~bl; +http://www.semrush.com/bot.html)"
46.229.168.133 - - [27/Aug/2019:09:15:01 +0000] "GET /apartmani/vinjerac-dvoetazni-cetverosoban-apartman-17576-m2-novogradnja HTTP/1.1" 200 6294 "-" "Mozilla/5.0 (compatible; SemrushBot/6~bl; +http://www.semrush.com/bot.html)"
66.249.66.46 - - [27/Aug/2019:09:17:58 +0000] "GET /pretraga?category=&type=&place=16&area=&price=500000&surface=200 HTTP/1.1" 500 4485 "-" "Mozilla/5.0 (Linux; Android 6.0.1; Nexus 5X Build/MMB29P) AppleWebKit/537.36 (KHTML, like Gecko) Chrome/41.0.2272.96 Mobile Safari/537.36 (compatible; Googlebot/2.1; +http://www.google.com/bot.html)"
66.249.66.46 - - [27/Aug/2019:09:18:57 +0000] "GET /hr/pretraga?category=&type=&place=58&area=230&price=500000&surface=10 HTTP/1.1" 500 4485 "-" "Mozilla/5.0 (Linux; Android 6.0.1; Nexus 5X Build/MMB29P) AppleWebKit/537.36 (KHTML, like Gecko) Chrome/41.0.2272.96 Mobile Safari/537.36 (compatible; Googlebot/2.1; +http://www.google.com/bot.html)"
66.249.66.42 - - [27/Aug/2019:09:19:58 +0000] "GET /en/search?category=&type=&place=58&area=228&price=100000&surface=10 HTTP/1.1" 500 4485 "-" "Mozilla/5.0 (Linux; Android 6.0.1; Nexus 5X Build/MMB29P) AppleWebKit/537.36 (KHTML, like Gecko) Chrome/41.0.2272.96 Mobile Safari/537.36 (compatible; Googlebot/2.1; +http://www.google.com/bot.html)"
66.249.66.44 - - [27/Aug/2019:09:20:58 +0000] "GET /pretraga?category=&type=&place=2&area=&price=&surface=10 HTTP/1.1" 500 4485 "-" "Mozilla/5.0 (Linux; Android 6.0.1; Nexus 5X Build/MMB29P) AppleWebKit/537.36 (KHTML, like Gecko) Chrome/41.0.2272.96 Mobile Safari/537.36 (compatible; Googlebot/2.1; +http://www.google.com/bot.html)"
66.249.66.46 - - [27/Aug/2019:09:21:58 +0000] "GET /en/search?category=&type=&place=36&area=164&price=300000&surface=10 HTTP/1.1" 500 4485 "-" "Mozilla/5.0 (Linux; Android 6.0.1; Nexus 5X Build/MMB29P) AppleWebKit/537.36 (KHTML, like Gecko) Chrome/41.0.2272.96 Mobile Safari/537.36 (compatible; Googlebot/2.1; +http://www.google.com/bot.html)"
66.249.66.44 - - [27/Aug/2019:09:22:58 +0000] "GET /en/search?category=&type=&place=36&area=173&price=200000&surface=10 HTTP/1.1" 500 4485 "-" "Mozilla/5.0 (Linux; Android 6.0.1; Nexus 5X Build/MMB29P) AppleWebKit/537.36 (KHTML, like Gecko) Chrome/41.0.2272.96 Mobile Safari/537.36 (compatible; Googlebot/2.1; +http://www.google.com/bot.html)"
66.249.66.44 - - [27/Aug/2019:09:23:55 +0000] "GET /en/search?category=&type=&place=39&area=208&price=100000&surface=100 HTTP/1.1" 200 3877 "-" "Mozilla/5.0 (Linux; Android 6.0.1; Nexus 5X Build/MMB29P) AppleWebKit/537.36 (KHTML, like Gecko) Chrome/41.0.2272.96 Mobile Safari/537.36 (compatible; Googlebot/2.1; +http://www.google.com/bot.html)"
66.249.66.46 - - [27/Aug/2019:09:23:58 +0000] "GET /en/search?category=&type=&place=58&area=161&price=200000&surface=10 HTTP/1.1" 500 4485 "-" "Mozilla/5.0 (Linux; Android 6.0.1; Nexus 5X Build/MMB29P) AppleWebKit/537.36 (KHTML, like Gecko) Chrome/41.0.2272.96 Mobile Safari/537.36 (compatible; Googlebot/2.1; +http://www.google.com/bot.html)"
66.249.66.42 - - [27/Aug/2019:09:24:33 +0000] "GET /pretraga?category=&type=&place=8&area=&price=300000&surface=200 HTTP/1.1" 500 4485 "-" "Mozilla/5.0 (Linux; Android 6.0.1; Nexus 5X Build/MMB29P) AppleWebKit/537.36 (KHTML, like Gecko) Chrome/41.0.2272.96 Mobile Safari/537.36 (compatible; Googlebot/2.1; +http://www.google.com/bot.html)"
66.249.66.42 - - [27/Aug/2019:09:24:57 +0000] "GET /en/search?category=&type=&place=58&area=161&price=200000&surface=10 HTTP/1.1" 500 4485 "-" "Mozilla/5.0 (Linux; Android 6.0.1; Nexus 5X Build/MMB29P) AppleWebKit/537.36 (KHTML, like Gecko) Chrome/41.0.2272.96 Mobile Safari/537.36 (compatible; Googlebot/2.1; +http://www.google.com/bot.html)"
66.249.66.46 - - [27/Aug/2019:09:25:58 +0000] "GET /pretraga?category=&type=&place=50&area=&price=300000&surface=100 HTTP/1.1" 500 4485 "-" "Mozilla/5.0 (Linux; Android 6.0.1; Nexus 5X Build/MMB29P) AppleWebKit/537.36 (KHTML, like Gecko) Chrome/41.0.2272.96 Mobile Safari/537.36 (compatible; Googlebot/2.1; +http://www.google.com/bot.html)"
66.249.66.42 - - [27/Aug/2019:09:27:58 +0000] "GET /hr/pretraga?category=&type=&place=47&area=&price=300000&surface=100 HTTP/1.1" 500 4485 "-" "Mozilla/5.0 (Linux; Android 6.0.1; Nexus 5X Build/MMB29P) AppleWebKit/537.36 (KHTML, like Gecko) Chrome/41.0.2272.96 Mobile Safari/537.36 (compatible; Googlebot/2.1; +http://www.google.com/bot.html)"
66.249.66.44 - - [27/Aug/2019:09:31:58 +0000] "GET /hr/pretraga?category=&type=&place=41&area=&price=200000&surface=100 HTTP/1.1" 500 4485 "-" "Mozilla/5.0 (Linux; Android 6.0.1; Nexus 5X Build/MMB29P) AppleWebKit/537.36 (KHTML, like Gecko) Chrome/41.0.2272.96 Mobile Safari/537.36 (compatible; Googlebot/2.1; +http://www.google.com/bot.html)"
66.249.66.46 - - [27/Aug/2019:09:32:58 +0000] "GET /hr/pretraga?category=&type=&place=36&area=159&price=500000&surface=100 HTTP/1.1" 500 4485 "-" "Mozilla/5.0 (Linux; Android 6.0.1; Nexus 5X Build/MMB29P) AppleWebKit/537.36 (KHTML, like Gecko) Chrome/41.0.2272.96 Mobile Safari/537.36 (compatible; Googlebot/2.1; +http://www.google.com/bot.html)"
66.249.66.42 - - [27/Aug/2019:09:33:58 +0000] "GET /hr/pretraga?category=&place=36&price=1000000&surface= HTTP/1.1" 500 4485 "-" "Mozilla/5.0 (Linux; Android 6.0.1; Nexus 5X Build/MMB29P) AppleWebKit/537.36 (KHTML, like Gecko) Chrome/41.0.2272.96 Mobile Safari/537.36 (compatible; Googlebot/2.1; +http://www.google.com/bot.html)"
66.249.66.42 - - [27/Aug/2019:09:35:58 +0000] "GET /pretraga?category=&type=&place=16&area=&price=500000&surface=200 HTTP/1.1" 500 4485 "-" "Mozilla/5.0 (Linux; Android 6.0.1; Nexus 5X Build/MMB29P) AppleWebKit/537.36 (KHTML, like Gecko) Chrome/41.0.2272.96 Mobile Safari/537.36 (compatible; Googlebot/2.1; +http://www.google.com/bot.html)"
66.249.66.46 - - [27/Aug/2019:09:36:58 +0000] "GET /en/search?category=&type=&place=41&area=&price=50000&surface= HTTP/1.1" 500 4485 "-" "Mozilla/5.0 (Linux; Android 6.0.1; Nexus 5X Build/MMB29P) AppleWebKit/537.36 (KHTML, like Gecko) Chrome/41.0.2272.96 Mobile Safari/537.36 (compatible; Googlebot/2.1; +http://www.google.com/bot.html)"
66.249.66.42 - - [27/Aug/2019:09:37:58 +0000] "GET /pretraga?category=&type=&place=53&area=157&price=500000&surface=50 HTTP/1.1" 500 4485 "-" "Mozilla/5.0 (Linux; Android 6.0.1; Nexus 5X Build/MMB29P) AppleWebKit/537.36 (KHTML, like Gecko) Chrome/41.0.2272.96 Mobile Safari/537.36 (compatible; Googlebot/2.1; +http://www.google.com/bot.html)"
66.249.66.44 - - [27/Aug/2019:09:38:58 +0000] "GET /pretraga?category=&type=sale&place=38&area=&price=1000000&surface=200 HTTP/1.1" 500 4485 "-" "Mozilla/5.0 (Linux; Android 6.0.1; Nexus 5X Build/MMB29P) AppleWebKit/537.36 (KHTML, like Gecko) Chrome/41.0.2272.96 Mobile Safari/537.36 (compatible; Googlebot/2.1; +http://www.google.com/bot.html)"
185.98.12.9 - - [27/Aug/2019:09:39:41 +0000] "GET /uploads/thumbnails/ea94c49034b8aa4908acc74b7b1118b4.jpg HTTP/1.1" 200 62816 "https://www.google.com/" "Mozilla/5.0 (Windows NT 10.0; Win64; x64) AppleWebKit/537.36 (KHTML, like Gecko) Chrome/76.0.3809.100 Safari/537.36"
66.249.66.44 - - [27/Aug/2019:09:39:57 +0000] "GET /pretraga?category=&type=&place=36&area=172&price=300000&surface= HTTP/1.1" 500 4485 "-" "Mozilla/5.0 (Linux; Android 6.0.1; Nexus 5X Build/MMB29P) AppleWebKit/537.36 (KHTML, like Gecko) Chrome/41.0.2272.96 Mobile Safari/537.36 (compatible; Googlebot/2.1; +http://www.google.com/bot.html)"
66.249.66.46 - - [27/Aug/2019:09:40:58 +0000] "GET /en/search?category=&type=&place=36&area=161&price=50000&surface=10 HTTP/1.1" 500 4485 "-" "Mozilla/5.0 (Linux; Android 6.0.1; Nexus 5X Build/MMB29P) AppleWebKit/537.36 (KHTML, like Gecko) Chrome/41.0.2272.96 Mobile Safari/537.36 (compatible; Googlebot/2.1; +http://www.google.com/bot.html)"
66.249.66.46 - - [27/Aug/2019:09:42:58 +0000] "GET /en/search?category=&place=2&price=&surface=10 HTTP/1.1" 500 4485 "-" "Mozilla/5.0 (Linux; Android 6.0.1; Nexus 5X Build/MMB29P) AppleWebKit/537.36 (KHTML, like Gecko) Chrome/41.0.2272.96 Mobile Safari/537.36 (compatible; Googlebot/2.1; +http://www.google.com/bot.html)"
66.249.66.46 - - [27/Aug/2019:09:43:57 +0000] "GET /en/search?category=&type=&place=36&area=203&price=100000&surface=10 HTTP/1.1" 500 4485 "-" "Mozilla/5.0 (Linux; Android 6.0.1; Nexus 5X Build/MMB29P) AppleWebKit/537.36 (KHTML, like Gecko) Chrome/41.0.2272.96 Mobile Safari/537.36 (compatible; Googlebot/2.1; +http://www.google.com/bot.html)"
66.249.66.46 - - [27/Aug/2019:09:44:57 +0000] "GET /en/apartments/tribunj-apartman-u-blizini-mora-30-m2 HTTP/1.1" 500 4485 "-" "Mozilla/5.0 (Linux; Android 6.0.1; Nexus 5X Build/MMB29P) AppleWebKit/537.36 (KHTML, like Gecko) Chrome/41.0.2272.96 Mobile Safari/537.36 (compatible; Googlebot/2.1; +http://www.google.com/bot.html)"
66.249.66.46 - - [27/Aug/2019:09:48:58 +0000] "GET /en/search?category=&type=&place=36&area=173&price=300000&surface=100 HTTP/1.1" 500 4485 "-" "Mozilla/5.0 (Linux; Android 6.0.1; Nexus 5X Build/MMB29P) AppleWebKit/537.36 (KHTML, like Gecko) Chrome/41.0.2272.96 Mobile Safari/537.36 (compatible; Googlebot/2.1; +http://www.google.com/bot.html)"
66.249.66.44 - - [27/Aug/2019:09:51:58 +0000] "GET /pretraga?category=&type=&place=36&area=181&price=50000&surface=10 HTTP/1.1" 500 4485 "-" "Mozilla/5.0 (Linux; Android 6.0.1; Nexus 5X Build/MMB29P) AppleWebKit/537.36 (KHTML, like Gecko) Chrome/41.0.2272.96 Mobile Safari/537.36 (compatible; Googlebot/2.1; +http://www.google.com/bot.html)"
66.249.66.44 - - [27/Aug/2019:09:52:57 +0000] "GET /hr/pretraga?category=&type=&place=36&area=159&price=500000&surface=100 HTTP/1.1" 500 4485 "-" "Mozilla/5.0 (Linux; Android 6.0.1; Nexus 5X Build/MMB29P) AppleWebKit/537.36 (KHTML, like Gecko) Chrome/41.0.2272.96 Mobile Safari/537.36 (compatible; Googlebot/2.1; +http://www.google.com/bot.html)"
66.249.66.46 - - [27/Aug/2019:09:53:58 +0000] "GET /pretraga?category=&type=&place=36&area=167&price=300000&surface=10 HTTP/1.1" 500 4485 "-" "Mozilla/5.0 (Linux; Android 6.0.1; Nexus 5X Build/MMB29P) AppleWebKit/537.36 (KHTML, like Gecko) Chrome/41.0.2272.96 Mobile Safari/537.36 (compatible; Googlebot/2.1; +http://www.google.com/bot.html)"
66.249.66.46 - - [27/Aug/2019:09:54:57 +0000] "GET /hr/pretraga?category=&type=&place=58&area=228&price=100000&surface=10 HTTP/1.1" 500 4485 "-" "Mozilla/5.0 (Linux; Android 6.0.1; Nexus 5X Build/MMB29P) AppleWebKit/537.36 (KHTML, like Gecko) Chrome/41.0.2272.96 Mobile Safari/537.36 (compatible; Googlebot/2.1; +http://www.google.com/bot.html)"
66.249.66.46 - - [27/Aug/2019:09:55:57 +0000] "GET /pretraga?category=&type=&place=36&area=170&price=100000&surface=50 HTTP/1.1" 500 4485 "-" "Mozilla/5.0 (Linux; Android 6.0.1; Nexus 5X Build/MMB29P) AppleWebKit/537.36 (KHTML, like Gecko) Chrome/41.0.2272.96 Mobile Safari/537.36 (compatible; Googlebot/2.1; +http://www.google.com/bot.html)"
66.249.66.42 - - [27/Aug/2019:09:56:58 +0000] "GET /pretraga?category=&type=&place=58&area=229&price=200000&surface=10 HTTP/1.1" 500 4485 "-" "Mozilla/5.0 (Linux; Android 6.0.1; Nexus 5X Build/MMB29P) AppleWebKit/537.36 (KHTML, like Gecko) Chrome/41.0.2272.96 Mobile Safari/537.36 (compatible; Googlebot/2.1; +http://www.google.com/bot.html)"
66.249.66.44 - - [27/Aug/2019:09:59:58 +0000] "GET /en/search?category=&type=&place=58&area=228&price=50000&surface=100 HTTP/1.1" 500 4485 "-" "Mozilla/5.0 (Linux; Android 6.0.1; Nexus 5X Build/MMB29P) AppleWebKit/537.36 (KHTML, like Gecko) Chrome/41.0.2272.96 Mobile Safari/537.36 (compatible; Googlebot/2.1; +http://www.google.com/bot.html)"
66.249.66.42 - - [27/Aug/2019:10:00:58 +0000] "GET /en/search?category=&type=&place=58&area=228&price=50000&surface=100 HTTP/1.1" 500 4485 "-" "Mozilla/5.0 (Linux; Android 6.0.1; Nexus 5X Build/MMB29P) AppleWebKit/537.36 (KHTML, like Gecko) Chrome/41.0.2272.96 Mobile Safari/537.36 (compatible; Googlebot/2.1; +http://www.google.com/bot.html)"
66.249.66.46 - - [27/Aug/2019:10:02:58 +0000] "GET /hr/pretraga?category=&type=&place=37&area=157&price=1000000&surface=10 HTTP/1.1" 500 4485 "-" "Mozilla/5.0 (Linux; Android 6.0.1; Nexus 5X Build/MMB29P) AppleWebKit/537.36 (KHTML, like Gecko) Chrome/41.0.2272.96 Mobile Safari/537.36 (compatible; Googlebot/2.1; +http://www.google.com/bot.html)"
66.249.66.46 - - [27/Aug/2019:10:03:57 +0000] "GET /hr/pretraga?category=&type=&place=36&area=172&price=500000&surface=200 HTTP/1.1" 500 4485 "-" "Mozilla/5.0 (Linux; Android 6.0.1; Nexus 5X Build/MMB29P) AppleWebKit/537.36 (KHTML, like Gecko) Chrome/41.0.2272.96 Mobile Safari/537.36 (compatible; Googlebot/2.1; +http://www.google.com/bot.html)"
66.249.66.42 - - [27/Aug/2019:10:04:58 +0000] "GET /pretraga?category=&type=&place=37&area=&price=500000&surface=10 HTTP/1.1" 500 4485 "-" "Mozilla/5.0 (Linux; Android 6.0.1; Nexus 5X Build/MMB29P) AppleWebKit/537.36 (KHTML, like Gecko) Chrome/41.0.2272.96 Mobile Safari/537.36 (compatible; Googlebot/2.1; +http://www.google.com/bot.html)"
66.249.66.44 - - [27/Aug/2019:10:05:58 +0000] "GET /pretraga?category=&type=&place=58&area=160&price=300000&surface= HTTP/1.1" 500 4485 "-" "Mozilla/5.0 (Linux; Android 6.0.1; Nexus 5X Build/MMB29P) AppleWebKit/537.36 (KHTML, like Gecko) Chrome/41.0.2272.96 Mobile Safari/537.36 (compatible; Googlebot/2.1; +http://www.google.com/bot.html)"
66.249.66.44 - - [27/Aug/2019:10:08:58 +0000] "GET /pretraga?category=&type=&place=8&area=&price=300000&surface=200 HTTP/1.1" 500 4485 "-" "Mozilla/5.0 (Linux; Android 6.0.1; Nexus 5X Build/MMB29P) AppleWebKit/537.36 (KHTML, like Gecko) Chrome/41.0.2272.96 Mobile Safari/537.36 (compatible; Googlebot/2.1; +http://www.google.com/bot.html)"
66.249.66.44 - - [27/Aug/2019:10:09:57 +0000] "GET /pretraga?category=&type=&place=58&area=229&price=&surface=100 HTTP/1.1" 500 4485 "-" "Mozilla/5.0 (Linux; Android 6.0.1; Nexus 5X Build/MMB29P) AppleWebKit/537.36 (KHTML, like Gecko) Chrome/41.0.2272.96 Mobile Safari/537.36 (compatible; Googlebot/2.1; +http://www.google.com/bot.html)"
66.249.66.46 - - [27/Aug/2019:10:10:58 +0000] "GET /pretraga?category=&type=&place=36&area=162&price=100000&surface=100 HTTP/1.1" 500 4485 "-" "Mozilla/5.0 (Linux; Android 6.0.1; Nexus 5X Build/MMB29P) AppleWebKit/537.36 (KHTML, like Gecko) Chrome/41.0.2272.96 Mobile Safari/537.36 (compatible; Googlebot/2.1; +http://www.google.com/bot.html)"
66.249.66.42 - - [27/Aug/2019:10:12:58 +0000] "GET /hr/pretraga?category=&type=&place=13&area=&price=1000000&surface=10 HTTP/1.1" 500 4485 "-" "Mozilla/5.0 (Linux; Android 6.0.1; Nexus 5X Build/MMB29P) AppleWebKit/537.36 (KHTML, like Gecko) Chrome/41.0.2272.96 Mobile Safari/537.36 (compatible; Googlebot/2.1; +http://www.google.com/bot.html)"
66.249.66.46 - - [27/Aug/2019:10:17:58 +0000] "GET /hr/pretraga?category=&type=&place=14&area=&price=&surface=100 HTTP/1.1" 500 4485 "-" "Mozilla/5.0 (Linux; Android 6.0.1; Nexus 5X Build/MMB29P) AppleWebKit/537.36 (KHTML, like Gecko) Chrome/41.0.2272.96 Mobile Safari/537.36 (compatible; Googlebot/2.1; +http://www.google.com/bot.html)"
66.249.66.46 - - [27/Aug/2019:10:18:57 +0000] "GET /en/search?category=&type=&place=37&area=&price=200000&surface=100 HTTP/1.1" 500 4485 "-" "Mozilla/5.0 (Linux; Android 6.0.1; Nexus 5X Build/MMB29P) AppleWebKit/537.36 (KHTML, like Gecko) Chrome/41.0.2272.96 Mobile Safari/537.36 (compatible; Googlebot/2.1; +http://www.google.com/bot.html)"
66.249.66.44 - - [27/Aug/2019:10:19:58 +0000] "GET /hr/pretraga?category=&type=&place=5&area=&price=1000000&surface=200 HTTP/1.1" 500 4485 "-" "Mozilla/5.0 (Linux; Android 6.0.1; Nexus 5X Build/MMB29P) AppleWebKit/537.36 (KHTML, like Gecko) Chrome/41.0.2272.96 Mobile Safari/537.36 (compatible; Googlebot/2.1; +http://www.google.com/bot.html)"
66.249.66.46 - - [27/Aug/2019:10:20:58 +0000] "GET /pretraga?category=&type=&place=36&area=160&price=1000000&surface=10 HTTP/1.1" 500 4485 "-" "Mozilla/5.0 (Linux; Android 6.0.1; Nexus 5X Build/MMB29P) AppleWebKit/537.36 (KHTML, like Gecko) Chrome/41.0.2272.96 Mobile Safari/537.36 (compatible; Googlebot/2.1; +http://www.google.com/bot.html)"
66.249.66.44 - - [27/Aug/2019:10:22:58 +0000] "GET /hr/pretraga?category=&type=&place=58&area=157&price=50000&surface= HTTP/1.1" 500 4485 "-" "Mozilla/5.0 (Linux; Android 6.0.1; Nexus 5X Build/MMB29P) AppleWebKit/537.36 (KHTML, like Gecko) Chrome/41.0.2272.96 Mobile Safari/537.36 (compatible; Googlebot/2.1; +http://www.google.com/bot.html)"
66.249.66.42 - - [27/Aug/2019:10:23:58 +0000] "GET /en/search?category=&type=&place=58&area=161&price=&surface=10 HTTP/1.1" 500 4485 "-" "Mozilla/5.0 (Linux; Android 6.0.1; Nexus 5X Build/MMB29P) AppleWebKit/537.36 (KHTML, like Gecko) Chrome/41.0.2272.96 Mobile Safari/537.36 (compatible; Googlebot/2.1; +http://www.google.com/bot.html)"
66.249.66.42 - - [27/Aug/2019:10:24:57 +0000] "GET /hr/pretraga?category=&type=&place=58&area=228&price=100000&surface=100 HTTP/1.1" 500 4485 "-" "Mozilla/5.0 (Linux; Android 6.0.1; Nexus 5X Build/MMB29P) AppleWebKit/537.36 (KHTML, like Gecko) Chrome/41.0.2272.96 Mobile Safari/537.36 (compatible; Googlebot/2.1; +http://www.google.com/bot.html)"
66.249.66.44 - - [27/Aug/2019:10:26:58 +0000] "GET /pretraga?category=&type=&place=59&area=&price=500000&surface= HTTP/1.1" 500 4485 "-" "Mozilla/5.0 (Linux; Android 6.0.1; Nexus 5X Build/MMB29P) AppleWebKit/537.36 (KHTML, like Gecko) Chrome/41.0.2272.96 Mobile Safari/537.36 (compatible; Googlebot/2.1; +http://www.google.com/bot.html)"
66.249.66.42 - - [27/Aug/2019:10:27:58 +0000] "GET /hr/pretraga?category=&type=&place=43&area=&price=50000&surface=50 HTTP/1.1" 500 4485 "-" "Mozilla/5.0 (Linux; Android 6.0.1; Nexus 5X Build/MMB29P) AppleWebKit/537.36 (KHTML, like Gecko) Chrome/41.0.2272.96 Mobile Safari/537.36 (compatible; Googlebot/2.1; +http://www.google.com/bot.html)"
66.249.66.46 - - [27/Aug/2019:10:29:58 +0000] "GET /pretraga?category=&type=&place=4&area=&price=100000&surface=100 HTTP/1.1" 500 4485 "-" "Mozilla/5.0 (Linux; Android 6.0.1; Nexus 5X Build/MMB29P) AppleWebKit/537.36 (KHTML, like Gecko) Chrome/41.0.2272.96 Mobile Safari/537.36 (compatible; Googlebot/2.1; +http://www.google.com/bot.html)"
66.249.66.44 - - [27/Aug/2019:10:31:58 +0000] "GET /hr/pretraga?category=&type=&place=50&area=&price=100000&surface=50 HTTP/1.1" 500 4485 "-" "Mozilla/5.0 (Linux; Android 6.0.1; Nexus 5X Build/MMB29P) AppleWebKit/537.36 (KHTML, like Gecko) Chrome/41.0.2272.96 Mobile Safari/537.36 (compatible; Googlebot/2.1; +http://www.google.com/bot.html)"
66.249.66.42 - - [27/Aug/2019:10:32:58 +0000] "GET /hr/pretraga?category=&type=&place=12&area=&price=200000&surface=200 HTTP/1.1" 500 4485 "-" "Mozilla/5.0 (Linux; Android 6.0.1; Nexus 5X Build/MMB29P) AppleWebKit/537.36 (KHTML, like Gecko) Chrome/41.0.2272.96 Mobile Safari/537.36 (compatible; Googlebot/2.1; +http://www.google.com/bot.html)"
66.249.66.42 - - [27/Aug/2019:10:33:57 +0000] "GET /hr/pretraga?category=&type=&place=58&area=159&price=500000&surface=200 HTTP/1.1" 500 4485 "-" "Mozilla/5.0 (Linux; Android 6.0.1; Nexus 5X Build/MMB29P) AppleWebKit/537.36 (KHTML, like Gecko) Chrome/41.0.2272.96 Mobile Safari/537.36 (compatible; Googlebot/2.1; +http://www.google.com/bot.html)"
66.249.66.44 - - [27/Aug/2019:10:34:58 +0000] "GET /hr/pretraga?category=&type=&place=41&area=&price=500000&surface=100 HTTP/1.1" 500 4485 "-" "Mozilla/5.0 (Linux; Android 6.0.1; Nexus 5X Build/MMB29P) AppleWebKit/537.36 (KHTML, like Gecko) Chrome/41.0.2272.96 Mobile Safari/537.36 (compatible; Googlebot/2.1; +http://www.google.com/bot.html)"
66.249.66.46 - - [27/Aug/2019:10:35:58 +0000] "GET /hr/pretraga?category=&type=&place=37&area=157&price=500000&surface=10 HTTP/1.1" 500 4485 "-" "Mozilla/5.0 (Linux; Android 6.0.1; Nexus 5X Build/MMB29P) AppleWebKit/537.36 (KHTML, like Gecko) Chrome/41.0.2272.96 Mobile Safari/537.36 (compatible; Googlebot/2.1; +http://www.google.com/bot.html)"
66.249.66.46 - - [27/Aug/2019:10:36:04 +0000] "GET /en/search?category=&type=&place=&area=199&price=1000000&surface=&page=1 HTTP/1.1" 200 3876 "-" "Mozilla/5.0 (Linux; Android 6.0.1; Nexus 5X Build/MMB29P) AppleWebKit/537.36 (KHTML, like Gecko) Chrome/41.0.2272.96 Mobile Safari/537.36 (compatible; Googlebot/2.1; +http://www.google.com/bot.html)"
18.236.83.154 - - [27/Aug/2019:10:36:27 +0000] "GET / HTTP/1.1" 301 232 "-" "Go-http-client/1.1"
66.249.66.44 - - [27/Aug/2019:10:37:58 +0000] "GET /en/search?category=&type=&place=36&area=171&price=&surface=10 HTTP/1.1" 500 4485 "-" "Mozilla/5.0 (Linux; Android 6.0.1; Nexus 5X Build/MMB29P) AppleWebKit/537.36 (KHTML, like Gecko) Chrome/41.0.2272.96 Mobile Safari/537.36 (compatible; Googlebot/2.1; +http://www.google.com/bot.html)"
66.249.66.44 - - [27/Aug/2019:10:38:57 +0000] "GET /en/search?category=&type=&place=36&area=159&price=1000000&surface=100 HTTP/1.1" 500 4485 "-" "Mozilla/5.0 (Linux; Android 6.0.1; Nexus 5X Build/MMB29P) AppleWebKit/537.36 (KHTML, like Gecko) Chrome/41.0.2272.96 Mobile Safari/537.36 (compatible; Googlebot/2.1; +http://www.google.com/bot.html)"
66.249.66.44 - - [27/Aug/2019:10:39:57 +0000] "GET /en/search?category=&type=&place=37&area=157&price=500000&surface= HTTP/1.1" 500 4485 "-" "Mozilla/5.0 (Linux; Android 6.0.1; Nexus 5X Build/MMB29P) AppleWebKit/537.36 (KHTML, like Gecko) Chrome/41.0.2272.96 Mobile Safari/537.36 (compatible; Googlebot/2.1; +http://www.google.com/bot.html)"
66.249.66.46 - - [27/Aug/2019:10:40:58 +0000] "GET /pretraga?category=&type=&place=36&area=170&price=50000&surface= HTTP/1.1" 500 4485 "-" "Mozilla/5.0 (Linux; Android 6.0.1; Nexus 5X Build/MMB29P) AppleWebKit/537.36 (KHTML, like Gecko) Chrome/41.0.2272.96 Mobile Safari/537.36 (compatible; Googlebot/2.1; +http://www.google.com/bot.html)"
66.249.66.46 - - [27/Aug/2019:10:41:57 +0000] "GET /pretraga?category=&type=&place=36&area=170&price=50000&surface= HTTP/1.1" 500 4485 "-" "Mozilla/5.0 (Linux; Android 6.0.1; Nexus 5X Build/MMB29P) AppleWebKit/537.36 (KHTML, like Gecko) Chrome/41.0.2272.96 Mobile Safari/537.36 (compatible; Googlebot/2.1; +http://www.google.com/bot.html)"
193.198.249.134 - - [27/Aug/2019:10:50:05 +0000] "GET /uploads/thumbnails/28c9a0d093c3c90ca4d016ae76730aa7.jpg HTTP/1.1" 200 34860 "https://www.google.com/" "Mozilla/5.0 (Windows NT 6.1) AppleWebKit/537.36 (KHTML, like Gecko) Chrome/76.0.3809.132 Safari/537.36"
66.249.66.46 - - [27/Aug/2019:10:50:58 +0000] "GET /en/search?category=&type=&place=53&area=157&price=50000&surface=100 HTTP/1.1" 500 4485 "-" "Mozilla/5.0 (Linux; Android 6.0.1; Nexus 5X Build/MMB29P) AppleWebKit/537.36 (KHTML, like Gecko) Chrome/41.0.2272.96 Mobile Safari/537.36 (compatible; Googlebot/2.1; +http://www.google.com/bot.html)"
66.249.66.42 - - [27/Aug/2019:10:51:58 +0000] "GET /en/search?category=&type=&place=53&area=&price=100000&surface= HTTP/1.1" 500 4485 "-" "Mozilla/5.0 (Linux; Android 6.0.1; Nexus 5X Build/MMB29P) AppleWebKit/537.36 (KHTML, like Gecko) Chrome/41.0.2272.96 Mobile Safari/537.36 (compatible; Googlebot/2.1; +http://www.google.com/bot.html)"
66.249.66.46 - - [27/Aug/2019:10:52:06 +0000] "GET /en/search?category=&type=&place=&area=160&price=100000&surface=10&page=3 HTTP/1.1" 200 3968 "-" "Mozilla/5.0 (Linux; Android 6.0.1; Nexus 5X Build/MMB29P) AppleWebKit/537.36 (KHTML, like Gecko) Chrome/41.0.2272.96 Mobile Safari/537.36 (compatible; Googlebot/2.1; +http://www.google.com/bot.html)"
66.249.66.42 - - [27/Aug/2019:10:52:57 +0000] "GET /hr/pretraga?category=&type=&place=59&area=&price=200000&surface=100 HTTP/1.1" 500 4485 "-" "Mozilla/5.0 (Linux; Android 6.0.1; Nexus 5X Build/MMB29P) AppleWebKit/537.36 (KHTML, like Gecko) Chrome/41.0.2272.96 Mobile Safari/537.36 (compatible; Googlebot/2.1; +http://www.google.com/bot.html)"
66.249.66.42 - - [27/Aug/2019:10:53:57 +0000] "GET /en/search?category=&type=&place=36&area=228&price=&surface=100 HTTP/1.1" 500 4485 "-" "Mozilla/5.0 (Linux; Android 6.0.1; Nexus 5X Build/MMB29P) AppleWebKit/537.36 (KHTML, like Gecko) Chrome/41.0.2272.96 Mobile Safari/537.36 (compatible; Googlebot/2.1; +http://www.google.com/bot.html)"
66.249.66.46 - - [27/Aug/2019:10:54:58 +0000] "GET /pretraga?category=&type=&place=36&area=157&price=200000&surface=10 HTTP/1.1" 500 4485 "-" "Mozilla/5.0 (Linux; Android 6.0.1; Nexus 5X Build/MMB29P) AppleWebKit/537.36 (KHTML, like Gecko) Chrome/41.0.2272.96 Mobile Safari/537.36 (compatible; Googlebot/2.1; +http://www.google.com/bot.html)"
66.249.66.44 - - [27/Aug/2019:10:57:58 +0000] "GET /pretraga?category=&type=sale&place=37&area=&price=&surface= HTTP/1.1" 500 4485 "-" "Mozilla/5.0 (Linux; Android 6.0.1; Nexus 5X Build/MMB29P) AppleWebKit/537.36 (KHTML, like Gecko) Chrome/41.0.2272.96 Mobile Safari/537.36 (compatible; Googlebot/2.1; +http://www.google.com/bot.html)"
66.249.66.46 - - [27/Aug/2019:10:59:58 +0000] "GET /en/search?category=&type=&place=41&area=157&price=100000&surface= HTTP/1.1" 500 4485 "-" "Mozilla/5.0 (Linux; Android 6.0.1; Nexus 5X Build/MMB29P) AppleWebKit/537.36 (KHTML, like Gecko) Chrome/41.0.2272.96 Mobile Safari/537.36 (compatible; Googlebot/2.1; +http://www.google.com/bot.html)"
66.249.66.44 - - [27/Aug/2019:11:00:58 +0000] "GET /en/search?category=&type=&place=41&area=157&price=100000&surface= HTTP/1.1" 500 4485 "-" "Mozilla/5.0 (Linux; Android 6.0.1; Nexus 5X Build/MMB29P) AppleWebKit/537.36 (KHTML, like Gecko) Chrome/41.0.2272.96 Mobile Safari/537.36 (compatible; Googlebot/2.1; +http://www.google.com/bot.html)"
66.249.66.46 - - [27/Aug/2019:11:01:58 +0000] "GET /en/search?category=&type=&place=14&area=&price=100000&surface=50 HTTP/1.1" 500 4485 "-" "Mozilla/5.0 (Linux; Android 6.0.1; Nexus 5X Build/MMB29P) AppleWebKit/537.36 (KHTML, like Gecko) Chrome/41.0.2272.96 Mobile Safari/537.36 (compatible; Googlebot/2.1; +http://www.google.com/bot.html)"
66.249.66.44 - - [27/Aug/2019:11:02:58 +0000] "GET /hr/pretraga?category=&type=&place=11&area=&price=500000&surface=100 HTTP/1.1" 500 4485 "-" "Mozilla/5.0 (Linux; Android 6.0.1; Nexus 5X Build/MMB29P) AppleWebKit/537.36 (KHTML, like Gecko) Chrome/41.0.2272.96 Mobile Safari/537.36 (compatible; Googlebot/2.1; +http://www.google.com/bot.html)"
66.249.66.44 - - [27/Aug/2019:11:03:57 +0000] "GET /en/search?category=&type=&place=58&area=230&price=&surface=10 HTTP/1.1" 500 4485 "-" "Mozilla/5.0 (Linux; Android 6.0.1; Nexus 5X Build/MMB29P) AppleWebKit/537.36 (KHTML, like Gecko) Chrome/41.0.2272.96 Mobile Safari/537.36 (compatible; Googlebot/2.1; +http://www.google.com/bot.html)"
66.249.66.44 - - [27/Aug/2019:11:05:58 +0000] "GET /hr/pretraga?category=&type=&place=12&area=&price=&surface=100 HTTP/1.1" 500 4485 "-" "Mozilla/5.0 (Linux; Android 6.0.1; Nexus 5X Build/MMB29P) AppleWebKit/537.36 (KHTML, like Gecko) Chrome/41.0.2272.96 Mobile Safari/537.36 (compatible; Googlebot/2.1; +http://www.google.com/bot.html)"
66.249.66.42 - - [27/Aug/2019:11:07:58 +0000] "GET /en/search?category=&type=&place=36&area=181&price=100000&surface=100 HTTP/1.1" 500 4485 "-" "Mozilla/5.0 (Linux; Android 6.0.1; Nexus 5X Build/MMB29P) AppleWebKit/537.36 (KHTML, like Gecko) Chrome/41.0.2272.96 Mobile Safari/537.36 (compatible; Googlebot/2.1; +http://www.google.com/bot.html)"
66.249.66.42 - - [27/Aug/2019:11:10:58 +0000] "GET /en/search?category=&type=&place=15&area=&price=300000&surface=200 HTTP/1.1" 500 4485 "-" "Mozilla/5.0 (Linux; Android 6.0.1; Nexus 5X Build/MMB29P) AppleWebKit/537.36 (KHTML, like Gecko) Chrome/41.0.2272.96 Mobile Safari/537.36 (compatible; Googlebot/2.1; +http://www.google.com/bot.html)"
66.249.66.46 - - [27/Aug/2019:11:12:58 +0000] "GET /pretraga?category=&type=&place=53&area=157&price=500000&surface= HTTP/1.1" 500 4485 "-" "Mozilla/5.0 (Linux; Android 6.0.1; Nexus 5X Build/MMB29P) AppleWebKit/537.36 (KHTML, like Gecko) Chrome/41.0.2272.96 Mobile Safari/537.36 (compatible; Googlebot/2.1; +http://www.google.com/bot.html)"
66.249.66.46 - - [27/Aug/2019:11:16:58 +0000] "GET /en/search?category=2&type=&place=&area=&price=1000000&surface=100&page=3 HTTP/1.1" 200 5173 "-" "Mozilla/5.0 (Linux; Android 6.0.1; Nexus 5X Build/MMB29P) AppleWebKit/537.36 (KHTML, like Gecko) Chrome/41.0.2272.96 Mobile Safari/537.36 (compatible; Googlebot/2.1; +http://www.google.com/bot.html)"
54.202.149.66 - - [27/Aug/2019:11:19:03 +0000] "GET / HTTP/1.1" 301 232 "-" "Mozilla/5.0 (Windows NT 10.0; Win64; x64)AppleWebKit/537.36 (KHTML, like Gecko) Chrome/66.0.3359.181 Safari/537.36"
54.202.149.66 - - [27/Aug/2019:11:19:04 +0000] "GET / HTTP/1.1" 200 5820 "-" "Mozilla/5.0 (Windows NT 10.0; Win64; x64)AppleWebKit/537.36 (KHTML, like Gecko) Chrome/66.0.3359.181 Safari/537.36"
54.202.149.66 - - [27/Aug/2019:11:19:05 +0000] "GET / HTTP/1.1" 301 232 "-" "Mozilla/5.0 (Windows NT 10.0; Win64; x64)AppleWebKit/537.36 (KHTML, like Gecko) Chrome/66.0.3359.181 Safari/537.36"
54.202.149.66 - - [27/Aug/2019:11:19:05 +0000] "GET / HTTP/1.1" 200 5820 "-" "Mozilla/5.0 (Windows NT 10.0; Win64; x64)AppleWebKit/537.36 (KHTML, like Gecko) Chrome/66.0.3359.181 Safari/537.36"
66.249.66.46 - - [27/Aug/2019:11:28:58 +0000] "GET /pretraga?category=&type=&place=10&area=&price=500000&surface=10 HTTP/1.1" 500 4485 "-" "Mozilla/5.0 (Linux; Android 6.0.1; Nexus 5X Build/MMB29P) AppleWebKit/537.36 (KHTML, like Gecko) Chrome/41.0.2272.96 Mobile Safari/537.36 (compatible; Googlebot/2.1; +http://www.google.com/bot.html)"
157.55.39.58 - - [27/Aug/2019:11:31:48 +0000] "GET /uploads/thumbnails/50f8eede7d97dc0701de7f68e722e927.jpg HTTP/1.1" 200 27369 "-" "Mozilla/5.0 (compatible; bingbot/2.0; +http://www.bing.com/bingbot.htm)"
66.249.66.44 - - [27/Aug/2019:11:31:58 +0000] "GET /en/search?category=&type=&place=36&area=173&price=300000&surface=200 HTTP/1.1" 500 4485 "-" "Mozilla/5.0 (Linux; Android 6.0.1; Nexus 5X Build/MMB29P) AppleWebKit/537.36 (KHTML, like Gecko) Chrome/41.0.2272.96 Mobile Safari/537.36 (compatible; Googlebot/2.1; +http://www.google.com/bot.html)"
66.249.66.44 - - [27/Aug/2019:11:32:57 +0000] "GET /pretraga?category=&type=&place=36&area=169&price=200000&surface=50 HTTP/1.1" 500 4485 "-" "Mozilla/5.0 (Linux; Android 6.0.1; Nexus 5X Build/MMB29P) AppleWebKit/537.36 (KHTML, like Gecko) Chrome/41.0.2272.96 Mobile Safari/537.36 (compatible; Googlebot/2.1; +http://www.google.com/bot.html)"
95.168.121.4 - - [27/Aug/2019:11:34:46 +0000] "GET /uploads/thumbnails/0de17957f81fe39f613b4958337a2420.jpg HTTP/1.1" 200 46442 "https://myactivity.google.com/" "Mozilla/5.0 (Linux; Android 7.0; SM-A510F) AppleWebKit/537.36 (KHTML, like Gecko) Chrome/76.0.3809.111 Mobile Safari/537.36"
66.249.66.44 - - [27/Aug/2019:11:35:37 +0000] "GET /pretraga?category=&type=&place=&area=96&price=200000&surface=200 HTTP/1.1" 200 3934 "-" "Mozilla/5.0 (Linux; Android 6.0.1; Nexus 5X Build/MMB29P) AppleWebKit/537.36 (KHTML, like Gecko) Chrome/41.0.2272.96 Mobile Safari/537.36 (compatible; Googlebot/2.1; +http://www.google.com/bot.html)"
66.249.66.46 - - [27/Aug/2019:11:37:58 +0000] "GET /hr/pretraga?category=&type=&place=49&area=&price=1000000&surface=10 HTTP/1.1" 500 4485 "-" "Mozilla/5.0 (Linux; Android 6.0.1; Nexus 5X Build/MMB29P) AppleWebKit/537.36 (KHTML, like Gecko) Chrome/41.0.2272.96 Mobile Safari/537.36 (compatible; Googlebot/2.1; +http://www.google.com/bot.html)"
66.249.66.42 - - [27/Aug/2019:11:46:58 +0000] "GET /en/search?category=&type=&place=36&area=160&price=1000000&surface=10 HTTP/1.1" 500 4485 "-" "Mozilla/5.0 (Linux; Android 6.0.1; Nexus 5X Build/MMB29P) AppleWebKit/537.36 (KHTML, like Gecko) Chrome/41.0.2272.96 Mobile Safari/537.36 (compatible; Googlebot/2.1; +http://www.google.com/bot.html)"
66.249.66.46 - - [27/Aug/2019:11:48:58 +0000] "GET /en/search?category=&type=&place=14&area=&price=200000&surface=100 HTTP/1.1" 500 4485 "-" "Mozilla/5.0 (Linux; Android 6.0.1; Nexus 5X Build/MMB29P) AppleWebKit/537.36 (KHTML, like Gecko) Chrome/41.0.2272.96 Mobile Safari/537.36 (compatible; Googlebot/2.1; +http://www.google.com/bot.html)"
66.249.66.46 - - [27/Aug/2019:11:49:57 +0000] "GET /en/search?category=&type=&place=36&area=166&price=100000&surface= HTTP/1.1" 500 4485 "-" "Mozilla/5.0 (Linux; Android 6.0.1; Nexus 5X Build/MMB29P) AppleWebKit/537.36 (KHTML, like Gecko) Chrome/41.0.2272.96 Mobile Safari/537.36 (compatible; Googlebot/2.1; +http://www.google.com/bot.html)"
95.112.181.178 - - [27/Aug/2019:11:51:54 +0000] "GET /uploads/thumbnails/557c29f09b98043d7844f5b3656aa1b3.jpg HTTP/1.1" 200 38666 "https://www.google.de/" "Mozilla/5.0 (Windows NT 10.0; Win64; x64; rv:68.0) Gecko/20100101 Firefox/68.0"
66.249.66.42 - - [27/Aug/2019:11:51:58 +0000] "GET /en/search?category=&type=&place=47&area=&price=1000000&surface=200 HTTP/1.1" 500 4485 "-" "Mozilla/5.0 (Linux; Android 6.0.1; Nexus 5X Build/MMB29P) AppleWebKit/537.36 (KHTML, like Gecko) Chrome/41.0.2272.96 Mobile Safari/537.36 (compatible; Googlebot/2.1; +http://www.google.com/bot.html)"
66.249.66.46 - - [27/Aug/2019:11:52:58 +0000] "GET /hr/pretraga?category=&type=&place=11&area=&price=&surface=10 HTTP/1.1" 500 4485 "-" "Mozilla/5.0 (Linux; Android 6.0.1; Nexus 5X Build/MMB29P) AppleWebKit/537.36 (KHTML, like Gecko) Chrome/41.0.2272.96 Mobile Safari/537.36 (compatible; Googlebot/2.1; +http://www.google.com/bot.html)"
66.249.66.46 - - [27/Aug/2019:11:54:58 +0000] "GET /hr/pretraga?category=&type=&place=4&area=&price=1000000&surface= HTTP/1.1" 500 4485 "-" "Mozilla/5.0 (Linux; Android 6.0.1; Nexus 5X Build/MMB29P) AppleWebKit/537.36 (KHTML, like Gecko) Chrome/41.0.2272.96 Mobile Safari/537.36 (compatible; Googlebot/2.1; +http://www.google.com/bot.html)"
77.77.218.132 - - [27/Aug/2019:11:55:36 +0000] "GET /uploads/thumbnails/6edc2838229f9cfe44958f5ad2061a0f.jpeg HTTP/1.1" 200 35387 "https://www.google.com/" "Mozilla/5.0 (Windows NT 6.1) AppleWebKit/537.36 (KHTML, like Gecko) Chrome/76.0.3809.100 Safari/537.36"
66.249.66.44 - - [27/Aug/2019:11:55:58 +0000] "GET /pretraga?category=&type=&place=36&area=&price=&surface=50 HTTP/1.1" 500 4485 "-" "Mozilla/5.0 (Linux; Android 6.0.1; Nexus 5X Build/MMB29P) AppleWebKit/537.36 (KHTML, like Gecko) Chrome/41.0.2272.96 Mobile Safari/537.36 (compatible; Googlebot/2.1; +http://www.google.com/bot.html)"
77.77.218.132 - - [27/Aug/2019:11:56:11 +0000] "GET /uploads/thumbnails/d52956ef8448d2edf5c7a3d817166db1.JPG HTTP/1.1" 200 20441 "https://www.google.com/" "Mozilla/5.0 (Windows NT 6.1) AppleWebKit/537.36 (KHTML, like Gecko) Chrome/76.0.3809.100 Safari/537.36"
46.229.168.154 - - [27/Aug/2019:11:57:25 +0000] "GET /robots.txt HTTP/1.1" 200 24 "-" "Mozilla/5.0 (compatible; SemrushBot/6~bl; +http://www.semrush.com/bot.html)"
46.229.168.161 - - [27/Aug/2019:11:57:25 +0000] "GET /kuce/biograd-na-moru-kuca-s-9-apartmana-508-m2 HTTP/1.1" 200 5632 "-" "Mozilla/5.0 (compatible; SemrushBot/6~bl; +http://www.semrush.com/bot.html)"
91.223.24.18 - - [27/Aug/2019:11:58:04 +0000] "GET / HTTP/1.1" 200 5820 "https://www.google.com/" "Mozilla/5.0 (Windows NT 6.1) AppleWebKit/537.36 (KHTML, like Gecko) Chrome/76.0.3809.100 Safari/537.36"
91.223.24.18 - - [27/Aug/2019:11:58:05 +0000] "GET /css/style.css?v=2 HTTP/1.1" 200 17441 "https://www.citadela.hr/" "Mozilla/5.0 (Windows NT 6.1) AppleWebKit/537.36 (KHTML, like Gecko) Chrome/76.0.3809.100 Safari/537.36"
91.223.24.18 - - [27/Aug/2019:11:58:05 +0000] "GET /css/bootstrap.css HTTP/1.1" 200 20712 "https://www.citadela.hr/" "Mozilla/5.0 (Windows NT 6.1) AppleWebKit/537.36 (KHTML, like Gecko) Chrome/76.0.3809.100 Safari/537.36"
91.223.24.18 - - [27/Aug/2019:11:58:05 +0000] "GET /fonts/flaticon.css HTTP/1.1" 200 699 "https://www.citadela.hr/" "Mozilla/5.0 (Windows NT 6.1) AppleWebKit/537.36 (KHTML, like Gecko) Chrome/76.0.3809.100 Safari/537.36"
91.223.24.18 - - [27/Aug/2019:11:58:05 +0000] "GET /css/jslider.css HTTP/1.1" 200 763 "https://www.citadela.hr/" "Mozilla/5.0 (Windows NT 6.1) AppleWebKit/537.36 (KHTML, like Gecko) Chrome/76.0.3809.100 Safari/537.36"
91.223.24.18 - - [27/Aug/2019:11:58:05 +0000] "GET /css/font-awesome.css HTTP/1.1" 200 7439 "https://www.citadela.hr/" "Mozilla/5.0 (Windows NT 6.1) AppleWebKit/537.36 (KHTML, like Gecko) Chrome/76.0.3809.100 Safari/537.36"
91.223.24.18 - - [27/Aug/2019:11:58:05 +0000] "GET /css/colors/blue.css?v=2 HTTP/1.1" 200 3552 "https://www.citadela.hr/" "Mozilla/5.0 (Windows NT 6.1) AppleWebKit/537.36 (KHTML, like Gecko) Chrome/76.0.3809.100 Safari/537.36"
91.223.24.18 - - [27/Aug/2019:11:58:05 +0000] "GET /css/loader.css?v=2 HTTP/1.1" 200 772 "https://www.citadela.hr/" "Mozilla/5.0 (Windows NT 6.1) AppleWebKit/537.36 (KHTML, like Gecko) Chrome/76.0.3809.100 Safari/537.36"
91.223.24.18 - - [27/Aug/2019:11:58:05 +0000] "GET /css/responsive.css HTTP/1.1" 200 2788 "https://www.citadela.hr/" "Mozilla/5.0 (Windows NT 6.1) AppleWebKit/537.36 (KHTML, like Gecko) Chrome/76.0.3809.100 Safari/537.36"
91.223.24.18 - - [27/Aug/2019:11:58:05 +0000] "GET /img/logo_header.png?v=2 HTTP/1.1" 200 4348 "https://www.citadela.hr/" "Mozilla/5.0 (Windows NT 6.1) AppleWebKit/537.36 (KHTML, like Gecko) Chrome/76.0.3809.100 Safari/537.36"
91.223.24.18 - - [27/Aug/2019:11:58:05 +0000] "GET /assets/plugins/flag/css/flag-icon.css HTTP/1.1" 200 2837 "https://www.citadela.hr/" "Mozilla/5.0 (Windows NT 6.1) AppleWebKit/537.36 (KHTML, like Gecko) Chrome/76.0.3809.100 Safari/537.36"
91.223.24.18 - - [27/Aug/2019:11:58:05 +0000] "GET /uploads/thumbnails/3c55f605d3f0b0e63c055493db2ef6cb.jpg HTTP/1.1" 200 51114 "https://www.citadela.hr/" "Mozilla/5.0 (Windows NT 6.1) AppleWebKit/537.36 (KHTML, like Gecko) Chrome/76.0.3809.100 Safari/537.36"
91.223.24.18 - - [27/Aug/2019:11:58:05 +0000] "GET /uploads/thumbnails/42c15dd15f418344ccc035d6003dd670.jpeg HTTP/1.1" 200 56902 "https://www.citadela.hr/" "Mozilla/5.0 (Windows NT 6.1) AppleWebKit/537.36 (KHTML, like Gecko) Chrome/76.0.3809.100 Safari/537.36"
91.223.24.18 - - [27/Aug/2019:11:58:05 +0000] "GET /uploads/thumbnails/d88237410243ed4f971cfca527be5367.jpg HTTP/1.1" 200 53585 "https://www.citadela.hr/" "Mozilla/5.0 (Windows NT 6.1) AppleWebKit/537.36 (KHTML, like Gecko) Chrome/76.0.3809.100 Safari/537.36"
91.223.24.18 - - [27/Aug/2019:11:58:05 +0000] "GET /uploads/thumbnails/637f734f3f66250d52f27e7aa9a9c97d.jpg HTTP/1.1" 200 66236 "https://www.citadela.hr/" "Mozilla/5.0 (Windows NT 6.1) AppleWebKit/537.36 (KHTML, like Gecko) Chrome/76.0.3809.100 Safari/537.36"
91.223.24.18 - - [27/Aug/2019:11:58:06 +0000] "GET /uploads/thumbnails/e2f85641f091607835ef1e2c65529c2a.jpg HTTP/1.1" 200 44139 "https://www.citadela.hr/" "Mozilla/5.0 (Windows NT 6.1) AppleWebKit/537.36 (KHTML, like Gecko) Chrome/76.0.3809.100 Safari/537.36"
91.223.24.18 - - [27/Aug/2019:11:58:06 +0000] "GET /uploads/thumbnails/c29da346589ecace8f77a2de714c55d5.jpg HTTP/1.1" 200 60477 "https://www.citadela.hr/" "Mozilla/5.0 (Windows NT 6.1) AppleWebKit/537.36 (KHTML, like Gecko) Chrome/76.0.3809.100 Safari/537.36"
91.223.24.18 - - [27/Aug/2019:11:58:06 +0000] "GET /img/logo_footer.png HTTP/1.1" 200 4213 "https://www.citadela.hr/" "Mozilla/5.0 (Windows NT 6.1) AppleWebKit/537.36 (KHTML, like Gecko) Chrome/76.0.3809.100 Safari/537.36"
91.223.24.18 - - [27/Aug/2019:11:58:06 +0000] "GET /js/jquery.min.js HTTP/1.1" 200 33760 "https://www.citadela.hr/" "Mozilla/5.0 (Windows NT 6.1) AppleWebKit/537.36 (KHTML, like Gecko) Chrome/76.0.3809.100 Safari/537.36"
91.223.24.18 - - [27/Aug/2019:11:58:06 +0000] "GET /js/bootstrap.min.js HTTP/1.1" 200 9833 "https://www.citadela.hr/" "Mozilla/5.0 (Windows NT 6.1) AppleWebKit/537.36 (KHTML, like Gecko) Chrome/76.0.3809.100 Safari/537.36"
91.223.24.18 - - [27/Aug/2019:11:58:06 +0000] "GET /js/bootstrap-select.js HTTP/1.1" 200 15633 "https://www.citadela.hr/" "Mozilla/5.0 (Windows NT 6.1) AppleWebKit/537.36 (KHTML, like Gecko) Chrome/76.0.3809.100 Safari/537.36"
91.223.24.18 - - [27/Aug/2019:11:58:06 +0000] "GET /js/YouTubePopUp.jquery.js HTTP/1.1" 200 967 "https://www.citadela.hr/" "Mozilla/5.0 (Windows NT 6.1) AppleWebKit/537.36 (KHTML, like Gecko) Chrome/76.0.3809.100 Safari/537.36"
91.223.24.18 - - [27/Aug/2019:11:58:06 +0000] "GET /js/jquery.fancybox.pack.js HTTP/1.1" 200 8634 "https://www.citadela.hr/" "Mozilla/5.0 (Windows NT 6.1) AppleWebKit/537.36 (KHTML, like Gecko) Chrome/76.0.3809.100 Safari/537.36"
91.223.24.18 - - [27/Aug/2019:11:58:06 +0000] "GET /js/jquery.fancybox-media.js HTTP/1.1" 200 1973 "https://www.citadela.hr/" "Mozilla/5.0 (Windows NT 6.1) AppleWebKit/537.36 (KHTML, like Gecko) Chrome/76.0.3809.100 Safari/537.36"
91.223.24.18 - - [27/Aug/2019:11:58:06 +0000] "GET /js/owl.js HTTP/1.1" 200 17545 "https://www.citadela.hr/" "Mozilla/5.0 (Windows NT 6.1) AppleWebKit/537.36 (KHTML, like Gecko) Chrome/76.0.3809.100 Safari/537.36"
91.223.24.18 - - [27/Aug/2019:11:58:06 +0000] "GET /js/mixitup.js HTTP/1.1" 200 11347 "https://www.citadela.hr/" "Mozilla/5.0 (Windows NT 6.1) AppleWebKit/537.36 (KHTML, like Gecko) Chrome/76.0.3809.100 Safari/537.36"
91.223.24.18 - - [27/Aug/2019:11:58:06 +0000] "GET /js/wow.js HTTP/1.1" 200 2198 "https://www.citadela.hr/" "Mozilla/5.0 (Windows NT 6.1) AppleWebKit/537.36 (KHTML, like Gecko) Chrome/76.0.3809.100 Safari/537.36"
91.223.24.18 - - [27/Aug/2019:11:58:06 +0000] "GET /js/jshashtable-2.1_src.js HTTP/1.1" 200 2957 "https://www.citadela.hr/" "Mozilla/5.0 (Windows NT 6.1) AppleWebKit/537.36 (KHTML, like Gecko) Chrome/76.0.3809.100 Safari/537.36"
91.223.24.18 - - [27/Aug/2019:11:58:06 +0000] "GET /js/tmpl.js HTTP/1.1" 200 625 "https://www.citadela.hr/" "Mozilla/5.0 (Windows NT 6.1) AppleWebKit/537.36 (KHTML, like Gecko) Chrome/76.0.3809.100 Safari/537.36"
91.223.24.18 - - [27/Aug/2019:11:58:06 +0000] "GET /js/jquery.numberformatter-1.2.3.js HTTP/1.1" 200 4697 "https://www.citadela.hr/" "Mozilla/5.0 (Windows NT 6.1) AppleWebKit/537.36 (KHTML, like Gecko) Chrome/76.0.3809.100 Safari/537.36"
91.223.24.18 - - [27/Aug/2019:11:58:06 +0000] "GET /js/jquery.dependClass-0.1.js HTTP/1.1" 200 458 "https://www.citadela.hr/" "Mozilla/5.0 (Windows NT 6.1) AppleWebKit/537.36 (KHTML, like Gecko) Chrome/76.0.3809.100 Safari/537.36"
91.223.24.18 - - [27/Aug/2019:11:58:06 +0000] "GET /js/draggable-0.1.js HTTP/1.1" 200 1326 "https://www.citadela.hr/" "Mozilla/5.0 (Windows NT 6.1) AppleWebKit/537.36 (KHTML, like Gecko) Chrome/76.0.3809.100 Safari/537.36"
91.223.24.18 - - [27/Aug/2019:11:58:07 +0000] "GET /js/jquery.slider.js HTTP/1.1" 200 4772 "https://www.citadela.hr/" "Mozilla/5.0 (Windows NT 6.1) AppleWebKit/537.36 (KHTML, like Gecko) Chrome/76.0.3809.100 Safari/537.36"
91.223.24.18 - - [27/Aug/2019:11:58:07 +0000] "GET /js/jquery.barrating.js HTTP/1.1" 200 4280 "https://www.citadela.hr/" "Mozilla/5.0 (Windows NT 6.1) AppleWebKit/537.36 (KHTML, like Gecko) Chrome/76.0.3809.100 Safari/537.36"
91.223.24.18 - - [27/Aug/2019:11:58:07 +0000] "GET /js/custom.js HTTP/1.1" 200 5159 "https://www.citadela.hr/" "Mozilla/5.0 (Windows NT 6.1) AppleWebKit/537.36 (KHTML, like Gecko) Chrome/76.0.3809.100 Safari/537.36"
66.249.66.44 - - [27/Aug/2019:11:58:58 +0000] "GET /hr/pretraga?category=&type=&place=58&area=230&price=1000000&surface=50 HTTP/1.1" 500 4485 "-" "Mozilla/5.0 (Linux; Android 6.0.1; Nexus 5X Build/MMB29P) AppleWebKit/537.36 (KHTML, like Gecko) Chrome/41.0.2272.96 Mobile Safari/537.36 (compatible; Googlebot/2.1; +http://www.google.com/bot.html)"
77.77.218.132 - - [27/Aug/2019:11:59:21 +0000] "GET /uploads/thumbnails/7aae57972b2cf925b177aaa42ad5003f.JPG HTTP/1.1" 200 51035 "https://www.google.com/" "Mozilla/5.0 (Windows NT 6.1) AppleWebKit/537.36 (KHTML, like Gecko) Chrome/76.0.3809.100 Safari/537.36"
66.249.66.42 - - [27/Aug/2019:12:02:58 +0000] "GET /pretraga?category=&type=&place=36&area=229&price=300000&surface= HTTP/1.1" 500 4485 "-" "Mozilla/5.0 (Linux; Android 6.0.1; Nexus 5X Build/MMB29P) AppleWebKit/537.36 (KHTML, like Gecko) Chrome/41.0.2272.96 Mobile Safari/537.36 (compatible; Googlebot/2.1; +http://www.google.com/bot.html)"
109.41.192.139 - - [27/Aug/2019:12:03:02 +0000] "GET /blog/gdje-kupiti-stan-na-jadranu HTTP/1.1" 200 4888 "https://www.google.com/" "Mozilla/5.0 (Linux; Android 9; SAMSUNG SM-G960F Build/PPR1.180610.011) AppleWebKit/537.36 (KHTML, like Gecko) SamsungBrowser/9.4 Chrome/67.0.3396.87 Mobile Safari/537.36"
109.41.192.139 - - [27/Aug/2019:12:03:03 +0000] "GET /css/bootstrap.css HTTP/1.1" 200 20712 "https://www.citadela.hr/blog/gdje-kupiti-stan-na-jadranu" "Mozilla/5.0 (Linux; Android 9; SAMSUNG SM-G960F Build/PPR1.180610.011) AppleWebKit/537.36 (KHTML, like Gecko) SamsungBrowser/9.4 Chrome/67.0.3396.87 Mobile Safari/537.36"
109.41.192.139 - - [27/Aug/2019:12:03:03 +0000] "GET /css/style.css?v=2 HTTP/1.1" 200 17441 "https://www.citadela.hr/blog/gdje-kupiti-stan-na-jadranu" "Mozilla/5.0 (Linux; Android 9; SAMSUNG SM-G960F Build/PPR1.180610.011) AppleWebKit/537.36 (KHTML, like Gecko) SamsungBrowser/9.4 Chrome/67.0.3396.87 Mobile Safari/537.36"
109.41.192.139 - - [27/Aug/2019:12:03:03 +0000] "GET /css/colors/blue.css?v=2 HTTP/1.1" 200 3552 "https://www.citadela.hr/blog/gdje-kupiti-stan-na-jadranu" "Mozilla/5.0 (Linux; Android 9; SAMSUNG SM-G960F Build/PPR1.180610.011) AppleWebKit/537.36 (KHTML, like Gecko) SamsungBrowser/9.4 Chrome/67.0.3396.87 Mobile Safari/537.36"
109.41.192.139 - - [27/Aug/2019:12:03:03 +0000] "GET /fonts/flaticon.css HTTP/1.1" 200 699 "https://www.citadela.hr/blog/gdje-kupiti-stan-na-jadranu" "Mozilla/5.0 (Linux; Android 9; SAMSUNG SM-G960F Build/PPR1.180610.011) AppleWebKit/537.36 (KHTML, like Gecko) SamsungBrowser/9.4 Chrome/67.0.3396.87 Mobile Safari/537.36"
109.41.192.139 - - [27/Aug/2019:12:03:03 +0000] "GET /css/font-awesome.css HTTP/1.1" 200 7439 "https://www.citadela.hr/blog/gdje-kupiti-stan-na-jadranu" "Mozilla/5.0 (Linux; Android 9; SAMSUNG SM-G960F Build/PPR1.180610.011) AppleWebKit/537.36 (KHTML, like Gecko) SamsungBrowser/9.4 Chrome/67.0.3396.87 Mobile Safari/537.36"
109.41.192.139 - - [27/Aug/2019:12:03:03 +0000] "GET /css/jslider.css HTTP/1.1" 200 763 "https://www.citadela.hr/blog/gdje-kupiti-stan-na-jadranu" "Mozilla/5.0 (Linux; Android 9; SAMSUNG SM-G960F Build/PPR1.180610.011) AppleWebKit/537.36 (KHTML, like Gecko) SamsungBrowser/9.4 Chrome/67.0.3396.87 Mobile Safari/537.36"
109.41.192.139 - - [27/Aug/2019:12:03:03 +0000] "GET /css/responsive.css HTTP/1.1" 200 2788 "https://www.citadela.hr/blog/gdje-kupiti-stan-na-jadranu" "Mozilla/5.0 (Linux; Android 9; SAMSUNG SM-G960F Build/PPR1.180610.011) AppleWebKit/537.36 (KHTML, like Gecko) SamsungBrowser/9.4 Chrome/67.0.3396.87 Mobile Safari/537.36"
109.41.192.139 - - [27/Aug/2019:12:03:03 +0000] "GET /assets/plugins/flag/css/flag-icon.css HTTP/1.1" 200 2837 "https://www.citadela.hr/blog/gdje-kupiti-stan-na-jadranu" "Mozilla/5.0 (Linux; Android 9; SAMSUNG SM-G960F Build/PPR1.180610.011) AppleWebKit/537.36 (KHTML, like Gecko) SamsungBrowser/9.4 Chrome/67.0.3396.87 Mobile Safari/537.36"
109.41.192.139 - - [27/Aug/2019:12:03:03 +0000] "GET /css/loader.css?v=2 HTTP/1.1" 200 772 "https://www.citadela.hr/blog/gdje-kupiti-stan-na-jadranu" "Mozilla/5.0 (Linux; Android 9; SAMSUNG SM-G960F Build/PPR1.180610.011) AppleWebKit/537.36 (KHTML, like Gecko) SamsungBrowser/9.4 Chrome/67.0.3396.87 Mobile Safari/537.36"
109.41.192.139 - - [27/Aug/2019:12:03:03 +0000] "GET /unitegallery/css/unite-gallery.css HTTP/1.1" 200 4825 "https://www.citadela.hr/blog/gdje-kupiti-stan-na-jadranu" "Mozilla/5.0 (Linux; Android 9; SAMSUNG SM-G960F Build/PPR1.180610.011) AppleWebKit/537.36 (KHTML, like Gecko) SamsungBrowser/9.4 Chrome/67.0.3396.87 Mobile Safari/537.36"
109.41.192.139 - - [27/Aug/2019:12:03:03 +0000] "GET /css/animate.min.css HTTP/1.1" 200 4242 "https://www.citadela.hr/blog/gdje-kupiti-stan-na-jadranu" "Mozilla/5.0 (Linux; Android 9; SAMSUNG SM-G960F Build/PPR1.180610.011) AppleWebKit/537.36 (KHTML, like Gecko) SamsungBrowser/9.4 Chrome/67.0.3396.87 Mobile Safari/537.36"
