66.249.66.46 - - [27/Aug/2019:23:09:58 +0000] "GET /en/search?category=&type=&place=58&area=157&price=&surface=10 HTTP/1.1" 500 4485 "-" "Mozilla/5.0 (Linux; Android 6.0.1; Nexus 5X Build/MMB29P) AppleWebKit/537.36 (KHTML, like Gecko) Chrome/41.0.2272.96 Mobile Safari/537.36 (compatible; Googlebot/2.1; +http://www.google.com/bot.html)"
66.249.66.44 - - [27/Aug/2019:23:10:58 +0000] "GET /hr/pretraga?category=&type=&place=37&area=157&price=50000&surface=50 HTTP/1.1" 500 4485 "-" "Mozilla/5.0 (Linux; Android 6.0.1; Nexus 5X Build/MMB29P) AppleWebKit/537.36 (KHTML, like Gecko) Chrome/41.0.2272.96 Mobile Safari/537.36 (compatible; Googlebot/2.1; +http://www.google.com/bot.html)"
66.249.66.46 - - [27/Aug/2019:23:11:58 +0000] "GET /pretraga?category=&type=&place=58&area=229&price=50000&surface= HTTP/1.1" 500 4485 "-" "Mozilla/5.0 (Linux; Android 6.0.1; Nexus 5X Build/MMB29P) AppleWebKit/537.36 (KHTML, like Gecko) Chrome/41.0.2272.96 Mobile Safari/537.36 (compatible; Googlebot/2.1; +http://www.google.com/bot.html)"
66.249.66.42 - - [27/Aug/2019:23:12:58 +0000] "GET /pretraga?category=&type=&place=&area=135&price=300000&surface=100&page=2 HTTP/1.1" 200 4025 "-" "Mozilla/5.0 (Linux; Android 6.0.1; Nexus 5X Build/MMB29P) AppleWebKit/537.36 (KHTML, like Gecko) Chrome/41.0.2272.96 Mobile Safari/537.36 (compatible; Googlebot/2.1; +http://www.google.com/bot.html)"
66.249.66.44 - - [27/Aug/2019:23:14:58 +0000] "GET /hr/pretraga?category=&type=&place=19&area=&price=50000&surface=100 HTTP/1.1" 500 4485 "-" "Mozilla/5.0 (Linux; Android 6.0.1; Nexus 5X Build/MMB29P) AppleWebKit/537.36 (KHTML, like Gecko) Chrome/41.0.2272.96 Mobile Safari/537.36 (compatible; Googlebot/2.1; +http://www.google.com/bot.html)"
66.249.66.44 - - [27/Aug/2019:23:15:57 +0000] "GET /hr/pretraga?category=&type=&place=36&area=159&price=500000&surface=100 HTTP/1.1" 500 4485 "-" "Mozilla/5.0 (Linux; Android 6.0.1; Nexus 5X Build/MMB29P) AppleWebKit/537.36 (KHTML, like Gecko) Chrome/41.0.2272.96 Mobile Safari/537.36 (compatible; Googlebot/2.1; +http://www.google.com/bot.html)"
51.68.153.213 - - [27/Aug/2019:23:18:56 +0000] "GET /uploads/thumbnails/85caa669168478a99088119bf35ec33e.jpg HTTP/1.1" 200 53093 "-" "Mozilla/5.0 (Macintosh; Intel Mac OS X 10_12_6) AppleWebKit/537.36 (KHTML, like Gecko) Chrome/63.0.3239.84 Safari/537.36"
66.249.66.44 - - [27/Aug/2019:23:18:58 +0000] "GET /en/search?category=&type=&place=36&area=157&price=200000&surface=200 HTTP/1.1" 500 4485 "-" "Mozilla/5.0 (Linux; Android 6.0.1; Nexus 5X Build/MMB29P) AppleWebKit/537.36 (KHTML, like Gecko) Chrome/41.0.2272.96 Mobile Safari/537.36 (compatible; Googlebot/2.1; +http://www.google.com/bot.html)"
51.68.153.213 - - [27/Aug/2019:23:18:58 +0000] "GET /uploads/thumbnails/d52769a695078a5dc3698aecf9d945f0.jpg HTTP/1.1" 200 56570 "-" "Mozilla/5.0 (Macintosh; Intel Mac OS X 10_12_6) AppleWebKit/537.36 (KHTML, like Gecko) Chrome/63.0.3239.84 Safari/537.36"
51.68.153.213 - - [27/Aug/2019:23:19:00 +0000] "GET /uploads/thumbnails/9a8efbf7799fcd1fc50a872e110e5abf.jpg HTTP/1.1" 200 58326 "-" "Mozilla/5.0 (Macintosh; Intel Mac OS X 10_12_6) AppleWebKit/537.36 (KHTML, like Gecko) Chrome/63.0.3239.84 Safari/537.36"
51.68.153.213 - - [27/Aug/2019:23:19:01 +0000] "GET /uploads/thumbnails/fb3653b18316d629b6f8783b7629a7ca.jpg HTTP/1.1" 200 45367 "-" "Mozilla/5.0 (Macintosh; Intel Mac OS X 10_12_6) AppleWebKit/537.36 (KHTML, like Gecko) Chrome/63.0.3239.84 Safari/537.36"
51.68.153.213 - - [27/Aug/2019:23:19:03 +0000] "GET /uploads/thumbnails/4240c5935d321944b9b3dd8ea14094af.jpg HTTP/1.1" 200 60600 "-" "Mozilla/5.0 (Macintosh; Intel Mac OS X 10_12_6) AppleWebKit/537.36 (KHTML, like Gecko) Chrome/63.0.3239.84 Safari/537.36"
51.68.153.213 - - [27/Aug/2019:23:19:04 +0000] "GET /uploads/thumbnails/529ebb7f1bea68a0e59d27d0e9eabd82.jpg HTTP/1.1" 200 45871 "-" "Mozilla/5.0 (Macintosh; Intel Mac OS X 10_12_6) AppleWebKit/537.36 (KHTML, like Gecko) Chrome/63.0.3239.84 Safari/537.36"
51.68.153.213 - - [27/Aug/2019:23:19:05 +0000] "GET /uploads/thumbnails/9cafd4be0856d53da70507114407ce79.jpg HTTP/1.1" 200 58338 "-" "Mozilla/5.0 (Macintosh; Intel Mac OS X 10_12_6) AppleWebKit/537.36 (KHTML, like Gecko) Chrome/63.0.3239.84 Safari/537.36"
51.68.153.213 - - [27/Aug/2019:23:19:06 +0000] "GET /uploads/thumbnails/7e8f4050a1f19c5a0b6e49a6093cc23a.jpg HTTP/1.1" 200 37700 "-" "Mozilla/5.0 (Macintosh; Intel Mac OS X 10_12_6) AppleWebKit/537.36 (KHTML, like Gecko) Chrome/63.0.3239.84 Safari/537.36"
51.68.153.213 - - [27/Aug/2019:23:19:07 +0000] "GET /uploads/thumbnails/c1ca0d45cf42f47b8f347cc4f03edd43.jpg HTTP/1.1" 200 49438 "-" "Mozilla/5.0 (Macintosh; Intel Mac OS X 10_12_6) AppleWebKit/537.36 (KHTML, like Gecko) Chrome/63.0.3239.84 Safari/537.36"
51.68.153.213 - - [27/Aug/2019:23:19:08 +0000] "GET /uploads/thumbnails/58a641b6ca0fd7817fca3efc08df1fbb.jpg HTTP/1.1" 200 54400 "-" "Mozilla/5.0 (Macintosh; Intel Mac OS X 10_12_6) AppleWebKit/537.36 (KHTML, like Gecko) Chrome/63.0.3239.84 Safari/537.36"
66.249.66.42 - - [27/Aug/2019:23:19:58 +0000] "GET /pretraga?category=&type=&place=59&area=&price=500000&surface= HTTP/1.1" 500 4485 "-" "Mozilla/5.0 (Linux; Android 6.0.1; Nexus 5X Build/MMB29P) AppleWebKit/537.36 (KHTML, like Gecko) Chrome/41.0.2272.96 Mobile Safari/537.36 (compatible; Googlebot/2.1; +http://www.google.com/bot.html)"
66.249.66.42 - - [27/Aug/2019:23:21:58 +0000] "GET /hr/pretraga?category=&type=&place=58&area=230&price=1000000&surface=50 HTTP/1.1" 500 4485 "-" "Mozilla/5.0 (Linux; Android 6.0.1; Nexus 5X Build/MMB29P) AppleWebKit/537.36 (KHTML, like Gecko) Chrome/41.0.2272.96 Mobile Safari/537.36 (compatible; Googlebot/2.1; +http://www.google.com/bot.html)"
66.249.79.126 - - [27/Aug/2019:23:22:58 +0000] "GET /pretraga?category=&type=&place=36&area=170&price=100000&surface=50 HTTP/1.1" 500 4485 "-" "Mozilla/5.0 (Linux; Android 6.0.1; Nexus 5X Build/MMB29P) AppleWebKit/537.36 (KHTML, like Gecko) Chrome/41.0.2272.96 Mobile Safari/537.36 (compatible; Googlebot/2.1; +http://www.google.com/bot.html)"
46.229.168.144 - - [27/Aug/2019:23:25:38 +0000] "GET /hr/zemljista/murter-cigrada-zemljiste-prvi-red-do-mora-333-m2 HTTP/1.1" 200 5654 "-" "Mozilla/5.0 (compatible; SemrushBot/6~bl; +http://www.semrush.com/bot.html)"
66.249.66.44 - - [27/Aug/2019:23:25:58 +0000] "GET /hr/pretraga?category=&type=&place=36&area=168&price=1000000&surface=50 HTTP/1.1" 500 4485 "-" "Mozilla/5.0 (Linux; Android 6.0.1; Nexus 5X Build/MMB29P) AppleWebKit/537.36 (KHTML, like Gecko) Chrome/41.0.2272.96 Mobile Safari/537.36 (compatible; Googlebot/2.1; +http://www.google.com/bot.html)"
91.242.162.39 - - [27/Aug/2019:23:26:28 +0000] "GET /en/blog/prosjecne-cijene-stanova-u-zadarskoj-zupaniji-porasle-za-981 HTTP/1.1" 200 4633 "-" "Mozilla/5.0 (compatible; Qwantify/2.4w; +https://www.qwant.com/)/2.4w"
158.69.226.8 - - [27/Aug/2019:23:27:27 +0000] "GET /uploads/images/637f734f3f66250d52f27e7aa9a9c97d.jpg HTTP/1.1" 200 145795 "-" "Mozilla/5.0 (Macintosh; Intel Mac OS X 10_12_6) AppleWebKit/537.36 (KHTML, like Gecko) Chrome/63.0.3239.84 Safari/537.36"
66.249.66.44 - - [27/Aug/2019:23:28:58 +0000] "GET /pretraga?category=&type=&place=36&area=162&price=100000&surface=50 HTTP/1.1" 500 4485 "-" "Mozilla/5.0 (Linux; Android 6.0.1; Nexus 5X Build/MMB29P) AppleWebKit/537.36 (KHTML, like Gecko) Chrome/41.0.2272.96 Mobile Safari/537.36 (compatible; Googlebot/2.1; +http://www.google.com/bot.html)"
89.164.105.231 - - [27/Aug/2019:23:29:57 +0000] "GET /uploads/images/d7932b7b6c9be1e3578d556ed4a63e59.jpg HTTP/1.1" 200 163090 "https://www.google.hr/" "Mozilla/5.0 (Windows NT 10.0; Win64; x64; rv:68.0) Gecko/20100101 Firefox/68.0"
66.249.66.42 - - [27/Aug/2019:23:39:58 +0000] "GET /hr/pretraga?category=&type=&place=15&area=&price=100000&surface= HTTP/1.1" 500 4485 "-" "Mozilla/5.0 (Linux; Android 6.0.1; Nexus 5X Build/MMB29P) AppleWebKit/537.36 (KHTML, like Gecko) Chrome/41.0.2272.96 Mobile Safari/537.36 (compatible; Googlebot/2.1; +http://www.google.com/bot.html)"
46.229.168.144 - - [27/Aug/2019:23:40:01 +0000] "GET /robots.txt HTTP/1.1" 200 24 "-" "Mozilla/5.0 (compatible; SemrushBot/6~bl; +http://www.semrush.com/bot.html)"
46.229.168.132 - - [27/Aug/2019:23:40:03 +0000] "GET /apartmani/starigrad-novi-trosoban-stan-s-pogledom-na-more-garsonjera9365-m2 HTTP/1.1" 200 6356 "-" "Mozilla/5.0 (compatible; SemrushBot/6~bl; +http://www.semrush.com/bot.html)"
46.229.168.135 - - [27/Aug/2019:23:40:33 +0000] "GET /hr/zemljista/rovanjska-gradevinsko-zemljiste-pogled-na-more-686-m2 HTTP/1.1" 200 5629 "-" "Mozilla/5.0 (compatible; SemrushBot/6~bl; +http://www.semrush.com/bot.html)"
66.249.66.46 - - [27/Aug/2019:23:41:58 +0000] "GET /pretraga?category=&type=&place=36&area=162&price=50000&surface= HTTP/1.1" 500 4485 "-" "Mozilla/5.0 (Linux; Android 6.0.1; Nexus 5X Build/MMB29P) AppleWebKit/537.36 (KHTML, like Gecko) Chrome/41.0.2272.96 Mobile Safari/537.36 (compatible; Googlebot/2.1; +http://www.google.com/bot.html)"
66.249.66.42 - - [27/Aug/2019:23:42:58 +0000] "GET /en/search?category=&type=&place=36&area=163&price=300000&surface= HTTP/1.1" 500 4485 "-" "Mozilla/5.0 (Linux; Android 6.0.1; Nexus 5X Build/MMB29P) AppleWebKit/537.36 (KHTML, like Gecko) Chrome/41.0.2272.96 Mobile Safari/537.36 (compatible; Googlebot/2.1; +http://www.google.com/bot.html)"
66.249.66.44 - - [27/Aug/2019:23:43:58 +0000] "GET /en/search?category=&type=&place=36&area=159&price=500000&surface=200 HTTP/1.1" 500 4485 "-" "Mozilla/5.0 (Linux; Android 6.0.1; Nexus 5X Build/MMB29P) AppleWebKit/537.36 (KHTML, like Gecko) Chrome/41.0.2272.96 Mobile Safari/537.36 (compatible; Googlebot/2.1; +http://www.google.com/bot.html)"
66.249.66.44 - - [27/Aug/2019:23:44:57 +0000] "GET /pretraga?category=&type=&place=36&area=173&price=100000&surface=10 HTTP/1.1" 500 4485 "-" "Mozilla/5.0 (Linux; Android 6.0.1; Nexus 5X Build/MMB29P) AppleWebKit/537.36 (KHTML, like Gecko) Chrome/41.0.2272.96 Mobile Safari/537.36 (compatible; Googlebot/2.1; +http://www.google.com/bot.html)"
66.249.66.46 - - [27/Aug/2019:23:45:58 +0000] "GET /en/search?category=&type=&place=41&area=&price=1000000&surface=100 HTTP/1.1" 500 4485 "-" "Mozilla/5.0 (Linux; Android 6.0.1; Nexus 5X Build/MMB29P) AppleWebKit/537.36 (KHTML, like Gecko) Chrome/41.0.2272.96 Mobile Safari/537.36 (compatible; Googlebot/2.1; +http://www.google.com/bot.html)"
66.249.66.44 - - [27/Aug/2019:23:46:58 +0000] "GET /en/search?category=&type=&place=58&area=161&price=500000&surface=100 HTTP/1.1" 500 4485 "-" "Mozilla/5.0 (Linux; Android 6.0.1; Nexus 5X Build/MMB29P) AppleWebKit/537.36 (KHTML, like Gecko) Chrome/41.0.2272.96 Mobile Safari/537.36 (compatible; Googlebot/2.1; +http://www.google.com/bot.html)"
66.249.66.46 - - [27/Aug/2019:23:47:58 +0000] "GET /en/search?category=&type=&place=36&area=164&price=300000&surface=10 HTTP/1.1" 500 4485 "-" "Mozilla/5.0 (Linux; Android 6.0.1; Nexus 5X Build/MMB29P) AppleWebKit/537.36 (KHTML, like Gecko) Chrome/41.0.2272.96 Mobile Safari/537.36 (compatible; Googlebot/2.1; +http://www.google.com/bot.html)"
91.242.162.39 - - [27/Aug/2019:23:48:17 +0000] "GET /o-nama HTTP/1.1" 200 4366 "-" "Mozilla/5.0 (compatible; Qwantify/2.4w; +https://www.qwant.com/)/2.4w"
66.249.66.46 - - [27/Aug/2019:23:48:57 +0000] "GET /en/search?category=&type=&place=36&area=178&price=500000&surface= HTTP/1.1" 500 4485 "-" "Mozilla/5.0 (Linux; Android 6.0.1; Nexus 5X Build/MMB29P) AppleWebKit/537.36 (KHTML, like Gecko) Chrome/41.0.2272.96 Mobile Safari/537.36 (compatible; Googlebot/2.1; +http://www.google.com/bot.html)"
66.249.66.44 - - [27/Aug/2019:23:52:58 +0000] "GET /hr/pretraga?category=&type=&place=59&area=&price=300000&surface=200 HTTP/1.1" 500 4485 "-" "Mozilla/5.0 (Linux; Android 6.0.1; Nexus 5X Build/MMB29P) AppleWebKit/537.36 (KHTML, like Gecko) Chrome/41.0.2272.96 Mobile Safari/537.36 (compatible; Googlebot/2.1; +http://www.google.com/bot.html)"
66.249.66.42 - - [27/Aug/2019:23:53:58 +0000] "GET /pretraga?category=&type=&place=17&area=&price=300000&surface= HTTP/1.1" 500 4485 "-" "Mozilla/5.0 (Linux; Android 6.0.1; Nexus 5X Build/MMB29P) AppleWebKit/537.36 (KHTML, like Gecko) Chrome/41.0.2272.96 Mobile Safari/537.36 (compatible; Googlebot/2.1; +http://www.google.com/bot.html)"
66.249.66.42 - - [27/Aug/2019:23:54:57 +0000] "GET /pretraga?category=&type=&place=9&area=&price=300000&surface=50 HTTP/1.1" 500 4485 "-" "Mozilla/5.0 (Linux; Android 6.0.1; Nexus 5X Build/MMB29P) AppleWebKit/537.36 (KHTML, like Gecko) Chrome/41.0.2272.96 Mobile Safari/537.36 (compatible; Googlebot/2.1; +http://www.google.com/bot.html)"
66.249.66.44 - - [27/Aug/2019:23:55:58 +0000] "GET /en/search?category=&type=&place=36&area=168&price=100000&surface=100 HTTP/1.1" 500 4485 "-" "Mozilla/5.0 (Linux; Android 6.0.1; Nexus 5X Build/MMB29P) AppleWebKit/537.36 (KHTML, like Gecko) Chrome/41.0.2272.96 Mobile Safari/537.36 (compatible; Googlebot/2.1; +http://www.google.com/bot.html)"
66.249.66.42 - - [27/Aug/2019:23:56:58 +0000] "GET /hr/pretraga?category=&type=&place=36&area=170&price=50000&surface=50 HTTP/1.1" 500 4485 "-" "Mozilla/5.0 (Linux; Android 6.0.1; Nexus 5X Build/MMB29P) AppleWebKit/537.36 (KHTML, like Gecko) Chrome/41.0.2272.96 Mobile Safari/537.36 (compatible; Googlebot/2.1; +http://www.google.com/bot.html)"
66.249.66.44 - - [27/Aug/2019:23:58:58 +0000] "GET /en/search?category=&type=&place=19&area=&price=50000&surface=100 HTTP/1.1" 500 4485 "-" "Mozilla/5.0 (Linux; Android 6.0.1; Nexus 5X Build/MMB29P) AppleWebKit/537.36 (KHTML, like Gecko) Chrome/41.0.2272.96 Mobile Safari/537.36 (compatible; Googlebot/2.1; +http://www.google.com/bot.html)"
66.249.66.46 - - [27/Aug/2019:23:59:58 +0000] "GET /en/search?category=&type=&place=58&area=230&price=1000000&surface=10 HTTP/1.1" 500 4485 "-" "Mozilla/5.0 (Linux; Android 6.0.1; Nexus 5X Build/MMB29P) AppleWebKit/537.36 (KHTML, like Gecko) Chrome/41.0.2272.96 Mobile Safari/537.36 (compatible; Googlebot/2.1; +http://www.google.com/bot.html)"