151.18.81.214 - - [27/Aug/2019:18:16:01 +0000] "GET /uploads/thumbnails/42c15dd15f418344ccc035d6003dd670.jpeg HTTP/1.1" 200 56902 "https://www.citadela.hr/" "Mozilla/5.0 (Linux; Android 9; Redmi Note 7) AppleWebKit/537.36 (KHTML, like Gecko) Chrome/76.0.3809.111 Mobile Safari/537.36"
151.18.81.214 - - [27/Aug/2019:18:16:01 +0000] "GET /uploads/thumbnails/3c55f605d3f0b0e63c055493db2ef6cb.jpg HTTP/1.1" 200 51114 "https://www.citadela.hr/" "Mozilla/5.0 (Linux; Android 9; Redmi Note 7) AppleWebKit/537.36 (KHTML, like Gecko) Chrome/76.0.3809.111 Mobile Safari/537.36"
151.18.81.214 - - [27/Aug/2019:18:16:01 +0000] "GET /uploads/thumbnails/d88237410243ed4f971cfca527be5367.jpg HTTP/1.1" 200 53585 "https://www.citadela.hr/" "Mozilla/5.0 (Linux; Android 9; Redmi Note 7) AppleWebKit/537.36 (KHTML, like Gecko) Chrome/76.0.3809.111 Mobile Safari/537.36"
151.18.81.214 - - [27/Aug/2019:18:16:01 +0000] "GET /uploads/thumbnails/c29da346589ecace8f77a2de714c55d5.jpg HTTP/1.1" 200 60477 "https://www.citadela.hr/" "Mozilla/5.0 (Linux; Android 9; Redmi Note 7) AppleWebKit/537.36 (KHTML, like Gecko) Chrome/76.0.3809.111 Mobile Safari/537.36"
151.18.81.214 - - [27/Aug/2019:18:16:01 +0000] "GET /uploads/thumbnails/637f734f3f66250d52f27e7aa9a9c97d.jpg HTTP/1.1" 200 66236 "https://www.citadela.hr/" "Mozilla/5.0 (Linux; Android 9; Redmi Note 7) AppleWebKit/537.36 (KHTML, like Gecko) Chrome/76.0.3809.111 Mobile Safari/537.36"
151.18.81.214 - - [27/Aug/2019:18:16:02 +0000] "GET /img/logo_footer.png HTTP/1.1" 200 4213 "https://www.citadela.hr/" "Mozilla/5.0 (Linux; Android 9; Redmi Note 7) AppleWebKit/537.36 (KHTML, like Gecko) Chrome/76.0.3809.111 Mobile Safari/537.36"
151.18.81.214 - - [27/Aug/2019:18:16:02 +0000] "GET /fonts/fontawesome-webfont.woff2?v=4.7.0 HTTP/1.1" 200 77160 "https://www.citadela.hr/css/font-awesome.css" "Mozilla/5.0 (Linux; Android 9; Redmi Note 7) AppleWebKit/537.36 (KHTML, like Gecko) Chrome/76.0.3809.111 Mobile Safari/537.36"
151.18.81.214 - - [27/Aug/2019:18:16:02 +0000] "GET /img/category_grid/miami.png HTTP/1.1" 200 306196 "https://www.citadela.hr/css/style.css?v=2" "Mozilla/5.0 (Linux; Android 9; Redmi Note 7) AppleWebKit/537.36 (KHTML, like Gecko) Chrome/76.0.3809.111 Mobile Safari/537.36"
151.18.81.214 - - [27/Aug/2019:18:16:02 +0000] "GET /img/category_grid/newyork.png HTTP/1.1" 200 68457 "https://www.citadela.hr/css/style.css?v=2" "Mozilla/5.0 (Linux; Android 9; Redmi Note 7) AppleWebKit/537.36 (KHTML, like Gecko) Chrome/76.0.3809.111 Mobile Safari/537.36"
151.18.81.214 - - [27/Aug/2019:18:16:02 +0000] "GET /img/slider/fixed-slider.png HTTP/1.1" 200 436232 "https://www.citadela.hr/css/style.css?v=2" "Mozilla/5.0 (Linux; Android 9; Redmi Note 7) AppleWebKit/537.36 (KHTML, like Gecko) Chrome/76.0.3809.111 Mobile Safari/537.36"
151.18.81.214 - - [27/Aug/2019:18:16:02 +0000] "GET /img/category_grid/chicago.png HTTP/1.1" 200 98081 "https://www.citadela.hr/css/style.css?v=2" "Mozilla/5.0 (Linux; Android 9; Redmi Note 7) AppleWebKit/537.36 (KHTML, like Gecko) Chrome/76.0.3809.111 Mobile Safari/537.36"
151.18.81.214 - - [27/Aug/2019:18:16:02 +0000] "GET /img/category_grid/losangeles.png HTTP/1.1" 200 140282 "https://www.citadela.hr/css/style.css?v=2" "Mozilla/5.0 (Linux; Android 9; Redmi Note 7) AppleWebKit/537.36 (KHTML, like Gecko) Chrome/76.0.3809.111 Mobile Safari/537.36"
151.18.81.214 - - [27/Aug/2019:18:16:02 +0000] "GET /img/banner/house-closing.png HTTP/1.1" 200 691258 "https://www.citadela.hr/css/style.css?v=2" "Mozilla/5.0 (Linux; Android 9; Redmi Note 7) AppleWebKit/537.36 (KHTML, like Gecko) Chrome/76.0.3809.111 Mobile Safari/537.36"
151.18.81.214 - - [27/Aug/2019:18:16:03 +0000] "GET /favicon-32x32.png HTTP/1.1" 200 1936 "https://www.citadela.hr/" "Mozilla/5.0 (Linux; Android 9; Redmi Note 7) AppleWebKit/537.36 (KHTML, like Gecko) Chrome/76.0.3809.111 Mobile Safari/537.36"
151.18.81.214 - - [27/Aug/2019:18:16:03 +0000] "GET /apple-touch-icon.png HTTP/1.1" 200 9899 "https://www.citadela.hr/" "Mozilla/5.0 (Linux; Android 9; Redmi Note 7) AppleWebKit/537.36 (KHTML, like Gecko) Chrome/76.0.3809.111 Mobile Safari/537.36"
151.18.81.214 - - [27/Aug/2019:18:16:03 +0000] "GET /site.webmanifest HTTP/1.1" 200 291 "https://www.citadela.hr/" "Mozilla/5.0 (Linux; Android 9; Redmi Note 7) AppleWebKit/537.36 (KHTML, like Gecko) Chrome/76.0.3809.111 Mobile Safari/537.36"
151.18.81.214 - - [27/Aug/2019:18:16:27 +0000] "GET /pretraga?category=&place=84&price=&surface= HTTP/1.1" 200 4275 "https://www.citadela.hr/" "Mozilla/5.0 (Linux; Android 9; Redmi Note 7) AppleWebKit/537.36 (KHTML, like Gecko) Chrome/76.0.3809.111 Mobile Safari/537.36"
151.18.81.214 - - [27/Aug/2019:18:16:27 +0000] "GET /uploads/thumbnails/f28c4ddee2395a7c3c7630d204227ede.JPG HTTP/1.1" 200 46650 "https://www.citadela.hr/pretraga?category=&place=84&price=&surface=" "Mozilla/5.0 (Linux; Android 9; Redmi Note 7) AppleWebKit/537.36 (KHTML, like Gecko) Chrome/76.0.3809.111 Mobile Safari/537.36"
151.18.81.214 - - [27/Aug/2019:18:16:27 +0000] "GET /img/banner/banner.png HTTP/1.1" 200 188379 "https://www.citadela.hr/css/style.css?v=2" "Mozilla/5.0 (Linux; Android 9; Redmi Note 7) AppleWebKit/537.36 (KHTML, like Gecko) Chrome/76.0.3809.111 Mobile Safari/537.36"
151.18.81.214 - - [27/Aug/2019:18:16:44 +0000] "GET /kuce/petrcane-punta-skala-vikendica-s-3-apartmana-i-pogledom-na-more HTTP/1.1" 200 5929 "https://www.citadela.hr/pretraga?category=&place=84&price=&surface=" "Mozilla/5.0 (Linux; Android 9; Redmi Note 7) AppleWebKit/537.36 (KHTML, like Gecko) Chrome/76.0.3809.111 Mobile Safari/537.36"
151.18.81.214 - - [27/Aug/2019:18:16:44 +0000] "GET /unitegallery/css/unite-gallery.css HTTP/1.1" 200 4825 "https://www.citadela.hr/kuce/petrcane-punta-skala-vikendica-s-3-apartmana-i-pogledom-na-more" "Mozilla/5.0 (Linux; Android 9; Redmi Note 7) AppleWebKit/537.36 (KHTML, like Gecko) Chrome/76.0.3809.111 Mobile Safari/537.36"
151.18.81.214 - - [27/Aug/2019:18:16:44 +0000] "GET /unitegallery/themes/compact/ug-theme-compact.js HTTP/1.1" 200 2477 "https://www.citadela.hr/kuce/petrcane-punta-skala-vikendica-s-3-apartmana-i-pogledom-na-more" "Mozilla/5.0 (Linux; Android 9; Redmi Note 7) AppleWebKit/537.36 (KHTML, like Gecko) Chrome/76.0.3809.111 Mobile Safari/537.36"
151.18.81.214 - - [27/Aug/2019:18:16:44 +0000] "GET /unitegallery/js/jquery-11.0.min.js HTTP/1.1" 200 33369 "https://www.citadela.hr/kuce/petrcane-punta-skala-vikendica-s-3-apartmana-i-pogledom-na-more" "Mozilla/5.0 (Linux; Android 9; Redmi Note 7) AppleWebKit/537.36 (KHTML, like Gecko) Chrome/76.0.3809.111 Mobile Safari/537.36"
151.18.81.214 - - [27/Aug/2019:18:16:44 +0000] "GET /unitegallery/js/unitegallery.min.js HTTP/1.1" 200 66910 "https://www.citadela.hr/kuce/petrcane-punta-skala-vikendica-s-3-apartmana-i-pogledom-na-more" "Mozilla/5.0 (Linux; Android 9; Redmi Note 7) AppleWebKit/537.36 (KHTML, like Gecko) Chrome/76.0.3809.111 Mobile Safari/537.36"
151.18.81.214 - - [27/Aug/2019:18:16:44 +0000] "GET /uploads/thumbnails/7915645d3793ff7eb1db19995ec8cba1.jpg HTTP/1.1" 200 49522 "https://www.citadela.hr/kuce/petrcane-punta-skala-vikendica-s-3-apartmana-i-pogledom-na-more" "Mozilla/5.0 (Linux; Android 9; Redmi Note 7) AppleWebKit/537.36 (KHTML, like Gecko) Chrome/76.0.3809.111 Mobile Safari/537.36"
151.18.81.214 - - [27/Aug/2019:18:16:44 +0000] "GET /uploads/thumbnails/8dc6a7ef997a836a35559e81a04c0539.jpg HTTP/1.1" 200 59283 "https://www.citadela.hr/kuce/petrcane-punta-skala-vikendica-s-3-apartmana-i-pogledom-na-more" "Mozilla/5.0 (Linux; Android 9; Redmi Note 7) AppleWebKit/537.36 (KHTML, like Gecko) Chrome/76.0.3809.111 Mobile Safari/537.36"
151.18.81.214 - - [27/Aug/2019:18:16:44 +0000] "GET /uploads/thumbnails/e12e7cbc1ec71089f1fb856a0b4f485d.jpg HTTP/1.1" 200 46521 "https://www.citadela.hr/kuce/petrcane-punta-skala-vikendica-s-3-apartmana-i-pogledom-na-more" "Mozilla/5.0 (Linux; Android 9; Redmi Note 7) AppleWebKit/537.36 (KHTML, like Gecko) Chrome/76.0.3809.111 Mobile Safari/537.36"
151.18.81.214 - - [27/Aug/2019:18:16:44 +0000] "GET /uploads/thumbnails/5515c929a61cee595d6c147fd2c1aff0.jpg HTTP/1.1" 200 61638 "https://www.citadela.hr/kuce/petrcane-punta-skala-vikendica-s-3-apartmana-i-pogledom-na-more" "Mozilla/5.0 (Linux; Android 9; Redmi Note 7) AppleWebKit/537.36 (KHTML, like Gecko) Chrome/76.0.3809.111 Mobile Safari/537.36"
151.18.81.214 - - [27/Aug/2019:18:16:44 +0000] "GET /uploads/thumbnails/ea94c49034b8aa4908acc74b7b1118b4.jpg HTTP/1.1" 200 62816 "https://www.citadela.hr/kuce/petrcane-punta-skala-vikendica-s-3-apartmana-i-pogledom-na-more" "Mozilla/5.0 (Linux; Android 9; Redmi Note 7) AppleWebKit/537.36 (KHTML, like Gecko) Chrome/76.0.3809.111 Mobile Safari/537.36"
151.18.81.214 - - [27/Aug/2019:18:16:45 +0000] "GET /uploads/thumbnails/9df70e89b65d59403b1575732fffe9be.jpg HTTP/1.1" 200 72086 "https://www.citadela.hr/kuce/petrcane-punta-skala-vikendica-s-3-apartmana-i-pogledom-na-more" "Mozilla/5.0 (Linux; Android 9; Redmi Note 7) AppleWebKit/537.36 (KHTML, like Gecko) Chrome/76.0.3809.111 Mobile Safari/537.36"
151.18.81.214 - - [27/Aug/2019:18:16:45 +0000] "GET /uploads/thumbnails/149f89c7f29bee2faba7bf5b95e8017c.jpg HTTP/1.1" 200 50997 "https://www.citadela.hr/kuce/petrcane-punta-skala-vikendica-s-3-apartmana-i-pogledom-na-more" "Mozilla/5.0 (Linux; Android 9; Redmi Note 7) AppleWebKit/537.36 (KHTML, like Gecko) Chrome/76.0.3809.111 Mobile Safari/537.36"
151.18.81.214 - - [27/Aug/2019:18:16:45 +0000] "GET /uploads/thumbnails/1ebd91238b8df215b605508c48769520.jpg HTTP/1.1" 200 70680 "https://www.citadela.hr/kuce/petrcane-punta-skala-vikendica-s-3-apartmana-i-pogledom-na-more" "Mozilla/5.0 (Linux; Android 9; Redmi Note 7) AppleWebKit/537.36 (KHTML, like Gecko) Chrome/76.0.3809.111 Mobile Safari/537.36"
151.18.81.214 - - [27/Aug/2019:18:16:45 +0000] "GET /uploads/thumbnails/ca770c9bb6f290eda7f4af92675247ef.jpg HTTP/1.1" 200 33063 "https://www.citadela.hr/kuce/petrcane-punta-skala-vikendica-s-3-apartmana-i-pogledom-na-more" "Mozilla/5.0 (Linux; Android 9; Redmi Note 7) AppleWebKit/537.36 (KHTML, like Gecko) Chrome/76.0.3809.111 Mobile Safari/537.36"
151.18.81.214 - - [27/Aug/2019:18:16:45 +0000] "GET /uploads/thumbnails/e68c0d86241f8b7c1660390bedbdfc4a.jpg HTTP/1.1" 200 53864 "https://www.citadela.hr/kuce/petrcane-punta-skala-vikendica-s-3-apartmana-i-pogledom-na-more" "Mozilla/5.0 (Linux; Android 9; Redmi Note 7) AppleWebKit/537.36 (KHTML, like Gecko) Chrome/76.0.3809.111 Mobile Safari/537.36"
151.18.81.214 - - [27/Aug/2019:18:16:45 +0000] "GET /uploads/thumbnails/b5bc222554bca8fa7917de2de05971cc.jpg HTTP/1.1" 200 33918 "https://www.citadela.hr/kuce/petrcane-punta-skala-vikendica-s-3-apartmana-i-pogledom-na-more" "Mozilla/5.0 (Linux; Android 9; Redmi Note 7) AppleWebKit/537.36 (KHTML, like Gecko) Chrome/76.0.3809.111 Mobile Safari/537.36"
151.18.81.214 - - [27/Aug/2019:18:16:45 +0000] "GET /uploads/thumbnails/28c9a0d093c3c90ca4d016ae76730aa7.jpg HTTP/1.1" 200 34860 "https://www.citadela.hr/kuce/petrcane-punta-skala-vikendica-s-3-apartmana-i-pogledom-na-more" "Mozilla/5.0 (Linux; Android 9; Redmi Note 7) AppleWebKit/537.36 (KHTML, like Gecko) Chrome/76.0.3809.111 Mobile Safari/537.36"
151.18.81.214 - - [27/Aug/2019:18:16:45 +0000] "GET /uploads/thumbnails/ecdf3c7f545e48cfbf5fd4abd73b6893.jpg HTTP/1.1" 200 48798 "https://www.citadela.hr/kuce/petrcane-punta-skala-vikendica-s-3-apartmana-i-pogledom-na-more" "Mozilla/5.0 (Linux; Android 9; Redmi Note 7) AppleWebKit/537.36 (KHTML, like Gecko) Chrome/76.0.3809.111 Mobile Safari/537.36"
151.18.81.214 - - [27/Aug/2019:18:16:45 +0000] "GET /uploads/thumbnails/cd9b3548ca220c5c4552c6b333b6c999.jpg HTTP/1.1" 200 39472 "https://www.citadela.hr/kuce/petrcane-punta-skala-vikendica-s-3-apartmana-i-pogledom-na-more" "Mozilla/5.0 (Linux; Android 9; Redmi Note 7) AppleWebKit/537.36 (KHTML, like Gecko) Chrome/76.0.3809.111 Mobile Safari/537.36"
151.18.81.214 - - [27/Aug/2019:18:16:45 +0000] "GET /uploads/thumbnails/dbc4a59152c908d1b7f89d94f19ea052.JPG HTTP/1.1" 200 47765 "https://www.citadela.hr/kuce/petrcane-punta-skala-vikendica-s-3-apartmana-i-pogledom-na-more" "Mozilla/5.0 (Linux; Android 9; Redmi Note 7) AppleWebKit/537.36 (KHTML, like Gecko) Chrome/76.0.3809.111 Mobile Safari/537.36"
151.18.81.214 - - [27/Aug/2019:18:16:45 +0000] "GET /uploads/thumbnails/be9b9ea29d5238dda14e57b7feb0a5a8.JPG HTTP/1.1" 200 47742 "https://www.citadela.hr/kuce/petrcane-punta-skala-vikendica-s-3-apartmana-i-pogledom-na-more" "Mozilla/5.0 (Linux; Android 9; Redmi Note 7) AppleWebKit/537.36 (KHTML, like Gecko) Chrome/76.0.3809.111 Mobile Safari/537.36"
151.18.81.214 - - [27/Aug/2019:18:16:45 +0000] "GET /uploads/thumbnails/9dcb5b39cd850e7191a40c0838ce2142.jpg HTTP/1.1" 200 62670 "https://www.citadela.hr/kuce/petrcane-punta-skala-vikendica-s-3-apartmana-i-pogledom-na-more" "Mozilla/5.0 (Linux; Android 9; Redmi Note 7) AppleWebKit/537.36 (KHTML, like Gecko) Chrome/76.0.3809.111 Mobile Safari/537.36"
151.18.81.214 - - [27/Aug/2019:18:16:45 +0000] "GET /img/mate.jpg HTTP/1.1" 200 14037 "https://www.citadela.hr/kuce/petrcane-punta-skala-vikendica-s-3-apartmana-i-pogledom-na-more" "Mozilla/5.0 (Linux; Android 9; Redmi Note 7) AppleWebKit/537.36 (KHTML, like Gecko) Chrome/76.0.3809.111 Mobile Safari/537.36"
151.18.81.214 - - [27/Aug/2019:18:16:45 +0000] "GET /unitegallery/images/cover-grid.png HTTP/1.1" 200 933 "https://www.citadela.hr/unitegallery/css/unite-gallery.css" "Mozilla/5.0 (Linux; Android 9; Redmi Note 7) AppleWebKit/537.36 (KHTML, like Gecko) Chrome/76.0.3809.111 Mobile Safari/537.36"
151.18.81.214 - - [27/Aug/2019:18:16:45 +0000] "GET /unitegallery/images/loader.gif HTTP/1.1" 200 673 "https://www.citadela.hr/unitegallery/css/unite-gallery.css" "Mozilla/5.0 (Linux; Android 9; Redmi Note 7) AppleWebKit/537.36 (KHTML, like Gecko) Chrome/76.0.3809.111 Mobile Safari/537.36"
151.18.81.214 - - [27/Aug/2019:18:16:45 +0000] "GET /unitegallery/images/not_loaded.png HTTP/1.1" 200 858 "https://www.citadela.hr/unitegallery/css/unite-gallery.css" "Mozilla/5.0 (Linux; Android 9; Redmi Note 7) AppleWebKit/537.36 (KHTML, like Gecko) Chrome/76.0.3809.111 Mobile Safari/537.36"
151.18.81.214 - - [27/Aug/2019:18:16:45 +0000] "GET /uploads/thumbnails/b6f97a3060fe1336996caf761ff46b9b.JPG HTTP/1.1" 200 55231 "https://www.citadela.hr/kuce/petrcane-punta-skala-vikendica-s-3-apartmana-i-pogledom-na-more" "Mozilla/5.0 (Linux; Android 9; Redmi Note 7) AppleWebKit/537.36 (KHTML, like Gecko) Chrome/76.0.3809.111 Mobile Safari/537.36"
151.18.81.214 - - [27/Aug/2019:18:16:45 +0000] "GET /unitegallery/images/loader-white1.gif HTTP/1.1" 200 2545 "https://www.citadela.hr/unitegallery/css/unite-gallery.css" "Mozilla/5.0 (Linux; Android 9; Redmi Note 7) AppleWebKit/537.36 (KHTML, like Gecko) Chrome/76.0.3809.111 Mobile Safari/537.36"
151.18.81.214 - - [27/Aug/2019:18:16:45 +0000] "GET /unitegallery/skins/default/slider_arrow_left.png HTTP/1.1" 200 493 "https://www.citadela.hr/unitegallery/css/unite-gallery.css" "Mozilla/5.0 (Linux; Android 9; Redmi Note 7) AppleWebKit/537.36 (KHTML, like Gecko) Chrome/76.0.3809.111 Mobile Safari/537.36"
151.18.81.214 - - [27/Aug/2019:18:16:45 +0000] "GET /unitegallery/images/play-button-square.png HTTP/1.1" 200 4591 "https://www.citadela.hr/unitegallery/css/unite-gallery.css" "Mozilla/5.0 (Linux; Android 9; Redmi Note 7) AppleWebKit/537.36 (KHTML, like Gecko) Chrome/76.0.3809.111 Mobile Safari/537.36"
151.18.81.214 - - [27/Aug/2019:18:16:45 +0000] "GET /unitegallery/skins/default/slider_arrow_right.png HTTP/1.1" 200 505 "https://www.citadela.hr/unitegallery/css/unite-gallery.css" "Mozilla/5.0 (Linux; Android 9; Redmi Note 7) AppleWebKit/537.36 (KHTML, like Gecko) Chrome/76.0.3809.111 Mobile Safari/537.36"
151.18.81.214 - - [27/Aug/2019:18:16:45 +0000] "GET /unitegallery/skins/default/button_fullscreen.png HTTP/1.1" 200 1146 "https://www.citadela.hr/unitegallery/css/unite-gallery.css" "Mozilla/5.0 (Linux; Android 9; Redmi Note 7) AppleWebKit/537.36 (KHTML, like Gecko) Chrome/76.0.3809.111 Mobile Safari/537.36"
151.18.81.214 - - [27/Aug/2019:18:16:45 +0000] "GET /unitegallery/images/loader-black1.gif HTTP/1.1" 200 5855 "https://www.citadela.hr/unitegallery/css/unite-gallery.css" "Mozilla/5.0 (Linux; Android 9; Redmi Note 7) AppleWebKit/537.36 (KHTML, like Gecko) Chrome/76.0.3809.111 Mobile Safari/537.36"
151.18.81.214 - - [27/Aug/2019:18:16:45 +0000] "GET /unitegallery/images/button-close.png HTTP/1.1" 200 7155 "https://www.citadela.hr/unitegallery/css/unite-gallery.css" "Mozilla/5.0 (Linux; Android 9; Redmi Note 7) AppleWebKit/537.36 (KHTML, like Gecko) Chrome/76.0.3809.111 Mobile Safari/537.36"
151.18.81.214 - - [27/Aug/2019:18:16:45 +0000] "GET /uploads/images/7915645d3793ff7eb1db19995ec8cba1.jpg HTTP/1.1" 200 340358 "https://www.citadela.hr/kuce/petrcane-punta-skala-vikendica-s-3-apartmana-i-pogledom-na-more" "Mozilla/5.0 (Linux; Android 9; Redmi Note 7) AppleWebKit/537.36 (KHTML, like Gecko) Chrome/76.0.3809.111 Mobile Safari/537.36"
151.18.81.214 - - [27/Aug/2019:18:16:45 +0000] "GET /uploads/images/f28c4ddee2395a7c3c7630d204227ede.JPG HTTP/1.1" 200 306864 "https://www.citadela.hr/kuce/petrcane-punta-skala-vikendica-s-3-apartmana-i-pogledom-na-more" "Mozilla/5.0 (Linux; Android 9; Redmi Note 7) AppleWebKit/537.36 (KHTML, like Gecko) Chrome/76.0.3809.111 Mobile Safari/537.36"
151.18.81.214 - - [27/Aug/2019:18:16:45 +0000] "GET /uploads/images/b6f97a3060fe1336996caf761ff46b9b.JPG HTTP/1.1" 200 350798 "https://www.citadela.hr/kuce/petrcane-punta-skala-vikendica-s-3-apartmana-i-pogledom-na-more" "Mozilla/5.0 (Linux; Android 9; Redmi Note 7) AppleWebKit/537.36 (KHTML, like Gecko) Chrome/76.0.3809.111 Mobile Safari/537.36"
151.18.81.214 - - [27/Aug/2019:18:16:49 +0000] "GET /uploads/images/8dc6a7ef997a836a35559e81a04c0539.jpg HTTP/1.1" 200 385432 "https://www.citadela.hr/kuce/petrcane-punta-skala-vikendica-s-3-apartmana-i-pogledom-na-more" "Mozilla/5.0 (Linux; Android 9; Redmi Note 7) AppleWebKit/537.36 (KHTML, like Gecko) Chrome/76.0.3809.111 Mobile Safari/537.36"
151.18.81.214 - - [27/Aug/2019:18:16:54 +0000] "GET /uploads/images/5515c929a61cee595d6c147fd2c1aff0.jpg HTTP/1.1" 200 446541 "https://www.citadela.hr/kuce/petrcane-punta-skala-vikendica-s-3-apartmana-i-pogledom-na-more" "Mozilla/5.0 (Linux; Android 9; Redmi Note 7) AppleWebKit/537.36 (KHTML, like Gecko) Chrome/76.0.3809.111 Mobile Safari/537.36"
66.249.66.42 - - [27/Aug/2019:18:16:58 +0000] "GET /hr/pretraga?category=&type=&place=36&area=159&price=300000&surface= HTTP/1.1" 500 4485 "-" "Mozilla/5.0 (Linux; Android 6.0.1; Nexus 5X Build/MMB29P) AppleWebKit/537.36 (KHTML, like Gecko) Chrome/41.0.2272.96 Mobile Safari/537.36 (compatible; Googlebot/2.1; +http://www.google.com/bot.html)"
151.18.81.214 - - [27/Aug/2019:18:16:59 +0000] "GET /uploads/images/ea94c49034b8aa4908acc74b7b1118b4.jpg HTTP/1.1" 200 450406 "https://www.citadela.hr/kuce/petrcane-punta-skala-vikendica-s-3-apartmana-i-pogledom-na-more" "Mozilla/5.0 (Linux; Android 9; Redmi Note 7) AppleWebKit/537.36 (KHTML, like Gecko) Chrome/76.0.3809.111 Mobile Safari/537.36"
151.18.81.214 - - [27/Aug/2019:18:17:00 +0000] "GET /uploads/images/e12e7cbc1ec71089f1fb856a0b4f485d.jpg HTTP/1.1" 200 351192 "https://www.citadela.hr/kuce/petrcane-punta-skala-vikendica-s-3-apartmana-i-pogledom-na-more" "Mozilla/5.0 (Linux; Android 9; Redmi Note 7) AppleWebKit/537.36 (KHTML, like Gecko) Chrome/76.0.3809.111 Mobile Safari/537.36"
151.18.81.214 - - [27/Aug/2019:18:17:01 +0000] "GET /uploads/images/1ebd91238b8df215b605508c48769520.jpg HTTP/1.1" 200 522796 "https://www.citadela.hr/kuce/petrcane-punta-skala-vikendica-s-3-apartmana-i-pogledom-na-more" "Mozilla/5.0 (Linux; Android 9; Redmi Note 7) AppleWebKit/537.36 (KHTML, like Gecko) Chrome/76.0.3809.111 Mobile Safari/537.36"
167.114.210.33 - - [27/Aug/2019:18:17:30 +0000] "GET /uploads/thumbnails/547ae143dd15ff6c97ccd4b4a4eb58c1.jpg HTTP/1.1" 200 42006 "-" "Mozilla/5.0 (Macintosh; Intel Mac OS X 10_12_6) AppleWebKit/537.36 (KHTML, like Gecko) Chrome/63.0.3239.84 Safari/537.36"
167.114.210.33 - - [27/Aug/2019:18:17:30 +0000] "GET /uploads/thumbnails/f28c4ddee2395a7c3c7630d204227ede.JPG HTTP/1.1" 200 46650 "-" "Mozilla/5.0 (Macintosh; Intel Mac OS X 10_12_6) AppleWebKit/537.36 (KHTML, like Gecko) Chrome/63.0.3239.84 Safari/537.36"
167.114.210.33 - - [27/Aug/2019:18:17:32 +0000] "GET /uploads/thumbnails/0e90894cf5c08ae61374d409ab092509.jpg HTTP/1.1" 200 52239 "-" "Mozilla/5.0 (Macintosh; Intel Mac OS X 10_12_6) AppleWebKit/537.36 (KHTML, like Gecko) Chrome/63.0.3239.84 Safari/537.36"
167.114.210.33 - - [27/Aug/2019:18:17:33 +0000] "GET /uploads/thumbnails/c42bfd6c558a7ac6c41421ccc209f5a5.jpg HTTP/1.1" 200 43798 "-" "Mozilla/5.0 (Macintosh; Intel Mac OS X 10_12_6) AppleWebKit/537.36 (KHTML, like Gecko) Chrome/63.0.3239.84 Safari/537.36"
167.114.210.33 - - [27/Aug/2019:18:17:33 +0000] "GET /uploads/thumbnails/cc29133b7cd10d0cd86da60ef5b5dcf4.jpg HTTP/1.1" 200 81491 "-" "Mozilla/5.0 (Macintosh; Intel Mac OS X 10_12_6) AppleWebKit/537.36 (KHTML, like Gecko) Chrome/63.0.3239.84 Safari/537.36"
167.114.210.33 - - [27/Aug/2019:18:17:34 +0000] "GET /uploads/thumbnails/07477cb0f198515487ff5a5a7917e133.jpeg HTTP/1.1" 200 57318 "-" "Mozilla/5.0 (Macintosh; Intel Mac OS X 10_12_6) AppleWebKit/537.36 (KHTML, like Gecko) Chrome/63.0.3239.84 Safari/537.36"
167.114.210.33 - - [27/Aug/2019:18:17:34 +0000] "GET /uploads/thumbnails/bdb290fa375c69e113c38d443c11983d.jpg HTTP/1.1" 200 32661 "-" "Mozilla/5.0 (Macintosh; Intel Mac OS X 10_12_6) AppleWebKit/537.36 (KHTML, like Gecko) Chrome/63.0.3239.84 Safari/537.36"
167.114.210.33 - - [27/Aug/2019:18:17:35 +0000] "GET /uploads/thumbnails/97fbad5d2a6228e6d05ce735017cd87b.jpg HTTP/1.1" 200 42996 "-" "Mozilla/5.0 (Macintosh; Intel Mac OS X 10_12_6) AppleWebKit/537.36 (KHTML, like Gecko) Chrome/63.0.3239.84 Safari/537.36"
66.249.66.44 - - [27/Aug/2019:18:17:58 +0000] "GET /pretraga?category=&type=&place=46&area=&price=500000&surface=200 HTTP/1.1" 500 4485 "-" "Mozilla/5.0 (Linux; Android 6.0.1; Nexus 5X Build/MMB29P) AppleWebKit/537.36 (KHTML, like Gecko) Chrome/41.0.2272.96 Mobile Safari/537.36 (compatible; Googlebot/2.1; +http://www.google.com/bot.html)"
66.249.66.46 - - [27/Aug/2019:18:18:58 +0000] "GET /pretraga?category=&type=&place=58&area=160&price=1000000&surface=50 HTTP/1.1" 500 4485 "-" "Mozilla/5.0 (Linux; Android 6.0.1; Nexus 5X Build/MMB29P) AppleWebKit/537.36 (KHTML, like Gecko) Chrome/41.0.2272.96 Mobile Safari/537.36 (compatible; Googlebot/2.1; +http://www.google.com/bot.html)"
66.249.66.42 - - [27/Aug/2019:18:19:58 +0000] "GET /en/search?category=&type=&place=11&area=&price=200000&surface=10 HTTP/1.1" 500 4485 "-" "Mozilla/5.0 (Linux; Android 6.0.1; Nexus 5X Build/MMB29P) AppleWebKit/537.36 (KHTML, like Gecko) Chrome/41.0.2272.96 Mobile Safari/537.36 (compatible; Googlebot/2.1; +http://www.google.com/bot.html)"
46.229.168.130 - - [27/Aug/2019:18:20:26 +0000] "GET /robots.txt HTTP/1.1" 200 24 "-" "Mozilla/5.0 (compatible; SemrushBot/6~bl; +http://www.semrush.com/bot.html)"
46.229.168.149 - - [27/Aug/2019:18:20:27 +0000] "GET /hr/zemljista/sv-filip-i-jakov-gradevinsko-zemljiste-u-blizini-mora-490-m2 HTTP/1.1" 200 5397 "-" "Mozilla/5.0 (compatible; SemrushBot/6~bl; +http://www.semrush.com/bot.html)"
66.249.66.42 - - [27/Aug/2019:18:20:57 +0000] "GET /hr/pretraga?category=&type=&place=58&area=&price=100000&surface=10 HTTP/1.1" 500 4485 "-" "Mozilla/5.0 (Linux; Android 6.0.1; Nexus 5X Build/MMB29P) AppleWebKit/537.36 (KHTML, like Gecko) Chrome/41.0.2272.96 Mobile Safari/537.36 (compatible; Googlebot/2.1; +http://www.google.com/bot.html)"
66.249.66.42 - - [27/Aug/2019:18:21:02 +0000] "GET /en/search?category=&type=&place=&area=122&price=200000&surface=10&page=4 HTTP/1.1" 200 3968 "-" "Mozilla/5.0 (Linux; Android 6.0.1; Nexus 5X Build/MMB29P) AppleWebKit/537.36 (KHTML, like Gecko) Chrome/41.0.2272.96 Mobile Safari/537.36 (compatible; Googlebot/2.1; +http://www.google.com/bot.html)"
66.249.66.44 - - [27/Aug/2019:18:21:58 +0000] "GET /pretraga?category=&type=&place=36&area=166&price=100000&surface=200 HTTP/1.1" 500 4485 "-" "Mozilla/5.0 (Linux; Android 6.0.1; Nexus 5X Build/MMB29P) AppleWebKit/537.36 (KHTML, like Gecko) Chrome/41.0.2272.96 Mobile Safari/537.36 (compatible; Googlebot/2.1; +http://www.google.com/bot.html)"
23.100.232.233 - - [27/Aug/2019:18:22:00 +0000] "GET / HTTP/1.1" 200 5820 "-" "Mozilla/5.0 (compatible; MSIE 9.0; Windows NT 6.1; Trident/5.0; Trident/5.0)"
23.100.232.233 - - [27/Aug/2019:18:22:00 +0000] "GET /css/bootstrap.css HTTP/1.1" 200 20712 "https://www.citadela.hr/" "Mozilla/5.0 (compatible; MSIE 9.0; Windows NT 6.1; Trident/5.0; Trident/5.0)"
23.100.232.233 - - [27/Aug/2019:18:22:01 +0000] "GET /css/font-awesome.css HTTP/1.1" 200 7439 "https://www.citadela.hr/" "Mozilla/5.0 (compatible; MSIE 9.0; Windows NT 6.1; Trident/5.0; Trident/5.0)"
23.100.232.233 - - [27/Aug/2019:18:22:01 +0000] "GET /css/style.css?v=2 HTTP/1.1" 200 17441 "https://www.citadela.hr/" "Mozilla/5.0 (compatible; MSIE 9.0; Windows NT 6.1; Trident/5.0; Trident/5.0)"
23.100.232.233 - - [27/Aug/2019:18:22:01 +0000] "GET /fonts/flaticon.css HTTP/1.1" 200 699 "https://www.citadela.hr/" "Mozilla/5.0 (compatible; MSIE 9.0; Windows NT 6.1; Trident/5.0; Trident/5.0)"
23.100.232.233 - - [27/Aug/2019:18:22:02 +0000] "GET /css/jslider.css HTTP/1.1" 200 763 "https://www.citadela.hr/" "Mozilla/5.0 (compatible; MSIE 9.0; Windows NT 6.1; Trident/5.0; Trident/5.0)"
23.100.232.233 - - [27/Aug/2019:18:22:02 +0000] "GET /css/colors/blue.css?v=2 HTTP/1.1" 200 3552 "https://www.citadela.hr/" "Mozilla/5.0 (compatible; MSIE 9.0; Windows NT 6.1; Trident/5.0; Trident/5.0)"
23.100.232.233 - - [27/Aug/2019:18:22:02 +0000] "GET /css/loader.css?v=2 HTTP/1.1" 200 772 "https://www.citadela.hr/" "Mozilla/5.0 (compatible; MSIE 9.0; Windows NT 6.1; Trident/5.0; Trident/5.0)"
23.100.232.233 - - [27/Aug/2019:18:22:02 +0000] "GET /assets/plugins/flag/css/flag-icon.css HTTP/1.1" 200 2837 "https://www.citadela.hr/" "Mozilla/5.0 (compatible; MSIE 9.0; Windows NT 6.1; Trident/5.0; Trident/5.0)"
23.100.232.233 - - [27/Aug/2019:18:22:02 +0000] "GET /uploads/thumbnails/42c15dd15f418344ccc035d6003dd670.jpeg HTTP/1.1" 200 56902 "https://www.citadela.hr/" "Mozilla/5.0 (compatible; MSIE 9.0; Windows NT 6.1; Trident/5.0; Trident/5.0)"
23.100.232.233 - - [27/Aug/2019:18:22:02 +0000] "GET /uploads/thumbnails/3c55f605d3f0b0e63c055493db2ef6cb.jpg HTTP/1.1" 200 51114 "https://www.citadela.hr/" "Mozilla/5.0 (compatible; MSIE 9.0; Windows NT 6.1; Trident/5.0; Trident/5.0)"
23.100.232.233 - - [27/Aug/2019:18:22:02 +0000] "GET /css/responsive.css HTTP/1.1" 200 2788 "https://www.citadela.hr/" "Mozilla/5.0 (compatible; MSIE 9.0; Windows NT 6.1; Trident/5.0; Trident/5.0)"
23.100.232.233 - - [27/Aug/2019:18:22:03 +0000] "GET /img/logo_header.png?v=2 HTTP/1.1" 200 4348 "https://www.citadela.hr/" "Mozilla/5.0 (compatible; MSIE 9.0; Windows NT 6.1; Trident/5.0; Trident/5.0)"
23.100.232.233 - - [27/Aug/2019:18:22:03 +0000] "GET /uploads/thumbnails/d88237410243ed4f971cfca527be5367.jpg HTTP/1.1" 200 53585 "https://www.citadela.hr/" "Mozilla/5.0 (compatible; MSIE 9.0; Windows NT 6.1; Trident/5.0; Trident/5.0)"
23.100.232.233 - - [27/Aug/2019:18:22:03 +0000] "GET /css/owl.css HTTP/1.1" 200 1348 "https://www.citadela.hr/" "Mozilla/5.0 (compatible; MSIE 9.0; Windows NT 6.1; Trident/5.0; Trident/5.0)"
23.100.232.233 - - [27/Aug/2019:18:22:04 +0000] "GET /css/jquery.fancybox.css HTTP/1.1" 200 1434 "https://www.citadela.hr/" "Mozilla/5.0 (compatible; MSIE 9.0; Windows NT 6.1; Trident/5.0; Trident/5.0)"
23.100.232.233 - - [27/Aug/2019:18:22:04 +0000] "GET /css/animate.min.css HTTP/1.1" 200 4242 "https://www.citadela.hr/" "Mozilla/5.0 (compatible; MSIE 9.0; Windows NT 6.1; Trident/5.0; Trident/5.0)"
23.100.232.233 - - [27/Aug/2019:18:22:06 +0000] "GET /css/bootstrap.css HTTP/1.1" 200 20712 "https://www.citadela.hr/" "Mozilla/5.0 (compatible; MSIE 9.0; Windows NT 6.1; Trident/5.0; Trident/5.0)"
23.100.232.233 - - [27/Aug/2019:18:22:06 +0000] "GET /uploads/thumbnails/637f734f3f66250d52f27e7aa9a9c97d.jpg HTTP/1.1" 200 66236 "https://www.citadela.hr/" "Mozilla/5.0 (compatible; MSIE 9.0; Windows NT 6.1; Trident/5.0; Trident/5.0)"
23.100.232.233 - - [27/Aug/2019:18:22:06 +0000] "GET /uploads/thumbnails/e2f85641f091607835ef1e2c65529c2a.jpg HTTP/1.1" 200 44139 "https://www.citadela.hr/" "Mozilla/5.0 (compatible; MSIE 9.0; Windows NT 6.1; Trident/5.0; Trident/5.0)"
23.100.232.233 - - [27/Aug/2019:18:22:06 +0000] "GET /uploads/thumbnails/c29da346589ecace8f77a2de714c55d5.jpg HTTP/1.1" 200 60477 "https://www.citadela.hr/" "Mozilla/5.0 (compatible; MSIE 9.0; Windows NT 6.1; Trident/5.0; Trident/5.0)"
23.100.232.233 - - [27/Aug/2019:18:22:06 +0000] "GET /css/style.css?v=2 HTTP/1.1" 200 17441 "https://www.citadela.hr/" "Mozilla/5.0 (compatible; MSIE 9.0; Windows NT 6.1; Trident/5.0; Trident/5.0)"
23.100.232.233 - - [27/Aug/2019:18:22:07 +0000] "GET /js/bootstrap.min.js HTTP/1.1" 200 9833 "https://www.citadela.hr/" "Mozilla/5.0 (compatible; MSIE 9.0; Windows NT 6.1; Trident/5.0; Trident/5.0)"
23.100.232.233 - - [27/Aug/2019:18:22:07 +0000] "GET /js/jquery.min.js HTTP/1.1" 200 33760 "https://www.citadela.hr/" "Mozilla/5.0 (compatible; MSIE 9.0; Windows NT 6.1; Trident/5.0; Trident/5.0)"
23.100.232.233 - - [27/Aug/2019:18:22:07 +0000] "GET /js/YouTubePopUp.jquery.js HTTP/1.1" 200 967 "https://www.citadela.hr/" "Mozilla/5.0 (compatible; MSIE 9.0; Windows NT 6.1; Trident/5.0; Trident/5.0)"
23.100.232.233 - - [27/Aug/2019:18:22:07 +0000] "GET /css/font-awesome.css HTTP/1.1" 200 7439 "https://www.citadela.hr/" "Mozilla/5.0 (compatible; MSIE 9.0; Windows NT 6.1; Trident/5.0; Trident/5.0)"
23.100.232.233 - - [27/Aug/2019:18:22:08 +0000] "GET /js/jquery.fancybox-media.js HTTP/1.1" 200 1973 "https://www.citadela.hr/" "Mozilla/5.0 (compatible; MSIE 9.0; Windows NT 6.1; Trident/5.0; Trident/5.0)"
23.100.232.233 - - [27/Aug/2019:18:22:08 +0000] "GET /js/owl.js HTTP/1.1" 200 17545 "https://www.citadela.hr/" "Mozilla/5.0 (compatible; MSIE 9.0; Windows NT 6.1; Trident/5.0; Trident/5.0)"
23.100.232.233 - - [27/Aug/2019:18:22:08 +0000] "GET /js/mixitup.js HTTP/1.1" 200 11347 "https://www.citadela.hr/" "Mozilla/5.0 (compatible; MSIE 9.0; Windows NT 6.1; Trident/5.0; Trident/5.0)"
23.100.232.233 - - [27/Aug/2019:18:22:08 +0000] "GET /fonts/flaticon.css HTTP/1.1" 200 699 "https://www.citadela.hr/" "Mozilla/5.0 (compatible; MSIE 9.0; Windows NT 6.1; Trident/5.0; Trident/5.0)"
23.100.232.233 - - [27/Aug/2019:18:22:09 +0000] "GET /js/jquery.numberformatter-1.2.3.js HTTP/1.1" 200 4697 "https://www.citadela.hr/" "Mozilla/5.0 (compatible; MSIE 9.0; Windows NT 6.1; Trident/5.0; Trident/5.0)"
23.100.232.233 - - [27/Aug/2019:18:22:09 +0000] "GET /js/jshashtable-2.1_src.js HTTP/1.1" 200 2957 "https://www.citadela.hr/" "Mozilla/5.0 (compatible; MSIE 9.0; Windows NT 6.1; Trident/5.0; Trident/5.0)"
23.100.232.233 - - [27/Aug/2019:18:22:09 +0000] "GET /js/jquery.dependClass-0.1.js HTTP/1.1" 200 458 "https://www.citadela.hr/" "Mozilla/5.0 (compatible; MSIE 9.0; Windows NT 6.1; Trident/5.0; Trident/5.0)"
23.100.232.233 - - [27/Aug/2019:18:22:09 +0000] "GET /css/colors/blue.css?v=2 HTTP/1.1" 200 3552 "https://www.citadela.hr/" "Mozilla/5.0 (compatible; MSIE 9.0; Windows NT 6.1; Trident/5.0; Trident/5.0)"
23.100.232.233 - - [27/Aug/2019:18:22:10 +0000] "GET /js/jquery.slider.js HTTP/1.1" 200 4772 "https://www.citadela.hr/" "Mozilla/5.0 (compatible; MSIE 9.0; Windows NT 6.1; Trident/5.0; Trident/5.0)"
23.100.232.233 - - [27/Aug/2019:18:22:10 +0000] "GET /js/jquery.barrating.js HTTP/1.1" 200 4280 "https://www.citadela.hr/" "Mozilla/5.0 (compatible; MSIE 9.0; Windows NT 6.1; Trident/5.0; Trident/5.0)"
23.100.232.233 - - [27/Aug/2019:18:22:11 +0000] "GET /css/jslider.css HTTP/1.1" 200 763 "https://www.citadela.hr/" "Mozilla/5.0 (compatible; MSIE 9.0; Windows NT 6.1; Trident/5.0; Trident/5.0)"
23.100.232.233 - - [27/Aug/2019:18:22:11 +0000] "GET /img/slider/fixed-slider.png HTTP/1.1" 200 436232 "https://www.citadela.hr/" "Mozilla/5.0 (compatible; MSIE 9.0; Windows NT 6.1; Trident/5.0; Trident/5.0)"
23.100.232.233 - - [27/Aug/2019:18:22:11 +0000] "GET /img/category_grid/miami.png HTTP/1.1" 200 306196 "https://www.citadela.hr/" "Mozilla/5.0 (compatible; MSIE 9.0; Windows NT 6.1; Trident/5.0; Trident/5.0)"
23.100.232.233 - - [27/Aug/2019:18:22:12 +0000] "GET /css/responsive.css HTTP/1.1" 200 2788 "https://www.citadela.hr/" "Mozilla/5.0 (compatible; MSIE 9.0; Windows NT 6.1; Trident/5.0; Trident/5.0)"
23.100.232.233 - - [27/Aug/2019:18:22:12 +0000] "GET /img/category_grid/newyork.png HTTP/1.1" 200 68457 "https://www.citadela.hr/" "Mozilla/5.0 (compatible; MSIE 9.0; Windows NT 6.1; Trident/5.0; Trident/5.0)"
23.100.232.233 - - [27/Aug/2019:18:22:13 +0000] "GET /img/category_grid/chicago.png HTTP/1.1" 200 98081 "https://www.citadela.hr/" "Mozilla/5.0 (compatible; MSIE 9.0; Windows NT 6.1; Trident/5.0; Trident/5.0)"
23.100.232.233 - - [27/Aug/2019:18:22:13 +0000] "GET /img/category_grid/losangeles.png HTTP/1.1" 200 140282 "https://www.citadela.hr/" "Mozilla/5.0 (compatible; MSIE 9.0; Windows NT 6.1; Trident/5.0; Trident/5.0)"
23.100.232.233 - - [27/Aug/2019:18:22:14 +0000] "GET /img/logo_footer.png HTTP/1.1" 200 4213 "https://www.citadela.hr/" "Mozilla/5.0 (compatible; MSIE 9.0; Windows NT 6.1; Trident/5.0; Trident/5.0)"
23.100.232.233 - - [27/Aug/2019:18:22:14 +0000] "GET /js/bootstrap-select.js HTTP/1.1" 200 15633 "https://www.citadela.hr/" "Mozilla/5.0 (compatible; MSIE 9.0; Windows NT 6.1; Trident/5.0; Trident/5.0)"
23.100.232.233 - - [27/Aug/2019:18:22:14 +0000] "GET /js/wow.js HTTP/1.1" 200 2198 "https://www.citadela.hr/" "Mozilla/5.0 (compatible; MSIE 9.0; Windows NT 6.1; Trident/5.0; Trident/5.0)"
23.100.232.233 - - [27/Aug/2019:18:22:14 +0000] "GET /css/loader.css?v=2 HTTP/1.1" 200 772 "https://www.citadela.hr/" "Mozilla/5.0 (compatible; MSIE 9.0; Windows NT 6.1; Trident/5.0; Trident/5.0)"
23.100.232.233 - - [27/Aug/2019:18:22:15 +0000] "GET /js/draggable-0.1.js HTTP/1.1" 200 1326 "https://www.citadela.hr/" "Mozilla/5.0 (compatible; MSIE 9.0; Windows NT 6.1; Trident/5.0; Trident/5.0)"
23.100.232.233 - - [27/Aug/2019:18:22:15 +0000] "GET /js/custom.js HTTP/1.1" 200 5159 "https://www.citadela.hr/" "Mozilla/5.0 (compatible; MSIE 9.0; Windows NT 6.1; Trident/5.0; Trident/5.0)"
23.100.232.233 - - [27/Aug/2019:18:22:15 +0000] "GET /assets/plugins/flag/css/flag-icon.css HTTP/1.1" 200 2837 "https://www.citadela.hr/" "Mozilla/5.0 (compatible; MSIE 9.0; Windows NT 6.1; Trident/5.0; Trident/5.0)"
23.100.232.233 - - [27/Aug/2019:18:22:15 +0000] "GET /assets/plugins/flag/flags/4x3/hr.svg HTTP/1.1" 200 80697 "https://www.citadela.hr/" "Mozilla/5.0 (compatible; MSIE 9.0; Windows NT 6.1; Trident/5.0; Trident/5.0)"
23.100.232.233 - - [27/Aug/2019:18:22:16 +0000] "GET /js/jquery.fancybox.pack.js HTTP/1.1" 200 8634 "https://www.citadela.hr/" "Mozilla/5.0 (compatible; MSIE 9.0; Windows NT 6.1; Trident/5.0; Trident/5.0)"
23.100.232.233 - - [27/Aug/2019:18:22:16 +0000] "GET /img/banner/house-closing.png HTTP/1.1" 200 691258 "https://www.citadela.hr/" "Mozilla/5.0 (compatible; MSIE 9.0; Windows NT 6.1; Trident/5.0; Trident/5.0)"
23.100.232.233 - - [27/Aug/2019:18:22:17 +0000] "GET /js/tmpl.js HTTP/1.1" 200 625 "https://www.citadela.hr/" "Mozilla/5.0 (compatible; MSIE 9.0; Windows NT 6.1; Trident/5.0; Trident/5.0)"
23.100.232.233 - - [27/Aug/2019:18:22:19 +0000] "GET /assets/plugins/flag/flags/4x3/gb.svg HTTP/1.1" 200 989 "https://www.citadela.hr/" "Mozilla/5.0 (compatible; MSIE 9.0; Windows NT 6.1; Trident/5.0; Trident/5.0)"
66.249.66.46 - - [27/Aug/2019:18:22:58 +0000] "GET /hr/pretraga?category=&place=3&price=500000&surface=50 HTTP/1.1" 500 4485 "-" "Mozilla/5.0 (Linux; Android 6.0.1; Nexus 5X Build/MMB29P) AppleWebKit/537.36 (KHTML, like Gecko) Chrome/41.0.2272.96 Mobile Safari/537.36 (compatible; Googlebot/2.1; +http://www.google.com/bot.html)"
66.249.66.42 - - [27/Aug/2019:18:23:58 +0000] "GET /hr/pretraga?category=&type=&place=4&area=&price=300000&surface=10 HTTP/1.1" 500 4485 "-" "Mozilla/5.0 (Linux; Android 6.0.1; Nexus 5X Build/MMB29P) AppleWebKit/537.36 (KHTML, like Gecko) Chrome/41.0.2272.96 Mobile Safari/537.36 (compatible; Googlebot/2.1; +http://www.google.com/bot.html)"
66.249.66.44 - - [27/Aug/2019:18:24:58 +0000] "GET /hr/pretraga?category=&type=&place=36&area=167&price=200000&surface=10 HTTP/1.1" 500 4485 "-" "Mozilla/5.0 (Linux; Android 6.0.1; Nexus 5X Build/MMB29P) AppleWebKit/537.36 (KHTML, like Gecko) Chrome/41.0.2272.96 Mobile Safari/537.36 (compatible; Googlebot/2.1; +http://www.google.com/bot.html)"
66.249.66.42 - - [27/Aug/2019:18:25:58 +0000] "GET /pretraga?category=&type=&place=58&area=160&price=1000000&surface=200 HTTP/1.1" 500 4485 "-" "Mozilla/5.0 (Linux; Android 6.0.1; Nexus 5X Build/MMB29P) AppleWebKit/537.36 (KHTML, like Gecko) Chrome/41.0.2272.96 Mobile Safari/537.36 (compatible; Googlebot/2.1; +http://www.google.com/bot.html)"
66.249.66.46 - - [27/Aug/2019:18:26:58 +0000] "GET /hr/pretraga?category=&type=&place=36&area=165&price=&surface=10 HTTP/1.1" 500 4485 "-" "Mozilla/5.0 (Linux; Android 6.0.1; Nexus 5X Build/MMB29P) AppleWebKit/537.36 (KHTML, like Gecko) Chrome/41.0.2272.96 Mobile Safari/537.36 (compatible; Googlebot/2.1; +http://www.google.com/bot.html)"
66.249.66.44 - - [27/Aug/2019:18:27:58 +0000] "GET /en/search?category=&type=&place=37&area=157&price=100000&surface= HTTP/1.1" 500 4485 "-" "Mozilla/5.0 (Linux; Android 6.0.1; Nexus 5X Build/MMB29P) AppleWebKit/537.36 (KHTML, like Gecko) Chrome/41.0.2272.96 Mobile Safari/537.36 (compatible; Googlebot/2.1; +http://www.google.com/bot.html)"
66.249.66.42 - - [27/Aug/2019:18:29:58 +0000] "GET /en/search?category=&type=&place=36&area=173&price=300000&surface=100 HTTP/1.1" 500 4485 "-" "Mozilla/5.0 (Linux; Android 6.0.1; Nexus 5X Build/MMB29P) AppleWebKit/537.36 (KHTML, like Gecko) Chrome/41.0.2272.96 Mobile Safari/537.36 (compatible; Googlebot/2.1; +http://www.google.com/bot.html)"
66.249.66.44 - - [27/Aug/2019:18:30:58 +0000] "GET /pretraga?category=&type=&place=36&area=160&price=300000&surface=10 HTTP/1.1" 500 4485 "-" "Mozilla/5.0 (Linux; Android 6.0.1; Nexus 5X Build/MMB29P) AppleWebKit/537.36 (KHTML, like Gecko) Chrome/41.0.2272.96 Mobile Safari/537.36 (compatible; Googlebot/2.1; +http://www.google.com/bot.html)"
66.249.66.44 - - [27/Aug/2019:18:31:57 +0000] "GET /hr/pretraga?category=&type=&place=46&area=&price=100000&surface=10 HTTP/1.1" 500 4485 "-" "Mozilla/5.0 (Linux; Android 6.0.1; Nexus 5X Build/MMB29P) AppleWebKit/537.36 (KHTML, like Gecko) Chrome/41.0.2272.96 Mobile Safari/537.36 (compatible; Googlebot/2.1; +http://www.google.com/bot.html)"
66.249.66.42 - - [27/Aug/2019:18:32:58 +0000] "GET /hr/pretraga?category=&type=&place=13&area=&price=100000&surface=10 HTTP/1.1" 500 4485 "-" "Mozilla/5.0 (Linux; Android 6.0.1; Nexus 5X Build/MMB29P) AppleWebKit/537.36 (KHTML, like Gecko) Chrome/41.0.2272.96 Mobile Safari/537.36 (compatible; Googlebot/2.1; +http://www.google.com/bot.html)"
66.249.66.42 - - [27/Aug/2019:18:33:59 +0000] "GET /pretraga?category=&type=&place=48&area=233&price=50000&surface=10 HTTP/1.1" 200 3982 "-" "Mozilla/5.0 (Linux; Android 6.0.1; Nexus 5X Build/MMB29P) AppleWebKit/537.36 (KHTML, like Gecko) Chrome/41.0.2272.96 Mobile Safari/537.36 (compatible; Googlebot/2.1; +http://www.google.com/bot.html)"
66.249.66.44 - - [27/Aug/2019:18:34:58 +0000] "GET /en/search?category=&type=&place=46&area=&price=&surface=200 HTTP/1.1" 500 4485 "-" "Mozilla/5.0 (Linux; Android 6.0.1; Nexus 5X Build/MMB29P) AppleWebKit/537.36 (KHTML, like Gecko) Chrome/41.0.2272.96 Mobile Safari/537.36 (compatible; Googlebot/2.1; +http://www.google.com/bot.html)"
51.254.44.185 - - [27/Aug/2019:18:39:46 +0000] "GET /uploads/thumbnails/d52956ef8448d2edf5c7a3d817166db1.JPG HTTP/1.1" 200 20441 "-" "Mozilla/5.0 (Macintosh; Intel Mac OS X 10_12_6) AppleWebKit/537.36 (KHTML, like Gecko) Chrome/63.0.3239.84 Safari/537.36"
51.254.44.185 - - [27/Aug/2019:18:39:46 +0000] "GET /uploads/thumbnails/47ec5f496d85f7f4ce356ce2d243c55b.jpg HTTP/1.1" 200 39188 "-" "Mozilla/5.0 (Macintosh; Intel Mac OS X 10_12_6) AppleWebKit/537.36 (KHTML, like Gecko) Chrome/63.0.3239.84 Safari/537.36"
66.249.66.46 - - [27/Aug/2019:18:41:58 +0000] "GET /pretraga?category=&type=&place=36&area=168&price=200000&surface=200 HTTP/1.1" 500 4485 "-" "Mozilla/5.0 (Linux; Android 6.0.1; Nexus 5X Build/MMB29P) AppleWebKit/537.36 (KHTML, like Gecko) Chrome/41.0.2272.96 Mobile Safari/537.36 (compatible; Googlebot/2.1; +http://www.google.com/bot.html)"
66.249.66.44 - - [27/Aug/2019:18:42:58 +0000] "GET /en/search?category=&place=3&price=1000000&surface= HTTP/1.1" 500 4485 "-" "Mozilla/5.0 (Linux; Android 6.0.1; Nexus 5X Build/MMB29P) AppleWebKit/537.36 (KHTML, like Gecko) Chrome/41.0.2272.96 Mobile Safari/537.36 (compatible; Googlebot/2.1; +http://www.google.com/bot.html)"
66.249.66.46 - - [27/Aug/2019:18:44:58 +0000] "GET /hr/pretraga?category=&type=&place=10&area=&price=50000&surface=100 HTTP/1.1" 500 4485 "-" "Mozilla/5.0 (Linux; Android 6.0.1; Nexus 5X Build/MMB29P) AppleWebKit/537.36 (KHTML, like Gecko) Chrome/41.0.2272.96 Mobile Safari/537.36 (compatible; Googlebot/2.1; +http://www.google.com/bot.html)"
66.249.66.46 - - [27/Aug/2019:18:45:57 +0000] "GET /hr/pretraga?category=&type=&place=6&area=&price=300000&surface=200 HTTP/1.1" 500 4485 "-" "Mozilla/5.0 (Linux; Android 6.0.1; Nexus 5X Build/MMB29P) AppleWebKit/537.36 (KHTML, like Gecko) Chrome/41.0.2272.96 Mobile Safari/537.36 (compatible; Googlebot/2.1; +http://www.google.com/bot.html)"
66.249.66.42 - - [27/Aug/2019:18:47:58 +0000] "GET /en/search?category=&type=&place=36&area=178&price=500000&surface= HTTP/1.1" 500 4485 "-" "Mozilla/5.0 (Linux; Android 6.0.1; Nexus 5X Build/MMB29P) AppleWebKit/537.36 (KHTML, like Gecko) Chrome/41.0.2272.96 Mobile Safari/537.36 (compatible; Googlebot/2.1; +http://www.google.com/bot.html)"
66.249.66.46 - - [27/Aug/2019:18:48:58 +0000] "GET /en/search?category=&type=&place=58&area=229&price=100000&surface=100 HTTP/1.1" 500 4485 "-" "Mozilla/5.0 (Linux; Android 6.0.1; Nexus 5X Build/MMB29P) AppleWebKit/537.36 (KHTML, like Gecko) Chrome/41.0.2272.96 Mobile Safari/537.36 (compatible; Googlebot/2.1; +http://www.google.com/bot.html)"
66.249.66.46 - - [27/Aug/2019:18:49:57 +0000] "GET /pretraga?category=&type=&place=50&area=&price=300000&surface=100 HTTP/1.1" 500 4485 "-" "Mozilla/5.0 (Linux; Android 6.0.1; Nexus 5X Build/MMB29P) AppleWebKit/537.36 (KHTML, like Gecko) Chrome/41.0.2272.96 Mobile Safari/537.36 (compatible; Googlebot/2.1; +http://www.google.com/bot.html)"
66.249.66.46 - - [27/Aug/2019:18:50:57 +0000] "GET /hr/pretraga?category=&type=&place=36&area=178&price=50000&surface=100 HTTP/1.1" 500 4485 "-" "Mozilla/5.0 (Linux; Android 6.0.1; Nexus 5X Build/MMB29P) AppleWebKit/537.36 (KHTML, like Gecko) Chrome/41.0.2272.96 Mobile Safari/537.36 (compatible; Googlebot/2.1; +http://www.google.com/bot.html)"
66.249.66.44 - - [27/Aug/2019:18:52:58 +0000] "GET /en/search?category=&type=&place=36&area=229&price=500000&surface=100 HTTP/1.1" 500 4485 "-" "Mozilla/5.0 (Linux; Android 6.0.1; Nexus 5X Build/MMB29P) AppleWebKit/537.36 (KHTML, like Gecko) Chrome/41.0.2272.96 Mobile Safari/537.36 (compatible; Googlebot/2.1; +http://www.google.com/bot.html)"
51.254.44.185 - - [27/Aug/2019:18:53:45 +0000] "GET /stanovi/sibenik-vidici-trosoban-stan-s-garazom-105-m2 HTTP/1.1" 200 5887 "-" "Mozilla/5.0 (Windows; U; Windows NT 5.1; de; rv:1.9.2.3) Gecko/20100401 Firefox/3.6.3"
66.249.66.46 - - [27/Aug/2019:18:53:58 +0000] "GET /pretraga?category=&type=&place=50&area=&price=&surface=200 HTTP/1.1" 500 4485 "-" "Mozilla/5.0 (Linux; Android 6.0.1; Nexus 5X Build/MMB29P) AppleWebKit/537.36 (KHTML, like Gecko) Chrome/41.0.2272.96 Mobile Safari/537.36 (compatible; Googlebot/2.1; +http://www.google.com/bot.html)"
66.249.66.42 - - [27/Aug/2019:18:54:58 +0000] "GET /en/search?category=&type=&place=4&area=&price=50000&surface=100 HTTP/1.1" 500 4485 "-" "Mozilla/5.0 (Linux; Android 6.0.1; Nexus 5X Build/MMB29P) AppleWebKit/537.36 (KHTML, like Gecko) Chrome/41.0.2272.96 Mobile Safari/537.36 (compatible; Googlebot/2.1; +http://www.google.com/bot.html)"
66.249.66.42 - - [27/Aug/2019:18:56:58 +0000] "GET /pretraga?category=&type=&place=37&area=&price=300000&surface=50 HTTP/1.1" 500 4485 "-" "Mozilla/5.0 (Linux; Android 6.0.1; Nexus 5X Build/MMB29P) AppleWebKit/537.36 (KHTML, like Gecko) Chrome/41.0.2272.96 Mobile Safari/537.36 (compatible; Googlebot/2.1; +http://www.google.com/bot.html)"
66.249.66.44 - - [27/Aug/2019:18:57:58 +0000] "GET /pretraga?category=&type=&place=4&area=&price=1000000&surface=100 HTTP/1.1" 500 4485 "-" "Mozilla/5.0 (Linux; Android 6.0.1; Nexus 5X Build/MMB29P) AppleWebKit/537.36 (KHTML, like Gecko) Chrome/41.0.2272.96 Mobile Safari/537.36 (compatible; Googlebot/2.1; +http://www.google.com/bot.html)"
149.202.84.149 - - [27/Aug/2019:18:58:53 +0000] "GET /zemljista?page=2 HTTP/1.1" 200 5266 "-" "Mozilla/5.0 (Windows; U; Windows NT 5.1; de; rv:1.9.2.3) Gecko/20100401 Firefox/3.6.3"
66.249.66.46 - - [27/Aug/2019:18:58:58 +0000] "GET /pretraga?category=&type=&place=19&area=&price=100000&surface=200 HTTP/1.1" 500 4485 "-" "Mozilla/5.0 (Linux; Android 6.0.1; Nexus 5X Build/MMB29P) AppleWebKit/537.36 (KHTML, like Gecko) Chrome/41.0.2272.96 Mobile Safari/537.36 (compatible; Googlebot/2.1; +http://www.google.com/bot.html)"
149.202.84.149 - - [27/Aug/2019:18:59:06 +0000] "GET /zemljista/dugi-otok-zaglav-gradevinsko-zemljiste-prvi-red-do-mora-667-m2 HTTP/1.1" 200 5586 "-" "Mozilla/5.0 (Windows; U; Windows NT 5.1; de; rv:1.9.2.3) Gecko/20100401 Firefox/3.6.3"
149.202.84.149 - - [27/Aug/2019:18:59:16 +0000] "GET /zemljista/sv-filip-i-jakov-zemljiste-2225-m2-pogodno-za-vikendicu-od-30-m2 HTTP/1.1" 200 5379 "-" "Mozilla/5.0 (Windows; U; Windows NT 5.1; de; rv:1.9.2.3) Gecko/20100401 Firefox/3.6.3"
66.249.66.46 - - [27/Aug/2019:18:59:57 +0000] "GET /pretraga?category=&type=&place=37&area=&price=300000&surface= HTTP/1.1" 500 4485 "-" "Mozilla/5.0 (Linux; Android 6.0.1; Nexus 5X Build/MMB29P) AppleWebKit/537.36 (KHTML, like Gecko) Chrome/41.0.2272.96 Mobile Safari/537.36 (compatible; Googlebot/2.1; +http://www.google.com/bot.html)"
149.202.84.149 - - [27/Aug/2019:19:00:06 +0000] "GET /en/lands/starigrad-paklenica-building-plot-1st-row-from-the-sea-1000-m2 HTTP/1.1" 200 5585 "-" "Mozilla/5.0 (Windows; U; Windows NT 5.1; de; rv:1.9.2.3) Gecko/20100401 Firefox/3.6.3"
149.202.84.149 - - [27/Aug/2019:19:00:20 +0000] "GET /zemljista/rovanjska-gradevinsko-zemljiste-pogled-na-more-686-m2 HTTP/1.1" 200 5626 "-" "Mozilla/5.0 (Windows; U; Windows NT 5.1; de; rv:1.9.2.3) Gecko/20100401 Firefox/3.6.3"
66.249.66.44 - - [27/Aug/2019:19:00:58 +0000] "GET /hr/pretraga?category=&type=&place=4&area=&price=50000&surface=100 HTTP/1.1" 500 4485 "-" "Mozilla/5.0 (Linux; Android 6.0.1; Nexus 5X Build/MMB29P) AppleWebKit/537.36 (KHTML, like Gecko) Chrome/41.0.2272.96 Mobile Safari/537.36 (compatible; Googlebot/2.1; +http://www.google.com/bot.html)"
149.202.84.149 - - [27/Aug/2019:19:01:20 +0000] "GET /en/houses/hotel-u-centru-zadra-s-pogledom-na-sv-donat-182-m2 HTTP/1.1" 200 6419 "-" "Mozilla/5.0 (Windows; U; Windows NT 5.1; de; rv:1.9.2.3) Gecko/20100401 Firefox/3.6.3"
66.249.66.42 - - [27/Aug/2019:19:01:25 +0000] "GET /en/search?category=&type=&place=40&area=229&price=50000&surface=100 HTTP/1.1" 200 3877 "-" "Mozilla/5.0 (Linux; Android 6.0.1; Nexus 5X Build/MMB29P) AppleWebKit/537.36 (KHTML, like Gecko) Chrome/41.0.2272.96 Mobile Safari/537.36 (compatible; Googlebot/2.1; +http://www.google.com/bot.html)"
149.202.84.149 - - [27/Aug/2019:19:01:35 +0000] "GET /en/sale HTTP/1.1" 200 4219 "-" "Mozilla/5.0 (Windows; U; Windows NT 5.1; de; rv:1.9.2.3) Gecko/20100401 Firefox/3.6.3"
149.202.84.149 - - [27/Aug/2019:19:01:39 +0000] "GET /en/lands/dugi-rat-sumpetar-gradevinsko-zemljiste-s-pogledom-na-more-476-m2 HTTP/1.1" 200 5479 "-" "Mozilla/5.0 (Windows; U; Windows NT 5.1; de; rv:1.9.2.3) Gecko/20100401 Firefox/3.6.3"
66.249.66.42 - - [27/Aug/2019:19:01:57 +0000] "GET /hr/pretraga?category=&type=&place=36&area=169&price=50000&surface=10 HTTP/1.1" 500 4485 "-" "Mozilla/5.0 (Linux; Android 6.0.1; Nexus 5X Build/MMB29P) AppleWebKit/537.36 (KHTML, like Gecko) Chrome/41.0.2272.96 Mobile Safari/537.36 (compatible; Googlebot/2.1; +http://www.google.com/bot.html)"
149.202.84.149 - - [27/Aug/2019:19:02:24 +0000] "GET /zemljista/rtina-gradevinsko-zemljiste-prvi-red-do-mora-715-m2 HTTP/1.1" 200 5496 "-" "Mozilla/5.0 (Windows; U; Windows NT 5.1; de; rv:1.9.2.3) Gecko/20100401 Firefox/3.6.3"
66.249.66.42 - - [27/Aug/2019:19:02:57 +0000] "GET /hr/pretraga?category=&type=&place=36&area=169&price=50000&surface=10 HTTP/1.1" 500 4485 "-" "Mozilla/5.0 (Linux; Android 6.0.1; Nexus 5X Build/MMB29P) AppleWebKit/537.36 (KHTML, like Gecko) Chrome/41.0.2272.96 Mobile Safari/537.36 (compatible; Googlebot/2.1; +http://www.google.com/bot.html)"
149.202.84.149 - - [27/Aug/2019:19:03:01 +0000] "GET /zemljista?page=5 HTTP/1.1" 200 4611 "-" "Mozilla/5.0 (Windows; U; Windows NT 5.1; de; rv:1.9.2.3) Gecko/20100401 Firefox/3.6.3"
149.202.84.149 - - [27/Aug/2019:19:03:04 +0000] "GET /en/blog/prosjecna-cijena-kvadrata-stana-u-sibeniku-porasla-za-489 HTTP/1.1" 200 4450 "-" "Mozilla/5.0 (Windows; U; Windows NT 5.1; de; rv:1.9.2.3) Gecko/20100401 Firefox/3.6.3"
149.202.84.149 - - [27/Aug/2019:19:03:15 +0000] "GET /blog/gdje-kupiti-stan-na-jadranu HTTP/1.1" 200 4888 "-" "Mozilla/5.0 (Windows; U; Windows NT 5.1; de; rv:1.9.2.3) Gecko/20100401 Firefox/3.6.3"
149.202.84.149 - - [27/Aug/2019:19:03:17 +0000] "GET /en/blog/prosjecne-cijene-stanova-u-zadarskoj-zupaniji-porasle-za-981 HTTP/1.1" 200 4633 "-" "Mozilla/5.0 (Windows; U; Windows NT 5.1; de; rv:1.9.2.3) Gecko/20100401 Firefox/3.6.3"
149.202.84.149 - - [27/Aug/2019:19:03:36 +0000] "GET /zemljista?page=4 HTTP/1.1" 200 5513 "-" "Mozilla/5.0 (Windows; U; Windows NT 5.1; de; rv:1.9.2.3) Gecko/20100401 Firefox/3.6.3"
149.202.84.149 - - [27/Aug/2019:19:03:48 +0000] "GET /en/blog HTTP/1.1" 200 3169 "-" "Mozilla/5.0 (Windows; U; Windows NT 5.1; de; rv:1.9.2.3) Gecko/20100401 Firefox/3.6.3"
