66.249.66.42 - - [27/Aug/2019:20:45:58 +0000] "GET /pretraga?category=&type=&place=36&area=168&price=1000000&surface=200 HTTP/1.1" 500 4485 "-" "Mozilla/5.0 (Linux; Android 6.0.1; Nexus 5X Build/MMB29P) AppleWebKit/537.36 (KHTML, like Gecko) Chrome/41.0.2272.96 Mobile Safari/537.36 (compatible; Googlebot/2.1; +http://www.google.com/bot.html)"
66.249.66.42 - - [27/Aug/2019:20:46:57 +0000] "GET /pretraga?category=&type=&place=58&area=161&price=500000&surface=10 HTTP/1.1" 500 4485 "-" "Mozilla/5.0 (Linux; Android 6.0.1; Nexus 5X Build/MMB29P) AppleWebKit/537.36 (KHTML, like Gecko) Chrome/41.0.2272.96 Mobile Safari/537.36 (compatible; Googlebot/2.1; +http://www.google.com/bot.html)"
46.229.168.146 - - [27/Aug/2019:20:54:18 +0000] "GET /hr/zemljista/pag-mandre-gradevinsko-zemljiste-u-t2t3-zoni-12585-m2 HTTP/1.1" 200 5464 "-" "Mozilla/5.0 (compatible; SemrushBot/6~bl; +http://www.semrush.com/bot.html)"
51.254.44.185 - - [27/Aug/2019:20:57:24 +0000] "GET /uploads/thumbnails/6e5068c2851413128e50873b1e7726bf.jpg HTTP/1.1" 200 44195 "-" "Mozilla/5.0 (Macintosh; Intel Mac OS X 10_12_6) AppleWebKit/537.36 (KHTML, like Gecko) Chrome/63.0.3239.84 Safari/537.36"
51.254.44.185 - - [27/Aug/2019:20:57:25 +0000] "GET /uploads/thumbnails/57ad267bb8a0f488707ea63eff6afcf7.jpg HTTP/1.1" 200 49456 "-" "Mozilla/5.0 (Macintosh; Intel Mac OS X 10_12_6) AppleWebKit/537.36 (KHTML, like Gecko) Chrome/63.0.3239.84 Safari/537.36"
51.254.44.185 - - [27/Aug/2019:20:57:25 +0000] "GET /uploads/thumbnails/51af8666eb1fbc862a3177868cf35152.jpg HTTP/1.1" 200 36271 "-" "Mozilla/5.0 (Macintosh; Intel Mac OS X 10_12_6) AppleWebKit/537.36 (KHTML, like Gecko) Chrome/63.0.3239.84 Safari/537.36"
51.254.44.185 - - [27/Aug/2019:20:57:26 +0000] "GET /uploads/thumbnails/18375e2e896b4b1dc15c791ee19ade94.jpg HTTP/1.1" 200 56824 "-" "Mozilla/5.0 (Macintosh; Intel Mac OS X 10_12_6) AppleWebKit/537.36 (KHTML, like Gecko) Chrome/63.0.3239.84 Safari/537.36"
51.254.44.185 - - [27/Aug/2019:20:57:26 +0000] "GET /uploads/thumbnails/3128dcc94028edb5090a021ecdcf8e7c.jpg HTTP/1.1" 200 29857 "-" "Mozilla/5.0 (Macintosh; Intel Mac OS X 10_12_6) AppleWebKit/537.36 (KHTML, like Gecko) Chrome/63.0.3239.84 Safari/537.36"
51.254.44.185 - - [27/Aug/2019:20:57:26 +0000] "GET /uploads/thumbnails/c019ba170ec85a5511b99e85bec407a0.JPG HTTP/1.1" 200 35636 "-" "Mozilla/5.0 (Macintosh; Intel Mac OS X 10_12_6) AppleWebKit/537.36 (KHTML, like Gecko) Chrome/63.0.3239.84 Safari/537.36"
51.254.44.185 - - [27/Aug/2019:20:57:26 +0000] "GET /uploads/thumbnails/ab1665b10f5ba5a54bc0e1379bba4fd5.jpg HTTP/1.1" 200 45627 "-" "Mozilla/5.0 (Macintosh; Intel Mac OS X 10_12_6) AppleWebKit/537.36 (KHTML, like Gecko) Chrome/63.0.3239.84 Safari/537.36"
51.254.44.185 - - [27/Aug/2019:20:57:27 +0000] "GET /uploads/thumbnails/954daf40013e4ab94e9872deb7956d84.jpg HTTP/1.1" 200 37749 "-" "Mozilla/5.0 (Macintosh; Intel Mac OS X 10_12_6) AppleWebKit/537.36 (KHTML, like Gecko) Chrome/63.0.3239.84 Safari/537.36"
51.254.44.185 - - [27/Aug/2019:20:57:28 +0000] "GET /uploads/thumbnails/a41bcea9c5b4f801d324882f95c0a89e.jpg HTTP/1.1" 200 49051 "-" "Mozilla/5.0 (Macintosh; Intel Mac OS X 10_12_6) AppleWebKit/537.36 (KHTML, like Gecko) Chrome/63.0.3239.84 Safari/537.36"
51.254.44.185 - - [27/Aug/2019:20:57:28 +0000] "GET /uploads/thumbnails/a8ed641bc10b58a1b05f005790772f29.jpg HTTP/1.1" 200 26208 "-" "Mozilla/5.0 (Macintosh; Intel Mac OS X 10_12_6) AppleWebKit/537.36 (KHTML, like Gecko) Chrome/63.0.3239.84 Safari/537.36"
157.55.39.189 - - [27/Aug/2019:20:57:45 +0000] "GET /en/apartments HTTP/1.1" 200 5305 "-" "Mozilla/5.0 (compatible; bingbot/2.0; +http://www.bing.com/bingbot.htm)"
66.249.66.44 - - [27/Aug/2019:20:57:58 +0000] "GET /hr/pretraga?category=&type=&place=53&area=&price=&surface=10 HTTP/1.1" 500 4485 "-" "Mozilla/5.0 (Linux; Android 6.0.1; Nexus 5X Build/MMB29P) AppleWebKit/537.36 (KHTML, like Gecko) Chrome/41.0.2272.96 Mobile Safari/537.36 (compatible; Googlebot/2.1; +http://www.google.com/bot.html)"
66.249.66.42 - - [27/Aug/2019:20:58:58 +0000] "GET /hr/pretraga?category=&place=2&price=500000&surface=100 HTTP/1.1" 500 4485 "-" "Mozilla/5.0 (Linux; Android 6.0.1; Nexus 5X Build/MMB29P) AppleWebKit/537.36 (KHTML, like Gecko) Chrome/41.0.2272.96 Mobile Safari/537.36 (compatible; Googlebot/2.1; +http://www.google.com/bot.html)"
54.36.148.222 - - [27/Aug/2019:20:59:44 +0000] "GET /apartmani/starigrad-novi-trosoban-stan-s-pogledom-na-more-garsonjera9365-m2 HTTP/1.1" 200 6361 "-" "Mozilla/5.0 (compatible; AhrefsBot/6.1; +http://ahrefs.com/robot/)"
66.249.66.46 - - [27/Aug/2019:20:59:58 +0000] "GET /pretraga?category=&type=&place=36&area=&price=500000&surface=100 HTTP/1.1" 500 4485 "-" "Mozilla/5.0 (Linux; Android 6.0.1; Nexus 5X Build/MMB29P) AppleWebKit/537.36 (KHTML, like Gecko) Chrome/41.0.2272.96 Mobile Safari/537.36 (compatible; Googlebot/2.1; +http://www.google.com/bot.html)"
66.249.66.46 - - [27/Aug/2019:21:00:57 +0000] "GET /pretraga?category=&type=&place=38&area=157&price=300000&surface=10 HTTP/1.1" 500 4485 "-" "Mozilla/5.0 (Linux; Android 6.0.1; Nexus 5X Build/MMB29P) AppleWebKit/537.36 (KHTML, like Gecko) Chrome/41.0.2272.96 Mobile Safari/537.36 (compatible; Googlebot/2.1; +http://www.google.com/bot.html)"
66.249.66.46 - - [27/Aug/2019:21:02:21 +0000] "GET /pretraga?category=&type=&place=48&area=233&price=200000&surface= HTTP/1.1" 200 3983 "-" "Mozilla/5.0 (Linux; Android 6.0.1; Nexus 5X Build/MMB29P) AppleWebKit/537.36 (KHTML, like Gecko) Chrome/41.0.2272.96 Mobile Safari/537.36 (compatible; Googlebot/2.1; +http://www.google.com/bot.html)"
158.69.226.8 - - [27/Aug/2019:21:04:13 +0000] "GET /uploads/thumbnails/42c15dd15f418344ccc035d6003dd670.jpeg HTTP/1.1" 200 56902 "-" "Mozilla/5.0 (Macintosh; Intel Mac OS X 10_12_6) AppleWebKit/537.36 (KHTML, like Gecko) Chrome/63.0.3239.84 Safari/537.36"
158.69.226.8 - - [27/Aug/2019:21:04:13 +0000] "GET /uploads/thumbnails/3c55f605d3f0b0e63c055493db2ef6cb.jpg HTTP/1.1" 200 51114 "-" "Mozilla/5.0 (Macintosh; Intel Mac OS X 10_12_6) AppleWebKit/537.36 (KHTML, like Gecko) Chrome/63.0.3239.84 Safari/537.36"
158.69.226.8 - - [27/Aug/2019:21:04:16 +0000] "GET /uploads/thumbnails/d88237410243ed4f971cfca527be5367.jpg HTTP/1.1" 200 53585 "-" "Mozilla/5.0 (Macintosh; Intel Mac OS X 10_12_6) AppleWebKit/537.36 (KHTML, like Gecko) Chrome/63.0.3239.84 Safari/537.36"
158.69.226.8 - - [27/Aug/2019:21:04:17 +0000] "GET /uploads/thumbnails/637f734f3f66250d52f27e7aa9a9c97d.jpg HTTP/1.1" 200 66236 "-" "Mozilla/5.0 (Macintosh; Intel Mac OS X 10_12_6) AppleWebKit/537.36 (KHTML, like Gecko) Chrome/63.0.3239.84 Safari/537.36"
158.69.226.8 - - [27/Aug/2019:21:04:19 +0000] "GET /uploads/thumbnails/e2f85641f091607835ef1e2c65529c2a.jpg HTTP/1.1" 200 44139 "-" "Mozilla/5.0 (Macintosh; Intel Mac OS X 10_12_6) AppleWebKit/537.36 (KHTML, like Gecko) Chrome/63.0.3239.84 Safari/537.36"
158.69.226.8 - - [27/Aug/2019:21:04:20 +0000] "GET /uploads/thumbnails/c29da346589ecace8f77a2de714c55d5.jpg HTTP/1.1" 200 60477 "-" "Mozilla/5.0 (Macintosh; Intel Mac OS X 10_12_6) AppleWebKit/537.36 (KHTML, like Gecko) Chrome/63.0.3239.84 Safari/537.36"
66.249.66.44 - - [27/Aug/2019:21:07:58 +0000] "GET /pretraga?category=&type=&place=13&area=&price=300000&surface=10 HTTP/1.1" 500 4485 "-" "Mozilla/5.0 (Linux; Android 6.0.1; Nexus 5X Build/MMB29P) AppleWebKit/537.36 (KHTML, like Gecko) Chrome/41.0.2272.96 Mobile Safari/537.36 (compatible; Googlebot/2.1; +http://www.google.com/bot.html)"
66.249.66.42 - - [27/Aug/2019:21:10:58 +0000] "GET /en/search?category=&type=&place=36&area=159&price=1000000&surface=10 HTTP/1.1" 500 4485 "-" "Mozilla/5.0 (Linux; Android 6.0.1; Nexus 5X Build/MMB29P) AppleWebKit/537.36 (KHTML, like Gecko) Chrome/41.0.2272.96 Mobile Safari/537.36 (compatible; Googlebot/2.1; +http://www.google.com/bot.html)"
66.249.66.46 - - [27/Aug/2019:21:14:58 +0000] "GET /en/search?category=&type=&place=58&area=160&price=500000&surface= HTTP/1.1" 500 4485 "-" "Mozilla/5.0 (Linux; Android 6.0.1; Nexus 5X Build/MMB29P) AppleWebKit/537.36 (KHTML, like Gecko) Chrome/41.0.2272.96 Mobile Safari/537.36 (compatible; Googlebot/2.1; +http://www.google.com/bot.html)"
66.249.66.46 - - [27/Aug/2019:21:15:57 +0000] "GET /pretraga?category=&type=&place=36&area=170&price=1000000&surface=200 HTTP/1.1" 500 4485 "-" "Mozilla/5.0 (Linux; Android 6.0.1; Nexus 5X Build/MMB29P) AppleWebKit/537.36 (KHTML, like Gecko) Chrome/41.0.2272.96 Mobile Safari/537.36 (compatible; Googlebot/2.1; +http://www.google.com/bot.html)"
66.249.66.46 - - [27/Aug/2019:21:17:58 +0000] "GET /en/search?category=&type=&place=9&area=&price=500000&surface= HTTP/1.1" 500 4485 "-" "Mozilla/5.0 (Linux; Android 6.0.1; Nexus 5X Build/MMB29P) AppleWebKit/537.36 (KHTML, like Gecko) Chrome/41.0.2272.96 Mobile Safari/537.36 (compatible; Googlebot/2.1; +http://www.google.com/bot.html)"
66.249.66.46 - - [27/Aug/2019:21:18:57 +0000] "GET /hr/pretraga?category=&type=&place=12&area=&price=&surface= HTTP/1.1" 500 4485 "-" "Mozilla/5.0 (Linux; Android 6.0.1; Nexus 5X Build/MMB29P) AppleWebKit/537.36 (KHTML, like Gecko) Chrome/41.0.2272.96 Mobile Safari/537.36 (compatible; Googlebot/2.1; +http://www.google.com/bot.html)"
66.249.66.44 - - [27/Aug/2019:21:19:58 +0000] "GET /en/search?category=&type=&place=17&area=&price=200000&surface= HTTP/1.1" 500 4485 "-" "Mozilla/5.0 (Linux; Android 6.0.1; Nexus 5X Build/MMB29P) AppleWebKit/537.36 (KHTML, like Gecko) Chrome/41.0.2272.96 Mobile Safari/537.36 (compatible; Googlebot/2.1; +http://www.google.com/bot.html)"
138.201.234.56 - - [27/Aug/2019:21:20:58 +0000] "GET /uploads/thumbnails/7a1fd77aa54b11efcae5f65b60002e00.jpg HTTP/1.1" 200 90954 "-" "Mozilla/5.0 (Macintosh; Intel Mac OS X 10_12_6) AppleWebKit/537.36 (KHTML, like Gecko) Chrome/63.0.3239.84 Safari/537.36"
66.249.66.46 - - [27/Aug/2019:21:23:58 +0000] "GET /hr/pretraga?category=&type=&place=37&area=&price=300000&surface=50 HTTP/1.1" 500 4485 "-" "Mozilla/5.0 (Linux; Android 6.0.1; Nexus 5X Build/MMB29P) AppleWebKit/537.36 (KHTML, like Gecko) Chrome/41.0.2272.96 Mobile Safari/537.36 (compatible; Googlebot/2.1; +http://www.google.com/bot.html)"
66.249.66.44 - - [27/Aug/2019:21:24:58 +0000] "GET /en/search?category=&type=&place=36&area=171&price=1000000&surface= HTTP/1.1" 500 4485 "-" "Mozilla/5.0 (Linux; Android 6.0.1; Nexus 5X Build/MMB29P) AppleWebKit/537.36 (KHTML, like Gecko) Chrome/41.0.2272.96 Mobile Safari/537.36 (compatible; Googlebot/2.1; +http://www.google.com/bot.html)"
66.249.66.42 - - [27/Aug/2019:21:25:58 +0000] "GET /en/search?category=&type=&place=36&area=170&price=500000&surface=100 HTTP/1.1" 500 4485 "-" "Mozilla/5.0 (Linux; Android 6.0.1; Nexus 5X Build/MMB29P) AppleWebKit/537.36 (KHTML, like Gecko) Chrome/41.0.2272.96 Mobile Safari/537.36 (compatible; Googlebot/2.1; +http://www.google.com/bot.html)"
66.249.66.42 - - [27/Aug/2019:21:28:58 +0000] "GET /en/search?category=&type=&place=47&area=&price=50000&surface=100 HTTP/1.1" 500 4485 "-" "Mozilla/5.0 (Linux; Android 6.0.1; Nexus 5X Build/MMB29P) AppleWebKit/537.36 (KHTML, like Gecko) Chrome/41.0.2272.96 Mobile Safari/537.36 (compatible; Googlebot/2.1; +http://www.google.com/bot.html)"
66.249.66.42 - - [27/Aug/2019:21:30:58 +0000] "GET /hr/pretraga?category=&type=&place=2&area=&price=&surface=200 HTTP/1.1" 500 4485 "-" "Mozilla/5.0 (Linux; Android 6.0.1; Nexus 5X Build/MMB29P) AppleWebKit/537.36 (KHTML, like Gecko) Chrome/41.0.2272.96 Mobile Safari/537.36 (compatible; Googlebot/2.1; +http://www.google.com/bot.html)"
66.249.66.42 - - [27/Aug/2019:21:32:58 +0000] "GET /pretraga?category=&type=&place=58&area=160&price=100000&surface=50 HTTP/1.1" 500 4485 "-" "Mozilla/5.0 (Linux; Android 6.0.1; Nexus 5X Build/MMB29P) AppleWebKit/537.36 (KHTML, like Gecko) Chrome/41.0.2272.96 Mobile Safari/537.36 (compatible; Googlebot/2.1; +http://www.google.com/bot.html)"
66.249.66.46 - - [27/Aug/2019:21:33:58 +0000] "GET /pretraga?category=&type=&place=12&area=&price=500000&surface=200 HTTP/1.1" 500 4485 "-" "Mozilla/5.0 (Linux; Android 6.0.1; Nexus 5X Build/MMB29P) AppleWebKit/537.36 (KHTML, like Gecko) Chrome/41.0.2272.96 Mobile Safari/537.36 (compatible; Googlebot/2.1; +http://www.google.com/bot.html)"
66.249.66.46 - - [27/Aug/2019:21:34:57 +0000] "GET /en/search?category=&place=4&price=50000&surface=10 HTTP/1.1" 500 4485 "-" "Mozilla/5.0 (Linux; Android 6.0.1; Nexus 5X Build/MMB29P) AppleWebKit/537.36 (KHTML, like Gecko) Chrome/41.0.2272.96 Mobile Safari/537.36 (compatible; Googlebot/2.1; +http://www.google.com/bot.html)"
66.249.66.46 - - [27/Aug/2019:21:35:57 +0000] "GET /pretraga?category=&type=&place=53&area=157&price=500000&surface=200 HTTP/1.1" 500 4485 "-" "Mozilla/5.0 (Linux; Android 6.0.1; Nexus 5X Build/MMB29P) AppleWebKit/537.36 (KHTML, like Gecko) Chrome/41.0.2272.96 Mobile Safari/537.36 (compatible; Googlebot/2.1; +http://www.google.com/bot.html)"
66.249.66.42 - - [27/Aug/2019:21:36:58 +0000] "GET /pretraga?category=&type=sale&place=36&area=&price=1000000&surface= HTTP/1.1" 500 4485 "-" "Mozilla/5.0 (Linux; Android 6.0.1; Nexus 5X Build/MMB29P) AppleWebKit/537.36 (KHTML, like Gecko) Chrome/41.0.2272.96 Mobile Safari/537.36 (compatible; Googlebot/2.1; +http://www.google.com/bot.html)"
66.249.66.46 - - [27/Aug/2019:21:37:58 +0000] "GET /hr/pretraga?category=&type=&place=19&area=&price=300000&surface= HTTP/1.1" 500 4485 "-" "Mozilla/5.0 (Linux; Android 6.0.1; Nexus 5X Build/MMB29P) AppleWebKit/537.36 (KHTML, like Gecko) Chrome/41.0.2272.96 Mobile Safari/537.36 (compatible; Googlebot/2.1; +http://www.google.com/bot.html)"
66.249.66.46 - - [27/Aug/2019:21:38:57 +0000] "GET /en/search?category=&type=&place=58&area=228&price=200000&surface= HTTP/1.1" 500 4485 "-" "Mozilla/5.0 (Linux; Android 6.0.1; Nexus 5X Build/MMB29P) AppleWebKit/537.36 (KHTML, like Gecko) Chrome/41.0.2272.96 Mobile Safari/537.36 (compatible; Googlebot/2.1; +http://www.google.com/bot.html)"
66.249.66.42 - - [27/Aug/2019:21:39:58 +0000] "GET /en/search?category=&type=&place=49&area=&price=&surface= HTTP/1.1" 500 4485 "-" "Mozilla/5.0 (Linux; Android 6.0.1; Nexus 5X Build/MMB29P) AppleWebKit/537.36 (KHTML, like Gecko) Chrome/41.0.2272.96 Mobile Safari/537.36 (compatible; Googlebot/2.1; +http://www.google.com/bot.html)"
66.249.66.44 - - [27/Aug/2019:21:40:58 +0000] "GET /en/search?category=&type=&place=12&area=&price=1000000&surface=200 HTTP/1.1" 500 4485 "-" "Mozilla/5.0 (Linux; Android 6.0.1; Nexus 5X Build/MMB29P) AppleWebKit/537.36 (KHTML, like Gecko) Chrome/41.0.2272.96 Mobile Safari/537.36 (compatible; Googlebot/2.1; +http://www.google.com/bot.html)"
66.249.66.44 - - [27/Aug/2019:21:41:57 +0000] "GET /hr/pretraga?category=&type=&place=37&area=157&price=200000&surface= HTTP/1.1" 500 4485 "-" "Mozilla/5.0 (Linux; Android 6.0.1; Nexus 5X Build/MMB29P) AppleWebKit/537.36 (KHTML, like Gecko) Chrome/41.0.2272.96 Mobile Safari/537.36 (compatible; Googlebot/2.1; +http://www.google.com/bot.html)"
66.249.66.46 - - [27/Aug/2019:21:42:58 +0000] "GET /hr/pretraga?category=&type=&place=49&area=&price=200000&surface= HTTP/1.1" 500 4485 "-" "Mozilla/5.0 (Linux; Android 6.0.1; Nexus 5X Build/MMB29P) AppleWebKit/537.36 (KHTML, like Gecko) Chrome/41.0.2272.96 Mobile Safari/537.36 (compatible; Googlebot/2.1; +http://www.google.com/bot.html)"
66.249.66.44 - - [27/Aug/2019:21:43:35 +0000] "GET /js/jquery.slider.js HTTP/1.1" 200 4772 "https://www.citadela.hr/en/search?category=&type=&place=54&area=&price=200000&surface=100" "Mozilla/5.0 AppleWebKit/537.36 (KHTML, like Gecko; compatible; Googlebot/2.1; +http://www.google.com/bot.html) Safari/537.36"
66.249.66.44 - - [27/Aug/2019:21:43:35 +0000] "GET /css/owl.css HTTP/1.1" 200 1348 "https://www.citadela.hr/en/search?category=&type=&place=54&area=&price=200000&surface=100" "Mozilla/5.0 AppleWebKit/537.36 (KHTML, like Gecko; compatible; Googlebot/2.1; +http://www.google.com/bot.html) Safari/537.36"
37.244.158.2 - - [27/Aug/2019:21:44:10 +0000] "GET /img/mate.jpg HTTP/1.1" 200 14037 "https://www.google.com/blank.html" "Mozilla/5.0 (Linux; Android 9; SM-A805F Build/PPR1.180610.011; wv) AppleWebKit/537.36 (KHTML, like Gecko) Version/4.0 Chrome/76.0.3809.111 Mobile Safari/537.36 GSA/10.33.5.21.arm64"
37.244.158.2 - - [27/Aug/2019:21:44:49 +0000] "GET /o-nama HTTP/1.1" 200 4365 "-" "Mozilla/5.0 (Linux; Android 9; SAMSUNG SM-A805F Build/PPR1.180610.011) AppleWebKit/537.36 (KHTML, like Gecko) SamsungBrowser/9.4 Chrome/67.0.3396.87 Mobile Safari/537.36"
37.244.158.2 - - [27/Aug/2019:21:44:49 +0000] "GET /css/bootstrap.css HTTP/1.1" 200 20712 "https://www.citadela.hr/o-nama" "Mozilla/5.0 (Linux; Android 9; SAMSUNG SM-A805F Build/PPR1.180610.011) AppleWebKit/537.36 (KHTML, like Gecko) SamsungBrowser/9.4 Chrome/67.0.3396.87 Mobile Safari/537.36"
37.244.158.2 - - [27/Aug/2019:21:44:49 +0000] "GET /css/style.css?v=2 HTTP/1.1" 200 17441 "https://www.citadela.hr/o-nama" "Mozilla/5.0 (Linux; Android 9; SAMSUNG SM-A805F Build/PPR1.180610.011) AppleWebKit/537.36 (KHTML, like Gecko) SamsungBrowser/9.4 Chrome/67.0.3396.87 Mobile Safari/537.36"
37.244.158.2 - - [27/Aug/2019:21:44:50 +0000] "GET /fonts/flaticon.css HTTP/1.1" 200 699 "https://www.citadela.hr/o-nama" "Mozilla/5.0 (Linux; Android 9; SAMSUNG SM-A805F Build/PPR1.180610.011) AppleWebKit/537.36 (KHTML, like Gecko) SamsungBrowser/9.4 Chrome/67.0.3396.87 Mobile Safari/537.36"
37.244.158.2 - - [27/Aug/2019:21:44:50 +0000] "GET /css/colors/blue.css?v=2 HTTP/1.1" 200 3552 "https://www.citadela.hr/o-nama" "Mozilla/5.0 (Linux; Android 9; SAMSUNG SM-A805F Build/PPR1.180610.011) AppleWebKit/537.36 (KHTML, like Gecko) SamsungBrowser/9.4 Chrome/67.0.3396.87 Mobile Safari/537.36"
37.244.158.2 - - [27/Aug/2019:21:44:50 +0000] "GET /css/font-awesome.css HTTP/1.1" 200 7439 "https://www.citadela.hr/o-nama" "Mozilla/5.0 (Linux; Android 9; SAMSUNG SM-A805F Build/PPR1.180610.011) AppleWebKit/537.36 (KHTML, like Gecko) SamsungBrowser/9.4 Chrome/67.0.3396.87 Mobile Safari/537.36"
37.244.158.2 - - [27/Aug/2019:21:44:50 +0000] "GET /css/loader.css?v=2 HTTP/1.1" 200 772 "https://www.citadela.hr/o-nama" "Mozilla/5.0 (Linux; Android 9; SAMSUNG SM-A805F Build/PPR1.180610.011) AppleWebKit/537.36 (KHTML, like Gecko) SamsungBrowser/9.4 Chrome/67.0.3396.87 Mobile Safari/537.36"
37.244.158.2 - - [27/Aug/2019:21:44:50 +0000] "GET /css/responsive.css HTTP/1.1" 200 2788 "https://www.citadela.hr/o-nama" "Mozilla/5.0 (Linux; Android 9; SAMSUNG SM-A805F Build/PPR1.180610.011) AppleWebKit/537.36 (KHTML, like Gecko) SamsungBrowser/9.4 Chrome/67.0.3396.87 Mobile Safari/537.36"
37.244.158.2 - - [27/Aug/2019:21:44:50 +0000] "GET /css/jslider.css HTTP/1.1" 200 763 "https://www.citadela.hr/o-nama" "Mozilla/5.0 (Linux; Android 9; SAMSUNG SM-A805F Build/PPR1.180610.011) AppleWebKit/537.36 (KHTML, like Gecko) SamsungBrowser/9.4 Chrome/67.0.3396.87 Mobile Safari/537.36"
37.244.158.2 - - [27/Aug/2019:21:44:50 +0000] "GET /assets/plugins/flag/css/flag-icon.css HTTP/1.1" 200 2837 "https://www.citadela.hr/o-nama" "Mozilla/5.0 (Linux; Android 9; SAMSUNG SM-A805F Build/PPR1.180610.011) AppleWebKit/537.36 (KHTML, like Gecko) SamsungBrowser/9.4 Chrome/67.0.3396.87 Mobile Safari/537.36"
37.244.158.2 - - [27/Aug/2019:21:44:50 +0000] "GET /css/jquery.fancybox.css HTTP/1.1" 200 1434 "https://www.citadela.hr/o-nama" "Mozilla/5.0 (Linux; Android 9; SAMSUNG SM-A805F Build/PPR1.180610.011) AppleWebKit/537.36 (KHTML, like Gecko) SamsungBrowser/9.4 Chrome/67.0.3396.87 Mobile Safari/537.36"
37.244.158.2 - - [27/Aug/2019:21:44:50 +0000] "GET /css/animate.min.css HTTP/1.1" 200 4242 "https://www.citadela.hr/o-nama" "Mozilla/5.0 (Linux; Android 9; SAMSUNG SM-A805F Build/PPR1.180610.011) AppleWebKit/537.36 (KHTML, like Gecko) SamsungBrowser/9.4 Chrome/67.0.3396.87 Mobile Safari/537.36"
37.244.158.2 - - [27/Aug/2019:21:44:50 +0000] "GET /css/owl.css HTTP/1.1" 200 1348 "https://www.citadela.hr/o-nama" "Mozilla/5.0 (Linux; Android 9; SAMSUNG SM-A805F Build/PPR1.180610.011) AppleWebKit/537.36 (KHTML, like Gecko) SamsungBrowser/9.4 Chrome/67.0.3396.87 Mobile Safari/537.36"
37.244.158.2 - - [27/Aug/2019:21:44:50 +0000] "GET /img/mate.jpg HTTP/1.1" 200 14037 "https://www.citadela.hr/o-nama" "Mozilla/5.0 (Linux; Android 9; SAMSUNG SM-A805F Build/PPR1.180610.011) AppleWebKit/537.36 (KHTML, like Gecko) SamsungBrowser/9.4 Chrome/67.0.3396.87 Mobile Safari/537.36"
37.244.158.2 - - [27/Aug/2019:21:44:50 +0000] "GET /js/jquery.min.js HTTP/1.1" 200 33760 "https://www.citadela.hr/o-nama" "Mozilla/5.0 (Linux; Android 9; SAMSUNG SM-A805F Build/PPR1.180610.011) AppleWebKit/537.36 (KHTML, like Gecko) SamsungBrowser/9.4 Chrome/67.0.3396.87 Mobile Safari/537.36"
37.244.158.2 - - [27/Aug/2019:21:44:50 +0000] "GET /img/logo_header.png?v=2 HTTP/1.1" 200 4348 "https://www.citadela.hr/o-nama" "Mozilla/5.0 (Linux; Android 9; SAMSUNG SM-A805F Build/PPR1.180610.011) AppleWebKit/537.36 (KHTML, like Gecko) SamsungBrowser/9.4 Chrome/67.0.3396.87 Mobile Safari/537.36"
37.244.158.2 - - [27/Aug/2019:21:44:50 +0000] "GET /js/bootstrap.min.js HTTP/1.1" 200 9833 "https://www.citadela.hr/o-nama" "Mozilla/5.0 (Linux; Android 9; SAMSUNG SM-A805F Build/PPR1.180610.011) AppleWebKit/537.36 (KHTML, like Gecko) SamsungBrowser/9.4 Chrome/67.0.3396.87 Mobile Safari/537.36"
37.244.158.2 - - [27/Aug/2019:21:44:50 +0000] "GET /js/bootstrap-select.js HTTP/1.1" 200 15633 "https://www.citadela.hr/o-nama" "Mozilla/5.0 (Linux; Android 9; SAMSUNG SM-A805F Build/PPR1.180610.011) AppleWebKit/537.36 (KHTML, like Gecko) SamsungBrowser/9.4 Chrome/67.0.3396.87 Mobile Safari/537.36"
37.244.158.2 - - [27/Aug/2019:21:44:50 +0000] "GET /js/YouTubePopUp.jquery.js HTTP/1.1" 200 967 "https://www.citadela.hr/o-nama" "Mozilla/5.0 (Linux; Android 9; SAMSUNG SM-A805F Build/PPR1.180610.011) AppleWebKit/537.36 (KHTML, like Gecko) SamsungBrowser/9.4 Chrome/67.0.3396.87 Mobile Safari/537.36"
37.244.158.2 - - [27/Aug/2019:21:44:50 +0000] "GET /js/jquery.fancybox.pack.js HTTP/1.1" 200 8634 "https://www.citadela.hr/o-nama" "Mozilla/5.0 (Linux; Android 9; SAMSUNG SM-A805F Build/PPR1.180610.011) AppleWebKit/537.36 (KHTML, like Gecko) SamsungBrowser/9.4 Chrome/67.0.3396.87 Mobile Safari/537.36"
37.244.158.2 - - [27/Aug/2019:21:44:50 +0000] "GET /js/jquery.fancybox-media.js HTTP/1.1" 200 1973 "https://www.citadela.hr/o-nama" "Mozilla/5.0 (Linux; Android 9; SAMSUNG SM-A805F Build/PPR1.180610.011) AppleWebKit/537.36 (KHTML, like Gecko) SamsungBrowser/9.4 Chrome/67.0.3396.87 Mobile Safari/537.36"
37.244.158.2 - - [27/Aug/2019:21:44:50 +0000] "GET /js/owl.js HTTP/1.1" 200 17545 "https://www.citadela.hr/o-nama" "Mozilla/5.0 (Linux; Android 9; SAMSUNG SM-A805F Build/PPR1.180610.011) AppleWebKit/537.36 (KHTML, like Gecko) SamsungBrowser/9.4 Chrome/67.0.3396.87 Mobile Safari/537.36"
37.244.158.2 - - [27/Aug/2019:21:44:50 +0000] "GET /js/mixitup.js HTTP/1.1" 200 11347 "https://www.citadela.hr/o-nama" "Mozilla/5.0 (Linux; Android 9; SAMSUNG SM-A805F Build/PPR1.180610.011) AppleWebKit/537.36 (KHTML, like Gecko) SamsungBrowser/9.4 Chrome/67.0.3396.87 Mobile Safari/537.36"
37.244.158.2 - - [27/Aug/2019:21:44:50 +0000] "GET /js/wow.js HTTP/1.1" 200 2198 "https://www.citadela.hr/o-nama" "Mozilla/5.0 (Linux; Android 9; SAMSUNG SM-A805F Build/PPR1.180610.011) AppleWebKit/537.36 (KHTML, like Gecko) SamsungBrowser/9.4 Chrome/67.0.3396.87 Mobile Safari/537.36"
37.244.158.2 - - [27/Aug/2019:21:44:50 +0000] "GET /js/jshashtable-2.1_src.js HTTP/1.1" 200 2957 "https://www.citadela.hr/o-nama" "Mozilla/5.0 (Linux; Android 9; SAMSUNG SM-A805F Build/PPR1.180610.011) AppleWebKit/537.36 (KHTML, like Gecko) SamsungBrowser/9.4 Chrome/67.0.3396.87 Mobile Safari/537.36"
37.244.158.2 - - [27/Aug/2019:21:44:50 +0000] "GET /fonts/fontawesome-webfont.woff2?v=4.7.0 HTTP/1.1" 200 77160 "https://www.citadela.hr/css/font-awesome.css" "Mozilla/5.0 (Linux; Android 9; SAMSUNG SM-A805F Build/PPR1.180610.011) AppleWebKit/537.36 (KHTML, like Gecko) SamsungBrowser/9.4 Chrome/67.0.3396.87 Mobile Safari/537.36"
37.244.158.2 - - [27/Aug/2019:21:44:50 +0000] "GET /js/jquery.numberformatter-1.2.3.js HTTP/1.1" 200 4697 "https://www.citadela.hr/o-nama" "Mozilla/5.0 (Linux; Android 9; SAMSUNG SM-A805F Build/PPR1.180610.011) AppleWebKit/537.36 (KHTML, like Gecko) SamsungBrowser/9.4 Chrome/67.0.3396.87 Mobile Safari/537.36"
37.244.158.2 - - [27/Aug/2019:21:44:50 +0000] "GET /js/jquery.dependClass-0.1.js HTTP/1.1" 200 458 "https://www.citadela.hr/o-nama" "Mozilla/5.0 (Linux; Android 9; SAMSUNG SM-A805F Build/PPR1.180610.011) AppleWebKit/537.36 (KHTML, like Gecko) SamsungBrowser/9.4 Chrome/67.0.3396.87 Mobile Safari/537.36"
37.244.158.2 - - [27/Aug/2019:21:44:50 +0000] "GET /js/tmpl.js HTTP/1.1" 200 625 "https://www.citadela.hr/o-nama" "Mozilla/5.0 (Linux; Android 9; SAMSUNG SM-A805F Build/PPR1.180610.011) AppleWebKit/537.36 (KHTML, like Gecko) SamsungBrowser/9.4 Chrome/67.0.3396.87 Mobile Safari/537.36"
37.244.158.2 - - [27/Aug/2019:21:44:50 +0000] "GET /js/draggable-0.1.js HTTP/1.1" 200 1326 "https://www.citadela.hr/o-nama" "Mozilla/5.0 (Linux; Android 9; SAMSUNG SM-A805F Build/PPR1.180610.011) AppleWebKit/537.36 (KHTML, like Gecko) SamsungBrowser/9.4 Chrome/67.0.3396.87 Mobile Safari/537.36"
37.244.158.2 - - [27/Aug/2019:21:44:50 +0000] "GET /js/jquery.slider.js HTTP/1.1" 200 4772 "https://www.citadela.hr/o-nama" "Mozilla/5.0 (Linux; Android 9; SAMSUNG SM-A805F Build/PPR1.180610.011) AppleWebKit/537.36 (KHTML, like Gecko) SamsungBrowser/9.4 Chrome/67.0.3396.87 Mobile Safari/537.36"
37.244.158.2 - - [27/Aug/2019:21:44:50 +0000] "GET /js/jquery.barrating.js HTTP/1.1" 200 4280 "https://www.citadela.hr/o-nama" "Mozilla/5.0 (Linux; Android 9; SAMSUNG SM-A805F Build/PPR1.180610.011) AppleWebKit/537.36 (KHTML, like Gecko) SamsungBrowser/9.4 Chrome/67.0.3396.87 Mobile Safari/537.36"
37.244.158.2 - - [27/Aug/2019:21:44:50 +0000] "GET /js/custom.js HTTP/1.1" 200 5159 "https://www.citadela.hr/o-nama" "Mozilla/5.0 (Linux; Android 9; SAMSUNG SM-A805F Build/PPR1.180610.011) AppleWebKit/537.36 (KHTML, like Gecko) SamsungBrowser/9.4 Chrome/67.0.3396.87 Mobile Safari/537.36"
37.244.158.2 - - [27/Aug/2019:21:44:50 +0000] "GET /img/logo_footer.png HTTP/1.1" 200 4213 "https://www.citadela.hr/o-nama" "Mozilla/5.0 (Linux; Android 9; SAMSUNG SM-A805F Build/PPR1.180610.011) AppleWebKit/537.36 (KHTML, like Gecko) SamsungBrowser/9.4 Chrome/67.0.3396.87 Mobile Safari/537.36"
37.244.158.2 - - [27/Aug/2019:21:44:50 +0000] "GET /img/banner/banner.png HTTP/1.1" 200 188379 "https://www.citadela.hr/css/style.css?v=2" "Mozilla/5.0 (Linux; Android 9; SAMSUNG SM-A805F Build/PPR1.180610.011) AppleWebKit/537.36 (KHTML, like Gecko) SamsungBrowser/9.4 Chrome/67.0.3396.87 Mobile Safari/537.36"
37.244.158.2 - - [27/Aug/2019:21:44:51 +0000] "GET /site.webmanifest HTTP/1.1" 200 291 "https://www.citadela.hr/o-nama" "Mozilla/5.0 (Linux; Android 9; SAMSUNG SM-A805F Build/PPR1.180610.011) AppleWebKit/537.36 (KHTML, like Gecko) SamsungBrowser/9.4 Chrome/67.0.3396.87 Mobile Safari/537.36"
37.244.158.2 - - [27/Aug/2019:21:44:52 +0000] "GET /apple-touch-icon.png HTTP/1.1" 200 9899 "https://www.citadela.hr/o-nama" "Mozilla/5.0 (Linux; Android 9; SAMSUNG SM-A805F Build/PPR1.180610.011) AppleWebKit/537.36 (KHTML, like Gecko) SamsungBrowser/9.4 Chrome/67.0.3396.87 Mobile Safari/537.36"
37.244.158.2 - - [27/Aug/2019:21:44:52 +0000] "GET /favicon-32x32.png HTTP/1.1" 200 1936 "https://www.citadela.hr/o-nama" "Mozilla/5.0 (Linux; Android 9; SAMSUNG SM-A805F Build/PPR1.180610.011) AppleWebKit/537.36 (KHTML, like Gecko) SamsungBrowser/9.4 Chrome/67.0.3396.87 Mobile Safari/537.36"
66.249.66.46 - - [27/Aug/2019:21:45:58 +0000] "GET /hr/pretraga?category=&type=&place=59&area=&price=50000&surface=50 HTTP/1.1" 500 4485 "-" "Mozilla/5.0 (Linux; Android 6.0.1; Nexus 5X Build/MMB29P) AppleWebKit/537.36 (KHTML, like Gecko) Chrome/41.0.2272.96 Mobile Safari/537.36 (compatible; Googlebot/2.1; +http://www.google.com/bot.html)"
66.249.66.44 - - [27/Aug/2019:21:47:58 +0000] "GET /pretraga?category=&type=&place=36&area=169&price=&surface=100 HTTP/1.1" 500 4485 "-" "Mozilla/5.0 (Linux; Android 6.0.1; Nexus 5X Build/MMB29P) AppleWebKit/537.36 (KHTML, like Gecko) Chrome/41.0.2272.96 Mobile Safari/537.36 (compatible; Googlebot/2.1; +http://www.google.com/bot.html)"
66.249.66.46 - - [27/Aug/2019:21:48:58 +0000] "GET /pretraga?category=&type=&place=58&area=228&price=100000&surface=10 HTTP/1.1" 500 4485 "-" "Mozilla/5.0 (Linux; Android 6.0.1; Nexus 5X Build/MMB29P) AppleWebKit/537.36 (KHTML, like Gecko) Chrome/41.0.2272.96 Mobile Safari/537.36 (compatible; Googlebot/2.1; +http://www.google.com/bot.html)"
46.229.168.133 - - [27/Aug/2019:21:49:35 +0000] "GET /robots.txt HTTP/1.1" 200 24 "-" "Mozilla/5.0 (compatible; SemrushBot/6~bl; +http://www.semrush.com/bot.html)"
46.229.168.147 - - [27/Aug/2019:21:49:35 +0000] "GET /hr/kuce/privlaka-luksuzna-kuca-za-odmor-272-m2 HTTP/1.1" 200 6348 "-" "Mozilla/5.0 (compatible; SemrushBot/6~bl; +http://www.semrush.com/bot.html)"
51.68.153.213 - - [27/Aug/2019:21:50:09 +0000] "GET /uploads/thumbnails/a191805535e2305499e8b149a00d975a.jpg HTTP/1.1" 200 43425 "-" "Mozilla/5.0 (Macintosh; Intel Mac OS X 10_12_6) AppleWebKit/537.36 (KHTML, like Gecko) Chrome/63.0.3239.84 Safari/537.36"
51.68.153.213 - - [27/Aug/2019:21:50:09 +0000] "GET /uploads/thumbnails/d68b8c046b7a1cc1ef6abd244aeb99df.jpeg HTTP/1.1" 200 63086 "-" "Mozilla/5.0 (Macintosh; Intel Mac OS X 10_12_6) AppleWebKit/537.36 (KHTML, like Gecko) Chrome/63.0.3239.84 Safari/537.36"
51.68.153.213 - - [27/Aug/2019:21:50:10 +0000] "GET /uploads/thumbnails/29f701d5373a6cdc7e49a46230a8c542.jpeg HTTP/1.1" 200 48820 "-" "Mozilla/5.0 (Macintosh; Intel Mac OS X 10_12_6) AppleWebKit/537.36 (KHTML, like Gecko) Chrome/63.0.3239.84 Safari/537.36"
51.68.153.213 - - [27/Aug/2019:21:50:12 +0000] "GET /uploads/thumbnails/19d3724204f616367b15fbec17cee465.jpg HTTP/1.1" 200 50226 "-" "Mozilla/5.0 (Macintosh; Intel Mac OS X 10_12_6) AppleWebKit/537.36 (KHTML, like Gecko) Chrome/63.0.3239.84 Safari/537.36"
51.68.153.213 - - [27/Aug/2019:21:50:13 +0000] "GET /uploads/thumbnails/8c9135e82cdce897e1cbb9a1c6b2749f.jpg HTTP/1.1" 200 43817 "-" "Mozilla/5.0 (Macintosh; Intel Mac OS X 10_12_6) AppleWebKit/537.36 (KHTML, like Gecko) Chrome/63.0.3239.84 Safari/537.36"
51.68.153.213 - - [27/Aug/2019:21:50:14 +0000] "GET /uploads/thumbnails/4b7efd6fb8b57c9b7606331973689e04.jpg HTTP/1.1" 200 50106 "-" "Mozilla/5.0 (Macintosh; Intel Mac OS X 10_12_6) AppleWebKit/537.36 (KHTML, like Gecko) Chrome/63.0.3239.84 Safari/537.36"
51.68.153.213 - - [27/Aug/2019:21:50:15 +0000] "GET /uploads/thumbnails/6bb11ea7c9513f585d6e0be66aeac468.jpg HTTP/1.1" 200 44325 "-" "Mozilla/5.0 (Macintosh; Intel Mac OS X 10_12_6) AppleWebKit/537.36 (KHTML, like Gecko) Chrome/63.0.3239.84 Safari/537.36"
51.68.153.213 - - [27/Aug/2019:21:50:16 +0000] "GET /uploads/thumbnails/caf46737f300d9375291a03efe56722a.jpeg HTTP/1.1" 200 64838 "-" "Mozilla/5.0 (Macintosh; Intel Mac OS X 10_12_6) AppleWebKit/537.36 (KHTML, like Gecko) Chrome/63.0.3239.84 Safari/537.36"
51.68.153.213 - - [27/Aug/2019:21:50:18 +0000] "GET /img/mate.jpg HTTP/1.1" 200 14037 "-" "Mozilla/5.0 (Macintosh; Intel Mac OS X 10_12_6) AppleWebKit/537.36 (KHTML, like Gecko) Chrome/63.0.3239.84 Safari/537.36"
66.249.66.44 - - [27/Aug/2019:21:50:58 +0000] "GET /hr/pretraga?category=&type=&place=38&area=&price=500000&surface= HTTP/1.1" 500 4485 "-" "Mozilla/5.0 (Linux; Android 6.0.1; Nexus 5X Build/MMB29P) AppleWebKit/537.36 (KHTML, like Gecko) Chrome/41.0.2272.96 Mobile Safari/537.36 (compatible; Googlebot/2.1; +http://www.google.com/bot.html)"
66.249.66.42 - - [27/Aug/2019:21:51:58 +0000] "GET /pretraga?category=&type=&place=6&area=&price=1000000&surface=50 HTTP/1.1" 500 4485 "-" "Mozilla/5.0 (Linux; Android 6.0.1; Nexus 5X Build/MMB29P) AppleWebKit/537.36 (KHTML, like Gecko) Chrome/41.0.2272.96 Mobile Safari/537.36 (compatible; Googlebot/2.1; +http://www.google.com/bot.html)"
66.249.66.46 - - [27/Aug/2019:21:52:58 +0000] "GET /hr/pretraga?category=&type=&place=14&area=&price=&surface=200 HTTP/1.1" 500 4485 "-" "Mozilla/5.0 (Linux; Android 6.0.1; Nexus 5X Build/MMB29P) AppleWebKit/537.36 (KHTML, like Gecko) Chrome/41.0.2272.96 Mobile Safari/537.36 (compatible; Googlebot/2.1; +http://www.google.com/bot.html)"
66.249.66.42 - - [27/Aug/2019:21:53:58 +0000] "GET /pretraga?category=&type=&place=19&area=&price=100000&surface=50 HTTP/1.1" 500 4485 "-" "Mozilla/5.0 (Linux; Android 6.0.1; Nexus 5X Build/MMB29P) AppleWebKit/537.36 (KHTML, like Gecko) Chrome/41.0.2272.96 Mobile Safari/537.36 (compatible; Googlebot/2.1; +http://www.google.com/bot.html)"
66.249.66.44 - - [27/Aug/2019:21:54:58 +0000] "GET /hr/pretraga?category=&type=&place=36&area=159&price=200000&surface=50 HTTP/1.1" 500 4485 "-" "Mozilla/5.0 (Linux; Android 6.0.1; Nexus 5X Build/MMB29P) AppleWebKit/537.36 (KHTML, like Gecko) Chrome/41.0.2272.96 Mobile Safari/537.36 (compatible; Googlebot/2.1; +http://www.google.com/bot.html)"
51.68.153.213 - - [27/Aug/2019:21:56:11 +0000] "GET /uploads/images/c29da346589ecace8f77a2de714c55d5.jpg HTTP/1.1" 200 171911 "-" "Mozilla/5.0 (Macintosh; Intel Mac OS X 10_12_6) AppleWebKit/537.36 (KHTML, like Gecko) Chrome/63.0.3239.84 Safari/537.36"
66.249.66.44 - - [27/Aug/2019:21:57:58 +0000] "GET /pretraga?category=&type=&place=36&area=167&price=200000&surface=100 HTTP/1.1" 500 4485 "-" "Mozilla/5.0 (Linux; Android 6.0.1; Nexus 5X Build/MMB29P) AppleWebKit/537.36 (KHTML, like Gecko) Chrome/41.0.2272.96 Mobile Safari/537.36 (compatible; Googlebot/2.1; +http://www.google.com/bot.html)"
66.249.66.46 - - [27/Aug/2019:21:58:58 +0000] "GET /hr/pretraga?category=&type=&place=38&area=157&price=1000000&surface=10 HTTP/1.1" 500 4485 "-" "Mozilla/5.0 (Linux; Android 6.0.1; Nexus 5X Build/MMB29P) AppleWebKit/537.36 (KHTML, like Gecko) Chrome/41.0.2272.96 Mobile Safari/537.36 (compatible; Googlebot/2.1; +http://www.google.com/bot.html)"
51.68.153.213 - - [27/Aug/2019:22:00:58 +0000] "GET /uploads/thumbnails/881405cdac1caa2f3aebcd9bc26179a6.jpg HTTP/1.1" 200 23012 "-" "Mozilla/5.0 (Macintosh; Intel Mac OS X 10_12_6) AppleWebKit/537.36 (KHTML, like Gecko) Chrome/63.0.3239.84 Safari/537.36"
51.68.153.213 - - [27/Aug/2019:22:00:59 +0000] "GET /uploads/thumbnails/f05a93e75e521edd9090a452d1cd79d9.jpg HTTP/1.1" 200 35703 "-" "Mozilla/5.0 (Macintosh; Intel Mac OS X 10_12_6) AppleWebKit/537.36 (KHTML, like Gecko) Chrome/63.0.3239.84 Safari/537.36"
51.68.153.213 - - [27/Aug/2019:22:01:00 +0000] "GET /uploads/thumbnails/75c0ea57fd3f1d2fb5ed7ffd4531f422.jpg HTTP/1.1" 200 49876 "-" "Mozilla/5.0 (Macintosh; Intel Mac OS X 10_12_6) AppleWebKit/537.36 (KHTML, like Gecko) Chrome/63.0.3239.84 Safari/537.36"
51.68.153.213 - - [27/Aug/2019:22:01:01 +0000] "GET /uploads/thumbnails/de4ea3032f29efc60147f2dfaa659107.jpg HTTP/1.1" 200 44893 "-" "Mozilla/5.0 (Macintosh; Intel Mac OS X 10_12_6) AppleWebKit/537.36 (KHTML, like Gecko) Chrome/63.0.3239.84 Safari/537.36"
51.68.153.213 - - [27/Aug/2019:22:01:03 +0000] "GET /uploads/thumbnails/f19d7f19f8e64e5af97db60250fd40ec.jpg HTTP/1.1" 200 51941 "-" "Mozilla/5.0 (Macintosh; Intel Mac OS X 10_12_6) AppleWebKit/537.36 (KHTML, like Gecko) Chrome/63.0.3239.84 Safari/537.36"
51.68.153.213 - - [27/Aug/2019:22:01:05 +0000] "GET /uploads/thumbnails/26210a75eb692d1a5314a13b7aaee0b9.jpg HTTP/1.1" 200 50120 "-" "Mozilla/5.0 (Macintosh; Intel Mac OS X 10_12_6) AppleWebKit/537.36 (KHTML, like Gecko) Chrome/63.0.3239.84 Safari/537.36"
51.68.153.213 - - [27/Aug/2019:22:01:06 +0000] "GET /uploads/thumbnails/1c2bc08113360b6f7aa42abaaa54f331.jpg HTTP/1.1" 200 43109 "-" "Mozilla/5.0 (Macintosh; Intel Mac OS X 10_12_6) AppleWebKit/537.36 (KHTML, like Gecko) Chrome/63.0.3239.84 Safari/537.36"
51.68.153.213 - - [27/Aug/2019:22:01:07 +0000] "GET /uploads/thumbnails/5b63eb9e98eb433845f000c5fe8a7d89.jpg HTTP/1.1" 200 61494 "-" "Mozilla/5.0 (Macintosh; Intel Mac OS X 10_12_6) AppleWebKit/537.36 (KHTML, like Gecko) Chrome/63.0.3239.84 Safari/537.36"
51.68.153.213 - - [27/Aug/2019:22:01:08 +0000] "GET /uploads/thumbnails/ebdf954cb9434e74e44ec2cc78c17af4.jpg HTTP/1.1" 200 50115 "-" "Mozilla/5.0 (Macintosh; Intel Mac OS X 10_12_6) AppleWebKit/537.36 (KHTML, like Gecko) Chrome/63.0.3239.84 Safari/537.36"
51.68.153.213 - - [27/Aug/2019:22:02:31 +0000] "GET /uploads/images/e2f85641f091607835ef1e2c65529c2a.jpg HTTP/1.1" 200 145298 "-" "Mozilla/5.0 (Macintosh; Intel Mac OS X 10_12_6) AppleWebKit/537.36 (KHTML, like Gecko) Chrome/63.0.3239.84 Safari/537.36"
51.68.153.213 - - [27/Aug/2019:22:02:48 +0000] "GET /uploads/thumbnails/084071e0b6e40e96093385ddbccc6e81.jpg HTTP/1.1" 200 46511 "-" "Mozilla/5.0 (Macintosh; Intel Mac OS X 10_12_6) AppleWebKit/537.36 (KHTML, like Gecko) Chrome/63.0.3239.84 Safari/537.36"
51.68.153.213 - - [27/Aug/2019:22:02:50 +0000] "GET /uploads/thumbnails/d9823bec0d381bdeb85aa4bbd21f212b.jpg HTTP/1.1" 200 65376 "-" "Mozilla/5.0 (Macintosh; Intel Mac OS X 10_12_6) AppleWebKit/537.36 (KHTML, like Gecko) Chrome/63.0.3239.84 Safari/537.36"
51.68.153.213 - - [27/Aug/2019:22:02:51 +0000] "GET /uploads/thumbnails/7fd7bbbb12068dc7f182705bb4823283.jpg HTTP/1.1" 200 51207 "-" "Mozilla/5.0 (Macintosh; Intel Mac OS X 10_12_6) AppleWebKit/537.36 (KHTML, like Gecko) Chrome/63.0.3239.84 Safari/537.36"
51.68.153.213 - - [27/Aug/2019:22:02:52 +0000] "GET /uploads/thumbnails/93423a315b28b8a508b33627bd7a9ac6.jpeg HTTP/1.1" 200 43057 "-" "Mozilla/5.0 (Macintosh; Intel Mac OS X 10_12_6) AppleWebKit/537.36 (KHTML, like Gecko) Chrome/63.0.3239.84 Safari/537.36"
51.68.153.213 - - [27/Aug/2019:22:02:54 +0000] "GET /uploads/thumbnails/444956bf9f77c86d4a695acfae9aa2b9.jpg HTTP/1.1" 200 30676 "-" "Mozilla/5.0 (Macintosh; Intel Mac OS X 10_12_6) AppleWebKit/537.36 (KHTML, like Gecko) Chrome/63.0.3239.84 Safari/537.36"
51.68.153.213 - - [27/Aug/2019:22:02:55 +0000] "GET /uploads/thumbnails/e6de7ae5f6b0ff7b54a30cf462d1e06e.jpg HTTP/1.1" 200 47075 "-" "Mozilla/5.0 (Macintosh; Intel Mac OS X 10_12_6) AppleWebKit/537.36 (KHTML, like Gecko) Chrome/63.0.3239.84 Safari/537.36"
51.68.153.213 - - [27/Aug/2019:22:02:56 +0000] "GET /uploads/thumbnails/900c43edd29eb5f5847c0cbe249f8212.jpg HTTP/1.1" 200 49774 "-" "Mozilla/5.0 (Macintosh; Intel Mac OS X 10_12_6) AppleWebKit/537.36 (KHTML, like Gecko) Chrome/63.0.3239.84 Safari/537.36"
66.249.66.44 - - [27/Aug/2019:22:02:58 +0000] "GET /pretraga?category=&type=&place=58&area=159&price=1000000&surface=100 HTTP/1.1" 500 4485 "-" "Mozilla/5.0 (Linux; Android 6.0.1; Nexus 5X Build/MMB29P) AppleWebKit/537.36 (KHTML, like Gecko) Chrome/41.0.2272.96 Mobile Safari/537.36 (compatible; Googlebot/2.1; +http://www.google.com/bot.html)"
51.68.153.213 - - [27/Aug/2019:22:02:58 +0000] "GET /uploads/thumbnails/c2c05cf5d4a2b2c3ba10f4af15c9c7d4.jpg HTTP/1.1" 200 46442 "-" "Mozilla/5.0 (Macintosh; Intel Mac OS X 10_12_6) AppleWebKit/537.36 (KHTML, like Gecko) Chrome/63.0.3239.84 Safari/537.36"
51.68.153.213 - - [27/Aug/2019:22:03:00 +0000] "GET /uploads/thumbnails/71e4bac8591bec3f12102710a5da6082.jpg HTTP/1.1" 200 29212 "-" "Mozilla/5.0 (Macintosh; Intel Mac OS X 10_12_6) AppleWebKit/537.36 (KHTML, like Gecko) Chrome/63.0.3239.84 Safari/537.36"
66.249.66.46 - - [27/Aug/2019:22:06:58 +0000] "GET /pretraga?category=&type=&place=36&area=178&price=1000000&surface=200 HTTP/1.1" 500 4485 "-" "Mozilla/5.0 (Linux; Android 6.0.1; Nexus 5X Build/MMB29P) AppleWebKit/537.36 (KHTML, like Gecko) Chrome/41.0.2272.96 Mobile Safari/537.36 (compatible; Googlebot/2.1; +http://www.google.com/bot.html)"
66.249.66.42 - - [27/Aug/2019:22:15:58 +0000] "GET /hr/pretraga?category=&type=&place=46&area=&price=50000&surface=100 HTTP/1.1" 500 4485 "-" "Mozilla/5.0 (Linux; Android 6.0.1; Nexus 5X Build/MMB29P) AppleWebKit/537.36 (KHTML, like Gecko) Chrome/41.0.2272.96 Mobile Safari/537.36 (compatible; Googlebot/2.1; +http://www.google.com/bot.html)"
46.229.168.149 - - [27/Aug/2019:22:15:58 +0000] "GET /hr/snizeno HTTP/1.1" 200 4264 "-" "Mozilla/5.0 (compatible; SemrushBot/6~bl; +http://www.semrush.com/bot.html)"
66.249.66.42 - - [27/Aug/2019:22:17:58 +0000] "GET /en/search?category=&type=&place=36&area=170&price=50000&surface= HTTP/1.1" 500 4485 "-" "Mozilla/5.0 (Linux; Android 6.0.1; Nexus 5X Build/MMB29P) AppleWebKit/537.36 (KHTML, like Gecko) Chrome/41.0.2272.96 Mobile Safari/537.36 (compatible; Googlebot/2.1; +http://www.google.com/bot.html)"
66.249.66.46 - - [27/Aug/2019:22:18:58 +0000] "GET /en/search?category=&type=&place=46&area=&price=500000&surface=200 HTTP/1.1" 500 4485 "-" "Mozilla/5.0 (Linux; Android 6.0.1; Nexus 5X Build/MMB29P) AppleWebKit/537.36 (KHTML, like Gecko) Chrome/41.0.2272.96 Mobile Safari/537.36 (compatible; Googlebot/2.1; +http://www.google.com/bot.html)"
66.249.66.42 - - [27/Aug/2019:22:19:58 +0000] "GET /hr/pretraga?category=&type=&place=15&area=&price=300000&surface=200 HTTP/1.1" 500 4485 "-" "Mozilla/5.0 (Linux; Android 6.0.1; Nexus 5X Build/MMB29P) AppleWebKit/537.36 (KHTML, like Gecko) Chrome/41.0.2272.96 Mobile Safari/537.36 (compatible; Googlebot/2.1; +http://www.google.com/bot.html)"
66.249.66.46 - - [27/Aug/2019:22:20:58 +0000] "GET /hr/pretraga?category=&type=&place=53&area=&price=100000&surface= HTTP/1.1" 500 4485 "-" "Mozilla/5.0 (Linux; Android 6.0.1; Nexus 5X Build/MMB29P) AppleWebKit/537.36 (KHTML, like Gecko) Chrome/41.0.2272.96 Mobile Safari/537.36 (compatible; Googlebot/2.1; +http://www.google.com/bot.html)"
66.249.66.42 - - [27/Aug/2019:22:21:58 +0000] "GET /pretraga?category=&type=&place=36&area=159&price=300000&surface= HTTP/1.1" 500 4485 "-" "Mozilla/5.0 (Linux; Android 6.0.1; Nexus 5X Build/MMB29P) AppleWebKit/537.36 (KHTML, like Gecko) Chrome/41.0.2272.96 Mobile Safari/537.36 (compatible; Googlebot/2.1; +http://www.google.com/bot.html)"
66.249.66.42 - - [27/Aug/2019:22:22:57 +0000] "GET /pretraga?category=&type=&place=53&area=157&price=1000000&surface= HTTP/1.1" 500 4485 "-" "Mozilla/5.0 (Linux; Android 6.0.1; Nexus 5X Build/MMB29P) AppleWebKit/537.36 (KHTML, like Gecko) Chrome/41.0.2272.96 Mobile Safari/537.36 (compatible; Googlebot/2.1; +http://www.google.com/bot.html)"
66.249.66.46 - - [27/Aug/2019:22:23:58 +0000] "GET /pretraga?category=&type=&place=53&area=157&price=1000000&surface= HTTP/1.1" 500 4485 "-" "Mozilla/5.0 (Linux; Android 6.0.1; Nexus 5X Build/MMB29P) AppleWebKit/537.36 (KHTML, like Gecko) Chrome/41.0.2272.96 Mobile Safari/537.36 (compatible; Googlebot/2.1; +http://www.google.com/bot.html)"
66.249.66.44 - - [27/Aug/2019:22:24:58 +0000] "GET /en/search?category=&type=&place=9&area=&price=1000000&surface=100 HTTP/1.1" 500 4485 "-" "Mozilla/5.0 (Linux; Android 6.0.1; Nexus 5X Build/MMB29P) AppleWebKit/537.36 (KHTML, like Gecko) Chrome/41.0.2272.96 Mobile Safari/537.36 (compatible; Googlebot/2.1; +http://www.google.com/bot.html)"
66.249.66.44 - - [27/Aug/2019:22:25:57 +0000] "GET /en/search?category=&type=&place=58&area=161&price=200000&surface= HTTP/1.1" 500 4485 "-" "Mozilla/5.0 (Linux; Android 6.0.1; Nexus 5X Build/MMB29P) AppleWebKit/537.36 (KHTML, like Gecko) Chrome/41.0.2272.96 Mobile Safari/537.36 (compatible; Googlebot/2.1; +http://www.google.com/bot.html)"
66.249.66.42 - - [27/Aug/2019:22:26:58 +0000] "GET /pretraga?category=&type=&place=53&area=157&price=500000&surface= HTTP/1.1" 500 4485 "-" "Mozilla/5.0 (Linux; Android 6.0.1; Nexus 5X Build/MMB29P) AppleWebKit/537.36 (KHTML, like Gecko) Chrome/41.0.2272.96 Mobile Safari/537.36 (compatible; Googlebot/2.1; +http://www.google.com/bot.html)"
66.249.66.42 - - [27/Aug/2019:22:27:57 +0000] "GET /pretraga?category=&type=&place=53&area=157&price=500000&surface= HTTP/1.1" 500 4485 "-" "Mozilla/5.0 (Linux; Android 6.0.1; Nexus 5X Build/MMB29P) AppleWebKit/537.36 (KHTML, like Gecko) Chrome/41.0.2272.96 Mobile Safari/537.36 (compatible; Googlebot/2.1; +http://www.google.com/bot.html)"
66.249.66.42 - - [27/Aug/2019:22:28:57 +0000] "GET /pretraga?category=&type=sale&place=36&area=&price=100000&surface= HTTP/1.1" 500 4485 "-" "Mozilla/5.0 (Linux; Android 6.0.1; Nexus 5X Build/MMB29P) AppleWebKit/537.36 (KHTML, like Gecko) Chrome/41.0.2272.96 Mobile Safari/537.36 (compatible; Googlebot/2.1; +http://www.google.com/bot.html)"
66.249.66.42 - - [27/Aug/2019:22:29:57 +0000] "GET /pretraga?category=&type=sale&place=38&area=&price=1000000&surface=200 HTTP/1.1" 500 4485 "-" "Mozilla/5.0 (Linux; Android 6.0.1; Nexus 5X Build/MMB29P) AppleWebKit/537.36 (KHTML, like Gecko) Chrome/41.0.2272.96 Mobile Safari/537.36 (compatible; Googlebot/2.1; +http://www.google.com/bot.html)"
66.249.66.42 - - [27/Aug/2019:22:33:58 +0000] "GET /en/search?category=&type=&place=43&area=&price=100000&surface=200 HTTP/1.1" 500 4485 "-" "Mozilla/5.0 (Linux; Android 6.0.1; Nexus 5X Build/MMB29P) AppleWebKit/537.36 (KHTML, like Gecko) Chrome/41.0.2272.96 Mobile Safari/537.36 (compatible; Googlebot/2.1; +http://www.google.com/bot.html)"
66.249.66.42 - - [27/Aug/2019:22:43:58 +0000] "GET /pretraga?category=&type=&place=36&area=166&price=300000&surface= HTTP/1.1" 500 4485 "-" "Mozilla/5.0 (Linux; Android 6.0.1; Nexus 5X Build/MMB29P) AppleWebKit/537.36 (KHTML, like Gecko) Chrome/41.0.2272.96 Mobile Safari/537.36 (compatible; Googlebot/2.1; +http://www.google.com/bot.html)"
66.249.66.42 - - [27/Aug/2019:22:44:57 +0000] "GET /hr/pretraga?category=&type=&place=9&area=&price=1000000&surface=10 HTTP/1.1" 500 4485 "-" "Mozilla/5.0 (Linux; Android 6.0.1; Nexus 5X Build/MMB29P) AppleWebKit/537.36 (KHTML, like Gecko) Chrome/41.0.2272.96 Mobile Safari/537.36 (compatible; Googlebot/2.1; +http://www.google.com/bot.html)"
66.249.66.42 - - [27/Aug/2019:22:45:57 +0000] "GET /pretraga?category=&type=&place=2&area=&price=500000&surface= HTTP/1.1" 500 4485 "-" "Mozilla/5.0 (Linux; Android 6.0.1; Nexus 5X Build/MMB29P) AppleWebKit/537.36 (KHTML, like Gecko) Chrome/41.0.2272.96 Mobile Safari/537.36 (compatible; Googlebot/2.1; +http://www.google.com/bot.html)"
66.249.66.42 - - [27/Aug/2019:22:46:57 +0000] "GET /hr/pretraga?category=&type=&place=36&area=165&price=&surface=10 HTTP/1.1" 500 4485 "-" "Mozilla/5.0 (Linux; Android 6.0.1; Nexus 5X Build/MMB29P) AppleWebKit/537.36 (KHTML, like Gecko) Chrome/41.0.2272.96 Mobile Safari/537.36 (compatible; Googlebot/2.1; +http://www.google.com/bot.html)"
66.249.66.42 - - [27/Aug/2019:22:47:57 +0000] "GET /pretraga?category=&type=&place=47&area=&price=100000&surface=10 HTTP/1.1" 500 4485 "-" "Mozilla/5.0 (Linux; Android 6.0.1; Nexus 5X Build/MMB29P) AppleWebKit/537.36 (KHTML, like Gecko) Chrome/41.0.2272.96 Mobile Safari/537.36 (compatible; Googlebot/2.1; +http://www.google.com/bot.html)"
66.249.66.46 - - [27/Aug/2019:22:48:58 +0000] "GET /pretraga?category=&type=sale&place=36&area=&price=100000&surface=100 HTTP/1.1" 500 4485 "-" "Mozilla/5.0 (Linux; Android 6.0.1; Nexus 5X Build/MMB29P) AppleWebKit/537.36 (KHTML, like Gecko) Chrome/41.0.2272.96 Mobile Safari/537.36 (compatible; Googlebot/2.1; +http://www.google.com/bot.html)"
66.249.66.46 - - [27/Aug/2019:22:49:57 +0000] "GET /pretraga?category=&type=&place=59&area=&price=200000&surface=50 HTTP/1.1" 500 4485 "-" "Mozilla/5.0 (Linux; Android 6.0.1; Nexus 5X Build/MMB29P) AppleWebKit/537.36 (KHTML, like Gecko) Chrome/41.0.2272.96 Mobile Safari/537.36 (compatible; Googlebot/2.1; +http://www.google.com/bot.html)"
66.249.66.46 - - [27/Aug/2019:22:50:57 +0000] "GET /hr/pretraga?category=&type=&place=58&area=228&price=100000&surface=10 HTTP/1.1" 500 4485 "-" "Mozilla/5.0 (Linux; Android 6.0.1; Nexus 5X Build/MMB29P) AppleWebKit/537.36 (KHTML, like Gecko) Chrome/41.0.2272.96 Mobile Safari/537.36 (compatible; Googlebot/2.1; +http://www.google.com/bot.html)"
66.249.66.46 - - [27/Aug/2019:22:53:58 +0000] "GET /hr/pretraga?category=&type=&place=6&area=&price=200000&surface=50 HTTP/1.1" 500 4485 "-" "Mozilla/5.0 (Linux; Android 6.0.1; Nexus 5X Build/MMB29P) AppleWebKit/537.36 (KHTML, like Gecko) Chrome/41.0.2272.96 Mobile Safari/537.36 (compatible; Googlebot/2.1; +http://www.google.com/bot.html)"
66.249.66.44 - - [27/Aug/2019:22:59:58 +0000] "GET /en/apartments/kozino-dvosoban-apartman-prvi-red-do-mora-5509-m2 HTTP/1.1" 200 5969 "-" "Mozilla/5.0 (Linux; Android 6.0.1; Nexus 5X Build/MMB29P) AppleWebKit/537.36 (KHTML, like Gecko) Chrome/41.0.2272.96 Mobile Safari/537.36 (compatible; Googlebot/2.1; +http://www.google.com/bot.html)"
46.229.168.161 - - [27/Aug/2019:23:01:09 +0000] "GET /robots.txt HTTP/1.1" 200 24 "-" "Mozilla/5.0 (compatible; SemrushBot/6~bl; +http://www.semrush.com/bot.html)"
46.229.168.143 - - [27/Aug/2019:23:01:09 +0000] "GET /kuce/hotel-u-centru-zadra-s-pogledom-na-sv-donat-182-m2 HTTP/1.1" 200 6475 "-" "Mozilla/5.0 (compatible; SemrushBot/6~bl; +http://www.semrush.com/bot.html)"
66.249.66.46 - - [27/Aug/2019:23:01:58 +0000] "GET /pretraga?category=&type=&place=41&area=157&price=500000&surface=10 HTTP/1.1" 500 4485 "-" "Mozilla/5.0 (Linux; Android 6.0.1; Nexus 5X Build/MMB29P) AppleWebKit/537.36 (KHTML, like Gecko) Chrome/41.0.2272.96 Mobile Safari/537.36 (compatible; Googlebot/2.1; +http://www.google.com/bot.html)"
66.249.66.42 - - [27/Aug/2019:23:02:58 +0000] "GET /pretraga?category=&type=&place=36&area=161&price=200000&surface=10 HTTP/1.1" 500 4485 "-" "Mozilla/5.0 (Linux; Android 6.0.1; Nexus 5X Build/MMB29P) AppleWebKit/537.36 (KHTML, like Gecko) Chrome/41.0.2272.96 Mobile Safari/537.36 (compatible; Googlebot/2.1; +http://www.google.com/bot.html)"
66.249.66.42 - - [27/Aug/2019:23:05:58 +0000] "GET /hr/pretraga?category=&type=&place=36&area=163&price=100000&surface=50 HTTP/1.1" 500 4485 "-" "Mozilla/5.0 (Linux; Android 6.0.1; Nexus 5X Build/MMB29P) AppleWebKit/537.36 (KHTML, like Gecko) Chrome/41.0.2272.96 Mobile Safari/537.36 (compatible; Googlebot/2.1; +http://www.google.com/bot.html)"
66.249.66.44 - - [27/Aug/2019:23:08:58 +0000] "GET /hr/pretraga?category=&type=&place=59&area=&price=&surface=100 HTTP/1.1" 500 4485 "-" "Mozilla/5.0 (Linux; Android 6.0.1; Nexus 5X Build/MMB29P) AppleWebKit/537.36 (KHTML, like Gecko) Chrome/41.0.2272.96 Mobile Safari/537.36 (compatible; Googlebot/2.1; +http://www.google.com/bot.html)"
91.242.162.39 - - [27/Aug/2019:23:09:07 +0000] "GET /robots.txt HTTP/1.1" 200 24 "-" "Mozilla/5.0 (compatible; Qwantify/2.4w; +https://www.qwant.com/)/2.4w"
91.242.162.39 - - [27/Aug/2019:23:09:07 +0000] "GET /snizeno HTTP/1.1" 200 4265 "-" "Mozilla/5.0 (compatible; Qwantify/2.4w; +https://www.qwant.com/)/2.4w"
