93.142.78.85 - - [27/Aug/2019:07:04:39 +0000] "GET /uploads/thumbnails/8dc6a7ef997a836a35559e81a04c0539.jpg HTTP/1.1" 200 59283 "https://www.citadela.hr/" "Mozilla/5.0 (iPhone; CPU iPhone OS 12_3_1 like Mac OS X) AppleWebKit/605.1.15 (KHTML, like Gecko) Version/12.1.1 Mobile/15E148 Safari/604.1"
93.142.78.85 - - [27/Aug/2019:07:04:39 +0000] "GET /uploads/thumbnails/5515c929a61cee595d6c147fd2c1aff0.jpg HTTP/1.1" 200 61638 "https://www.citadela.hr/" "Mozilla/5.0 (iPhone; CPU iPhone OS 12_3_1 like Mac OS X) AppleWebKit/605.1.15 (KHTML, like Gecko) Version/12.1.1 Mobile/15E148 Safari/604.1"
93.142.78.85 - - [27/Aug/2019:07:04:39 +0000] "GET /uploads/thumbnails/7915645d3793ff7eb1db19995ec8cba1.jpg HTTP/1.1" 200 49522 "https://www.citadela.hr/" "Mozilla/5.0 (iPhone; CPU iPhone OS 12_3_1 like Mac OS X) AppleWebKit/605.1.15 (KHTML, like Gecko) Version/12.1.1 Mobile/15E148 Safari/604.1"
93.142.78.85 - - [27/Aug/2019:07:04:39 +0000] "GET /uploads/thumbnails/e12e7cbc1ec71089f1fb856a0b4f485d.jpg HTTP/1.1" 200 46521 "https://www.citadela.hr/" "Mozilla/5.0 (iPhone; CPU iPhone OS 12_3_1 like Mac OS X) AppleWebKit/605.1.15 (KHTML, like Gecko) Version/12.1.1 Mobile/15E148 Safari/604.1"
93.142.78.85 - - [27/Aug/2019:07:04:39 +0000] "GET /uploads/thumbnails/ea94c49034b8aa4908acc74b7b1118b4.jpg HTTP/1.1" 200 62816 "https://www.citadela.hr/" "Mozilla/5.0 (iPhone; CPU iPhone OS 12_3_1 like Mac OS X) AppleWebKit/605.1.15 (KHTML, like Gecko) Version/12.1.1 Mobile/15E148 Safari/604.1"
93.142.78.85 - - [27/Aug/2019:07:04:39 +0000] "GET /uploads/thumbnails/1ebd91238b8df215b605508c48769520.jpg HTTP/1.1" 200 70680 "https://www.citadela.hr/" "Mozilla/5.0 (iPhone; CPU iPhone OS 12_3_1 like Mac OS X) AppleWebKit/605.1.15 (KHTML, like Gecko) Version/12.1.1 Mobile/15E148 Safari/604.1"
93.142.78.85 - - [27/Aug/2019:07:04:39 +0000] "GET /uploads/thumbnails/149f89c7f29bee2faba7bf5b95e8017c.jpg HTTP/1.1" 200 50997 "https://www.citadela.hr/" "Mozilla/5.0 (iPhone; CPU iPhone OS 12_3_1 like Mac OS X) AppleWebKit/605.1.15 (KHTML, like Gecko) Version/12.1.1 Mobile/15E148 Safari/604.1"
93.142.78.85 - - [27/Aug/2019:07:04:40 +0000] "GET /uploads/thumbnails/ca770c9bb6f290eda7f4af92675247ef.jpg HTTP/1.1" 200 33063 "https://www.citadela.hr/" "Mozilla/5.0 (iPhone; CPU iPhone OS 12_3_1 like Mac OS X) AppleWebKit/605.1.15 (KHTML, like Gecko) Version/12.1.1 Mobile/15E148 Safari/604.1"
93.142.78.85 - - [27/Aug/2019:07:04:39 +0000] "GET /fonts/fontawesome-webfont.woff2?v=4.7.0 HTTP/1.1" 200 77160 "https://www.citadela.hr/" "Mozilla/5.0 (iPhone; CPU iPhone OS 12_3_1 like Mac OS X) AppleWebKit/605.1.15 (KHTML, like Gecko) Version/12.1.1 Mobile/15E148 Safari/604.1"
93.142.78.85 - - [27/Aug/2019:07:04:40 +0000] "GET /uploads/thumbnails/9df70e89b65d59403b1575732fffe9be.jpg HTTP/1.1" 200 72086 "https://www.citadela.hr/" "Mozilla/5.0 (iPhone; CPU iPhone OS 12_3_1 like Mac OS X) AppleWebKit/605.1.15 (KHTML, like Gecko) Version/12.1.1 Mobile/15E148 Safari/604.1"
93.142.78.85 - - [27/Aug/2019:07:04:40 +0000] "GET /uploads/thumbnails/e68c0d86241f8b7c1660390bedbdfc4a.jpg HTTP/1.1" 200 53864 "https://www.citadela.hr/" "Mozilla/5.0 (iPhone; CPU iPhone OS 12_3_1 like Mac OS X) AppleWebKit/605.1.15 (KHTML, like Gecko) Version/12.1.1 Mobile/15E148 Safari/604.1"
93.142.78.85 - - [27/Aug/2019:07:04:40 +0000] "GET /uploads/thumbnails/b5bc222554bca8fa7917de2de05971cc.jpg HTTP/1.1" 200 33918 "https://www.citadela.hr/" "Mozilla/5.0 (iPhone; CPU iPhone OS 12_3_1 like Mac OS X) AppleWebKit/605.1.15 (KHTML, like Gecko) Version/12.1.1 Mobile/15E148 Safari/604.1"
93.142.78.85 - - [27/Aug/2019:07:04:40 +0000] "GET /uploads/thumbnails/28c9a0d093c3c90ca4d016ae76730aa7.jpg HTTP/1.1" 200 34860 "https://www.citadela.hr/" "Mozilla/5.0 (iPhone; CPU iPhone OS 12_3_1 like Mac OS X) AppleWebKit/605.1.15 (KHTML, like Gecko) Version/12.1.1 Mobile/15E148 Safari/604.1"
93.142.78.85 - - [27/Aug/2019:07:04:40 +0000] "GET /uploads/thumbnails/cd9b3548ca220c5c4552c6b333b6c999.jpg HTTP/1.1" 200 39472 "https://www.citadela.hr/" "Mozilla/5.0 (iPhone; CPU iPhone OS 12_3_1 like Mac OS X) AppleWebKit/605.1.15 (KHTML, like Gecko) Version/12.1.1 Mobile/15E148 Safari/604.1"
93.142.78.85 - - [27/Aug/2019:07:04:40 +0000] "GET /uploads/thumbnails/ecdf3c7f545e48cfbf5fd4abd73b6893.jpg HTTP/1.1" 200 48798 "https://www.citadela.hr/" "Mozilla/5.0 (iPhone; CPU iPhone OS 12_3_1 like Mac OS X) AppleWebKit/605.1.15 (KHTML, like Gecko) Version/12.1.1 Mobile/15E148 Safari/604.1"
93.142.78.85 - - [27/Aug/2019:07:04:40 +0000] "GET /uploads/thumbnails/dbc4a59152c908d1b7f89d94f19ea052.JPG HTTP/1.1" 200 47765 "https://www.citadela.hr/" "Mozilla/5.0 (iPhone; CPU iPhone OS 12_3_1 like Mac OS X) AppleWebKit/605.1.15 (KHTML, like Gecko) Version/12.1.1 Mobile/15E148 Safari/604.1"
93.142.78.85 - - [27/Aug/2019:07:04:40 +0000] "GET /uploads/thumbnails/be9b9ea29d5238dda14e57b7feb0a5a8.JPG HTTP/1.1" 200 47742 "https://www.citadela.hr/" "Mozilla/5.0 (iPhone; CPU iPhone OS 12_3_1 like Mac OS X) AppleWebKit/605.1.15 (KHTML, like Gecko) Version/12.1.1 Mobile/15E148 Safari/604.1"
93.142.78.85 - - [27/Aug/2019:07:04:40 +0000] "GET /uploads/thumbnails/9dcb5b39cd850e7191a40c0838ce2142.jpg HTTP/1.1" 200 62670 "https://www.citadela.hr/" "Mozilla/5.0 (iPhone; CPU iPhone OS 12_3_1 like Mac OS X) AppleWebKit/605.1.15 (KHTML, like Gecko) Version/12.1.1 Mobile/15E148 Safari/604.1"
93.142.78.85 - - [27/Aug/2019:07:04:40 +0000] "GET /uploads/thumbnails/b6f97a3060fe1336996caf761ff46b9b.JPG HTTP/1.1" 200 55231 "https://www.citadela.hr/" "Mozilla/5.0 (iPhone; CPU iPhone OS 12_3_1 like Mac OS X) AppleWebKit/605.1.15 (KHTML, like Gecko) Version/12.1.1 Mobile/15E148 Safari/604.1"
93.142.78.85 - - [27/Aug/2019:07:04:40 +0000] "GET /img/mate.jpg HTTP/1.1" 200 14037 "https://www.citadela.hr/" "Mozilla/5.0 (iPhone; CPU iPhone OS 12_3_1 like Mac OS X) AppleWebKit/605.1.15 (KHTML, like Gecko) Version/12.1.1 Mobile/15E148 Safari/604.1"
93.142.78.85 - - [27/Aug/2019:07:04:40 +0000] "GET /img/logo_footer.png HTTP/1.1" 200 4213 "https://www.citadela.hr/" "Mozilla/5.0 (iPhone; CPU iPhone OS 12_3_1 like Mac OS X) AppleWebKit/605.1.15 (KHTML, like Gecko) Version/12.1.1 Mobile/15E148 Safari/604.1"
93.142.78.85 - - [27/Aug/2019:07:04:40 +0000] "GET /unitegallery/images/loader-white1.gif HTTP/1.1" 200 2545 "https://www.citadela.hr/" "Mozilla/5.0 (iPhone; CPU iPhone OS 12_3_1 like Mac OS X) AppleWebKit/605.1.15 (KHTML, like Gecko) Version/12.1.1 Mobile/15E148 Safari/604.1"
93.142.78.85 - - [27/Aug/2019:07:04:40 +0000] "GET /unitegallery/images/loader.gif HTTP/1.1" 200 673 "https://www.citadela.hr/" "Mozilla/5.0 (iPhone; CPU iPhone OS 12_3_1 like Mac OS X) AppleWebKit/605.1.15 (KHTML, like Gecko) Version/12.1.1 Mobile/15E148 Safari/604.1"
93.142.78.85 - - [27/Aug/2019:07:04:40 +0000] "GET /unitegallery/skins/default/slider_arrow_left.png HTTP/1.1" 200 493 "https://www.citadela.hr/" "Mozilla/5.0 (iPhone; CPU iPhone OS 12_3_1 like Mac OS X) AppleWebKit/605.1.15 (KHTML, like Gecko) Version/12.1.1 Mobile/15E148 Safari/604.1"
93.142.78.85 - - [27/Aug/2019:07:04:40 +0000] "GET /unitegallery/skins/default/slider_arrow_right.png HTTP/1.1" 200 505 "https://www.citadela.hr/" "Mozilla/5.0 (iPhone; CPU iPhone OS 12_3_1 like Mac OS X) AppleWebKit/605.1.15 (KHTML, like Gecko) Version/12.1.1 Mobile/15E148 Safari/604.1"
93.142.78.85 - - [27/Aug/2019:07:04:40 +0000] "GET /unitegallery/skins/default/button_fullscreen.png HTTP/1.1" 200 1146 "https://www.citadela.hr/" "Mozilla/5.0 (iPhone; CPU iPhone OS 12_3_1 like Mac OS X) AppleWebKit/605.1.15 (KHTML, like Gecko) Version/12.1.1 Mobile/15E148 Safari/604.1"
93.142.78.85 - - [27/Aug/2019:07:04:40 +0000] "GET /unitegallery/images/play-button-square.png HTTP/1.1" 200 4591 "https://www.citadela.hr/" "Mozilla/5.0 (iPhone; CPU iPhone OS 12_3_1 like Mac OS X) AppleWebKit/605.1.15 (KHTML, like Gecko) Version/12.1.1 Mobile/15E148 Safari/604.1"
93.142.78.85 - - [27/Aug/2019:07:04:40 +0000] "GET /img/banner/banner.png HTTP/1.1" 200 188379 "https://www.citadela.hr/" "Mozilla/5.0 (iPhone; CPU iPhone OS 12_3_1 like Mac OS X) AppleWebKit/605.1.15 (KHTML, like Gecko) Version/12.1.1 Mobile/15E148 Safari/604.1"
93.142.78.85 - - [27/Aug/2019:07:04:40 +0000] "GET /unitegallery/images/loader-black1.gif HTTP/1.1" 200 5855 "https://www.citadela.hr/" "Mozilla/5.0 (iPhone; CPU iPhone OS 12_3_1 like Mac OS X) AppleWebKit/605.1.15 (KHTML, like Gecko) Version/12.1.1 Mobile/15E148 Safari/604.1"
93.142.78.85 - - [27/Aug/2019:07:04:40 +0000] "GET /unitegallery/images/button-close.png HTTP/1.1" 200 7155 "https://www.citadela.hr/" "Mozilla/5.0 (iPhone; CPU iPhone OS 12_3_1 like Mac OS X) AppleWebKit/605.1.15 (KHTML, like Gecko) Version/12.1.1 Mobile/15E148 Safari/604.1"
93.142.78.85 - - [27/Aug/2019:07:04:40 +0000] "GET /uploads/images/f28c4ddee2395a7c3c7630d204227ede.JPG HTTP/1.1" 200 306864 "https://www.citadela.hr/" "Mozilla/5.0 (iPhone; CPU iPhone OS 12_3_1 like Mac OS X) AppleWebKit/605.1.15 (KHTML, like Gecko) Version/12.1.1 Mobile/15E148 Safari/604.1"
93.142.78.85 - - [27/Aug/2019:07:04:40 +0000] "GET /uploads/images/7915645d3793ff7eb1db19995ec8cba1.jpg HTTP/1.1" 200 340358 "https://www.citadela.hr/" "Mozilla/5.0 (iPhone; CPU iPhone OS 12_3_1 like Mac OS X) AppleWebKit/605.1.15 (KHTML, like Gecko) Version/12.1.1 Mobile/15E148 Safari/604.1"
93.142.78.85 - - [27/Aug/2019:07:04:40 +0000] "GET /uploads/images/b6f97a3060fe1336996caf761ff46b9b.JPG HTTP/1.1" 200 350798 "https://www.citadela.hr/" "Mozilla/5.0 (iPhone; CPU iPhone OS 12_3_1 like Mac OS X) AppleWebKit/605.1.15 (KHTML, like Gecko) Version/12.1.1 Mobile/15E148 Safari/604.1"
93.142.78.85 - - [27/Aug/2019:07:04:41 +0000] "GET /favicon-32x32.png HTTP/1.1" 200 1936 "https://www.citadela.hr/" "Mozilla/5.0 (iPhone; CPU iPhone OS 12_3_1 like Mac OS X) AppleWebKit/605.1.15 (KHTML, like Gecko) Version/12.1.1 Mobile/15E148 Safari/604.1"
93.142.78.85 - - [27/Aug/2019:07:04:41 +0000] "GET /favicon-16x16.png HTTP/1.1" 200 1203 "https://www.citadela.hr/" "Mozilla/5.0 (iPhone; CPU iPhone OS 12_3_1 like Mac OS X) AppleWebKit/605.1.15 (KHTML, like Gecko) Version/12.1.1 Mobile/15E148 Safari/604.1"
93.142.78.85 - - [27/Aug/2019:07:04:52 +0000] "GET /uploads/images/8dc6a7ef997a836a35559e81a04c0539.jpg HTTP/1.1" 200 385432 "https://www.citadela.hr/" "Mozilla/5.0 (iPhone; CPU iPhone OS 12_3_1 like Mac OS X) AppleWebKit/605.1.15 (KHTML, like Gecko) Version/12.1.1 Mobile/15E148 Safari/604.1"
93.142.78.85 - - [27/Aug/2019:07:04:52 +0000] "GET /uploads/images/5515c929a61cee595d6c147fd2c1aff0.jpg HTTP/1.1" 200 446541 "https://www.citadela.hr/" "Mozilla/5.0 (iPhone; CPU iPhone OS 12_3_1 like Mac OS X) AppleWebKit/605.1.15 (KHTML, like Gecko) Version/12.1.1 Mobile/15E148 Safari/604.1"
93.142.78.85 - - [27/Aug/2019:07:04:54 +0000] "GET /uploads/images/ea94c49034b8aa4908acc74b7b1118b4.jpg HTTP/1.1" 200 450406 "https://www.citadela.hr/" "Mozilla/5.0 (iPhone; CPU iPhone OS 12_3_1 like Mac OS X) AppleWebKit/605.1.15 (KHTML, like Gecko) Version/12.1.1 Mobile/15E148 Safari/604.1"
93.142.78.85 - - [27/Aug/2019:07:04:55 +0000] "GET /uploads/images/e12e7cbc1ec71089f1fb856a0b4f485d.jpg HTTP/1.1" 200 351192 "https://www.citadela.hr/" "Mozilla/5.0 (iPhone; CPU iPhone OS 12_3_1 like Mac OS X) AppleWebKit/605.1.15 (KHTML, like Gecko) Version/12.1.1 Mobile/15E148 Safari/604.1"
93.142.78.85 - - [27/Aug/2019:07:04:56 +0000] "GET /uploads/images/1ebd91238b8df215b605508c48769520.jpg HTTP/1.1" 200 522796 "https://www.citadela.hr/" "Mozilla/5.0 (iPhone; CPU iPhone OS 12_3_1 like Mac OS X) AppleWebKit/605.1.15 (KHTML, like Gecko) Version/12.1.1 Mobile/15E148 Safari/604.1"
93.142.78.85 - - [27/Aug/2019:07:04:57 +0000] "GET /uploads/images/149f89c7f29bee2faba7bf5b95e8017c.jpg HTTP/1.1" 200 340832 "https://www.citadela.hr/" "Mozilla/5.0 (iPhone; CPU iPhone OS 12_3_1 like Mac OS X) AppleWebKit/605.1.15 (KHTML, like Gecko) Version/12.1.1 Mobile/15E148 Safari/604.1"
93.142.78.85 - - [27/Aug/2019:07:04:58 +0000] "GET /uploads/images/9df70e89b65d59403b1575732fffe9be.jpg HTTP/1.1" 200 532376 "https://www.citadela.hr/" "Mozilla/5.0 (iPhone; CPU iPhone OS 12_3_1 like Mac OS X) AppleWebKit/605.1.15 (KHTML, like Gecko) Version/12.1.1 Mobile/15E148 Safari/604.1"
66.249.66.42 - - [27/Aug/2019:07:04:59 +0000] "GET /pretraga?category=&type=&place=36&area=163&price=&surface= HTTP/1.1" 500 4485 "-" "Mozilla/5.0 (Linux; Android 6.0.1; Nexus 5X Build/MMB29P) AppleWebKit/537.36 (KHTML, like Gecko) Chrome/41.0.2272.96 Mobile Safari/537.36 (compatible; Googlebot/2.1; +http://www.google.com/bot.html)"
93.142.78.85 - - [27/Aug/2019:07:04:59 +0000] "GET /uploads/images/e68c0d86241f8b7c1660390bedbdfc4a.jpg HTTP/1.1" 200 361262 "https://www.citadela.hr/" "Mozilla/5.0 (iPhone; CPU iPhone OS 12_3_1 like Mac OS X) AppleWebKit/605.1.15 (KHTML, like Gecko) Version/12.1.1 Mobile/15E148 Safari/604.1"
93.142.78.85 - - [27/Aug/2019:07:05:00 +0000] "GET /uploads/images/ca770c9bb6f290eda7f4af92675247ef.jpg HTTP/1.1" 200 186790 "https://www.citadela.hr/" "Mozilla/5.0 (iPhone; CPU iPhone OS 12_3_1 like Mac OS X) AppleWebKit/605.1.15 (KHTML, like Gecko) Version/12.1.1 Mobile/15E148 Safari/604.1"
93.142.78.85 - - [27/Aug/2019:07:05:02 +0000] "GET /uploads/images/ecdf3c7f545e48cfbf5fd4abd73b6893.jpg HTTP/1.1" 200 326425 "https://www.citadela.hr/" "Mozilla/5.0 (iPhone; CPU iPhone OS 12_3_1 like Mac OS X) AppleWebKit/605.1.15 (KHTML, like Gecko) Version/12.1.1 Mobile/15E148 Safari/604.1"
93.142.78.85 - - [27/Aug/2019:07:05:02 +0000] "GET /uploads/images/b5bc222554bca8fa7917de2de05971cc.jpg HTTP/1.1" 200 214702 "https://www.citadela.hr/" "Mozilla/5.0 (iPhone; CPU iPhone OS 12_3_1 like Mac OS X) AppleWebKit/605.1.15 (KHTML, like Gecko) Version/12.1.1 Mobile/15E148 Safari/604.1"
93.142.78.85 - - [27/Aug/2019:07:05:07 +0000] "GET /uploads/images/28c9a0d093c3c90ca4d016ae76730aa7.jpg HTTP/1.1" 200 195084 "https://www.citadela.hr/" "Mozilla/5.0 (iPhone; CPU iPhone OS 12_3_1 like Mac OS X) AppleWebKit/605.1.15 (KHTML, like Gecko) Version/12.1.1 Mobile/15E148 Safari/604.1"
93.142.78.85 - - [27/Aug/2019:07:05:08 +0000] "GET /uploads/images/cd9b3548ca220c5c4552c6b333b6c999.jpg HTTP/1.1" 200 217671 "https://www.citadela.hr/" "Mozilla/5.0 (iPhone; CPU iPhone OS 12_3_1 like Mac OS X) AppleWebKit/605.1.15 (KHTML, like Gecko) Version/12.1.1 Mobile/15E148 Safari/604.1"
93.142.78.85 - - [27/Aug/2019:07:05:09 +0000] "GET /uploads/images/9dcb5b39cd850e7191a40c0838ce2142.jpg HTTP/1.1" 200 432095 "https://www.citadela.hr/" "Mozilla/5.0 (iPhone; CPU iPhone OS 12_3_1 like Mac OS X) AppleWebKit/605.1.15 (KHTML, like Gecko) Version/12.1.1 Mobile/15E148 Safari/604.1"
93.142.78.85 - - [27/Aug/2019:07:05:09 +0000] "GET /uploads/images/dbc4a59152c908d1b7f89d94f19ea052.JPG HTTP/1.1" 200 312571 "https://www.citadela.hr/" "Mozilla/5.0 (iPhone; CPU iPhone OS 12_3_1 like Mac OS X) AppleWebKit/605.1.15 (KHTML, like Gecko) Version/12.1.1 Mobile/15E148 Safari/604.1"
93.142.78.85 - - [27/Aug/2019:07:05:10 +0000] "GET /uploads/images/be9b9ea29d5238dda14e57b7feb0a5a8.JPG HTTP/1.1" 200 309954 "https://www.citadela.hr/" "Mozilla/5.0 (iPhone; CPU iPhone OS 12_3_1 like Mac OS X) AppleWebKit/605.1.15 (KHTML, like Gecko) Version/12.1.1 Mobile/15E148 Safari/604.1"
66.249.66.44 - - [27/Aug/2019:07:06:58 +0000] "GET /hr/pretraga?category=&type=&place=36&area=164&price=1000000&surface=200 HTTP/1.1" 500 4485 "-" "Mozilla/5.0 (Linux; Android 6.0.1; Nexus 5X Build/MMB29P) AppleWebKit/537.36 (KHTML, like Gecko) Chrome/41.0.2272.96 Mobile Safari/537.36 (compatible; Googlebot/2.1; +http://www.google.com/bot.html)"
46.229.168.147 - - [27/Aug/2019:07:07:06 +0000] "GET /apartmani/murter-plaza-slanica-dvosoban-apartman-prvi-red-do-mora-4355-m2 HTTP/1.1" 200 6062 "-" "Mozilla/5.0 (compatible; SemrushBot/6~bl; +http://www.semrush.com/bot.html)"
66.249.66.44 - - [27/Aug/2019:07:07:57 +0000] "GET /pretraga?category=&type=&place=36&area=161&price=&surface= HTTP/1.1" 500 4485 "-" "Mozilla/5.0 (Linux; Android 6.0.1; Nexus 5X Build/MMB29P) AppleWebKit/537.36 (KHTML, like Gecko) Chrome/41.0.2272.96 Mobile Safari/537.36 (compatible; Googlebot/2.1; +http://www.google.com/bot.html)"
66.249.66.42 - - [27/Aug/2019:07:08:58 +0000] "GET /pretraga?category=&type=&place=11&area=&price=&surface=50 HTTP/1.1" 500 4485 "-" "Mozilla/5.0 (Linux; Android 6.0.1; Nexus 5X Build/MMB29P) AppleWebKit/537.36 (KHTML, like Gecko) Chrome/41.0.2272.96 Mobile Safari/537.36 (compatible; Googlebot/2.1; +http://www.google.com/bot.html)"
66.249.66.42 - - [27/Aug/2019:07:10:58 +0000] "GET /pretraga?category=&type=&place=58&area=&price=200000&surface=10 HTTP/1.1" 500 4485 "-" "Mozilla/5.0 (Linux; Android 6.0.1; Nexus 5X Build/MMB29P) AppleWebKit/537.36 (KHTML, like Gecko) Chrome/41.0.2272.96 Mobile Safari/537.36 (compatible; Googlebot/2.1; +http://www.google.com/bot.html)"
66.249.66.46 - - [27/Aug/2019:07:11:58 +0000] "GET /hr/pretraga?category=&type=&place=17&area=&price=500000&surface=50 HTTP/1.1" 500 4485 "-" "Mozilla/5.0 (Linux; Android 6.0.1; Nexus 5X Build/MMB29P) AppleWebKit/537.36 (KHTML, like Gecko) Chrome/41.0.2272.96 Mobile Safari/537.36 (compatible; Googlebot/2.1; +http://www.google.com/bot.html)"
66.249.66.44 - - [27/Aug/2019:07:13:58 +0000] "GET /en/search?category=&type=&place=38&area=&price=300000&surface=10 HTTP/1.1" 500 4485 "-" "Mozilla/5.0 (Linux; Android 6.0.1; Nexus 5X Build/MMB29P) AppleWebKit/537.36 (KHTML, like Gecko) Chrome/41.0.2272.96 Mobile Safari/537.36 (compatible; Googlebot/2.1; +http://www.google.com/bot.html)"
66.249.66.42 - - [27/Aug/2019:07:14:58 +0000] "GET /hr/pretraga?category=&type=&place=37&area=157&price=300000&surface=10 HTTP/1.1" 500 4485 "-" "Mozilla/5.0 (Linux; Android 6.0.1; Nexus 5X Build/MMB29P) AppleWebKit/537.36 (KHTML, like Gecko) Chrome/41.0.2272.96 Mobile Safari/537.36 (compatible; Googlebot/2.1; +http://www.google.com/bot.html)"
66.249.66.42 - - [27/Aug/2019:07:15:57 +0000] "GET /en/search?category=&type=&place=36&area=200&price=100000&surface=10 HTTP/1.1" 500 4485 "-" "Mozilla/5.0 (Linux; Android 6.0.1; Nexus 5X Build/MMB29P) AppleWebKit/537.36 (KHTML, like Gecko) Chrome/41.0.2272.96 Mobile Safari/537.36 (compatible; Googlebot/2.1; +http://www.google.com/bot.html)"
66.249.66.42 - - [27/Aug/2019:07:17:50 +0000] "GET /en/search?category=&type=&place=39&area=184&price=500000&surface= HTTP/1.1" 200 3879 "-" "Mozilla/5.0 (Linux; Android 6.0.1; Nexus 5X Build/MMB29P) AppleWebKit/537.36 (KHTML, like Gecko) Chrome/41.0.2272.96 Mobile Safari/537.36 (compatible; Googlebot/2.1; +http://www.google.com/bot.html)"
66.249.66.42 - - [27/Aug/2019:07:17:57 +0000] "GET /en/search?category=&type=&place=58&area=&price=100000&surface=100 HTTP/1.1" 500 4485 "-" "Mozilla/5.0 (Linux; Android 6.0.1; Nexus 5X Build/MMB29P) AppleWebKit/537.36 (KHTML, like Gecko) Chrome/41.0.2272.96 Mobile Safari/537.36 (compatible; Googlebot/2.1; +http://www.google.com/bot.html)"
66.249.93.29 - - [27/Aug/2019:07:18:14 +0000] "GET / HTTP/1.1" 200 5820 "-" "Mozilla/5.0 (X11; Linux x86_64) AppleWebKit/537.36 (KHTML, like Gecko) Chrome/49.0.2623.75 Safari/537.36 Google Favicon"
66.249.93.30 - - [27/Aug/2019:07:18:15 +0000] "GET /favicon-32x32.png HTTP/1.1" 200 1936 "-" "Mozilla/5.0 (X11; Linux x86_64) AppleWebKit/537.36 (KHTML, like Gecko) Chrome/49.0.2623.75 Safari/537.36 Google Favicon"
66.249.66.44 - - [27/Aug/2019:07:18:58 +0000] "GET /hr/pretraga?category=&type=&place=4&area=&price=&surface= HTTP/1.1" 500 4485 "-" "Mozilla/5.0 (Linux; Android 6.0.1; Nexus 5X Build/MMB29P) AppleWebKit/537.36 (KHTML, like Gecko) Chrome/41.0.2272.96 Mobile Safari/537.36 (compatible; Googlebot/2.1; +http://www.google.com/bot.html)"
66.249.66.42 - - [27/Aug/2019:07:20:58 +0000] "GET /hr/pretraga?category=&type=&place=59&area=&price=300000&surface=200 HTTP/1.1" 500 4485 "-" "Mozilla/5.0 (Linux; Android 6.0.1; Nexus 5X Build/MMB29P) AppleWebKit/537.36 (KHTML, like Gecko) Chrome/41.0.2272.96 Mobile Safari/537.36 (compatible; Googlebot/2.1; +http://www.google.com/bot.html)"
66.249.66.44 - - [27/Aug/2019:07:21:58 +0000] "GET /hr/pretraga?category=&type=&place=46&area=&price=50000&surface=100 HTTP/1.1" 500 4485 "-" "Mozilla/5.0 (Linux; Android 6.0.1; Nexus 5X Build/MMB29P) AppleWebKit/537.36 (KHTML, like Gecko) Chrome/41.0.2272.96 Mobile Safari/537.36 (compatible; Googlebot/2.1; +http://www.google.com/bot.html)"
66.249.66.46 - - [27/Aug/2019:07:22:58 +0000] "GET /hr/pretraga?category=&type=&place=37&area=&price=1000000&surface=50 HTTP/1.1" 500 4485 "-" "Mozilla/5.0 (Linux; Android 6.0.1; Nexus 5X Build/MMB29P) AppleWebKit/537.36 (KHTML, like Gecko) Chrome/41.0.2272.96 Mobile Safari/537.36 (compatible; Googlebot/2.1; +http://www.google.com/bot.html)"
66.249.66.46 - - [27/Aug/2019:07:23:57 +0000] "GET /pretraga?category=&type=&place=36&area=160&price=100000&surface=100 HTTP/1.1" 500 4485 "-" "Mozilla/5.0 (Linux; Android 6.0.1; Nexus 5X Build/MMB29P) AppleWebKit/537.36 (KHTML, like Gecko) Chrome/41.0.2272.96 Mobile Safari/537.36 (compatible; Googlebot/2.1; +http://www.google.com/bot.html)"
66.249.66.42 - - [27/Aug/2019:07:25:58 +0000] "GET /pretraga?category=&type=&place=36&area=179&price=100000&surface=10 HTTP/1.1" 500 4485 "-" "Mozilla/5.0 (Linux; Android 6.0.1; Nexus 5X Build/MMB29P) AppleWebKit/537.36 (KHTML, like Gecko) Chrome/41.0.2272.96 Mobile Safari/537.36 (compatible; Googlebot/2.1; +http://www.google.com/bot.html)"
66.249.66.44 - - [27/Aug/2019:07:26:58 +0000] "GET /hr/pretraga?category=&type=&place=58&area=159&price=50000&surface=100 HTTP/1.1" 500 4485 "-" "Mozilla/5.0 (Linux; Android 6.0.1; Nexus 5X Build/MMB29P) AppleWebKit/537.36 (KHTML, like Gecko) Chrome/41.0.2272.96 Mobile Safari/537.36 (compatible; Googlebot/2.1; +http://www.google.com/bot.html)"
77.75.77.95 - - [27/Aug/2019:07:28:26 +0000] "GET /robots.txt HTTP/1.1" 200 24 "-" "Mozilla/5.0 (compatible; SeznamBot/3.2; +http://napoveda.seznam.cz/en/seznambot-intro/)"
77.75.77.95 - - [27/Aug/2019:07:28:28 +0000] "GET /blog HTTP/1.1" 200 4106 "-" "Mozilla/5.0 (compatible; SeznamBot/3.2; +http://napoveda.seznam.cz/en/seznambot-intro/)"
141.138.40.51 - - [27/Aug/2019:07:29:38 +0000] "GET /uploads/thumbnails/fae82b6ffae94bfd63691c672bcd576e.jpg HTTP/1.1" 200 41464 "https://www.google.com/blank.html" "Mozilla/5.0 (Linux; Android 8.0.0; SM-G930F Build/R16NW; wv) AppleWebKit/537.36 (KHTML, like Gecko) Version/4.0 Chrome/74.0.3729.112 Mobile Safari/537.36 GSA/9.66.5.21.arm64"
66.249.66.44 - - [27/Aug/2019:07:30:58 +0000] "GET /hr/pretraga?category=&type=&place=41&area=&price=1000000&surface=10 HTTP/1.1" 500 4485 "-" "Mozilla/5.0 (Linux; Android 6.0.1; Nexus 5X Build/MMB29P) AppleWebKit/537.36 (KHTML, like Gecko) Chrome/41.0.2272.96 Mobile Safari/537.36 (compatible; Googlebot/2.1; +http://www.google.com/bot.html)"
66.249.66.46 - - [27/Aug/2019:07:32:58 +0000] "GET /pretraga?category=&type=&place=36&area=157&price=100000&surface=10 HTTP/1.1" 500 4485 "-" "Mozilla/5.0 (Linux; Android 6.0.1; Nexus 5X Build/MMB29P) AppleWebKit/537.36 (KHTML, like Gecko) Chrome/41.0.2272.96 Mobile Safari/537.36 (compatible; Googlebot/2.1; +http://www.google.com/bot.html)"
66.249.66.42 - - [27/Aug/2019:07:33:58 +0000] "GET /hr/pretraga?category=&type=&place=8&area=&price=&surface= HTTP/1.1" 500 4485 "-" "Mozilla/5.0 (Linux; Android 6.0.1; Nexus 5X Build/MMB29P) AppleWebKit/537.36 (KHTML, like Gecko) Chrome/41.0.2272.96 Mobile Safari/537.36 (compatible; Googlebot/2.1; +http://www.google.com/bot.html)"
66.249.66.46 - - [27/Aug/2019:07:34:58 +0000] "GET /pretraga?category=&type=&place=58&area=229&price=&surface=200 HTTP/1.1" 500 4485 "-" "Mozilla/5.0 (Linux; Android 6.0.1; Nexus 5X Build/MMB29P) AppleWebKit/537.36 (KHTML, like Gecko) Chrome/41.0.2272.96 Mobile Safari/537.36 (compatible; Googlebot/2.1; +http://www.google.com/bot.html)"
66.249.66.46 - - [27/Aug/2019:07:40:58 +0000] "GET /pretraga?category=&type=&place=58&area=229&price=100000&surface=200 HTTP/1.1" 500 4485 "-" "Mozilla/5.0 (Linux; Android 6.0.1; Nexus 5X Build/MMB29P) AppleWebKit/537.36 (KHTML, like Gecko) Chrome/41.0.2272.96 Mobile Safari/537.36 (compatible; Googlebot/2.1; +http://www.google.com/bot.html)"
66.249.66.42 - - [27/Aug/2019:07:41:58 +0000] "GET /pretraga?category=&type=&place=5&area=&price=200000&surface=100 HTTP/1.1" 500 4485 "-" "Mozilla/5.0 (Linux; Android 6.0.1; Nexus 5X Build/MMB29P) AppleWebKit/537.36 (KHTML, like Gecko) Chrome/41.0.2272.96 Mobile Safari/537.36 (compatible; Googlebot/2.1; +http://www.google.com/bot.html)"
66.249.66.42 - - [27/Aug/2019:07:43:58 +0000] "GET /en/search?category=&type=&place=56&area=&price=300000&surface=10 HTTP/1.1" 500 4485 "-" "Mozilla/5.0 (Linux; Android 6.0.1; Nexus 5X Build/MMB29P) AppleWebKit/537.36 (KHTML, like Gecko) Chrome/41.0.2272.96 Mobile Safari/537.36 (compatible; Googlebot/2.1; +http://www.google.com/bot.html)"
46.229.168.140 - - [27/Aug/2019:07:44:37 +0000] "GET /robots.txt HTTP/1.1" 200 24 "-" "Mozilla/5.0 (compatible; SemrushBot/6~bl; +http://www.semrush.com/bot.html)"
46.229.168.141 - - [27/Aug/2019:07:44:38 +0000] "GET /en/lands/rovanjska-gradevinsko-zemljiste-pogled-na-more-686-m2 HTTP/1.1" 200 5578 "-" "Mozilla/5.0 (compatible; SemrushBot/6~bl; +http://www.semrush.com/bot.html)"
66.249.66.46 - - [27/Aug/2019:07:46:58 +0000] "GET /pretraga?category=&type=&place=46&area=&price=50000&surface=200 HTTP/1.1" 500 4485 "-" "Mozilla/5.0 (Linux; Android 6.0.1; Nexus 5X Build/MMB29P) AppleWebKit/537.36 (KHTML, like Gecko) Chrome/41.0.2272.96 Mobile Safari/537.36 (compatible; Googlebot/2.1; +http://www.google.com/bot.html)"
46.229.168.150 - - [27/Aug/2019:07:59:10 +0000] "GET /kuce/sukosan-kuca-s-4-apartmana-drugi-red-do-mora-2292-m2 HTTP/1.1" 200 6002 "-" "Mozilla/5.0 (compatible; SemrushBot/6~bl; +http://www.semrush.com/bot.html)"
87.250.224.91 - - [27/Aug/2019:08:15:21 +0000] "GET /robots.txt HTTP/1.1" 200 24 "-" "Mozilla/5.0 (compatible; YandexBot/3.0; +http://yandex.com/bots)"
87.250.224.91 - - [27/Aug/2019:08:15:24 +0000] "GET /en/houses?page=1 HTTP/1.1" 200 5360 "-" "Mozilla/5.0 (compatible; YandexBot/3.0; +http://yandex.com/bots)"
46.229.168.145 - - [27/Aug/2019:08:15:58 +0000] "GET /robots.txt HTTP/1.1" 200 24 "-" "Mozilla/5.0 (compatible; SemrushBot/6~bl; +http://www.semrush.com/bot.html)"
46.229.168.132 - - [27/Aug/2019:08:15:58 +0000] "GET /en/houses/vir-kuca-556-m2-6-apartmana-i-poslovni-prostor-170-m-od-mora HTTP/1.1" 200 6088 "-" "Mozilla/5.0 (compatible; SemrushBot/6~bl; +http://www.semrush.com/bot.html)"
162.210.196.129 - - [27/Aug/2019:08:16:02 +0000] "GET /robots.txt HTTP/1.1" 200 24 "-" "Mozilla/5.0 (compatible; MJ12bot/v1.4.8; http://mj12bot.com/)"
162.210.196.129 - - [27/Aug/2019:08:16:05 +0000] "GET / HTTP/1.1" 200 5820 "-" "Mozilla/5.0 (compatible; MJ12bot/v1.4.8; http://mj12bot.com/)"
66.249.66.46 - - [27/Aug/2019:08:26:58 +0000] "GET /kuce/sv-petar-na-moru-kuca-sa-6-apartmana-i-pogledom-na-more-39637m2 HTTP/1.1" 200 6326 "-" "Mozilla/5.0 (Linux; Android 6.0.1; Nexus 5X Build/MMB29P) AppleWebKit/537.36 (KHTML, like Gecko) Chrome/41.0.2272.96 Mobile Safari/537.36 (compatible; Googlebot/2.1; +http://www.google.com/bot.html)"
40.77.167.58 - - [27/Aug/2019:08:28:08 +0000] "GET /uploads/thumbnails/13677392a3836f4cc1645e72a89a9b7a.jpg HTTP/1.1" 200 39393 "-" "Mozilla/5.0 (compatible; bingbot/2.0; +http://www.bing.com/bingbot.htm)"
66.249.66.46 - - [27/Aug/2019:08:28:58 +0000] "GET /hr/apartmani?page=2 HTTP/1.1" 200 4898 "-" "Mozilla/5.0 (Linux; Android 6.0.1; Nexus 5X Build/MMB29P) AppleWebKit/537.36 (KHTML, like Gecko) Chrome/41.0.2272.96 Mobile Safari/537.36 (compatible; Googlebot/2.1; +http://www.google.com/bot.html)"
54.36.149.56 - - [27/Aug/2019:08:32:50 +0000] "GET /en/houses/sveti-petar-na-moru-pansion-s-15-soba-i-restoranom-600-m2 HTTP/1.1" 200 5694 "-" "Mozilla/5.0 (compatible; AhrefsBot/6.1; +http://ahrefs.com/robot/)"
66.249.66.42 - - [27/Aug/2019:08:33:58 +0000] "GET /kuce/veli-iz-pansion-prvi-red-do-mora-46340-m2-okucnica-1688-m2 HTTP/1.1" 200 6213 "-" "Mozilla/5.0 (Linux; Android 6.0.1; Nexus 5X Build/MMB29P) AppleWebKit/537.36 (KHTML, like Gecko) Chrome/41.0.2272.96 Mobile Safari/537.36 (compatible; Googlebot/2.1; +http://www.google.com/bot.html)"
66.249.66.46 - - [27/Aug/2019:08:34:58 +0000] "GET /zemljista/murter-cigrada-zemljiste-drugi-red-do-mora-1252-m2 HTTP/1.1" 200 5543 "-" "Mozilla/5.0 (Linux; Android 6.0.1; Nexus 5X Build/MMB29P) AppleWebKit/537.36 (KHTML, like Gecko) Chrome/41.0.2272.96 Mobile Safari/537.36 (compatible; Googlebot/2.1; +http://www.google.com/bot.html)"
66.249.66.42 - - [27/Aug/2019:08:35:58 +0000] "GET /pretraga?category=&type=&place=41&area=&price=1000000&surface= HTTP/1.1" 500 4485 "-" "Mozilla/5.0 (Linux; Android 6.0.1; Nexus 5X Build/MMB29P) AppleWebKit/537.36 (KHTML, like Gecko) Chrome/41.0.2272.96 Mobile Safari/537.36 (compatible; Googlebot/2.1; +http://www.google.com/bot.html)"
66.249.66.42 - - [27/Aug/2019:08:37:58 +0000] "GET /en/search?category=&type=&place=36&area=181&price=300000&surface= HTTP/1.1" 500 4485 "-" "Mozilla/5.0 (Linux; Android 6.0.1; Nexus 5X Build/MMB29P) AppleWebKit/537.36 (KHTML, like Gecko) Chrome/41.0.2272.96 Mobile Safari/537.36 (compatible; Googlebot/2.1; +http://www.google.com/bot.html)"
66.249.66.42 - - [27/Aug/2019:08:38:57 +0000] "GET /en/search?category=&type=&place=19&area=&price=50000&surface=50 HTTP/1.1" 500 4485 "-" "Mozilla/5.0 (Linux; Android 6.0.1; Nexus 5X Build/MMB29P) AppleWebKit/537.36 (KHTML, like Gecko) Chrome/41.0.2272.96 Mobile Safari/537.36 (compatible; Googlebot/2.1; +http://www.google.com/bot.html)"
66.249.66.44 - - [27/Aug/2019:08:39:58 +0000] "GET /pretraga?category=&type=&place=37&area=157&price=&surface=50 HTTP/1.1" 500 4485 "-" "Mozilla/5.0 (Linux; Android 6.0.1; Nexus 5X Build/MMB29P) AppleWebKit/537.36 (KHTML, like Gecko) Chrome/41.0.2272.96 Mobile Safari/537.36 (compatible; Googlebot/2.1; +http://www.google.com/bot.html)"
66.249.66.46 - - [27/Aug/2019:08:40:58 +0000] "GET /en/search?category=2&type=rent&place=&area=&price=&surface=10 HTTP/1.1" 200 3875 "-" "Mozilla/5.0 (compatible; Googlebot/2.1; +http://www.google.com/bot.html)"
66.249.66.46 - - [27/Aug/2019:08:42:58 +0000] "GET /hr/pretraga?category=&type=&place=37&area=157&price=100000&surface=50 HTTP/1.1" 500 4485 "-" "Mozilla/5.0 (Linux; Android 6.0.1; Nexus 5X Build/MMB29P) AppleWebKit/537.36 (KHTML, like Gecko) Chrome/41.0.2272.96 Mobile Safari/537.36 (compatible; Googlebot/2.1; +http://www.google.com/bot.html)"
66.249.66.46 - - [27/Aug/2019:08:43:57 +0000] "GET /pretraga?category=&type=&place=36&area=169&price=50000&surface=10 HTTP/1.1" 500 4485 "-" "Mozilla/5.0 (Linux; Android 6.0.1; Nexus 5X Build/MMB29P) AppleWebKit/537.36 (KHTML, like Gecko) Chrome/41.0.2272.96 Mobile Safari/537.36 (compatible; Googlebot/2.1; +http://www.google.com/bot.html)"
66.249.66.42 - - [27/Aug/2019:08:44:58 +0000] "GET /en/search?category=&type=sale&place=37&area=&price=1000000&surface=10 HTTP/1.1" 500 4485 "-" "Mozilla/5.0 (Linux; Android 6.0.1; Nexus 5X Build/MMB29P) AppleWebKit/537.36 (KHTML, like Gecko) Chrome/41.0.2272.96 Mobile Safari/537.36 (compatible; Googlebot/2.1; +http://www.google.com/bot.html)"
66.249.66.46 - - [27/Aug/2019:08:45:58 +0000] "GET /hr/pretraga?category=&type=&place=36&area=167&price=300000&surface=50 HTTP/1.1" 500 4485 "-" "Mozilla/5.0 (Linux; Android 6.0.1; Nexus 5X Build/MMB29P) AppleWebKit/537.36 (KHTML, like Gecko) Chrome/41.0.2272.96 Mobile Safari/537.36 (compatible; Googlebot/2.1; +http://www.google.com/bot.html)"
66.249.66.46 - - [27/Aug/2019:08:46:57 +0000] "GET /pretraga?category=&type=&place=36&area=159&price=300000&surface= HTTP/1.1" 500 4485 "-" "Mozilla/5.0 (Linux; Android 6.0.1; Nexus 5X Build/MMB29P) AppleWebKit/537.36 (KHTML, like Gecko) Chrome/41.0.2272.96 Mobile Safari/537.36 (compatible; Googlebot/2.1; +http://www.google.com/bot.html)"
46.229.168.144 - - [27/Aug/2019:08:47:09 +0000] "GET /robots.txt HTTP/1.1" 200 24 "-" "Mozilla/5.0 (compatible; SemrushBot/6~bl; +http://www.semrush.com/bot.html)"
46.229.168.154 - - [27/Aug/2019:08:47:09 +0000] "GET /en/blog HTTP/1.1" 200 3169 "-" "Mozilla/5.0 (compatible; SemrushBot/6~bl; +http://www.semrush.com/bot.html)"
66.249.66.42 - - [27/Aug/2019:08:47:58 +0000] "GET /en/search?category=&type=&place=58&area=161&price=200000&surface=10 HTTP/1.1" 500 4485 "-" "Mozilla/5.0 (Linux; Android 6.0.1; Nexus 5X Build/MMB29P) AppleWebKit/537.36 (KHTML, like Gecko) Chrome/41.0.2272.96 Mobile Safari/537.36 (compatible; Googlebot/2.1; +http://www.google.com/bot.html)"
66.249.66.44 - - [27/Aug/2019:08:49:58 +0000] "GET /en/search?category=&place=3&price=&surface=200 HTTP/1.1" 500 4485 "-" "Mozilla/5.0 (Linux; Android 6.0.1; Nexus 5X Build/MMB29P) AppleWebKit/537.36 (KHTML, like Gecko) Chrome/41.0.2272.96 Mobile Safari/537.36 (compatible; Googlebot/2.1; +http://www.google.com/bot.html)"
66.249.66.42 - - [27/Aug/2019:08:52:58 +0000] "GET /en/search?category=&type=sale&place=37&area=&price=1000000&surface=10 HTTP/1.1" 500 4485 "-" "Mozilla/5.0 (Linux; Android 6.0.1; Nexus 5X Build/MMB29P) AppleWebKit/537.36 (KHTML, like Gecko) Chrome/41.0.2272.96 Mobile Safari/537.36 (compatible; Googlebot/2.1; +http://www.google.com/bot.html)"
66.249.66.42 - - [27/Aug/2019:08:53:57 +0000] "GET /en/search?category=&type=&place=36&area=228&price=500000&surface= HTTP/1.1" 500 4485 "-" "Mozilla/5.0 (Linux; Android 6.0.1; Nexus 5X Build/MMB29P) AppleWebKit/537.36 (KHTML, like Gecko) Chrome/41.0.2272.96 Mobile Safari/537.36 (compatible; Googlebot/2.1; +http://www.google.com/bot.html)"
66.249.66.44 - - [27/Aug/2019:08:54:14 +0000] "GET /pretraga?category=&type=&place=48&area=&price=200000&surface=200 HTTP/1.1" 200 3980 "-" "Mozilla/5.0 (Linux; Android 6.0.1; Nexus 5X Build/MMB29P) AppleWebKit/537.36 (KHTML, like Gecko) Chrome/41.0.2272.96 Mobile Safari/537.36 (compatible; Googlebot/2.1; +http://www.google.com/bot.html)"
66.249.66.44 - - [27/Aug/2019:08:54:57 +0000] "GET /pretraga?category=&type=&place=58&area=159&price=500000&surface=50 HTTP/1.1" 500 4485 "-" "Mozilla/5.0 (Linux; Android 6.0.1; Nexus 5X Build/MMB29P) AppleWebKit/537.36 (KHTML, like Gecko) Chrome/41.0.2272.96 Mobile Safari/537.36 (compatible; Googlebot/2.1; +http://www.google.com/bot.html)"
66.249.66.42 - - [27/Aug/2019:08:55:58 +0000] "GET /hr/pretraga?category=&place=3&price=100000&surface=200 HTTP/1.1" 500 4485 "-" "Mozilla/5.0 (Linux; Android 6.0.1; Nexus 5X Build/MMB29P) AppleWebKit/537.36 (KHTML, like Gecko) Chrome/41.0.2272.96 Mobile Safari/537.36 (compatible; Googlebot/2.1; +http://www.google.com/bot.html)"
66.249.66.42 - - [27/Aug/2019:08:56:57 +0000] "GET /hr/pretraga?category=&type=&place=18&area=&price=300000&surface=50 HTTP/1.1" 500 4485 "-" "Mozilla/5.0 (Linux; Android 6.0.1; Nexus 5X Build/MMB29P) AppleWebKit/537.36 (KHTML, like Gecko) Chrome/41.0.2272.96 Mobile Safari/537.36 (compatible; Googlebot/2.1; +http://www.google.com/bot.html)"
66.249.66.46 - - [27/Aug/2019:08:59:58 +0000] "GET /pretraga?category=&type=&place=36&area=167&price=100000&surface=10 HTTP/1.1" 500 4485 "-" "Mozilla/5.0 (Linux; Android 6.0.1; Nexus 5X Build/MMB29P) AppleWebKit/537.36 (KHTML, like Gecko) Chrome/41.0.2272.96 Mobile Safari/537.36 (compatible; Googlebot/2.1; +http://www.google.com/bot.html)"
66.249.66.44 - - [27/Aug/2019:09:02:58 +0000] "GET /en/search?category=&type=&place=36&area=228&price=200000&surface=100 HTTP/1.1" 500 4485 "-" "Mozilla/5.0 (Linux; Android 6.0.1; Nexus 5X Build/MMB29P) AppleWebKit/537.36 (KHTML, like Gecko) Chrome/41.0.2272.96 Mobile Safari/537.36 (compatible; Googlebot/2.1; +http://www.google.com/bot.html)"
66.249.66.46 - - [27/Aug/2019:09:04:58 +0000] "GET /pretraga?category=&type=&place=36&area=&price=100000&surface=200 HTTP/1.1" 500 4485 "-" "Mozilla/5.0 (Linux; Android 6.0.1; Nexus 5X Build/MMB29P) AppleWebKit/537.36 (KHTML, like Gecko) Chrome/41.0.2272.96 Mobile Safari/537.36 (compatible; Googlebot/2.1; +http://www.google.com/bot.html)"
66.249.66.44 - - [27/Aug/2019:09:05:58 +0000] "GET /pretraga?category=&type=&place=36&area=169&price=100000&surface=50 HTTP/1.1" 500 4485 "-" "Mozilla/5.0 (Linux; Android 6.0.1; Nexus 5X Build/MMB29P) AppleWebKit/537.36 (KHTML, like Gecko) Chrome/41.0.2272.96 Mobile Safari/537.36 (compatible; Googlebot/2.1; +http://www.google.com/bot.html)"
66.249.66.42 - - [27/Aug/2019:09:06:58 +0000] "GET /pretraga?category=&type=&place=53&area=&price=200000&surface=10 HTTP/1.1" 500 4485 "-" "Mozilla/5.0 (Linux; Android 6.0.1; Nexus 5X Build/MMB29P) AppleWebKit/537.36 (KHTML, like Gecko) Chrome/41.0.2272.96 Mobile Safari/537.36 (compatible; Googlebot/2.1; +http://www.google.com/bot.html)"
66.249.66.42 - - [27/Aug/2019:09:07:57 +0000] "GET /hr/pretraga?category=&place=2&price=200000&surface=100 HTTP/1.1" 500 4485 "-" "Mozilla/5.0 (Linux; Android 6.0.1; Nexus 5X Build/MMB29P) AppleWebKit/537.36 (KHTML, like Gecko) Chrome/41.0.2272.96 Mobile Safari/537.36 (compatible; Googlebot/2.1; +http://www.google.com/bot.html)"
66.249.66.46 - - [27/Aug/2019:09:08:58 +0000] "GET /hr/pretraga?category=&type=&place=37&area=157&price=100000&surface=10 HTTP/1.1" 500 4485 "-" "Mozilla/5.0 (Linux; Android 6.0.1; Nexus 5X Build/MMB29P) AppleWebKit/537.36 (KHTML, like Gecko) Chrome/41.0.2272.96 Mobile Safari/537.36 (compatible; Googlebot/2.1; +http://www.google.com/bot.html)"
66.249.66.46 - - [27/Aug/2019:09:09:57 +0000] "GET /hr/pretraga?category=&type=&place=59&area=&price=300000&surface=100 HTTP/1.1" 500 4485 "-" "Mozilla/5.0 (Linux; Android 6.0.1; Nexus 5X Build/MMB29P) AppleWebKit/537.36 (KHTML, like Gecko) Chrome/41.0.2272.96 Mobile Safari/537.36 (compatible; Googlebot/2.1; +http://www.google.com/bot.html)"
66.249.66.44 - - [27/Aug/2019:09:10:58 +0000] "GET /hr/pretraga?category=&type=&place=59&area=&price=300000&surface=100 HTTP/1.1" 500 4485 "-" "Mozilla/5.0 (Linux; Android 6.0.1; Nexus 5X Build/MMB29P) AppleWebKit/537.36 (KHTML, like Gecko) Chrome/41.0.2272.96 Mobile Safari/537.36 (compatible; Googlebot/2.1; +http://www.google.com/bot.html)"
66.249.66.46 - - [27/Aug/2019:09:11:58 +0000] "GET /hr/pretraga?category=&type=&place=38&area=&price=100000&surface=50 HTTP/1.1" 500 4485 "-" "Mozilla/5.0 (Linux; Android 6.0.1; Nexus 5X Build/MMB29P) AppleWebKit/537.36 (KHTML, like Gecko) Chrome/41.0.2272.96 Mobile Safari/537.36 (compatible; Googlebot/2.1; +http://www.google.com/bot.html)"
78.0.183.53 - - [27/Aug/2019:09:12:33 +0000] "GET / HTTP/1.1" 200 5820 "https://www.google.com/" "Mozilla/5.0 (Windows NT 10.0; Win64; x64) AppleWebKit/537.36 (KHTML, like Gecko) Chrome/76.0.3809.100 Safari/537.36"
78.0.183.53 - - [27/Aug/2019:09:12:34 +0000] "GET /css/bootstrap.css HTTP/1.1" 200 20712 "https://www.citadela.hr/" "Mozilla/5.0 (Windows NT 10.0; Win64; x64) AppleWebKit/537.36 (KHTML, like Gecko) Chrome/76.0.3809.100 Safari/537.36"
78.0.183.53 - - [27/Aug/2019:09:12:34 +0000] "GET /css/font-awesome.css HTTP/1.1" 200 7439 "https://www.citadela.hr/" "Mozilla/5.0 (Windows NT 10.0; Win64; x64) AppleWebKit/537.36 (KHTML, like Gecko) Chrome/76.0.3809.100 Safari/537.36"
78.0.183.53 - - [27/Aug/2019:09:12:34 +0000] "GET /css/style.css?v=2 HTTP/1.1" 200 17441 "https://www.citadela.hr/" "Mozilla/5.0 (Windows NT 10.0; Win64; x64) AppleWebKit/537.36 (KHTML, like Gecko) Chrome/76.0.3809.100 Safari/537.36"
78.0.183.53 - - [27/Aug/2019:09:12:34 +0000] "GET /fonts/flaticon.css HTTP/1.1" 200 699 "https://www.citadela.hr/" "Mozilla/5.0 (Windows NT 10.0; Win64; x64) AppleWebKit/537.36 (KHTML, like Gecko) Chrome/76.0.3809.100 Safari/537.36"
78.0.183.53 - - [27/Aug/2019:09:12:34 +0000] "GET /css/colors/blue.css?v=2 HTTP/1.1" 200 3552 "https://www.citadela.hr/" "Mozilla/5.0 (Windows NT 10.0; Win64; x64) AppleWebKit/537.36 (KHTML, like Gecko) Chrome/76.0.3809.100 Safari/537.36"
78.0.183.53 - - [27/Aug/2019:09:12:34 +0000] "GET /css/jslider.css HTTP/1.1" 200 763 "https://www.citadela.hr/" "Mozilla/5.0 (Windows NT 10.0; Win64; x64) AppleWebKit/537.36 (KHTML, like Gecko) Chrome/76.0.3809.100 Safari/537.36"
78.0.183.53 - - [27/Aug/2019:09:12:34 +0000] "GET /css/responsive.css HTTP/1.1" 200 2788 "https://www.citadela.hr/" "Mozilla/5.0 (Windows NT 10.0; Win64; x64) AppleWebKit/537.36 (KHTML, like Gecko) Chrome/76.0.3809.100 Safari/537.36"
78.0.183.53 - - [27/Aug/2019:09:12:34 +0000] "GET /css/loader.css?v=2 HTTP/1.1" 200 772 "https://www.citadela.hr/" "Mozilla/5.0 (Windows NT 10.0; Win64; x64) AppleWebKit/537.36 (KHTML, like Gecko) Chrome/76.0.3809.100 Safari/537.36"
78.0.183.53 - - [27/Aug/2019:09:12:34 +0000] "GET /assets/plugins/flag/css/flag-icon.css HTTP/1.1" 200 2837 "https://www.citadela.hr/" "Mozilla/5.0 (Windows NT 10.0; Win64; x64) AppleWebKit/537.36 (KHTML, like Gecko) Chrome/76.0.3809.100 Safari/537.36"
78.0.183.53 - - [27/Aug/2019:09:12:34 +0000] "GET /img/logo_header.png?v=2 HTTP/1.1" 200 4348 "https://www.citadela.hr/" "Mozilla/5.0 (Windows NT 10.0; Win64; x64) AppleWebKit/537.36 (KHTML, like Gecko) Chrome/76.0.3809.100 Safari/537.36"
78.0.183.53 - - [27/Aug/2019:09:12:34 +0000] "GET /js/bootstrap.min.js HTTP/1.1" 200 9833 "https://www.citadela.hr/" "Mozilla/5.0 (Windows NT 10.0; Win64; x64) AppleWebKit/537.36 (KHTML, like Gecko) Chrome/76.0.3809.100 Safari/537.36"
78.0.183.53 - - [27/Aug/2019:09:12:34 +0000] "GET /js/bootstrap-select.js HTTP/1.1" 200 15633 "https://www.citadela.hr/" "Mozilla/5.0 (Windows NT 10.0; Win64; x64) AppleWebKit/537.36 (KHTML, like Gecko) Chrome/76.0.3809.100 Safari/537.36"
78.0.183.53 - - [27/Aug/2019:09:12:34 +0000] "GET /js/jquery.min.js HTTP/1.1" 200 33760 "https://www.citadela.hr/" "Mozilla/5.0 (Windows NT 10.0; Win64; x64) AppleWebKit/537.36 (KHTML, like Gecko) Chrome/76.0.3809.100 Safari/537.36"
78.0.183.53 - - [27/Aug/2019:09:12:34 +0000] "GET /js/YouTubePopUp.jquery.js HTTP/1.1" 200 967 "https://www.citadela.hr/" "Mozilla/5.0 (Windows NT 10.0; Win64; x64) AppleWebKit/537.36 (KHTML, like Gecko) Chrome/76.0.3809.100 Safari/537.36"
78.0.183.53 - - [27/Aug/2019:09:12:34 +0000] "GET /js/jquery.fancybox-media.js HTTP/1.1" 200 1973 "https://www.citadela.hr/" "Mozilla/5.0 (Windows NT 10.0; Win64; x64) AppleWebKit/537.36 (KHTML, like Gecko) Chrome/76.0.3809.100 Safari/537.36"
78.0.183.53 - - [27/Aug/2019:09:12:34 +0000] "GET /js/jquery.fancybox.pack.js HTTP/1.1" 200 8634 "https://www.citadela.hr/" "Mozilla/5.0 (Windows NT 10.0; Win64; x64) AppleWebKit/537.36 (KHTML, like Gecko) Chrome/76.0.3809.100 Safari/537.36"
78.0.183.53 - - [27/Aug/2019:09:12:34 +0000] "GET /css/animate.min.css HTTP/1.1" 200 4242 "https://www.citadela.hr/" "Mozilla/5.0 (Windows NT 10.0; Win64; x64) AppleWebKit/537.36 (KHTML, like Gecko) Chrome/76.0.3809.100 Safari/537.36"
78.0.183.53 - - [27/Aug/2019:09:12:34 +0000] "GET /css/jquery.fancybox.css HTTP/1.1" 200 1434 "https://www.citadela.hr/" "Mozilla/5.0 (Windows NT 10.0; Win64; x64) AppleWebKit/537.36 (KHTML, like Gecko) Chrome/76.0.3809.100 Safari/537.36"
78.0.183.53 - - [27/Aug/2019:09:12:34 +0000] "GET /css/owl.css HTTP/1.1" 200 1348 "https://www.citadela.hr/" "Mozilla/5.0 (Windows NT 10.0; Win64; x64) AppleWebKit/537.36 (KHTML, like Gecko) Chrome/76.0.3809.100 Safari/537.36"
78.0.183.53 - - [27/Aug/2019:09:12:34 +0000] "GET /js/owl.js HTTP/1.1" 200 17545 "https://www.citadela.hr/" "Mozilla/5.0 (Windows NT 10.0; Win64; x64) AppleWebKit/537.36 (KHTML, like Gecko) Chrome/76.0.3809.100 Safari/537.36"
78.0.183.53 - - [27/Aug/2019:09:12:34 +0000] "GET /js/mixitup.js HTTP/1.1" 200 11347 "https://www.citadela.hr/" "Mozilla/5.0 (Windows NT 10.0; Win64; x64) AppleWebKit/537.36 (KHTML, like Gecko) Chrome/76.0.3809.100 Safari/537.36"
78.0.183.53 - - [27/Aug/2019:09:12:34 +0000] "GET /js/wow.js HTTP/1.1" 200 2198 "https://www.citadela.hr/" "Mozilla/5.0 (Windows NT 10.0; Win64; x64) AppleWebKit/537.36 (KHTML, like Gecko) Chrome/76.0.3809.100 Safari/537.36"
78.0.183.53 - - [27/Aug/2019:09:12:35 +0000] "GET /js/jshashtable-2.1_src.js HTTP/1.1" 200 2957 "https://www.citadela.hr/" "Mozilla/5.0 (Windows NT 10.0; Win64; x64) AppleWebKit/537.36 (KHTML, like Gecko) Chrome/76.0.3809.100 Safari/537.36"
78.0.183.53 - - [27/Aug/2019:09:12:35 +0000] "GET /js/jquery.numberformatter-1.2.3.js HTTP/1.1" 200 4697 "https://www.citadela.hr/" "Mozilla/5.0 (Windows NT 10.0; Win64; x64) AppleWebKit/537.36 (KHTML, like Gecko) Chrome/76.0.3809.100 Safari/537.36"
78.0.183.53 - - [27/Aug/2019:09:12:35 +0000] "GET /js/tmpl.js HTTP/1.1" 200 625 "https://www.citadela.hr/" "Mozilla/5.0 (Windows NT 10.0; Win64; x64) AppleWebKit/537.36 (KHTML, like Gecko) Chrome/76.0.3809.100 Safari/537.36"
78.0.183.53 - - [27/Aug/2019:09:12:35 +0000] "GET /js/jquery.dependClass-0.1.js HTTP/1.1" 200 458 "https://www.citadela.hr/" "Mozilla/5.0 (Windows NT 10.0; Win64; x64) AppleWebKit/537.36 (KHTML, like Gecko) Chrome/76.0.3809.100 Safari/537.36"
78.0.183.53 - - [27/Aug/2019:09:12:35 +0000] "GET /js/draggable-0.1.js HTTP/1.1" 200 1326 "https://www.citadela.hr/" "Mozilla/5.0 (Windows NT 10.0; Win64; x64) AppleWebKit/537.36 (KHTML, like Gecko) Chrome/76.0.3809.100 Safari/537.36"
78.0.183.53 - - [27/Aug/2019:09:12:35 +0000] "GET /js/jquery.slider.js HTTP/1.1" 200 4772 "https://www.citadela.hr/" "Mozilla/5.0 (Windows NT 10.0; Win64; x64) AppleWebKit/537.36 (KHTML, like Gecko) Chrome/76.0.3809.100 Safari/537.36"
78.0.183.53 - - [27/Aug/2019:09:12:35 +0000] "GET /js/jquery.barrating.js HTTP/1.1" 200 4280 "https://www.citadela.hr/" "Mozilla/5.0 (Windows NT 10.0; Win64; x64) AppleWebKit/537.36 (KHTML, like Gecko) Chrome/76.0.3809.100 Safari/537.36"
78.0.183.53 - - [27/Aug/2019:09:12:35 +0000] "GET /js/custom.js HTTP/1.1" 200 5159 "https://www.citadela.hr/" "Mozilla/5.0 (Windows NT 10.0; Win64; x64) AppleWebKit/537.36 (KHTML, like Gecko) Chrome/76.0.3809.100 Safari/537.36"
78.0.183.53 - - [27/Aug/2019:09:12:35 +0000] "GET /uploads/thumbnails/e2f85641f091607835ef1e2c65529c2a.jpg HTTP/1.1" 200 44139 "https://www.citadela.hr/" "Mozilla/5.0 (Windows NT 10.0; Win64; x64) AppleWebKit/537.36 (KHTML, like Gecko) Chrome/76.0.3809.100 Safari/537.36"
78.0.183.53 - - [27/Aug/2019:09:12:35 +0000] "GET /uploads/thumbnails/42c15dd15f418344ccc035d6003dd670.jpeg HTTP/1.1" 200 56902 "https://www.citadela.hr/" "Mozilla/5.0 (Windows NT 10.0; Win64; x64) AppleWebKit/537.36 (KHTML, like Gecko) Chrome/76.0.3809.100 Safari/537.36"
78.0.183.53 - - [27/Aug/2019:09:12:35 +0000] "GET /uploads/thumbnails/3c55f605d3f0b0e63c055493db2ef6cb.jpg HTTP/1.1" 200 51114 "https://www.citadela.hr/" "Mozilla/5.0 (Windows NT 10.0; Win64; x64) AppleWebKit/537.36 (KHTML, like Gecko) Chrome/76.0.3809.100 Safari/537.36"
78.0.183.53 - - [27/Aug/2019:09:12:35 +0000] "GET /uploads/thumbnails/d88237410243ed4f971cfca527be5367.jpg HTTP/1.1" 200 53585 "https://www.citadela.hr/" "Mozilla/5.0 (Windows NT 10.0; Win64; x64) AppleWebKit/537.36 (KHTML, like Gecko) Chrome/76.0.3809.100 Safari/537.36"
78.0.183.53 - - [27/Aug/2019:09:12:35 +0000] "GET /uploads/thumbnails/637f734f3f66250d52f27e7aa9a9c97d.jpg HTTP/1.1" 200 66236 "https://www.citadela.hr/" "Mozilla/5.0 (Windows NT 10.0; Win64; x64) AppleWebKit/537.36 (KHTML, like Gecko) Chrome/76.0.3809.100 Safari/537.36"
78.0.183.53 - - [27/Aug/2019:09:12:35 +0000] "GET /uploads/thumbnails/c29da346589ecace8f77a2de714c55d5.jpg HTTP/1.1" 200 60477 "https://www.citadela.hr/" "Mozilla/5.0 (Windows NT 10.0; Win64; x64) AppleWebKit/537.36 (KHTML, like Gecko) Chrome/76.0.3809.100 Safari/537.36"
78.0.183.53 - - [27/Aug/2019:09:12:35 +0000] "GET /img/logo_footer.png HTTP/1.1" 200 4213 "https://www.citadela.hr/" "Mozilla/5.0 (Windows NT 10.0; Win64; x64) AppleWebKit/537.36 (KHTML, like Gecko) Chrome/76.0.3809.100 Safari/537.36"
78.0.183.53 - - [27/Aug/2019:09:12:35 +0000] "GET /assets/plugins/flag/flags/4x3/hr.svg HTTP/1.1" 200 80697 "https://www.citadela.hr/assets/plugins/flag/css/flag-icon.css" "Mozilla/5.0 (Windows NT 10.0; Win64; x64) AppleWebKit/537.36 (KHTML, like Gecko) Chrome/76.0.3809.100 Safari/537.36"
78.0.183.53 - - [27/Aug/2019:09:12:35 +0000] "GET /img/category_grid/newyork.png HTTP/1.1" 200 68457 "https://www.citadela.hr/css/style.css?v=2" "Mozilla/5.0 (Windows NT 10.0; Win64; x64) AppleWebKit/537.36 (KHTML, like Gecko) Chrome/76.0.3809.100 Safari/537.36"
78.0.183.53 - - [27/Aug/2019:09:12:35 +0000] "GET /img/category_grid/losangeles.png HTTP/1.1" 200 140282 "https://www.citadela.hr/css/style.css?v=2" "Mozilla/5.0 (Windows NT 10.0; Win64; x64) AppleWebKit/537.36 (KHTML, like Gecko) Chrome/76.0.3809.100 Safari/537.36"
78.0.183.53 - - [27/Aug/2019:09:12:35 +0000] "GET /img/category_grid/chicago.png HTTP/1.1" 200 98081 "https://www.citadela.hr/css/style.css?v=2" "Mozilla/5.0 (Windows NT 10.0; Win64; x64) AppleWebKit/537.36 (KHTML, like Gecko) Chrome/76.0.3809.100 Safari/537.36"
78.0.183.53 - - [27/Aug/2019:09:12:35 +0000] "GET /img/slider/fixed-slider.png HTTP/1.1" 200 436232 "https://www.citadela.hr/css/style.css?v=2" "Mozilla/5.0 (Windows NT 10.0; Win64; x64) AppleWebKit/537.36 (KHTML, like Gecko) Chrome/76.0.3809.100 Safari/537.36"
78.0.183.53 - - [27/Aug/2019:09:12:35 +0000] "GET /img/category_grid/miami.png HTTP/1.1" 200 306196 "https://www.citadela.hr/css/style.css?v=2" "Mozilla/5.0 (Windows NT 10.0; Win64; x64) AppleWebKit/537.36 (KHTML, like Gecko) Chrome/76.0.3809.100 Safari/537.36"
78.0.183.53 - - [27/Aug/2019:09:12:35 +0000] "GET /img/banner/house-closing.png HTTP/1.1" 200 691258 "https://www.citadela.hr/css/style.css?v=2" "Mozilla/5.0 (Windows NT 10.0; Win64; x64) AppleWebKit/537.36 (KHTML, like Gecko) Chrome/76.0.3809.100 Safari/537.36"
78.0.183.53 - - [27/Aug/2019:09:12:36 +0000] "GET /fonts/fontawesome-webfont.woff2?v=4.7.0 HTTP/1.1" 200 77160 "https://www.citadela.hr/css/font-awesome.css" "Mozilla/5.0 (Windows NT 10.0; Win64; x64) AppleWebKit/537.36 (KHTML, like Gecko) Chrome/76.0.3809.100 Safari/537.36"
78.0.183.53 - - [27/Aug/2019:09:12:38 +0000] "GET /favicon-32x32.png HTTP/1.1" 200 1936 "https://www.citadela.hr/" "Mozilla/5.0 (Windows NT 10.0; Win64; x64) AppleWebKit/537.36 (KHTML, like Gecko) Chrome/76.0.3809.100 Safari/537.36"
78.0.183.53 - - [27/Aug/2019:09:12:38 +0000] "GET /site.webmanifest HTTP/1.1" 200 291 "https://www.citadela.hr/" "Mozilla/5.0 (Windows NT 10.0; Win64; x64) AppleWebKit/537.36 (KHTML, like Gecko) Chrome/76.0.3809.100 Safari/537.36"
