90.134.157.127 - - [27/Aug/2019:15:22:06 +0000] "GET /unitegallery/images/loader-white1.gif HTTP/1.1" 200 2545 "https://www.citadela.hr/unitegallery/css/unite-gallery.css" "Mozilla/5.0 (Linux; Android 8.0.0; SAMSUNG SM-N950F Build/R16NW) AppleWebKit/537.36 (KHTML, like Gecko) SamsungBrowser/9.4 Chrome/67.0.3396.87 Mobile Safari/537.36"
90.134.157.127 - - [27/Aug/2019:15:22:06 +0000] "GET /unitegallery/images/not_loaded.png HTTP/1.1" 200 858 "https://www.citadela.hr/unitegallery/css/unite-gallery.css" "Mozilla/5.0 (Linux; Android 8.0.0; SAMSUNG SM-N950F Build/R16NW) AppleWebKit/537.36 (KHTML, like Gecko) SamsungBrowser/9.4 Chrome/67.0.3396.87 Mobile Safari/537.36"
90.134.157.127 - - [27/Aug/2019:15:22:06 +0000] "GET /unitegallery/images/loader-black1.gif HTTP/1.1" 200 5855 "https://www.citadela.hr/unitegallery/css/unite-gallery.css" "Mozilla/5.0 (Linux; Android 8.0.0; SAMSUNG SM-N950F Build/R16NW) AppleWebKit/537.36 (KHTML, like Gecko) SamsungBrowser/9.4 Chrome/67.0.3396.87 Mobile Safari/537.36"
90.134.157.127 - - [27/Aug/2019:15:22:06 +0000] "GET /unitegallery/images/loader.gif HTTP/1.1" 200 673 "https://www.citadela.hr/unitegallery/css/unite-gallery.css" "Mozilla/5.0 (Linux; Android 8.0.0; SAMSUNG SM-N950F Build/R16NW) AppleWebKit/537.36 (KHTML, like Gecko) SamsungBrowser/9.4 Chrome/67.0.3396.87 Mobile Safari/537.36"
90.134.157.127 - - [27/Aug/2019:15:22:06 +0000] "GET /unitegallery/images/button-close.png HTTP/1.1" 200 7155 "https://www.citadela.hr/unitegallery/css/unite-gallery.css" "Mozilla/5.0 (Linux; Android 8.0.0; SAMSUNG SM-N950F Build/R16NW) AppleWebKit/537.36 (KHTML, like Gecko) SamsungBrowser/9.4 Chrome/67.0.3396.87 Mobile Safari/537.36"
90.134.157.127 - - [27/Aug/2019:15:22:06 +0000] "GET /uploads/images/4d66d27a633efa72abe2fe69fa0bb1bb.jpg HTTP/1.1" 200 83335 "https://www.citadela.hr/zemljista/murter-cigrada-zemljiste-prvi-red-do-mora-333-m2" "Mozilla/5.0 (Linux; Android 8.0.0; SAMSUNG SM-N950F Build/R16NW) AppleWebKit/537.36 (KHTML, like Gecko) SamsungBrowser/9.4 Chrome/67.0.3396.87 Mobile Safari/537.36"
90.134.157.127 - - [27/Aug/2019:15:22:06 +0000] "GET /uploads/images/4240c5935d321944b9b3dd8ea14094af.jpg HTTP/1.1" 200 136228 "https://www.citadela.hr/zemljista/murter-cigrada-zemljiste-prvi-red-do-mora-333-m2" "Mozilla/5.0 (Linux; Android 8.0.0; SAMSUNG SM-N950F Build/R16NW) AppleWebKit/537.36 (KHTML, like Gecko) SamsungBrowser/9.4 Chrome/67.0.3396.87 Mobile Safari/537.36"
90.134.157.127 - - [27/Aug/2019:15:22:06 +0000] "GET /uploads/images/73d4521b85ecf599429b376991dcfc2a.jpg HTTP/1.1" 200 143699 "https://www.citadela.hr/zemljista/murter-cigrada-zemljiste-prvi-red-do-mora-333-m2" "Mozilla/5.0 (Linux; Android 8.0.0; SAMSUNG SM-N950F Build/R16NW) AppleWebKit/537.36 (KHTML, like Gecko) SamsungBrowser/9.4 Chrome/67.0.3396.87 Mobile Safari/537.36"
90.134.157.127 - - [27/Aug/2019:15:22:07 +0000] "GET /site.webmanifest HTTP/1.1" 200 291 "https://www.citadela.hr/zemljista/murter-cigrada-zemljiste-prvi-red-do-mora-333-m2" "Mozilla/5.0 (Linux; Android 8.0.0; SAMSUNG SM-N950F Build/R16NW) AppleWebKit/537.36 (KHTML, like Gecko) SamsungBrowser/9.4 Chrome/67.0.3396.87 Mobile Safari/537.36"
90.134.157.127 - - [27/Aug/2019:15:22:07 +0000] "GET /favicon-32x32.png HTTP/1.1" 200 1936 "https://www.citadela.hr/zemljista/murter-cigrada-zemljiste-prvi-red-do-mora-333-m2" "Mozilla/5.0 (Linux; Android 8.0.0; SAMSUNG SM-N950F Build/R16NW) AppleWebKit/537.36 (KHTML, like Gecko) SamsungBrowser/9.4 Chrome/67.0.3396.87 Mobile Safari/537.36"
90.134.157.127 - - [27/Aug/2019:15:22:07 +0000] "GET /apple-touch-icon.png HTTP/1.1" 200 9899 "https://www.citadela.hr/zemljista/murter-cigrada-zemljiste-prvi-red-do-mora-333-m2" "Mozilla/5.0 (Linux; Android 8.0.0; SAMSUNG SM-N950F Build/R16NW) AppleWebKit/537.36 (KHTML, like Gecko) SamsungBrowser/9.4 Chrome/67.0.3396.87 Mobile Safari/537.36"
66.249.66.46 - - [27/Aug/2019:15:22:58 +0000] "GET /pretraga?category=&type=&place=58&area=&price=50000&surface=200 HTTP/1.1" 500 4485 "-" "Mozilla/5.0 (Linux; Android 6.0.1; Nexus 5X Build/MMB29P) AppleWebKit/537.36 (KHTML, like Gecko) Chrome/41.0.2272.96 Mobile Safari/537.36 (compatible; Googlebot/2.1; +http://www.google.com/bot.html)"
167.114.210.33 - - [27/Aug/2019:15:23:03 +0000] "GET /poslovni-prostori HTTP/1.1" 200 4569 "-" "Mozilla/5.0 (Windows; U; Windows NT 5.1; de; rv:1.9.2.3) Gecko/20100401 Firefox/3.6.3"
90.134.157.127 - - [27/Aug/2019:15:23:34 +0000] "GET /zemljista/murter-cigrada-zemljiste-prvi-red-do-mora-333-m2 HTTP/1.1" 200 5652 "-" "WhatsApp/2.19.230 A"
90.134.157.127 - - [27/Aug/2019:15:23:34 +0000] "GET /favicon-16x16.png HTTP/1.1" 200 1203 "-" "WhatsApp/2.19.230 A"
90.134.157.127 - - [27/Aug/2019:15:23:51 +0000] "GET /uploads/images/b79f9bc4ee717c82c04ee7cf06b3c632.jpg HTTP/1.1" 200 115644 "https://www.citadela.hr/zemljista/murter-cigrada-zemljiste-prvi-red-do-mora-333-m2" "Mozilla/5.0 (Linux; Android 8.0.0; SAMSUNG SM-N950F Build/R16NW) AppleWebKit/537.36 (KHTML, like Gecko) SamsungBrowser/9.4 Chrome/67.0.3396.87 Mobile Safari/537.36"
66.249.66.42 - - [27/Aug/2019:15:23:58 +0000] "GET /hr/pretraga?category=&type=&place=36&area=161&price=300000&surface=200 HTTP/1.1" 500 4485 "-" "Mozilla/5.0 (Linux; Android 6.0.1; Nexus 5X Build/MMB29P) AppleWebKit/537.36 (KHTML, like Gecko) Chrome/41.0.2272.96 Mobile Safari/537.36 (compatible; Googlebot/2.1; +http://www.google.com/bot.html)"
90.134.157.127 - - [27/Aug/2019:15:24:03 +0000] "GET /uploads/images/c085f09d62c0ce2515144a1c029943c0.jpg HTTP/1.1" 200 69423 "https://www.citadela.hr/zemljista/murter-cigrada-zemljiste-prvi-red-do-mora-333-m2" "Mozilla/5.0 (Linux; Android 8.0.0; SAMSUNG SM-N950F Build/R16NW) AppleWebKit/537.36 (KHTML, like Gecko) SamsungBrowser/9.4 Chrome/67.0.3396.87 Mobile Safari/537.36"
90.134.157.127 - - [27/Aug/2019:15:24:09 +0000] "GET /uploads/images/b76155ac63e15417a03bd38f5e45eb1a.jpg HTTP/1.1" 200 177982 "https://www.citadela.hr/zemljista/murter-cigrada-zemljiste-prvi-red-do-mora-333-m2" "Mozilla/5.0 (Linux; Android 8.0.0; SAMSUNG SM-N950F Build/R16NW) AppleWebKit/537.36 (KHTML, like Gecko) SamsungBrowser/9.4 Chrome/67.0.3396.87 Mobile Safari/537.36"
83.178.235.132 - - [27/Aug/2019:15:24:31 +0000] "GET /zemljista/murter-cigrada-zemljiste-prvi-red-do-mora-333-m2 HTTP/1.1" 200 5651 "-" "Mozilla/5.0 (iPhone; CPU iPhone OS 12_4 like Mac OS X) AppleWebKit/605.1.15 (KHTML, like Gecko) Version/12.1.2 Mobile/15E148 Safari/604.1"
83.178.235.132 - - [27/Aug/2019:15:24:31 +0000] "GET /css/bootstrap.css HTTP/1.1" 200 20712 "https://www.citadela.hr/zemljista/murter-cigrada-zemljiste-prvi-red-do-mora-333-m2" "Mozilla/5.0 (iPhone; CPU iPhone OS 12_4 like Mac OS X) AppleWebKit/605.1.15 (KHTML, like Gecko) Version/12.1.2 Mobile/15E148 Safari/604.1"
83.178.235.132 - - [27/Aug/2019:15:24:32 +0000] "GET /css/colors/blue.css?v=2 HTTP/1.1" 200 3552 "https://www.citadela.hr/zemljista/murter-cigrada-zemljiste-prvi-red-do-mora-333-m2" "Mozilla/5.0 (iPhone; CPU iPhone OS 12_4 like Mac OS X) AppleWebKit/605.1.15 (KHTML, like Gecko) Version/12.1.2 Mobile/15E148 Safari/604.1"
83.178.235.132 - - [27/Aug/2019:15:24:32 +0000] "GET /fonts/flaticon.css HTTP/1.1" 200 699 "https://www.citadela.hr/zemljista/murter-cigrada-zemljiste-prvi-red-do-mora-333-m2" "Mozilla/5.0 (iPhone; CPU iPhone OS 12_4 like Mac OS X) AppleWebKit/605.1.15 (KHTML, like Gecko) Version/12.1.2 Mobile/15E148 Safari/604.1"
83.178.235.132 - - [27/Aug/2019:15:24:32 +0000] "GET /css/font-awesome.css HTTP/1.1" 200 7439 "https://www.citadela.hr/zemljista/murter-cigrada-zemljiste-prvi-red-do-mora-333-m2" "Mozilla/5.0 (iPhone; CPU iPhone OS 12_4 like Mac OS X) AppleWebKit/605.1.15 (KHTML, like Gecko) Version/12.1.2 Mobile/15E148 Safari/604.1"
83.178.235.132 - - [27/Aug/2019:15:24:32 +0000] "GET /css/style.css?v=2 HTTP/1.1" 200 17441 "https://www.citadela.hr/zemljista/murter-cigrada-zemljiste-prvi-red-do-mora-333-m2" "Mozilla/5.0 (iPhone; CPU iPhone OS 12_4 like Mac OS X) AppleWebKit/605.1.15 (KHTML, like Gecko) Version/12.1.2 Mobile/15E148 Safari/604.1"
83.178.235.132 - - [27/Aug/2019:15:24:32 +0000] "GET /css/jslider.css HTTP/1.1" 200 763 "https://www.citadela.hr/zemljista/murter-cigrada-zemljiste-prvi-red-do-mora-333-m2" "Mozilla/5.0 (iPhone; CPU iPhone OS 12_4 like Mac OS X) AppleWebKit/605.1.15 (KHTML, like Gecko) Version/12.1.2 Mobile/15E148 Safari/604.1"
83.178.235.132 - - [27/Aug/2019:15:24:32 +0000] "GET /css/responsive.css HTTP/1.1" 200 2788 "https://www.citadela.hr/zemljista/murter-cigrada-zemljiste-prvi-red-do-mora-333-m2" "Mozilla/5.0 (iPhone; CPU iPhone OS 12_4 like Mac OS X) AppleWebKit/605.1.15 (KHTML, like Gecko) Version/12.1.2 Mobile/15E148 Safari/604.1"
83.178.235.132 - - [27/Aug/2019:15:24:32 +0000] "GET /css/loader.css?v=2 HTTP/1.1" 200 772 "https://www.citadela.hr/zemljista/murter-cigrada-zemljiste-prvi-red-do-mora-333-m2" "Mozilla/5.0 (iPhone; CPU iPhone OS 12_4 like Mac OS X) AppleWebKit/605.1.15 (KHTML, like Gecko) Version/12.1.2 Mobile/15E148 Safari/604.1"
83.178.235.132 - - [27/Aug/2019:15:24:32 +0000] "GET /assets/plugins/flag/css/flag-icon.css HTTP/1.1" 200 2837 "https://www.citadela.hr/zemljista/murter-cigrada-zemljiste-prvi-red-do-mora-333-m2" "Mozilla/5.0 (iPhone; CPU iPhone OS 12_4 like Mac OS X) AppleWebKit/605.1.15 (KHTML, like Gecko) Version/12.1.2 Mobile/15E148 Safari/604.1"
83.178.235.132 - - [27/Aug/2019:15:24:32 +0000] "GET /unitegallery/css/unite-gallery.css HTTP/1.1" 200 4825 "https://www.citadela.hr/zemljista/murter-cigrada-zemljiste-prvi-red-do-mora-333-m2" "Mozilla/5.0 (iPhone; CPU iPhone OS 12_4 like Mac OS X) AppleWebKit/605.1.15 (KHTML, like Gecko) Version/12.1.2 Mobile/15E148 Safari/604.1"
83.178.235.132 - - [27/Aug/2019:15:24:32 +0000] "GET /js/jquery.min.js HTTP/1.1" 200 33760 "https://www.citadela.hr/zemljista/murter-cigrada-zemljiste-prvi-red-do-mora-333-m2" "Mozilla/5.0 (iPhone; CPU iPhone OS 12_4 like Mac OS X) AppleWebKit/605.1.15 (KHTML, like Gecko) Version/12.1.2 Mobile/15E148 Safari/604.1"
83.178.235.132 - - [27/Aug/2019:15:24:32 +0000] "GET /js/bootstrap.min.js HTTP/1.1" 200 9833 "https://www.citadela.hr/zemljista/murter-cigrada-zemljiste-prvi-red-do-mora-333-m2" "Mozilla/5.0 (iPhone; CPU iPhone OS 12_4 like Mac OS X) AppleWebKit/605.1.15 (KHTML, like Gecko) Version/12.1.2 Mobile/15E148 Safari/604.1"
83.178.235.132 - - [27/Aug/2019:15:24:32 +0000] "GET /js/bootstrap-select.js HTTP/1.1" 200 15633 "https://www.citadela.hr/zemljista/murter-cigrada-zemljiste-prvi-red-do-mora-333-m2" "Mozilla/5.0 (iPhone; CPU iPhone OS 12_4 like Mac OS X) AppleWebKit/605.1.15 (KHTML, like Gecko) Version/12.1.2 Mobile/15E148 Safari/604.1"
83.178.235.132 - - [27/Aug/2019:15:24:32 +0000] "GET /js/YouTubePopUp.jquery.js HTTP/1.1" 200 967 "https://www.citadela.hr/zemljista/murter-cigrada-zemljiste-prvi-red-do-mora-333-m2" "Mozilla/5.0 (iPhone; CPU iPhone OS 12_4 like Mac OS X) AppleWebKit/605.1.15 (KHTML, like Gecko) Version/12.1.2 Mobile/15E148 Safari/604.1"
83.178.235.132 - - [27/Aug/2019:15:24:32 +0000] "GET /js/jquery.fancybox-media.js HTTP/1.1" 200 1973 "https://www.citadela.hr/zemljista/murter-cigrada-zemljiste-prvi-red-do-mora-333-m2" "Mozilla/5.0 (iPhone; CPU iPhone OS 12_4 like Mac OS X) AppleWebKit/605.1.15 (KHTML, like Gecko) Version/12.1.2 Mobile/15E148 Safari/604.1"
83.178.235.132 - - [27/Aug/2019:15:24:32 +0000] "GET /js/jquery.fancybox.pack.js HTTP/1.1" 200 8634 "https://www.citadela.hr/zemljista/murter-cigrada-zemljiste-prvi-red-do-mora-333-m2" "Mozilla/5.0 (iPhone; CPU iPhone OS 12_4 like Mac OS X) AppleWebKit/605.1.15 (KHTML, like Gecko) Version/12.1.2 Mobile/15E148 Safari/604.1"
83.178.235.132 - - [27/Aug/2019:15:24:32 +0000] "GET /js/owl.js HTTP/1.1" 200 17545 "https://www.citadela.hr/zemljista/murter-cigrada-zemljiste-prvi-red-do-mora-333-m2" "Mozilla/5.0 (iPhone; CPU iPhone OS 12_4 like Mac OS X) AppleWebKit/605.1.15 (KHTML, like Gecko) Version/12.1.2 Mobile/15E148 Safari/604.1"
83.178.235.132 - - [27/Aug/2019:15:24:32 +0000] "GET /js/mixitup.js HTTP/1.1" 200 11347 "https://www.citadela.hr/zemljista/murter-cigrada-zemljiste-prvi-red-do-mora-333-m2" "Mozilla/5.0 (iPhone; CPU iPhone OS 12_4 like Mac OS X) AppleWebKit/605.1.15 (KHTML, like Gecko) Version/12.1.2 Mobile/15E148 Safari/604.1"
83.178.235.132 - - [27/Aug/2019:15:24:32 +0000] "GET /js/wow.js HTTP/1.1" 200 2198 "https://www.citadela.hr/zemljista/murter-cigrada-zemljiste-prvi-red-do-mora-333-m2" "Mozilla/5.0 (iPhone; CPU iPhone OS 12_4 like Mac OS X) AppleWebKit/605.1.15 (KHTML, like Gecko) Version/12.1.2 Mobile/15E148 Safari/604.1"
83.178.235.132 - - [27/Aug/2019:15:24:32 +0000] "GET /js/jshashtable-2.1_src.js HTTP/1.1" 200 2957 "https://www.citadela.hr/zemljista/murter-cigrada-zemljiste-prvi-red-do-mora-333-m2" "Mozilla/5.0 (iPhone; CPU iPhone OS 12_4 like Mac OS X) AppleWebKit/605.1.15 (KHTML, like Gecko) Version/12.1.2 Mobile/15E148 Safari/604.1"
83.178.235.132 - - [27/Aug/2019:15:24:32 +0000] "GET /js/jquery.numberformatter-1.2.3.js HTTP/1.1" 200 4697 "https://www.citadela.hr/zemljista/murter-cigrada-zemljiste-prvi-red-do-mora-333-m2" "Mozilla/5.0 (iPhone; CPU iPhone OS 12_4 like Mac OS X) AppleWebKit/605.1.15 (KHTML, like Gecko) Version/12.1.2 Mobile/15E148 Safari/604.1"
83.178.235.132 - - [27/Aug/2019:15:24:32 +0000] "GET /js/tmpl.js HTTP/1.1" 200 625 "https://www.citadela.hr/zemljista/murter-cigrada-zemljiste-prvi-red-do-mora-333-m2" "Mozilla/5.0 (iPhone; CPU iPhone OS 12_4 like Mac OS X) AppleWebKit/605.1.15 (KHTML, like Gecko) Version/12.1.2 Mobile/15E148 Safari/604.1"
83.178.235.132 - - [27/Aug/2019:15:24:32 +0000] "GET /js/jquery.dependClass-0.1.js HTTP/1.1" 200 458 "https://www.citadela.hr/zemljista/murter-cigrada-zemljiste-prvi-red-do-mora-333-m2" "Mozilla/5.0 (iPhone; CPU iPhone OS 12_4 like Mac OS X) AppleWebKit/605.1.15 (KHTML, like Gecko) Version/12.1.2 Mobile/15E148 Safari/604.1"
83.178.235.132 - - [27/Aug/2019:15:24:32 +0000] "GET /js/jquery.slider.js HTTP/1.1" 200 4772 "https://www.citadela.hr/zemljista/murter-cigrada-zemljiste-prvi-red-do-mora-333-m2" "Mozilla/5.0 (iPhone; CPU iPhone OS 12_4 like Mac OS X) AppleWebKit/605.1.15 (KHTML, like Gecko) Version/12.1.2 Mobile/15E148 Safari/604.1"
83.178.235.132 - - [27/Aug/2019:15:24:32 +0000] "GET /js/draggable-0.1.js HTTP/1.1" 200 1326 "https://www.citadela.hr/zemljista/murter-cigrada-zemljiste-prvi-red-do-mora-333-m2" "Mozilla/5.0 (iPhone; CPU iPhone OS 12_4 like Mac OS X) AppleWebKit/605.1.15 (KHTML, like Gecko) Version/12.1.2 Mobile/15E148 Safari/604.1"
83.178.235.132 - - [27/Aug/2019:15:24:32 +0000] "GET /js/jquery.barrating.js HTTP/1.1" 200 4280 "https://www.citadela.hr/zemljista/murter-cigrada-zemljiste-prvi-red-do-mora-333-m2" "Mozilla/5.0 (iPhone; CPU iPhone OS 12_4 like Mac OS X) AppleWebKit/605.1.15 (KHTML, like Gecko) Version/12.1.2 Mobile/15E148 Safari/604.1"
83.178.235.132 - - [27/Aug/2019:15:24:32 +0000] "GET /js/custom.js HTTP/1.1" 200 5159 "https://www.citadela.hr/zemljista/murter-cigrada-zemljiste-prvi-red-do-mora-333-m2" "Mozilla/5.0 (iPhone; CPU iPhone OS 12_4 like Mac OS X) AppleWebKit/605.1.15 (KHTML, like Gecko) Version/12.1.2 Mobile/15E148 Safari/604.1"
83.178.235.132 - - [27/Aug/2019:15:24:32 +0000] "GET /unitegallery/js/jquery-11.0.min.js HTTP/1.1" 200 33369 "https://www.citadela.hr/zemljista/murter-cigrada-zemljiste-prvi-red-do-mora-333-m2" "Mozilla/5.0 (iPhone; CPU iPhone OS 12_4 like Mac OS X) AppleWebKit/605.1.15 (KHTML, like Gecko) Version/12.1.2 Mobile/15E148 Safari/604.1"
83.178.235.132 - - [27/Aug/2019:15:24:32 +0000] "GET /unitegallery/js/unitegallery.min.js HTTP/1.1" 200 66910 "https://www.citadela.hr/zemljista/murter-cigrada-zemljiste-prvi-red-do-mora-333-m2" "Mozilla/5.0 (iPhone; CPU iPhone OS 12_4 like Mac OS X) AppleWebKit/605.1.15 (KHTML, like Gecko) Version/12.1.2 Mobile/15E148 Safari/604.1"
83.178.235.132 - - [27/Aug/2019:15:24:32 +0000] "GET /unitegallery/themes/compact/ug-theme-compact.js HTTP/1.1" 200 2477 "https://www.citadela.hr/zemljista/murter-cigrada-zemljiste-prvi-red-do-mora-333-m2" "Mozilla/5.0 (iPhone; CPU iPhone OS 12_4 like Mac OS X) AppleWebKit/605.1.15 (KHTML, like Gecko) Version/12.1.2 Mobile/15E148 Safari/604.1"
83.178.235.132 - - [27/Aug/2019:15:24:32 +0000] "GET /css/animate.min.css HTTP/1.1" 200 4242 "https://www.citadela.hr/zemljista/murter-cigrada-zemljiste-prvi-red-do-mora-333-m2" "Mozilla/5.0 (iPhone; CPU iPhone OS 12_4 like Mac OS X) AppleWebKit/605.1.15 (KHTML, like Gecko) Version/12.1.2 Mobile/15E148 Safari/604.1"
83.178.235.132 - - [27/Aug/2019:15:24:32 +0000] "GET /css/jquery.fancybox.css HTTP/1.1" 200 1434 "https://www.citadela.hr/zemljista/murter-cigrada-zemljiste-prvi-red-do-mora-333-m2" "Mozilla/5.0 (iPhone; CPU iPhone OS 12_4 like Mac OS X) AppleWebKit/605.1.15 (KHTML, like Gecko) Version/12.1.2 Mobile/15E148 Safari/604.1"
83.178.235.132 - - [27/Aug/2019:15:24:32 +0000] "GET /css/owl.css HTTP/1.1" 200 1348 "https://www.citadela.hr/zemljista/murter-cigrada-zemljiste-prvi-red-do-mora-333-m2" "Mozilla/5.0 (iPhone; CPU iPhone OS 12_4 like Mac OS X) AppleWebKit/605.1.15 (KHTML, like Gecko) Version/12.1.2 Mobile/15E148 Safari/604.1"
83.178.235.132 - - [27/Aug/2019:15:24:32 +0000] "GET /img/logo_header.png?v=2 HTTP/1.1" 200 4348 "https://www.citadela.hr/zemljista/murter-cigrada-zemljiste-prvi-red-do-mora-333-m2" "Mozilla/5.0 (iPhone; CPU iPhone OS 12_4 like Mac OS X) AppleWebKit/605.1.15 (KHTML, like Gecko) Version/12.1.2 Mobile/15E148 Safari/604.1"
83.178.235.132 - - [27/Aug/2019:15:24:32 +0000] "GET /uploads/thumbnails/4d66d27a633efa72abe2fe69fa0bb1bb.jpg HTTP/1.1" 200 42717 "https://www.citadela.hr/zemljista/murter-cigrada-zemljiste-prvi-red-do-mora-333-m2" "Mozilla/5.0 (iPhone; CPU iPhone OS 12_4 like Mac OS X) AppleWebKit/605.1.15 (KHTML, like Gecko) Version/12.1.2 Mobile/15E148 Safari/604.1"
83.178.235.132 - - [27/Aug/2019:15:24:32 +0000] "GET /uploads/thumbnails/c085f09d62c0ce2515144a1c029943c0.jpg HTTP/1.1" 200 25594 "https://www.citadela.hr/zemljista/murter-cigrada-zemljiste-prvi-red-do-mora-333-m2" "Mozilla/5.0 (iPhone; CPU iPhone OS 12_4 like Mac OS X) AppleWebKit/605.1.15 (KHTML, like Gecko) Version/12.1.2 Mobile/15E148 Safari/604.1"
83.178.235.132 - - [27/Aug/2019:15:24:32 +0000] "GET /uploads/thumbnails/4240c5935d321944b9b3dd8ea14094af.jpg HTTP/1.1" 200 60600 "https://www.citadela.hr/zemljista/murter-cigrada-zemljiste-prvi-red-do-mora-333-m2" "Mozilla/5.0 (iPhone; CPU iPhone OS 12_4 like Mac OS X) AppleWebKit/605.1.15 (KHTML, like Gecko) Version/12.1.2 Mobile/15E148 Safari/604.1"
83.178.235.132 - - [27/Aug/2019:15:24:32 +0000] "GET /uploads/thumbnails/b79f9bc4ee717c82c04ee7cf06b3c632.jpg HTTP/1.1" 200 50378 "https://www.citadela.hr/zemljista/murter-cigrada-zemljiste-prvi-red-do-mora-333-m2" "Mozilla/5.0 (iPhone; CPU iPhone OS 12_4 like Mac OS X) AppleWebKit/605.1.15 (KHTML, like Gecko) Version/12.1.2 Mobile/15E148 Safari/604.1"
83.178.235.132 - - [27/Aug/2019:15:24:33 +0000] "GET /uploads/thumbnails/b76155ac63e15417a03bd38f5e45eb1a.jpg HTTP/1.1" 200 40326 "https://www.citadela.hr/zemljista/murter-cigrada-zemljiste-prvi-red-do-mora-333-m2" "Mozilla/5.0 (iPhone; CPU iPhone OS 12_4 like Mac OS X) AppleWebKit/605.1.15 (KHTML, like Gecko) Version/12.1.2 Mobile/15E148 Safari/604.1"
83.178.235.132 - - [27/Aug/2019:15:24:33 +0000] "GET /img/mate.jpg HTTP/1.1" 200 14037 "https://www.citadela.hr/zemljista/murter-cigrada-zemljiste-prvi-red-do-mora-333-m2" "Mozilla/5.0 (iPhone; CPU iPhone OS 12_4 like Mac OS X) AppleWebKit/605.1.15 (KHTML, like Gecko) Version/12.1.2 Mobile/15E148 Safari/604.1"
83.178.235.132 - - [27/Aug/2019:15:24:33 +0000] "GET /img/logo_footer.png HTTP/1.1" 200 4213 "https://www.citadela.hr/zemljista/murter-cigrada-zemljiste-prvi-red-do-mora-333-m2" "Mozilla/5.0 (iPhone; CPU iPhone OS 12_4 like Mac OS X) AppleWebKit/605.1.15 (KHTML, like Gecko) Version/12.1.2 Mobile/15E148 Safari/604.1"
83.178.235.132 - - [27/Aug/2019:15:24:33 +0000] "GET /uploads/thumbnails/73d4521b85ecf599429b376991dcfc2a.jpg HTTP/1.1" 200 60055 "https://www.citadela.hr/zemljista/murter-cigrada-zemljiste-prvi-red-do-mora-333-m2" "Mozilla/5.0 (iPhone; CPU iPhone OS 12_4 like Mac OS X) AppleWebKit/605.1.15 (KHTML, like Gecko) Version/12.1.2 Mobile/15E148 Safari/604.1"
83.178.235.132 - - [27/Aug/2019:15:24:33 +0000] "GET /img/banner/banner.png HTTP/1.1" 200 188379 "https://www.citadela.hr/zemljista/murter-cigrada-zemljiste-prvi-red-do-mora-333-m2" "Mozilla/5.0 (iPhone; CPU iPhone OS 12_4 like Mac OS X) AppleWebKit/605.1.15 (KHTML, like Gecko) Version/12.1.2 Mobile/15E148 Safari/604.1"
83.178.235.132 - - [27/Aug/2019:15:24:33 +0000] "GET /unitegallery/images/loader-white1.gif HTTP/1.1" 200 2545 "https://www.citadela.hr/zemljista/murter-cigrada-zemljiste-prvi-red-do-mora-333-m2" "Mozilla/5.0 (iPhone; CPU iPhone OS 12_4 like Mac OS X) AppleWebKit/605.1.15 (KHTML, like Gecko) Version/12.1.2 Mobile/15E148 Safari/604.1"
83.178.235.132 - - [27/Aug/2019:15:24:33 +0000] "GET /unitegallery/skins/default/slider_arrow_left.png HTTP/1.1" 200 493 "https://www.citadela.hr/zemljista/murter-cigrada-zemljiste-prvi-red-do-mora-333-m2" "Mozilla/5.0 (iPhone; CPU iPhone OS 12_4 like Mac OS X) AppleWebKit/605.1.15 (KHTML, like Gecko) Version/12.1.2 Mobile/15E148 Safari/604.1"
83.178.235.132 - - [27/Aug/2019:15:24:33 +0000] "GET /unitegallery/images/loader.gif HTTP/1.1" 200 673 "https://www.citadela.hr/zemljista/murter-cigrada-zemljiste-prvi-red-do-mora-333-m2" "Mozilla/5.0 (iPhone; CPU iPhone OS 12_4 like Mac OS X) AppleWebKit/605.1.15 (KHTML, like Gecko) Version/12.1.2 Mobile/15E148 Safari/604.1"
83.178.235.132 - - [27/Aug/2019:15:24:33 +0000] "GET /unitegallery/skins/default/slider_arrow_right.png HTTP/1.1" 200 505 "https://www.citadela.hr/zemljista/murter-cigrada-zemljiste-prvi-red-do-mora-333-m2" "Mozilla/5.0 (iPhone; CPU iPhone OS 12_4 like Mac OS X) AppleWebKit/605.1.15 (KHTML, like Gecko) Version/12.1.2 Mobile/15E148 Safari/604.1"
83.178.235.132 - - [27/Aug/2019:15:24:33 +0000] "GET /unitegallery/skins/default/button_fullscreen.png HTTP/1.1" 200 1146 "https://www.citadela.hr/zemljista/murter-cigrada-zemljiste-prvi-red-do-mora-333-m2" "Mozilla/5.0 (iPhone; CPU iPhone OS 12_4 like Mac OS X) AppleWebKit/605.1.15 (KHTML, like Gecko) Version/12.1.2 Mobile/15E148 Safari/604.1"
83.178.235.132 - - [27/Aug/2019:15:24:33 +0000] "GET /unitegallery/images/play-button-square.png HTTP/1.1" 200 4591 "https://www.citadela.hr/zemljista/murter-cigrada-zemljiste-prvi-red-do-mora-333-m2" "Mozilla/5.0 (iPhone; CPU iPhone OS 12_4 like Mac OS X) AppleWebKit/605.1.15 (KHTML, like Gecko) Version/12.1.2 Mobile/15E148 Safari/604.1"
83.178.235.132 - - [27/Aug/2019:15:24:33 +0000] "GET /unitegallery/images/loader-black1.gif HTTP/1.1" 200 5855 "https://www.citadela.hr/zemljista/murter-cigrada-zemljiste-prvi-red-do-mora-333-m2" "Mozilla/5.0 (iPhone; CPU iPhone OS 12_4 like Mac OS X) AppleWebKit/605.1.15 (KHTML, like Gecko) Version/12.1.2 Mobile/15E148 Safari/604.1"
83.178.235.132 - - [27/Aug/2019:15:24:33 +0000] "GET /unitegallery/images/button-close.png HTTP/1.1" 200 7155 "https://www.citadela.hr/zemljista/murter-cigrada-zemljiste-prvi-red-do-mora-333-m2" "Mozilla/5.0 (iPhone; CPU iPhone OS 12_4 like Mac OS X) AppleWebKit/605.1.15 (KHTML, like Gecko) Version/12.1.2 Mobile/15E148 Safari/604.1"
83.178.235.132 - - [27/Aug/2019:15:24:34 +0000] "GET /uploads/images/4240c5935d321944b9b3dd8ea14094af.jpg HTTP/1.1" 200 136228 "https://www.citadela.hr/zemljista/murter-cigrada-zemljiste-prvi-red-do-mora-333-m2" "Mozilla/5.0 (iPhone; CPU iPhone OS 12_4 like Mac OS X) AppleWebKit/605.1.15 (KHTML, like Gecko) Version/12.1.2 Mobile/15E148 Safari/604.1"
83.178.235.132 - - [27/Aug/2019:15:24:34 +0000] "GET /uploads/images/4d66d27a633efa72abe2fe69fa0bb1bb.jpg HTTP/1.1" 200 83335 "https://www.citadela.hr/zemljista/murter-cigrada-zemljiste-prvi-red-do-mora-333-m2" "Mozilla/5.0 (iPhone; CPU iPhone OS 12_4 like Mac OS X) AppleWebKit/605.1.15 (KHTML, like Gecko) Version/12.1.2 Mobile/15E148 Safari/604.1"
83.178.235.132 - - [27/Aug/2019:15:24:34 +0000] "GET /uploads/images/73d4521b85ecf599429b376991dcfc2a.jpg HTTP/1.1" 200 143699 "https://www.citadela.hr/zemljista/murter-cigrada-zemljiste-prvi-red-do-mora-333-m2" "Mozilla/5.0 (iPhone; CPU iPhone OS 12_4 like Mac OS X) AppleWebKit/605.1.15 (KHTML, like Gecko) Version/12.1.2 Mobile/15E148 Safari/604.1"
83.178.235.132 - - [27/Aug/2019:15:24:34 +0000] "GET /fonts/fontawesome-webfont.woff2?v=4.7.0 HTTP/1.1" 200 77160 "https://www.citadela.hr/zemljista/murter-cigrada-zemljiste-prvi-red-do-mora-333-m2" "Mozilla/5.0 (iPhone; CPU iPhone OS 12_4 like Mac OS X) AppleWebKit/605.1.15 (KHTML, like Gecko) Version/12.1.2 Mobile/15E148 Safari/604.1"
83.178.235.132 - - [27/Aug/2019:15:24:35 +0000] "GET /favicon-32x32.png HTTP/1.1" 200 1936 "https://www.citadela.hr/zemljista/murter-cigrada-zemljiste-prvi-red-do-mora-333-m2" "Mozilla/5.0 (iPhone; CPU iPhone OS 12_4 like Mac OS X) AppleWebKit/605.1.15 (KHTML, like Gecko) Version/12.1.2 Mobile/15E148 Safari/604.1"
83.178.235.132 - - [27/Aug/2019:15:24:35 +0000] "GET /favicon-16x16.png HTTP/1.1" 200 1203 "https://www.citadela.hr/zemljista/murter-cigrada-zemljiste-prvi-red-do-mora-333-m2" "Mozilla/5.0 (iPhone; CPU iPhone OS 12_4 like Mac OS X) AppleWebKit/605.1.15 (KHTML, like Gecko) Version/12.1.2 Mobile/15E148 Safari/604.1"
66.249.66.42 - - [27/Aug/2019:15:24:40 +0000] "GET /hr/pretraga?category=&place=40&price=1000000&surface=10 HTTP/1.1" 200 4480 "-" "Mozilla/5.0 (Linux; Android 6.0.1; Nexus 5X Build/MMB29P) AppleWebKit/537.36 (KHTML, like Gecko) Chrome/41.0.2272.96 Mobile Safari/537.36 (compatible; Googlebot/2.1; +http://www.google.com/bot.html)"
66.249.66.42 - - [27/Aug/2019:15:24:57 +0000] "GET /pretraga?category=&type=&place=36&area=163&price=100000&surface=100 HTTP/1.1" 500 4485 "-" "Mozilla/5.0 (Linux; Android 6.0.1; Nexus 5X Build/MMB29P) AppleWebKit/537.36 (KHTML, like Gecko) Chrome/41.0.2272.96 Mobile Safari/537.36 (compatible; Googlebot/2.1; +http://www.google.com/bot.html)"
66.249.66.44 - - [27/Aug/2019:15:26:58 +0000] "GET /en/search?category=&type=&place=7&area=&price=200000&surface=50 HTTP/1.1" 500 4485 "-" "Mozilla/5.0 (Linux; Android 6.0.1; Nexus 5X Build/MMB29P) AppleWebKit/537.36 (KHTML, like Gecko) Chrome/41.0.2272.96 Mobile Safari/537.36 (compatible; Googlebot/2.1; +http://www.google.com/bot.html)"
66.249.66.42 - - [27/Aug/2019:15:27:58 +0000] "GET /hr/pretraga?category=&type=&place=8&area=&price=50000&surface=100 HTTP/1.1" 500 4485 "-" "Mozilla/5.0 (Linux; Android 6.0.1; Nexus 5X Build/MMB29P) AppleWebKit/537.36 (KHTML, like Gecko) Chrome/41.0.2272.96 Mobile Safari/537.36 (compatible; Googlebot/2.1; +http://www.google.com/bot.html)"
167.114.210.33 - - [27/Aug/2019:15:28:23 +0000] "GET /apartmani HTTP/1.1" 200 5362 "-" "Mozilla/5.0 (Windows; U; Windows NT 5.1; de; rv:1.9.2.3) Gecko/20100401 Firefox/3.6.3"
66.249.66.46 - - [27/Aug/2019:15:28:58 +0000] "GET /hr/pretraga?category=&type=&place=53&area=157&price=50000&surface=50 HTTP/1.1" 500 4485 "-" "Mozilla/5.0 (Linux; Android 6.0.1; Nexus 5X Build/MMB29P) AppleWebKit/537.36 (KHTML, like Gecko) Chrome/41.0.2272.96 Mobile Safari/537.36 (compatible; Googlebot/2.1; +http://www.google.com/bot.html)"
167.114.210.33 - - [27/Aug/2019:15:29:55 +0000] "GET /kuce HTTP/1.1" 200 5390 "-" "Mozilla/5.0 (Windows; U; Windows NT 5.1; de; rv:1.9.2.3) Gecko/20100401 Firefox/3.6.3"
66.249.66.44 - - [27/Aug/2019:15:30:58 +0000] "GET /hr/pretraga?category=&type=&place=19&area=&price=50000&surface=100 HTTP/1.1" 500 4485 "-" "Mozilla/5.0 (Linux; Android 6.0.1; Nexus 5X Build/MMB29P) AppleWebKit/537.36 (KHTML, like Gecko) Chrome/41.0.2272.96 Mobile Safari/537.36 (compatible; Googlebot/2.1; +http://www.google.com/bot.html)"
66.249.66.44 - - [27/Aug/2019:15:31:57 +0000] "GET /hr/pretraga?category=&type=&place=37&area=157&price=50000&surface=50 HTTP/1.1" 500 4485 "-" "Mozilla/5.0 (Linux; Android 6.0.1; Nexus 5X Build/MMB29P) AppleWebKit/537.36 (KHTML, like Gecko) Chrome/41.0.2272.96 Mobile Safari/537.36 (compatible; Googlebot/2.1; +http://www.google.com/bot.html)"
66.249.66.46 - - [27/Aug/2019:15:32:58 +0000] "GET /en/search?category=&type=&place=36&area=179&price=500000&surface= HTTP/1.1" 500 4485 "-" "Mozilla/5.0 (Linux; Android 6.0.1; Nexus 5X Build/MMB29P) AppleWebKit/537.36 (KHTML, like Gecko) Chrome/41.0.2272.96 Mobile Safari/537.36 (compatible; Googlebot/2.1; +http://www.google.com/bot.html)"
66.249.66.46 - - [27/Aug/2019:15:33:57 +0000] "GET /en/search?category=&type=&place=36&area=179&price=500000&surface= HTTP/1.1" 500 4485 "-" "Mozilla/5.0 (Linux; Android 6.0.1; Nexus 5X Build/MMB29P) AppleWebKit/537.36 (KHTML, like Gecko) Chrome/41.0.2272.96 Mobile Safari/537.36 (compatible; Googlebot/2.1; +http://www.google.com/bot.html)"
167.114.210.33 - - [27/Aug/2019:15:34:20 +0000] "GET /zemljista/dugi-rat-sumpetar-gradevinsko-zemljiste-s-pogledom-na-more-476-m2 HTTP/1.1" 200 5519 "-" "Mozilla/5.0 (Windows; U; Windows NT 5.1; de; rv:1.9.2.3) Gecko/20100401 Firefox/3.6.3"
167.114.210.33 - - [27/Aug/2019:15:34:50 +0000] "GET /blog/prosjecne-cijene-stanova-u-zadarskoj-zupaniji-porasle-za-981 HTTP/1.1" 200 4775 "-" "Mozilla/5.0 (Windows; U; Windows NT 5.1; de; rv:1.9.2.3) Gecko/20100401 Firefox/3.6.3"
167.114.210.33 - - [27/Aug/2019:15:35:03 +0000] "GET /zemljista HTTP/1.1" 200 5320 "-" "Mozilla/5.0 (Windows; U; Windows NT 5.1; de; rv:1.9.2.3) Gecko/20100401 Firefox/3.6.3"
167.114.210.33 - - [27/Aug/2019:15:35:23 +0000] "GET /en HTTP/1.1" 200 5769 "-" "Mozilla/5.0 (Windows; U; Windows NT 5.1; de; rv:1.9.2.3) Gecko/20100401 Firefox/3.6.3"
66.249.66.42 - - [27/Aug/2019:15:35:58 +0000] "GET /hr/pretraga?category=&type=&place=37&area=&price=200000&surface=200 HTTP/1.1" 500 4485 "-" "Mozilla/5.0 (Linux; Android 6.0.1; Nexus 5X Build/MMB29P) AppleWebKit/537.36 (KHTML, like Gecko) Chrome/41.0.2272.96 Mobile Safari/537.36 (compatible; Googlebot/2.1; +http://www.google.com/bot.html)"
167.114.210.33 - - [27/Aug/2019:15:36:05 +0000] "GET /snizeno HTTP/1.1" 200 4265 "-" "Mozilla/5.0 (Windows; U; Windows NT 5.1; de; rv:1.9.2.3) Gecko/20100401 Firefox/3.6.3"
66.249.66.46 - - [27/Aug/2019:15:36:58 +0000] "GET /pretraga?category=&type=&place=17&area=&price=300000&surface= HTTP/1.1" 500 4485 "-" "Mozilla/5.0 (Linux; Android 6.0.1; Nexus 5X Build/MMB29P) AppleWebKit/537.36 (KHTML, like Gecko) Chrome/41.0.2272.96 Mobile Safari/537.36 (compatible; Googlebot/2.1; +http://www.google.com/bot.html)"
66.249.66.44 - - [27/Aug/2019:15:39:58 +0000] "GET /pretraga?category=&type=&place=53&area=&price=500000&surface=50 HTTP/1.1" 500 4485 "-" "Mozilla/5.0 (Linux; Android 6.0.1; Nexus 5X Build/MMB29P) AppleWebKit/537.36 (KHTML, like Gecko) Chrome/41.0.2272.96 Mobile Safari/537.36 (compatible; Googlebot/2.1; +http://www.google.com/bot.html)"
167.114.210.33 - - [27/Aug/2019:15:40:22 +0000] "GET /blog/prosjecne-cijene-stanova-u-zadru-porasle-za-1308 HTTP/1.1" 200 4911 "-" "Mozilla/5.0 (Windows; U; Windows NT 5.1; de; rv:1.9.2.3) Gecko/20100401 Firefox/3.6.3"
167.114.210.33 - - [27/Aug/2019:15:40:43 +0000] "GET /stanovi HTTP/1.1" 200 4417 "-" "Mozilla/5.0 (Windows; U; Windows NT 5.1; de; rv:1.9.2.3) Gecko/20100401 Firefox/3.6.3"
66.249.66.46 - - [27/Aug/2019:15:41:58 +0000] "GET /hr/pretraga?category=&type=&place=41&area=&price=50000&surface=100 HTTP/1.1" 500 4485 "-" "Mozilla/5.0 (Linux; Android 6.0.1; Nexus 5X Build/MMB29P) AppleWebKit/537.36 (KHTML, like Gecko) Chrome/41.0.2272.96 Mobile Safari/537.36 (compatible; Googlebot/2.1; +http://www.google.com/bot.html)"
167.114.210.33 - - [27/Aug/2019:15:41:59 +0000] "GET /kuce/hotel-u-centru-zadra-s-pogledom-na-sv-donat-182-m2 HTTP/1.1" 200 6472 "-" "Mozilla/5.0 (Windows; U; Windows NT 5.1; de; rv:1.9.2.3) Gecko/20100401 Firefox/3.6.3"
66.249.66.46 - - [27/Aug/2019:15:43:58 +0000] "GET /hr/pretraga?category=&type=&place=59&area=&price=500000&surface=200 HTTP/1.1" 500 4485 "-" "Mozilla/5.0 (Linux; Android 6.0.1; Nexus 5X Build/MMB29P) AppleWebKit/537.36 (KHTML, like Gecko) Chrome/41.0.2272.96 Mobile Safari/537.36 (compatible; Googlebot/2.1; +http://www.google.com/bot.html)"
66.249.66.42 - - [27/Aug/2019:15:44:58 +0000] "GET /hr/pretraga?category=&type=&place=58&area=161&price=50000&surface= HTTP/1.1" 500 4485 "-" "Mozilla/5.0 (Linux; Android 6.0.1; Nexus 5X Build/MMB29P) AppleWebKit/537.36 (KHTML, like Gecko) Chrome/41.0.2272.96 Mobile Safari/537.36 (compatible; Googlebot/2.1; +http://www.google.com/bot.html)"
66.249.66.46 - - [27/Aug/2019:15:45:58 +0000] "GET /pretraga?category=&type=&place=36&area=230&price=200000&surface=100 HTTP/1.1" 500 4485 "-" "Mozilla/5.0 (Linux; Android 6.0.1; Nexus 5X Build/MMB29P) AppleWebKit/537.36 (KHTML, like Gecko) Chrome/41.0.2272.96 Mobile Safari/537.36 (compatible; Googlebot/2.1; +http://www.google.com/bot.html)"
66.249.66.42 - - [27/Aug/2019:15:46:58 +0000] "GET /pretraga?category=&type=&place=36&area=230&price=200000&surface=100 HTTP/1.1" 500 4485 "-" "Mozilla/5.0 (Linux; Android 6.0.1; Nexus 5X Build/MMB29P) AppleWebKit/537.36 (KHTML, like Gecko) Chrome/41.0.2272.96 Mobile Safari/537.36 (compatible; Googlebot/2.1; +http://www.google.com/bot.html)"
66.249.66.46 - - [27/Aug/2019:15:47:58 +0000] "GET /hr/pretraga?category=&type=&place=38&area=157&price=50000&surface=50 HTTP/1.1" 500 4485 "-" "Mozilla/5.0 (Linux; Android 6.0.1; Nexus 5X Build/MMB29P) AppleWebKit/537.36 (KHTML, like Gecko) Chrome/41.0.2272.96 Mobile Safari/537.36 (compatible; Googlebot/2.1; +http://www.google.com/bot.html)"
66.249.66.42 - - [27/Aug/2019:15:48:58 +0000] "GET /hr/pretraga?category=&type=&place=36&area=167&price=300000&surface=10 HTTP/1.1" 500 4485 "-" "Mozilla/5.0 (Linux; Android 6.0.1; Nexus 5X Build/MMB29P) AppleWebKit/537.36 (KHTML, like Gecko) Chrome/41.0.2272.96 Mobile Safari/537.36 (compatible; Googlebot/2.1; +http://www.google.com/bot.html)"
158.69.226.8 - - [27/Aug/2019:15:49:31 +0000] "GET /zemljista/starigrad-gradevinsko-zemljiste-prvi-red-do-mora-1000-m2 HTTP/1.1" 200 6022 "-" "Mozilla/5.0 (Windows; U; Windows NT 5.1; de; rv:1.9.2.3) Gecko/20100401 Firefox/3.6.3"
66.249.66.42 - - [27/Aug/2019:15:49:57 +0000] "GET /pretraga?category=&type=&place=36&area=170&price=500000&surface=10 HTTP/1.1" 500 4485 "-" "Mozilla/5.0 (Linux; Android 6.0.1; Nexus 5X Build/MMB29P) AppleWebKit/537.36 (KHTML, like Gecko) Chrome/41.0.2272.96 Mobile Safari/537.36 (compatible; Googlebot/2.1; +http://www.google.com/bot.html)"
158.69.226.8 - - [27/Aug/2019:15:50:50 +0000] "GET /kontakt HTTP/1.1" 200 4379 "-" "Mozilla/5.0 (Windows; U; Windows NT 5.1; de; rv:1.9.2.3) Gecko/20100401 Firefox/3.6.3"
66.249.66.44 - - [27/Aug/2019:15:50:58 +0000] "GET /en/search?category=&type=&place=53&area=&price=200000&surface= HTTP/1.1" 500 4485 "-" "Mozilla/5.0 (Linux; Android 6.0.1; Nexus 5X Build/MMB29P) AppleWebKit/537.36 (KHTML, like Gecko) Chrome/41.0.2272.96 Mobile Safari/537.36 (compatible; Googlebot/2.1; +http://www.google.com/bot.html)"
158.69.226.8 - - [27/Aug/2019:15:51:41 +0000] "GET /blog/prosjecna-cijena-kvadrata-stana-u-sibeniku-porasla-za-489 HTTP/1.1" 200 4608 "-" "Mozilla/5.0 (Windows; U; Windows NT 5.1; de; rv:1.9.2.3) Gecko/20100401 Firefox/3.6.3"
66.249.66.44 - - [27/Aug/2019:15:51:57 +0000] "GET /pretraga?category=&type=&place=58&area=160&price=100000&surface=50 HTTP/1.1" 500 4485 "-" "Mozilla/5.0 (Linux; Android 6.0.1; Nexus 5X Build/MMB29P) AppleWebKit/537.36 (KHTML, like Gecko) Chrome/41.0.2272.96 Mobile Safari/537.36 (compatible; Googlebot/2.1; +http://www.google.com/bot.html)"
158.69.226.8 - - [27/Aug/2019:15:52:26 +0000] "GET /hr HTTP/1.1" 200 5821 "-" "Mozilla/5.0 (Windows; U; Windows NT 5.1; de; rv:1.9.2.3) Gecko/20100401 Firefox/3.6.3"
66.249.66.46 - - [27/Aug/2019:15:52:58 +0000] "GET /pretraga?category=&type=&place=20&area=&price=50000&surface=100 HTTP/1.1" 500 4485 "-" "Mozilla/5.0 (Linux; Android 6.0.1; Nexus 5X Build/MMB29P) AppleWebKit/537.36 (KHTML, like Gecko) Chrome/41.0.2272.96 Mobile Safari/537.36 (compatible; Googlebot/2.1; +http://www.google.com/bot.html)"
66.249.66.44 - - [27/Aug/2019:15:53:58 +0000] "GET /en/search?category=&type=&place=36&area=161&price=&surface= HTTP/1.1" 500 4485 "-" "Mozilla/5.0 (Linux; Android 6.0.1; Nexus 5X Build/MMB29P) AppleWebKit/537.36 (KHTML, like Gecko) Chrome/41.0.2272.96 Mobile Safari/537.36 (compatible; Googlebot/2.1; +http://www.google.com/bot.html)"
66.249.66.46 - - [27/Aug/2019:15:54:58 +0000] "GET /pretraga?category=&type=&place=36&area=228&price=100000&surface=100 HTTP/1.1" 500 4485 "-" "Mozilla/5.0 (Linux; Android 6.0.1; Nexus 5X Build/MMB29P) AppleWebKit/537.36 (KHTML, like Gecko) Chrome/41.0.2272.96 Mobile Safari/537.36 (compatible; Googlebot/2.1; +http://www.google.com/bot.html)"
158.69.226.8 - - [27/Aug/2019:15:55:02 +0000] "GET /o-nama HTTP/1.1" 200 4366 "-" "Mozilla/5.0 (Windows; U; Windows NT 5.1; de; rv:1.9.2.3) Gecko/20100401 Firefox/3.6.3"
66.249.66.44 - - [27/Aug/2019:15:55:58 +0000] "GET /pretraga?category=&type=&place=36&area=157&price=1000000&surface= HTTP/1.1" 500 4485 "-" "Mozilla/5.0 (Linux; Android 6.0.1; Nexus 5X Build/MMB29P) AppleWebKit/537.36 (KHTML, like Gecko) Chrome/41.0.2272.96 Mobile Safari/537.36 (compatible; Googlebot/2.1; +http://www.google.com/bot.html)"
158.69.226.8 - - [27/Aug/2019:15:56:22 +0000] "GET / HTTP/1.1" 200 5820 "-" "Mozilla/5.0 (Windows; U; Windows NT 5.1; de; rv:1.9.2.3) Gecko/20100401 Firefox/3.6.3"
66.249.66.44 - - [27/Aug/2019:15:57:58 +0000] "GET /en/search?category=&type=&place=36&area=&price=500000&surface=100 HTTP/1.1" 500 4485 "-" "Mozilla/5.0 (Linux; Android 6.0.1; Nexus 5X Build/MMB29P) AppleWebKit/537.36 (KHTML, like Gecko) Chrome/41.0.2272.96 Mobile Safari/537.36 (compatible; Googlebot/2.1; +http://www.google.com/bot.html)"
66.249.66.46 - - [27/Aug/2019:15:58:58 +0000] "GET /en/search?category=&type=&place=41&area=157&price=500000&surface=100 HTTP/1.1" 500 4485 "-" "Mozilla/5.0 (Linux; Android 6.0.1; Nexus 5X Build/MMB29P) AppleWebKit/537.36 (KHTML, like Gecko) Chrome/41.0.2272.96 Mobile Safari/537.36 (compatible; Googlebot/2.1; +http://www.google.com/bot.html)"
90.134.157.127 - - [27/Aug/2019:15:58:59 +0000] "GET /zemljista/murter-cigrada-zemljiste-prvi-red-do-mora-333-m2 HTTP/1.1" 200 5651 "-" "Mozilla/5.0 (Linux; Android 8.0.0; SAMSUNG SM-N950F Build/R16NW) AppleWebKit/537.36 (KHTML, like Gecko) SamsungBrowser/9.4 Chrome/67.0.3396.87 Mobile Safari/537.36"
66.249.66.44 - - [27/Aug/2019:15:59:58 +0000] "GET /pretraga?category=&type=&place=36&area=171&price=&surface=10 HTTP/1.1" 500 4485 "-" "Mozilla/5.0 (Linux; Android 6.0.1; Nexus 5X Build/MMB29P) AppleWebKit/537.36 (KHTML, like Gecko) Chrome/41.0.2272.96 Mobile Safari/537.36 (compatible; Googlebot/2.1; +http://www.google.com/bot.html)"
66.249.66.44 - - [27/Aug/2019:16:00:57 +0000] "GET /en/search?category=&type=&place=58&area=157&price=1000000&surface=10 HTTP/1.1" 500 4485 "-" "Mozilla/5.0 (Linux; Android 6.0.1; Nexus 5X Build/MMB29P) AppleWebKit/537.36 (KHTML, like Gecko) Chrome/41.0.2272.96 Mobile Safari/537.36 (compatible; Googlebot/2.1; +http://www.google.com/bot.html)"
90.134.157.127 - - [27/Aug/2019:16:01:22 +0000] "GET /zemljista/murter-cigrada-zemljiste-prvi-red-do-mora-333-m2 HTTP/1.1" 200 5651 "-" "Mozilla/5.0 (Linux; Android 8.0.0; SAMSUNG SM-N950F Build/R16NW) AppleWebKit/537.36 (KHTML, like Gecko) SamsungBrowser/9.4 Chrome/67.0.3396.87 Mobile Safari/537.36"
66.249.66.46 - - [27/Aug/2019:16:01:59 +0000] "GET /pretraga?category=&type=&place=36&area=167&price=50000&surface= HTTP/1.1" 500 4485 "-" "Mozilla/5.0 (Linux; Android 6.0.1; Nexus 5X Build/MMB29P) AppleWebKit/537.36 (KHTML, like Gecko) Chrome/41.0.2272.96 Mobile Safari/537.36 (compatible; Googlebot/2.1; +http://www.google.com/bot.html)"
66.249.66.42 - - [27/Aug/2019:16:02:58 +0000] "GET /pretraga?category=&type=&place=36&area=167&price=50000&surface= HTTP/1.1" 500 4485 "-" "Mozilla/5.0 (Linux; Android 6.0.1; Nexus 5X Build/MMB29P) AppleWebKit/537.36 (KHTML, like Gecko) Chrome/41.0.2272.96 Mobile Safari/537.36 (compatible; Googlebot/2.1; +http://www.google.com/bot.html)"
66.249.66.42 - - [27/Aug/2019:16:03:57 +0000] "GET /pretraga?category=&type=&place=12&area=&price=1000000&surface= HTTP/1.1" 500 4485 "-" "Mozilla/5.0 (Linux; Android 6.0.1; Nexus 5X Build/MMB29P) AppleWebKit/537.36 (KHTML, like Gecko) Chrome/41.0.2272.96 Mobile Safari/537.36 (compatible; Googlebot/2.1; +http://www.google.com/bot.html)"
66.249.66.46 - - [27/Aug/2019:16:04:58 +0000] "GET /pretraga?category=&type=&place=12&area=&price=1000000&surface= HTTP/1.1" 500 4485 "-" "Mozilla/5.0 (Linux; Android 6.0.1; Nexus 5X Build/MMB29P) AppleWebKit/537.36 (KHTML, like Gecko) Chrome/41.0.2272.96 Mobile Safari/537.36 (compatible; Googlebot/2.1; +http://www.google.com/bot.html)"
66.249.66.42 - - [27/Aug/2019:16:06:58 +0000] "GET /pretraga?category=&type=&place=36&area=228&price=100000&surface= HTTP/1.1" 500 4485 "-" "Mozilla/5.0 (Linux; Android 6.0.1; Nexus 5X Build/MMB29P) AppleWebKit/537.36 (KHTML, like Gecko) Chrome/41.0.2272.96 Mobile Safari/537.36 (compatible; Googlebot/2.1; +http://www.google.com/bot.html)"
66.249.66.44 - - [27/Aug/2019:16:07:58 +0000] "GET /hr/pretraga?category=&type=&place=37&area=&price=50000&surface=100 HTTP/1.1" 500 4485 "-" "Mozilla/5.0 (Linux; Android 6.0.1; Nexus 5X Build/MMB29P) AppleWebKit/537.36 (KHTML, like Gecko) Chrome/41.0.2272.96 Mobile Safari/537.36 (compatible; Googlebot/2.1; +http://www.google.com/bot.html)"
66.249.66.44 - - [27/Aug/2019:16:09:58 +0000] "GET /en/search?category=&type=&place=58&area=228&price=200000&surface= HTTP/1.1" 500 4485 "-" "Mozilla/5.0 (Linux; Android 6.0.1; Nexus 5X Build/MMB29P) AppleWebKit/537.36 (KHTML, like Gecko) Chrome/41.0.2272.96 Mobile Safari/537.36 (compatible; Googlebot/2.1; +http://www.google.com/bot.html)"
66.249.66.42 - - [27/Aug/2019:16:10:58 +0000] "GET /hr/pretraga?category=&type=&place=41&area=&price=50000&surface=10 HTTP/1.1" 500 4485 "-" "Mozilla/5.0 (Linux; Android 6.0.1; Nexus 5X Build/MMB29P) AppleWebKit/537.36 (KHTML, like Gecko) Chrome/41.0.2272.96 Mobile Safari/537.36 (compatible; Googlebot/2.1; +http://www.google.com/bot.html)"
66.249.66.46 - - [27/Aug/2019:16:11:58 +0000] "GET /hr/pretraga?category=&type=&place=58&area=159&price=100000&surface=200 HTTP/1.1" 500 4485 "-" "Mozilla/5.0 (Linux; Android 6.0.1; Nexus 5X Build/MMB29P) AppleWebKit/537.36 (KHTML, like Gecko) Chrome/41.0.2272.96 Mobile Safari/537.36 (compatible; Googlebot/2.1; +http://www.google.com/bot.html)"
66.249.66.42 - - [27/Aug/2019:16:12:58 +0000] "GET /pretraga?category=&type=&place=8&area=&price=500000&surface= HTTP/1.1" 500 4485 "-" "Mozilla/5.0 (Linux; Android 6.0.1; Nexus 5X Build/MMB29P) AppleWebKit/537.36 (KHTML, like Gecko) Chrome/41.0.2272.96 Mobile Safari/537.36 (compatible; Googlebot/2.1; +http://www.google.com/bot.html)"
51.254.44.185 - - [27/Aug/2019:16:14:07 +0000] "GET /ponudi-nekretninu HTTP/1.1" 200 3899 "-" "Mozilla/5.0 (Windows; U; Windows NT 5.1; de; rv:1.9.2.3) Gecko/20100401 Firefox/3.6.3"
66.249.66.42 - - [27/Aug/2019:16:14:51 +0000] "GET /pretraga?category=&type=&place=&area=57&price=&surface=50&page=8 HTTP/1.1" 200 4018 "-" "Mozilla/5.0 (Linux; Android 6.0.1; Nexus 5X Build/MMB29P) AppleWebKit/537.36 (KHTML, like Gecko) Chrome/41.0.2272.96 Mobile Safari/537.36 (compatible; Googlebot/2.1; +http://www.google.com/bot.html)"
51.254.44.185 - - [27/Aug/2019:16:15:52 +0000] "GET /blog HTTP/1.1" 200 4106 "-" "Mozilla/5.0 (Windows; U; Windows NT 5.1; de; rv:1.9.2.3) Gecko/20100401 Firefox/3.6.3"
87.250.224.91 - - [27/Aug/2019:16:17:20 +0000] "GET /robots.txt HTTP/1.1" 200 24 "-" "Mozilla/5.0 (compatible; YandexBot/3.0; +http://yandex.com/bots)"
87.250.224.91 - - [27/Aug/2019:16:17:23 +0000] "GET /hr/poslovni-prostori HTTP/1.1" 200 4569 "-" "Mozilla/5.0 (compatible; YandexBot/3.0; +http://yandex.com/bots)"
66.249.66.44 - - [27/Aug/2019:16:17:58 +0000] "GET /en/houses/petrcane-punta-skala-vikendica-s-3-apartmana-i-pogledom-na-more HTTP/1.1" 200 5845 "-" "Mozilla/5.0 (compatible; Googlebot/2.1; +http://www.google.com/bot.html)"
66.249.66.46 - - [27/Aug/2019:16:20:58 +0000] "GET /en/search?category=&type=sale&place=41&area=&price=500000&surface=10 HTTP/1.1" 500 4485 "-" "Mozilla/5.0 (Linux; Android 6.0.1; Nexus 5X Build/MMB29P) AppleWebKit/537.36 (KHTML, like Gecko) Chrome/41.0.2272.96 Mobile Safari/537.36 (compatible; Googlebot/2.1; +http://www.google.com/bot.html)"
66.249.66.46 - - [27/Aug/2019:16:21:03 +0000] "GET /en/search?category=&type=&place=42&area=186&price=50000&surface=100 HTTP/1.1" 200 4287 "-" "Mozilla/5.0 (Linux; Android 6.0.1; Nexus 5X Build/MMB29P) AppleWebKit/537.36 (KHTML, like Gecko) Chrome/41.0.2272.96 Mobile Safari/537.36 (compatible; Googlebot/2.1; +http://www.google.com/bot.html)"
66.249.66.44 - - [27/Aug/2019:16:21:58 +0000] "GET /hr/pretraga?category=&type=&place=7&area=&price=100000&surface=200 HTTP/1.1" 500 4485 "-" "Mozilla/5.0 (Linux; Android 6.0.1; Nexus 5X Build/MMB29P) AppleWebKit/537.36 (KHTML, like Gecko) Chrome/41.0.2272.96 Mobile Safari/537.36 (compatible; Googlebot/2.1; +http://www.google.com/bot.html)"
77.77.218.132 - - [27/Aug/2019:16:23:55 +0000] "GET /uploads/thumbnails/14f900509cb04d67befd54a8107b38ee.jpeg HTTP/1.1" 200 25481 "https://www.google.com/" "Mozilla/5.0 (Windows NT 6.1) AppleWebKit/537.36 (KHTML, like Gecko) Chrome/76.0.3809.100 Safari/537.36"
66.249.66.46 - - [27/Aug/2019:16:23:58 +0000] "GET /en/search?category=&type=&place=58&area=230&price=500000&surface= HTTP/1.1" 500 4485 "-" "Mozilla/5.0 (Linux; Android 6.0.1; Nexus 5X Build/MMB29P) AppleWebKit/537.36 (KHTML, like Gecko) Chrome/41.0.2272.96 Mobile Safari/537.36 (compatible; Googlebot/2.1; +http://www.google.com/bot.html)"
66.249.66.46 - - [27/Aug/2019:16:27:58 +0000] "GET /en/search?category=&type=&place=17&area=&price=100000&surface=100 HTTP/1.1" 500 4485 "-" "Mozilla/5.0 (Linux; Android 6.0.1; Nexus 5X Build/MMB29P) AppleWebKit/537.36 (KHTML, like Gecko) Chrome/41.0.2272.96 Mobile Safari/537.36 (compatible; Googlebot/2.1; +http://www.google.com/bot.html)"
66.249.66.44 - - [27/Aug/2019:16:28:58 +0000] "GET /hr/pretraga?category=&type=&place=20&area=&price=500000&surface=50 HTTP/1.1" 500 4485 "-" "Mozilla/5.0 (Linux; Android 6.0.1; Nexus 5X Build/MMB29P) AppleWebKit/537.36 (KHTML, like Gecko) Chrome/41.0.2272.96 Mobile Safari/537.36 (compatible; Googlebot/2.1; +http://www.google.com/bot.html)"
66.249.66.42 - - [27/Aug/2019:16:29:58 +0000] "GET /hr/pretraga?category=&type=&place=9&area=&price=50000&surface= HTTP/1.1" 500 4485 "-" "Mozilla/5.0 (Linux; Android 6.0.1; Nexus 5X Build/MMB29P) AppleWebKit/537.36 (KHTML, like Gecko) Chrome/41.0.2272.96 Mobile Safari/537.36 (compatible; Googlebot/2.1; +http://www.google.com/bot.html)"
66.249.66.44 - - [27/Aug/2019:16:30:58 +0000] "GET /pretraga?category=&type=&place=58&area=157&price=50000&surface=200 HTTP/1.1" 500 4485 "-" "Mozilla/5.0 (Linux; Android 6.0.1; Nexus 5X Build/MMB29P) AppleWebKit/537.36 (KHTML, like Gecko) Chrome/41.0.2272.96 Mobile Safari/537.36 (compatible; Googlebot/2.1; +http://www.google.com/bot.html)"
66.249.66.42 - - [27/Aug/2019:16:33:58 +0000] "GET /en/search?category=&type=&place=58&area=157&price=500000&surface= HTTP/1.1" 500 4485 "-" "Mozilla/5.0 (Linux; Android 6.0.1; Nexus 5X Build/MMB29P) AppleWebKit/537.36 (KHTML, like Gecko) Chrome/41.0.2272.96 Mobile Safari/537.36 (compatible; Googlebot/2.1; +http://www.google.com/bot.html)"
23.100.232.233 - - [27/Aug/2019:16:36:31 +0000] "GET / HTTP/1.1" 200 5820 "-" "Mozilla/5.0 (compatible; MSIE 9.0; Windows NT 6.1; Trident/5.0; Trident/5.0)"
23.100.232.233 - - [27/Aug/2019:16:36:33 +0000] "GET /css/bootstrap.css HTTP/1.1" 200 20712 "https://www.citadela.hr/" "Mozilla/5.0 (compatible; MSIE 9.0; Windows NT 6.1; Trident/5.0; Trident/5.0)"
23.100.232.233 - - [27/Aug/2019:16:36:33 +0000] "GET /css/font-awesome.css HTTP/1.1" 200 7439 "https://www.citadela.hr/" "Mozilla/5.0 (compatible; MSIE 9.0; Windows NT 6.1; Trident/5.0; Trident/5.0)"
23.100.232.233 - - [27/Aug/2019:16:36:34 +0000] "GET /css/style.css?v=2 HTTP/1.1" 200 17441 "https://www.citadela.hr/" "Mozilla/5.0 (compatible; MSIE 9.0; Windows NT 6.1; Trident/5.0; Trident/5.0)"
23.100.232.233 - - [27/Aug/2019:16:36:34 +0000] "GET /fonts/flaticon.css HTTP/1.1" 200 699 "https://www.citadela.hr/" "Mozilla/5.0 (compatible; MSIE 9.0; Windows NT 6.1; Trident/5.0; Trident/5.0)"
23.100.232.233 - - [27/Aug/2019:16:36:34 +0000] "GET /css/colors/blue.css?v=2 HTTP/1.1" 200 3552 "https://www.citadela.hr/" "Mozilla/5.0 (compatible; MSIE 9.0; Windows NT 6.1; Trident/5.0; Trident/5.0)"
23.100.232.233 - - [27/Aug/2019:16:36:34 +0000] "GET /css/jslider.css HTTP/1.1" 200 763 "https://www.citadela.hr/" "Mozilla/5.0 (compatible; MSIE 9.0; Windows NT 6.1; Trident/5.0; Trident/5.0)"
23.100.232.233 - - [27/Aug/2019:16:36:35 +0000] "GET /assets/plugins/flag/css/flag-icon.css HTTP/1.1" 200 2837 "https://www.citadela.hr/" "Mozilla/5.0 (compatible; MSIE 9.0; Windows NT 6.1; Trident/5.0; Trident/5.0)"
23.100.232.233 - - [27/Aug/2019:16:36:35 +0000] "GET /css/loader.css?v=2 HTTP/1.1" 200 772 "https://www.citadela.hr/" "Mozilla/5.0 (compatible; MSIE 9.0; Windows NT 6.1; Trident/5.0; Trident/5.0)"
23.100.232.233 - - [27/Aug/2019:16:36:35 +0000] "GET /uploads/thumbnails/3c55f605d3f0b0e63c055493db2ef6cb.jpg HTTP/1.1" 200 51114 "https://www.citadela.hr/" "Mozilla/5.0 (compatible; MSIE 9.0; Windows NT 6.1; Trident/5.0; Trident/5.0)"
23.100.232.233 - - [27/Aug/2019:16:36:35 +0000] "GET /uploads/thumbnails/42c15dd15f418344ccc035d6003dd670.jpeg HTTP/1.1" 200 56902 "https://www.citadela.hr/" "Mozilla/5.0 (compatible; MSIE 9.0; Windows NT 6.1; Trident/5.0; Trident/5.0)"
23.100.232.233 - - [27/Aug/2019:16:36:35 +0000] "GET /css/responsive.css HTTP/1.1" 200 2788 "https://www.citadela.hr/" "Mozilla/5.0 (compatible; MSIE 9.0; Windows NT 6.1; Trident/5.0; Trident/5.0)"
23.100.232.233 - - [27/Aug/2019:16:36:35 +0000] "GET /img/logo_header.png?v=2 HTTP/1.1" 200 4348 "https://www.citadela.hr/" "Mozilla/5.0 (compatible; MSIE 9.0; Windows NT 6.1; Trident/5.0; Trident/5.0)"
23.100.232.233 - - [27/Aug/2019:16:36:35 +0000] "GET /css/jquery.fancybox.css HTTP/1.1" 200 1434 "https://www.citadela.hr/" "Mozilla/5.0 (compatible; MSIE 9.0; Windows NT 6.1; Trident/5.0; Trident/5.0)"
