151.252.241.4 - - [29/Aug/2019:14:46:16 +0000] "GET /css/owl.css HTTP/1.1" 200 1348 "https://www.citadela.hr/" "Mozilla/5.0 (Linux; Android 7.0; SM-G925F) AppleWebKit/537.36 (KHTML, like Gecko) Chrome/76.0.3809.111 Mobile Safari/537.36"
151.252.241.4 - - [29/Aug/2019:14:46:16 +0000] "GET /img/logo_header.png?v=2 HTTP/1.1" 200 4348 "https://www.citadela.hr/" "Mozilla/5.0 (Linux; Android 7.0; SM-G925F) AppleWebKit/537.36 (KHTML, like Gecko) Chrome/76.0.3809.111 Mobile Safari/537.36"
151.252.241.4 - - [29/Aug/2019:14:46:16 +0000] "GET /js/jquery.min.js HTTP/1.1" 200 33760 "https://www.citadela.hr/" "Mozilla/5.0 (Linux; Android 7.0; SM-G925F) AppleWebKit/537.36 (KHTML, like Gecko) Chrome/76.0.3809.111 Mobile Safari/537.36"
151.252.241.4 - - [29/Aug/2019:14:46:16 +0000] "GET /js/bootstrap.min.js HTTP/1.1" 200 9833 "https://www.citadela.hr/" "Mozilla/5.0 (Linux; Android 7.0; SM-G925F) AppleWebKit/537.36 (KHTML, like Gecko) Chrome/76.0.3809.111 Mobile Safari/537.36"
151.252.241.4 - - [29/Aug/2019:14:46:16 +0000] "GET /js/bootstrap-select.js HTTP/1.1" 200 15633 "https://www.citadela.hr/" "Mozilla/5.0 (Linux; Android 7.0; SM-G925F) AppleWebKit/537.36 (KHTML, like Gecko) Chrome/76.0.3809.111 Mobile Safari/537.36"
151.252.241.4 - - [29/Aug/2019:14:46:16 +0000] "GET /js/YouTubePopUp.jquery.js HTTP/1.1" 200 967 "https://www.citadela.hr/" "Mozilla/5.0 (Linux; Android 7.0; SM-G925F) AppleWebKit/537.36 (KHTML, like Gecko) Chrome/76.0.3809.111 Mobile Safari/537.36"
151.252.241.4 - - [29/Aug/2019:14:46:16 +0000] "GET /js/jquery.fancybox.pack.js HTTP/1.1" 200 8634 "https://www.citadela.hr/" "Mozilla/5.0 (Linux; Android 7.0; SM-G925F) AppleWebKit/537.36 (KHTML, like Gecko) Chrome/76.0.3809.111 Mobile Safari/537.36"
151.252.241.4 - - [29/Aug/2019:14:46:16 +0000] "GET /fonts/fontawesome-webfont.woff2?v=4.7.0 HTTP/1.1" 200 77160 "https://www.citadela.hr/css/font-awesome.css" "Mozilla/5.0 (Linux; Android 7.0; SM-G925F) AppleWebKit/537.36 (KHTML, like Gecko) Chrome/76.0.3809.111 Mobile Safari/537.36"
151.252.241.4 - - [29/Aug/2019:14:46:16 +0000] "GET /js/jquery.fancybox-media.js HTTP/1.1" 200 1973 "https://www.citadela.hr/" "Mozilla/5.0 (Linux; Android 7.0; SM-G925F) AppleWebKit/537.36 (KHTML, like Gecko) Chrome/76.0.3809.111 Mobile Safari/537.36"
151.252.241.4 - - [29/Aug/2019:14:46:16 +0000] "GET /js/owl.js HTTP/1.1" 200 17545 "https://www.citadela.hr/" "Mozilla/5.0 (Linux; Android 7.0; SM-G925F) AppleWebKit/537.36 (KHTML, like Gecko) Chrome/76.0.3809.111 Mobile Safari/537.36"
151.252.241.4 - - [29/Aug/2019:14:46:16 +0000] "GET /js/mixitup.js HTTP/1.1" 200 11347 "https://www.citadela.hr/" "Mozilla/5.0 (Linux; Android 7.0; SM-G925F) AppleWebKit/537.36 (KHTML, like Gecko) Chrome/76.0.3809.111 Mobile Safari/537.36"
151.252.241.4 - - [29/Aug/2019:14:46:16 +0000] "GET /js/wow.js HTTP/1.1" 200 2198 "https://www.citadela.hr/" "Mozilla/5.0 (Linux; Android 7.0; SM-G925F) AppleWebKit/537.36 (KHTML, like Gecko) Chrome/76.0.3809.111 Mobile Safari/537.36"
151.252.241.4 - - [29/Aug/2019:14:46:16 +0000] "GET /js/jshashtable-2.1_src.js HTTP/1.1" 200 2957 "https://www.citadela.hr/" "Mozilla/5.0 (Linux; Android 7.0; SM-G925F) AppleWebKit/537.36 (KHTML, like Gecko) Chrome/76.0.3809.111 Mobile Safari/537.36"
151.252.241.4 - - [29/Aug/2019:14:46:16 +0000] "GET /js/jquery.numberformatter-1.2.3.js HTTP/1.1" 200 4697 "https://www.citadela.hr/" "Mozilla/5.0 (Linux; Android 7.0; SM-G925F) AppleWebKit/537.36 (KHTML, like Gecko) Chrome/76.0.3809.111 Mobile Safari/537.36"
151.252.241.4 - - [29/Aug/2019:14:46:16 +0000] "GET /js/tmpl.js HTTP/1.1" 200 625 "https://www.citadela.hr/" "Mozilla/5.0 (Linux; Android 7.0; SM-G925F) AppleWebKit/537.36 (KHTML, like Gecko) Chrome/76.0.3809.111 Mobile Safari/537.36"
151.252.241.4 - - [29/Aug/2019:14:46:16 +0000] "GET /js/jquery.dependClass-0.1.js HTTP/1.1" 200 458 "https://www.citadela.hr/" "Mozilla/5.0 (Linux; Android 7.0; SM-G925F) AppleWebKit/537.36 (KHTML, like Gecko) Chrome/76.0.3809.111 Mobile Safari/537.36"
151.252.241.4 - - [29/Aug/2019:14:46:16 +0000] "GET /js/draggable-0.1.js HTTP/1.1" 200 1326 "https://www.citadela.hr/" "Mozilla/5.0 (Linux; Android 7.0; SM-G925F) AppleWebKit/537.36 (KHTML, like Gecko) Chrome/76.0.3809.111 Mobile Safari/537.36"
151.252.241.4 - - [29/Aug/2019:14:46:16 +0000] "GET /js/jquery.slider.js HTTP/1.1" 200 4772 "https://www.citadela.hr/" "Mozilla/5.0 (Linux; Android 7.0; SM-G925F) AppleWebKit/537.36 (KHTML, like Gecko) Chrome/76.0.3809.111 Mobile Safari/537.36"
151.252.241.4 - - [29/Aug/2019:14:46:16 +0000] "GET /js/jquery.barrating.js HTTP/1.1" 200 4280 "https://www.citadela.hr/" "Mozilla/5.0 (Linux; Android 7.0; SM-G925F) AppleWebKit/537.36 (KHTML, like Gecko) Chrome/76.0.3809.111 Mobile Safari/537.36"
151.252.241.4 - - [29/Aug/2019:14:46:16 +0000] "GET /js/custom.js HTTP/1.1" 200 5159 "https://www.citadela.hr/" "Mozilla/5.0 (Linux; Android 7.0; SM-G925F) AppleWebKit/537.36 (KHTML, like Gecko) Chrome/76.0.3809.111 Mobile Safari/537.36"
151.252.241.4 - - [29/Aug/2019:14:46:16 +0000] "GET /uploads/thumbnails/e2f85641f091607835ef1e2c65529c2a.jpg HTTP/1.1" 200 44139 "https://www.citadela.hr/" "Mozilla/5.0 (Linux; Android 7.0; SM-G925F) AppleWebKit/537.36 (KHTML, like Gecko) Chrome/76.0.3809.111 Mobile Safari/537.36"
151.252.241.4 - - [29/Aug/2019:14:46:16 +0000] "GET /uploads/thumbnails/42c15dd15f418344ccc035d6003dd670.jpeg HTTP/1.1" 200 56902 "https://www.citadela.hr/" "Mozilla/5.0 (Linux; Android 7.0; SM-G925F) AppleWebKit/537.36 (KHTML, like Gecko) Chrome/76.0.3809.111 Mobile Safari/537.36"
151.252.241.4 - - [29/Aug/2019:14:46:16 +0000] "GET /uploads/thumbnails/3c55f605d3f0b0e63c055493db2ef6cb.jpg HTTP/1.1" 200 51114 "https://www.citadela.hr/" "Mozilla/5.0 (Linux; Android 7.0; SM-G925F) AppleWebKit/537.36 (KHTML, like Gecko) Chrome/76.0.3809.111 Mobile Safari/537.36"
151.252.241.4 - - [29/Aug/2019:14:46:16 +0000] "GET /uploads/thumbnails/d88237410243ed4f971cfca527be5367.jpg HTTP/1.1" 200 53585 "https://www.citadela.hr/" "Mozilla/5.0 (Linux; Android 7.0; SM-G925F) AppleWebKit/537.36 (KHTML, like Gecko) Chrome/76.0.3809.111 Mobile Safari/537.36"
151.252.241.4 - - [29/Aug/2019:14:46:16 +0000] "GET /uploads/thumbnails/637f734f3f66250d52f27e7aa9a9c97d.jpg HTTP/1.1" 200 66236 "https://www.citadela.hr/" "Mozilla/5.0 (Linux; Android 7.0; SM-G925F) AppleWebKit/537.36 (KHTML, like Gecko) Chrome/76.0.3809.111 Mobile Safari/537.36"
151.252.241.4 - - [29/Aug/2019:14:46:16 +0000] "GET /uploads/thumbnails/c29da346589ecace8f77a2de714c55d5.jpg HTTP/1.1" 200 60477 "https://www.citadela.hr/" "Mozilla/5.0 (Linux; Android 7.0; SM-G925F) AppleWebKit/537.36 (KHTML, like Gecko) Chrome/76.0.3809.111 Mobile Safari/537.36"
151.252.241.4 - - [29/Aug/2019:14:46:16 +0000] "GET /img/logo_footer.png HTTP/1.1" 200 4213 "https://www.citadela.hr/" "Mozilla/5.0 (Linux; Android 7.0; SM-G925F) AppleWebKit/537.36 (KHTML, like Gecko) Chrome/76.0.3809.111 Mobile Safari/537.36"
151.252.241.4 - - [29/Aug/2019:14:46:16 +0000] "GET /img/slider/fixed-slider.png HTTP/1.1" 200 436232 "https://www.citadela.hr/css/style.css?v=2" "Mozilla/5.0 (Linux; Android 7.0; SM-G925F) AppleWebKit/537.36 (KHTML, like Gecko) Chrome/76.0.3809.111 Mobile Safari/537.36"
151.252.241.4 - - [29/Aug/2019:14:46:17 +0000] "GET /img/category_grid/miami.png HTTP/1.1" 200 306196 "https://www.citadela.hr/css/style.css?v=2" "Mozilla/5.0 (Linux; Android 7.0; SM-G925F) AppleWebKit/537.36 (KHTML, like Gecko) Chrome/76.0.3809.111 Mobile Safari/537.36"
151.252.241.4 - - [29/Aug/2019:14:46:17 +0000] "GET /img/category_grid/newyork.png HTTP/1.1" 200 68457 "https://www.citadela.hr/css/style.css?v=2" "Mozilla/5.0 (Linux; Android 7.0; SM-G925F) AppleWebKit/537.36 (KHTML, like Gecko) Chrome/76.0.3809.111 Mobile Safari/537.36"
151.252.241.4 - - [29/Aug/2019:14:46:17 +0000] "GET /img/category_grid/losangeles.png HTTP/1.1" 200 140282 "https://www.citadela.hr/css/style.css?v=2" "Mozilla/5.0 (Linux; Android 7.0; SM-G925F) AppleWebKit/537.36 (KHTML, like Gecko) Chrome/76.0.3809.111 Mobile Safari/537.36"
151.252.241.4 - - [29/Aug/2019:14:46:17 +0000] "GET /img/category_grid/chicago.png HTTP/1.1" 200 98081 "https://www.citadela.hr/css/style.css?v=2" "Mozilla/5.0 (Linux; Android 7.0; SM-G925F) AppleWebKit/537.36 (KHTML, like Gecko) Chrome/76.0.3809.111 Mobile Safari/537.36"
151.252.241.4 - - [29/Aug/2019:14:46:17 +0000] "GET /img/banner/house-closing.png HTTP/1.1" 200 691258 "https://www.citadela.hr/css/style.css?v=2" "Mozilla/5.0 (Linux; Android 7.0; SM-G925F) AppleWebKit/537.36 (KHTML, like Gecko) Chrome/76.0.3809.111 Mobile Safari/537.36"
151.252.241.4 - - [29/Aug/2019:14:46:20 +0000] "GET /favicon-32x32.png HTTP/1.1" 200 1936 "https://www.citadela.hr/" "Mozilla/5.0 (Linux; Android 7.0; SM-G925F) AppleWebKit/537.36 (KHTML, like Gecko) Chrome/76.0.3809.111 Mobile Safari/537.36"
151.252.241.4 - - [29/Aug/2019:14:46:20 +0000] "GET /apple-touch-icon.png HTTP/1.1" 200 9899 "https://www.citadela.hr/" "Mozilla/5.0 (Linux; Android 7.0; SM-G925F) AppleWebKit/537.36 (KHTML, like Gecko) Chrome/76.0.3809.111 Mobile Safari/537.36"
151.252.241.4 - - [29/Aug/2019:14:46:20 +0000] "GET /site.webmanifest HTTP/1.1" 200 291 "https://www.citadela.hr/" "Mozilla/5.0 (Linux; Android 7.0; SM-G925F) AppleWebKit/537.36 (KHTML, like Gecko) Chrome/76.0.3809.111 Mobile Safari/537.36"
151.252.241.4 - - [29/Aug/2019:14:46:34 +0000] "GET /pretraga?category=2&place=80&price=&surface= HTTP/1.1" 200 3936 "https://www.citadela.hr/" "Mozilla/5.0 (Linux; Android 7.0; SM-G925F) AppleWebKit/537.36 (KHTML, like Gecko) Chrome/76.0.3809.111 Mobile Safari/537.36"
151.252.241.4 - - [29/Aug/2019:14:46:34 +0000] "GET /img/banner/banner.png HTTP/1.1" 200 188379 "https://www.citadela.hr/css/style.css?v=2" "Mozilla/5.0 (Linux; Android 7.0; SM-G925F) AppleWebKit/537.36 (KHTML, like Gecko) Chrome/76.0.3809.111 Mobile Safari/537.36"
95.163.255.25 - - [29/Aug/2019:14:46:45 +0000] "GET /robots.txt HTTP/1.0" 200 24 "-" "Mozilla/5.0 (compatible; Linux x86_64; Mail.RU_Bot/2.0; +http://go.mail.ru/help/robots)"
95.163.255.23 - - [29/Aug/2019:14:46:48 +0000] "GET /en/houses?page=2 HTTP/1.1" 200 5436 "-" "Mozilla/5.0 (compatible; Linux x86_64; Mail.RU_Bot/2.0; +http://go.mail.ru/help/robots)"
151.252.241.4 - - [29/Aug/2019:14:46:50 +0000] "GET /pretraga?category=2&type=&place=80&area=&price=&surface= HTTP/1.1" 200 3936 "https://www.citadela.hr/pretraga?category=2&place=80&price=&surface=" "Mozilla/5.0 (Linux; Android 7.0; SM-G925F) AppleWebKit/537.36 (KHTML, like Gecko) Chrome/76.0.3809.111 Mobile Safari/537.36"
207.46.13.57 - - [29/Aug/2019:14:47:59 +0000] "GET /en/flats/zadar-bulevar-renovirani-dvosoban-stan-7911-m2 HTTP/1.1" 200 5342 "-" "Mozilla/5.0 (compatible; bingbot/2.0; +http://www.bing.com/bingbot.htm)"
66.249.66.42 - - [29/Aug/2019:14:51:21 +0000] "GET /hr/pretraga?category=&type=&place=58&area=&price=&surface=200 HTTP/1.1" 500 4485 "-" "Mozilla/5.0 (Linux; Android 6.0.1; Nexus 5X Build/MMB29P) AppleWebKit/537.36 (KHTML, like Gecko) Chrome/41.0.2272.96 Mobile Safari/537.36 (compatible; Googlebot/2.1; +http://www.google.com/bot.html)"
66.249.66.46 - - [29/Aug/2019:15:03:48 +0000] "GET /en/search?category=&type=&place=58&area=159&price=1000000&surface= HTTP/1.1" 500 4485 "-" "Mozilla/5.0 (Linux; Android 6.0.1; Nexus 5X Build/MMB29P) AppleWebKit/537.36 (KHTML, like Gecko) Chrome/41.0.2272.96 Mobile Safari/537.36 (compatible; Googlebot/2.1; +http://www.google.com/bot.html)"
66.249.66.44 - - [29/Aug/2019:15:07:05 +0000] "GET /hr/pretraga?category=&type=&place=2&area=&price=1000000&surface= HTTP/1.1" 500 4485 "-" "Mozilla/5.0 (Linux; Android 6.0.1; Nexus 5X Build/MMB29P) AppleWebKit/537.36 (KHTML, like Gecko) Chrome/41.0.2272.96 Mobile Safari/537.36 (compatible; Googlebot/2.1; +http://www.google.com/bot.html)"
66.249.66.44 - - [29/Aug/2019:15:07:16 +0000] "GET /pretraga?category=&type=&place=36&area=181&price=200000&surface=10 HTTP/1.1" 500 4485 "-" "Mozilla/5.0 (Linux; Android 6.0.1; Nexus 5X Build/MMB29P) AppleWebKit/537.36 (KHTML, like Gecko) Chrome/41.0.2272.96 Mobile Safari/537.36 (compatible; Googlebot/2.1; +http://www.google.com/bot.html)"
66.249.66.46 - - [29/Aug/2019:15:11:38 +0000] "GET /en/search?category=&type=&place=58&area=159&price=1000000&surface= HTTP/1.1" 500 4485 "-" "Mozilla/5.0 (Linux; Android 6.0.1; Nexus 5X Build/MMB29P) AppleWebKit/537.36 (KHTML, like Gecko) Chrome/41.0.2272.96 Mobile Safari/537.36 (compatible; Googlebot/2.1; +http://www.google.com/bot.html)"
66.249.66.46 - - [29/Aug/2019:15:12:22 +0000] "GET /en/search?category=&type=&place=36&area=173&price=500000&surface= HTTP/1.1" 500 4485 "-" "Mozilla/5.0 (Linux; Android 6.0.1; Nexus 5X Build/MMB29P) AppleWebKit/537.36 (KHTML, like Gecko) Chrome/41.0.2272.96 Mobile Safari/537.36 (compatible; Googlebot/2.1; +http://www.google.com/bot.html)"
66.249.66.44 - - [29/Aug/2019:15:13:05 +0000] "GET /hr/pretraga?category=&type=&place=12&area=&price=&surface= HTTP/1.1" 500 4485 "-" "Mozilla/5.0 (Linux; Android 6.0.1; Nexus 5X Build/MMB29P) AppleWebKit/537.36 (KHTML, like Gecko) Chrome/41.0.2272.96 Mobile Safari/537.36 (compatible; Googlebot/2.1; +http://www.google.com/bot.html)"
66.249.66.44 - - [29/Aug/2019:15:13:16 +0000] "GET /en/search?category=&type=&place=53&area=157&price=100000&surface= HTTP/1.1" 500 4485 "-" "Mozilla/5.0 (Linux; Android 6.0.1; Nexus 5X Build/MMB29P) AppleWebKit/537.36 (KHTML, like Gecko) Chrome/41.0.2272.96 Mobile Safari/537.36 (compatible; Googlebot/2.1; +http://www.google.com/bot.html)"
66.249.66.42 - - [29/Aug/2019:15:16:54 +0000] "GET /stanovi/zadar-maraska-park-dvosoban-stan-55-m2-terasa-30-m2 HTTP/1.1" 500 4485 "-" "Mozilla/5.0 (Linux; Android 6.0.1; Nexus 5X Build/MMB29P) AppleWebKit/537.36 (KHTML, like Gecko) Chrome/41.0.2272.96 Mobile Safari/537.36 (compatible; Googlebot/2.1; +http://www.google.com/bot.html)"
66.249.66.48 - - [29/Aug/2019:15:23:51 +0000] "GET /hr/pretraga?category=&type=&place=19&area=&price=50000&surface=50 HTTP/1.1" 500 4485 "-" "Mozilla/5.0 (Linux; Android 6.0.1; Nexus 5X Build/MMB29P) AppleWebKit/537.36 (KHTML, like Gecko) Chrome/41.0.2272.96 Mobile Safari/537.36 (compatible; Googlebot/2.1; +http://www.google.com/bot.html)"
46.229.168.135 - - [29/Aug/2019:15:24:28 +0000] "GET /robots.txt HTTP/1.1" 200 24 "-" "Mozilla/5.0 (compatible; SemrushBot/6~bl; +http://www.semrush.com/bot.html)"
46.229.168.163 - - [29/Aug/2019:15:24:29 +0000] "GET /hr/pretraga?page=6 HTTP/1.1" 200 5471 "-" "Mozilla/5.0 (compatible; SemrushBot/6~bl; +http://www.semrush.com/bot.html)"
66.249.66.48 - - [29/Aug/2019:15:25:44 +0000] "GET /apartmani/privlaka-jednosoban-apartman-120-m-od-pjescane-plaze-34-m2 HTTP/1.1" 500 4485 "-" "Mozilla/5.0 (Linux; Android 6.0.1; Nexus 5X Build/MMB29P) AppleWebKit/537.36 (KHTML, like Gecko) Chrome/41.0.2272.96 Mobile Safari/537.36 (compatible; Googlebot/2.1; +http://www.google.com/bot.html)"
66.249.66.46 - - [29/Aug/2019:15:32:43 +0000] "GET /hr/pretraga?category=&type=&place=36&area=173&price=1000000&surface=200 HTTP/1.1" 500 4485 "-" "Mozilla/5.0 (Linux; Android 6.0.1; Nexus 5X Build/MMB29P) AppleWebKit/537.36 (KHTML, like Gecko) Chrome/41.0.2272.96 Mobile Safari/537.36 (compatible; Googlebot/2.1; +http://www.google.com/bot.html)"
66.249.66.44 - - [29/Aug/2019:15:34:30 +0000] "GET /hr/pretraga?category=&type=&place=53&area=&price=&surface=10 HTTP/1.1" 500 4485 "-" "Mozilla/5.0 (Linux; Android 6.0.1; Nexus 5X Build/MMB29P) AppleWebKit/537.36 (KHTML, like Gecko) Chrome/41.0.2272.96 Mobile Safari/537.36 (compatible; Googlebot/2.1; +http://www.google.com/bot.html)"
66.249.66.44 - - [29/Aug/2019:15:35:00 +0000] "GET /en/search?category=&type=&place=53&area=&price=100000&surface= HTTP/1.1" 500 4485 "-" "Mozilla/5.0 (Linux; Android 6.0.1; Nexus 5X Build/MMB29P) AppleWebKit/537.36 (KHTML, like Gecko) Chrome/41.0.2272.96 Mobile Safari/537.36 (compatible; Googlebot/2.1; +http://www.google.com/bot.html)"
66.249.66.48 - - [29/Aug/2019:15:43:08 +0000] "GET /hr/pretraga?category=&type=&place=58&area=159&price=500000&surface=10 HTTP/1.1" 500 4485 "-" "Mozilla/5.0 (Linux; Android 6.0.1; Nexus 5X Build/MMB29P) AppleWebKit/537.36 (KHTML, like Gecko) Chrome/41.0.2272.96 Mobile Safari/537.36 (compatible; Googlebot/2.1; +http://www.google.com/bot.html)"
66.249.66.44 - - [29/Aug/2019:15:43:11 +0000] "GET /en/search?category=&type=&place=53&area=&price=100000&surface= HTTP/1.1" 500 4485 "-" "Mozilla/5.0 (Linux; Android 6.0.1; Nexus 5X Build/MMB29P) AppleWebKit/537.36 (KHTML, like Gecko) Chrome/41.0.2272.96 Mobile Safari/537.36 (compatible; Googlebot/2.1; +http://www.google.com/bot.html)"
66.249.66.44 - - [29/Aug/2019:15:43:29 +0000] "GET /en/search?category=&type=&place=10&area=&price=100000&surface= HTTP/1.1" 500 4485 "-" "Mozilla/5.0 (Linux; Android 6.0.1; Nexus 5X Build/MMB29P) AppleWebKit/537.36 (KHTML, like Gecko) Chrome/41.0.2272.96 Mobile Safari/537.36 (compatible; Googlebot/2.1; +http://www.google.com/bot.html)"
66.249.66.48 - - [29/Aug/2019:15:44:25 +0000] "GET /hr/pretraga?category=&type=&place=41&area=&price=50000&surface=100 HTTP/1.1" 500 4485 "-" "Mozilla/5.0 (Linux; Android 6.0.1; Nexus 5X Build/MMB29P) AppleWebKit/537.36 (KHTML, like Gecko) Chrome/41.0.2272.96 Mobile Safari/537.36 (compatible; Googlebot/2.1; +http://www.google.com/bot.html)"
46.229.168.129 - - [29/Aug/2019:15:44:50 +0000] "GET /zemljista/starigrad-gradevinsko-zemljiste-pored-ulaza-u-np-paklenica-480m2 HTTP/1.1" 200 5848 "-" "Mozilla/5.0 (compatible; SemrushBot/6~bl; +http://www.semrush.com/bot.html)"
66.249.66.44 - - [29/Aug/2019:15:45:39 +0000] "GET /pretraga?category=&type=&place=50&area=&price=&surface=10 HTTP/1.1" 500 4485 "-" "Mozilla/5.0 (Linux; Android 6.0.1; Nexus 5X Build/MMB29P) AppleWebKit/537.36 (KHTML, like Gecko) Chrome/41.0.2272.96 Mobile Safari/537.36 (compatible; Googlebot/2.1; +http://www.google.com/bot.html)"
89.172.164.88 - - [29/Aug/2019:15:49:46 +0000] "GET / HTTP/1.1" 200 5820 "-" "Mozilla/5.0 (Linux; Android 9; MHA-L29) AppleWebKit/537.36 (KHTML, like Gecko) Chrome/76.0.3809.132 Mobile Safari/537.36"
89.172.164.88 - - [29/Aug/2019:15:49:47 +0000] "GET /css/bootstrap.css HTTP/1.1" 200 20712 "https://www.citadela.hr/" "Mozilla/5.0 (Linux; Android 9; MHA-L29) AppleWebKit/537.36 (KHTML, like Gecko) Chrome/76.0.3809.132 Mobile Safari/537.36"
89.172.164.88 - - [29/Aug/2019:15:49:47 +0000] "GET /css/style.css?v=2 HTTP/1.1" 200 17441 "https://www.citadela.hr/" "Mozilla/5.0 (Linux; Android 9; MHA-L29) AppleWebKit/537.36 (KHTML, like Gecko) Chrome/76.0.3809.132 Mobile Safari/537.36"
89.172.164.88 - - [29/Aug/2019:15:49:47 +0000] "GET /css/font-awesome.css HTTP/1.1" 200 7439 "https://www.citadela.hr/" "Mozilla/5.0 (Linux; Android 9; MHA-L29) AppleWebKit/537.36 (KHTML, like Gecko) Chrome/76.0.3809.132 Mobile Safari/537.36"
89.172.164.88 - - [29/Aug/2019:15:49:47 +0000] "GET /fonts/flaticon.css HTTP/1.1" 200 699 "https://www.citadela.hr/" "Mozilla/5.0 (Linux; Android 9; MHA-L29) AppleWebKit/537.36 (KHTML, like Gecko) Chrome/76.0.3809.132 Mobile Safari/537.36"
89.172.164.88 - - [29/Aug/2019:15:49:47 +0000] "GET /css/colors/blue.css?v=2 HTTP/1.1" 200 3552 "https://www.citadela.hr/" "Mozilla/5.0 (Linux; Android 9; MHA-L29) AppleWebKit/537.36 (KHTML, like Gecko) Chrome/76.0.3809.132 Mobile Safari/537.36"
89.172.164.88 - - [29/Aug/2019:15:49:47 +0000] "GET /css/jslider.css HTTP/1.1" 200 763 "https://www.citadela.hr/" "Mozilla/5.0 (Linux; Android 9; MHA-L29) AppleWebKit/537.36 (KHTML, like Gecko) Chrome/76.0.3809.132 Mobile Safari/537.36"
89.172.164.88 - - [29/Aug/2019:15:49:47 +0000] "GET /css/responsive.css HTTP/1.1" 200 2788 "https://www.citadela.hr/" "Mozilla/5.0 (Linux; Android 9; MHA-L29) AppleWebKit/537.36 (KHTML, like Gecko) Chrome/76.0.3809.132 Mobile Safari/537.36"
89.172.164.88 - - [29/Aug/2019:15:49:47 +0000] "GET /css/loader.css?v=2 HTTP/1.1" 200 772 "https://www.citadela.hr/" "Mozilla/5.0 (Linux; Android 9; MHA-L29) AppleWebKit/537.36 (KHTML, like Gecko) Chrome/76.0.3809.132 Mobile Safari/537.36"
89.172.164.88 - - [29/Aug/2019:15:49:47 +0000] "GET /assets/plugins/flag/css/flag-icon.css HTTP/1.1" 200 2837 "https://www.citadela.hr/" "Mozilla/5.0 (Linux; Android 9; MHA-L29) AppleWebKit/537.36 (KHTML, like Gecko) Chrome/76.0.3809.132 Mobile Safari/537.36"
89.172.164.88 - - [29/Aug/2019:15:49:47 +0000] "GET /img/logo_header.png?v=2 HTTP/1.1" 200 4348 "https://www.citadela.hr/" "Mozilla/5.0 (Linux; Android 9; MHA-L29) AppleWebKit/537.36 (KHTML, like Gecko) Chrome/76.0.3809.132 Mobile Safari/537.36"
89.172.164.88 - - [29/Aug/2019:15:49:47 +0000] "GET /css/animate.min.css HTTP/1.1" 200 4242 "https://www.citadela.hr/" "Mozilla/5.0 (Linux; Android 9; MHA-L29) AppleWebKit/537.36 (KHTML, like Gecko) Chrome/76.0.3809.132 Mobile Safari/537.36"
89.172.164.88 - - [29/Aug/2019:15:49:47 +0000] "GET /css/jquery.fancybox.css HTTP/1.1" 200 1434 "https://www.citadela.hr/" "Mozilla/5.0 (Linux; Android 9; MHA-L29) AppleWebKit/537.36 (KHTML, like Gecko) Chrome/76.0.3809.132 Mobile Safari/537.36"
89.172.164.88 - - [29/Aug/2019:15:49:47 +0000] "GET /css/owl.css HTTP/1.1" 200 1348 "https://www.citadela.hr/" "Mozilla/5.0 (Linux; Android 9; MHA-L29) AppleWebKit/537.36 (KHTML, like Gecko) Chrome/76.0.3809.132 Mobile Safari/537.36"
89.172.164.88 - - [29/Aug/2019:15:49:47 +0000] "GET /js/bootstrap.min.js HTTP/1.1" 200 9833 "https://www.citadela.hr/" "Mozilla/5.0 (Linux; Android 9; MHA-L29) AppleWebKit/537.36 (KHTML, like Gecko) Chrome/76.0.3809.132 Mobile Safari/537.36"
89.172.164.88 - - [29/Aug/2019:15:49:47 +0000] "GET /js/bootstrap-select.js HTTP/1.1" 200 15633 "https://www.citadela.hr/" "Mozilla/5.0 (Linux; Android 9; MHA-L29) AppleWebKit/537.36 (KHTML, like Gecko) Chrome/76.0.3809.132 Mobile Safari/537.36"
89.172.164.88 - - [29/Aug/2019:15:49:47 +0000] "GET /js/jquery.fancybox.pack.js HTTP/1.1" 200 8634 "https://www.citadela.hr/" "Mozilla/5.0 (Linux; Android 9; MHA-L29) AppleWebKit/537.36 (KHTML, like Gecko) Chrome/76.0.3809.132 Mobile Safari/537.36"
89.172.164.88 - - [29/Aug/2019:15:49:47 +0000] "GET /js/jquery.fancybox-media.js HTTP/1.1" 200 1973 "https://www.citadela.hr/" "Mozilla/5.0 (Linux; Android 9; MHA-L29) AppleWebKit/537.36 (KHTML, like Gecko) Chrome/76.0.3809.132 Mobile Safari/537.36"
89.172.164.88 - - [29/Aug/2019:15:49:47 +0000] "GET /js/owl.js HTTP/1.1" 200 17545 "https://www.citadela.hr/" "Mozilla/5.0 (Linux; Android 9; MHA-L29) AppleWebKit/537.36 (KHTML, like Gecko) Chrome/76.0.3809.132 Mobile Safari/537.36"
89.172.164.88 - - [29/Aug/2019:15:49:47 +0000] "GET /js/mixitup.js HTTP/1.1" 200 11347 "https://www.citadela.hr/" "Mozilla/5.0 (Linux; Android 9; MHA-L29) AppleWebKit/537.36 (KHTML, like Gecko) Chrome/76.0.3809.132 Mobile Safari/537.36"
89.172.164.88 - - [29/Aug/2019:15:49:47 +0000] "GET /fonts/fontawesome-webfont.woff2?v=4.7.0 HTTP/1.1" 200 77160 "https://www.citadela.hr/css/font-awesome.css" "Mozilla/5.0 (Linux; Android 9; MHA-L29) AppleWebKit/537.36 (KHTML, like Gecko) Chrome/76.0.3809.132 Mobile Safari/537.36"
89.172.164.88 - - [29/Aug/2019:15:49:47 +0000] "GET /js/jquery.min.js HTTP/1.1" 200 33760 "https://www.citadela.hr/" "Mozilla/5.0 (Linux; Android 9; MHA-L29) AppleWebKit/537.36 (KHTML, like Gecko) Chrome/76.0.3809.132 Mobile Safari/537.36"
89.172.164.88 - - [29/Aug/2019:15:49:47 +0000] "GET /js/YouTubePopUp.jquery.js HTTP/1.1" 200 967 "https://www.citadela.hr/" "Mozilla/5.0 (Linux; Android 9; MHA-L29) AppleWebKit/537.36 (KHTML, like Gecko) Chrome/76.0.3809.132 Mobile Safari/537.36"
89.172.164.88 - - [29/Aug/2019:15:49:47 +0000] "GET /js/jshashtable-2.1_src.js HTTP/1.1" 200 2957 "https://www.citadela.hr/" "Mozilla/5.0 (Linux; Android 9; MHA-L29) AppleWebKit/537.36 (KHTML, like Gecko) Chrome/76.0.3809.132 Mobile Safari/537.36"
89.172.164.88 - - [29/Aug/2019:15:49:47 +0000] "GET /js/jquery.numberformatter-1.2.3.js HTTP/1.1" 200 4697 "https://www.citadela.hr/" "Mozilla/5.0 (Linux; Android 9; MHA-L29) AppleWebKit/537.36 (KHTML, like Gecko) Chrome/76.0.3809.132 Mobile Safari/537.36"
89.172.164.88 - - [29/Aug/2019:15:49:48 +0000] "GET /js/tmpl.js HTTP/1.1" 200 625 "https://www.citadela.hr/" "Mozilla/5.0 (Linux; Android 9; MHA-L29) AppleWebKit/537.36 (KHTML, like Gecko) Chrome/76.0.3809.132 Mobile Safari/537.36"
89.172.164.88 - - [29/Aug/2019:15:49:48 +0000] "GET /js/jquery.dependClass-0.1.js HTTP/1.1" 200 458 "https://www.citadela.hr/" "Mozilla/5.0 (Linux; Android 9; MHA-L29) AppleWebKit/537.36 (KHTML, like Gecko) Chrome/76.0.3809.132 Mobile Safari/537.36"
89.172.164.88 - - [29/Aug/2019:15:49:48 +0000] "GET /js/draggable-0.1.js HTTP/1.1" 200 1326 "https://www.citadela.hr/" "Mozilla/5.0 (Linux; Android 9; MHA-L29) AppleWebKit/537.36 (KHTML, like Gecko) Chrome/76.0.3809.132 Mobile Safari/537.36"
89.172.164.88 - - [29/Aug/2019:15:49:48 +0000] "GET /js/wow.js HTTP/1.1" 200 2198 "https://www.citadela.hr/" "Mozilla/5.0 (Linux; Android 9; MHA-L29) AppleWebKit/537.36 (KHTML, like Gecko) Chrome/76.0.3809.132 Mobile Safari/537.36"
89.172.164.88 - - [29/Aug/2019:15:49:48 +0000] "GET /js/jquery.slider.js HTTP/1.1" 200 4772 "https://www.citadela.hr/" "Mozilla/5.0 (Linux; Android 9; MHA-L29) AppleWebKit/537.36 (KHTML, like Gecko) Chrome/76.0.3809.132 Mobile Safari/537.36"
89.172.164.88 - - [29/Aug/2019:15:49:48 +0000] "GET /js/jquery.barrating.js HTTP/1.1" 200 4280 "https://www.citadela.hr/" "Mozilla/5.0 (Linux; Android 9; MHA-L29) AppleWebKit/537.36 (KHTML, like Gecko) Chrome/76.0.3809.132 Mobile Safari/537.36"
89.172.164.88 - - [29/Aug/2019:15:49:48 +0000] "GET /js/custom.js HTTP/1.1" 200 5159 "https://www.citadela.hr/" "Mozilla/5.0 (Linux; Android 9; MHA-L29) AppleWebKit/537.36 (KHTML, like Gecko) Chrome/76.0.3809.132 Mobile Safari/537.36"
89.172.164.88 - - [29/Aug/2019:15:49:48 +0000] "GET /uploads/thumbnails/42c15dd15f418344ccc035d6003dd670.jpeg HTTP/1.1" 200 56902 "https://www.citadela.hr/" "Mozilla/5.0 (Linux; Android 9; MHA-L29) AppleWebKit/537.36 (KHTML, like Gecko) Chrome/76.0.3809.132 Mobile Safari/537.36"
89.172.164.88 - - [29/Aug/2019:15:49:48 +0000] "GET /uploads/thumbnails/d88237410243ed4f971cfca527be5367.jpg HTTP/1.1" 200 53585 "https://www.citadela.hr/" "Mozilla/5.0 (Linux; Android 9; MHA-L29) AppleWebKit/537.36 (KHTML, like Gecko) Chrome/76.0.3809.132 Mobile Safari/537.36"
89.172.164.88 - - [29/Aug/2019:15:49:48 +0000] "GET /uploads/thumbnails/637f734f3f66250d52f27e7aa9a9c97d.jpg HTTP/1.1" 200 66236 "https://www.citadela.hr/" "Mozilla/5.0 (Linux; Android 9; MHA-L29) AppleWebKit/537.36 (KHTML, like Gecko) Chrome/76.0.3809.132 Mobile Safari/537.36"
89.172.164.88 - - [29/Aug/2019:15:49:48 +0000] "GET /uploads/thumbnails/e2f85641f091607835ef1e2c65529c2a.jpg HTTP/1.1" 200 44139 "https://www.citadela.hr/" "Mozilla/5.0 (Linux; Android 9; MHA-L29) AppleWebKit/537.36 (KHTML, like Gecko) Chrome/76.0.3809.132 Mobile Safari/537.36"
89.172.164.88 - - [29/Aug/2019:15:49:48 +0000] "GET /uploads/thumbnails/c29da346589ecace8f77a2de714c55d5.jpg HTTP/1.1" 200 60477 "https://www.citadela.hr/" "Mozilla/5.0 (Linux; Android 9; MHA-L29) AppleWebKit/537.36 (KHTML, like Gecko) Chrome/76.0.3809.132 Mobile Safari/537.36"
89.172.164.88 - - [29/Aug/2019:15:49:48 +0000] "GET /uploads/thumbnails/3c55f605d3f0b0e63c055493db2ef6cb.jpg HTTP/1.1" 200 51114 "https://www.citadela.hr/" "Mozilla/5.0 (Linux; Android 9; MHA-L29) AppleWebKit/537.36 (KHTML, like Gecko) Chrome/76.0.3809.132 Mobile Safari/537.36"
89.172.164.88 - - [29/Aug/2019:15:49:48 +0000] "GET /img/logo_footer.png HTTP/1.1" 200 4213 "https://www.citadela.hr/" "Mozilla/5.0 (Linux; Android 9; MHA-L29) AppleWebKit/537.36 (KHTML, like Gecko) Chrome/76.0.3809.132 Mobile Safari/537.36"
89.172.164.88 - - [29/Aug/2019:15:49:49 +0000] "GET /img/category_grid/newyork.png HTTP/1.1" 200 68457 "https://www.citadela.hr/css/style.css?v=2" "Mozilla/5.0 (Linux; Android 9; MHA-L29) AppleWebKit/537.36 (KHTML, like Gecko) Chrome/76.0.3809.132 Mobile Safari/537.36"
89.172.164.88 - - [29/Aug/2019:15:49:49 +0000] "GET /img/category_grid/losangeles.png HTTP/1.1" 200 140282 "https://www.citadela.hr/css/style.css?v=2" "Mozilla/5.0 (Linux; Android 9; MHA-L29) AppleWebKit/537.36 (KHTML, like Gecko) Chrome/76.0.3809.132 Mobile Safari/537.36"
89.172.164.88 - - [29/Aug/2019:15:49:48 +0000] "GET /img/slider/fixed-slider.png HTTP/1.1" 200 436232 "https://www.citadela.hr/css/style.css?v=2" "Mozilla/5.0 (Linux; Android 9; MHA-L29) AppleWebKit/537.36 (KHTML, like Gecko) Chrome/76.0.3809.132 Mobile Safari/537.36"
89.172.164.88 - - [29/Aug/2019:15:49:48 +0000] "GET /img/category_grid/miami.png HTTP/1.1" 200 306196 "https://www.citadela.hr/css/style.css?v=2" "Mozilla/5.0 (Linux; Android 9; MHA-L29) AppleWebKit/537.36 (KHTML, like Gecko) Chrome/76.0.3809.132 Mobile Safari/537.36"
89.172.164.88 - - [29/Aug/2019:15:49:49 +0000] "GET /img/category_grid/chicago.png HTTP/1.1" 200 98081 "https://www.citadela.hr/css/style.css?v=2" "Mozilla/5.0 (Linux; Android 9; MHA-L29) AppleWebKit/537.36 (KHTML, like Gecko) Chrome/76.0.3809.132 Mobile Safari/537.36"
89.172.164.88 - - [29/Aug/2019:15:49:51 +0000] "GET /img/banner/house-closing.png HTTP/1.1" 200 691258 "https://www.citadela.hr/css/style.css?v=2" "Mozilla/5.0 (Linux; Android 9; MHA-L29) AppleWebKit/537.36 (KHTML, like Gecko) Chrome/76.0.3809.132 Mobile Safari/537.36"
89.172.164.88 - - [29/Aug/2019:15:49:53 +0000] "GET /favicon-32x32.png HTTP/1.1" 200 1936 "https://www.citadela.hr/" "Mozilla/5.0 (Linux; Android 9; MHA-L29) AppleWebKit/537.36 (KHTML, like Gecko) Chrome/76.0.3809.132 Mobile Safari/537.36"
89.172.164.88 - - [29/Aug/2019:15:49:53 +0000] "GET /apple-touch-icon.png HTTP/1.1" 200 9899 "https://www.citadela.hr/" "Mozilla/5.0 (Linux; Android 9; MHA-L29) AppleWebKit/537.36 (KHTML, like Gecko) Chrome/76.0.3809.132 Mobile Safari/537.36"
89.172.164.88 - - [29/Aug/2019:15:49:54 +0000] "GET /site.webmanifest HTTP/1.1" 200 291 "https://www.citadela.hr/" "Mozilla/5.0 (Linux; Android 9; MHA-L29) AppleWebKit/537.36 (KHTML, like Gecko) Chrome/76.0.3809.132 Mobile Safari/537.36"
89.172.164.88 - - [29/Aug/2019:15:50:06 +0000] "GET /pretraga?category=3&place=&price=&surface= HTTP/1.1" 200 5379 "https://www.citadela.hr/" "Mozilla/5.0 (Linux; Android 9; MHA-L29) AppleWebKit/537.36 (KHTML, like Gecko) Chrome/76.0.3809.132 Mobile Safari/537.36"
89.172.164.88 - - [29/Aug/2019:15:50:07 +0000] "GET /uploads/thumbnails/084071e0b6e40e96093385ddbccc6e81.jpg HTTP/1.1" 200 46511 "https://www.citadela.hr/pretraga?category=3&place=&price=&surface=" "Mozilla/5.0 (Linux; Android 9; MHA-L29) AppleWebKit/537.36 (KHTML, like Gecko) Chrome/76.0.3809.132 Mobile Safari/537.36"
89.172.164.88 - - [29/Aug/2019:15:50:07 +0000] "GET /uploads/thumbnails/a8ed641bc10b58a1b05f005790772f29.jpg HTTP/1.1" 200 26208 "https://www.citadela.hr/pretraga?category=3&place=&price=&surface=" "Mozilla/5.0 (Linux; Android 9; MHA-L29) AppleWebKit/537.36 (KHTML, like Gecko) Chrome/76.0.3809.132 Mobile Safari/537.36"
89.172.164.88 - - [29/Aug/2019:15:50:07 +0000] "GET /uploads/thumbnails/c2c05cf5d4a2b2c3ba10f4af15c9c7d4.jpg HTTP/1.1" 200 46442 "https://www.citadela.hr/pretraga?category=3&place=&price=&surface=" "Mozilla/5.0 (Linux; Android 9; MHA-L29) AppleWebKit/537.36 (KHTML, like Gecko) Chrome/76.0.3809.132 Mobile Safari/537.36"
89.172.164.88 - - [29/Aug/2019:15:50:07 +0000] "GET /uploads/thumbnails/4240c5935d321944b9b3dd8ea14094af.jpg HTTP/1.1" 200 60600 "https://www.citadela.hr/pretraga?category=3&place=&price=&surface=" "Mozilla/5.0 (Linux; Android 9; MHA-L29) AppleWebKit/537.36 (KHTML, like Gecko) Chrome/76.0.3809.132 Mobile Safari/537.36"
89.172.164.88 - - [29/Aug/2019:15:50:07 +0000] "GET /uploads/thumbnails/294562d451e2effe4fee5ebff57cc358.jpeg HTTP/1.1" 200 51235 "https://www.citadela.hr/pretraga?category=3&place=&price=&surface=" "Mozilla/5.0 (Linux; Android 9; MHA-L29) AppleWebKit/537.36 (KHTML, like Gecko) Chrome/76.0.3809.132 Mobile Safari/537.36"
89.172.164.88 - - [29/Aug/2019:15:50:07 +0000] "GET /uploads/thumbnails/a41bcea9c5b4f801d324882f95c0a89e.jpg HTTP/1.1" 200 49051 "https://www.citadela.hr/pretraga?category=3&place=&price=&surface=" "Mozilla/5.0 (Linux; Android 9; MHA-L29) AppleWebKit/537.36 (KHTML, like Gecko) Chrome/76.0.3809.132 Mobile Safari/537.36"
89.172.164.88 - - [29/Aug/2019:15:50:07 +0000] "GET /uploads/thumbnails/9cafd4be0856d53da70507114407ce79.jpg HTTP/1.1" 200 58338 "https://www.citadela.hr/pretraga?category=3&place=&price=&surface=" "Mozilla/5.0 (Linux; Android 9; MHA-L29) AppleWebKit/537.36 (KHTML, like Gecko) Chrome/76.0.3809.132 Mobile Safari/537.36"
89.172.164.88 - - [29/Aug/2019:15:50:07 +0000] "GET /uploads/thumbnails/d52769a695078a5dc3698aecf9d945f0.jpg HTTP/1.1" 200 56570 "https://www.citadela.hr/pretraga?category=3&place=&price=&surface=" "Mozilla/5.0 (Linux; Android 9; MHA-L29) AppleWebKit/537.36 (KHTML, like Gecko) Chrome/76.0.3809.132 Mobile Safari/537.36"
89.172.164.88 - - [29/Aug/2019:15:50:08 +0000] "GET /uploads/thumbnails/d9823bec0d381bdeb85aa4bbd21f212b.jpg HTTP/1.1" 200 65376 "https://www.citadela.hr/pretraga?category=3&place=&price=&surface=" "Mozilla/5.0 (Linux; Android 9; MHA-L29) AppleWebKit/537.36 (KHTML, like Gecko) Chrome/76.0.3809.132 Mobile Safari/537.36"
89.172.164.88 - - [29/Aug/2019:15:50:08 +0000] "GET /img/banner/banner.png HTTP/1.1" 200 188379 "https://www.citadela.hr/css/style.css?v=2" "Mozilla/5.0 (Linux; Android 9; MHA-L29) AppleWebKit/537.36 (KHTML, like Gecko) Chrome/76.0.3809.132 Mobile Safari/537.36"
89.172.164.88 - - [29/Aug/2019:15:50:30 +0000] "GET /pretraga?category=3&place=&price=&surface=&page=2 HTTP/1.1" 200 5284 "https://www.citadela.hr/pretraga?category=3&place=&price=&surface=" "Mozilla/5.0 (Linux; Android 9; MHA-L29) AppleWebKit/537.36 (KHTML, like Gecko) Chrome/76.0.3809.132 Mobile Safari/537.36"
89.172.164.88 - - [29/Aug/2019:15:50:31 +0000] "GET /uploads/thumbnails/e6de7ae5f6b0ff7b54a30cf462d1e06e.jpg HTTP/1.1" 200 47075 "https://www.citadela.hr/pretraga?category=3&place=&price=&surface=&page=2" "Mozilla/5.0 (Linux; Android 9; MHA-L29) AppleWebKit/537.36 (KHTML, like Gecko) Chrome/76.0.3809.132 Mobile Safari/537.36"
89.172.164.88 - - [29/Aug/2019:15:50:31 +0000] "GET /uploads/thumbnails/ab1665b10f5ba5a54bc0e1379bba4fd5.jpg HTTP/1.1" 200 45627 "https://www.citadela.hr/pretraga?category=3&place=&price=&surface=&page=2" "Mozilla/5.0 (Linux; Android 9; MHA-L29) AppleWebKit/537.36 (KHTML, like Gecko) Chrome/76.0.3809.132 Mobile Safari/537.36"
89.172.164.88 - - [29/Aug/2019:15:50:31 +0000] "GET /uploads/thumbnails/900c43edd29eb5f5847c0cbe249f8212.jpg HTTP/1.1" 200 49774 "https://www.citadela.hr/pretraga?category=3&place=&price=&surface=&page=2" "Mozilla/5.0 (Linux; Android 9; MHA-L29) AppleWebKit/537.36 (KHTML, like Gecko) Chrome/76.0.3809.132 Mobile Safari/537.36"
89.172.164.88 - - [29/Aug/2019:15:50:31 +0000] "GET /uploads/thumbnails/3b1393e34a7a23a59ae94cd20bb391d2.jpeg HTTP/1.1" 200 62246 "https://www.citadela.hr/pretraga?category=3&place=&price=&surface=&page=2" "Mozilla/5.0 (Linux; Android 9; MHA-L29) AppleWebKit/537.36 (KHTML, like Gecko) Chrome/76.0.3809.132 Mobile Safari/537.36"
89.172.164.88 - - [29/Aug/2019:15:50:32 +0000] "GET /uploads/thumbnails/6a14fc26ca7a9ada6097d946cfc76dfb.jpeg HTTP/1.1" 200 59960 "https://www.citadela.hr/pretraga?category=3&place=&price=&surface=&page=2" "Mozilla/5.0 (Linux; Android 9; MHA-L29) AppleWebKit/537.36 (KHTML, like Gecko) Chrome/76.0.3809.132 Mobile Safari/537.36"
89.172.164.88 - - [29/Aug/2019:15:50:33 +0000] "GET /uploads/thumbnails/6e5068c2851413128e50873b1e7726bf.jpg HTTP/1.1" 200 44195 "https://www.citadela.hr/pretraga?category=3&place=&price=&surface=&page=2" "Mozilla/5.0 (Linux; Android 9; MHA-L29) AppleWebKit/537.36 (KHTML, like Gecko) Chrome/76.0.3809.132 Mobile Safari/537.36"
89.172.164.88 - - [29/Aug/2019:15:50:33 +0000] "GET /uploads/thumbnails/3128dcc94028edb5090a021ecdcf8e7c.jpg HTTP/1.1" 200 29857 "https://www.citadela.hr/pretraga?category=3&place=&price=&surface=&page=2" "Mozilla/5.0 (Linux; Android 9; MHA-L29) AppleWebKit/537.36 (KHTML, like Gecko) Chrome/76.0.3809.132 Mobile Safari/537.36"
89.172.164.88 - - [29/Aug/2019:15:50:34 +0000] "GET /uploads/thumbnails/9a8efbf7799fcd1fc50a872e110e5abf.jpg HTTP/1.1" 200 58326 "https://www.citadela.hr/pretraga?category=3&place=&price=&surface=&page=2" "Mozilla/5.0 (Linux; Android 9; MHA-L29) AppleWebKit/537.36 (KHTML, like Gecko) Chrome/76.0.3809.132 Mobile Safari/537.36"
89.172.164.88 - - [29/Aug/2019:15:50:34 +0000] "GET /uploads/thumbnails/85caa669168478a99088119bf35ec33e.jpg HTTP/1.1" 200 53093 "https://www.citadela.hr/pretraga?category=3&place=&price=&surface=&page=2" "Mozilla/5.0 (Linux; Android 9; MHA-L29) AppleWebKit/537.36 (KHTML, like Gecko) Chrome/76.0.3809.132 Mobile Safari/537.36"
89.172.164.88 - - [29/Aug/2019:15:50:50 +0000] "GET /pretraga?category=3&place=&price=&surface=&page=3 HTTP/1.1" 200 5499 "https://www.citadela.hr/pretraga?category=3&place=&price=&surface=&page=2" "Mozilla/5.0 (Linux; Android 9; MHA-L29) AppleWebKit/537.36 (KHTML, like Gecko) Chrome/76.0.3809.132 Mobile Safari/537.36"
66.249.66.46 - - [29/Aug/2019:15:53:04 +0000] "GET /pretraga?category=&type=&place=50&area=&price=&surface=10 HTTP/1.1" 500 4485 "-" "Mozilla/5.0 (Linux; Android 6.0.1; Nexus 5X Build/MMB29P) AppleWebKit/537.36 (KHTML, like Gecko) Chrome/41.0.2272.96 Mobile Safari/537.36 (compatible; Googlebot/2.1; +http://www.google.com/bot.html)"
66.249.66.42 - - [29/Aug/2019:15:53:26 +0000] "GET /hr/pretraga?category=&place=3&price=100000&surface=50 HTTP/1.1" 500 4485 "-" "Mozilla/5.0 (Linux; Android 6.0.1; Nexus 5X Build/MMB29P) AppleWebKit/537.36 (KHTML, like Gecko) Chrome/41.0.2272.96 Mobile Safari/537.36 (compatible; Googlebot/2.1; +http://www.google.com/bot.html)"
66.249.66.42 - - [29/Aug/2019:15:53:47 +0000] "GET /hr/pretraga?category=&type=&place=43&area=&price=50000&surface=200 HTTP/1.1" 500 4485 "-" "Mozilla/5.0 (Linux; Android 6.0.1; Nexus 5X Build/MMB29P) AppleWebKit/537.36 (KHTML, like Gecko) Chrome/41.0.2272.96 Mobile Safari/537.36 (compatible; Googlebot/2.1; +http://www.google.com/bot.html)"
66.249.66.44 - - [29/Aug/2019:15:54:09 +0000] "GET /pretraga?category=&type=&place=58&area=230&price=500000&surface=100 HTTP/1.1" 500 4485 "-" "Mozilla/5.0 (Linux; Android 6.0.1; Nexus 5X Build/MMB29P) AppleWebKit/537.36 (KHTML, like Gecko) Chrome/41.0.2272.96 Mobile Safari/537.36 (compatible; Googlebot/2.1; +http://www.google.com/bot.html)"
66.249.66.42 - - [29/Aug/2019:15:54:35 +0000] "GET /pretraga?category=&type=&place=36&area=169&price=50000&surface=50 HTTP/1.1" 500 4485 "-" "Mozilla/5.0 (Linux; Android 6.0.1; Nexus 5X Build/MMB29P) AppleWebKit/537.36 (KHTML, like Gecko) Chrome/41.0.2272.96 Mobile Safari/537.36 (compatible; Googlebot/2.1; +http://www.google.com/bot.html)"
66.249.66.44 - - [29/Aug/2019:15:55:20 +0000] "GET /hr/pretraga?category=&type=&place=58&area=159&price=500000&surface= HTTP/1.1" 500 4485 "-" "Mozilla/5.0 (Linux; Android 6.0.1; Nexus 5X Build/MMB29P) AppleWebKit/537.36 (KHTML, like Gecko) Chrome/41.0.2272.96 Mobile Safari/537.36 (compatible; Googlebot/2.1; +http://www.google.com/bot.html)"
66.249.66.42 - - [29/Aug/2019:15:55:36 +0000] "GET /hr/pretraga?category=&type=&place=58&area=&price=&surface=100 HTTP/1.1" 500 4485 "-" "Mozilla/5.0 (Linux; Android 6.0.1; Nexus 5X Build/MMB29P) AppleWebKit/537.36 (KHTML, like Gecko) Chrome/41.0.2272.96 Mobile Safari/537.36 (compatible; Googlebot/2.1; +http://www.google.com/bot.html)"
46.229.168.149 - - [29/Aug/2019:15:59:05 +0000] "GET /robots.txt HTTP/1.1" 200 24 "-" "Mozilla/5.0 (compatible; SemrushBot/6~bl; +http://www.semrush.com/bot.html)"
46.229.168.130 - - [29/Aug/2019:15:59:06 +0000] "GET /zemljista/maslenica-gradevinsko-zemljiste-s-pogledom-na-more-857-m2 HTTP/1.1" 200 5712 "-" "Mozilla/5.0 (compatible; SemrushBot/6~bl; +http://www.semrush.com/bot.html)"
66.249.66.42 - - [29/Aug/2019:16:03:27 +0000] "GET /pretraga?category=&type=&place=36&area=173&price=100000&surface=100 HTTP/1.1" 500 4485 "-" "Mozilla/5.0 (Linux; Android 6.0.1; Nexus 5X Build/MMB29P) AppleWebKit/537.36 (KHTML, like Gecko) Chrome/41.0.2272.96 Mobile Safari/537.36 (compatible; Googlebot/2.1; +http://www.google.com/bot.html)"
66.249.66.44 - - [29/Aug/2019:16:03:47 +0000] "GET /en/search?category=&type=&place=41&area=157&price=500000&surface=100 HTTP/1.1" 500 4485 "-" "Mozilla/5.0 (Linux; Android 6.0.1; Nexus 5X Build/MMB29P) AppleWebKit/537.36 (KHTML, like Gecko) Chrome/41.0.2272.96 Mobile Safari/537.36 (compatible; Googlebot/2.1; +http://www.google.com/bot.html)"
62.210.36.170 - - [29/Aug/2019:16:04:15 +0000] "GET / HTTP/1.1" 301 232 "-" "Mozilla/4.0 (compatible; MSIE 6.0; Windows NT 5.1; SV1)"
62.210.36.170 - - [29/Aug/2019:16:04:15 +0000] "GET / HTTP/1.1" 200 33099 "-" "Mozilla/4.0 (compatible; MSIE 6.0; Windows NT 5.1; SV1)"
66.249.66.46 - - [29/Aug/2019:16:04:33 +0000] "GET /pretraga?category=&type=&place=36&area=165&price=&surface= HTTP/1.1" 500 4485 "-" "Mozilla/5.0 (Linux; Android 6.0.1; Nexus 5X Build/MMB29P) AppleWebKit/537.36 (KHTML, like Gecko) Chrome/41.0.2272.96 Mobile Safari/537.36 (compatible; Googlebot/2.1; +http://www.google.com/bot.html)"
89.172.164.88 - - [29/Aug/2019:16:04:39 +0000] "GET /uploads/thumbnails/ab1665b10f5ba5a54bc0e1379bba4fd5.jpg HTTP/1.1" 206 1 "https://www.citadela.hr/pretraga?category=3&place=&price=&surface=&page=2" "Mozilla/5.0 (Linux; Android 9; MHA-L29) AppleWebKit/537.36 (KHTML, like Gecko) Chrome/76.0.3809.132 Mobile Safari/537.36"
89.172.164.88 - - [29/Aug/2019:16:04:39 +0000] "GET /uploads/thumbnails/ab1665b10f5ba5a54bc0e1379bba4fd5.jpg HTTP/1.1" 206 13219 "https://www.citadela.hr/pretraga?category=3&place=&price=&surface=&page=2" "Mozilla/5.0 (Linux; Android 9; MHA-L29) AppleWebKit/537.36 (KHTML, like Gecko) Chrome/76.0.3809.132 Mobile Safari/537.36"
89.172.164.88 - - [29/Aug/2019:16:04:39 +0000] "GET /uploads/thumbnails/9a8efbf7799fcd1fc50a872e110e5abf.jpg HTTP/1.1" 200 58326 "https://www.citadela.hr/pretraga?category=3&place=&price=&surface=&page=2" "Mozilla/5.0 (Linux; Android 9; MHA-L29) AppleWebKit/537.36 (KHTML, like Gecko) Chrome/76.0.3809.132 Mobile Safari/537.36"
66.249.66.44 - - [29/Aug/2019:16:04:56 +0000] "GET /pretraga?category=&type=&place=36&area=228&price=500000&surface=50 HTTP/1.1" 500 4485 "-" "Mozilla/5.0 (Linux; Android 6.0.1; Nexus 5X Build/MMB29P) AppleWebKit/537.36 (KHTML, like Gecko) Chrome/41.0.2272.96 Mobile Safari/537.36 (compatible; Googlebot/2.1; +http://www.google.com/bot.html)"
66.249.66.42 - - [29/Aug/2019:16:05:16 +0000] "GET /en/search?category=&type=&place=36&area=167&price=300000&surface= HTTP/1.1" 500 4485 "-" "Mozilla/5.0 (Linux; Android 6.0.1; Nexus 5X Build/MMB29P) AppleWebKit/537.36 (KHTML, like Gecko) Chrome/41.0.2272.96 Mobile Safari/537.36 (compatible; Googlebot/2.1; +http://www.google.com/bot.html)"
66.249.66.42 - - [29/Aug/2019:16:05:40 +0000] "GET /pretraga?category=&type=rent&place=36&area=&price=200000&surface=100 HTTP/1.1" 500 4485 "-" "Mozilla/5.0 (Linux; Android 6.0.1; Nexus 5X Build/MMB29P) AppleWebKit/537.36 (KHTML, like Gecko) Chrome/41.0.2272.96 Mobile Safari/537.36 (compatible; Googlebot/2.1; +http://www.google.com/bot.html)"
66.249.66.44 - - [29/Aug/2019:16:06:01 +0000] "GET /hr/pretraga?category=&type=&place=36&area=168&price=200000&surface=50 HTTP/1.1" 500 4485 "-" "Mozilla/5.0 (Linux; Android 6.0.1; Nexus 5X Build/MMB29P) AppleWebKit/537.36 (KHTML, like Gecko) Chrome/41.0.2272.96 Mobile Safari/537.36 (compatible; Googlebot/2.1; +http://www.google.com/bot.html)"
66.249.66.42 - - [29/Aug/2019:16:13:53 +0000] "GET /pretraga?category=&type=&place=36&area=169&price=200000&surface=200 HTTP/1.1" 500 4485 "-" "Mozilla/5.0 (Linux; Android 6.0.1; Nexus 5X Build/MMB29P) AppleWebKit/537.36 (KHTML, like Gecko) Chrome/41.0.2272.96 Mobile Safari/537.36 (compatible; Googlebot/2.1; +http://www.google.com/bot.html)"
66.249.66.44 - - [29/Aug/2019:16:14:18 +0000] "GET /en/search?category=&type=&place=36&area=170&price=&surface=10 HTTP/1.1" 500 4485 "-" "Mozilla/5.0 (Linux; Android 6.0.1; Nexus 5X Build/MMB29P) AppleWebKit/537.36 (KHTML, like Gecko) Chrome/41.0.2272.96 Mobile Safari/537.36 (compatible; Googlebot/2.1; +http://www.google.com/bot.html)"
66.249.66.46 - - [29/Aug/2019:16:15:16 +0000] "GET /pretraga?category=&type=&place=11&area=&price=&surface=50 HTTP/1.1" 500 4485 "-" "Mozilla/5.0 (Linux; Android 6.0.1; Nexus 5X Build/MMB29P) AppleWebKit/537.36 (KHTML, like Gecko) Chrome/41.0.2272.96 Mobile Safari/537.36 (compatible; Googlebot/2.1; +http://www.google.com/bot.html)"
66.249.66.44 - - [29/Aug/2019:16:15:44 +0000] "GET /en/search?category=&type=&place=36&area=160&price=1000000&surface=10 HTTP/1.1" 500 4485 "-" "Mozilla/5.0 (Linux; Android 6.0.1; Nexus 5X Build/MMB29P) AppleWebKit/537.36 (KHTML, like Gecko) Chrome/41.0.2272.96 Mobile Safari/537.36 (compatible; Googlebot/2.1; +http://www.google.com/bot.html)"
46.229.168.145 - - [29/Aug/2019:16:22:02 +0000] "GET /en/offices/vodice-hala-za-razne-namjene-1096-m2-dvoriste-1700-m2 HTTP/1.1" 200 5589 "-" "Mozilla/5.0 (compatible; SemrushBot/6~bl; +http://www.semrush.com/bot.html)"
66.249.66.46 - - [29/Aug/2019:16:25:37 +0000] "GET /en/search?category=&type=&place=41&area=157&price=1000000&surface=100 HTTP/1.1" 500 4485 "-" "Mozilla/5.0 (Linux; Android 6.0.1; Nexus 5X Build/MMB29P) AppleWebKit/537.36 (KHTML, like Gecko) Chrome/41.0.2272.96 Mobile Safari/537.36 (compatible; Googlebot/2.1; +http://www.google.com/bot.html)"
66.249.66.42 - - [29/Aug/2019:16:34:47 +0000] "GET /pretraga?category=&type=&place=36&area=159&price=300000&surface=50 HTTP/1.1" 500 4485 "-" "Mozilla/5.0 (Linux; Android 6.0.1; Nexus 5X Build/MMB29P) AppleWebKit/537.36 (KHTML, like Gecko) Chrome/41.0.2272.96 Mobile Safari/537.36 (compatible; Googlebot/2.1; +http://www.google.com/bot.html)"
66.249.66.46 - - [29/Aug/2019:16:35:15 +0000] "GET /hr/pretraga?category=&type=&place=58&area=229&price=500000&surface=10 HTTP/1.1" 500 4485 "-" "Mozilla/5.0 (Linux; Android 6.0.1; Nexus 5X Build/MMB29P) AppleWebKit/537.36 (KHTML, like Gecko) Chrome/41.0.2272.96 Mobile Safari/537.36 (compatible; Googlebot/2.1; +http://www.google.com/bot.html)"
66.249.66.46 - - [29/Aug/2019:16:36:11 +0000] "GET /en/search?category=1&type=&place=36&area=&price=50000&surface=10 HTTP/1.1" 500 4485 "-" "Mozilla/5.0 (Linux; Android 6.0.1; Nexus 5X Build/MMB29P) AppleWebKit/537.36 (KHTML, like Gecko) Chrome/41.0.2272.96 Mobile Safari/537.36 (compatible; Googlebot/2.1; +http://www.google.com/bot.html)"
66.249.66.42 - - [29/Aug/2019:16:36:41 +0000] "GET /hr/pretraga?category=&type=&place=58&area=160&price=&surface=200 HTTP/1.1" 500 4485 "-" "Mozilla/5.0 (Linux; Android 6.0.1; Nexus 5X Build/MMB29P) AppleWebKit/537.36 (KHTML, like Gecko) Chrome/41.0.2272.96 Mobile Safari/537.36 (compatible; Googlebot/2.1; +http://www.google.com/bot.html)"
66.249.66.44 - - [29/Aug/2019:16:45:14 +0000] "GET /en/search?category=&type=&place=39&area=209&price=500000&surface=50 HTTP/1.1" 200 3877 "-" "Mozilla/5.0 (Linux; Android 6.0.1; Nexus 5X Build/MMB29P) AppleWebKit/537.36 (KHTML, like Gecko) Chrome/41.0.2272.96 Mobile Safari/537.36 (compatible; Googlebot/2.1; +http://www.google.com/bot.html)"
66.249.66.42 - - [29/Aug/2019:16:47:15 +0000] "GET /pretraga?category=&type=&place=43&area=&price=1000000&surface=100 HTTP/1.1" 500 4485 "-" "Mozilla/5.0 (Linux; Android 6.0.1; Nexus 5X Build/MMB29P) AppleWebKit/537.36 (KHTML, like Gecko) Chrome/41.0.2272.96 Mobile Safari/537.36 (compatible; Googlebot/2.1; +http://www.google.com/bot.html)"
66.249.66.44 - - [29/Aug/2019:16:47:35 +0000] "GET /hr/pretraga?category=&type=&place=36&area=&price=300000&surface=200 HTTP/1.1" 500 4485 "-" "Mozilla/5.0 (Linux; Android 6.0.1; Nexus 5X Build/MMB29P) AppleWebKit/537.36 (KHTML, like Gecko) Chrome/41.0.2272.96 Mobile Safari/537.36 (compatible; Googlebot/2.1; +http://www.google.com/bot.html)"
66.249.66.44 - - [29/Aug/2019:16:54:04 +0000] "GET /en/search?category=&type=&place=39&area=186&price=50000&surface=200 HTTP/1.1" 200 3877 "-" "Mozilla/5.0 (Linux; Android 6.0.1; Nexus 5X Build/MMB29P) AppleWebKit/537.36 (KHTML, like Gecko) Chrome/41.0.2272.96 Mobile Safari/537.36 (compatible; Googlebot/2.1; +http://www.google.com/bot.html)"
66.249.66.44 - - [29/Aug/2019:16:57:00 +0000] "GET /en/search?category=&type=&place=36&area=172&price=200000&surface=100 HTTP/1.1" 500 4485 "-" "Mozilla/5.0 (Linux; Android 6.0.1; Nexus 5X Build/MMB29P) AppleWebKit/537.36 (KHTML, like Gecko) Chrome/41.0.2272.96 Mobile Safari/537.36 (compatible; Googlebot/2.1; +http://www.google.com/bot.html)"
66.249.66.42 - - [29/Aug/2019:16:57:25 +0000] "GET /pretraga?category=&type=&place=58&area=160&price=200000&surface= HTTP/1.1" 500 4485 "-" "Mozilla/5.0 (Linux; Android 6.0.1; Nexus 5X Build/MMB29P) AppleWebKit/537.36 (KHTML, like Gecko) Chrome/41.0.2272.96 Mobile Safari/537.36 (compatible; Googlebot/2.1; +http://www.google.com/bot.html)"
66.249.66.46 - - [29/Aug/2019:17:04:36 +0000] "GET /pretraga?category=&type=&place=80&area=229&price=&surface= HTTP/1.1" 200 3934 "-" "Mozilla/5.0 (Linux; Android 6.0.1; Nexus 5X Build/MMB29P) AppleWebKit/537.36 (KHTML, like Gecko) Chrome/41.0.2272.96 Mobile Safari/537.36 (compatible; Googlebot/2.1; +http://www.google.com/bot.html)"
66.249.66.44 - - [29/Aug/2019:17:06:21 +0000] "GET /pretraga?category=&type=&place=58&area=228&price=50000&surface=100 HTTP/1.1" 500 4485 "-" "Mozilla/5.0 (Linux; Android 6.0.1; Nexus 5X Build/MMB29P) AppleWebKit/537.36 (KHTML, like Gecko) Chrome/41.0.2272.96 Mobile Safari/537.36 (compatible; Googlebot/2.1; +http://www.google.com/bot.html)"
66.249.66.42 - - [29/Aug/2019:17:06:23 +0000] "GET /pretraga?category=&type=&place=36&area=173&price=500000&surface=50 HTTP/1.1" 500 4485 "-" "Mozilla/5.0 (Linux; Android 6.0.1; Nexus 5X Build/MMB29P) AppleWebKit/537.36 (KHTML, like Gecko) Chrome/41.0.2272.96 Mobile Safari/537.36 (compatible; Googlebot/2.1; +http://www.google.com/bot.html)"
66.249.66.42 - - [29/Aug/2019:17:07:28 +0000] "GET /pretraga?category=&type=&place=58&area=&price=100000&surface=50 HTTP/1.1" 500 4485 "-" "Mozilla/5.0 (Linux; Android 6.0.1; Nexus 5X Build/MMB29P) AppleWebKit/537.36 (KHTML, like Gecko) Chrome/41.0.2272.96 Mobile Safari/537.36 (compatible; Googlebot/2.1; +http://www.google.com/bot.html)"
