78.1.25.175 - - [29/Aug/2019:09:52:38 +0000] "GET /uploads/images/f52db60061aa0f39c5e71c8b05ad19fe.jpg HTTP/1.1" 200 393252 "https://www.citadela.hr/zemljista/baske-ostarije-grad-zemljiste-s-projektnom-dokumentacijom-1095-m2" "Mozilla/5.0 (Windows NT 6.3; Win64; x64; rv:68.0) Gecko/20100101 Firefox/68.0"
78.1.25.175 - - [29/Aug/2019:09:52:39 +0000] "GET /apple-touch-icon.png HTTP/1.1" 200 9899 "-" "Mozilla/5.0 (Windows NT 6.3; Win64; x64; rv:68.0) Gecko/20100101 Firefox/68.0"
78.1.25.175 - - [29/Aug/2019:09:52:39 +0000] "GET /favicon-16x16.png HTTP/1.1" 200 1203 "-" "Mozilla/5.0 (Windows NT 6.3; Win64; x64; rv:68.0) Gecko/20100101 Firefox/68.0"
66.249.66.42 - - [29/Aug/2019:09:55:11 +0000] "GET /pretraga?category=&type=&place=53&area=&price=500000&surface=50 HTTP/1.1" 500 4485 "-" "Mozilla/5.0 (Linux; Android 6.0.1; Nexus 5X Build/MMB29P) AppleWebKit/537.36 (KHTML, like Gecko) Chrome/41.0.2272.96 Mobile Safari/537.36 (compatible; Googlebot/2.1; +http://www.google.com/bot.html)"
18.202.221.95 - - [29/Aug/2019:09:56:22 +0000] "GET / HTTP/1.1" 301 232 "-" "Mozilla/5.0 (Windows NT 10.0; Win64; x64) AppleWebKit/537.36 (KHTML, like Gecko) Chrome/74.0.3729.131 Safari/537.36"
66.249.66.44 - - [29/Aug/2019:09:56:30 +0000] "GET /en/search?category=&type=&place=36&area=170&price=200000&surface= HTTP/1.1" 500 4485 "-" "Mozilla/5.0 (Linux; Android 6.0.1; Nexus 5X Build/MMB29P) AppleWebKit/537.36 (KHTML, like Gecko) Chrome/41.0.2272.96 Mobile Safari/537.36 (compatible; Googlebot/2.1; +http://www.google.com/bot.html)"
18.202.221.95 - - [29/Aug/2019:09:56:31 +0000] "GET / HTTP/1.1" 200 5820 "-" "Mozilla/5.0 (Windows NT 10.0; Win64; x64) AppleWebKit/537.36 (KHTML, like Gecko) Chrome/74.0.3729.131 Safari/537.36"
66.249.66.44 - - [29/Aug/2019:09:59:52 +0000] "GET /hr/pretraga?category=&type=&place=16&area=&price=200000&surface=50 HTTP/1.1" 500 4485 "-" "Mozilla/5.0 (Linux; Android 6.0.1; Nexus 5X Build/MMB29P) AppleWebKit/537.36 (KHTML, like Gecko) Chrome/41.0.2272.96 Mobile Safari/537.36 (compatible; Googlebot/2.1; +http://www.google.com/bot.html)"
66.249.66.42 - - [29/Aug/2019:10:00:20 +0000] "GET /hr/pretraga?category=&type=&place=38&area=157&price=&surface=10 HTTP/1.1" 500 4485 "-" "Mozilla/5.0 (Linux; Android 6.0.1; Nexus 5X Build/MMB29P) AppleWebKit/537.36 (KHTML, like Gecko) Chrome/41.0.2272.96 Mobile Safari/537.36 (compatible; Googlebot/2.1; +http://www.google.com/bot.html)"
66.249.66.42 - - [29/Aug/2019:10:00:56 +0000] "GET /en/search?category=&type=&place=58&area=228&price=100000&surface=10 HTTP/1.1" 500 4485 "-" "Mozilla/5.0 (Linux; Android 6.0.1; Nexus 5X Build/MMB29P) AppleWebKit/537.36 (KHTML, like Gecko) Chrome/41.0.2272.96 Mobile Safari/537.36 (compatible; Googlebot/2.1; +http://www.google.com/bot.html)"
66.249.66.42 - - [29/Aug/2019:10:01:38 +0000] "GET /pretraga?category=&type=&place=36&area=228&price=1000000&surface=50 HTTP/1.1" 500 4485 "-" "Mozilla/5.0 (Linux; Android 6.0.1; Nexus 5X Build/MMB29P) AppleWebKit/537.36 (KHTML, like Gecko) Chrome/41.0.2272.96 Mobile Safari/537.36 (compatible; Googlebot/2.1; +http://www.google.com/bot.html)"
46.229.168.152 - - [29/Aug/2019:10:08:05 +0000] "GET /robots.txt HTTP/1.1" 200 24 "-" "Mozilla/5.0 (compatible; SemrushBot/6~bl; +http://www.semrush.com/bot.html)"
46.229.168.133 - - [29/Aug/2019:10:08:06 +0000] "GET /hr/zemljista/privlaka-gradevinsko-zemljiste-prvi-red-do-mora-2679-m2 HTTP/1.1" 200 5400 "-" "Mozilla/5.0 (compatible; SemrushBot/6~bl; +http://www.semrush.com/bot.html)"
77.77.218.65 - - [29/Aug/2019:10:25:27 +0000] "GET /uploads/thumbnails/3a17035fa85cf4a7a5a5c60c728b6439.jpeg HTTP/1.1" 200 31748 "https://www.google.com/" "Mozilla/5.0 (Windows NT 6.1) AppleWebKit/537.36 (KHTML, like Gecko) Chrome/76.0.3809.132 Safari/537.36"
66.249.66.46 - - [29/Aug/2019:10:37:02 +0000] "GET /pretraga?category=&type=&place=36&area=228&price=1000000&surface=50 HTTP/1.1" 500 4485 "-" "Mozilla/5.0 (Linux; Android 6.0.1; Nexus 5X Build/MMB29P) AppleWebKit/537.36 (KHTML, like Gecko) Chrome/41.0.2272.96 Mobile Safari/537.36 (compatible; Googlebot/2.1; +http://www.google.com/bot.html)"
93.143.17.164 - - [29/Aug/2019:10:41:12 +0000] "GET /apartmani/murter-plaza-slanica-dvosoban-apartman-prvi-red-do-mora-4355-m2 HTTP/1.1" 200 6064 "https://www.google.com/" "Mozilla/5.0 (Linux; Android 9; LYA-L29) AppleWebKit/537.36 (KHTML, like Gecko) Chrome/76.0.3809.111 Mobile Safari/537.36"
93.143.17.164 - - [29/Aug/2019:10:41:12 +0000] "GET /css/bootstrap.css HTTP/1.1" 200 20712 "https://www.citadela.hr/apartmani/murter-plaza-slanica-dvosoban-apartman-prvi-red-do-mora-4355-m2" "Mozilla/5.0 (Linux; Android 9; LYA-L29) AppleWebKit/537.36 (KHTML, like Gecko) Chrome/76.0.3809.111 Mobile Safari/537.36"
93.143.17.164 - - [29/Aug/2019:10:41:12 +0000] "GET /css/style.css?v=2 HTTP/1.1" 200 17441 "https://www.citadela.hr/apartmani/murter-plaza-slanica-dvosoban-apartman-prvi-red-do-mora-4355-m2" "Mozilla/5.0 (Linux; Android 9; LYA-L29) AppleWebKit/537.36 (KHTML, like Gecko) Chrome/76.0.3809.111 Mobile Safari/537.36"
93.143.17.164 - - [29/Aug/2019:10:41:12 +0000] "GET /css/font-awesome.css HTTP/1.1" 200 7439 "https://www.citadela.hr/apartmani/murter-plaza-slanica-dvosoban-apartman-prvi-red-do-mora-4355-m2" "Mozilla/5.0 (Linux; Android 9; LYA-L29) AppleWebKit/537.36 (KHTML, like Gecko) Chrome/76.0.3809.111 Mobile Safari/537.36"
93.143.17.164 - - [29/Aug/2019:10:41:12 +0000] "GET /fonts/flaticon.css HTTP/1.1" 200 699 "https://www.citadela.hr/apartmani/murter-plaza-slanica-dvosoban-apartman-prvi-red-do-mora-4355-m2" "Mozilla/5.0 (Linux; Android 9; LYA-L29) AppleWebKit/537.36 (KHTML, like Gecko) Chrome/76.0.3809.111 Mobile Safari/537.36"
93.143.17.164 - - [29/Aug/2019:10:41:13 +0000] "GET /css/colors/blue.css?v=2 HTTP/1.1" 200 3552 "https://www.citadela.hr/apartmani/murter-plaza-slanica-dvosoban-apartman-prvi-red-do-mora-4355-m2" "Mozilla/5.0 (Linux; Android 9; LYA-L29) AppleWebKit/537.36 (KHTML, like Gecko) Chrome/76.0.3809.111 Mobile Safari/537.36"
93.143.17.164 - - [29/Aug/2019:10:41:13 +0000] "GET /css/jslider.css HTTP/1.1" 200 763 "https://www.citadela.hr/apartmani/murter-plaza-slanica-dvosoban-apartman-prvi-red-do-mora-4355-m2" "Mozilla/5.0 (Linux; Android 9; LYA-L29) AppleWebKit/537.36 (KHTML, like Gecko) Chrome/76.0.3809.111 Mobile Safari/537.36"
93.143.17.164 - - [29/Aug/2019:10:41:13 +0000] "GET /css/responsive.css HTTP/1.1" 200 2788 "https://www.citadela.hr/apartmani/murter-plaza-slanica-dvosoban-apartman-prvi-red-do-mora-4355-m2" "Mozilla/5.0 (Linux; Android 9; LYA-L29) AppleWebKit/537.36 (KHTML, like Gecko) Chrome/76.0.3809.111 Mobile Safari/537.36"
93.143.17.164 - - [29/Aug/2019:10:41:13 +0000] "GET /css/loader.css?v=2 HTTP/1.1" 200 772 "https://www.citadela.hr/apartmani/murter-plaza-slanica-dvosoban-apartman-prvi-red-do-mora-4355-m2" "Mozilla/5.0 (Linux; Android 9; LYA-L29) AppleWebKit/537.36 (KHTML, like Gecko) Chrome/76.0.3809.111 Mobile Safari/537.36"
93.143.17.164 - - [29/Aug/2019:10:41:13 +0000] "GET /assets/plugins/flag/css/flag-icon.css HTTP/1.1" 200 2837 "https://www.citadela.hr/apartmani/murter-plaza-slanica-dvosoban-apartman-prvi-red-do-mora-4355-m2" "Mozilla/5.0 (Linux; Android 9; LYA-L29) AppleWebKit/537.36 (KHTML, like Gecko) Chrome/76.0.3809.111 Mobile Safari/537.36"
93.143.17.164 - - [29/Aug/2019:10:41:13 +0000] "GET /unitegallery/css/unite-gallery.css HTTP/1.1" 200 4825 "https://www.citadela.hr/apartmani/murter-plaza-slanica-dvosoban-apartman-prvi-red-do-mora-4355-m2" "Mozilla/5.0 (Linux; Android 9; LYA-L29) AppleWebKit/537.36 (KHTML, like Gecko) Chrome/76.0.3809.111 Mobile Safari/537.36"
93.143.17.164 - - [29/Aug/2019:10:41:13 +0000] "GET /css/animate.min.css HTTP/1.1" 200 4242 "https://www.citadela.hr/apartmani/murter-plaza-slanica-dvosoban-apartman-prvi-red-do-mora-4355-m2" "Mozilla/5.0 (Linux; Android 9; LYA-L29) AppleWebKit/537.36 (KHTML, like Gecko) Chrome/76.0.3809.111 Mobile Safari/537.36"
93.143.17.164 - - [29/Aug/2019:10:41:13 +0000] "GET /css/jquery.fancybox.css HTTP/1.1" 200 1434 "https://www.citadela.hr/apartmani/murter-plaza-slanica-dvosoban-apartman-prvi-red-do-mora-4355-m2" "Mozilla/5.0 (Linux; Android 9; LYA-L29) AppleWebKit/537.36 (KHTML, like Gecko) Chrome/76.0.3809.111 Mobile Safari/537.36"
93.143.17.164 - - [29/Aug/2019:10:41:13 +0000] "GET /css/owl.css HTTP/1.1" 200 1348 "https://www.citadela.hr/apartmani/murter-plaza-slanica-dvosoban-apartman-prvi-red-do-mora-4355-m2" "Mozilla/5.0 (Linux; Android 9; LYA-L29) AppleWebKit/537.36 (KHTML, like Gecko) Chrome/76.0.3809.111 Mobile Safari/537.36"
93.143.17.164 - - [29/Aug/2019:10:41:13 +0000] "GET /js/jquery.min.js HTTP/1.1" 200 33760 "https://www.citadela.hr/apartmani/murter-plaza-slanica-dvosoban-apartman-prvi-red-do-mora-4355-m2" "Mozilla/5.0 (Linux; Android 9; LYA-L29) AppleWebKit/537.36 (KHTML, like Gecko) Chrome/76.0.3809.111 Mobile Safari/537.36"
93.143.17.164 - - [29/Aug/2019:10:41:13 +0000] "GET /img/logo_header.png?v=2 HTTP/1.1" 200 4348 "https://www.citadela.hr/apartmani/murter-plaza-slanica-dvosoban-apartman-prvi-red-do-mora-4355-m2" "Mozilla/5.0 (Linux; Android 9; LYA-L29) AppleWebKit/537.36 (KHTML, like Gecko) Chrome/76.0.3809.111 Mobile Safari/537.36"
93.143.17.164 - - [29/Aug/2019:10:41:13 +0000] "GET /js/bootstrap.min.js HTTP/1.1" 200 9833 "https://www.citadela.hr/apartmani/murter-plaza-slanica-dvosoban-apartman-prvi-red-do-mora-4355-m2" "Mozilla/5.0 (Linux; Android 9; LYA-L29) AppleWebKit/537.36 (KHTML, like Gecko) Chrome/76.0.3809.111 Mobile Safari/537.36"
93.143.17.164 - - [29/Aug/2019:10:41:13 +0000] "GET /js/bootstrap-select.js HTTP/1.1" 200 15633 "https://www.citadela.hr/apartmani/murter-plaza-slanica-dvosoban-apartman-prvi-red-do-mora-4355-m2" "Mozilla/5.0 (Linux; Android 9; LYA-L29) AppleWebKit/537.36 (KHTML, like Gecko) Chrome/76.0.3809.111 Mobile Safari/537.36"
93.143.17.164 - - [29/Aug/2019:10:41:13 +0000] "GET /fonts/fontawesome-webfont.woff2?v=4.7.0 HTTP/1.1" 200 77160 "https://www.citadela.hr/css/font-awesome.css" "Mozilla/5.0 (Linux; Android 9; LYA-L29) AppleWebKit/537.36 (KHTML, like Gecko) Chrome/76.0.3809.111 Mobile Safari/537.36"
93.143.17.164 - - [29/Aug/2019:10:41:13 +0000] "GET /js/YouTubePopUp.jquery.js HTTP/1.1" 200 967 "https://www.citadela.hr/apartmani/murter-plaza-slanica-dvosoban-apartman-prvi-red-do-mora-4355-m2" "Mozilla/5.0 (Linux; Android 9; LYA-L29) AppleWebKit/537.36 (KHTML, like Gecko) Chrome/76.0.3809.111 Mobile Safari/537.36"
93.143.17.164 - - [29/Aug/2019:10:41:13 +0000] "GET /js/jquery.fancybox.pack.js HTTP/1.1" 200 8634 "https://www.citadela.hr/apartmani/murter-plaza-slanica-dvosoban-apartman-prvi-red-do-mora-4355-m2" "Mozilla/5.0 (Linux; Android 9; LYA-L29) AppleWebKit/537.36 (KHTML, like Gecko) Chrome/76.0.3809.111 Mobile Safari/537.36"
93.143.17.164 - - [29/Aug/2019:10:41:13 +0000] "GET /js/jquery.fancybox-media.js HTTP/1.1" 200 1973 "https://www.citadela.hr/apartmani/murter-plaza-slanica-dvosoban-apartman-prvi-red-do-mora-4355-m2" "Mozilla/5.0 (Linux; Android 9; LYA-L29) AppleWebKit/537.36 (KHTML, like Gecko) Chrome/76.0.3809.111 Mobile Safari/537.36"
93.143.17.164 - - [29/Aug/2019:10:41:13 +0000] "GET /js/owl.js HTTP/1.1" 200 17545 "https://www.citadela.hr/apartmani/murter-plaza-slanica-dvosoban-apartman-prvi-red-do-mora-4355-m2" "Mozilla/5.0 (Linux; Android 9; LYA-L29) AppleWebKit/537.36 (KHTML, like Gecko) Chrome/76.0.3809.111 Mobile Safari/537.36"
93.143.17.164 - - [29/Aug/2019:10:41:13 +0000] "GET /js/mixitup.js HTTP/1.1" 200 11347 "https://www.citadela.hr/apartmani/murter-plaza-slanica-dvosoban-apartman-prvi-red-do-mora-4355-m2" "Mozilla/5.0 (Linux; Android 9; LYA-L29) AppleWebKit/537.36 (KHTML, like Gecko) Chrome/76.0.3809.111 Mobile Safari/537.36"
93.143.17.164 - - [29/Aug/2019:10:41:13 +0000] "GET /js/wow.js HTTP/1.1" 200 2198 "https://www.citadela.hr/apartmani/murter-plaza-slanica-dvosoban-apartman-prvi-red-do-mora-4355-m2" "Mozilla/5.0 (Linux; Android 9; LYA-L29) AppleWebKit/537.36 (KHTML, like Gecko) Chrome/76.0.3809.111 Mobile Safari/537.36"
93.143.17.164 - - [29/Aug/2019:10:41:13 +0000] "GET /js/jshashtable-2.1_src.js HTTP/1.1" 200 2957 "https://www.citadela.hr/apartmani/murter-plaza-slanica-dvosoban-apartman-prvi-red-do-mora-4355-m2" "Mozilla/5.0 (Linux; Android 9; LYA-L29) AppleWebKit/537.36 (KHTML, like Gecko) Chrome/76.0.3809.111 Mobile Safari/537.36"
93.143.17.164 - - [29/Aug/2019:10:41:13 +0000] "GET /js/jquery.numberformatter-1.2.3.js HTTP/1.1" 200 4697 "https://www.citadela.hr/apartmani/murter-plaza-slanica-dvosoban-apartman-prvi-red-do-mora-4355-m2" "Mozilla/5.0 (Linux; Android 9; LYA-L29) AppleWebKit/537.36 (KHTML, like Gecko) Chrome/76.0.3809.111 Mobile Safari/537.36"
93.143.17.164 - - [29/Aug/2019:10:41:13 +0000] "GET /js/tmpl.js HTTP/1.1" 200 625 "https://www.citadela.hr/apartmani/murter-plaza-slanica-dvosoban-apartman-prvi-red-do-mora-4355-m2" "Mozilla/5.0 (Linux; Android 9; LYA-L29) AppleWebKit/537.36 (KHTML, like Gecko) Chrome/76.0.3809.111 Mobile Safari/537.36"
93.143.17.164 - - [29/Aug/2019:10:41:13 +0000] "GET /js/jquery.dependClass-0.1.js HTTP/1.1" 200 458 "https://www.citadela.hr/apartmani/murter-plaza-slanica-dvosoban-apartman-prvi-red-do-mora-4355-m2" "Mozilla/5.0 (Linux; Android 9; LYA-L29) AppleWebKit/537.36 (KHTML, like Gecko) Chrome/76.0.3809.111 Mobile Safari/537.36"
93.143.17.164 - - [29/Aug/2019:10:41:13 +0000] "GET /js/draggable-0.1.js HTTP/1.1" 200 1326 "https://www.citadela.hr/apartmani/murter-plaza-slanica-dvosoban-apartman-prvi-red-do-mora-4355-m2" "Mozilla/5.0 (Linux; Android 9; LYA-L29) AppleWebKit/537.36 (KHTML, like Gecko) Chrome/76.0.3809.111 Mobile Safari/537.36"
93.143.17.164 - - [29/Aug/2019:10:41:13 +0000] "GET /js/jquery.slider.js HTTP/1.1" 200 4772 "https://www.citadela.hr/apartmani/murter-plaza-slanica-dvosoban-apartman-prvi-red-do-mora-4355-m2" "Mozilla/5.0 (Linux; Android 9; LYA-L29) AppleWebKit/537.36 (KHTML, like Gecko) Chrome/76.0.3809.111 Mobile Safari/537.36"
93.143.17.164 - - [29/Aug/2019:10:41:13 +0000] "GET /js/jquery.barrating.js HTTP/1.1" 200 4280 "https://www.citadela.hr/apartmani/murter-plaza-slanica-dvosoban-apartman-prvi-red-do-mora-4355-m2" "Mozilla/5.0 (Linux; Android 9; LYA-L29) AppleWebKit/537.36 (KHTML, like Gecko) Chrome/76.0.3809.111 Mobile Safari/537.36"
93.143.17.164 - - [29/Aug/2019:10:41:13 +0000] "GET /js/custom.js HTTP/1.1" 200 5159 "https://www.citadela.hr/apartmani/murter-plaza-slanica-dvosoban-apartman-prvi-red-do-mora-4355-m2" "Mozilla/5.0 (Linux; Android 9; LYA-L29) AppleWebKit/537.36 (KHTML, like Gecko) Chrome/76.0.3809.111 Mobile Safari/537.36"
93.143.17.164 - - [29/Aug/2019:10:41:13 +0000] "GET /unitegallery/js/jquery-11.0.min.js HTTP/1.1" 200 33369 "https://www.citadela.hr/apartmani/murter-plaza-slanica-dvosoban-apartman-prvi-red-do-mora-4355-m2" "Mozilla/5.0 (Linux; Android 9; LYA-L29) AppleWebKit/537.36 (KHTML, like Gecko) Chrome/76.0.3809.111 Mobile Safari/537.36"
93.143.17.164 - - [29/Aug/2019:10:41:13 +0000] "GET /unitegallery/themes/compact/ug-theme-compact.js HTTP/1.1" 200 2477 "https://www.citadela.hr/apartmani/murter-plaza-slanica-dvosoban-apartman-prvi-red-do-mora-4355-m2" "Mozilla/5.0 (Linux; Android 9; LYA-L29) AppleWebKit/537.36 (KHTML, like Gecko) Chrome/76.0.3809.111 Mobile Safari/537.36"
93.143.17.164 - - [29/Aug/2019:10:41:13 +0000] "GET /unitegallery/js/unitegallery.min.js HTTP/1.1" 200 66910 "https://www.citadela.hr/apartmani/murter-plaza-slanica-dvosoban-apartman-prvi-red-do-mora-4355-m2" "Mozilla/5.0 (Linux; Android 9; LYA-L29) AppleWebKit/537.36 (KHTML, like Gecko) Chrome/76.0.3809.111 Mobile Safari/537.36"
93.143.17.164 - - [29/Aug/2019:10:41:13 +0000] "GET /uploads/thumbnails/300abfa1882cf4f03a04f8eed64c94e8.jpeg HTTP/1.1" 200 43562 "https://www.citadela.hr/apartmani/murter-plaza-slanica-dvosoban-apartman-prvi-red-do-mora-4355-m2" "Mozilla/5.0 (Linux; Android 9; LYA-L29) AppleWebKit/537.36 (KHTML, like Gecko) Chrome/76.0.3809.111 Mobile Safari/537.36"
93.143.17.164 - - [29/Aug/2019:10:41:13 +0000] "GET /uploads/thumbnails/53b55054d8da4e9f66de4a1460ae6148.jpeg HTTP/1.1" 200 41614 "https://www.citadela.hr/apartmani/murter-plaza-slanica-dvosoban-apartman-prvi-red-do-mora-4355-m2" "Mozilla/5.0 (Linux; Android 9; LYA-L29) AppleWebKit/537.36 (KHTML, like Gecko) Chrome/76.0.3809.111 Mobile Safari/537.36"
93.143.17.164 - - [29/Aug/2019:10:41:14 +0000] "GET /uploads/thumbnails/fae82b6ffae94bfd63691c672bcd576e.jpg HTTP/1.1" 200 41464 "https://www.citadela.hr/apartmani/murter-plaza-slanica-dvosoban-apartman-prvi-red-do-mora-4355-m2" "Mozilla/5.0 (Linux; Android 9; LYA-L29) AppleWebKit/537.36 (KHTML, like Gecko) Chrome/76.0.3809.111 Mobile Safari/537.36"
93.143.17.164 - - [29/Aug/2019:10:41:13 +0000] "GET /uploads/thumbnails/d5968782b69a157634bfe8a70f4cb274.jpg HTTP/1.1" 200 62783 "https://www.citadela.hr/apartmani/murter-plaza-slanica-dvosoban-apartman-prvi-red-do-mora-4355-m2" "Mozilla/5.0 (Linux; Android 9; LYA-L29) AppleWebKit/537.36 (KHTML, like Gecko) Chrome/76.0.3809.111 Mobile Safari/537.36"
93.143.17.164 - - [29/Aug/2019:10:41:14 +0000] "GET /uploads/thumbnails/90c3a98c374494dfdce62914b808a7cd.jpg HTTP/1.1" 200 41566 "https://www.citadela.hr/apartmani/murter-plaza-slanica-dvosoban-apartman-prvi-red-do-mora-4355-m2" "Mozilla/5.0 (Linux; Android 9; LYA-L29) AppleWebKit/537.36 (KHTML, like Gecko) Chrome/76.0.3809.111 Mobile Safari/537.36"
93.143.17.164 - - [29/Aug/2019:10:41:14 +0000] "GET /uploads/thumbnails/d42bf9f846019bc299e73c4030652017.jpg HTTP/1.1" 200 36776 "https://www.citadela.hr/apartmani/murter-plaza-slanica-dvosoban-apartman-prvi-red-do-mora-4355-m2" "Mozilla/5.0 (Linux; Android 9; LYA-L29) AppleWebKit/537.36 (KHTML, like Gecko) Chrome/76.0.3809.111 Mobile Safari/537.36"
93.143.17.164 - - [29/Aug/2019:10:41:14 +0000] "GET /uploads/thumbnails/39ebb4a9ebdbdad05627818a1269d81c.jpg HTTP/1.1" 200 17364 "https://www.citadela.hr/apartmani/murter-plaza-slanica-dvosoban-apartman-prvi-red-do-mora-4355-m2" "Mozilla/5.0 (Linux; Android 9; LYA-L29) AppleWebKit/537.36 (KHTML, like Gecko) Chrome/76.0.3809.111 Mobile Safari/537.36"
93.143.17.164 - - [29/Aug/2019:10:41:14 +0000] "GET /uploads/thumbnails/ed3c79e327b687af4935640d4ef1718a.jpg HTTP/1.1" 200 46115 "https://www.citadela.hr/apartmani/murter-plaza-slanica-dvosoban-apartman-prvi-red-do-mora-4355-m2" "Mozilla/5.0 (Linux; Android 9; LYA-L29) AppleWebKit/537.36 (KHTML, like Gecko) Chrome/76.0.3809.111 Mobile Safari/537.36"
93.143.17.164 - - [29/Aug/2019:10:41:14 +0000] "GET /uploads/thumbnails/0b66a5112fa77af1df08413d747d5916.jpg HTTP/1.1" 200 23118 "https://www.citadela.hr/apartmani/murter-plaza-slanica-dvosoban-apartman-prvi-red-do-mora-4355-m2" "Mozilla/5.0 (Linux; Android 9; LYA-L29) AppleWebKit/537.36 (KHTML, like Gecko) Chrome/76.0.3809.111 Mobile Safari/537.36"
93.143.17.164 - - [29/Aug/2019:10:41:14 +0000] "GET /uploads/thumbnails/46a1914117efcdcfe782ce6f06005c9e.jpg HTTP/1.1" 200 36038 "https://www.citadela.hr/apartmani/murter-plaza-slanica-dvosoban-apartman-prvi-red-do-mora-4355-m2" "Mozilla/5.0 (Linux; Android 9; LYA-L29) AppleWebKit/537.36 (KHTML, like Gecko) Chrome/76.0.3809.111 Mobile Safari/537.36"
93.143.17.164 - - [29/Aug/2019:10:41:14 +0000] "GET /uploads/thumbnails/8712c62cc4a046d2b4b2592961675f0d.jpg HTTP/1.1" 200 32992 "https://www.citadela.hr/apartmani/murter-plaza-slanica-dvosoban-apartman-prvi-red-do-mora-4355-m2" "Mozilla/5.0 (Linux; Android 9; LYA-L29) AppleWebKit/537.36 (KHTML, like Gecko) Chrome/76.0.3809.111 Mobile Safari/537.36"
93.143.17.164 - - [29/Aug/2019:10:41:14 +0000] "GET /uploads/thumbnails/ad8a4180f70737e335e998f21928e6f6.jpg HTTP/1.1" 200 34722 "https://www.citadela.hr/apartmani/murter-plaza-slanica-dvosoban-apartman-prvi-red-do-mora-4355-m2" "Mozilla/5.0 (Linux; Android 9; LYA-L29) AppleWebKit/537.36 (KHTML, like Gecko) Chrome/76.0.3809.111 Mobile Safari/537.36"
93.143.17.164 - - [29/Aug/2019:10:41:14 +0000] "GET /uploads/thumbnails/9f345599d968beb5c38464825f67bc0c.jpg HTTP/1.1" 200 37604 "https://www.citadela.hr/apartmani/murter-plaza-slanica-dvosoban-apartman-prvi-red-do-mora-4355-m2" "Mozilla/5.0 (Linux; Android 9; LYA-L29) AppleWebKit/537.36 (KHTML, like Gecko) Chrome/76.0.3809.111 Mobile Safari/537.36"
93.143.17.164 - - [29/Aug/2019:10:41:14 +0000] "GET /uploads/thumbnails/5499db166cc3ce1d97c2907217f1ab49.jpg HTTP/1.1" 200 56898 "https://www.citadela.hr/apartmani/murter-plaza-slanica-dvosoban-apartman-prvi-red-do-mora-4355-m2" "Mozilla/5.0 (Linux; Android 9; LYA-L29) AppleWebKit/537.36 (KHTML, like Gecko) Chrome/76.0.3809.111 Mobile Safari/537.36"
93.143.17.164 - - [29/Aug/2019:10:41:14 +0000] "GET /uploads/thumbnails/31ae53f5f1f3b705c2a02ccd0ee9fb4c.jpg HTTP/1.1" 200 46373 "https://www.citadela.hr/apartmani/murter-plaza-slanica-dvosoban-apartman-prvi-red-do-mora-4355-m2" "Mozilla/5.0 (Linux; Android 9; LYA-L29) AppleWebKit/537.36 (KHTML, like Gecko) Chrome/76.0.3809.111 Mobile Safari/537.36"
93.143.17.164 - - [29/Aug/2019:10:41:15 +0000] "GET /img/mate.jpg HTTP/1.1" 200 14037 "https://www.citadela.hr/apartmani/murter-plaza-slanica-dvosoban-apartman-prvi-red-do-mora-4355-m2" "Mozilla/5.0 (Linux; Android 9; LYA-L29) AppleWebKit/537.36 (KHTML, like Gecko) Chrome/76.0.3809.111 Mobile Safari/537.36"
93.143.17.164 - - [29/Aug/2019:10:41:14 +0000] "GET /uploads/thumbnails/937259f32df3f613c4de84789d3a77b4.jpg HTTP/1.1" 200 60884 "https://www.citadela.hr/apartmani/murter-plaza-slanica-dvosoban-apartman-prvi-red-do-mora-4355-m2" "Mozilla/5.0 (Linux; Android 9; LYA-L29) AppleWebKit/537.36 (KHTML, like Gecko) Chrome/76.0.3809.111 Mobile Safari/537.36"
93.143.17.164 - - [29/Aug/2019:10:41:15 +0000] "GET /img/logo_footer.png HTTP/1.1" 200 4213 "https://www.citadela.hr/apartmani/murter-plaza-slanica-dvosoban-apartman-prvi-red-do-mora-4355-m2" "Mozilla/5.0 (Linux; Android 9; LYA-L29) AppleWebKit/537.36 (KHTML, like Gecko) Chrome/76.0.3809.111 Mobile Safari/537.36"
93.143.17.164 - - [29/Aug/2019:10:41:15 +0000] "GET /img/banner/banner.png HTTP/1.1" 200 188379 "https://www.citadela.hr/css/style.css?v=2" "Mozilla/5.0 (Linux; Android 9; LYA-L29) AppleWebKit/537.36 (KHTML, like Gecko) Chrome/76.0.3809.111 Mobile Safari/537.36"
93.143.17.164 - - [29/Aug/2019:10:41:15 +0000] "GET /unitegallery/images/cover-grid.png HTTP/1.1" 200 933 "https://www.citadela.hr/unitegallery/css/unite-gallery.css" "Mozilla/5.0 (Linux; Android 9; LYA-L29) AppleWebKit/537.36 (KHTML, like Gecko) Chrome/76.0.3809.111 Mobile Safari/537.36"
93.143.17.164 - - [29/Aug/2019:10:41:15 +0000] "GET /unitegallery/images/loader.gif HTTP/1.1" 200 673 "https://www.citadela.hr/unitegallery/css/unite-gallery.css" "Mozilla/5.0 (Linux; Android 9; LYA-L29) AppleWebKit/537.36 (KHTML, like Gecko) Chrome/76.0.3809.111 Mobile Safari/537.36"
93.143.17.164 - - [29/Aug/2019:10:41:15 +0000] "GET /unitegallery/images/not_loaded.png HTTP/1.1" 200 858 "https://www.citadela.hr/unitegallery/css/unite-gallery.css" "Mozilla/5.0 (Linux; Android 9; LYA-L29) AppleWebKit/537.36 (KHTML, like Gecko) Chrome/76.0.3809.111 Mobile Safari/537.36"
93.143.17.164 - - [29/Aug/2019:10:41:15 +0000] "GET /unitegallery/images/loader-white1.gif HTTP/1.1" 200 2545 "https://www.citadela.hr/unitegallery/css/unite-gallery.css" "Mozilla/5.0 (Linux; Android 9; LYA-L29) AppleWebKit/537.36 (KHTML, like Gecko) Chrome/76.0.3809.111 Mobile Safari/537.36"
93.143.17.164 - - [29/Aug/2019:10:41:15 +0000] "GET /unitegallery/images/play-button-square.png HTTP/1.1" 200 4591 "https://www.citadela.hr/unitegallery/css/unite-gallery.css" "Mozilla/5.0 (Linux; Android 9; LYA-L29) AppleWebKit/537.36 (KHTML, like Gecko) Chrome/76.0.3809.111 Mobile Safari/537.36"
93.143.17.164 - - [29/Aug/2019:10:41:15 +0000] "GET /unitegallery/skins/default/slider_arrow_left.png HTTP/1.1" 200 493 "https://www.citadela.hr/unitegallery/css/unite-gallery.css" "Mozilla/5.0 (Linux; Android 9; LYA-L29) AppleWebKit/537.36 (KHTML, like Gecko) Chrome/76.0.3809.111 Mobile Safari/537.36"
93.143.17.164 - - [29/Aug/2019:10:41:15 +0000] "GET /unitegallery/skins/default/slider_arrow_right.png HTTP/1.1" 200 505 "https://www.citadela.hr/unitegallery/css/unite-gallery.css" "Mozilla/5.0 (Linux; Android 9; LYA-L29) AppleWebKit/537.36 (KHTML, like Gecko) Chrome/76.0.3809.111 Mobile Safari/537.36"
93.143.17.164 - - [29/Aug/2019:10:41:15 +0000] "GET /unitegallery/skins/default/button_fullscreen.png HTTP/1.1" 200 1146 "https://www.citadela.hr/unitegallery/css/unite-gallery.css" "Mozilla/5.0 (Linux; Android 9; LYA-L29) AppleWebKit/537.36 (KHTML, like Gecko) Chrome/76.0.3809.111 Mobile Safari/537.36"
93.143.17.164 - - [29/Aug/2019:10:41:15 +0000] "GET /unitegallery/images/loader-black1.gif HTTP/1.1" 200 5855 "https://www.citadela.hr/unitegallery/css/unite-gallery.css" "Mozilla/5.0 (Linux; Android 9; LYA-L29) AppleWebKit/537.36 (KHTML, like Gecko) Chrome/76.0.3809.111 Mobile Safari/537.36"
93.143.17.164 - - [29/Aug/2019:10:41:15 +0000] "GET /unitegallery/images/button-close.png HTTP/1.1" 200 7155 "https://www.citadela.hr/unitegallery/css/unite-gallery.css" "Mozilla/5.0 (Linux; Android 9; LYA-L29) AppleWebKit/537.36 (KHTML, like Gecko) Chrome/76.0.3809.111 Mobile Safari/537.36"
93.143.17.164 - - [29/Aug/2019:10:41:15 +0000] "GET /uploads/images/300abfa1882cf4f03a04f8eed64c94e8.jpeg HTTP/1.1" 200 269934 "https://www.citadela.hr/apartmani/murter-plaza-slanica-dvosoban-apartman-prvi-red-do-mora-4355-m2" "Mozilla/5.0 (Linux; Android 9; LYA-L29) AppleWebKit/537.36 (KHTML, like Gecko) Chrome/76.0.3809.111 Mobile Safari/537.36"
93.143.17.164 - - [29/Aug/2019:10:41:15 +0000] "GET /uploads/images/d5968782b69a157634bfe8a70f4cb274.jpg HTTP/1.1" 200 274406 "https://www.citadela.hr/apartmani/murter-plaza-slanica-dvosoban-apartman-prvi-red-do-mora-4355-m2" "Mozilla/5.0 (Linux; Android 9; LYA-L29) AppleWebKit/537.36 (KHTML, like Gecko) Chrome/76.0.3809.111 Mobile Safari/537.36"
93.143.17.164 - - [29/Aug/2019:10:41:15 +0000] "GET /uploads/images/937259f32df3f613c4de84789d3a77b4.jpg HTTP/1.1" 200 130601 "https://www.citadela.hr/apartmani/murter-plaza-slanica-dvosoban-apartman-prvi-red-do-mora-4355-m2" "Mozilla/5.0 (Linux; Android 9; LYA-L29) AppleWebKit/537.36 (KHTML, like Gecko) Chrome/76.0.3809.111 Mobile Safari/537.36"
66.249.66.46 - - [29/Aug/2019:10:45:52 +0000] "GET /hr/pretraga?category=&type=&place=37&area=157&price=&surface=200 HTTP/1.1" 500 4485 "-" "Mozilla/5.0 (Linux; Android 6.0.1; Nexus 5X Build/MMB29P) AppleWebKit/537.36 (KHTML, like Gecko) Chrome/41.0.2272.96 Mobile Safari/537.36 (compatible; Googlebot/2.1; +http://www.google.com/bot.html)"
66.249.66.44 - - [29/Aug/2019:10:47:55 +0000] "GET /en/search?category=&type=&place=58&area=161&price=50000&surface=10 HTTP/1.1" 500 4485 "-" "Mozilla/5.0 (Linux; Android 6.0.1; Nexus 5X Build/MMB29P) AppleWebKit/537.36 (KHTML, like Gecko) Chrome/41.0.2272.96 Mobile Safari/537.36 (compatible; Googlebot/2.1; +http://www.google.com/bot.html)"
66.249.66.46 - - [29/Aug/2019:10:48:02 +0000] "GET /pretraga?category=&type=&place=38&area=&price=500000&surface=200 HTTP/1.1" 500 4485 "-" "Mozilla/5.0 (Linux; Android 6.0.1; Nexus 5X Build/MMB29P) AppleWebKit/537.36 (KHTML, like Gecko) Chrome/41.0.2272.96 Mobile Safari/537.36 (compatible; Googlebot/2.1; +http://www.google.com/bot.html)"
66.249.66.42 - - [29/Aug/2019:10:48:25 +0000] "GET /en/search?category=&type=&place=49&area=&price=100000&surface=200 HTTP/1.1" 500 4485 "-" "Mozilla/5.0 (Linux; Android 6.0.1; Nexus 5X Build/MMB29P) AppleWebKit/537.36 (KHTML, like Gecko) Chrome/41.0.2272.96 Mobile Safari/537.36 (compatible; Googlebot/2.1; +http://www.google.com/bot.html)"
66.249.66.42 - - [29/Aug/2019:10:48:37 +0000] "GET /en/search?category=&type=&place=58&area=&price=500000&surface=10 HTTP/1.1" 500 4485 "-" "Mozilla/5.0 (Linux; Android 6.0.1; Nexus 5X Build/MMB29P) AppleWebKit/537.36 (KHTML, like Gecko) Chrome/41.0.2272.96 Mobile Safari/537.36 (compatible; Googlebot/2.1; +http://www.google.com/bot.html)"
66.249.66.46 - - [29/Aug/2019:10:49:39 +0000] "GET /hr/pretraga?category=&type=&place=36&area=157&price=200000&surface=200 HTTP/1.1" 500 4485 "-" "Mozilla/5.0 (Linux; Android 6.0.1; Nexus 5X Build/MMB29P) AppleWebKit/537.36 (KHTML, like Gecko) Chrome/41.0.2272.96 Mobile Safari/537.36 (compatible; Googlebot/2.1; +http://www.google.com/bot.html)"
54.201.142.1 - - [29/Aug/2019:10:58:28 +0000] "GET / HTTP/1.1" 301 232 "-" "Mozilla/5.0 (Windows NT 10.0; Win64; x64)AppleWebKit/537.36 (KHTML, like Gecko) Chrome/66.0.3359.181 Safari/537.36"
54.201.142.1 - - [29/Aug/2019:10:58:29 +0000] "GET / HTTP/1.1" 200 5820 "-" "Mozilla/5.0 (Windows NT 10.0; Win64; x64)AppleWebKit/537.36 (KHTML, like Gecko) Chrome/66.0.3359.181 Safari/537.36"
54.201.142.1 - - [29/Aug/2019:10:58:31 +0000] "GET / HTTP/1.1" 301 232 "-" "Mozilla/5.0 (Windows NT 10.0; Win64; x64)AppleWebKit/537.36 (KHTML, like Gecko) Chrome/66.0.3359.181 Safari/537.36"
54.201.142.1 - - [29/Aug/2019:10:58:31 +0000] "GET / HTTP/1.1" 200 5820 "-" "Mozilla/5.0 (Windows NT 10.0; Win64; x64)AppleWebKit/537.36 (KHTML, like Gecko) Chrome/66.0.3359.181 Safari/537.36"
66.249.66.42 - - [29/Aug/2019:11:00:28 +0000] "GET /en/search?category=&type=&place=13&area=&price=50000&surface=50 HTTP/1.1" 500 4485 "-" "Mozilla/5.0 (Linux; Android 6.0.1; Nexus 5X Build/MMB29P) AppleWebKit/537.36 (KHTML, like Gecko) Chrome/41.0.2272.96 Mobile Safari/537.36 (compatible; Googlebot/2.1; +http://www.google.com/bot.html)"
66.249.66.42 - - [29/Aug/2019:11:00:34 +0000] "GET /en/search?category=&type=&place=41&area=&price=&surface=100 HTTP/1.1" 500 4485 "-" "Mozilla/5.0 (Linux; Android 6.0.1; Nexus 5X Build/MMB29P) AppleWebKit/537.36 (KHTML, like Gecko) Chrome/41.0.2272.96 Mobile Safari/537.36 (compatible; Googlebot/2.1; +http://www.google.com/bot.html)"
66.249.66.44 - - [29/Aug/2019:11:07:54 +0000] "GET /en/search?category=&type=&place=13&area=&price=50000&surface=50 HTTP/1.1" 500 4485 "-" "Mozilla/5.0 (Linux; Android 6.0.1; Nexus 5X Build/MMB29P) AppleWebKit/537.36 (KHTML, like Gecko) Chrome/41.0.2272.96 Mobile Safari/537.36 (compatible; Googlebot/2.1; +http://www.google.com/bot.html)"
66.249.66.46 - - [29/Aug/2019:11:08:57 +0000] "GET /en/search?category=&type=&place=41&area=&price=&surface=100 HTTP/1.1" 500 4485 "-" "Mozilla/5.0 (Linux; Android 6.0.1; Nexus 5X Build/MMB29P) AppleWebKit/537.36 (KHTML, like Gecko) Chrome/41.0.2272.96 Mobile Safari/537.36 (compatible; Googlebot/2.1; +http://www.google.com/bot.html)"
66.249.66.46 - - [29/Aug/2019:11:09:51 +0000] "GET /hr/pretraga?category=&type=&place=36&area=157&price=200000&surface=200 HTTP/1.1" 500 4485 "-" "Mozilla/5.0 (Linux; Android 6.0.1; Nexus 5X Build/MMB29P) AppleWebKit/537.36 (KHTML, like Gecko) Chrome/41.0.2272.96 Mobile Safari/537.36 (compatible; Googlebot/2.1; +http://www.google.com/bot.html)"
66.249.66.44 - - [29/Aug/2019:11:11:09 +0000] "GET /en/search?category=&type=&place=36&area=159&price=50000&surface= HTTP/1.1" 500 4485 "-" "Mozilla/5.0 (Linux; Android 6.0.1; Nexus 5X Build/MMB29P) AppleWebKit/537.36 (KHTML, like Gecko) Chrome/41.0.2272.96 Mobile Safari/537.36 (compatible; Googlebot/2.1; +http://www.google.com/bot.html)"
46.229.168.131 - - [29/Aug/2019:11:27:01 +0000] "GET /robots.txt HTTP/1.1" 200 24 "-" "Mozilla/5.0 (compatible; SemrushBot/6~bl; +http://www.semrush.com/bot.html)"
46.229.168.132 - - [29/Aug/2019:11:27:01 +0000] "GET /en/houses/zaton-luksuzna-kuca-s-bazenom-19089-m2-novogradnja HTTP/1.1" 200 6434 "-" "Mozilla/5.0 (compatible; SemrushBot/6~bl; +http://www.semrush.com/bot.html)"
66.249.66.44 - - [29/Aug/2019:11:28:35 +0000] "GET /hr/pretraga?category=&type=&place=36&area=173&price=300000&surface=100 HTTP/1.1" 500 4485 "-" "Mozilla/5.0 (Linux; Android 6.0.1; Nexus 5X Build/MMB29P) AppleWebKit/537.36 (KHTML, like Gecko) Chrome/41.0.2272.96 Mobile Safari/537.36 (compatible; Googlebot/2.1; +http://www.google.com/bot.html)"
46.229.168.129 - - [29/Aug/2019:11:29:57 +0000] "GET /kuce/starigrad-kuca-s-bazenom-drugi-red-do-mora-260-m2 HTTP/1.1" 200 6629 "-" "Mozilla/5.0 (compatible; SemrushBot/6~bl; +http://www.semrush.com/bot.html)"
66.249.66.42 - - [29/Aug/2019:11:33:18 +0000] "GET /en/search?category=&type=&place=36&area=159&price=50000&surface= HTTP/1.1" 500 4485 "-" "Mozilla/5.0 (Linux; Android 6.0.1; Nexus 5X Build/MMB29P) AppleWebKit/537.36 (KHTML, like Gecko) Chrome/41.0.2272.96 Mobile Safari/537.36 (compatible; Googlebot/2.1; +http://www.google.com/bot.html)"
66.249.66.44 - - [29/Aug/2019:11:33:40 +0000] "GET /pretraga?category=&type=sale&place=41&area=&price=500000&surface= HTTP/1.1" 500 4485 "-" "Mozilla/5.0 (Linux; Android 6.0.1; Nexus 5X Build/MMB29P) AppleWebKit/537.36 (KHTML, like Gecko) Chrome/41.0.2272.96 Mobile Safari/537.36 (compatible; Googlebot/2.1; +http://www.google.com/bot.html)"
66.249.66.42 - - [29/Aug/2019:11:43:53 +0000] "GET /en/search?category=&type=&place=56&area=&price=&surface=10 HTTP/1.1" 500 4485 "-" "Mozilla/5.0 (Linux; Android 6.0.1; Nexus 5X Build/MMB29P) AppleWebKit/537.36 (KHTML, like Gecko) Chrome/41.0.2272.96 Mobile Safari/537.36 (compatible; Googlebot/2.1; +http://www.google.com/bot.html)"
66.249.66.44 - - [29/Aug/2019:11:45:00 +0000] "GET /en/search?category=&type=&place=14&area=&price=300000&surface=50 HTTP/1.1" 500 4485 "-" "Mozilla/5.0 (Linux; Android 6.0.1; Nexus 5X Build/MMB29P) AppleWebKit/537.36 (KHTML, like Gecko) Chrome/41.0.2272.96 Mobile Safari/537.36 (compatible; Googlebot/2.1; +http://www.google.com/bot.html)"
216.244.66.226 - - [29/Aug/2019:11:49:31 +0000] "GET /robots.txt HTTP/1.1" 301 242 "-" "Mozilla/5.0 (compatible; DotBot/1.1; http://www.opensiteexplorer.org/dotbot, help@moz.com)"
216.244.66.226 - - [29/Aug/2019:11:49:32 +0000] "GET /robots.txt HTTP/1.1" 200 24 "-" "Mozilla/5.0 (compatible; DotBot/1.1; http://www.opensiteexplorer.org/dotbot, help@moz.com)"
66.249.66.42 - - [29/Aug/2019:11:53:49 +0000] "GET /en/search?category=&type=&place=14&area=&price=300000&surface=50 HTTP/1.1" 500 4485 "-" "Mozilla/5.0 (Linux; Android 6.0.1; Nexus 5X Build/MMB29P) AppleWebKit/537.36 (KHTML, like Gecko) Chrome/41.0.2272.96 Mobile Safari/537.36 (compatible; Googlebot/2.1; +http://www.google.com/bot.html)"
66.249.66.46 - - [29/Aug/2019:11:55:11 +0000] "GET /en/search?category=&type=&place=37&area=157&price=1000000&surface=200 HTTP/1.1" 500 4485 "-" "Mozilla/5.0 (Linux; Android 6.0.1; Nexus 5X Build/MMB29P) AppleWebKit/537.36 (KHTML, like Gecko) Chrome/41.0.2272.96 Mobile Safari/537.36 (compatible; Googlebot/2.1; +http://www.google.com/bot.html)"
66.249.66.44 - - [29/Aug/2019:12:05:31 +0000] "GET /pretraga?category=&type=&place=59&area=&price=300000&surface=50 HTTP/1.1" 500 4485 "-" "Mozilla/5.0 (Linux; Android 6.0.1; Nexus 5X Build/MMB29P) AppleWebKit/537.36 (KHTML, like Gecko) Chrome/41.0.2272.96 Mobile Safari/537.36 (compatible; Googlebot/2.1; +http://www.google.com/bot.html)"
66.249.66.46 - - [29/Aug/2019:12:05:32 +0000] "GET /en/search?category=&type=&place=37&area=157&price=1000000&surface=200 HTTP/1.1" 500 4485 "-" "Mozilla/5.0 (Linux; Android 6.0.1; Nexus 5X Build/MMB29P) AppleWebKit/537.36 (KHTML, like Gecko) Chrome/41.0.2272.96 Mobile Safari/537.36 (compatible; Googlebot/2.1; +http://www.google.com/bot.html)"
46.229.168.135 - - [29/Aug/2019:12:10:53 +0000] "GET /robots.txt HTTP/1.1" 200 24 "-" "Mozilla/5.0 (compatible; SemrushBot/6~bl; +http://www.semrush.com/bot.html)"
46.229.168.162 - - [29/Aug/2019:12:10:53 +0000] "GET /en/lands/rovanjska-gradevinsko-zemljiste-u-blizini-mora-645-m2-59-m2 HTTP/1.1" 200 5633 "-" "Mozilla/5.0 (compatible; SemrushBot/6~bl; +http://www.semrush.com/bot.html)"
66.249.66.46 - - [29/Aug/2019:12:26:18 +0000] "GET /pretraga?category=&type=&place=59&area=&price=300000&surface=50 HTTP/1.1" 500 4485 "-" "Mozilla/5.0 (Linux; Android 6.0.1; Nexus 5X Build/MMB29P) AppleWebKit/537.36 (KHTML, like Gecko) Chrome/41.0.2272.96 Mobile Safari/537.36 (compatible; Googlebot/2.1; +http://www.google.com/bot.html)"
66.249.66.42 - - [29/Aug/2019:12:26:36 +0000] "GET /en/search?category=&type=&place=37&area=157&price=1000000&surface=200 HTTP/1.1" 500 4485 "-" "Mozilla/5.0 (Linux; Android 6.0.1; Nexus 5X Build/MMB29P) AppleWebKit/537.36 (KHTML, like Gecko) Chrome/41.0.2272.96 Mobile Safari/537.36 (compatible; Googlebot/2.1; +http://www.google.com/bot.html)"
46.229.168.161 - - [29/Aug/2019:12:29:23 +0000] "GET /hr/kuce?page=3 HTTP/1.1" 200 5555 "-" "Mozilla/5.0 (compatible; SemrushBot/6~bl; +http://www.semrush.com/bot.html)"
66.249.66.46 - - [29/Aug/2019:12:35:52 +0000] "GET /pretraga?category=&type=&place=59&area=&price=300000&surface=50 HTTP/1.1" 500 4485 "-" "Mozilla/5.0 (Linux; Android 6.0.1; Nexus 5X Build/MMB29P) AppleWebKit/537.36 (KHTML, like Gecko) Chrome/41.0.2272.96 Mobile Safari/537.36 (compatible; Googlebot/2.1; +http://www.google.com/bot.html)"
66.249.66.46 - - [29/Aug/2019:12:37:15 +0000] "GET /hr/pretraga?category=&type=&place=12&area=&price=50000&surface=100 HTTP/1.1" 500 4485 "-" "Mozilla/5.0 (Linux; Android 6.0.1; Nexus 5X Build/MMB29P) AppleWebKit/537.36 (KHTML, like Gecko) Chrome/41.0.2272.96 Mobile Safari/537.36 (compatible; Googlebot/2.1; +http://www.google.com/bot.html)"
66.249.66.44 - - [29/Aug/2019:12:54:02 +0000] "GET /en/search?category=&type=&place=4&area=&price=50000&surface= HTTP/1.1" 500 4485 "-" "Mozilla/5.0 (Linux; Android 6.0.1; Nexus 5X Build/MMB29P) AppleWebKit/537.36 (KHTML, like Gecko) Chrome/41.0.2272.96 Mobile Safari/537.36 (compatible; Googlebot/2.1; +http://www.google.com/bot.html)"
213.147.116.2 - - [29/Aug/2019:13:03:15 +0000] "GET /uploads/thumbnails/3095d93a74588fd35cb6dbfed53f6094.jpg HTTP/1.1" 200 49807 "https://www.google.com/" "Mozilla/5.0 (Windows NT 10.0; WOW64; rv:68.0) Gecko/20100101 Firefox/68.0"
66.249.66.55 - - [29/Aug/2019:13:04:23 +0000] "GET /robots.txt HTTP/1.1" 301 242 "-" "Mozilla/5.0 (compatible; Googlebot/2.1; +http://www.google.com/bot.html)"
66.249.66.42 - - [29/Aug/2019:13:04:24 +0000] "GET /robots.txt HTTP/1.1" 200 24 "-" "Mozilla/5.0 (compatible; Googlebot/2.1; +http://www.google.com/bot.html)"
66.249.66.53 - - [29/Aug/2019:13:04:24 +0000] "GET / HTTP/1.1" 301 232 "-" "Mozilla/5.0 (Linux; Android 6.0.1; Nexus 5X Build/MMB29P) AppleWebKit/537.36 (KHTML, like Gecko) Chrome/41.0.2272.96 Mobile Safari/537.36 (compatible; Googlebot/2.1; +http://www.google.com/bot.html)"
66.249.66.44 - - [29/Aug/2019:13:04:25 +0000] "GET / HTTP/1.1" 200 5820 "-" "Mozilla/5.0 (Linux; Android 6.0.1; Nexus 5X Build/MMB29P) AppleWebKit/537.36 (KHTML, like Gecko) Chrome/41.0.2272.96 Mobile Safari/537.36 (compatible; Googlebot/2.1; +http://www.google.com/bot.html)"
66.249.66.42 - - [29/Aug/2019:13:13:14 +0000] "GET /hr/kuce/privlaka-luksuzna-kuca-za-odmor-272-m2 HTTP/1.1" 200 6347 "-" "Mozilla/5.0 (Linux; Android 6.0.1; Nexus 5X Build/MMB29P) AppleWebKit/537.36 (KHTML, like Gecko) Chrome/41.0.2272.96 Mobile Safari/537.36 (compatible; Googlebot/2.1; +http://www.google.com/bot.html)"
212.241.115.142 - - [29/Aug/2019:13:19:14 +0000] "GET /uploads/images/0bbd1dd75c98d26c7084fc8347d3cf1d.jpg HTTP/1.1" 200 247216 "https://www.google.com/blank.html" "Mozilla/5.0 (Linux; Android 9; SM-A750FN Build/PPR1.180610.011; wv) AppleWebKit/537.36 (KHTML, like Gecko) Version/4.0 Chrome/76.0.3809.132 Mobile Safari/537.36 GSA/10.33.5.21.arm64"
217.182.16.82 - - [29/Aug/2019:13:20:31 +0000] "GET /vendor/phpunit/phpunit/src/Util/PHP/eval-stdin.php HTTP/1.1" 301 282 "-" "Mozilla/5.0 (compatible; Googlebot/2.1; +http://www.google.com/bot.html)"
217.182.16.82 - - [29/Aug/2019:13:20:31 +0000] "GET /vendor/phpunit/phpunit/src/Util/PHP/kill.php HTTP/1.0" 301 276 "-" "-"
217.182.16.82 - - [29/Aug/2019:13:20:32 +0000] "GET /vendor/phpunit/phpunit/src/Util/PHP/kill.php HTTP/1.0" 404 1104 "-" "-"
66.249.66.44 - - [29/Aug/2019:13:22:04 +0000] "GET /zemljista?page=5 HTTP/1.1" 200 4611 "-" "Mozilla/5.0 (Linux; Android 6.0.1; Nexus 5X Build/MMB29P) AppleWebKit/537.36 (KHTML, like Gecko) Chrome/41.0.2272.96 Mobile Safari/537.36 (compatible; Googlebot/2.1; +http://www.google.com/bot.html)"
66.249.66.44 - - [29/Aug/2019:13:22:40 +0000] "GET /hr/pretraga?category=&type=&place=12&area=&price=50000&surface=100 HTTP/1.1" 500 4485 "-" "Mozilla/5.0 (Linux; Android 6.0.1; Nexus 5X Build/MMB29P) AppleWebKit/537.36 (KHTML, like Gecko) Chrome/41.0.2272.96 Mobile Safari/537.36 (compatible; Googlebot/2.1; +http://www.google.com/bot.html)"
65.49.126.174 - - [29/Aug/2019:13:22:48 +0000] "GET /uploads/thumbnails/aee25dc1018c5058a7e1b3ce11b1dc52.jpg HTTP/1.1" 200 45321 "https://www.google.hr/" "Mozilla/5.0 (Windows NT 6.1; Win64; x64) AppleWebKit/537.36 (KHTML, like Gecko) Chrome/76.0.3809.132 Safari/537.36"
54.36.149.69 - - [29/Aug/2019:13:23:53 +0000] "GET /robots.txt HTTP/1.1" 301 242 "-" "Mozilla/5.0 (compatible; AhrefsBot/6.1; +http://ahrefs.com/robot/)"
54.36.149.69 - - [29/Aug/2019:13:23:53 +0000] "GET /robots.txt HTTP/1.1" 200 24 "-" "Mozilla/5.0 (compatible; AhrefsBot/6.1; +http://ahrefs.com/robot/)"
46.229.168.132 - - [29/Aug/2019:13:24:31 +0000] "GET /robots.txt HTTP/1.1" 200 24 "-" "Mozilla/5.0 (compatible; SemrushBot/6~bl; +http://www.semrush.com/bot.html)"
46.229.168.130 - - [29/Aug/2019:13:24:31 +0000] "GET /zemljista/maslenica-gradevinsko-zemljiste-u-blizini-mora-1056-m2 HTTP/1.1" 200 5629 "-" "Mozilla/5.0 (compatible; SemrushBot/6~bl; +http://www.semrush.com/bot.html)"
66.249.66.46 - - [29/Aug/2019:13:27:06 +0000] "GET /en/search?category=&type=&place=36&area=159&price=200000&surface= HTTP/1.1" 500 4485 "-" "Mozilla/5.0 (Linux; Android 6.0.1; Nexus 5X Build/MMB29P) AppleWebKit/537.36 (KHTML, like Gecko) Chrome/41.0.2272.96 Mobile Safari/537.36 (compatible; Googlebot/2.1; +http://www.google.com/bot.html)"
157.55.39.16 - - [29/Aug/2019:13:29:20 +0000] "GET /robots.txt HTTP/1.1" 200 24 "-" "Mozilla/5.0 (compatible; bingbot/2.0; +http://www.bing.com/bingbot.htm)"
157.55.39.16 - - [29/Aug/2019:13:29:21 +0000] "GET /robots.txt HTTP/1.1" 200 24 "-" "Mozilla/5.0 (compatible; bingbot/2.0; +http://www.bing.com/bingbot.htm)"
157.55.39.58 - - [29/Aug/2019:13:29:26 +0000] "GET /uploads/thumbnails/d00cb8928f676c42c613cb02782ac344.JPG HTTP/1.1" 200 29920 "-" "Mozilla/5.0 (compatible; bingbot/2.0; +http://www.bing.com/bingbot.htm)"
93.143.50.68 - - [29/Aug/2019:13:30:57 +0000] "GET /uploads/thumbnails/0bbd1dd75c98d26c7084fc8347d3cf1d.jpg HTTP/1.1" 200 41811 "https://www.google.com/blank.html" "Mozilla/5.0 (Linux; Android 9; SM-A605FN Build/PPR1.180610.011; wv) AppleWebKit/537.36 (KHTML, like Gecko) Version/4.0 Chrome/76.0.3809.132 Mobile Safari/537.36 GSA/10.33.5.21.arm"
66.249.66.44 - - [29/Aug/2019:13:35:05 +0000] "GET /en/search?category=&type=&place=37&area=157&price=1000000&surface=200 HTTP/1.1" 500 4485 "-" "Mozilla/5.0 (Linux; Android 6.0.1; Nexus 5X Build/MMB29P) AppleWebKit/537.36 (KHTML, like Gecko) Chrome/41.0.2272.96 Mobile Safari/537.36 (compatible; Googlebot/2.1; +http://www.google.com/bot.html)"
66.249.66.42 - - [29/Aug/2019:13:35:26 +0000] "GET /hr/pretraga?category=&type=&place=12&area=&price=50000&surface=100 HTTP/1.1" 500 4485 "-" "Mozilla/5.0 (Linux; Android 6.0.1; Nexus 5X Build/MMB29P) AppleWebKit/537.36 (KHTML, like Gecko) Chrome/41.0.2272.96 Mobile Safari/537.36 (compatible; Googlebot/2.1; +http://www.google.com/bot.html)"
161.53.104.71 - - [29/Aug/2019:13:35:49 +0000] "GET /uploads/thumbnails/f28c4ddee2395a7c3c7630d204227ede.JPG HTTP/1.1" 200 46650 "https://www.google.com/" "Mozilla/5.0 (Windows NT 5.1) AppleWebKit/537.36 (KHTML, like Gecko) Chrome/45.0.2454.85 Safari/537.36"
66.249.66.46 - - [29/Aug/2019:13:55:16 +0000] "GET /hr/pretraga?category=&type=&place=12&area=&price=50000&surface=100 HTTP/1.1" 500 4485 "-" "Mozilla/5.0 (Linux; Android 6.0.1; Nexus 5X Build/MMB29P) AppleWebKit/537.36 (KHTML, like Gecko) Chrome/41.0.2272.96 Mobile Safari/537.36 (compatible; Googlebot/2.1; +http://www.google.com/bot.html)"
66.249.66.42 - - [29/Aug/2019:13:57:54 +0000] "GET /hr/pretraga?category=&type=&place=38&area=&price=300000&surface=10 HTTP/1.1" 500 4485 "-" "Mozilla/5.0 (Linux; Android 6.0.1; Nexus 5X Build/MMB29P) AppleWebKit/537.36 (KHTML, like Gecko) Chrome/41.0.2272.96 Mobile Safari/537.36 (compatible; Googlebot/2.1; +http://www.google.com/bot.html)"
157.55.39.214 - - [29/Aug/2019:14:03:18 +0000] "GET /uploads/thumbnails/7f78eeb3ffc9eab3581270c8dab7a93e.jpg HTTP/1.1" 200 32574 "-" "Mozilla/5.0 (compatible; bingbot/2.0; +http://www.bing.com/bingbot.htm)"
66.249.66.46 - - [29/Aug/2019:14:15:44 +0000] "GET /pretraga?category=&type=sale&place=38&area=&price=&surface= HTTP/1.1" 500 4485 "-" "Mozilla/5.0 (Linux; Android 6.0.1; Nexus 5X Build/MMB29P) AppleWebKit/537.36 (KHTML, like Gecko) Chrome/41.0.2272.96 Mobile Safari/537.36 (compatible; Googlebot/2.1; +http://www.google.com/bot.html)"
66.249.66.44 - - [29/Aug/2019:14:16:32 +0000] "GET /pretraga?category=&type=sale&place=38&area=&price=&surface= HTTP/1.1" 500 4485 "-" "Mozilla/5.0 (Linux; Android 6.0.1; Nexus 5X Build/MMB29P) AppleWebKit/537.36 (KHTML, like Gecko) Chrome/41.0.2272.96 Mobile Safari/537.36 (compatible; Googlebot/2.1; +http://www.google.com/bot.html)"
66.249.66.42 - - [29/Aug/2019:14:21:40 +0000] "GET /en/search?category=&type=&place=37&area=157&price=1000000&surface=200 HTTP/1.1" 500 4485 "-" "Mozilla/5.0 (Linux; Android 6.0.1; Nexus 5X Build/MMB29P) AppleWebKit/537.36 (KHTML, like Gecko) Chrome/41.0.2272.96 Mobile Safari/537.36 (compatible; Googlebot/2.1; +http://www.google.com/bot.html)"
93.143.35.55 - - [29/Aug/2019:14:23:17 +0000] "GET /uploads/images/db90760d408c8f9ea833800cfd0ff598.jpeg HTTP/1.1" 200 141253 "https://www.google.com/" "Mozilla/5.0 (Windows NT 6.3; Win64; x64) AppleWebKit/537.36 (KHTML, like Gecko) Chrome/76.0.3809.100 Safari/537.36"
66.249.66.46 - - [29/Aug/2019:14:26:20 +0000] "GET /hr/pretraga?category=&type=&place=53&area=157&price=200000&surface=100 HTTP/1.1" 500 4485 "-" "Mozilla/5.0 (Linux; Android 6.0.1; Nexus 5X Build/MMB29P) AppleWebKit/537.36 (KHTML, like Gecko) Chrome/41.0.2272.96 Mobile Safari/537.36 (compatible; Googlebot/2.1; +http://www.google.com/bot.html)"
66.249.66.46 - - [29/Aug/2019:14:29:35 +0000] "GET /en/search?category=&type=&place=37&area=157&price=1000000&surface=200 HTTP/1.1" 500 4485 "-" "Mozilla/5.0 (Linux; Android 6.0.1; Nexus 5X Build/MMB29P) AppleWebKit/537.36 (KHTML, like Gecko) Chrome/41.0.2272.96 Mobile Safari/537.36 (compatible; Googlebot/2.1; +http://www.google.com/bot.html)"
66.249.66.42 - - [29/Aug/2019:14:30:33 +0000] "GET /hr/pretraga?category=&type=&place=38&area=&price=300000&surface=10 HTTP/1.1" 500 4485 "-" "Mozilla/5.0 (Linux; Android 6.0.1; Nexus 5X Build/MMB29P) AppleWebKit/537.36 (KHTML, like Gecko) Chrome/41.0.2272.96 Mobile Safari/537.36 (compatible; Googlebot/2.1; +http://www.google.com/bot.html)"
66.249.66.42 - - [29/Aug/2019:14:33:05 +0000] "GET /pretraga?category=&type=&place=36&area=163&price=50000&surface=100 HTTP/1.1" 500 4485 "-" "Mozilla/5.0 (Linux; Android 6.0.1; Nexus 5X Build/MMB29P) AppleWebKit/537.36 (KHTML, like Gecko) Chrome/41.0.2272.96 Mobile Safari/537.36 (compatible; Googlebot/2.1; +http://www.google.com/bot.html)"
66.249.66.46 - - [29/Aug/2019:14:41:34 +0000] "GET /pretraga?category=&type=&place=36&area=163&price=50000&surface=100 HTTP/1.1" 500 4485 "-" "Mozilla/5.0 (Linux; Android 6.0.1; Nexus 5X Build/MMB29P) AppleWebKit/537.36 (KHTML, like Gecko) Chrome/41.0.2272.96 Mobile Safari/537.36 (compatible; Googlebot/2.1; +http://www.google.com/bot.html)"
151.252.241.4 - - [29/Aug/2019:14:46:15 +0000] "GET / HTTP/1.1" 200 5820 "https://www.google.com/" "Mozilla/5.0 (Linux; Android 7.0; SM-G925F) AppleWebKit/537.36 (KHTML, like Gecko) Chrome/76.0.3809.111 Mobile Safari/537.36"
151.252.241.4 - - [29/Aug/2019:14:46:15 +0000] "GET /css/bootstrap.css HTTP/1.1" 200 20712 "https://www.citadela.hr/" "Mozilla/5.0 (Linux; Android 7.0; SM-G925F) AppleWebKit/537.36 (KHTML, like Gecko) Chrome/76.0.3809.111 Mobile Safari/537.36"
151.252.241.4 - - [29/Aug/2019:14:46:15 +0000] "GET /css/style.css?v=2 HTTP/1.1" 200 17441 "https://www.citadela.hr/" "Mozilla/5.0 (Linux; Android 7.0; SM-G925F) AppleWebKit/537.36 (KHTML, like Gecko) Chrome/76.0.3809.111 Mobile Safari/537.36"
151.252.241.4 - - [29/Aug/2019:14:46:15 +0000] "GET /css/font-awesome.css HTTP/1.1" 200 7439 "https://www.citadela.hr/" "Mozilla/5.0 (Linux; Android 7.0; SM-G925F) AppleWebKit/537.36 (KHTML, like Gecko) Chrome/76.0.3809.111 Mobile Safari/537.36"
151.252.241.4 - - [29/Aug/2019:14:46:15 +0000] "GET /fonts/flaticon.css HTTP/1.1" 200 699 "https://www.citadela.hr/" "Mozilla/5.0 (Linux; Android 7.0; SM-G925F) AppleWebKit/537.36 (KHTML, like Gecko) Chrome/76.0.3809.111 Mobile Safari/537.36"
151.252.241.4 - - [29/Aug/2019:14:46:15 +0000] "GET /css/colors/blue.css?v=2 HTTP/1.1" 200 3552 "https://www.citadela.hr/" "Mozilla/5.0 (Linux; Android 7.0; SM-G925F) AppleWebKit/537.36 (KHTML, like Gecko) Chrome/76.0.3809.111 Mobile Safari/537.36"
151.252.241.4 - - [29/Aug/2019:14:46:16 +0000] "GET /css/jslider.css HTTP/1.1" 200 763 "https://www.citadela.hr/" "Mozilla/5.0 (Linux; Android 7.0; SM-G925F) AppleWebKit/537.36 (KHTML, like Gecko) Chrome/76.0.3809.111 Mobile Safari/537.36"
151.252.241.4 - - [29/Aug/2019:14:46:16 +0000] "GET /css/responsive.css HTTP/1.1" 200 2788 "https://www.citadela.hr/" "Mozilla/5.0 (Linux; Android 7.0; SM-G925F) AppleWebKit/537.36 (KHTML, like Gecko) Chrome/76.0.3809.111 Mobile Safari/537.36"
151.252.241.4 - - [29/Aug/2019:14:46:16 +0000] "GET /css/loader.css?v=2 HTTP/1.1" 200 772 "https://www.citadela.hr/" "Mozilla/5.0 (Linux; Android 7.0; SM-G925F) AppleWebKit/537.36 (KHTML, like Gecko) Chrome/76.0.3809.111 Mobile Safari/537.36"
151.252.241.4 - - [29/Aug/2019:14:46:16 +0000] "GET /assets/plugins/flag/css/flag-icon.css HTTP/1.1" 200 2837 "https://www.citadela.hr/" "Mozilla/5.0 (Linux; Android 7.0; SM-G925F) AppleWebKit/537.36 (KHTML, like Gecko) Chrome/76.0.3809.111 Mobile Safari/537.36"
151.252.241.4 - - [29/Aug/2019:14:46:16 +0000] "GET /css/animate.min.css HTTP/1.1" 200 4242 "https://www.citadela.hr/" "Mozilla/5.0 (Linux; Android 7.0; SM-G925F) AppleWebKit/537.36 (KHTML, like Gecko) Chrome/76.0.3809.111 Mobile Safari/537.36"
151.252.241.4 - - [29/Aug/2019:14:46:16 +0000] "GET /css/jquery.fancybox.css HTTP/1.1" 200 1434 "https://www.citadela.hr/" "Mozilla/5.0 (Linux; Android 7.0; SM-G925F) AppleWebKit/537.36 (KHTML, like Gecko) Chrome/76.0.3809.111 Mobile Safari/537.36"
