66.249.66.46 - - [29/Aug/2019:05:09:07 +0000] "GET /en/search?category=&type=&place=3&area=&price=1000000&surface= HTTP/1.1" 500 4485 "-" "Mozilla/5.0 (Linux; Android 6.0.1; Nexus 5X Build/MMB29P) AppleWebKit/537.36 (KHTML, like Gecko) Chrome/41.0.2272.96 Mobile Safari/537.36 (compatible; Googlebot/2.1; +http://www.google.com/bot.html)"
66.249.66.46 - - [29/Aug/2019:05:09:09 +0000] "GET /en/search?category=&type=&place=58&area=159&price=1000000&surface=10 HTTP/1.1" 500 4485 "-" "Mozilla/5.0 (Linux; Android 6.0.1; Nexus 5X Build/MMB29P) AppleWebKit/537.36 (KHTML, like Gecko) Chrome/41.0.2272.96 Mobile Safari/537.36 (compatible; Googlebot/2.1; +http://www.google.com/bot.html)"
66.249.66.44 - - [29/Aug/2019:05:14:04 +0000] "GET /en/search?category=&type=&place=58&area=161&price=50000&surface=10 HTTP/1.1" 500 4485 "-" "Mozilla/5.0 (Linux; Android 6.0.1; Nexus 5X Build/MMB29P) AppleWebKit/537.36 (KHTML, like Gecko) Chrome/41.0.2272.96 Mobile Safari/537.36 (compatible; Googlebot/2.1; +http://www.google.com/bot.html)"
66.249.66.44 - - [29/Aug/2019:05:14:25 +0000] "GET /hr/pretraga?category=&type=&place=38&area=&price=200000&surface= HTTP/1.1" 500 4485 "-" "Mozilla/5.0 (Linux; Android 6.0.1; Nexus 5X Build/MMB29P) AppleWebKit/537.36 (KHTML, like Gecko) Chrome/41.0.2272.96 Mobile Safari/537.36 (compatible; Googlebot/2.1; +http://www.google.com/bot.html)"
66.249.66.42 - - [29/Aug/2019:05:14:51 +0000] "GET /pretraga?category=&type=rent&place=36&area=&price=200000&surface=100 HTTP/1.1" 500 4485 "-" "Mozilla/5.0 (Linux; Android 6.0.1; Nexus 5X Build/MMB29P) AppleWebKit/537.36 (KHTML, like Gecko) Chrome/41.0.2272.96 Mobile Safari/537.36 (compatible; Googlebot/2.1; +http://www.google.com/bot.html)"
66.249.66.46 - - [29/Aug/2019:05:15:13 +0000] "GET /hr/pretraga?category=&type=&place=20&area=&price=500000&surface=100 HTTP/1.1" 500 4485 "-" "Mozilla/5.0 (Linux; Android 6.0.1; Nexus 5X Build/MMB29P) AppleWebKit/537.36 (KHTML, like Gecko) Chrome/41.0.2272.96 Mobile Safari/537.36 (compatible; Googlebot/2.1; +http://www.google.com/bot.html)"
66.249.66.42 - - [29/Aug/2019:05:15:34 +0000] "GET /pretraga?category=&type=&place=38&area=157&price=300000&surface=10 HTTP/1.1" 500 4485 "-" "Mozilla/5.0 (Linux; Android 6.0.1; Nexus 5X Build/MMB29P) AppleWebKit/537.36 (KHTML, like Gecko) Chrome/41.0.2272.96 Mobile Safari/537.36 (compatible; Googlebot/2.1; +http://www.google.com/bot.html)"
66.249.66.42 - - [29/Aug/2019:05:15:56 +0000] "GET /hr/pretraga?category=&type=&place=36&area=168&price=1000000&surface=50 HTTP/1.1" 500 4485 "-" "Mozilla/5.0 (Linux; Android 6.0.1; Nexus 5X Build/MMB29P) AppleWebKit/537.36 (KHTML, like Gecko) Chrome/41.0.2272.96 Mobile Safari/537.36 (compatible; Googlebot/2.1; +http://www.google.com/bot.html)"
46.229.168.137 - - [29/Aug/2019:05:20:08 +0000] "GET /robots.txt HTTP/1.1" 200 24 "-" "Mozilla/5.0 (compatible; SemrushBot/6~bl; +http://www.semrush.com/bot.html)"
46.229.168.133 - - [29/Aug/2019:05:20:09 +0000] "GET /kuce/biograd-na-moru-kuca-s-9-apartmana-481-m2-novogradnja HTTP/1.1" 200 6403 "-" "Mozilla/5.0 (compatible; SemrushBot/6~bl; +http://www.semrush.com/bot.html)"
66.249.66.42 - - [29/Aug/2019:05:22:27 +0000] "GET /en/search?category=&type=&place=14&area=&price=1000000&surface=200 HTTP/1.1" 500 4485 "-" "Mozilla/5.0 (Linux; Android 6.0.1; Nexus 5X Build/MMB29P) AppleWebKit/537.36 (KHTML, like Gecko) Chrome/41.0.2272.96 Mobile Safari/537.36 (compatible; Googlebot/2.1; +http://www.google.com/bot.html)"
66.249.66.42 - - [29/Aug/2019:05:22:29 +0000] "GET /hr/pretraga?category=&type=&place=36&area=168&price=1000000&surface=50 HTTP/1.1" 500 4485 "-" "Mozilla/5.0 (Linux; Android 6.0.1; Nexus 5X Build/MMB29P) AppleWebKit/537.36 (KHTML, like Gecko) Chrome/41.0.2272.96 Mobile Safari/537.36 (compatible; Googlebot/2.1; +http://www.google.com/bot.html)"
66.249.66.44 - - [29/Aug/2019:05:23:40 +0000] "GET /en/search?category=&type=&place=36&area=162&price=200000&surface=10 HTTP/1.1" 500 4485 "-" "Mozilla/5.0 (Linux; Android 6.0.1; Nexus 5X Build/MMB29P) AppleWebKit/537.36 (KHTML, like Gecko) Chrome/41.0.2272.96 Mobile Safari/537.36 (compatible; Googlebot/2.1; +http://www.google.com/bot.html)"
66.249.66.44 - - [29/Aug/2019:05:24:02 +0000] "GET /pretraga?category=&type=&place=10&area=&price=500000&surface=100 HTTP/1.1" 500 4485 "-" "Mozilla/5.0 (Linux; Android 6.0.1; Nexus 5X Build/MMB29P) AppleWebKit/537.36 (KHTML, like Gecko) Chrome/41.0.2272.96 Mobile Safari/537.36 (compatible; Googlebot/2.1; +http://www.google.com/bot.html)"
66.249.66.44 - - [29/Aug/2019:05:24:25 +0000] "GET /pretraga?category=&type=&place=58&area=160&price=100000&surface= HTTP/1.1" 500 4485 "-" "Mozilla/5.0 (Linux; Android 6.0.1; Nexus 5X Build/MMB29P) AppleWebKit/537.36 (KHTML, like Gecko) Chrome/41.0.2272.96 Mobile Safari/537.36 (compatible; Googlebot/2.1; +http://www.google.com/bot.html)"
66.249.66.42 - - [29/Aug/2019:05:24:48 +0000] "GET /pretraga?category=&type=&place=59&area=&price=300000&surface=50 HTTP/1.1" 500 4485 "-" "Mozilla/5.0 (Linux; Android 6.0.1; Nexus 5X Build/MMB29P) AppleWebKit/537.36 (KHTML, like Gecko) Chrome/41.0.2272.96 Mobile Safari/537.36 (compatible; Googlebot/2.1; +http://www.google.com/bot.html)"
66.249.66.44 - - [29/Aug/2019:05:25:33 +0000] "GET /pretraga?category=&type=&place=36&area=157&price=200000&surface= HTTP/1.1" 500 4485 "-" "Mozilla/5.0 (Linux; Android 6.0.1; Nexus 5X Build/MMB29P) AppleWebKit/537.36 (KHTML, like Gecko) Chrome/41.0.2272.96 Mobile Safari/537.36 (compatible; Googlebot/2.1; +http://www.google.com/bot.html)"
66.249.66.42 - - [29/Aug/2019:05:30:16 +0000] "GET /en/search?category=&type=&place=36&area=170&price=200000&surface= HTTP/1.1" 500 4485 "-" "Mozilla/5.0 (Linux; Android 6.0.1; Nexus 5X Build/MMB29P) AppleWebKit/537.36 (KHTML, like Gecko) Chrome/41.0.2272.96 Mobile Safari/537.36 (compatible; Googlebot/2.1; +http://www.google.com/bot.html)"
66.249.66.44 - - [29/Aug/2019:05:30:31 +0000] "GET /hr/pretraga?category=&type=&place=36&area=173&price=300000&surface=100 HTTP/1.1" 500 4485 "-" "Mozilla/5.0 (Linux; Android 6.0.1; Nexus 5X Build/MMB29P) AppleWebKit/537.36 (KHTML, like Gecko) Chrome/41.0.2272.96 Mobile Safari/537.36 (compatible; Googlebot/2.1; +http://www.google.com/bot.html)"
66.249.66.46 - - [29/Aug/2019:05:35:08 +0000] "GET /en/search?category=&type=&place=56&area=&price=&surface=10 HTTP/1.1" 500 4485 "-" "Mozilla/5.0 (Linux; Android 6.0.1; Nexus 5X Build/MMB29P) AppleWebKit/537.36 (KHTML, like Gecko) Chrome/41.0.2272.96 Mobile Safari/537.36 (compatible; Googlebot/2.1; +http://www.google.com/bot.html)"
66.249.66.46 - - [29/Aug/2019:05:36:01 +0000] "GET /hr/pretraga?category=&type=&place=41&area=157&price=500000&surface=50 HTTP/1.1" 500 4485 "-" "Mozilla/5.0 (Linux; Android 6.0.1; Nexus 5X Build/MMB29P) AppleWebKit/537.36 (KHTML, like Gecko) Chrome/41.0.2272.96 Mobile Safari/537.36 (compatible; Googlebot/2.1; +http://www.google.com/bot.html)"
66.249.66.42 - - [29/Aug/2019:05:36:29 +0000] "GET /en/search?category=&type=&place=53&area=157&price=100000&surface= HTTP/1.1" 500 4485 "-" "Mozilla/5.0 (Linux; Android 6.0.1; Nexus 5X Build/MMB29P) AppleWebKit/537.36 (KHTML, like Gecko) Chrome/41.0.2272.96 Mobile Safari/537.36 (compatible; Googlebot/2.1; +http://www.google.com/bot.html)"
46.229.168.152 - - [29/Aug/2019:05:37:56 +0000] "GET /hr/pretraga?page=3 HTTP/1.1" 200 5493 "-" "Mozilla/5.0 (compatible; SemrushBot/6~bl; +http://www.semrush.com/bot.html)"
66.249.66.44 - - [29/Aug/2019:05:45:15 +0000] "GET /hr/pretraga?category=&type=&place=8&area=&price=200000&surface=10 HTTP/1.1" 500 4485 "-" "Mozilla/5.0 (Linux; Android 6.0.1; Nexus 5X Build/MMB29P) AppleWebKit/537.36 (KHTML, like Gecko) Chrome/41.0.2272.96 Mobile Safari/537.36 (compatible; Googlebot/2.1; +http://www.google.com/bot.html)"
66.249.66.44 - - [29/Aug/2019:06:16:19 +0000] "GET /en/search?category=&type=&place=53&area=157&price=100000&surface= HTTP/1.1" 500 4485 "-" "Mozilla/5.0 (Linux; Android 6.0.1; Nexus 5X Build/MMB29P) AppleWebKit/537.36 (KHTML, like Gecko) Chrome/41.0.2272.96 Mobile Safari/537.36 (compatible; Googlebot/2.1; +http://www.google.com/bot.html)"
66.249.66.44 - - [29/Aug/2019:06:16:45 +0000] "GET /pretraga?category=&type=&place=49&area=&price=100000&surface= HTTP/1.1" 500 4485 "-" "Mozilla/5.0 (Linux; Android 6.0.1; Nexus 5X Build/MMB29P) AppleWebKit/537.36 (KHTML, like Gecko) Chrome/41.0.2272.96 Mobile Safari/537.36 (compatible; Googlebot/2.1; +http://www.google.com/bot.html)"
66.249.66.44 - - [29/Aug/2019:06:17:07 +0000] "GET /en/search?category=&type=&place=37&area=157&price=1000000&surface=200 HTTP/1.1" 500 4485 "-" "Mozilla/5.0 (Linux; Android 6.0.1; Nexus 5X Build/MMB29P) AppleWebKit/537.36 (KHTML, like Gecko) Chrome/41.0.2272.96 Mobile Safari/537.36 (compatible; Googlebot/2.1; +http://www.google.com/bot.html)"
66.249.66.44 - - [29/Aug/2019:06:17:31 +0000] "GET /pretraga?category=&type=&place=36&area=163&price=100000&surface=100 HTTP/1.1" 500 4485 "-" "Mozilla/5.0 (Linux; Android 6.0.1; Nexus 5X Build/MMB29P) AppleWebKit/537.36 (KHTML, like Gecko) Chrome/41.0.2272.96 Mobile Safari/537.36 (compatible; Googlebot/2.1; +http://www.google.com/bot.html)"
66.249.66.42 - - [29/Aug/2019:06:23:42 +0000] "GET /en/search?category=&type=&place=36&area=159&price=200000&surface= HTTP/1.1" 500 4485 "-" "Mozilla/5.0 (Linux; Android 6.0.1; Nexus 5X Build/MMB29P) AppleWebKit/537.36 (KHTML, like Gecko) Chrome/41.0.2272.96 Mobile Safari/537.36 (compatible; Googlebot/2.1; +http://www.google.com/bot.html)"
66.249.66.42 - - [29/Aug/2019:06:23:42 +0000] "GET /en/search?category=&type=&place=4&area=&price=50000&surface= HTTP/1.1" 500 4485 "-" "Mozilla/5.0 (Linux; Android 6.0.1; Nexus 5X Build/MMB29P) AppleWebKit/537.36 (KHTML, like Gecko) Chrome/41.0.2272.96 Mobile Safari/537.36 (compatible; Googlebot/2.1; +http://www.google.com/bot.html)"
66.249.66.42 - - [29/Aug/2019:06:27:51 +0000] "GET /pretraga?category=&type=&place=58&area=157&price=200000&surface=200 HTTP/1.1" 500 4485 "-" "Mozilla/5.0 (Linux; Android 6.0.1; Nexus 5X Build/MMB29P) AppleWebKit/537.36 (KHTML, like Gecko) Chrome/41.0.2272.96 Mobile Safari/537.36 (compatible; Googlebot/2.1; +http://www.google.com/bot.html)"
91.242.162.38 - - [29/Aug/2019:06:27:55 +0000] "GET /robots.txt HTTP/1.1" 200 24 "-" "Mozilla/5.0 (compatible; Qwantify/2.4w; +https://www.qwant.com/)/2.4w"
91.242.162.38 - - [29/Aug/2019:06:27:55 +0000] "GET /kuce?page=4 HTTP/1.1" 200 4353 "-" "Mozilla/5.0 (compatible; Qwantify/2.4w; +https://www.qwant.com/)/2.4w"
66.249.66.46 - - [29/Aug/2019:06:28:08 +0000] "GET /en/search?category=&type=&place=36&area=159&price=1000000&surface=10 HTTP/1.1" 500 4485 "-" "Mozilla/5.0 (Linux; Android 6.0.1; Nexus 5X Build/MMB29P) AppleWebKit/537.36 (KHTML, like Gecko) Chrome/41.0.2272.96 Mobile Safari/537.36 (compatible; Googlebot/2.1; +http://www.google.com/bot.html)"
66.249.66.46 - - [29/Aug/2019:06:35:44 +0000] "GET /en/search?category=&place=&price=1000000&surface=200&page=3 HTTP/1.1" 200 5483 "-" "Mozilla/5.0 (Linux; Android 6.0.1; Nexus 5X Build/MMB29P) AppleWebKit/537.36 (KHTML, like Gecko) Chrome/41.0.2272.96 Mobile Safari/537.36 (compatible; Googlebot/2.1; +http://www.google.com/bot.html)"
66.249.66.44 - - [29/Aug/2019:06:37:12 +0000] "GET /hr/pretraga?category=&type=&place=4&area=&price=200000&surface= HTTP/1.1" 500 4485 "-" "Mozilla/5.0 (Linux; Android 6.0.1; Nexus 5X Build/MMB29P) AppleWebKit/537.36 (KHTML, like Gecko) Chrome/41.0.2272.96 Mobile Safari/537.36 (compatible; Googlebot/2.1; +http://www.google.com/bot.html)"
66.249.66.44 - - [29/Aug/2019:06:37:33 +0000] "GET /en/search?category=&type=&place=14&area=&price=300000&surface=50 HTTP/1.1" 500 4485 "-" "Mozilla/5.0 (Linux; Android 6.0.1; Nexus 5X Build/MMB29P) AppleWebKit/537.36 (KHTML, like Gecko) Chrome/41.0.2272.96 Mobile Safari/537.36 (compatible; Googlebot/2.1; +http://www.google.com/bot.html)"
66.249.66.46 - - [29/Aug/2019:06:38:27 +0000] "GET /pretraga?category=&type=&place=36&area=170&price=300000&surface=50 HTTP/1.1" 500 4485 "-" "Mozilla/5.0 (Linux; Android 6.0.1; Nexus 5X Build/MMB29P) AppleWebKit/537.36 (KHTML, like Gecko) Chrome/41.0.2272.96 Mobile Safari/537.36 (compatible; Googlebot/2.1; +http://www.google.com/bot.html)"
66.249.66.44 - - [29/Aug/2019:06:40:32 +0000] "GET /js/jquery.numberformatter-1.2.3.js HTTP/1.1" 200 4697 "https://www.citadela.hr/en/search?category=&type=&place=&area=122&price=100000&surface=200&page=2" "Mozilla/5.0 AppleWebKit/537.36 (KHTML, like Gecko; compatible; Googlebot/2.1; +http://www.google.com/bot.html) Safari/537.36"
66.249.66.44 - - [29/Aug/2019:06:48:13 +0000] "GET /pretraga?category=&type=&place=58&area=228&price=500000&surface= HTTP/1.1" 500 4485 "-" "Mozilla/5.0 (Linux; Android 6.0.1; Nexus 5X Build/MMB29P) AppleWebKit/537.36 (KHTML, like Gecko) Chrome/41.0.2272.96 Mobile Safari/537.36 (compatible; Googlebot/2.1; +http://www.google.com/bot.html)"
66.249.66.42 - - [29/Aug/2019:06:48:14 +0000] "GET /pretraga?category=&type=&place=36&area=170&price=300000&surface=50 HTTP/1.1" 500 4485 "-" "Mozilla/5.0 (Linux; Android 6.0.1; Nexus 5X Build/MMB29P) AppleWebKit/537.36 (KHTML, like Gecko) Chrome/41.0.2272.96 Mobile Safari/537.36 (compatible; Googlebot/2.1; +http://www.google.com/bot.html)"
66.249.66.42 - - [29/Aug/2019:06:48:38 +0000] "GET /pretraga?category=&type=sale&place=37&area=&price=100000&surface= HTTP/1.1" 500 4485 "-" "Mozilla/5.0 (Linux; Android 6.0.1; Nexus 5X Build/MMB29P) AppleWebKit/537.36 (KHTML, like Gecko) Chrome/41.0.2272.96 Mobile Safari/537.36 (compatible; Googlebot/2.1; +http://www.google.com/bot.html)"
85.114.47.106 - - [29/Aug/2019:06:52:17 +0000] "GET /uploads/thumbnails/a3e6ce934cdcc9ead35c6dce6d184dd7.jpg HTTP/1.1" 200 38062 "https://www.google.com/" "Mozilla/5.0 (Windows NT 6.3; Win64; x64) AppleWebKit/537.36 (KHTML, like Gecko) Chrome/76.0.3809.100 Safari/537.36"
66.249.66.42 - - [29/Aug/2019:06:58:18 +0000] "GET /hr/pretraga?category=&type=&place=58&area=&price=500000&surface= HTTP/1.1" 500 4485 "-" "Mozilla/5.0 (Linux; Android 6.0.1; Nexus 5X Build/MMB29P) AppleWebKit/537.36 (KHTML, like Gecko) Chrome/41.0.2272.96 Mobile Safari/537.36 (compatible; Googlebot/2.1; +http://www.google.com/bot.html)"
66.249.66.42 - - [29/Aug/2019:06:58:39 +0000] "GET /en/search?category=&type=sale&place=41&area=&price=50000&surface=10 HTTP/1.1" 500 4485 "-" "Mozilla/5.0 (Linux; Android 6.0.1; Nexus 5X Build/MMB29P) AppleWebKit/537.36 (KHTML, like Gecko) Chrome/41.0.2272.96 Mobile Safari/537.36 (compatible; Googlebot/2.1; +http://www.google.com/bot.html)"
66.249.66.44 - - [29/Aug/2019:06:59:18 +0000] "GET /hr/pretraga?category=&type=&place=19&area=&price=50000&surface=100 HTTP/1.1" 500 4485 "-" "Mozilla/5.0 (Linux; Android 6.0.1; Nexus 5X Build/MMB29P) AppleWebKit/537.36 (KHTML, like Gecko) Chrome/41.0.2272.96 Mobile Safari/537.36 (compatible; Googlebot/2.1; +http://www.google.com/bot.html)"
66.249.66.42 - - [29/Aug/2019:07:05:49 +0000] "GET /pretraga?category=&type=&place=36&area=173&price=&surface=50 HTTP/1.1" 500 4485 "-" "Mozilla/5.0 (Linux; Android 6.0.1; Nexus 5X Build/MMB29P) AppleWebKit/537.36 (KHTML, like Gecko) Chrome/41.0.2272.96 Mobile Safari/537.36 (compatible; Googlebot/2.1; +http://www.google.com/bot.html)"
66.249.66.46 - - [29/Aug/2019:07:10:58 +0000] "GET /hr/pretraga?category=&type=&place=36&area=169&price=300000&surface=200 HTTP/1.1" 500 4485 "-" "Mozilla/5.0 (Linux; Android 6.0.1; Nexus 5X Build/MMB29P) AppleWebKit/537.36 (KHTML, like Gecko) Chrome/41.0.2272.96 Mobile Safari/537.36 (compatible; Googlebot/2.1; +http://www.google.com/bot.html)"
46.229.168.142 - - [29/Aug/2019:07:18:57 +0000] "GET /robots.txt HTTP/1.1" 200 24 "-" "Mozilla/5.0 (compatible; SemrushBot/6~bl; +http://www.semrush.com/bot.html)"
46.229.168.136 - - [29/Aug/2019:07:18:58 +0000] "GET /en/search?page=3 HTTP/1.1" 200 5459 "-" "Mozilla/5.0 (compatible; SemrushBot/6~bl; +http://www.semrush.com/bot.html)"
66.249.66.42 - - [29/Aug/2019:07:19:23 +0000] "GET /hr/pretraga?category=&type=&place=58&area=157&price=100000&surface=50 HTTP/1.1" 500 4485 "-" "Mozilla/5.0 (Linux; Android 6.0.1; Nexus 5X Build/MMB29P) AppleWebKit/537.36 (KHTML, like Gecko) Chrome/41.0.2272.96 Mobile Safari/537.36 (compatible; Googlebot/2.1; +http://www.google.com/bot.html)"
66.249.66.42 - - [29/Aug/2019:07:19:24 +0000] "GET /en/search?category=&type=&place=50&area=&price=100000&surface=200 HTTP/1.1" 500 4485 "-" "Mozilla/5.0 (Linux; Android 6.0.1; Nexus 5X Build/MMB29P) AppleWebKit/537.36 (KHTML, like Gecko) Chrome/41.0.2272.96 Mobile Safari/537.36 (compatible; Googlebot/2.1; +http://www.google.com/bot.html)"
66.249.66.44 - - [29/Aug/2019:07:19:54 +0000] "GET /en/flats/zadar-vostarnica-dvosoban-stan-55-m2 HTTP/1.1" 500 4485 "-" "Mozilla/5.0 (Linux; Android 6.0.1; Nexus 5X Build/MMB29P) AppleWebKit/537.36 (KHTML, like Gecko) Chrome/41.0.2272.96 Mobile Safari/537.36 (compatible; Googlebot/2.1; +http://www.google.com/bot.html)"
66.249.66.42 - - [29/Aug/2019:07:20:12 +0000] "GET /pretraga?category=&type=&place=36&area=163&price=200000&surface=10 HTTP/1.1" 500 4485 "-" "Mozilla/5.0 (Linux; Android 6.0.1; Nexus 5X Build/MMB29P) AppleWebKit/537.36 (KHTML, like Gecko) Chrome/41.0.2272.96 Mobile Safari/537.36 (compatible; Googlebot/2.1; +http://www.google.com/bot.html)"
66.249.66.42 - - [29/Aug/2019:07:20:31 +0000] "GET /hr/pretraga?category=&type=&place=36&area=&price=50000&surface=10 HTTP/1.1" 500 4485 "-" "Mozilla/5.0 (Linux; Android 6.0.1; Nexus 5X Build/MMB29P) AppleWebKit/537.36 (KHTML, like Gecko) Chrome/41.0.2272.96 Mobile Safari/537.36 (compatible; Googlebot/2.1; +http://www.google.com/bot.html)"
66.249.66.42 - - [29/Aug/2019:07:20:51 +0000] "GET /en/search?category=&type=rent&place=36&area=&price=300000&surface=10 HTTP/1.1" 500 4485 "-" "Mozilla/5.0 (Linux; Android 6.0.1; Nexus 5X Build/MMB29P) AppleWebKit/537.36 (KHTML, like Gecko) Chrome/41.0.2272.96 Mobile Safari/537.36 (compatible; Googlebot/2.1; +http://www.google.com/bot.html)"
46.229.168.132 - - [29/Aug/2019:07:29:33 +0000] "GET /en/apartments/starigrad-trosoban-stan-s-pogledom-na-more-10560-m2-novogradnja HTTP/1.1" 200 6383 "-" "Mozilla/5.0 (compatible; SemrushBot/6~bl; +http://www.semrush.com/bot.html)"
66.249.66.46 - - [29/Aug/2019:07:30:33 +0000] "GET /en/search?category=&type=&place=58&area=157&price=200000&surface= HTTP/1.1" 500 4485 "-" "Mozilla/5.0 (Linux; Android 6.0.1; Nexus 5X Build/MMB29P) AppleWebKit/537.36 (KHTML, like Gecko) Chrome/41.0.2272.96 Mobile Safari/537.36 (compatible; Googlebot/2.1; +http://www.google.com/bot.html)"
66.249.66.42 - - [29/Aug/2019:07:31:23 +0000] "GET /pretraga?category=&type=&place=58&area=230&price=300000&surface=50 HTTP/1.1" 500 4485 "-" "Mozilla/5.0 (Linux; Android 6.0.1; Nexus 5X Build/MMB29P) AppleWebKit/537.36 (KHTML, like Gecko) Chrome/41.0.2272.96 Mobile Safari/537.36 (compatible; Googlebot/2.1; +http://www.google.com/bot.html)"
46.229.168.146 - - [29/Aug/2019:07:34:47 +0000] "GET /zemljista/sv-filip-i-jakov-zemljiste-2225-m2-pogodno-za-vikendicu-od-30-m2 HTTP/1.1" 200 5381 "-" "Mozilla/5.0 (compatible; SemrushBot/6~bl; +http://www.semrush.com/bot.html)"
66.249.66.44 - - [29/Aug/2019:07:36:13 +0000] "GET /hr/pretraga?category=&type=&place=2&area=&price=&surface=100 HTTP/1.1" 500 4485 "-" "Mozilla/5.0 (Linux; Android 6.0.1; Nexus 5X Build/MMB29P) AppleWebKit/537.36 (KHTML, like Gecko) Chrome/41.0.2272.96 Mobile Safari/537.36 (compatible; Googlebot/2.1; +http://www.google.com/bot.html)"
66.249.66.44 - - [29/Aug/2019:07:51:27 +0000] "GET /en/search?category=&type=&place=58&area=&price=500000&surface=100 HTTP/1.1" 500 4485 "-" "Mozilla/5.0 (Linux; Android 6.0.1; Nexus 5X Build/MMB29P) AppleWebKit/537.36 (KHTML, like Gecko) Chrome/41.0.2272.96 Mobile Safari/537.36 (compatible; Googlebot/2.1; +http://www.google.com/bot.html)"
66.249.66.44 - - [29/Aug/2019:07:55:52 +0000] "GET /en/search?category=&type=&place=53&area=&price=1000000&surface=10 HTTP/1.1" 500 4485 "-" "Mozilla/5.0 (Linux; Android 6.0.1; Nexus 5X Build/MMB29P) AppleWebKit/537.36 (KHTML, like Gecko) Chrome/41.0.2272.96 Mobile Safari/537.36 (compatible; Googlebot/2.1; +http://www.google.com/bot.html)"
66.249.66.44 - - [29/Aug/2019:07:55:53 +0000] "GET /en/search?category=&type=&place=12&area=&price=&surface=10 HTTP/1.1" 500 4485 "-" "Mozilla/5.0 (Linux; Android 6.0.1; Nexus 5X Build/MMB29P) AppleWebKit/537.36 (KHTML, like Gecko) Chrome/41.0.2272.96 Mobile Safari/537.36 (compatible; Googlebot/2.1; +http://www.google.com/bot.html)"
66.249.66.42 - - [29/Aug/2019:07:55:54 +0000] "GET /hr/pretraga?category=&type=&place=37&area=&price=200000&surface= HTTP/1.1" 500 4485 "-" "Mozilla/5.0 (Linux; Android 6.0.1; Nexus 5X Build/MMB29P) AppleWebKit/537.36 (KHTML, like Gecko) Chrome/41.0.2272.96 Mobile Safari/537.36 (compatible; Googlebot/2.1; +http://www.google.com/bot.html)"
54.213.30.18 - - [29/Aug/2019:07:57:18 +0000] "GET / HTTP/1.1" 301 232 "-" "Go-http-client/1.1"
54.213.30.18 - - [29/Aug/2019:07:57:19 +0000] "GET / HTTP/1.1" 200 5820 "-" "Go-http-client/1.1"
66.249.66.44 - - [29/Aug/2019:08:02:13 +0000] "GET /pretraga?category=&type=&place=50&area=&price=300000&surface=100 HTTP/1.1" 500 4485 "-" "Mozilla/5.0 (Linux; Android 6.0.1; Nexus 5X Build/MMB29P) AppleWebKit/537.36 (KHTML, like Gecko) Chrome/41.0.2272.96 Mobile Safari/537.36 (compatible; Googlebot/2.1; +http://www.google.com/bot.html)"
66.249.66.42 - - [29/Aug/2019:08:17:19 +0000] "GET /en/search?category=&type=&place=58&area=159&price=1000000&surface=10 HTTP/1.1" 500 4485 "-" "Mozilla/5.0 (Linux; Android 6.0.1; Nexus 5X Build/MMB29P) AppleWebKit/537.36 (KHTML, like Gecko) Chrome/41.0.2272.96 Mobile Safari/537.36 (compatible; Googlebot/2.1; +http://www.google.com/bot.html)"
66.249.66.42 - - [29/Aug/2019:08:17:21 +0000] "GET /pretraga?category=&type=&place=58&area=229&price=50000&surface=50 HTTP/1.1" 500 4485 "-" "Mozilla/5.0 (Linux; Android 6.0.1; Nexus 5X Build/MMB29P) AppleWebKit/537.36 (KHTML, like Gecko) Chrome/41.0.2272.96 Mobile Safari/537.36 (compatible; Googlebot/2.1; +http://www.google.com/bot.html)"
66.249.66.44 - - [29/Aug/2019:08:22:09 +0000] "GET /pretraga?category=&type=&place=36&area=&price=300000&surface=200 HTTP/1.1" 500 4485 "-" "Mozilla/5.0 (Linux; Android 6.0.1; Nexus 5X Build/MMB29P) AppleWebKit/537.36 (KHTML, like Gecko) Chrome/41.0.2272.96 Mobile Safari/537.36 (compatible; Googlebot/2.1; +http://www.google.com/bot.html)"
66.249.66.44 - - [29/Aug/2019:08:23:05 +0000] "GET /pretraga?category=&type=&place=49&area=&price=200000&surface=100 HTTP/1.1" 500 4485 "-" "Mozilla/5.0 (Linux; Android 6.0.1; Nexus 5X Build/MMB29P) AppleWebKit/537.36 (KHTML, like Gecko) Chrome/41.0.2272.96 Mobile Safari/537.36 (compatible; Googlebot/2.1; +http://www.google.com/bot.html)"
66.249.66.44 - - [29/Aug/2019:08:24:09 +0000] "GET /en/search?category=&type=&place=36&area=181&price=50000&surface=100 HTTP/1.1" 500 4485 "-" "Mozilla/5.0 (Linux; Android 6.0.1; Nexus 5X Build/MMB29P) AppleWebKit/537.36 (KHTML, like Gecko) Chrome/41.0.2272.96 Mobile Safari/537.36 (compatible; Googlebot/2.1; +http://www.google.com/bot.html)"
66.249.66.42 - - [29/Aug/2019:08:26:16 +0000] "GET /pretraga?category=&type=&place=36&area=166&price=300000&surface= HTTP/1.1" 500 4485 "-" "Mozilla/5.0 (Linux; Android 6.0.1; Nexus 5X Build/MMB29P) AppleWebKit/537.36 (KHTML, like Gecko) Chrome/41.0.2272.96 Mobile Safari/537.36 (compatible; Googlebot/2.1; +http://www.google.com/bot.html)"
66.249.66.46 - - [29/Aug/2019:08:33:04 +0000] "GET /en/search?category=&type=&place=36&area=&price=&surface= HTTP/1.1" 500 4485 "-" "Mozilla/5.0 (Linux; Android 6.0.1; Nexus 5X Build/MMB29P) AppleWebKit/537.36 (KHTML, like Gecko) Chrome/41.0.2272.96 Mobile Safari/537.36 (compatible; Googlebot/2.1; +http://www.google.com/bot.html)"
66.249.66.42 - - [29/Aug/2019:08:33:13 +0000] "GET /pretraga?category=&type=&place=15&area=&price=500000&surface=100 HTTP/1.1" 500 4485 "-" "Mozilla/5.0 (Linux; Android 6.0.1; Nexus 5X Build/MMB29P) AppleWebKit/537.36 (KHTML, like Gecko) Chrome/41.0.2272.96 Mobile Safari/537.36 (compatible; Googlebot/2.1; +http://www.google.com/bot.html)"
178.143.40.18 - - [29/Aug/2019:08:41:46 +0000] "GET /uploads/images/c7cefce8cfc7191dca0c22518d2466b4.jpeg HTTP/1.1" 200 339266 "https://www.google.com/" "Mozilla/5.0 (Linux; Android 7.1.2; Redmi 4X) AppleWebKit/537.36 (KHTML, like Gecko) Chrome/76.0.3809.132 Mobile Safari/537.36"
66.249.66.42 - - [29/Aug/2019:08:48:14 +0000] "GET /en/search?category=&place=&price=100000&surface=200&page=3 HTTP/1.1" 200 5464 "-" "Mozilla/5.0 (Linux; Android 6.0.1; Nexus 5X Build/MMB29P) AppleWebKit/537.36 (KHTML, like Gecko) Chrome/41.0.2272.96 Mobile Safari/537.36 (compatible; Googlebot/2.1; +http://www.google.com/bot.html)"
66.249.66.46 - - [29/Aug/2019:08:52:19 +0000] "GET /hr/pretraga?category=&type=&place=41&area=&price=50000&surface=50 HTTP/1.1" 500 4485 "-" "Mozilla/5.0 (Linux; Android 6.0.1; Nexus 5X Build/MMB29P) AppleWebKit/537.36 (KHTML, like Gecko) Chrome/41.0.2272.96 Mobile Safari/537.36 (compatible; Googlebot/2.1; +http://www.google.com/bot.html)"
66.249.66.44 - - [29/Aug/2019:08:52:44 +0000] "GET /en/search?category=&type=&place=36&area=&price=500000&surface= HTTP/1.1" 500 4485 "-" "Mozilla/5.0 (Linux; Android 6.0.1; Nexus 5X Build/MMB29P) AppleWebKit/537.36 (KHTML, like Gecko) Chrome/41.0.2272.96 Mobile Safari/537.36 (compatible; Googlebot/2.1; +http://www.google.com/bot.html)"
66.249.66.42 - - [29/Aug/2019:08:55:10 +0000] "GET /hr/pretraga?category=&type=&place=16&area=&price=200000&surface=50 HTTP/1.1" 500 4485 "-" "Mozilla/5.0 (Linux; Android 6.0.1; Nexus 5X Build/MMB29P) AppleWebKit/537.36 (KHTML, like Gecko) Chrome/41.0.2272.96 Mobile Safari/537.36 (compatible; Googlebot/2.1; +http://www.google.com/bot.html)"
66.249.66.46 - - [29/Aug/2019:08:59:14 +0000] "GET /kuce/maslenica-kuca-s-5-stanova-drugi-red-do-mora-200-m2-prilika HTTP/1.1" 200 6118 "-" "Mozilla/5.0 (Linux; Android 6.0.1; Nexus 5X Build/MMB29P) AppleWebKit/537.36 (KHTML, like Gecko) Chrome/41.0.2272.96 Mobile Safari/537.36 (compatible; Googlebot/2.1; +http://www.google.com/bot.html)"
66.249.66.42 - - [29/Aug/2019:09:00:38 +0000] "GET /en/search?category=&type=&place=41&area=157&price=300000&surface=10 HTTP/1.1" 500 4485 "-" "Mozilla/5.0 (Linux; Android 6.0.1; Nexus 5X Build/MMB29P) AppleWebKit/537.36 (KHTML, like Gecko) Chrome/41.0.2272.96 Mobile Safari/537.36 (compatible; Googlebot/2.1; +http://www.google.com/bot.html)"
94.234.53.161 - - [29/Aug/2019:09:00:45 +0000] "GET /uploads/thumbnails/289d887281e6f364c44d7780cbc8aa34.jpg HTTP/1.1" 200 60677 "https://www.google.com/" "Mozilla/5.0 (Linux; Android 9; SM-G965F) AppleWebKit/537.36 (KHTML, like Gecko) Chrome/76.0.3809.132 Mobile Safari/537.36"
46.229.168.130 - - [29/Aug/2019:09:03:52 +0000] "GET /robots.txt HTTP/1.1" 200 24 "-" "Mozilla/5.0 (compatible; SemrushBot/6~bl; +http://www.semrush.com/bot.html)"
46.229.168.146 - - [29/Aug/2019:09:03:53 +0000] "GET /hr/pretraga?page=7 HTTP/1.1" 200 5515 "-" "Mozilla/5.0 (compatible; SemrushBot/6~bl; +http://www.semrush.com/bot.html)"
66.249.66.46 - - [29/Aug/2019:09:04:20 +0000] "GET /pretraga?category=&type=&place=36&area=168&price=&surface= HTTP/1.1" 500 4485 "-" "Mozilla/5.0 (Linux; Android 6.0.1; Nexus 5X Build/MMB29P) AppleWebKit/537.36 (KHTML, like Gecko) Chrome/41.0.2272.96 Mobile Safari/537.36 (compatible; Googlebot/2.1; +http://www.google.com/bot.html)"
66.249.66.44 - - [29/Aug/2019:09:04:33 +0000] "GET /en/search?category=&type=&place=36&area=163&price=200000&surface=10 HTTP/1.1" 500 4485 "-" "Mozilla/5.0 (Linux; Android 6.0.1; Nexus 5X Build/MMB29P) AppleWebKit/537.36 (KHTML, like Gecko) Chrome/41.0.2272.96 Mobile Safari/537.36 (compatible; Googlebot/2.1; +http://www.google.com/bot.html)"
66.249.66.42 - - [29/Aug/2019:09:04:56 +0000] "GET /pretraga?category=&type=&place=36&area=170&price=200000&surface=200 HTTP/1.1" 500 4485 "-" "Mozilla/5.0 (Linux; Android 6.0.1; Nexus 5X Build/MMB29P) AppleWebKit/537.36 (KHTML, like Gecko) Chrome/41.0.2272.96 Mobile Safari/537.36 (compatible; Googlebot/2.1; +http://www.google.com/bot.html)"
66.249.66.46 - - [29/Aug/2019:09:07:30 +0000] "GET /hr/pretraga?category=&type=&place=16&area=&price=200000&surface=50 HTTP/1.1" 500 4485 "-" "Mozilla/5.0 (Linux; Android 6.0.1; Nexus 5X Build/MMB29P) AppleWebKit/537.36 (KHTML, like Gecko) Chrome/41.0.2272.96 Mobile Safari/537.36 (compatible; Googlebot/2.1; +http://www.google.com/bot.html)"
46.229.168.135 - - [29/Aug/2019:09:13:03 +0000] "GET /zemljista/murter-centar-gradevinsko-zemljiste-treci-red-do-plaze-962-m2 HTTP/1.1" 200 5348 "-" "Mozilla/5.0 (compatible; SemrushBot/6~bl; +http://www.semrush.com/bot.html)"
66.249.66.42 - - [29/Aug/2019:09:16:50 +0000] "GET /pretraga?category=&type=&place=36&area=178&price=1000000&surface=200 HTTP/1.1" 500 4485 "-" "Mozilla/5.0 (Linux; Android 6.0.1; Nexus 5X Build/MMB29P) AppleWebKit/537.36 (KHTML, like Gecko) Chrome/41.0.2272.96 Mobile Safari/537.36 (compatible; Googlebot/2.1; +http://www.google.com/bot.html)"
66.249.66.46 - - [29/Aug/2019:09:17:49 +0000] "GET /en/search?category=&type=&place=36&area=170&price=200000&surface= HTTP/1.1" 500 4485 "-" "Mozilla/5.0 (Linux; Android 6.0.1; Nexus 5X Build/MMB29P) AppleWebKit/537.36 (KHTML, like Gecko) Chrome/41.0.2272.96 Mobile Safari/537.36 (compatible; Googlebot/2.1; +http://www.google.com/bot.html)"
46.229.168.136 - - [29/Aug/2019:09:31:08 +0000] "GET /en/apartments/maslenica-dvosoban-apartman-prvi-red-do-mora-4269-m2 HTTP/1.1" 200 5620 "-" "Mozilla/5.0 (compatible; SemrushBot/6~bl; +http://www.semrush.com/bot.html)"
66.249.66.46 - - [29/Aug/2019:09:32:51 +0000] "GET /hr/pretraga?category=&type=&place=58&area=159&price=100000&surface=100 HTTP/1.1" 500 4485 "-" "Mozilla/5.0 (Linux; Android 6.0.1; Nexus 5X Build/MMB29P) AppleWebKit/537.36 (KHTML, like Gecko) Chrome/41.0.2272.96 Mobile Safari/537.36 (compatible; Googlebot/2.1; +http://www.google.com/bot.html)"
46.229.168.139 - - [29/Aug/2019:09:37:17 +0000] "GET /robots.txt HTTP/1.1" 200 24 "-" "Mozilla/5.0 (compatible; SemrushBot/6~bl; +http://www.semrush.com/bot.html)"
46.229.168.136 - - [29/Aug/2019:09:37:18 +0000] "GET /hr/poslovni-prostori/sibenik-plisac-poslovni-prostor-uredski-4362-m2 HTTP/1.1" 200 5143 "-" "Mozilla/5.0 (compatible; SemrushBot/6~bl; +http://www.semrush.com/bot.html)"
66.249.66.42 - - [29/Aug/2019:09:39:03 +0000] "GET /hr/pretraga?category=&type=&place=16&area=&price=200000&surface=50 HTTP/1.1" 500 4485 "-" "Mozilla/5.0 (Linux; Android 6.0.1; Nexus 5X Build/MMB29P) AppleWebKit/537.36 (KHTML, like Gecko) Chrome/41.0.2272.96 Mobile Safari/537.36 (compatible; Googlebot/2.1; +http://www.google.com/bot.html)"
83.178.235.202 - - [29/Aug/2019:09:49:09 +0000] "GET / HTTP/1.1" 200 5820 "-" "Mozilla/5.0 (Linux; Android 8.0.0; ATU-L21) AppleWebKit/537.36 (KHTML, like Gecko) Chrome/76.0.3809.132 Mobile Safari/537.36"
83.178.235.202 - - [29/Aug/2019:09:49:21 +0000] "GET /zemljista HTTP/1.1" 200 5320 "https://www.citadela.hr/" "Mozilla/5.0 (Linux; Android 8.0.0; ATU-L21) AppleWebKit/537.36 (KHTML, like Gecko) Chrome/76.0.3809.132 Mobile Safari/537.36"
83.178.235.202 - - [29/Aug/2019:09:49:32 +0000] "GET /zemljista?page=5 HTTP/1.1" 200 4611 "https://www.citadela.hr/zemljista" "Mozilla/5.0 (Linux; Android 8.0.0; ATU-L21) AppleWebKit/537.36 (KHTML, like Gecko) Chrome/76.0.3809.132 Mobile Safari/537.36"
83.178.235.202 - - [29/Aug/2019:09:49:37 +0000] "GET /zemljista?page=4 HTTP/1.1" 200 5513 "https://www.citadela.hr/zemljista?page=5" "Mozilla/5.0 (Linux; Android 8.0.0; ATU-L21) AppleWebKit/537.36 (KHTML, like Gecko) Chrome/76.0.3809.132 Mobile Safari/537.36"
83.178.235.202 - - [29/Aug/2019:09:49:49 +0000] "GET /zemljista?page=3 HTTP/1.1" 200 5410 "https://www.citadela.hr/zemljista?page=4" "Mozilla/5.0 (Linux; Android 8.0.0; ATU-L21) AppleWebKit/537.36 (KHTML, like Gecko) Chrome/76.0.3809.132 Mobile Safari/537.36"
78.1.25.175 - - [29/Aug/2019:09:52:36 +0000] "GET /zemljista/baske-ostarije-grad-zemljiste-s-projektnom-dokumentacijom-1095-m2 HTTP/1.1" 200 6461 "https://www.google.com/" "Mozilla/5.0 (Windows NT 6.3; Win64; x64; rv:68.0) Gecko/20100101 Firefox/68.0"
78.1.25.175 - - [29/Aug/2019:09:52:36 +0000] "GET /css/bootstrap.css HTTP/1.1" 200 20712 "https://www.citadela.hr/zemljista/baske-ostarije-grad-zemljiste-s-projektnom-dokumentacijom-1095-m2" "Mozilla/5.0 (Windows NT 6.3; Win64; x64; rv:68.0) Gecko/20100101 Firefox/68.0"
78.1.25.175 - - [29/Aug/2019:09:52:36 +0000] "GET /css/responsive.css HTTP/1.1" 200 2788 "https://www.citadela.hr/zemljista/baske-ostarije-grad-zemljiste-s-projektnom-dokumentacijom-1095-m2" "Mozilla/5.0 (Windows NT 6.3; Win64; x64; rv:68.0) Gecko/20100101 Firefox/68.0"
78.1.25.175 - - [29/Aug/2019:09:52:36 +0000] "GET /css/style.css?v=2 HTTP/1.1" 200 17441 "https://www.citadela.hr/zemljista/baske-ostarije-grad-zemljiste-s-projektnom-dokumentacijom-1095-m2" "Mozilla/5.0 (Windows NT 6.3; Win64; x64; rv:68.0) Gecko/20100101 Firefox/68.0"
78.1.25.175 - - [29/Aug/2019:09:52:36 +0000] "GET /css/font-awesome.css HTTP/1.1" 200 7439 "https://www.citadela.hr/zemljista/baske-ostarije-grad-zemljiste-s-projektnom-dokumentacijom-1095-m2" "Mozilla/5.0 (Windows NT 6.3; Win64; x64; rv:68.0) Gecko/20100101 Firefox/68.0"
78.1.25.175 - - [29/Aug/2019:09:52:36 +0000] "GET /fonts/flaticon.css HTTP/1.1" 200 699 "https://www.citadela.hr/zemljista/baske-ostarije-grad-zemljiste-s-projektnom-dokumentacijom-1095-m2" "Mozilla/5.0 (Windows NT 6.3; Win64; x64; rv:68.0) Gecko/20100101 Firefox/68.0"
78.1.25.175 - - [29/Aug/2019:09:52:36 +0000] "GET /css/jslider.css HTTP/1.1" 200 763 "https://www.citadela.hr/zemljista/baske-ostarije-grad-zemljiste-s-projektnom-dokumentacijom-1095-m2" "Mozilla/5.0 (Windows NT 6.3; Win64; x64; rv:68.0) Gecko/20100101 Firefox/68.0"
78.1.25.175 - - [29/Aug/2019:09:52:36 +0000] "GET /css/colors/blue.css?v=2 HTTP/1.1" 200 3552 "https://www.citadela.hr/zemljista/baske-ostarije-grad-zemljiste-s-projektnom-dokumentacijom-1095-m2" "Mozilla/5.0 (Windows NT 6.3; Win64; x64; rv:68.0) Gecko/20100101 Firefox/68.0"
78.1.25.175 - - [29/Aug/2019:09:52:36 +0000] "GET /css/loader.css?v=2 HTTP/1.1" 200 772 "https://www.citadela.hr/zemljista/baske-ostarije-grad-zemljiste-s-projektnom-dokumentacijom-1095-m2" "Mozilla/5.0 (Windows NT 6.3; Win64; x64; rv:68.0) Gecko/20100101 Firefox/68.0"
78.1.25.175 - - [29/Aug/2019:09:52:37 +0000] "GET /assets/plugins/flag/css/flag-icon.css HTTP/1.1" 200 2837 "https://www.citadela.hr/zemljista/baske-ostarije-grad-zemljiste-s-projektnom-dokumentacijom-1095-m2" "Mozilla/5.0 (Windows NT 6.3; Win64; x64; rv:68.0) Gecko/20100101 Firefox/68.0"
78.1.25.175 - - [29/Aug/2019:09:52:37 +0000] "GET /unitegallery/css/unite-gallery.css HTTP/1.1" 200 4825 "https://www.citadela.hr/zemljista/baske-ostarije-grad-zemljiste-s-projektnom-dokumentacijom-1095-m2" "Mozilla/5.0 (Windows NT 6.3; Win64; x64; rv:68.0) Gecko/20100101 Firefox/68.0"
78.1.25.175 - - [29/Aug/2019:09:52:37 +0000] "GET /js/jquery.min.js HTTP/1.1" 200 33760 "https://www.citadela.hr/zemljista/baske-ostarije-grad-zemljiste-s-projektnom-dokumentacijom-1095-m2" "Mozilla/5.0 (Windows NT 6.3; Win64; x64; rv:68.0) Gecko/20100101 Firefox/68.0"
78.1.25.175 - - [29/Aug/2019:09:52:37 +0000] "GET /js/bootstrap.min.js HTTP/1.1" 200 9833 "https://www.citadela.hr/zemljista/baske-ostarije-grad-zemljiste-s-projektnom-dokumentacijom-1095-m2" "Mozilla/5.0 (Windows NT 6.3; Win64; x64; rv:68.0) Gecko/20100101 Firefox/68.0"
78.1.25.175 - - [29/Aug/2019:09:52:37 +0000] "GET /js/YouTubePopUp.jquery.js HTTP/1.1" 200 967 "https://www.citadela.hr/zemljista/baske-ostarije-grad-zemljiste-s-projektnom-dokumentacijom-1095-m2" "Mozilla/5.0 (Windows NT 6.3; Win64; x64; rv:68.0) Gecko/20100101 Firefox/68.0"
78.1.25.175 - - [29/Aug/2019:09:52:37 +0000] "GET /js/bootstrap-select.js HTTP/1.1" 200 15633 "https://www.citadela.hr/zemljista/baske-ostarije-grad-zemljiste-s-projektnom-dokumentacijom-1095-m2" "Mozilla/5.0 (Windows NT 6.3; Win64; x64; rv:68.0) Gecko/20100101 Firefox/68.0"
78.1.25.175 - - [29/Aug/2019:09:52:37 +0000] "GET /js/jquery.fancybox.pack.js HTTP/1.1" 200 8634 "https://www.citadela.hr/zemljista/baske-ostarije-grad-zemljiste-s-projektnom-dokumentacijom-1095-m2" "Mozilla/5.0 (Windows NT 6.3; Win64; x64; rv:68.0) Gecko/20100101 Firefox/68.0"
78.1.25.175 - - [29/Aug/2019:09:52:37 +0000] "GET /js/jquery.fancybox-media.js HTTP/1.1" 200 1973 "https://www.citadela.hr/zemljista/baske-ostarije-grad-zemljiste-s-projektnom-dokumentacijom-1095-m2" "Mozilla/5.0 (Windows NT 6.3; Win64; x64; rv:68.0) Gecko/20100101 Firefox/68.0"
78.1.25.175 - - [29/Aug/2019:09:52:37 +0000] "GET /js/owl.js HTTP/1.1" 200 17545 "https://www.citadela.hr/zemljista/baske-ostarije-grad-zemljiste-s-projektnom-dokumentacijom-1095-m2" "Mozilla/5.0 (Windows NT 6.3; Win64; x64; rv:68.0) Gecko/20100101 Firefox/68.0"
78.1.25.175 - - [29/Aug/2019:09:52:37 +0000] "GET /js/mixitup.js HTTP/1.1" 200 11347 "https://www.citadela.hr/zemljista/baske-ostarije-grad-zemljiste-s-projektnom-dokumentacijom-1095-m2" "Mozilla/5.0 (Windows NT 6.3; Win64; x64; rv:68.0) Gecko/20100101 Firefox/68.0"
78.1.25.175 - - [29/Aug/2019:09:52:37 +0000] "GET /js/wow.js HTTP/1.1" 200 2198 "https://www.citadela.hr/zemljista/baske-ostarije-grad-zemljiste-s-projektnom-dokumentacijom-1095-m2" "Mozilla/5.0 (Windows NT 6.3; Win64; x64; rv:68.0) Gecko/20100101 Firefox/68.0"
78.1.25.175 - - [29/Aug/2019:09:52:37 +0000] "GET /js/jshashtable-2.1_src.js HTTP/1.1" 200 2957 "https://www.citadela.hr/zemljista/baske-ostarije-grad-zemljiste-s-projektnom-dokumentacijom-1095-m2" "Mozilla/5.0 (Windows NT 6.3; Win64; x64; rv:68.0) Gecko/20100101 Firefox/68.0"
78.1.25.175 - - [29/Aug/2019:09:52:37 +0000] "GET /js/jquery.numberformatter-1.2.3.js HTTP/1.1" 200 4697 "https://www.citadela.hr/zemljista/baske-ostarije-grad-zemljiste-s-projektnom-dokumentacijom-1095-m2" "Mozilla/5.0 (Windows NT 6.3; Win64; x64; rv:68.0) Gecko/20100101 Firefox/68.0"
78.1.25.175 - - [29/Aug/2019:09:52:37 +0000] "GET /js/tmpl.js HTTP/1.1" 200 625 "https://www.citadela.hr/zemljista/baske-ostarije-grad-zemljiste-s-projektnom-dokumentacijom-1095-m2" "Mozilla/5.0 (Windows NT 6.3; Win64; x64; rv:68.0) Gecko/20100101 Firefox/68.0"
78.1.25.175 - - [29/Aug/2019:09:52:37 +0000] "GET /js/jquery.dependClass-0.1.js HTTP/1.1" 200 458 "https://www.citadela.hr/zemljista/baske-ostarije-grad-zemljiste-s-projektnom-dokumentacijom-1095-m2" "Mozilla/5.0 (Windows NT 6.3; Win64; x64; rv:68.0) Gecko/20100101 Firefox/68.0"
78.1.25.175 - - [29/Aug/2019:09:52:37 +0000] "GET /js/draggable-0.1.js HTTP/1.1" 200 1326 "https://www.citadela.hr/zemljista/baske-ostarije-grad-zemljiste-s-projektnom-dokumentacijom-1095-m2" "Mozilla/5.0 (Windows NT 6.3; Win64; x64; rv:68.0) Gecko/20100101 Firefox/68.0"
78.1.25.175 - - [29/Aug/2019:09:52:37 +0000] "GET /js/jquery.barrating.js HTTP/1.1" 200 4280 "https://www.citadela.hr/zemljista/baske-ostarije-grad-zemljiste-s-projektnom-dokumentacijom-1095-m2" "Mozilla/5.0 (Windows NT 6.3; Win64; x64; rv:68.0) Gecko/20100101 Firefox/68.0"
78.1.25.175 - - [29/Aug/2019:09:52:37 +0000] "GET /js/jquery.slider.js HTTP/1.1" 200 4772 "https://www.citadela.hr/zemljista/baske-ostarije-grad-zemljiste-s-projektnom-dokumentacijom-1095-m2" "Mozilla/5.0 (Windows NT 6.3; Win64; x64; rv:68.0) Gecko/20100101 Firefox/68.0"
78.1.25.175 - - [29/Aug/2019:09:52:37 +0000] "GET /js/custom.js HTTP/1.1" 200 5159 "https://www.citadela.hr/zemljista/baske-ostarije-grad-zemljiste-s-projektnom-dokumentacijom-1095-m2" "Mozilla/5.0 (Windows NT 6.3; Win64; x64; rv:68.0) Gecko/20100101 Firefox/68.0"
78.1.25.175 - - [29/Aug/2019:09:52:37 +0000] "GET /unitegallery/js/jquery-11.0.min.js HTTP/1.1" 200 33369 "https://www.citadela.hr/zemljista/baske-ostarije-grad-zemljiste-s-projektnom-dokumentacijom-1095-m2" "Mozilla/5.0 (Windows NT 6.3; Win64; x64; rv:68.0) Gecko/20100101 Firefox/68.0"
78.1.25.175 - - [29/Aug/2019:09:52:37 +0000] "GET /unitegallery/js/unitegallery.min.js HTTP/1.1" 200 66910 "https://www.citadela.hr/zemljista/baske-ostarije-grad-zemljiste-s-projektnom-dokumentacijom-1095-m2" "Mozilla/5.0 (Windows NT 6.3; Win64; x64; rv:68.0) Gecko/20100101 Firefox/68.0"
78.1.25.175 - - [29/Aug/2019:09:52:37 +0000] "GET /unitegallery/themes/compact/ug-theme-compact.js HTTP/1.1" 200 2477 "https://www.citadela.hr/zemljista/baske-ostarije-grad-zemljiste-s-projektnom-dokumentacijom-1095-m2" "Mozilla/5.0 (Windows NT 6.3; Win64; x64; rv:68.0) Gecko/20100101 Firefox/68.0"
78.1.25.175 - - [29/Aug/2019:09:52:37 +0000] "GET /css/animate.min.css HTTP/1.1" 200 4242 "https://www.citadela.hr/css/style.css?v=2" "Mozilla/5.0 (Windows NT 6.3; Win64; x64; rv:68.0) Gecko/20100101 Firefox/68.0"
78.1.25.175 - - [29/Aug/2019:09:52:37 +0000] "GET /css/jquery.fancybox.css HTTP/1.1" 200 1434 "https://www.citadela.hr/css/style.css?v=2" "Mozilla/5.0 (Windows NT 6.3; Win64; x64; rv:68.0) Gecko/20100101 Firefox/68.0"
78.1.25.175 - - [29/Aug/2019:09:52:37 +0000] "GET /css/owl.css HTTP/1.1" 200 1348 "https://www.citadela.hr/css/style.css?v=2" "Mozilla/5.0 (Windows NT 6.3; Win64; x64; rv:68.0) Gecko/20100101 Firefox/68.0"
78.1.25.175 - - [29/Aug/2019:09:52:37 +0000] "GET /img/logo_header.png?v=2 HTTP/1.1" 200 4348 "https://www.citadela.hr/zemljista/baske-ostarije-grad-zemljiste-s-projektnom-dokumentacijom-1095-m2" "Mozilla/5.0 (Windows NT 6.3; Win64; x64; rv:68.0) Gecko/20100101 Firefox/68.0"
78.1.25.175 - - [29/Aug/2019:09:52:37 +0000] "GET /uploads/thumbnails/343c0ac106065c50a8e34c76c6d18966.jpg HTTP/1.1" 200 32356 "https://www.citadela.hr/zemljista/baske-ostarije-grad-zemljiste-s-projektnom-dokumentacijom-1095-m2" "Mozilla/5.0 (Windows NT 6.3; Win64; x64; rv:68.0) Gecko/20100101 Firefox/68.0"
78.1.25.175 - - [29/Aug/2019:09:52:37 +0000] "GET /uploads/thumbnails/14570e92e71dc12bc95dd1dfa560e1ae.jpg HTTP/1.1" 200 38997 "https://www.citadela.hr/zemljista/baske-ostarije-grad-zemljiste-s-projektnom-dokumentacijom-1095-m2" "Mozilla/5.0 (Windows NT 6.3; Win64; x64; rv:68.0) Gecko/20100101 Firefox/68.0"
78.1.25.175 - - [29/Aug/2019:09:52:37 +0000] "GET /img/mate.jpg HTTP/1.1" 200 14037 "https://www.citadela.hr/zemljista/baske-ostarije-grad-zemljiste-s-projektnom-dokumentacijom-1095-m2" "Mozilla/5.0 (Windows NT 6.3; Win64; x64; rv:68.0) Gecko/20100101 Firefox/68.0"
78.1.25.175 - - [29/Aug/2019:09:52:37 +0000] "GET /uploads/thumbnails/a41bcea9c5b4f801d324882f95c0a89e.jpg HTTP/1.1" 200 49051 "https://www.citadela.hr/zemljista/baske-ostarije-grad-zemljiste-s-projektnom-dokumentacijom-1095-m2" "Mozilla/5.0 (Windows NT 6.3; Win64; x64; rv:68.0) Gecko/20100101 Firefox/68.0"
78.1.25.175 - - [29/Aug/2019:09:52:37 +0000] "GET /img/logo_footer.png HTTP/1.1" 200 4213 "https://www.citadela.hr/zemljista/baske-ostarije-grad-zemljiste-s-projektnom-dokumentacijom-1095-m2" "Mozilla/5.0 (Windows NT 6.3; Win64; x64; rv:68.0) Gecko/20100101 Firefox/68.0"
78.1.25.175 - - [29/Aug/2019:09:52:37 +0000] "GET /uploads/thumbnails/f52db60061aa0f39c5e71c8b05ad19fe.jpg HTTP/1.1" 200 53562 "https://www.citadela.hr/zemljista/baske-ostarije-grad-zemljiste-s-projektnom-dokumentacijom-1095-m2" "Mozilla/5.0 (Windows NT 6.3; Win64; x64; rv:68.0) Gecko/20100101 Firefox/68.0"
78.1.25.175 - - [29/Aug/2019:09:52:37 +0000] "GET /fonts/fontawesome-webfont.woff2?v=4.7.0 HTTP/1.1" 200 77160 "https://www.citadela.hr/css/font-awesome.css" "Mozilla/5.0 (Windows NT 6.3; Win64; x64; rv:68.0) Gecko/20100101 Firefox/68.0"
78.1.25.175 - - [29/Aug/2019:09:52:37 +0000] "GET /uploads/thumbnails/450ec5aab6c7b8a59210f6613de97b17.jpg HTTP/1.1" 200 48503 "https://www.citadela.hr/zemljista/baske-ostarije-grad-zemljiste-s-projektnom-dokumentacijom-1095-m2" "Mozilla/5.0 (Windows NT 6.3; Win64; x64; rv:68.0) Gecko/20100101 Firefox/68.0"
78.1.25.175 - - [29/Aug/2019:09:52:37 +0000] "GET /uploads/thumbnails/3d50c29ba3fc6ea3bea05a1b63edb2b8.jpg HTTP/1.1" 200 16722 "https://www.citadela.hr/zemljista/baske-ostarije-grad-zemljiste-s-projektnom-dokumentacijom-1095-m2" "Mozilla/5.0 (Windows NT 6.3; Win64; x64; rv:68.0) Gecko/20100101 Firefox/68.0"
78.1.25.175 - - [29/Aug/2019:09:52:37 +0000] "GET /assets/plugins/flag/flags/4x3/hr.svg HTTP/1.1" 200 80697 "https://www.citadela.hr/assets/plugins/flag/css/flag-icon.css" "Mozilla/5.0 (Windows NT 6.3; Win64; x64; rv:68.0) Gecko/20100101 Firefox/68.0"
78.1.25.175 - - [29/Aug/2019:09:52:37 +0000] "GET /img/banner/banner.png HTTP/1.1" 200 188379 "https://www.citadela.hr/css/style.css?v=2" "Mozilla/5.0 (Windows NT 6.3; Win64; x64; rv:68.0) Gecko/20100101 Firefox/68.0"
78.1.25.175 - - [29/Aug/2019:09:52:37 +0000] "GET /uploads/thumbnails/ec68ada914e6b37a8f33d58f2240a499.jpg HTTP/1.1" 200 23094 "https://www.citadela.hr/zemljista/baske-ostarije-grad-zemljiste-s-projektnom-dokumentacijom-1095-m2" "Mozilla/5.0 (Windows NT 6.3; Win64; x64; rv:68.0) Gecko/20100101 Firefox/68.0"
78.1.25.175 - - [29/Aug/2019:09:52:37 +0000] "GET /uploads/thumbnails/a23eacfa8a6b236ca4d2f424edce2d7f.jpg HTTP/1.1" 200 48852 "https://www.citadela.hr/zemljista/baske-ostarije-grad-zemljiste-s-projektnom-dokumentacijom-1095-m2" "Mozilla/5.0 (Windows NT 6.3; Win64; x64; rv:68.0) Gecko/20100101 Firefox/68.0"
78.1.25.175 - - [29/Aug/2019:09:52:37 +0000] "GET /uploads/thumbnails/8fa8aae10d2b8f1e37fb6871c18e37c7.jpg HTTP/1.1" 200 26123 "https://www.citadela.hr/zemljista/baske-ostarije-grad-zemljiste-s-projektnom-dokumentacijom-1095-m2" "Mozilla/5.0 (Windows NT 6.3; Win64; x64; rv:68.0) Gecko/20100101 Firefox/68.0"
78.1.25.175 - - [29/Aug/2019:09:52:37 +0000] "GET /uploads/thumbnails/82b6e80cdc48bbd35184e4063d819b3b.jpg HTTP/1.1" 200 46357 "https://www.citadela.hr/zemljista/baske-ostarije-grad-zemljiste-s-projektnom-dokumentacijom-1095-m2" "Mozilla/5.0 (Windows NT 6.3; Win64; x64; rv:68.0) Gecko/20100101 Firefox/68.0"
78.1.25.175 - - [29/Aug/2019:09:52:37 +0000] "GET /uploads/thumbnails/5b19a6d3750a3ebc5ea1bf6ffb724817.jpg HTTP/1.1" 200 47306 "https://www.citadela.hr/zemljista/baske-ostarije-grad-zemljiste-s-projektnom-dokumentacijom-1095-m2" "Mozilla/5.0 (Windows NT 6.3; Win64; x64; rv:68.0) Gecko/20100101 Firefox/68.0"
78.1.25.175 - - [29/Aug/2019:09:52:37 +0000] "GET /uploads/thumbnails/9b3a97ca07e6070c780ceaed5edce551.jpg HTTP/1.1" 200 38786 "https://www.citadela.hr/zemljista/baske-ostarije-grad-zemljiste-s-projektnom-dokumentacijom-1095-m2" "Mozilla/5.0 (Windows NT 6.3; Win64; x64; rv:68.0) Gecko/20100101 Firefox/68.0"
78.1.25.175 - - [29/Aug/2019:09:52:37 +0000] "GET /uploads/thumbnails/e4f735f3768a00dc938057ea56417d5c.jpg HTTP/1.1" 200 44228 "https://www.citadela.hr/zemljista/baske-ostarije-grad-zemljiste-s-projektnom-dokumentacijom-1095-m2" "Mozilla/5.0 (Windows NT 6.3; Win64; x64; rv:68.0) Gecko/20100101 Firefox/68.0"
78.1.25.175 - - [29/Aug/2019:09:52:38 +0000] "GET /uploads/thumbnails/8fa8aae10d2b8f1e37fb6871c18e37c7.jpg HTTP/1.1" 206 9739 "https://www.citadela.hr/zemljista/baske-ostarije-grad-zemljiste-s-projektnom-dokumentacijom-1095-m2" "Mozilla/5.0 (Windows NT 6.3; Win64; x64; rv:68.0) Gecko/20100101 Firefox/68.0"
78.1.25.175 - - [29/Aug/2019:09:52:38 +0000] "GET /uploads/thumbnails/5b19a6d3750a3ebc5ea1bf6ffb724817.jpg HTTP/1.1" 206 31282 "https://www.citadela.hr/zemljista/baske-ostarije-grad-zemljiste-s-projektnom-dokumentacijom-1095-m2" "Mozilla/5.0 (Windows NT 6.3; Win64; x64; rv:68.0) Gecko/20100101 Firefox/68.0"
78.1.25.175 - - [29/Aug/2019:09:52:38 +0000] "GET /uploads/thumbnails/e4f735f3768a00dc938057ea56417d5c.jpg HTTP/1.1" 206 28204 "https://www.citadela.hr/zemljista/baske-ostarije-grad-zemljiste-s-projektnom-dokumentacijom-1095-m2" "Mozilla/5.0 (Windows NT 6.3; Win64; x64; rv:68.0) Gecko/20100101 Firefox/68.0"
78.1.25.175 - - [29/Aug/2019:09:52:38 +0000] "GET /unitegallery/images/loader.gif HTTP/1.1" 200 673 "https://www.citadela.hr/unitegallery/css/unite-gallery.css" "Mozilla/5.0 (Windows NT 6.3; Win64; x64; rv:68.0) Gecko/20100101 Firefox/68.0"
78.1.25.175 - - [29/Aug/2019:09:52:38 +0000] "GET /unitegallery/images/loader-white1.gif HTTP/1.1" 200 2545 "https://www.citadela.hr/unitegallery/css/unite-gallery.css" "Mozilla/5.0 (Windows NT 6.3; Win64; x64; rv:68.0) Gecko/20100101 Firefox/68.0"
78.1.25.175 - - [29/Aug/2019:09:52:38 +0000] "GET /unitegallery/skins/default/slider_arrow_left.png HTTP/1.1" 200 493 "https://www.citadela.hr/unitegallery/css/unite-gallery.css" "Mozilla/5.0 (Windows NT 6.3; Win64; x64; rv:68.0) Gecko/20100101 Firefox/68.0"
78.1.25.175 - - [29/Aug/2019:09:52:38 +0000] "GET /unitegallery/skins/default/slider_arrow_right.png HTTP/1.1" 200 505 "https://www.citadela.hr/unitegallery/css/unite-gallery.css" "Mozilla/5.0 (Windows NT 6.3; Win64; x64; rv:68.0) Gecko/20100101 Firefox/68.0"
78.1.25.175 - - [29/Aug/2019:09:52:38 +0000] "GET /unitegallery/skins/default/button_fullscreen.png HTTP/1.1" 200 1146 "https://www.citadela.hr/unitegallery/css/unite-gallery.css" "Mozilla/5.0 (Windows NT 6.3; Win64; x64; rv:68.0) Gecko/20100101 Firefox/68.0"
78.1.25.175 - - [29/Aug/2019:09:52:38 +0000] "GET /unitegallery/images/play-button-square.png HTTP/1.1" 200 4591 "https://www.citadela.hr/unitegallery/css/unite-gallery.css" "Mozilla/5.0 (Windows NT 6.3; Win64; x64; rv:68.0) Gecko/20100101 Firefox/68.0"
78.1.25.175 - - [29/Aug/2019:09:52:38 +0000] "GET /unitegallery/images/loader-black1.gif HTTP/1.1" 200 5855 "https://www.citadela.hr/unitegallery/css/unite-gallery.css" "Mozilla/5.0 (Windows NT 6.3; Win64; x64; rv:68.0) Gecko/20100101 Firefox/68.0"
78.1.25.175 - - [29/Aug/2019:09:52:38 +0000] "GET /unitegallery/images/button-close.png HTTP/1.1" 200 7155 "https://www.citadela.hr/unitegallery/css/unite-gallery.css" "Mozilla/5.0 (Windows NT 6.3; Win64; x64; rv:68.0) Gecko/20100101 Firefox/68.0"
78.1.25.175 - - [29/Aug/2019:09:52:38 +0000] "GET /uploads/images/a41bcea9c5b4f801d324882f95c0a89e.jpg HTTP/1.1" 200 82761 "https://www.citadela.hr/zemljista/baske-ostarije-grad-zemljiste-s-projektnom-dokumentacijom-1095-m2" "Mozilla/5.0 (Windows NT 6.3; Win64; x64; rv:68.0) Gecko/20100101 Firefox/68.0"
78.1.25.175 - - [29/Aug/2019:09:52:38 +0000] "GET /uploads/images/e4f735f3768a00dc938057ea56417d5c.jpg HTTP/1.1" 200 97468 "https://www.citadela.hr/zemljista/baske-ostarije-grad-zemljiste-s-projektnom-dokumentacijom-1095-m2" "Mozilla/5.0 (Windows NT 6.3; Win64; x64; rv:68.0) Gecko/20100101 Firefox/68.0"
