93.137.30.124 - - [28/Jun/2019:11:42:44 +0000] "GET /unitegallery/skins/default/slider_arrow_right.png HTTP/1.1" 200 493 "http://www.hdz-zadar.hr/unitegallery/css/unite-gallery.css" "Mozilla/5.0 (Linux; Android 6.0; ALE-L21 Build/HuaweiALE-L21; wv) AppleWebKit/537.36 (KHTML, like Gecko) Version/4.0 Chrome/75.0.3770.101 Mobile Safari/537.36 [FB_IAB/FB4A;FBAV/227.0.0.43.158;]"
93.137.30.124 - - [28/Jun/2019:11:42:44 +0000] "GET /unitegallery/skins/default/button_fullscreen.png HTTP/1.1" 200 1050 "http://www.hdz-zadar.hr/unitegallery/css/unite-gallery.css" "Mozilla/5.0 (Linux; Android 6.0; ALE-L21 Build/HuaweiALE-L21; wv) AppleWebKit/537.36 (KHTML, like Gecko) Version/4.0 Chrome/75.0.3770.101 Mobile Safari/537.36 [FB_IAB/FB4A;FBAV/227.0.0.43.158;]"
93.137.30.124 - - [28/Jun/2019:11:42:44 +0000] "GET /unitegallery/skins/default/icon_zoom_minus.png HTTP/1.1" 200 285 "http://www.hdz-zadar.hr/unitegallery/css/unite-gallery.css" "Mozilla/5.0 (Linux; Android 6.0; ALE-L21 Build/HuaweiALE-L21; wv) AppleWebKit/537.36 (KHTML, like Gecko) Version/4.0 Chrome/75.0.3770.101 Mobile Safari/537.36 [FB_IAB/FB4A;FBAV/227.0.0.43.158;]"
93.137.30.124 - - [28/Jun/2019:11:42:44 +0000] "GET /unitegallery/skins/default/button_playpause.png HTTP/1.1" 200 604 "http://www.hdz-zadar.hr/unitegallery/css/unite-gallery.css" "Mozilla/5.0 (Linux; Android 6.0; ALE-L21 Build/HuaweiALE-L21; wv) AppleWebKit/537.36 (KHTML, like Gecko) Version/4.0 Chrome/75.0.3770.101 Mobile Safari/537.36 [FB_IAB/FB4A;FBAV/227.0.0.43.158;]"
93.137.30.124 - - [28/Jun/2019:11:42:44 +0000] "GET /unitegallery/images/loader-white1.gif HTTP/1.1" 200 2545 "http://www.hdz-zadar.hr/unitegallery/css/unite-gallery.css" "Mozilla/5.0 (Linux; Android 6.0; ALE-L21 Build/HuaweiALE-L21; wv) AppleWebKit/537.36 (KHTML, like Gecko) Version/4.0 Chrome/75.0.3770.101 Mobile Safari/537.36 [FB_IAB/FB4A;FBAV/227.0.0.43.158;]"
93.137.30.124 - - [28/Jun/2019:11:42:44 +0000] "GET /uploads/thumbnails/55786d7d888e2ed57c3edcfaf3332b3d.png HTTP/1.1" 200 537636 "http://www.hdz-zadar.hr/aktualno/28-obljetnica-112-brigade" "Mozilla/5.0 (Linux; Android 6.0; ALE-L21 Build/HuaweiALE-L21; wv) AppleWebKit/537.36 (KHTML, like Gecko) Version/4.0 Chrome/75.0.3770.101 Mobile Safari/537.36 [FB_IAB/FB4A;FBAV/227.0.0.43.158;]"
93.137.30.124 - - [28/Jun/2019:11:42:45 +0000] "GET /unitegallery/images/loader-black1.gif HTTP/1.1" 200 5855 "http://www.hdz-zadar.hr/unitegallery/css/unite-gallery.css" "Mozilla/5.0 (Linux; Android 6.0; ALE-L21 Build/HuaweiALE-L21; wv) AppleWebKit/537.36 (KHTML, like Gecko) Version/4.0 Chrome/75.0.3770.101 Mobile Safari/537.36 [FB_IAB/FB4A;FBAV/227.0.0.43.158;]"
93.137.30.124 - - [28/Jun/2019:11:42:45 +0000] "GET /unitegallery/images/play-button-square.png HTTP/1.1" 200 4591 "http://www.hdz-zadar.hr/unitegallery/css/unite-gallery.css" "Mozilla/5.0 (Linux; Android 6.0; ALE-L21 Build/HuaweiALE-L21; wv) AppleWebKit/537.36 (KHTML, like Gecko) Version/4.0 Chrome/75.0.3770.101 Mobile Safari/537.36 [FB_IAB/FB4A;FBAV/227.0.0.43.158;]"
93.137.30.124 - - [28/Jun/2019:11:42:45 +0000] "GET /unitegallery/skins/default/grid_handle_black_top.png HTTP/1.1" 200 942 "http://www.hdz-zadar.hr/unitegallery/css/unite-gallery.css" "Mozilla/5.0 (Linux; Android 6.0; ALE-L21 Build/HuaweiALE-L21; wv) AppleWebKit/537.36 (KHTML, like Gecko) Version/4.0 Chrome/75.0.3770.101 Mobile Safari/537.36 [FB_IAB/FB4A;FBAV/227.0.0.43.158;]"
93.137.30.124 - - [28/Jun/2019:11:42:45 +0000] "GET /unitegallery/images/loader.gif HTTP/1.1" 200 673 "http://www.hdz-zadar.hr/unitegallery/css/unite-gallery.css" "Mozilla/5.0 (Linux; Android 6.0; ALE-L21 Build/HuaweiALE-L21; wv) AppleWebKit/537.36 (KHTML, like Gecko) Version/4.0 Chrome/75.0.3770.101 Mobile Safari/537.36 [FB_IAB/FB4A;FBAV/227.0.0.43.158;]"
93.137.30.124 - - [28/Jun/2019:11:42:45 +0000] "GET /unitegallery/images/not_loaded.png HTTP/1.1" 200 858 "http://www.hdz-zadar.hr/unitegallery/css/unite-gallery.css" "Mozilla/5.0 (Linux; Android 6.0; ALE-L21 Build/HuaweiALE-L21; wv) AppleWebKit/537.36 (KHTML, like Gecko) Version/4.0 Chrome/75.0.3770.101 Mobile Safari/537.36 [FB_IAB/FB4A;FBAV/227.0.0.43.158;]"
93.137.30.124 - - [28/Jun/2019:11:42:45 +0000] "GET /unitegallery/images/button-close.png HTTP/1.1" 200 7155 "http://www.hdz-zadar.hr/unitegallery/css/unite-gallery.css" "Mozilla/5.0 (Linux; Android 6.0; ALE-L21 Build/HuaweiALE-L21; wv) AppleWebKit/537.36 (KHTML, like Gecko) Version/4.0 Chrome/75.0.3770.101 Mobile Safari/537.36 [FB_IAB/FB4A;FBAV/227.0.0.43.158;]"
93.137.30.124 - - [28/Jun/2019:11:42:45 +0000] "GET /uploads/images/e634f0f2a485b09f88a3b4beddcf1438.jpg HTTP/1.1" 200 370357 "http://www.hdz-zadar.hr/aktualno/28-obljetnica-112-brigade" "Mozilla/5.0 (Linux; Android 6.0; ALE-L21 Build/HuaweiALE-L21; wv) AppleWebKit/537.36 (KHTML, like Gecko) Version/4.0 Chrome/75.0.3770.101 Mobile Safari/537.36 [FB_IAB/FB4A;FBAV/227.0.0.43.158;]"
93.137.30.124 - - [28/Jun/2019:11:42:45 +0000] "GET /uploads/images/3a582589e19a8f93c969b16f96809649.jpg HTTP/1.1" 200 370478 "http://www.hdz-zadar.hr/aktualno/28-obljetnica-112-brigade" "Mozilla/5.0 (Linux; Android 6.0; ALE-L21 Build/HuaweiALE-L21; wv) AppleWebKit/537.36 (KHTML, like Gecko) Version/4.0 Chrome/75.0.3770.101 Mobile Safari/537.36 [FB_IAB/FB4A;FBAV/227.0.0.43.158;]"
93.137.30.124 - - [28/Jun/2019:11:42:45 +0000] "GET /uploads/images/c26011493e65bc233c76d763eb85138a.jpg HTTP/1.1" 200 362218 "http://www.hdz-zadar.hr/aktualno/28-obljetnica-112-brigade" "Mozilla/5.0 (Linux; Android 6.0; ALE-L21 Build/HuaweiALE-L21; wv) AppleWebKit/537.36 (KHTML, like Gecko) Version/4.0 Chrome/75.0.3770.101 Mobile Safari/537.36 [FB_IAB/FB4A;FBAV/227.0.0.43.158;]"
93.137.30.124 - - [28/Jun/2019:11:42:46 +0000] "GET /favicon.ico HTTP/1.1" 200 - "http://www.hdz-zadar.hr/aktualno/28-obljetnica-112-brigade" "Mozilla/5.0 (Linux; Android 6.0; ALE-L21 Build/HuaweiALE-L21; wv) AppleWebKit/537.36 (KHTML, like Gecko) Version/4.0 Chrome/75.0.3770.101 Mobile Safari/537.36 [FB_IAB/FB4A;FBAV/227.0.0.43.158;]"
83.184.108.42 - - [28/Jun/2019:11:44:31 +0000] "GET /aktualno/28-obljetnica-112-brigade HTTP/1.1" 200 11198 "http://m.facebook.com" "Mozilla/5.0 (iPhone; CPU iPhone OS 12_1_2 like Mac OS X) AppleWebKit/605.1.15 (KHTML, like Gecko) Mobile/16C101 [FBAN/FBIOS;FBDV/iPhone10,6;FBMD/iPhone;FBSN/iOS;FBSV/12.1.2;FBSS/3;FBCR/Carrier;FBID/phone;FBLC/hr_HR;FBOP/5]"
83.184.108.42 - - [28/Jun/2019:11:44:31 +0000] "GET /public/css/ycp.css HTTP/1.1" 200 2625 "http://www.hdz-zadar.hr/aktualno/28-obljetnica-112-brigade" "Mozilla/5.0 (iPhone; CPU iPhone OS 12_1_2 like Mac OS X) AppleWebKit/605.1.15 (KHTML, like Gecko) Mobile/16C101 [FBAN/FBIOS;FBDV/iPhone10,6;FBMD/iPhone;FBSN/iOS;FBSV/12.1.2;FBSS/3;FBCR/Carrier;FBID/phone;FBLC/hr_HR;FBOP/5]"
83.184.108.42 - - [28/Jun/2019:11:44:31 +0000] "GET /public/css/styles-mobile.css?v=1 HTTP/1.1" 200 57372 "http://www.hdz-zadar.hr/aktualno/28-obljetnica-112-brigade" "Mozilla/5.0 (iPhone; CPU iPhone OS 12_1_2 like Mac OS X) AppleWebKit/605.1.15 (KHTML, like Gecko) Mobile/16C101 [FBAN/FBIOS;FBDV/iPhone10,6;FBMD/iPhone;FBSN/iOS;FBSV/12.1.2;FBSS/3;FBCR/Carrier;FBID/phone;FBLC/hr_HR;FBOP/5]"
83.184.108.42 - - [28/Jun/2019:11:44:31 +0000] "GET /unitegallery/js/jquery-11.0.min.js HTTP/1.1" 200 96381 "http://www.hdz-zadar.hr/aktualno/28-obljetnica-112-brigade" "Mozilla/5.0 (iPhone; CPU iPhone OS 12_1_2 like Mac OS X) AppleWebKit/605.1.15 (KHTML, like Gecko) Mobile/16C101 [FBAN/FBIOS;FBDV/iPhone10,6;FBMD/iPhone;FBSN/iOS;FBSV/12.1.2;FBSS/3;FBCR/Carrier;FBID/phone;FBLC/hr_HR;FBOP/5]"
83.184.108.42 - - [28/Jun/2019:11:44:31 +0000] "GET /unitegallery/css/unite-gallery.css HTTP/1.1" 200 31016 "http://www.hdz-zadar.hr/aktualno/28-obljetnica-112-brigade" "Mozilla/5.0 (iPhone; CPU iPhone OS 12_1_2 like Mac OS X) AppleWebKit/605.1.15 (KHTML, like Gecko) Mobile/16C101 [FBAN/FBIOS;FBDV/iPhone10,6;FBMD/iPhone;FBSN/iOS;FBSV/12.1.2;FBSS/3;FBCR/Carrier;FBID/phone;FBLC/hr_HR;FBOP/5]"
83.184.108.42 - - [28/Jun/2019:11:44:31 +0000] "GET /unitegallery/themes/compact/ug-theme-compact.js HTTP/1.1" 200 9736 "http://www.hdz-zadar.hr/aktualno/28-obljetnica-112-brigade" "Mozilla/5.0 (iPhone; CPU iPhone OS 12_1_2 like Mac OS X) AppleWebKit/605.1.15 (KHTML, like Gecko) Mobile/16C101 [FBAN/FBIOS;FBDV/iPhone10,6;FBMD/iPhone;FBSN/iOS;FBSV/12.1.2;FBSS/3;FBCR/Carrier;FBID/phone;FBLC/hr_HR;FBOP/5]"
83.184.108.42 - - [28/Jun/2019:11:44:31 +0000] "GET /public/js/global-mobile.html HTTP/1.1" 200 12188 "http://www.hdz-zadar.hr/aktualno/28-obljetnica-112-brigade" "Mozilla/5.0 (iPhone; CPU iPhone OS 12_1_2 like Mac OS X) AppleWebKit/605.1.15 (KHTML, like Gecko) Mobile/16C101 [FBAN/FBIOS;FBDV/iPhone10,6;FBMD/iPhone;FBSN/iOS;FBSV/12.1.2;FBSS/3;FBCR/Carrier;FBID/phone;FBLC/hr_HR;FBOP/5]"
83.184.108.42 - - [28/Jun/2019:11:44:31 +0000] "GET /public/js/vendor/jquery-ui.min.html HTTP/1.1" 200 44242 "http://www.hdz-zadar.hr/aktualno/28-obljetnica-112-brigade" "Mozilla/5.0 (iPhone; CPU iPhone OS 12_1_2 like Mac OS X) AppleWebKit/605.1.15 (KHTML, like Gecko) Mobile/16C101 [FBAN/FBIOS;FBDV/iPhone10,6;FBMD/iPhone;FBSN/iOS;FBSV/12.1.2;FBSS/3;FBCR/Carrier;FBID/phone;FBLC/hr_HR;FBOP/5]"
83.184.108.42 - - [28/Jun/2019:11:44:31 +0000] "GET /public/img/global/btn-close-menu.jpg HTTP/1.1" 200 844 "http://www.hdz-zadar.hr/aktualno/28-obljetnica-112-brigade" "Mozilla/5.0 (iPhone; CPU iPhone OS 12_1_2 like Mac OS X) AppleWebKit/605.1.15 (KHTML, like Gecko) Mobile/16C101 [FBAN/FBIOS;FBDV/iPhone10,6;FBMD/iPhone;FBSN/iOS;FBSV/12.1.2;FBSS/3;FBCR/Carrier;FBID/phone;FBLC/hr_HR;FBOP/5]"
83.184.108.42 - - [28/Jun/2019:11:44:31 +0000] "GET /public/js/ycp.js HTTP/1.1" 200 9070 "http://www.hdz-zadar.hr/aktualno/28-obljetnica-112-brigade" "Mozilla/5.0 (iPhone; CPU iPhone OS 12_1_2 like Mac OS X) AppleWebKit/605.1.15 (KHTML, like Gecko) Mobile/16C101 [FBAN/FBIOS;FBDV/iPhone10,6;FBMD/iPhone;FBSN/iOS;FBSV/12.1.2;FBSS/3;FBCR/Carrier;FBID/phone;FBLC/hr_HR;FBOP/5]"
83.184.108.42 - - [28/Jun/2019:11:44:31 +0000] "GET /public/js/vendor/jquery.bxslider.min.html HTTP/1.1" 200 19359 "http://www.hdz-zadar.hr/aktualno/28-obljetnica-112-brigade" "Mozilla/5.0 (iPhone; CPU iPhone OS 12_1_2 like Mac OS X) AppleWebKit/605.1.15 (KHTML, like Gecko) Mobile/16C101 [FBAN/FBIOS;FBDV/iPhone10,6;FBMD/iPhone;FBSN/iOS;FBSV/12.1.2;FBSS/3;FBCR/Carrier;FBID/phone;FBLC/hr_HR;FBOP/5]"
83.184.108.42 - - [28/Jun/2019:11:44:31 +0000] "GET /unitegallery/js/unitegallery.min.js HTTP/1.1" 200 251556 "http://www.hdz-zadar.hr/aktualno/28-obljetnica-112-brigade" "Mozilla/5.0 (iPhone; CPU iPhone OS 12_1_2 like Mac OS X) AppleWebKit/605.1.15 (KHTML, like Gecko) Mobile/16C101 [FBAN/FBIOS;FBDV/iPhone10,6;FBMD/iPhone;FBSN/iOS;FBSV/12.1.2;FBSS/3;FBCR/Carrier;FBID/phone;FBLC/hr_HR;FBOP/5]"
83.184.108.42 - - [28/Jun/2019:11:44:31 +0000] "GET /public/img/global/logo-main-mobile.jpg HTTP/1.1" 200 15782 "http://www.hdz-zadar.hr/aktualno/28-obljetnica-112-brigade" "Mozilla/5.0 (iPhone; CPU iPhone OS 12_1_2 like Mac OS X) AppleWebKit/605.1.15 (KHTML, like Gecko) Mobile/16C101 [FBAN/FBIOS;FBDV/iPhone10,6;FBMD/iPhone;FBSN/iOS;FBSV/12.1.2;FBSS/3;FBCR/Carrier;FBID/phone;FBLC/hr_HR;FBOP/5]"
83.184.108.42 - - [28/Jun/2019:11:44:32 +0000] "GET /public/img/global/logo-header-mobile.png HTTP/1.1" 200 8609 "http://www.hdz-zadar.hr/aktualno/28-obljetnica-112-brigade" "Mozilla/5.0 (iPhone; CPU iPhone OS 12_1_2 like Mac OS X) AppleWebKit/605.1.15 (KHTML, like Gecko) Mobile/16C101 [FBAN/FBIOS;FBDV/iPhone10,6;FBMD/iPhone;FBSN/iOS;FBSV/12.1.2;FBSS/3;FBCR/Carrier;FBID/phone;FBLC/hr_HR;FBOP/5]"
83.184.108.42 - - [28/Jun/2019:11:44:32 +0000] "GET /public/img/global/btn-close-nav-mobile.jpg HTTP/1.1" 200 2068 "http://www.hdz-zadar.hr/aktualno/28-obljetnica-112-brigade" "Mozilla/5.0 (iPhone; CPU iPhone OS 12_1_2 like Mac OS X) AppleWebKit/605.1.15 (KHTML, like Gecko) Mobile/16C101 [FBAN/FBIOS;FBDV/iPhone10,6;FBMD/iPhone;FBSN/iOS;FBSV/12.1.2;FBSS/3;FBCR/Carrier;FBID/phone;FBLC/hr_HR;FBOP/5]"
83.184.108.42 - - [28/Jun/2019:11:44:32 +0000] "GET /public/img/global/btn-fb-footer.jpg HTTP/1.1" 200 9466 "http://www.hdz-zadar.hr/aktualno/28-obljetnica-112-brigade" "Mozilla/5.0 (iPhone; CPU iPhone OS 12_1_2 like Mac OS X) AppleWebKit/605.1.15 (KHTML, like Gecko) Mobile/16C101 [FBAN/FBIOS;FBDV/iPhone10,6;FBMD/iPhone;FBSN/iOS;FBSV/12.1.2;FBSS/3;FBCR/Carrier;FBID/phone;FBLC/hr_HR;FBOP/5]"
83.184.108.42 - - [28/Jun/2019:11:44:32 +0000] "GET /public/img/global/btn-ig-footer.jpg HTTP/1.1" 200 11541 "http://www.hdz-zadar.hr/aktualno/28-obljetnica-112-brigade" "Mozilla/5.0 (iPhone; CPU iPhone OS 12_1_2 like Mac OS X) AppleWebKit/605.1.15 (KHTML, like Gecko) Mobile/16C101 [FBAN/FBIOS;FBDV/iPhone10,6;FBMD/iPhone;FBSN/iOS;FBSV/12.1.2;FBSS/3;FBCR/Carrier;FBID/phone;FBLC/hr_HR;FBOP/5]"
83.184.108.42 - - [28/Jun/2019:11:44:32 +0000] "GET /public/img/global/btn-yt-footer.jpg HTTP/1.1" 200 10397 "http://www.hdz-zadar.hr/aktualno/28-obljetnica-112-brigade" "Mozilla/5.0 (iPhone; CPU iPhone OS 12_1_2 like Mac OS X) AppleWebKit/605.1.15 (KHTML, like Gecko) Mobile/16C101 [FBAN/FBIOS;FBDV/iPhone10,6;FBMD/iPhone;FBSN/iOS;FBSV/12.1.2;FBSS/3;FBCR/Carrier;FBID/phone;FBLC/hr_HR;FBOP/5]"
83.184.108.42 - - [28/Jun/2019:11:44:32 +0000] "GET /uploads/thumbnails/c26011493e65bc233c76d763eb85138a.jpg HTTP/1.1" 200 103918 "http://www.hdz-zadar.hr/aktualno/28-obljetnica-112-brigade" "Mozilla/5.0 (iPhone; CPU iPhone OS 12_1_2 like Mac OS X) AppleWebKit/605.1.15 (KHTML, like Gecko) Mobile/16C101 [FBAN/FBIOS;FBDV/iPhone10,6;FBMD/iPhone;FBSN/iOS;FBSV/12.1.2;FBSS/3;FBCR/Carrier;FBID/phone;FBLC/hr_HR;FBOP/5]"
83.184.108.42 - - [28/Jun/2019:11:44:32 +0000] "GET /uploads/thumbnails/17342f28810e19991f775d8559e91246.jpeg HTTP/1.1" 200 50825 "http://www.hdz-zadar.hr/aktualno/28-obljetnica-112-brigade" "Mozilla/5.0 (iPhone; CPU iPhone OS 12_1_2 like Mac OS X) AppleWebKit/605.1.15 (KHTML, like Gecko) Mobile/16C101 [FBAN/FBIOS;FBDV/iPhone10,6;FBMD/iPhone;FBSN/iOS;FBSV/12.1.2;FBSS/3;FBCR/Carrier;FBID/phone;FBLC/hr_HR;FBOP/5]"
83.184.108.42 - - [28/Jun/2019:11:44:32 +0000] "GET /uploads/thumbnails/3a582589e19a8f93c969b16f96809649.jpg HTTP/1.1" 200 106223 "http://www.hdz-zadar.hr/aktualno/28-obljetnica-112-brigade" "Mozilla/5.0 (iPhone; CPU iPhone OS 12_1_2 like Mac OS X) AppleWebKit/605.1.15 (KHTML, like Gecko) Mobile/16C101 [FBAN/FBIOS;FBDV/iPhone10,6;FBMD/iPhone;FBSN/iOS;FBSV/12.1.2;FBSS/3;FBCR/Carrier;FBID/phone;FBLC/hr_HR;FBOP/5]"
83.184.108.42 - - [28/Jun/2019:11:44:32 +0000] "GET /uploads/thumbnails/e894f6a9f74cd30227ea9db975dccd81.JPG HTTP/1.1" 200 85405 "http://www.hdz-zadar.hr/aktualno/28-obljetnica-112-brigade" "Mozilla/5.0 (iPhone; CPU iPhone OS 12_1_2 like Mac OS X) AppleWebKit/605.1.15 (KHTML, like Gecko) Mobile/16C101 [FBAN/FBIOS;FBDV/iPhone10,6;FBMD/iPhone;FBSN/iOS;FBSV/12.1.2;FBSS/3;FBCR/Carrier;FBID/phone;FBLC/hr_HR;FBOP/5]"
83.184.108.42 - - [28/Jun/2019:11:44:32 +0000] "GET /uploads/thumbnails/8f3ba603c76bf13c82c5493e1825e960.jpg HTTP/1.1" 200 82889 "http://www.hdz-zadar.hr/aktualno/28-obljetnica-112-brigade" "Mozilla/5.0 (iPhone; CPU iPhone OS 12_1_2 like Mac OS X) AppleWebKit/605.1.15 (KHTML, like Gecko) Mobile/16C101 [FBAN/FBIOS;FBDV/iPhone10,6;FBMD/iPhone;FBSN/iOS;FBSV/12.1.2;FBSS/3;FBCR/Carrier;FBID/phone;FBLC/hr_HR;FBOP/5]"
83.184.108.42 - - [28/Jun/2019:11:44:32 +0000] "GET /uploads/thumbnails/e634f0f2a485b09f88a3b4beddcf1438.jpg HTTP/1.1" 200 167382 "http://www.hdz-zadar.hr/aktualno/28-obljetnica-112-brigade" "Mozilla/5.0 (iPhone; CPU iPhone OS 12_1_2 like Mac OS X) AppleWebKit/605.1.15 (KHTML, like Gecko) Mobile/16C101 [FBAN/FBIOS;FBDV/iPhone10,6;FBMD/iPhone;FBSN/iOS;FBSV/12.1.2;FBSS/3;FBCR/Carrier;FBID/phone;FBLC/hr_HR;FBOP/5]"
83.184.108.42 - - [28/Jun/2019:11:44:32 +0000] "GET /uploads/thumbnails/1ad1ceceac916557145dc960fdd3cce8.jpg HTTP/1.1" 200 77711 "http://www.hdz-zadar.hr/aktualno/28-obljetnica-112-brigade" "Mozilla/5.0 (iPhone; CPU iPhone OS 12_1_2 like Mac OS X) AppleWebKit/605.1.15 (KHTML, like Gecko) Mobile/16C101 [FBAN/FBIOS;FBDV/iPhone10,6;FBMD/iPhone;FBSN/iOS;FBSV/12.1.2;FBSS/3;FBCR/Carrier;FBID/phone;FBLC/hr_HR;FBOP/5]"
83.184.108.42 - - [28/Jun/2019:11:44:32 +0000] "GET /uploads/thumbnails/9e9c1cd4b9c4d45154c215bb2f605dc3.jpeg HTTP/1.1" 200 61976 "http://www.hdz-zadar.hr/aktualno/28-obljetnica-112-brigade" "Mozilla/5.0 (iPhone; CPU iPhone OS 12_1_2 like Mac OS X) AppleWebKit/605.1.15 (KHTML, like Gecko) Mobile/16C101 [FBAN/FBIOS;FBDV/iPhone10,6;FBMD/iPhone;FBSN/iOS;FBSV/12.1.2;FBSS/3;FBCR/Carrier;FBID/phone;FBLC/hr_HR;FBOP/5]"
83.184.108.42 - - [28/Jun/2019:11:44:32 +0000] "GET /public/img/global/icon-arrow-yellow-left.png HTTP/1.1" 200 265 "http://www.hdz-zadar.hr/aktualno/28-obljetnica-112-brigade" "Mozilla/5.0 (iPhone; CPU iPhone OS 12_1_2 like Mac OS X) AppleWebKit/605.1.15 (KHTML, like Gecko) Mobile/16C101 [FBAN/FBIOS;FBDV/iPhone10,6;FBMD/iPhone;FBSN/iOS;FBSV/12.1.2;FBSS/3;FBCR/Carrier;FBID/phone;FBLC/hr_HR;FBOP/5]"
83.184.108.42 - - [28/Jun/2019:11:44:32 +0000] "GET /uploads/thumbnails/0ab224230568eb4450a88b723b63403c.jpg HTTP/1.1" 200 123920 "http://www.hdz-zadar.hr/aktualno/28-obljetnica-112-brigade" "Mozilla/5.0 (iPhone; CPU iPhone OS 12_1_2 like Mac OS X) AppleWebKit/605.1.15 (KHTML, like Gecko) Mobile/16C101 [FBAN/FBIOS;FBDV/iPhone10,6;FBMD/iPhone;FBSN/iOS;FBSV/12.1.2;FBSS/3;FBCR/Carrier;FBID/phone;FBLC/hr_HR;FBOP/5]"
83.184.108.42 - - [28/Jun/2019:11:44:32 +0000] "GET /unitegallery/skins/default/grid_handle_black_top.png HTTP/1.1" 200 942 "http://www.hdz-zadar.hr/aktualno/28-obljetnica-112-brigade" "Mozilla/5.0 (iPhone; CPU iPhone OS 12_1_2 like Mac OS X) AppleWebKit/605.1.15 (KHTML, like Gecko) Mobile/16C101 [FBAN/FBIOS;FBDV/iPhone10,6;FBMD/iPhone;FBSN/iOS;FBSV/12.1.2;FBSS/3;FBCR/Carrier;FBID/phone;FBLC/hr_HR;FBOP/5]"
83.184.108.42 - - [28/Jun/2019:11:44:32 +0000] "GET /public/img/global/icon-arrow-yellow.png HTTP/1.1" 200 1105 "http://www.hdz-zadar.hr/aktualno/28-obljetnica-112-brigade" "Mozilla/5.0 (iPhone; CPU iPhone OS 12_1_2 like Mac OS X) AppleWebKit/605.1.15 (KHTML, like Gecko) Mobile/16C101 [FBAN/FBIOS;FBDV/iPhone10,6;FBMD/iPhone;FBSN/iOS;FBSV/12.1.2;FBSS/3;FBCR/Carrier;FBID/phone;FBLC/hr_HR;FBOP/5]"
83.184.108.42 - - [28/Jun/2019:11:44:32 +0000] "GET /uploads/thumbnails/d23b8a276f9fe9d26b996c4efa9beb07.jpg HTTP/1.1" 200 128677 "http://www.hdz-zadar.hr/aktualno/28-obljetnica-112-brigade" "Mozilla/5.0 (iPhone; CPU iPhone OS 12_1_2 like Mac OS X) AppleWebKit/605.1.15 (KHTML, like Gecko) Mobile/16C101 [FBAN/FBIOS;FBDV/iPhone10,6;FBMD/iPhone;FBSN/iOS;FBSV/12.1.2;FBSS/3;FBCR/Carrier;FBID/phone;FBLC/hr_HR;FBOP/5]"
83.184.108.42 - - [28/Jun/2019:11:44:33 +0000] "GET /unitegallery/images/loader-white1.gif HTTP/1.1" 200 2545 "http://www.hdz-zadar.hr/aktualno/28-obljetnica-112-brigade" "Mozilla/5.0 (iPhone; CPU iPhone OS 12_1_2 like Mac OS X) AppleWebKit/605.1.15 (KHTML, like Gecko) Mobile/16C101 [FBAN/FBIOS;FBDV/iPhone10,6;FBMD/iPhone;FBSN/iOS;FBSV/12.1.2;FBSS/3;FBCR/Carrier;FBID/phone;FBLC/hr_HR;FBOP/5]"
83.184.108.42 - - [28/Jun/2019:11:44:33 +0000] "GET /unitegallery/images/loader.gif HTTP/1.1" 200 673 "http://www.hdz-zadar.hr/aktualno/28-obljetnica-112-brigade" "Mozilla/5.0 (iPhone; CPU iPhone OS 12_1_2 like Mac OS X) AppleWebKit/605.1.15 (KHTML, like Gecko) Mobile/16C101 [FBAN/FBIOS;FBDV/iPhone10,6;FBMD/iPhone;FBSN/iOS;FBSV/12.1.2;FBSS/3;FBCR/Carrier;FBID/phone;FBLC/hr_HR;FBOP/5]"
83.184.108.42 - - [28/Jun/2019:11:44:32 +0000] "GET /uploads/thumbnails/bfb6c2b8483121f4d25e83eb2c14d411.jpg HTTP/1.1" 200 102637 "http://www.hdz-zadar.hr/aktualno/28-obljetnica-112-brigade" "Mozilla/5.0 (iPhone; CPU iPhone OS 12_1_2 like Mac OS X) AppleWebKit/605.1.15 (KHTML, like Gecko) Mobile/16C101 [FBAN/FBIOS;FBDV/iPhone10,6;FBMD/iPhone;FBSN/iOS;FBSV/12.1.2;FBSS/3;FBCR/Carrier;FBID/phone;FBLC/hr_HR;FBOP/5]"
83.184.108.42 - - [28/Jun/2019:11:44:33 +0000] "GET /unitegallery/skins/default/slider_arrow_right.png HTTP/1.1" 200 493 "http://www.hdz-zadar.hr/aktualno/28-obljetnica-112-brigade" "Mozilla/5.0 (iPhone; CPU iPhone OS 12_1_2 like Mac OS X) AppleWebKit/605.1.15 (KHTML, like Gecko) Mobile/16C101 [FBAN/FBIOS;FBDV/iPhone10,6;FBMD/iPhone;FBSN/iOS;FBSV/12.1.2;FBSS/3;FBCR/Carrier;FBID/phone;FBLC/hr_HR;FBOP/5]"
83.184.108.42 - - [28/Jun/2019:11:44:33 +0000] "GET /unitegallery/skins/default/slider_arrow_left.png HTTP/1.1" 200 470 "http://www.hdz-zadar.hr/aktualno/28-obljetnica-112-brigade" "Mozilla/5.0 (iPhone; CPU iPhone OS 12_1_2 like Mac OS X) AppleWebKit/605.1.15 (KHTML, like Gecko) Mobile/16C101 [FBAN/FBIOS;FBDV/iPhone10,6;FBMD/iPhone;FBSN/iOS;FBSV/12.1.2;FBSS/3;FBCR/Carrier;FBID/phone;FBLC/hr_HR;FBOP/5]"
83.184.108.42 - - [28/Jun/2019:11:44:33 +0000] "GET /unitegallery/skins/default/button_playpause.png HTTP/1.1" 200 604 "http://www.hdz-zadar.hr/aktualno/28-obljetnica-112-brigade" "Mozilla/5.0 (iPhone; CPU iPhone OS 12_1_2 like Mac OS X) AppleWebKit/605.1.15 (KHTML, like Gecko) Mobile/16C101 [FBAN/FBIOS;FBDV/iPhone10,6;FBMD/iPhone;FBSN/iOS;FBSV/12.1.2;FBSS/3;FBCR/Carrier;FBID/phone;FBLC/hr_HR;FBOP/5]"
83.184.108.42 - - [28/Jun/2019:11:44:33 +0000] "GET /unitegallery/skins/default/button_fullscreen.png HTTP/1.1" 200 1050 "http://www.hdz-zadar.hr/aktualno/28-obljetnica-112-brigade" "Mozilla/5.0 (iPhone; CPU iPhone OS 12_1_2 like Mac OS X) AppleWebKit/605.1.15 (KHTML, like Gecko) Mobile/16C101 [FBAN/FBIOS;FBDV/iPhone10,6;FBMD/iPhone;FBSN/iOS;FBSV/12.1.2;FBSS/3;FBCR/Carrier;FBID/phone;FBLC/hr_HR;FBOP/5]"
83.184.108.42 - - [28/Jun/2019:11:44:33 +0000] "GET /unitegallery/skins/default/icon_zoom_minus.png HTTP/1.1" 200 285 "http://www.hdz-zadar.hr/aktualno/28-obljetnica-112-brigade" "Mozilla/5.0 (iPhone; CPU iPhone OS 12_1_2 like Mac OS X) AppleWebKit/605.1.15 (KHTML, like Gecko) Mobile/16C101 [FBAN/FBIOS;FBDV/iPhone10,6;FBMD/iPhone;FBSN/iOS;FBSV/12.1.2;FBSS/3;FBCR/Carrier;FBID/phone;FBLC/hr_HR;FBOP/5]"
83.184.108.42 - - [28/Jun/2019:11:44:33 +0000] "GET /unitegallery/skins/default/icon_zoom_plus.png HTTP/1.1" 200 340 "http://www.hdz-zadar.hr/aktualno/28-obljetnica-112-brigade" "Mozilla/5.0 (iPhone; CPU iPhone OS 12_1_2 like Mac OS X) AppleWebKit/605.1.15 (KHTML, like Gecko) Mobile/16C101 [FBAN/FBIOS;FBDV/iPhone10,6;FBMD/iPhone;FBSN/iOS;FBSV/12.1.2;FBSS/3;FBCR/Carrier;FBID/phone;FBLC/hr_HR;FBOP/5]"
95.168.120.11 - - [28/Jun/2019:11:44:33 +0000] "GET /aktualno/28-obljetnica-112-brigade HTTP/1.1" 200 11198 "http://m.facebook.com/" "Mozilla/5.0 (Linux; Android 9; SM-G950F Build/PPR1.180610.011; wv) AppleWebKit/537.36 (KHTML, like Gecko) Version/4.0 Chrome/75.0.3770.101 Mobile Safari/537.36 [FB_IAB/FB4A;FBAV/226.0.0.49.120;]"
83.184.108.42 - - [28/Jun/2019:11:44:32 +0000] "GET /uploads/thumbnails/55786d7d888e2ed57c3edcfaf3332b3d.png HTTP/1.1" 200 537636 "http://www.hdz-zadar.hr/aktualno/28-obljetnica-112-brigade" "Mozilla/5.0 (iPhone; CPU iPhone OS 12_1_2 like Mac OS X) AppleWebKit/605.1.15 (KHTML, like Gecko) Mobile/16C101 [FBAN/FBIOS;FBDV/iPhone10,6;FBMD/iPhone;FBSN/iOS;FBSV/12.1.2;FBSS/3;FBCR/Carrier;FBID/phone;FBLC/hr_HR;FBOP/5]"
83.184.108.42 - - [28/Jun/2019:11:44:33 +0000] "GET /unitegallery/skins/default/icon_zoom_back.png HTTP/1.1" 200 368 "http://www.hdz-zadar.hr/aktualno/28-obljetnica-112-brigade" "Mozilla/5.0 (iPhone; CPU iPhone OS 12_1_2 like Mac OS X) AppleWebKit/605.1.15 (KHTML, like Gecko) Mobile/16C101 [FBAN/FBIOS;FBDV/iPhone10,6;FBMD/iPhone;FBSN/iOS;FBSV/12.1.2;FBSS/3;FBCR/Carrier;FBID/phone;FBLC/hr_HR;FBOP/5]"
83.184.108.42 - - [28/Jun/2019:11:44:33 +0000] "GET /unitegallery/images/button-close.png HTTP/1.1" 200 7155 "http://www.hdz-zadar.hr/aktualno/28-obljetnica-112-brigade" "Mozilla/5.0 (iPhone; CPU iPhone OS 12_1_2 like Mac OS X) AppleWebKit/605.1.15 (KHTML, like Gecko) Mobile/16C101 [FBAN/FBIOS;FBDV/iPhone10,6;FBMD/iPhone;FBSN/iOS;FBSV/12.1.2;FBSS/3;FBCR/Carrier;FBID/phone;FBLC/hr_HR;FBOP/5]"
83.184.108.42 - - [28/Jun/2019:11:44:33 +0000] "GET /unitegallery/images/loader-black1.gif HTTP/1.1" 200 5855 "http://www.hdz-zadar.hr/aktualno/28-obljetnica-112-brigade" "Mozilla/5.0 (iPhone; CPU iPhone OS 12_1_2 like Mac OS X) AppleWebKit/605.1.15 (KHTML, like Gecko) Mobile/16C101 [FBAN/FBIOS;FBDV/iPhone10,6;FBMD/iPhone;FBSN/iOS;FBSV/12.1.2;FBSS/3;FBCR/Carrier;FBID/phone;FBLC/hr_HR;FBOP/5]"
83.184.108.42 - - [28/Jun/2019:11:44:33 +0000] "GET /unitegallery/images/play-button-square.png HTTP/1.1" 200 4591 "http://www.hdz-zadar.hr/aktualno/28-obljetnica-112-brigade" "Mozilla/5.0 (iPhone; CPU iPhone OS 12_1_2 like Mac OS X) AppleWebKit/605.1.15 (KHTML, like Gecko) Mobile/16C101 [FBAN/FBIOS;FBDV/iPhone10,6;FBMD/iPhone;FBSN/iOS;FBSV/12.1.2;FBSS/3;FBCR/Carrier;FBID/phone;FBLC/hr_HR;FBOP/5]"
95.168.120.11 - - [28/Jun/2019:11:44:33 +0000] "GET /public/css/ycp.css HTTP/1.1" 200 2625 "http://www.hdz-zadar.hr/aktualno/28-obljetnica-112-brigade" "Mozilla/5.0 (Linux; Android 9; SM-G950F Build/PPR1.180610.011; wv) AppleWebKit/537.36 (KHTML, like Gecko) Version/4.0 Chrome/75.0.3770.101 Mobile Safari/537.36 [FB_IAB/FB4A;FBAV/226.0.0.49.120;]"
95.168.120.11 - - [28/Jun/2019:11:44:33 +0000] "GET /unitegallery/css/unite-gallery.css HTTP/1.1" 200 31016 "http://www.hdz-zadar.hr/aktualno/28-obljetnica-112-brigade" "Mozilla/5.0 (Linux; Android 9; SM-G950F Build/PPR1.180610.011; wv) AppleWebKit/537.36 (KHTML, like Gecko) Version/4.0 Chrome/75.0.3770.101 Mobile Safari/537.36 [FB_IAB/FB4A;FBAV/226.0.0.49.120;]"
95.168.120.11 - - [28/Jun/2019:11:44:33 +0000] "GET /unitegallery/themes/compact/ug-theme-compact.js HTTP/1.1" 200 9736 "http://www.hdz-zadar.hr/aktualno/28-obljetnica-112-brigade" "Mozilla/5.0 (Linux; Android 9; SM-G950F Build/PPR1.180610.011; wv) AppleWebKit/537.36 (KHTML, like Gecko) Version/4.0 Chrome/75.0.3770.101 Mobile Safari/537.36 [FB_IAB/FB4A;FBAV/226.0.0.49.120;]"
95.168.120.11 - - [28/Jun/2019:11:44:33 +0000] "GET /public/css/styles-mobile.css?v=1 HTTP/1.1" 200 57372 "http://www.hdz-zadar.hr/aktualno/28-obljetnica-112-brigade" "Mozilla/5.0 (Linux; Android 9; SM-G950F Build/PPR1.180610.011; wv) AppleWebKit/537.36 (KHTML, like Gecko) Version/4.0 Chrome/75.0.3770.101 Mobile Safari/537.36 [FB_IAB/FB4A;FBAV/226.0.0.49.120;]"
95.168.120.11 - - [28/Jun/2019:11:44:33 +0000] "GET /public/img/global/btn-close-menu.jpg HTTP/1.1" 200 844 "http://www.hdz-zadar.hr/aktualno/28-obljetnica-112-brigade" "Mozilla/5.0 (Linux; Android 9; SM-G950F Build/PPR1.180610.011; wv) AppleWebKit/537.36 (KHTML, like Gecko) Version/4.0 Chrome/75.0.3770.101 Mobile Safari/537.36 [FB_IAB/FB4A;FBAV/226.0.0.49.120;]"
95.168.120.11 - - [28/Jun/2019:11:44:33 +0000] "GET /unitegallery/js/jquery-11.0.min.js HTTP/1.1" 200 96381 "http://www.hdz-zadar.hr/aktualno/28-obljetnica-112-brigade" "Mozilla/5.0 (Linux; Android 9; SM-G950F Build/PPR1.180610.011; wv) AppleWebKit/537.36 (KHTML, like Gecko) Version/4.0 Chrome/75.0.3770.101 Mobile Safari/537.36 [FB_IAB/FB4A;FBAV/226.0.0.49.120;]"
95.168.120.11 - - [28/Jun/2019:11:44:33 +0000] "GET /public/img/global/logo-main-mobile.jpg HTTP/1.1" 200 15782 "http://www.hdz-zadar.hr/aktualno/28-obljetnica-112-brigade" "Mozilla/5.0 (Linux; Android 9; SM-G950F Build/PPR1.180610.011; wv) AppleWebKit/537.36 (KHTML, like Gecko) Version/4.0 Chrome/75.0.3770.101 Mobile Safari/537.36 [FB_IAB/FB4A;FBAV/226.0.0.49.120;]"
31.217.25.234 - - [28/Jun/2019:11:44:33 +0000] "GET /aktualno/28-obljetnica-112-brigade HTTP/1.1" 200 11198 "http://m.facebook.com/" "Mozilla/5.0 (Linux; Android 8.0.0; SM-A520F Build/R16NW; wv) AppleWebKit/537.36 (KHTML, like Gecko) Version/4.0 Chrome/75.0.3770.89 Mobile Safari/537.36 [FB_IAB/FB4A;FBAV/226.0.0.49.120;]"
95.168.120.11 - - [28/Jun/2019:11:44:34 +0000] "GET /public/js/vendor/jquery-ui.min.html HTTP/1.1" 200 44242 "http://www.hdz-zadar.hr/aktualno/28-obljetnica-112-brigade" "Mozilla/5.0 (Linux; Android 9; SM-G950F Build/PPR1.180610.011; wv) AppleWebKit/537.36 (KHTML, like Gecko) Version/4.0 Chrome/75.0.3770.101 Mobile Safari/537.36 [FB_IAB/FB4A;FBAV/226.0.0.49.120;]"
95.168.120.11 - - [28/Jun/2019:11:44:33 +0000] "GET /unitegallery/js/unitegallery.min.js HTTP/1.1" 200 251556 "http://www.hdz-zadar.hr/aktualno/28-obljetnica-112-brigade" "Mozilla/5.0 (Linux; Android 9; SM-G950F Build/PPR1.180610.011; wv) AppleWebKit/537.36 (KHTML, like Gecko) Version/4.0 Chrome/75.0.3770.101 Mobile Safari/537.36 [FB_IAB/FB4A;FBAV/226.0.0.49.120;]"
95.168.120.11 - - [28/Jun/2019:11:44:34 +0000] "GET /public/js/global-mobile.html HTTP/1.1" 200 12188 "http://www.hdz-zadar.hr/aktualno/28-obljetnica-112-brigade" "Mozilla/5.0 (Linux; Android 9; SM-G950F Build/PPR1.180610.011; wv) AppleWebKit/537.36 (KHTML, like Gecko) Version/4.0 Chrome/75.0.3770.101 Mobile Safari/537.36 [FB_IAB/FB4A;FBAV/226.0.0.49.120;]"
83.184.108.42 - - [28/Jun/2019:11:44:33 +0000] "GET /uploads/images/e634f0f2a485b09f88a3b4beddcf1438.jpg HTTP/1.1" 200 370357 "http://www.hdz-zadar.hr/aktualno/28-obljetnica-112-brigade" "Mozilla/5.0 (iPhone; CPU iPhone OS 12_1_2 like Mac OS X) AppleWebKit/605.1.15 (KHTML, like Gecko) Mobile/16C101 [FBAN/FBIOS;FBDV/iPhone10,6;FBMD/iPhone;FBSN/iOS;FBSV/12.1.2;FBSS/3;FBCR/Carrier;FBID/phone;FBLC/hr_HR;FBOP/5]"
83.184.108.42 - - [28/Jun/2019:11:44:33 +0000] "GET /uploads/images/3a582589e19a8f93c969b16f96809649.jpg HTTP/1.1" 200 370478 "http://www.hdz-zadar.hr/aktualno/28-obljetnica-112-brigade" "Mozilla/5.0 (iPhone; CPU iPhone OS 12_1_2 like Mac OS X) AppleWebKit/605.1.15 (KHTML, like Gecko) Mobile/16C101 [FBAN/FBIOS;FBDV/iPhone10,6;FBMD/iPhone;FBSN/iOS;FBSV/12.1.2;FBSS/3;FBCR/Carrier;FBID/phone;FBLC/hr_HR;FBOP/5]"
83.184.108.42 - - [28/Jun/2019:11:44:33 +0000] "GET /uploads/images/c26011493e65bc233c76d763eb85138a.jpg HTTP/1.1" 200 362218 "http://www.hdz-zadar.hr/aktualno/28-obljetnica-112-brigade" "Mozilla/5.0 (iPhone; CPU iPhone OS 12_1_2 like Mac OS X) AppleWebKit/605.1.15 (KHTML, like Gecko) Mobile/16C101 [FBAN/FBIOS;FBDV/iPhone10,6;FBMD/iPhone;FBSN/iOS;FBSV/12.1.2;FBSS/3;FBCR/Carrier;FBID/phone;FBLC/hr_HR;FBOP/5]"
95.168.120.11 - - [28/Jun/2019:11:44:34 +0000] "GET /public/js/vendor/jquery.bxslider.min.html HTTP/1.1" 200 19359 "http://www.hdz-zadar.hr/aktualno/28-obljetnica-112-brigade" "Mozilla/5.0 (Linux; Android 9; SM-G950F Build/PPR1.180610.011; wv) AppleWebKit/537.36 (KHTML, like Gecko) Version/4.0 Chrome/75.0.3770.101 Mobile Safari/537.36 [FB_IAB/FB4A;FBAV/226.0.0.49.120;]"
95.168.120.11 - - [28/Jun/2019:11:44:34 +0000] "GET /public/js/ycp.js HTTP/1.1" 200 9070 "http://www.hdz-zadar.hr/aktualno/28-obljetnica-112-brigade" "Mozilla/5.0 (Linux; Android 9; SM-G950F Build/PPR1.180610.011; wv) AppleWebKit/537.36 (KHTML, like Gecko) Version/4.0 Chrome/75.0.3770.101 Mobile Safari/537.36 [FB_IAB/FB4A;FBAV/226.0.0.49.120;]"
95.168.120.11 - - [28/Jun/2019:11:44:34 +0000] "GET /public/img/global/logo-header-mobile.png HTTP/1.1" 200 8609 "http://www.hdz-zadar.hr/aktualno/28-obljetnica-112-brigade" "Mozilla/5.0 (Linux; Android 9; SM-G950F Build/PPR1.180610.011; wv) AppleWebKit/537.36 (KHTML, like Gecko) Version/4.0 Chrome/75.0.3770.101 Mobile Safari/537.36 [FB_IAB/FB4A;FBAV/226.0.0.49.120;]"
95.168.120.11 - - [28/Jun/2019:11:44:34 +0000] "GET /public/img/global/btn-fb-footer.jpg HTTP/1.1" 200 9466 "http://www.hdz-zadar.hr/aktualno/28-obljetnica-112-brigade" "Mozilla/5.0 (Linux; Android 9; SM-G950F Build/PPR1.180610.011; wv) AppleWebKit/537.36 (KHTML, like Gecko) Version/4.0 Chrome/75.0.3770.101 Mobile Safari/537.36 [FB_IAB/FB4A;FBAV/226.0.0.49.120;]"
95.168.120.11 - - [28/Jun/2019:11:44:34 +0000] "GET /public/img/global/btn-close-nav-mobile.jpg HTTP/1.1" 200 2068 "http://www.hdz-zadar.hr/aktualno/28-obljetnica-112-brigade" "Mozilla/5.0 (Linux; Android 9; SM-G950F Build/PPR1.180610.011; wv) AppleWebKit/537.36 (KHTML, like Gecko) Version/4.0 Chrome/75.0.3770.101 Mobile Safari/537.36 [FB_IAB/FB4A;FBAV/226.0.0.49.120;]"
95.168.120.11 - - [28/Jun/2019:11:44:34 +0000] "GET /public/img/global/btn-ig-footer.jpg HTTP/1.1" 200 11541 "http://www.hdz-zadar.hr/aktualno/28-obljetnica-112-brigade" "Mozilla/5.0 (Linux; Android 9; SM-G950F Build/PPR1.180610.011; wv) AppleWebKit/537.36 (KHTML, like Gecko) Version/4.0 Chrome/75.0.3770.101 Mobile Safari/537.36 [FB_IAB/FB4A;FBAV/226.0.0.49.120;]"
95.168.120.11 - - [28/Jun/2019:11:44:34 +0000] "GET /public/img/global/btn-yt-footer.jpg HTTP/1.1" 200 10397 "http://www.hdz-zadar.hr/aktualno/28-obljetnica-112-brigade" "Mozilla/5.0 (Linux; Android 9; SM-G950F Build/PPR1.180610.011; wv) AppleWebKit/537.36 (KHTML, like Gecko) Version/4.0 Chrome/75.0.3770.101 Mobile Safari/537.36 [FB_IAB/FB4A;FBAV/226.0.0.49.120;]"
95.168.120.11 - - [28/Jun/2019:11:44:34 +0000] "GET /uploads/thumbnails/17342f28810e19991f775d8559e91246.jpeg HTTP/1.1" 200 50825 "http://www.hdz-zadar.hr/aktualno/28-obljetnica-112-brigade" "Mozilla/5.0 (Linux; Android 9; SM-G950F Build/PPR1.180610.011; wv) AppleWebKit/537.36 (KHTML, like Gecko) Version/4.0 Chrome/75.0.3770.101 Mobile Safari/537.36 [FB_IAB/FB4A;FBAV/226.0.0.49.120;]"
95.168.120.11 - - [28/Jun/2019:11:44:34 +0000] "GET /uploads/thumbnails/e894f6a9f74cd30227ea9db975dccd81.JPG HTTP/1.1" 200 85405 "http://www.hdz-zadar.hr/aktualno/28-obljetnica-112-brigade" "Mozilla/5.0 (Linux; Android 9; SM-G950F Build/PPR1.180610.011; wv) AppleWebKit/537.36 (KHTML, like Gecko) Version/4.0 Chrome/75.0.3770.101 Mobile Safari/537.36 [FB_IAB/FB4A;FBAV/226.0.0.49.120;]"
31.217.25.234 - - [28/Jun/2019:11:44:34 +0000] "GET /public/css/ycp.css HTTP/1.1" 200 2625 "http://www.hdz-zadar.hr/aktualno/28-obljetnica-112-brigade" "Mozilla/5.0 (Linux; Android 8.0.0; SM-A520F Build/R16NW; wv) AppleWebKit/537.36 (KHTML, like Gecko) Version/4.0 Chrome/75.0.3770.89 Mobile Safari/537.36 [FB_IAB/FB4A;FBAV/226.0.0.49.120;]"
95.168.120.11 - - [28/Jun/2019:11:44:34 +0000] "GET /uploads/thumbnails/3a582589e19a8f93c969b16f96809649.jpg HTTP/1.1" 200 106223 "http://www.hdz-zadar.hr/aktualno/28-obljetnica-112-brigade" "Mozilla/5.0 (Linux; Android 9; SM-G950F Build/PPR1.180610.011; wv) AppleWebKit/537.36 (KHTML, like Gecko) Version/4.0 Chrome/75.0.3770.101 Mobile Safari/537.36 [FB_IAB/FB4A;FBAV/226.0.0.49.120;]"
31.217.25.234 - - [28/Jun/2019:11:44:34 +0000] "GET /unitegallery/themes/compact/ug-theme-compact.js HTTP/1.1" 200 9736 "http://www.hdz-zadar.hr/aktualno/28-obljetnica-112-brigade" "Mozilla/5.0 (Linux; Android 8.0.0; SM-A520F Build/R16NW; wv) AppleWebKit/537.36 (KHTML, like Gecko) Version/4.0 Chrome/75.0.3770.89 Mobile Safari/537.36 [FB_IAB/FB4A;FBAV/226.0.0.49.120;]"
31.217.25.234 - - [28/Jun/2019:11:44:34 +0000] "GET /unitegallery/css/unite-gallery.css HTTP/1.1" 200 31016 "http://www.hdz-zadar.hr/aktualno/28-obljetnica-112-brigade" "Mozilla/5.0 (Linux; Android 8.0.0; SM-A520F Build/R16NW; wv) AppleWebKit/537.36 (KHTML, like Gecko) Version/4.0 Chrome/75.0.3770.89 Mobile Safari/537.36 [FB_IAB/FB4A;FBAV/226.0.0.49.120;]"
31.217.25.234 - - [28/Jun/2019:11:44:34 +0000] "GET /public/css/styles-mobile.css?v=1 HTTP/1.1" 200 57372 "http://www.hdz-zadar.hr/aktualno/28-obljetnica-112-brigade" "Mozilla/5.0 (Linux; Android 8.0.0; SM-A520F Build/R16NW; wv) AppleWebKit/537.36 (KHTML, like Gecko) Version/4.0 Chrome/75.0.3770.89 Mobile Safari/537.36 [FB_IAB/FB4A;FBAV/226.0.0.49.120;]"
31.217.25.234 - - [28/Jun/2019:11:44:34 +0000] "GET /unitegallery/js/jquery-11.0.min.js HTTP/1.1" 200 96381 "http://www.hdz-zadar.hr/aktualno/28-obljetnica-112-brigade" "Mozilla/5.0 (Linux; Android 8.0.0; SM-A520F Build/R16NW; wv) AppleWebKit/537.36 (KHTML, like Gecko) Version/4.0 Chrome/75.0.3770.89 Mobile Safari/537.36 [FB_IAB/FB4A;FBAV/226.0.0.49.120;]"
95.168.120.11 - - [28/Jun/2019:11:44:34 +0000] "GET /uploads/thumbnails/1ad1ceceac916557145dc960fdd3cce8.jpg HTTP/1.1" 200 77711 "http://www.hdz-zadar.hr/aktualno/28-obljetnica-112-brigade" "Mozilla/5.0 (Linux; Android 9; SM-G950F Build/PPR1.180610.011; wv) AppleWebKit/537.36 (KHTML, like Gecko) Version/4.0 Chrome/75.0.3770.101 Mobile Safari/537.36 [FB_IAB/FB4A;FBAV/226.0.0.49.120;]"
95.168.120.11 - - [28/Jun/2019:11:44:34 +0000] "GET /uploads/thumbnails/c26011493e65bc233c76d763eb85138a.jpg HTTP/1.1" 200 103918 "http://www.hdz-zadar.hr/aktualno/28-obljetnica-112-brigade" "Mozilla/5.0 (Linux; Android 9; SM-G950F Build/PPR1.180610.011; wv) AppleWebKit/537.36 (KHTML, like Gecko) Version/4.0 Chrome/75.0.3770.101 Mobile Safari/537.36 [FB_IAB/FB4A;FBAV/226.0.0.49.120;]"
31.217.25.234 - - [28/Jun/2019:11:44:34 +0000] "GET /unitegallery/js/unitegallery.min.js HTTP/1.1" 200 251556 "http://www.hdz-zadar.hr/aktualno/28-obljetnica-112-brigade" "Mozilla/5.0 (Linux; Android 8.0.0; SM-A520F Build/R16NW; wv) AppleWebKit/537.36 (KHTML, like Gecko) Version/4.0 Chrome/75.0.3770.89 Mobile Safari/537.36 [FB_IAB/FB4A;FBAV/226.0.0.49.120;]"
31.217.25.234 - - [28/Jun/2019:11:44:34 +0000] "GET /public/img/global/logo-main-mobile.jpg HTTP/1.1" 200 15782 "http://www.hdz-zadar.hr/aktualno/28-obljetnica-112-brigade" "Mozilla/5.0 (Linux; Android 8.0.0; SM-A520F Build/R16NW; wv) AppleWebKit/537.36 (KHTML, like Gecko) Version/4.0 Chrome/75.0.3770.89 Mobile Safari/537.36 [FB_IAB/FB4A;FBAV/226.0.0.49.120;]"
31.217.25.234 - - [28/Jun/2019:11:44:34 +0000] "GET /public/img/global/btn-close-menu.jpg HTTP/1.1" 200 844 "http://www.hdz-zadar.hr/aktualno/28-obljetnica-112-brigade" "Mozilla/5.0 (Linux; Android 8.0.0; SM-A520F Build/R16NW; wv) AppleWebKit/537.36 (KHTML, like Gecko) Version/4.0 Chrome/75.0.3770.89 Mobile Safari/537.36 [FB_IAB/FB4A;FBAV/226.0.0.49.120;]"
95.168.120.11 - - [28/Jun/2019:11:44:34 +0000] "GET /uploads/thumbnails/e634f0f2a485b09f88a3b4beddcf1438.jpg HTTP/1.1" 200 167382 "http://www.hdz-zadar.hr/aktualno/28-obljetnica-112-brigade" "Mozilla/5.0 (Linux; Android 9; SM-G950F Build/PPR1.180610.011; wv) AppleWebKit/537.36 (KHTML, like Gecko) Version/4.0 Chrome/75.0.3770.101 Mobile Safari/537.36 [FB_IAB/FB4A;FBAV/226.0.0.49.120;]"
95.168.120.11 - - [28/Jun/2019:11:44:34 +0000] "GET /uploads/thumbnails/8f3ba603c76bf13c82c5493e1825e960.jpg HTTP/1.1" 200 82889 "http://www.hdz-zadar.hr/aktualno/28-obljetnica-112-brigade" "Mozilla/5.0 (Linux; Android 9; SM-G950F Build/PPR1.180610.011; wv) AppleWebKit/537.36 (KHTML, like Gecko) Version/4.0 Chrome/75.0.3770.101 Mobile Safari/537.36 [FB_IAB/FB4A;FBAV/226.0.0.49.120;]"
95.168.120.11 - - [28/Jun/2019:11:44:34 +0000] "GET /uploads/thumbnails/9e9c1cd4b9c4d45154c215bb2f605dc3.jpeg HTTP/1.1" 200 61976 "http://www.hdz-zadar.hr/aktualno/28-obljetnica-112-brigade" "Mozilla/5.0 (Linux; Android 9; SM-G950F Build/PPR1.180610.011; wv) AppleWebKit/537.36 (KHTML, like Gecko) Version/4.0 Chrome/75.0.3770.101 Mobile Safari/537.36 [FB_IAB/FB4A;FBAV/226.0.0.49.120;]"
95.168.120.11 - - [28/Jun/2019:11:44:35 +0000] "GET /public/img/global/icon-arrow-yellow-left.png HTTP/1.1" 200 265 "http://www.hdz-zadar.hr/public/css/styles-mobile.css?v=1" "Mozilla/5.0 (Linux; Android 9; SM-G950F Build/PPR1.180610.011; wv) AppleWebKit/537.36 (KHTML, like Gecko) Version/4.0 Chrome/75.0.3770.101 Mobile Safari/537.36 [FB_IAB/FB4A;FBAV/226.0.0.49.120;]"
31.217.25.234 - - [28/Jun/2019:11:44:35 +0000] "GET /public/js/global-mobile.html HTTP/1.1" 200 12188 "http://www.hdz-zadar.hr/aktualno/28-obljetnica-112-brigade" "Mozilla/5.0 (Linux; Android 8.0.0; SM-A520F Build/R16NW; wv) AppleWebKit/537.36 (KHTML, like Gecko) Version/4.0 Chrome/75.0.3770.89 Mobile Safari/537.36 [FB_IAB/FB4A;FBAV/226.0.0.49.120;]"
95.168.120.11 - - [28/Jun/2019:11:44:34 +0000] "GET /uploads/thumbnails/0ab224230568eb4450a88b723b63403c.jpg HTTP/1.1" 200 123920 "http://www.hdz-zadar.hr/aktualno/28-obljetnica-112-brigade" "Mozilla/5.0 (Linux; Android 9; SM-G950F Build/PPR1.180610.011; wv) AppleWebKit/537.36 (KHTML, like Gecko) Version/4.0 Chrome/75.0.3770.101 Mobile Safari/537.36 [FB_IAB/FB4A;FBAV/226.0.0.49.120;]"
31.217.25.234 - - [28/Jun/2019:11:44:35 +0000] "GET /public/js/vendor/jquery-ui.min.html HTTP/1.1" 200 44242 "http://www.hdz-zadar.hr/aktualno/28-obljetnica-112-brigade" "Mozilla/5.0 (Linux; Android 8.0.0; SM-A520F Build/R16NW; wv) AppleWebKit/537.36 (KHTML, like Gecko) Version/4.0 Chrome/75.0.3770.89 Mobile Safari/537.36 [FB_IAB/FB4A;FBAV/226.0.0.49.120;]"
31.217.25.234 - - [28/Jun/2019:11:44:35 +0000] "GET /public/js/vendor/jquery.bxslider.min.html HTTP/1.1" 200 19359 "http://www.hdz-zadar.hr/aktualno/28-obljetnica-112-brigade" "Mozilla/5.0 (Linux; Android 8.0.0; SM-A520F Build/R16NW; wv) AppleWebKit/537.36 (KHTML, like Gecko) Version/4.0 Chrome/75.0.3770.89 Mobile Safari/537.36 [FB_IAB/FB4A;FBAV/226.0.0.49.120;]"
31.217.25.234 - - [28/Jun/2019:11:44:35 +0000] "GET /public/js/ycp.js HTTP/1.1" 200 9070 "http://www.hdz-zadar.hr/aktualno/28-obljetnica-112-brigade" "Mozilla/5.0 (Linux; Android 8.0.0; SM-A520F Build/R16NW; wv) AppleWebKit/537.36 (KHTML, like Gecko) Version/4.0 Chrome/75.0.3770.89 Mobile Safari/537.36 [FB_IAB/FB4A;FBAV/226.0.0.49.120;]"
31.217.25.234 - - [28/Jun/2019:11:44:35 +0000] "GET /public/img/global/logo-header-mobile.png HTTP/1.1" 200 8609 "http://www.hdz-zadar.hr/aktualno/28-obljetnica-112-brigade" "Mozilla/5.0 (Linux; Android 8.0.0; SM-A520F Build/R16NW; wv) AppleWebKit/537.36 (KHTML, like Gecko) Version/4.0 Chrome/75.0.3770.89 Mobile Safari/537.36 [FB_IAB/FB4A;FBAV/226.0.0.49.120;]"
31.217.25.234 - - [28/Jun/2019:11:44:35 +0000] "GET /public/img/global/btn-close-nav-mobile.jpg HTTP/1.1" 200 2068 "http://www.hdz-zadar.hr/aktualno/28-obljetnica-112-brigade" "Mozilla/5.0 (Linux; Android 8.0.0; SM-A520F Build/R16NW; wv) AppleWebKit/537.36 (KHTML, like Gecko) Version/4.0 Chrome/75.0.3770.89 Mobile Safari/537.36 [FB_IAB/FB4A;FBAV/226.0.0.49.120;]"
31.217.25.234 - - [28/Jun/2019:11:44:35 +0000] "GET /public/img/global/btn-fb-footer.jpg HTTP/1.1" 200 9466 "http://www.hdz-zadar.hr/aktualno/28-obljetnica-112-brigade" "Mozilla/5.0 (Linux; Android 8.0.0; SM-A520F Build/R16NW; wv) AppleWebKit/537.36 (KHTML, like Gecko) Version/4.0 Chrome/75.0.3770.89 Mobile Safari/537.36 [FB_IAB/FB4A;FBAV/226.0.0.49.120;]"
95.168.120.11 - - [28/Jun/2019:11:44:35 +0000] "GET /public/img/global/icon-arrow-yellow.png HTTP/1.1" 200 1105 "http://www.hdz-zadar.hr/public/css/styles-mobile.css?v=1" "Mozilla/5.0 (Linux; Android 9; SM-G950F Build/PPR1.180610.011; wv) AppleWebKit/537.36 (KHTML, like Gecko) Version/4.0 Chrome/75.0.3770.101 Mobile Safari/537.36 [FB_IAB/FB4A;FBAV/226.0.0.49.120;]"
95.168.120.11 - - [28/Jun/2019:11:44:35 +0000] "GET /uploads/thumbnails/d23b8a276f9fe9d26b996c4efa9beb07.jpg HTTP/1.1" 200 128677 "http://www.hdz-zadar.hr/aktualno/28-obljetnica-112-brigade" "Mozilla/5.0 (Linux; Android 9; SM-G950F Build/PPR1.180610.011; wv) AppleWebKit/537.36 (KHTML, like Gecko) Version/4.0 Chrome/75.0.3770.101 Mobile Safari/537.36 [FB_IAB/FB4A;FBAV/226.0.0.49.120;]"
31.217.25.234 - - [28/Jun/2019:11:44:35 +0000] "GET /public/img/global/btn-ig-footer.jpg HTTP/1.1" 200 11541 "http://www.hdz-zadar.hr/aktualno/28-obljetnica-112-brigade" "Mozilla/5.0 (Linux; Android 8.0.0; SM-A520F Build/R16NW; wv) AppleWebKit/537.36 (KHTML, like Gecko) Version/4.0 Chrome/75.0.3770.89 Mobile Safari/537.36 [FB_IAB/FB4A;FBAV/226.0.0.49.120;]"
95.168.120.11 - - [28/Jun/2019:11:44:35 +0000] "GET /uploads/thumbnails/bfb6c2b8483121f4d25e83eb2c14d411.jpg HTTP/1.1" 200 102637 "http://www.hdz-zadar.hr/aktualno/28-obljetnica-112-brigade" "Mozilla/5.0 (Linux; Android 9; SM-G950F Build/PPR1.180610.011; wv) AppleWebKit/537.36 (KHTML, like Gecko) Version/4.0 Chrome/75.0.3770.101 Mobile Safari/537.36 [FB_IAB/FB4A;FBAV/226.0.0.49.120;]"
31.217.25.234 - - [28/Jun/2019:11:44:35 +0000] "GET /public/img/global/icon-arrow-yellow-left.png HTTP/1.1" 200 265 "http://www.hdz-zadar.hr/public/css/styles-mobile.css?v=1" "Mozilla/5.0 (Linux; Android 8.0.0; SM-A520F Build/R16NW; wv) AppleWebKit/537.36 (KHTML, like Gecko) Version/4.0 Chrome/75.0.3770.89 Mobile Safari/537.36 [FB_IAB/FB4A;FBAV/226.0.0.49.120;]"
31.217.25.234 - - [28/Jun/2019:11:44:35 +0000] "GET /public/img/global/btn-yt-footer.jpg HTTP/1.1" 200 10397 "http://www.hdz-zadar.hr/aktualno/28-obljetnica-112-brigade" "Mozilla/5.0 (Linux; Android 8.0.0; SM-A520F Build/R16NW; wv) AppleWebKit/537.36 (KHTML, like Gecko) Version/4.0 Chrome/75.0.3770.89 Mobile Safari/537.36 [FB_IAB/FB4A;FBAV/226.0.0.49.120;]"
95.168.120.11 - - [28/Jun/2019:11:44:35 +0000] "GET /uploads/thumbnails/55786d7d888e2ed57c3edcfaf3332b3d.png HTTP/1.1" 200 537636 "http://www.hdz-zadar.hr/aktualno/28-obljetnica-112-brigade" "Mozilla/5.0 (Linux; Android 9; SM-G950F Build/PPR1.180610.011; wv) AppleWebKit/537.36 (KHTML, like Gecko) Version/4.0 Chrome/75.0.3770.101 Mobile Safari/537.36 [FB_IAB/FB4A;FBAV/226.0.0.49.120;]"
95.168.120.11 - - [28/Jun/2019:11:44:35 +0000] "GET /unitegallery/skins/default/icon_zoom_plus.png HTTP/1.1" 200 340 "http://www.hdz-zadar.hr/unitegallery/css/unite-gallery.css" "Mozilla/5.0 (Linux; Android 9; SM-G950F Build/PPR1.180610.011; wv) AppleWebKit/537.36 (KHTML, like Gecko) Version/4.0 Chrome/75.0.3770.101 Mobile Safari/537.36 [FB_IAB/FB4A;FBAV/226.0.0.49.120;]"
95.168.120.11 - - [28/Jun/2019:11:44:35 +0000] "GET /unitegallery/skins/default/slider_arrow_left.png HTTP/1.1" 200 470 "http://www.hdz-zadar.hr/unitegallery/css/unite-gallery.css" "Mozilla/5.0 (Linux; Android 9; SM-G950F Build/PPR1.180610.011; wv) AppleWebKit/537.36 (KHTML, like Gecko) Version/4.0 Chrome/75.0.3770.101 Mobile Safari/537.36 [FB_IAB/FB4A;FBAV/226.0.0.49.120;]"
31.217.25.234 - - [28/Jun/2019:11:44:35 +0000] "GET /uploads/thumbnails/c26011493e65bc233c76d763eb85138a.jpg HTTP/1.1" 200 103918 "http://www.hdz-zadar.hr/aktualno/28-obljetnica-112-brigade" "Mozilla/5.0 (Linux; Android 8.0.0; SM-A520F Build/R16NW; wv) AppleWebKit/537.36 (KHTML, like Gecko) Version/4.0 Chrome/75.0.3770.89 Mobile Safari/537.36 [FB_IAB/FB4A;FBAV/226.0.0.49.120;]"
31.217.25.234 - - [28/Jun/2019:11:44:35 +0000] "GET /uploads/thumbnails/3a582589e19a8f93c969b16f96809649.jpg HTTP/1.1" 200 106223 "http://www.hdz-zadar.hr/aktualno/28-obljetnica-112-brigade" "Mozilla/5.0 (Linux; Android 8.0.0; SM-A520F Build/R16NW; wv) AppleWebKit/537.36 (KHTML, like Gecko) Version/4.0 Chrome/75.0.3770.89 Mobile Safari/537.36 [FB_IAB/FB4A;FBAV/226.0.0.49.120;]"
95.168.120.11 - - [28/Jun/2019:11:44:35 +0000] "GET /unitegallery/skins/default/icon_zoom_minus.png HTTP/1.1" 200 285 "http://www.hdz-zadar.hr/unitegallery/css/unite-gallery.css" "Mozilla/5.0 (Linux; Android 9; SM-G950F Build/PPR1.180610.011; wv) AppleWebKit/537.36 (KHTML, like Gecko) Version/4.0 Chrome/75.0.3770.101 Mobile Safari/537.36 [FB_IAB/FB4A;FBAV/226.0.0.49.120;]"
95.168.120.11 - - [28/Jun/2019:11:44:35 +0000] "GET /unitegallery/skins/default/slider_arrow_right.png HTTP/1.1" 200 493 "http://www.hdz-zadar.hr/unitegallery/css/unite-gallery.css" "Mozilla/5.0 (Linux; Android 9; SM-G950F Build/PPR1.180610.011; wv) AppleWebKit/537.36 (KHTML, like Gecko) Version/4.0 Chrome/75.0.3770.101 Mobile Safari/537.36 [FB_IAB/FB4A;FBAV/226.0.0.49.120;]"
31.217.25.234 - - [28/Jun/2019:11:44:35 +0000] "GET /uploads/thumbnails/e894f6a9f74cd30227ea9db975dccd81.JPG HTTP/1.1" 200 85405 "http://www.hdz-zadar.hr/aktualno/28-obljetnica-112-brigade" "Mozilla/5.0 (Linux; Android 8.0.0; SM-A520F Build/R16NW; wv) AppleWebKit/537.36 (KHTML, like Gecko) Version/4.0 Chrome/75.0.3770.89 Mobile Safari/537.36 [FB_IAB/FB4A;FBAV/226.0.0.49.120;]"
31.217.25.234 - - [28/Jun/2019:11:44:35 +0000] "GET /uploads/thumbnails/e634f0f2a485b09f88a3b4beddcf1438.jpg HTTP/1.1" 200 167382 "http://www.hdz-zadar.hr/aktualno/28-obljetnica-112-brigade" "Mozilla/5.0 (Linux; Android 8.0.0; SM-A520F Build/R16NW; wv) AppleWebKit/537.36 (KHTML, like Gecko) Version/4.0 Chrome/75.0.3770.89 Mobile Safari/537.36 [FB_IAB/FB4A;FBAV/226.0.0.49.120;]"
95.168.120.11 - - [28/Jun/2019:11:44:35 +0000] "GET /unitegallery/skins/default/button_fullscreen.png HTTP/1.1" 200 1050 "http://www.hdz-zadar.hr/unitegallery/css/unite-gallery.css" "Mozilla/5.0 (Linux; Android 9; SM-G950F Build/PPR1.180610.011; wv) AppleWebKit/537.36 (KHTML, like Gecko) Version/4.0 Chrome/75.0.3770.101 Mobile Safari/537.36 [FB_IAB/FB4A;FBAV/226.0.0.49.120;]"
95.168.120.11 - - [28/Jun/2019:11:44:35 +0000] "GET /unitegallery/images/loader-white1.gif HTTP/1.1" 200 2545 "http://www.hdz-zadar.hr/unitegallery/css/unite-gallery.css" "Mozilla/5.0 (Linux; Android 9; SM-G950F Build/PPR1.180610.011; wv) AppleWebKit/537.36 (KHTML, like Gecko) Version/4.0 Chrome/75.0.3770.101 Mobile Safari/537.36 [FB_IAB/FB4A;FBAV/226.0.0.49.120;]"
31.217.25.234 - - [28/Jun/2019:11:44:35 +0000] "GET /uploads/thumbnails/17342f28810e19991f775d8559e91246.jpeg HTTP/1.1" 200 50825 "http://www.hdz-zadar.hr/aktualno/28-obljetnica-112-brigade" "Mozilla/5.0 (Linux; Android 8.0.0; SM-A520F Build/R16NW; wv) AppleWebKit/537.36 (KHTML, like Gecko) Version/4.0 Chrome/75.0.3770.89 Mobile Safari/537.36 [FB_IAB/FB4A;FBAV/226.0.0.49.120;]"
95.168.120.11 - - [28/Jun/2019:11:44:35 +0000] "GET /unitegallery/skins/default/button_playpause.png HTTP/1.1" 200 604 "http://www.hdz-zadar.hr/unitegallery/css/unite-gallery.css" "Mozilla/5.0 (Linux; Android 9; SM-G950F Build/PPR1.180610.011; wv) AppleWebKit/537.36 (KHTML, like Gecko) Version/4.0 Chrome/75.0.3770.101 Mobile Safari/537.36 [FB_IAB/FB4A;FBAV/226.0.0.49.120;]"
95.168.120.11 - - [28/Jun/2019:11:44:35 +0000] "GET /unitegallery/images/play-button-square.png HTTP/1.1" 200 4591 "http://www.hdz-zadar.hr/unitegallery/css/unite-gallery.css" "Mozilla/5.0 (Linux; Android 9; SM-G950F Build/PPR1.180610.011; wv) AppleWebKit/537.36 (KHTML, like Gecko) Version/4.0 Chrome/75.0.3770.101 Mobile Safari/537.36 [FB_IAB/FB4A;FBAV/226.0.0.49.120;]"
95.168.120.11 - - [28/Jun/2019:11:44:35 +0000] "GET /unitegallery/skins/default/icon_zoom_back.png HTTP/1.1" 200 368 "http://www.hdz-zadar.hr/unitegallery/css/unite-gallery.css" "Mozilla/5.0 (Linux; Android 9; SM-G950F Build/PPR1.180610.011; wv) AppleWebKit/537.36 (KHTML, like Gecko) Version/4.0 Chrome/75.0.3770.101 Mobile Safari/537.36 [FB_IAB/FB4A;FBAV/226.0.0.49.120;]"
31.217.25.234 - - [28/Jun/2019:11:44:35 +0000] "GET /uploads/thumbnails/1ad1ceceac916557145dc960fdd3cce8.jpg HTTP/1.1" 200 77711 "http://www.hdz-zadar.hr/aktualno/28-obljetnica-112-brigade" "Mozilla/5.0 (Linux; Android 8.0.0; SM-A520F Build/R16NW; wv) AppleWebKit/537.36 (KHTML, like Gecko) Version/4.0 Chrome/75.0.3770.89 Mobile Safari/537.36 [FB_IAB/FB4A;FBAV/226.0.0.49.120;]"
