93.140.168.173 - - [28/Jun/2019:11:37:58 +0000] "GET /public/img/global/btn-ig-footer.jpg HTTP/1.1" 200 11541 "http://www.hdz-zadar.hr/aktualno/28-obljetnica-112-brigade" "Mozilla/5.0 (Linux; Android 9; SM-G950F Build/PPR1.180610.011; wv) AppleWebKit/537.36 (KHTML, like Gecko) Version/4.0 Chrome/75.0.3770.101 Mobile Safari/537.36 [FB_IAB/FB4A;FBAV/227.0.0.43.158;]"
31.13.115.11 - - [28/Jun/2019:11:37:57 +0000] "GET /uploads/images/c26011493e65bc233c76d763eb85138a.jpg HTTP/1.1" 200 362218 "-" "Mozilla/5.0 (iPhone; CPU iPhone OS 12_1_4 like Mac OS X) AppleWebKit/605.1.15 (KHTML, like Gecko) Version/12.0 Mobile/15E148 Safari/604.1"
93.140.168.173 - - [28/Jun/2019:11:37:58 +0000] "GET /public/img/global/btn-yt-footer.jpg HTTP/1.1" 200 10397 "http://www.hdz-zadar.hr/aktualno/28-obljetnica-112-brigade" "Mozilla/5.0 (Linux; Android 9; SM-G950F Build/PPR1.180610.011; wv) AppleWebKit/537.36 (KHTML, like Gecko) Version/4.0 Chrome/75.0.3770.101 Mobile Safari/537.36 [FB_IAB/FB4A;FBAV/227.0.0.43.158;]"
31.13.115.8 - - [28/Jun/2019:11:37:57 +0000] "GET /uploads/images/3a582589e19a8f93c969b16f96809649.jpg HTTP/1.1" 200 370478 "-" "Mozilla/5.0 (iPhone; CPU iPhone OS 12_1_4 like Mac OS X) AppleWebKit/605.1.15 (KHTML, like Gecko) Version/12.0 Mobile/15E148 Safari/604.1"
31.13.115.5 - - [28/Jun/2019:11:37:58 +0000] "GET /uploads/thumbnails/8f3ba603c76bf13c82c5493e1825e960.jpg HTTP/1.1" 200 82889 "-" "Mozilla/5.0 (iPhone; CPU iPhone OS 12_1_4 like Mac OS X) AppleWebKit/605.1.15 (KHTML, like Gecko) Version/12.0 Mobile/15E148 Safari/604.1"
93.140.168.173 - - [28/Jun/2019:11:37:58 +0000] "GET /public/img/global/icon-arrow-yellow-left.png HTTP/1.1" 200 265 "http://www.hdz-zadar.hr/public/css/styles-mobile.css?v=1" "Mozilla/5.0 (Linux; Android 9; SM-G950F Build/PPR1.180610.011; wv) AppleWebKit/537.36 (KHTML, like Gecko) Version/4.0 Chrome/75.0.3770.101 Mobile Safari/537.36 [FB_IAB/FB4A;FBAV/227.0.0.43.158;]"
93.140.168.173 - - [28/Jun/2019:11:37:58 +0000] "GET /uploads/thumbnails/17342f28810e19991f775d8559e91246.jpeg HTTP/1.1" 200 50825 "http://www.hdz-zadar.hr/aktualno/28-obljetnica-112-brigade" "Mozilla/5.0 (Linux; Android 9; SM-G950F Build/PPR1.180610.011; wv) AppleWebKit/537.36 (KHTML, like Gecko) Version/4.0 Chrome/75.0.3770.101 Mobile Safari/537.36 [FB_IAB/FB4A;FBAV/227.0.0.43.158;]"
31.13.115.11 - - [28/Jun/2019:11:37:58 +0000] "GET /uploads/thumbnails/0ab224230568eb4450a88b723b63403c.jpg HTTP/1.1" 200 123920 "-" "Mozilla/5.0 (iPhone; CPU iPhone OS 12_1_4 like Mac OS X) AppleWebKit/605.1.15 (KHTML, like Gecko) Version/12.0 Mobile/15E148 Safari/604.1"
93.140.168.173 - - [28/Jun/2019:11:37:58 +0000] "GET /uploads/thumbnails/c26011493e65bc233c76d763eb85138a.jpg HTTP/1.1" 200 103918 "http://www.hdz-zadar.hr/aktualno/28-obljetnica-112-brigade" "Mozilla/5.0 (Linux; Android 9; SM-G950F Build/PPR1.180610.011; wv) AppleWebKit/537.36 (KHTML, like Gecko) Version/4.0 Chrome/75.0.3770.101 Mobile Safari/537.36 [FB_IAB/FB4A;FBAV/227.0.0.43.158;]"
93.140.168.173 - - [28/Jun/2019:11:37:58 +0000] "GET /uploads/thumbnails/e894f6a9f74cd30227ea9db975dccd81.JPG HTTP/1.1" 200 85405 "http://www.hdz-zadar.hr/aktualno/28-obljetnica-112-brigade" "Mozilla/5.0 (Linux; Android 9; SM-G950F Build/PPR1.180610.011; wv) AppleWebKit/537.36 (KHTML, like Gecko) Version/4.0 Chrome/75.0.3770.101 Mobile Safari/537.36 [FB_IAB/FB4A;FBAV/227.0.0.43.158;]"
31.13.115.5 - - [28/Jun/2019:11:37:58 +0000] "GET /uploads/thumbnails/9e9c1cd4b9c4d45154c215bb2f605dc3.jpeg HTTP/1.1" 200 61976 "-" "Mozilla/5.0 (iPhone; CPU iPhone OS 12_1_4 like Mac OS X) AppleWebKit/605.1.15 (KHTML, like Gecko) Version/12.0 Mobile/15E148 Safari/604.1"
31.13.115.8 - - [28/Jun/2019:11:37:58 +0000] "GET /uploads/thumbnails/d23b8a276f9fe9d26b996c4efa9beb07.jpg HTTP/1.1" 200 128677 "-" "Mozilla/5.0 (iPhone; CPU iPhone OS 12_1_4 like Mac OS X) AppleWebKit/605.1.15 (KHTML, like Gecko) Version/12.0 Mobile/15E148 Safari/604.1"
93.140.168.173 - - [28/Jun/2019:11:37:58 +0000] "GET /uploads/thumbnails/e634f0f2a485b09f88a3b4beddcf1438.jpg HTTP/1.1" 200 167382 "http://www.hdz-zadar.hr/aktualno/28-obljetnica-112-brigade" "Mozilla/5.0 (Linux; Android 9; SM-G950F Build/PPR1.180610.011; wv) AppleWebKit/537.36 (KHTML, like Gecko) Version/4.0 Chrome/75.0.3770.101 Mobile Safari/537.36 [FB_IAB/FB4A;FBAV/227.0.0.43.158;]"
93.140.168.173 - - [28/Jun/2019:11:37:58 +0000] "GET /uploads/thumbnails/3a582589e19a8f93c969b16f96809649.jpg HTTP/1.1" 200 106223 "http://www.hdz-zadar.hr/aktualno/28-obljetnica-112-brigade" "Mozilla/5.0 (Linux; Android 9; SM-G950F Build/PPR1.180610.011; wv) AppleWebKit/537.36 (KHTML, like Gecko) Version/4.0 Chrome/75.0.3770.101 Mobile Safari/537.36 [FB_IAB/FB4A;FBAV/227.0.0.43.158;]"
93.140.168.173 - - [28/Jun/2019:11:37:58 +0000] "GET /unitegallery/images/loader-white1.gif HTTP/1.1" 200 2545 "http://www.hdz-zadar.hr/unitegallery/css/unite-gallery.css" "Mozilla/5.0 (Linux; Android 9; SM-G950F Build/PPR1.180610.011; wv) AppleWebKit/537.36 (KHTML, like Gecko) Version/4.0 Chrome/75.0.3770.101 Mobile Safari/537.36 [FB_IAB/FB4A;FBAV/227.0.0.43.158;]"
31.13.115.8 - - [28/Jun/2019:11:37:58 +0000] "GET /public/img/global/icon-arrow-yellow-left.png HTTP/1.1" 200 265 "-" "Mozilla/5.0 (iPhone; CPU iPhone OS 12_1_4 like Mac OS X) AppleWebKit/605.1.15 (KHTML, like Gecko) Version/12.0 Mobile/15E148 Safari/604.1"
93.140.168.173 - - [28/Jun/2019:11:37:58 +0000] "GET /unitegallery/skins/default/grid_handle_black_top.png HTTP/1.1" 200 942 "http://www.hdz-zadar.hr/unitegallery/css/unite-gallery.css" "Mozilla/5.0 (Linux; Android 9; SM-G950F Build/PPR1.180610.011; wv) AppleWebKit/537.36 (KHTML, like Gecko) Version/4.0 Chrome/75.0.3770.101 Mobile Safari/537.36 [FB_IAB/FB4A;FBAV/227.0.0.43.158;]"
31.13.115.5 - - [28/Jun/2019:11:37:58 +0000] "GET /uploads/thumbnails/bfb6c2b8483121f4d25e83eb2c14d411.jpg HTTP/1.1" 200 102637 "-" "Mozilla/5.0 (iPhone; CPU iPhone OS 12_1_4 like Mac OS X) AppleWebKit/605.1.15 (KHTML, like Gecko) Version/12.0 Mobile/15E148 Safari/604.1"
31.13.115.8 - - [28/Jun/2019:11:37:58 +0000] "GET /public/img/global/icon-arrow-yellow.png HTTP/1.1" 200 1105 "-" "Mozilla/5.0 (iPhone; CPU iPhone OS 12_1_4 like Mac OS X) AppleWebKit/605.1.15 (KHTML, like Gecko) Version/12.0 Mobile/15E148 Safari/604.1"
93.140.168.173 - - [28/Jun/2019:11:37:58 +0000] "GET /unitegallery/skins/default/slider_arrow_left.png HTTP/1.1" 200 470 "http://www.hdz-zadar.hr/unitegallery/css/unite-gallery.css" "Mozilla/5.0 (Linux; Android 9; SM-G950F Build/PPR1.180610.011; wv) AppleWebKit/537.36 (KHTML, like Gecko) Version/4.0 Chrome/75.0.3770.101 Mobile Safari/537.36 [FB_IAB/FB4A;FBAV/227.0.0.43.158;]"
93.140.168.173 - - [28/Jun/2019:11:37:58 +0000] "GET /unitegallery/skins/default/icon_zoom_plus.png HTTP/1.1" 200 340 "http://www.hdz-zadar.hr/unitegallery/css/unite-gallery.css" "Mozilla/5.0 (Linux; Android 9; SM-G950F Build/PPR1.180610.011; wv) AppleWebKit/537.36 (KHTML, like Gecko) Version/4.0 Chrome/75.0.3770.101 Mobile Safari/537.36 [FB_IAB/FB4A;FBAV/227.0.0.43.158;]"
93.140.168.173 - - [28/Jun/2019:11:37:58 +0000] "GET /uploads/thumbnails/1ad1ceceac916557145dc960fdd3cce8.jpg HTTP/1.1" 200 77711 "http://www.hdz-zadar.hr/aktualno/28-obljetnica-112-brigade" "Mozilla/5.0 (Linux; Android 9; SM-G950F Build/PPR1.180610.011; wv) AppleWebKit/537.36 (KHTML, like Gecko) Version/4.0 Chrome/75.0.3770.101 Mobile Safari/537.36 [FB_IAB/FB4A;FBAV/227.0.0.43.158;]"
31.13.115.5 - - [28/Jun/2019:11:37:58 +0000] "GET /unitegallery/images/loader.gif HTTP/1.1" 200 673 "-" "Mozilla/5.0 (iPhone; CPU iPhone OS 12_1_4 like Mac OS X) AppleWebKit/605.1.15 (KHTML, like Gecko) Version/12.0 Mobile/15E148 Safari/604.1"
93.140.168.173 - - [28/Jun/2019:11:37:58 +0000] "GET /unitegallery/skins/default/slider_arrow_right.png HTTP/1.1" 200 493 "http://www.hdz-zadar.hr/unitegallery/css/unite-gallery.css" "Mozilla/5.0 (Linux; Android 9; SM-G950F Build/PPR1.180610.011; wv) AppleWebKit/537.36 (KHTML, like Gecko) Version/4.0 Chrome/75.0.3770.101 Mobile Safari/537.36 [FB_IAB/FB4A;FBAV/227.0.0.43.158;]"
93.140.168.173 - - [28/Jun/2019:11:37:59 +0000] "GET /unitegallery/skins/default/button_fullscreen.png HTTP/1.1" 200 1050 "http://www.hdz-zadar.hr/unitegallery/css/unite-gallery.css" "Mozilla/5.0 (Linux; Android 9; SM-G950F Build/PPR1.180610.011; wv) AppleWebKit/537.36 (KHTML, like Gecko) Version/4.0 Chrome/75.0.3770.101 Mobile Safari/537.36 [FB_IAB/FB4A;FBAV/227.0.0.43.158;]"
93.140.168.173 - - [28/Jun/2019:11:37:59 +0000] "GET /unitegallery/skins/default/button_playpause.png HTTP/1.1" 200 604 "http://www.hdz-zadar.hr/unitegallery/css/unite-gallery.css" "Mozilla/5.0 (Linux; Android 9; SM-G950F Build/PPR1.180610.011; wv) AppleWebKit/537.36 (KHTML, like Gecko) Version/4.0 Chrome/75.0.3770.101 Mobile Safari/537.36 [FB_IAB/FB4A;FBAV/227.0.0.43.158;]"
31.13.115.8 - - [28/Jun/2019:11:37:59 +0000] "GET /public/img/global/btn-close-menu.jpg HTTP/1.1" 200 844 "-" "Mozilla/5.0 (iPhone; CPU iPhone OS 12_1_4 like Mac OS X) AppleWebKit/605.1.15 (KHTML, like Gecko) Version/12.0 Mobile/15E148 Safari/604.1"
31.13.115.11 - - [28/Jun/2019:11:37:58 +0000] "GET /uploads/thumbnails/55786d7d888e2ed57c3edcfaf3332b3d.png HTTP/1.1" 200 537636 "-" "Mozilla/5.0 (iPhone; CPU iPhone OS 12_1_4 like Mac OS X) AppleWebKit/605.1.15 (KHTML, like Gecko) Version/12.0 Mobile/15E148 Safari/604.1"
93.140.168.173 - - [28/Jun/2019:11:37:59 +0000] "GET /unitegallery/images/loader.gif HTTP/1.1" 200 673 "http://www.hdz-zadar.hr/unitegallery/css/unite-gallery.css" "Mozilla/5.0 (Linux; Android 9; SM-G950F Build/PPR1.180610.011; wv) AppleWebKit/537.36 (KHTML, like Gecko) Version/4.0 Chrome/75.0.3770.101 Mobile Safari/537.36 [FB_IAB/FB4A;FBAV/227.0.0.43.158;]"
93.140.168.173 - - [28/Jun/2019:11:37:59 +0000] "GET /unitegallery/skins/default/icon_zoom_minus.png HTTP/1.1" 200 285 "http://www.hdz-zadar.hr/unitegallery/css/unite-gallery.css" "Mozilla/5.0 (Linux; Android 9; SM-G950F Build/PPR1.180610.011; wv) AppleWebKit/537.36 (KHTML, like Gecko) Version/4.0 Chrome/75.0.3770.101 Mobile Safari/537.36 [FB_IAB/FB4A;FBAV/227.0.0.43.158;]"
31.13.115.5 - - [28/Jun/2019:11:37:59 +0000] "GET /public/img/global/logo-header-mobile.png HTTP/1.1" 200 8609 "-" "Mozilla/5.0 (iPhone; CPU iPhone OS 12_1_4 like Mac OS X) AppleWebKit/605.1.15 (KHTML, like Gecko) Version/12.0 Mobile/15E148 Safari/604.1"
31.13.115.8 - - [28/Jun/2019:11:37:59 +0000] "GET /public/img/global/btn-close-nav-mobile.jpg HTTP/1.1" 200 2068 "-" "Mozilla/5.0 (iPhone; CPU iPhone OS 12_1_4 like Mac OS X) AppleWebKit/605.1.15 (KHTML, like Gecko) Version/12.0 Mobile/15E148 Safari/604.1"
93.140.168.173 - - [28/Jun/2019:11:37:59 +0000] "GET /unitegallery/skins/default/icon_zoom_back.png HTTP/1.1" 200 368 "http://www.hdz-zadar.hr/unitegallery/css/unite-gallery.css" "Mozilla/5.0 (Linux; Android 9; SM-G950F Build/PPR1.180610.011; wv) AppleWebKit/537.36 (KHTML, like Gecko) Version/4.0 Chrome/75.0.3770.101 Mobile Safari/537.36 [FB_IAB/FB4A;FBAV/227.0.0.43.158;]"
93.140.168.173 - - [28/Jun/2019:11:37:59 +0000] "GET /unitegallery/images/play-button-square.png HTTP/1.1" 200 4591 "http://www.hdz-zadar.hr/unitegallery/css/unite-gallery.css" "Mozilla/5.0 (Linux; Android 9; SM-G950F Build/PPR1.180610.011; wv) AppleWebKit/537.36 (KHTML, like Gecko) Version/4.0 Chrome/75.0.3770.101 Mobile Safari/537.36 [FB_IAB/FB4A;FBAV/227.0.0.43.158;]"
93.140.168.173 - - [28/Jun/2019:11:37:59 +0000] "GET /unitegallery/images/loader-black1.gif HTTP/1.1" 200 5855 "http://www.hdz-zadar.hr/unitegallery/css/unite-gallery.css" "Mozilla/5.0 (Linux; Android 9; SM-G950F Build/PPR1.180610.011; wv) AppleWebKit/537.36 (KHTML, like Gecko) Version/4.0 Chrome/75.0.3770.101 Mobile Safari/537.36 [FB_IAB/FB4A;FBAV/227.0.0.43.158;]"
31.13.115.11 - - [28/Jun/2019:11:37:59 +0000] "GET /public/img/global/btn-fb-footer.jpg HTTP/1.1" 200 9466 "-" "Mozilla/5.0 (iPhone; CPU iPhone OS 12_1_4 like Mac OS X) AppleWebKit/605.1.15 (KHTML, like Gecko) Version/12.0 Mobile/15E148 Safari/604.1"
31.13.115.5 - - [28/Jun/2019:11:37:59 +0000] "GET /public/img/global/btn-ig-footer.jpg HTTP/1.1" 200 11541 "-" "Mozilla/5.0 (iPhone; CPU iPhone OS 12_1_4 like Mac OS X) AppleWebKit/605.1.15 (KHTML, like Gecko) Version/12.0 Mobile/15E148 Safari/604.1"
31.13.115.8 - - [28/Jun/2019:11:37:59 +0000] "GET /public/img/global/btn-yt-footer.jpg HTTP/1.1" 200 10397 "-" "Mozilla/5.0 (iPhone; CPU iPhone OS 12_1_4 like Mac OS X) AppleWebKit/605.1.15 (KHTML, like Gecko) Version/12.0 Mobile/15E148 Safari/604.1"
31.13.115.5 - - [28/Jun/2019:11:37:59 +0000] "GET /unitegallery/images/cover-grid.png HTTP/1.1" 200 933 "-" "Mozilla/5.0 (iPhone; CPU iPhone OS 12_1_4 like Mac OS X) AppleWebKit/605.1.15 (KHTML, like Gecko) Version/12.0 Mobile/15E148 Safari/604.1"
31.13.115.11 - - [28/Jun/2019:11:37:59 +0000] "GET /unitegallery/images/not_loaded.png HTTP/1.1" 200 858 "-" "Mozilla/5.0 (iPhone; CPU iPhone OS 12_1_4 like Mac OS X) AppleWebKit/605.1.15 (KHTML, like Gecko) Version/12.0 Mobile/15E148 Safari/604.1"
93.140.168.173 - - [28/Jun/2019:11:37:59 +0000] "GET /uploads/thumbnails/8f3ba603c76bf13c82c5493e1825e960.jpg HTTP/1.1" 200 82889 "http://www.hdz-zadar.hr/aktualno/28-obljetnica-112-brigade" "Mozilla/5.0 (Linux; Android 9; SM-G950F Build/PPR1.180610.011; wv) AppleWebKit/537.36 (KHTML, like Gecko) Version/4.0 Chrome/75.0.3770.101 Mobile Safari/537.36 [FB_IAB/FB4A;FBAV/227.0.0.43.158;]"
93.140.168.173 - - [28/Jun/2019:11:37:59 +0000] "GET /uploads/thumbnails/0ab224230568eb4450a88b723b63403c.jpg HTTP/1.1" 200 123920 "http://www.hdz-zadar.hr/aktualno/28-obljetnica-112-brigade" "Mozilla/5.0 (Linux; Android 9; SM-G950F Build/PPR1.180610.011; wv) AppleWebKit/537.36 (KHTML, like Gecko) Version/4.0 Chrome/75.0.3770.101 Mobile Safari/537.36 [FB_IAB/FB4A;FBAV/227.0.0.43.158;]"
93.140.168.173 - - [28/Jun/2019:11:37:59 +0000] "GET /uploads/thumbnails/d23b8a276f9fe9d26b996c4efa9beb07.jpg HTTP/1.1" 200 128677 "http://www.hdz-zadar.hr/aktualno/28-obljetnica-112-brigade" "Mozilla/5.0 (Linux; Android 9; SM-G950F Build/PPR1.180610.011; wv) AppleWebKit/537.36 (KHTML, like Gecko) Version/4.0 Chrome/75.0.3770.101 Mobile Safari/537.36 [FB_IAB/FB4A;FBAV/227.0.0.43.158;]"
93.140.168.173 - - [28/Jun/2019:11:37:59 +0000] "GET /uploads/images/e634f0f2a485b09f88a3b4beddcf1438.jpg HTTP/1.1" 200 370357 "http://www.hdz-zadar.hr/aktualno/28-obljetnica-112-brigade" "Mozilla/5.0 (Linux; Android 9; SM-G950F Build/PPR1.180610.011; wv) AppleWebKit/537.36 (KHTML, like Gecko) Version/4.0 Chrome/75.0.3770.101 Mobile Safari/537.36 [FB_IAB/FB4A;FBAV/227.0.0.43.158;]"
93.140.168.173 - - [28/Jun/2019:11:37:59 +0000] "GET /uploads/images/3a582589e19a8f93c969b16f96809649.jpg HTTP/1.1" 200 370478 "http://www.hdz-zadar.hr/aktualno/28-obljetnica-112-brigade" "Mozilla/5.0 (Linux; Android 9; SM-G950F Build/PPR1.180610.011; wv) AppleWebKit/537.36 (KHTML, like Gecko) Version/4.0 Chrome/75.0.3770.101 Mobile Safari/537.36 [FB_IAB/FB4A;FBAV/227.0.0.43.158;]"
93.140.168.173 - - [28/Jun/2019:11:37:59 +0000] "GET /uploads/images/c26011493e65bc233c76d763eb85138a.jpg HTTP/1.1" 200 362218 "http://www.hdz-zadar.hr/aktualno/28-obljetnica-112-brigade" "Mozilla/5.0 (Linux; Android 9; SM-G950F Build/PPR1.180610.011; wv) AppleWebKit/537.36 (KHTML, like Gecko) Version/4.0 Chrome/75.0.3770.101 Mobile Safari/537.36 [FB_IAB/FB4A;FBAV/227.0.0.43.158;]"
93.140.168.173 - - [28/Jun/2019:11:38:00 +0000] "GET /uploads/thumbnails/9e9c1cd4b9c4d45154c215bb2f605dc3.jpeg HTTP/1.1" 200 61976 "http://www.hdz-zadar.hr/aktualno/28-obljetnica-112-brigade" "Mozilla/5.0 (Linux; Android 9; SM-G950F Build/PPR1.180610.011; wv) AppleWebKit/537.36 (KHTML, like Gecko) Version/4.0 Chrome/75.0.3770.101 Mobile Safari/537.36 [FB_IAB/FB4A;FBAV/227.0.0.43.158;]"
93.140.168.173 - - [28/Jun/2019:11:38:00 +0000] "GET /public/img/global/icon-arrow-yellow.png HTTP/1.1" 200 1105 "http://www.hdz-zadar.hr/public/css/styles-mobile.css?v=1" "Mozilla/5.0 (Linux; Android 9; SM-G950F Build/PPR1.180610.011; wv) AppleWebKit/537.36 (KHTML, like Gecko) Version/4.0 Chrome/75.0.3770.101 Mobile Safari/537.36 [FB_IAB/FB4A;FBAV/227.0.0.43.158;]"
93.140.168.173 - - [28/Jun/2019:11:38:00 +0000] "GET /unitegallery/images/cover-grid.png HTTP/1.1" 200 933 "http://www.hdz-zadar.hr/unitegallery/css/unite-gallery.css" "Mozilla/5.0 (Linux; Android 9; SM-G950F Build/PPR1.180610.011; wv) AppleWebKit/537.36 (KHTML, like Gecko) Version/4.0 Chrome/75.0.3770.101 Mobile Safari/537.36 [FB_IAB/FB4A;FBAV/227.0.0.43.158;]"
93.140.168.173 - - [28/Jun/2019:11:38:00 +0000] "GET /unitegallery/images/not_loaded.png HTTP/1.1" 200 858 "http://www.hdz-zadar.hr/unitegallery/css/unite-gallery.css" "Mozilla/5.0 (Linux; Android 9; SM-G950F Build/PPR1.180610.011; wv) AppleWebKit/537.36 (KHTML, like Gecko) Version/4.0 Chrome/75.0.3770.101 Mobile Safari/537.36 [FB_IAB/FB4A;FBAV/227.0.0.43.158;]"
93.140.168.173 - - [28/Jun/2019:11:38:00 +0000] "GET /unitegallery/images/button-close.png HTTP/1.1" 200 7155 "http://www.hdz-zadar.hr/unitegallery/css/unite-gallery.css" "Mozilla/5.0 (Linux; Android 9; SM-G950F Build/PPR1.180610.011; wv) AppleWebKit/537.36 (KHTML, like Gecko) Version/4.0 Chrome/75.0.3770.101 Mobile Safari/537.36 [FB_IAB/FB4A;FBAV/227.0.0.43.158;]"
93.140.168.173 - - [28/Jun/2019:11:38:00 +0000] "GET /uploads/thumbnails/bfb6c2b8483121f4d25e83eb2c14d411.jpg HTTP/1.1" 200 102637 "http://www.hdz-zadar.hr/aktualno/28-obljetnica-112-brigade" "Mozilla/5.0 (Linux; Android 9; SM-G950F Build/PPR1.180610.011; wv) AppleWebKit/537.36 (KHTML, like Gecko) Version/4.0 Chrome/75.0.3770.101 Mobile Safari/537.36 [FB_IAB/FB4A;FBAV/227.0.0.43.158;]"
93.140.168.173 - - [28/Jun/2019:11:38:00 +0000] "GET /uploads/thumbnails/55786d7d888e2ed57c3edcfaf3332b3d.png HTTP/1.1" 200 537636 "http://www.hdz-zadar.hr/aktualno/28-obljetnica-112-brigade" "Mozilla/5.0 (Linux; Android 9; SM-G950F Build/PPR1.180610.011; wv) AppleWebKit/537.36 (KHTML, like Gecko) Version/4.0 Chrome/75.0.3770.101 Mobile Safari/537.36 [FB_IAB/FB4A;FBAV/227.0.0.43.158;]"
93.140.168.173 - - [28/Jun/2019:11:38:02 +0000] "GET /favicon.ico HTTP/1.1" 200 - "http://www.hdz-zadar.hr/aktualno/28-obljetnica-112-brigade" "Mozilla/5.0 (Linux; Android 9; SM-G950F Build/PPR1.180610.011; wv) AppleWebKit/537.36 (KHTML, like Gecko) Version/4.0 Chrome/75.0.3770.101 Mobile Safari/537.36 [FB_IAB/FB4A;FBAV/227.0.0.43.158;]"
93.140.168.173 - - [28/Jun/2019:11:38:12 +0000] "GET /aktualno/ni-90-nismo-imali-dvojbi-pripada-li-hrvatska-europskom-civilizacijskom-krugu-nemamo-ni-danas HTTP/1.1" 200 20824 "http://www.hdz-zadar.hr/aktualno/28-obljetnica-112-brigade" "Mozilla/5.0 (Linux; Android 9; SM-G950F Build/PPR1.180610.011; wv) AppleWebKit/537.36 (KHTML, like Gecko) Version/4.0 Chrome/75.0.3770.101 Mobile Safari/537.36 [FB_IAB/FB4A;FBAV/227.0.0.43.158;]"
93.140.168.173 - - [28/Jun/2019:11:38:13 +0000] "GET /uploads/thumbnails/7939e9863aa3cabbf39a79600913751a.jpg HTTP/1.1" 200 64695 "http://www.hdz-zadar.hr/aktualno/ni-90-nismo-imali-dvojbi-pripada-li-hrvatska-europskom-civilizacijskom-krugu-nemamo-ni-danas" "Mozilla/5.0 (Linux; Android 9; SM-G950F Build/PPR1.180610.011; wv) AppleWebKit/537.36 (KHTML, like Gecko) Version/4.0 Chrome/75.0.3770.101 Mobile Safari/537.36 [FB_IAB/FB4A;FBAV/227.0.0.43.158;]"
93.140.168.173 - - [28/Jun/2019:11:38:13 +0000] "GET /uploads/thumbnails/28778a78c41bbaba7ab8b3e1289eb9f2.jpg HTTP/1.1" 200 57992 "http://www.hdz-zadar.hr/aktualno/ni-90-nismo-imali-dvojbi-pripada-li-hrvatska-europskom-civilizacijskom-krugu-nemamo-ni-danas" "Mozilla/5.0 (Linux; Android 9; SM-G950F Build/PPR1.180610.011; wv) AppleWebKit/537.36 (KHTML, like Gecko) Version/4.0 Chrome/75.0.3770.101 Mobile Safari/537.36 [FB_IAB/FB4A;FBAV/227.0.0.43.158;]"
93.140.168.173 - - [28/Jun/2019:11:38:13 +0000] "GET /uploads/thumbnails/7ccbd4acb652d9bdf7d8c6ecd99ac5f2.jpg HTTP/1.1" 200 56692 "http://www.hdz-zadar.hr/aktualno/ni-90-nismo-imali-dvojbi-pripada-li-hrvatska-europskom-civilizacijskom-krugu-nemamo-ni-danas" "Mozilla/5.0 (Linux; Android 9; SM-G950F Build/PPR1.180610.011; wv) AppleWebKit/537.36 (KHTML, like Gecko) Version/4.0 Chrome/75.0.3770.101 Mobile Safari/537.36 [FB_IAB/FB4A;FBAV/227.0.0.43.158;]"
93.140.168.173 - - [28/Jun/2019:11:38:13 +0000] "GET /uploads/thumbnails/69a72f4fa21ef2e70e39658bfa039d65.jpg HTTP/1.1" 200 69059 "http://www.hdz-zadar.hr/aktualno/ni-90-nismo-imali-dvojbi-pripada-li-hrvatska-europskom-civilizacijskom-krugu-nemamo-ni-danas" "Mozilla/5.0 (Linux; Android 9; SM-G950F Build/PPR1.180610.011; wv) AppleWebKit/537.36 (KHTML, like Gecko) Version/4.0 Chrome/75.0.3770.101 Mobile Safari/537.36 [FB_IAB/FB4A;FBAV/227.0.0.43.158;]"
93.140.168.173 - - [28/Jun/2019:11:38:13 +0000] "GET /uploads/thumbnails/4a93bcb91a47bc59353258a7f82e313a.jpg HTTP/1.1" 200 86814 "http://www.hdz-zadar.hr/aktualno/ni-90-nismo-imali-dvojbi-pripada-li-hrvatska-europskom-civilizacijskom-krugu-nemamo-ni-danas" "Mozilla/5.0 (Linux; Android 9; SM-G950F Build/PPR1.180610.011; wv) AppleWebKit/537.36 (KHTML, like Gecko) Version/4.0 Chrome/75.0.3770.101 Mobile Safari/537.36 [FB_IAB/FB4A;FBAV/227.0.0.43.158;]"
93.140.168.173 - - [28/Jun/2019:11:38:13 +0000] "GET /uploads/thumbnails/00d1ca71464181aaeedcbbff5d16aa0c.jpg HTTP/1.1" 200 64008 "http://www.hdz-zadar.hr/aktualno/ni-90-nismo-imali-dvojbi-pripada-li-hrvatska-europskom-civilizacijskom-krugu-nemamo-ni-danas" "Mozilla/5.0 (Linux; Android 9; SM-G950F Build/PPR1.180610.011; wv) AppleWebKit/537.36 (KHTML, like Gecko) Version/4.0 Chrome/75.0.3770.101 Mobile Safari/537.36 [FB_IAB/FB4A;FBAV/227.0.0.43.158;]"
93.140.168.173 - - [28/Jun/2019:11:38:13 +0000] "GET /uploads/thumbnails/ba285734bd328abfbd4330035fda53bf.jpg HTTP/1.1" 200 82511 "http://www.hdz-zadar.hr/aktualno/ni-90-nismo-imali-dvojbi-pripada-li-hrvatska-europskom-civilizacijskom-krugu-nemamo-ni-danas" "Mozilla/5.0 (Linux; Android 9; SM-G950F Build/PPR1.180610.011; wv) AppleWebKit/537.36 (KHTML, like Gecko) Version/4.0 Chrome/75.0.3770.101 Mobile Safari/537.36 [FB_IAB/FB4A;FBAV/227.0.0.43.158;]"
93.140.168.173 - - [28/Jun/2019:11:38:14 +0000] "GET /uploads/thumbnails/46ba633bf8d34111d16c9709d0f3b907.jpg HTTP/1.1" 200 45223 "http://www.hdz-zadar.hr/aktualno/ni-90-nismo-imali-dvojbi-pripada-li-hrvatska-europskom-civilizacijskom-krugu-nemamo-ni-danas" "Mozilla/5.0 (Linux; Android 9; SM-G950F Build/PPR1.180610.011; wv) AppleWebKit/537.36 (KHTML, like Gecko) Version/4.0 Chrome/75.0.3770.101 Mobile Safari/537.36 [FB_IAB/FB4A;FBAV/227.0.0.43.158;]"
93.140.168.173 - - [28/Jun/2019:11:38:14 +0000] "GET /uploads/thumbnails/65729c4a0c259158152946a9a6e5f328.jpg HTTP/1.1" 200 68335 "http://www.hdz-zadar.hr/aktualno/ni-90-nismo-imali-dvojbi-pripada-li-hrvatska-europskom-civilizacijskom-krugu-nemamo-ni-danas" "Mozilla/5.0 (Linux; Android 9; SM-G950F Build/PPR1.180610.011; wv) AppleWebKit/537.36 (KHTML, like Gecko) Version/4.0 Chrome/75.0.3770.101 Mobile Safari/537.36 [FB_IAB/FB4A;FBAV/227.0.0.43.158;]"
93.140.168.173 - - [28/Jun/2019:11:38:14 +0000] "GET /uploads/thumbnails/781e7877aff1afdef47ede1d0ef84409.jpg HTTP/1.1" 200 80493 "http://www.hdz-zadar.hr/aktualno/ni-90-nismo-imali-dvojbi-pripada-li-hrvatska-europskom-civilizacijskom-krugu-nemamo-ni-danas" "Mozilla/5.0 (Linux; Android 9; SM-G950F Build/PPR1.180610.011; wv) AppleWebKit/537.36 (KHTML, like Gecko) Version/4.0 Chrome/75.0.3770.101 Mobile Safari/537.36 [FB_IAB/FB4A;FBAV/227.0.0.43.158;]"
93.140.168.173 - - [28/Jun/2019:11:38:14 +0000] "GET /uploads/thumbnails/40c09db8a34fae42496d811167f3d9fa.jpg HTTP/1.1" 200 54337 "http://www.hdz-zadar.hr/aktualno/ni-90-nismo-imali-dvojbi-pripada-li-hrvatska-europskom-civilizacijskom-krugu-nemamo-ni-danas" "Mozilla/5.0 (Linux; Android 9; SM-G950F Build/PPR1.180610.011; wv) AppleWebKit/537.36 (KHTML, like Gecko) Version/4.0 Chrome/75.0.3770.101 Mobile Safari/537.36 [FB_IAB/FB4A;FBAV/227.0.0.43.158;]"
93.140.168.173 - - [28/Jun/2019:11:38:14 +0000] "GET /uploads/thumbnails/907aa3628691794196f1f04edc803ec4.jpg HTTP/1.1" 200 98643 "http://www.hdz-zadar.hr/aktualno/ni-90-nismo-imali-dvojbi-pripada-li-hrvatska-europskom-civilizacijskom-krugu-nemamo-ni-danas" "Mozilla/5.0 (Linux; Android 9; SM-G950F Build/PPR1.180610.011; wv) AppleWebKit/537.36 (KHTML, like Gecko) Version/4.0 Chrome/75.0.3770.101 Mobile Safari/537.36 [FB_IAB/FB4A;FBAV/227.0.0.43.158;]"
93.140.168.173 - - [28/Jun/2019:11:38:14 +0000] "GET /uploads/thumbnails/e3dbdad47f67c4f1d8e75064b2159406.jpg HTTP/1.1" 200 57651 "http://www.hdz-zadar.hr/aktualno/ni-90-nismo-imali-dvojbi-pripada-li-hrvatska-europskom-civilizacijskom-krugu-nemamo-ni-danas" "Mozilla/5.0 (Linux; Android 9; SM-G950F Build/PPR1.180610.011; wv) AppleWebKit/537.36 (KHTML, like Gecko) Version/4.0 Chrome/75.0.3770.101 Mobile Safari/537.36 [FB_IAB/FB4A;FBAV/227.0.0.43.158;]"
93.140.168.173 - - [28/Jun/2019:11:38:15 +0000] "GET /uploads/thumbnails/54c3cca890e48cf0e587e37c7804fe6c.jpg HTTP/1.1" 200 56992 "http://www.hdz-zadar.hr/aktualno/ni-90-nismo-imali-dvojbi-pripada-li-hrvatska-europskom-civilizacijskom-krugu-nemamo-ni-danas" "Mozilla/5.0 (Linux; Android 9; SM-G950F Build/PPR1.180610.011; wv) AppleWebKit/537.36 (KHTML, like Gecko) Version/4.0 Chrome/75.0.3770.101 Mobile Safari/537.36 [FB_IAB/FB4A;FBAV/227.0.0.43.158;]"
93.140.168.173 - - [28/Jun/2019:11:38:16 +0000] "GET /uploads/thumbnails/ee4e499690efb5c75413484082efdeda.jpg HTTP/1.1" 200 46860 "http://www.hdz-zadar.hr/aktualno/ni-90-nismo-imali-dvojbi-pripada-li-hrvatska-europskom-civilizacijskom-krugu-nemamo-ni-danas" "Mozilla/5.0 (Linux; Android 9; SM-G950F Build/PPR1.180610.011; wv) AppleWebKit/537.36 (KHTML, like Gecko) Version/4.0 Chrome/75.0.3770.101 Mobile Safari/537.36 [FB_IAB/FB4A;FBAV/227.0.0.43.158;]"
93.140.168.173 - - [28/Jun/2019:11:38:14 +0000] "GET /uploads/images/7939e9863aa3cabbf39a79600913751a.jpg HTTP/1.1" 200 198983 "http://www.hdz-zadar.hr/aktualno/ni-90-nismo-imali-dvojbi-pripada-li-hrvatska-europskom-civilizacijskom-krugu-nemamo-ni-danas" "Mozilla/5.0 (Linux; Android 9; SM-G950F Build/PPR1.180610.011; wv) AppleWebKit/537.36 (KHTML, like Gecko) Version/4.0 Chrome/75.0.3770.101 Mobile Safari/537.36 [FB_IAB/FB4A;FBAV/227.0.0.43.158;]"
93.140.168.173 - - [28/Jun/2019:11:38:16 +0000] "GET /uploads/thumbnails/f322449bd007193f6d7d3bb318b31817.jpg HTTP/1.1" 200 80126 "http://www.hdz-zadar.hr/aktualno/ni-90-nismo-imali-dvojbi-pripada-li-hrvatska-europskom-civilizacijskom-krugu-nemamo-ni-danas" "Mozilla/5.0 (Linux; Android 9; SM-G950F Build/PPR1.180610.011; wv) AppleWebKit/537.36 (KHTML, like Gecko) Version/4.0 Chrome/75.0.3770.101 Mobile Safari/537.36 [FB_IAB/FB4A;FBAV/227.0.0.43.158;]"
93.140.168.173 - - [28/Jun/2019:11:38:15 +0000] "GET /uploads/images/f322449bd007193f6d7d3bb318b31817.jpg HTTP/1.1" 200 264955 "http://www.hdz-zadar.hr/aktualno/ni-90-nismo-imali-dvojbi-pripada-li-hrvatska-europskom-civilizacijskom-krugu-nemamo-ni-danas" "Mozilla/5.0 (Linux; Android 9; SM-G950F Build/PPR1.180610.011; wv) AppleWebKit/537.36 (KHTML, like Gecko) Version/4.0 Chrome/75.0.3770.101 Mobile Safari/537.36 [FB_IAB/FB4A;FBAV/227.0.0.43.158;]"
93.140.168.173 - - [28/Jun/2019:11:38:15 +0000] "GET /uploads/images/0ab224230568eb4450a88b723b63403c.jpg HTTP/1.1" 200 253087 "http://www.hdz-zadar.hr/aktualno/ni-90-nismo-imali-dvojbi-pripada-li-hrvatska-europskom-civilizacijskom-krugu-nemamo-ni-danas" "Mozilla/5.0 (Linux; Android 9; SM-G950F Build/PPR1.180610.011; wv) AppleWebKit/537.36 (KHTML, like Gecko) Version/4.0 Chrome/75.0.3770.101 Mobile Safari/537.36 [FB_IAB/FB4A;FBAV/227.0.0.43.158;]"
151.252.210.58 - - [28/Jun/2019:11:38:20 +0000] "GET /aktualno/28-obljetnica-112-brigade HTTP/1.1" 200 11198 "http://m.facebook.com/" "Mozilla/5.0 (Linux; Android 8.1.0; LG-M700 Build/OPM1.171019.026; wv) AppleWebKit/537.36 (KHTML, like Gecko) Version/4.0 Chrome/75.0.3770.101 Mobile Safari/537.36 [FB_IAB/FB4A;FBAV/227.0.0.43.158;]"
151.252.210.58 - - [28/Jun/2019:11:38:21 +0000] "GET /public/css/ycp.css HTTP/1.1" 200 2625 "http://www.hdz-zadar.hr/aktualno/28-obljetnica-112-brigade" "Mozilla/5.0 (Linux; Android 8.1.0; LG-M700 Build/OPM1.171019.026; wv) AppleWebKit/537.36 (KHTML, like Gecko) Version/4.0 Chrome/75.0.3770.101 Mobile Safari/537.36 [FB_IAB/FB4A;FBAV/227.0.0.43.158;]"
151.252.210.58 - - [28/Jun/2019:11:38:21 +0000] "GET /unitegallery/css/unite-gallery.css HTTP/1.1" 200 31016 "http://www.hdz-zadar.hr/aktualno/28-obljetnica-112-brigade" "Mozilla/5.0 (Linux; Android 8.1.0; LG-M700 Build/OPM1.171019.026; wv) AppleWebKit/537.36 (KHTML, like Gecko) Version/4.0 Chrome/75.0.3770.101 Mobile Safari/537.36 [FB_IAB/FB4A;FBAV/227.0.0.43.158;]"
151.252.210.58 - - [28/Jun/2019:11:38:21 +0000] "GET /unitegallery/themes/compact/ug-theme-compact.js HTTP/1.1" 200 9736 "http://www.hdz-zadar.hr/aktualno/28-obljetnica-112-brigade" "Mozilla/5.0 (Linux; Android 8.1.0; LG-M700 Build/OPM1.171019.026; wv) AppleWebKit/537.36 (KHTML, like Gecko) Version/4.0 Chrome/75.0.3770.101 Mobile Safari/537.36 [FB_IAB/FB4A;FBAV/227.0.0.43.158;]"
151.252.210.58 - - [28/Jun/2019:11:38:21 +0000] "GET /public/css/styles-mobile.css?v=1 HTTP/1.1" 200 57372 "http://www.hdz-zadar.hr/aktualno/28-obljetnica-112-brigade" "Mozilla/5.0 (Linux; Android 8.1.0; LG-M700 Build/OPM1.171019.026; wv) AppleWebKit/537.36 (KHTML, like Gecko) Version/4.0 Chrome/75.0.3770.101 Mobile Safari/537.36 [FB_IAB/FB4A;FBAV/227.0.0.43.158;]"
151.252.210.58 - - [28/Jun/2019:11:38:22 +0000] "GET /public/img/global/logo-main-mobile.jpg HTTP/1.1" 200 15782 "http://www.hdz-zadar.hr/aktualno/28-obljetnica-112-brigade" "Mozilla/5.0 (Linux; Android 8.1.0; LG-M700 Build/OPM1.171019.026; wv) AppleWebKit/537.36 (KHTML, like Gecko) Version/4.0 Chrome/75.0.3770.101 Mobile Safari/537.36 [FB_IAB/FB4A;FBAV/227.0.0.43.158;]"
151.252.210.58 - - [28/Jun/2019:11:38:21 +0000] "GET /unitegallery/js/jquery-11.0.min.js HTTP/1.1" 200 96381 "http://www.hdz-zadar.hr/aktualno/28-obljetnica-112-brigade" "Mozilla/5.0 (Linux; Android 8.1.0; LG-M700 Build/OPM1.171019.026; wv) AppleWebKit/537.36 (KHTML, like Gecko) Version/4.0 Chrome/75.0.3770.101 Mobile Safari/537.36 [FB_IAB/FB4A;FBAV/227.0.0.43.158;]"
151.252.210.58 - - [28/Jun/2019:11:38:23 +0000] "GET /public/img/global/btn-close-menu.jpg HTTP/1.1" 200 844 "http://www.hdz-zadar.hr/aktualno/28-obljetnica-112-brigade" "Mozilla/5.0 (Linux; Android 8.1.0; LG-M700 Build/OPM1.171019.026; wv) AppleWebKit/537.36 (KHTML, like Gecko) Version/4.0 Chrome/75.0.3770.101 Mobile Safari/537.36 [FB_IAB/FB4A;FBAV/227.0.0.43.158;]"
151.252.210.58 - - [28/Jun/2019:11:38:23 +0000] "GET /public/js/vendor/jquery-ui.min.html HTTP/1.1" 200 44242 "http://www.hdz-zadar.hr/aktualno/28-obljetnica-112-brigade" "Mozilla/5.0 (Linux; Android 8.1.0; LG-M700 Build/OPM1.171019.026; wv) AppleWebKit/537.36 (KHTML, like Gecko) Version/4.0 Chrome/75.0.3770.101 Mobile Safari/537.36 [FB_IAB/FB4A;FBAV/227.0.0.43.158;]"
151.252.210.58 - - [28/Jun/2019:11:38:23 +0000] "GET /public/js/global-mobile.html HTTP/1.1" 200 12188 "http://www.hdz-zadar.hr/aktualno/28-obljetnica-112-brigade" "Mozilla/5.0 (Linux; Android 8.1.0; LG-M700 Build/OPM1.171019.026; wv) AppleWebKit/537.36 (KHTML, like Gecko) Version/4.0 Chrome/75.0.3770.101 Mobile Safari/537.36 [FB_IAB/FB4A;FBAV/227.0.0.43.158;]"
151.252.210.58 - - [28/Jun/2019:11:38:23 +0000] "GET /public/js/vendor/jquery.bxslider.min.html HTTP/1.1" 200 19359 "http://www.hdz-zadar.hr/aktualno/28-obljetnica-112-brigade" "Mozilla/5.0 (Linux; Android 8.1.0; LG-M700 Build/OPM1.171019.026; wv) AppleWebKit/537.36 (KHTML, like Gecko) Version/4.0 Chrome/75.0.3770.101 Mobile Safari/537.36 [FB_IAB/FB4A;FBAV/227.0.0.43.158;]"
151.252.210.58 - - [28/Jun/2019:11:38:23 +0000] "GET /public/js/ycp.js HTTP/1.1" 200 9070 "http://www.hdz-zadar.hr/aktualno/28-obljetnica-112-brigade" "Mozilla/5.0 (Linux; Android 8.1.0; LG-M700 Build/OPM1.171019.026; wv) AppleWebKit/537.36 (KHTML, like Gecko) Version/4.0 Chrome/75.0.3770.101 Mobile Safari/537.36 [FB_IAB/FB4A;FBAV/227.0.0.43.158;]"
151.252.210.58 - - [28/Jun/2019:11:38:24 +0000] "GET /public/img/global/logo-header-mobile.png HTTP/1.1" 200 8609 "http://www.hdz-zadar.hr/aktualno/28-obljetnica-112-brigade" "Mozilla/5.0 (Linux; Android 8.1.0; LG-M700 Build/OPM1.171019.026; wv) AppleWebKit/537.36 (KHTML, like Gecko) Version/4.0 Chrome/75.0.3770.101 Mobile Safari/537.36 [FB_IAB/FB4A;FBAV/227.0.0.43.158;]"
151.252.210.58 - - [28/Jun/2019:11:38:24 +0000] "GET /public/img/global/btn-close-nav-mobile.jpg HTTP/1.1" 200 2068 "http://www.hdz-zadar.hr/aktualno/28-obljetnica-112-brigade" "Mozilla/5.0 (Linux; Android 8.1.0; LG-M700 Build/OPM1.171019.026; wv) AppleWebKit/537.36 (KHTML, like Gecko) Version/4.0 Chrome/75.0.3770.101 Mobile Safari/537.36 [FB_IAB/FB4A;FBAV/227.0.0.43.158;]"
151.252.210.58 - - [28/Jun/2019:11:38:24 +0000] "GET /public/img/global/btn-fb-footer.jpg HTTP/1.1" 200 9466 "http://www.hdz-zadar.hr/aktualno/28-obljetnica-112-brigade" "Mozilla/5.0 (Linux; Android 8.1.0; LG-M700 Build/OPM1.171019.026; wv) AppleWebKit/537.36 (KHTML, like Gecko) Version/4.0 Chrome/75.0.3770.101 Mobile Safari/537.36 [FB_IAB/FB4A;FBAV/227.0.0.43.158;]"
151.252.210.58 - - [28/Jun/2019:11:38:24 +0000] "GET /public/img/global/btn-ig-footer.jpg HTTP/1.1" 200 11541 "http://www.hdz-zadar.hr/aktualno/28-obljetnica-112-brigade" "Mozilla/5.0 (Linux; Android 8.1.0; LG-M700 Build/OPM1.171019.026; wv) AppleWebKit/537.36 (KHTML, like Gecko) Version/4.0 Chrome/75.0.3770.101 Mobile Safari/537.36 [FB_IAB/FB4A;FBAV/227.0.0.43.158;]"
151.252.210.58 - - [28/Jun/2019:11:38:24 +0000] "GET /public/img/global/btn-yt-footer.jpg HTTP/1.1" 200 10397 "http://www.hdz-zadar.hr/aktualno/28-obljetnica-112-brigade" "Mozilla/5.0 (Linux; Android 8.1.0; LG-M700 Build/OPM1.171019.026; wv) AppleWebKit/537.36 (KHTML, like Gecko) Version/4.0 Chrome/75.0.3770.101 Mobile Safari/537.36 [FB_IAB/FB4A;FBAV/227.0.0.43.158;]"
151.252.210.58 - - [28/Jun/2019:11:38:21 +0000] "GET /unitegallery/js/unitegallery.min.js HTTP/1.1" 200 251556 "http://www.hdz-zadar.hr/aktualno/28-obljetnica-112-brigade" "Mozilla/5.0 (Linux; Android 8.1.0; LG-M700 Build/OPM1.171019.026; wv) AppleWebKit/537.36 (KHTML, like Gecko) Version/4.0 Chrome/75.0.3770.101 Mobile Safari/537.36 [FB_IAB/FB4A;FBAV/227.0.0.43.158;]"
151.252.210.58 - - [28/Jun/2019:11:38:24 +0000] "GET /uploads/thumbnails/e634f0f2a485b09f88a3b4beddcf1438.jpg HTTP/1.1" 200 167382 "http://www.hdz-zadar.hr/aktualno/28-obljetnica-112-brigade" "Mozilla/5.0 (Linux; Android 8.1.0; LG-M700 Build/OPM1.171019.026; wv) AppleWebKit/537.36 (KHTML, like Gecko) Version/4.0 Chrome/75.0.3770.101 Mobile Safari/537.36 [FB_IAB/FB4A;FBAV/227.0.0.43.158;]"
151.252.210.58 - - [28/Jun/2019:11:38:24 +0000] "GET /uploads/thumbnails/c26011493e65bc233c76d763eb85138a.jpg HTTP/1.1" 200 103918 "http://www.hdz-zadar.hr/aktualno/28-obljetnica-112-brigade" "Mozilla/5.0 (Linux; Android 8.1.0; LG-M700 Build/OPM1.171019.026; wv) AppleWebKit/537.36 (KHTML, like Gecko) Version/4.0 Chrome/75.0.3770.101 Mobile Safari/537.36 [FB_IAB/FB4A;FBAV/227.0.0.43.158;]"
151.252.210.58 - - [28/Jun/2019:11:38:25 +0000] "GET /uploads/thumbnails/17342f28810e19991f775d8559e91246.jpeg HTTP/1.1" 200 50825 "http://www.hdz-zadar.hr/aktualno/28-obljetnica-112-brigade" "Mozilla/5.0 (Linux; Android 8.1.0; LG-M700 Build/OPM1.171019.026; wv) AppleWebKit/537.36 (KHTML, like Gecko) Version/4.0 Chrome/75.0.3770.101 Mobile Safari/537.36 [FB_IAB/FB4A;FBAV/227.0.0.43.158;]"
151.252.210.58 - - [28/Jun/2019:11:38:25 +0000] "GET /public/img/global/icon-arrow-yellow-left.png HTTP/1.1" 200 265 "http://www.hdz-zadar.hr/public/css/styles-mobile.css?v=1" "Mozilla/5.0 (Linux; Android 8.1.0; LG-M700 Build/OPM1.171019.026; wv) AppleWebKit/537.36 (KHTML, like Gecko) Version/4.0 Chrome/75.0.3770.101 Mobile Safari/537.36 [FB_IAB/FB4A;FBAV/227.0.0.43.158;]"
151.252.210.58 - - [28/Jun/2019:11:38:25 +0000] "GET /uploads/thumbnails/8f3ba603c76bf13c82c5493e1825e960.jpg HTTP/1.1" 200 82889 "http://www.hdz-zadar.hr/aktualno/28-obljetnica-112-brigade" "Mozilla/5.0 (Linux; Android 8.1.0; LG-M700 Build/OPM1.171019.026; wv) AppleWebKit/537.36 (KHTML, like Gecko) Version/4.0 Chrome/75.0.3770.101 Mobile Safari/537.36 [FB_IAB/FB4A;FBAV/227.0.0.43.158;]"
31.13.127.33 - - [28/Jun/2019:11:38:26 +0000] "GET /uploads/thumbnails/e634f0f2a485b09f88a3b4beddcf1438.jpg HTTP/1.1" 200 167382 "-" "adreview/1.0"
151.252.210.58 - - [28/Jun/2019:11:38:25 +0000] "GET /uploads/thumbnails/e894f6a9f74cd30227ea9db975dccd81.JPG HTTP/1.1" 200 85405 "http://www.hdz-zadar.hr/aktualno/28-obljetnica-112-brigade" "Mozilla/5.0 (Linux; Android 8.1.0; LG-M700 Build/OPM1.171019.026; wv) AppleWebKit/537.36 (KHTML, like Gecko) Version/4.0 Chrome/75.0.3770.101 Mobile Safari/537.36 [FB_IAB/FB4A;FBAV/227.0.0.43.158;]"
31.13.127.14 - - [28/Jun/2019:11:38:26 +0000] "GET /uploads/thumbnails/e634f0f2a485b09f88a3b4beddcf1438.jpg HTTP/1.1" 200 167382 "-" "adreview/1.0"
31.13.127.28 - - [28/Jun/2019:11:38:26 +0000] "GET /uploads/thumbnails/e634f0f2a485b09f88a3b4beddcf1438.jpg HTTP/1.1" 200 167382 "-" "adreview/1.0"
151.252.210.58 - - [28/Jun/2019:11:38:26 +0000] "GET /unitegallery/images/loader-white1.gif HTTP/1.1" 200 2545 "http://www.hdz-zadar.hr/unitegallery/css/unite-gallery.css" "Mozilla/5.0 (Linux; Android 8.1.0; LG-M700 Build/OPM1.171019.026; wv) AppleWebKit/537.36 (KHTML, like Gecko) Version/4.0 Chrome/75.0.3770.101 Mobile Safari/537.36 [FB_IAB/FB4A;FBAV/227.0.0.43.158;]"
151.252.210.58 - - [28/Jun/2019:11:38:25 +0000] "GET /uploads/thumbnails/0ab224230568eb4450a88b723b63403c.jpg HTTP/1.1" 200 123920 "http://www.hdz-zadar.hr/aktualno/28-obljetnica-112-brigade" "Mozilla/5.0 (Linux; Android 8.1.0; LG-M700 Build/OPM1.171019.026; wv) AppleWebKit/537.36 (KHTML, like Gecko) Version/4.0 Chrome/75.0.3770.101 Mobile Safari/537.36 [FB_IAB/FB4A;FBAV/227.0.0.43.158;]"
151.252.210.58 - - [28/Jun/2019:11:38:26 +0000] "GET /unitegallery/skins/default/grid_handle_black_top.png HTTP/1.1" 200 942 "http://www.hdz-zadar.hr/unitegallery/css/unite-gallery.css" "Mozilla/5.0 (Linux; Android 8.1.0; LG-M700 Build/OPM1.171019.026; wv) AppleWebKit/537.36 (KHTML, like Gecko) Version/4.0 Chrome/75.0.3770.101 Mobile Safari/537.36 [FB_IAB/FB4A;FBAV/227.0.0.43.158;]"
151.252.210.58 - - [28/Jun/2019:11:38:26 +0000] "GET /unitegallery/skins/default/icon_zoom_minus.png HTTP/1.1" 200 285 "http://www.hdz-zadar.hr/unitegallery/css/unite-gallery.css" "Mozilla/5.0 (Linux; Android 8.1.0; LG-M700 Build/OPM1.171019.026; wv) AppleWebKit/537.36 (KHTML, like Gecko) Version/4.0 Chrome/75.0.3770.101 Mobile Safari/537.36 [FB_IAB/FB4A;FBAV/227.0.0.43.158;]"
151.252.210.58 - - [28/Jun/2019:11:38:25 +0000] "GET /uploads/thumbnails/d23b8a276f9fe9d26b996c4efa9beb07.jpg HTTP/1.1" 200 128677 "http://www.hdz-zadar.hr/aktualno/28-obljetnica-112-brigade" "Mozilla/5.0 (Linux; Android 8.1.0; LG-M700 Build/OPM1.171019.026; wv) AppleWebKit/537.36 (KHTML, like Gecko) Version/4.0 Chrome/75.0.3770.101 Mobile Safari/537.36 [FB_IAB/FB4A;FBAV/227.0.0.43.158;]"
151.252.210.58 - - [28/Jun/2019:11:38:26 +0000] "GET /unitegallery/skins/default/icon_zoom_plus.png HTTP/1.1" 200 340 "http://www.hdz-zadar.hr/unitegallery/css/unite-gallery.css" "Mozilla/5.0 (Linux; Android 8.1.0; LG-M700 Build/OPM1.171019.026; wv) AppleWebKit/537.36 (KHTML, like Gecko) Version/4.0 Chrome/75.0.3770.101 Mobile Safari/537.36 [FB_IAB/FB4A;FBAV/227.0.0.43.158;]"
151.252.210.58 - - [28/Jun/2019:11:38:26 +0000] "GET /unitegallery/skins/default/icon_zoom_back.png HTTP/1.1" 200 368 "http://www.hdz-zadar.hr/unitegallery/css/unite-gallery.css" "Mozilla/5.0 (Linux; Android 8.1.0; LG-M700 Build/OPM1.171019.026; wv) AppleWebKit/537.36 (KHTML, like Gecko) Version/4.0 Chrome/75.0.3770.101 Mobile Safari/537.36 [FB_IAB/FB4A;FBAV/227.0.0.43.158;]"
93.140.168.173 - - [28/Jun/2019:11:38:26 +0000] "GET /uploads/images/28778a78c41bbaba7ab8b3e1289eb9f2.jpg HTTP/1.1" 200 182243 "http://www.hdz-zadar.hr/aktualno/ni-90-nismo-imali-dvojbi-pripada-li-hrvatska-europskom-civilizacijskom-krugu-nemamo-ni-danas" "Mozilla/5.0 (Linux; Android 9; SM-G950F Build/PPR1.180610.011; wv) AppleWebKit/537.36 (KHTML, like Gecko) Version/4.0 Chrome/75.0.3770.101 Mobile Safari/537.36 [FB_IAB/FB4A;FBAV/227.0.0.43.158;]"
151.252.210.58 - - [28/Jun/2019:11:38:26 +0000] "GET /unitegallery/skins/default/slider_arrow_right.png HTTP/1.1" 200 493 "http://www.hdz-zadar.hr/unitegallery/css/unite-gallery.css" "Mozilla/5.0 (Linux; Android 8.1.0; LG-M700 Build/OPM1.171019.026; wv) AppleWebKit/537.36 (KHTML, like Gecko) Version/4.0 Chrome/75.0.3770.101 Mobile Safari/537.36 [FB_IAB/FB4A;FBAV/227.0.0.43.158;]"
151.252.210.58 - - [28/Jun/2019:11:38:26 +0000] "GET /unitegallery/skins/default/slider_arrow_left.png HTTP/1.1" 200 470 "http://www.hdz-zadar.hr/unitegallery/css/unite-gallery.css" "Mozilla/5.0 (Linux; Android 8.1.0; LG-M700 Build/OPM1.171019.026; wv) AppleWebKit/537.36 (KHTML, like Gecko) Version/4.0 Chrome/75.0.3770.101 Mobile Safari/537.36 [FB_IAB/FB4A;FBAV/227.0.0.43.158;]"
151.252.210.58 - - [28/Jun/2019:11:38:26 +0000] "GET /unitegallery/skins/default/button_fullscreen.png HTTP/1.1" 200 1050 "http://www.hdz-zadar.hr/unitegallery/css/unite-gallery.css" "Mozilla/5.0 (Linux; Android 8.1.0; LG-M700 Build/OPM1.171019.026; wv) AppleWebKit/537.36 (KHTML, like Gecko) Version/4.0 Chrome/75.0.3770.101 Mobile Safari/537.36 [FB_IAB/FB4A;FBAV/227.0.0.43.158;]"
151.252.210.58 - - [28/Jun/2019:11:38:26 +0000] "GET /unitegallery/skins/default/button_playpause.png HTTP/1.1" 200 604 "http://www.hdz-zadar.hr/unitegallery/css/unite-gallery.css" "Mozilla/5.0 (Linux; Android 8.1.0; LG-M700 Build/OPM1.171019.026; wv) AppleWebKit/537.36 (KHTML, like Gecko) Version/4.0 Chrome/75.0.3770.101 Mobile Safari/537.36 [FB_IAB/FB4A;FBAV/227.0.0.43.158;]"
151.252.210.58 - - [28/Jun/2019:11:38:27 +0000] "GET /unitegallery/images/loader.gif HTTP/1.1" 200 673 "http://www.hdz-zadar.hr/unitegallery/css/unite-gallery.css" "Mozilla/5.0 (Linux; Android 8.1.0; LG-M700 Build/OPM1.171019.026; wv) AppleWebKit/537.36 (KHTML, like Gecko) Version/4.0 Chrome/75.0.3770.101 Mobile Safari/537.36 [FB_IAB/FB4A;FBAV/227.0.0.43.158;]"
151.252.210.58 - - [28/Jun/2019:11:38:27 +0000] "GET /unitegallery/images/play-button-square.png HTTP/1.1" 200 4591 "http://www.hdz-zadar.hr/unitegallery/css/unite-gallery.css" "Mozilla/5.0 (Linux; Android 8.1.0; LG-M700 Build/OPM1.171019.026; wv) AppleWebKit/537.36 (KHTML, like Gecko) Version/4.0 Chrome/75.0.3770.101 Mobile Safari/537.36 [FB_IAB/FB4A;FBAV/227.0.0.43.158;]"
151.252.210.58 - - [28/Jun/2019:11:38:27 +0000] "GET /unitegallery/images/loader-black1.gif HTTP/1.1" 200 5855 "http://www.hdz-zadar.hr/unitegallery/css/unite-gallery.css" "Mozilla/5.0 (Linux; Android 8.1.0; LG-M700 Build/OPM1.171019.026; wv) AppleWebKit/537.36 (KHTML, like Gecko) Version/4.0 Chrome/75.0.3770.101 Mobile Safari/537.36 [FB_IAB/FB4A;FBAV/227.0.0.43.158;]"
151.252.210.58 - - [28/Jun/2019:11:38:25 +0000] "GET /uploads/thumbnails/1ad1ceceac916557145dc960fdd3cce8.jpg HTTP/1.1" 200 77711 "http://www.hdz-zadar.hr/aktualno/28-obljetnica-112-brigade" "Mozilla/5.0 (Linux; Android 8.1.0; LG-M700 Build/OPM1.171019.026; wv) AppleWebKit/537.36 (KHTML, like Gecko) Version/4.0 Chrome/75.0.3770.101 Mobile Safari/537.36 [FB_IAB/FB4A;FBAV/227.0.0.43.158;]"
151.252.210.58 - - [28/Jun/2019:11:38:25 +0000] "GET /uploads/thumbnails/3a582589e19a8f93c969b16f96809649.jpg HTTP/1.1" 200 106223 "http://www.hdz-zadar.hr/aktualno/28-obljetnica-112-brigade" "Mozilla/5.0 (Linux; Android 8.1.0; LG-M700 Build/OPM1.171019.026; wv) AppleWebKit/537.36 (KHTML, like Gecko) Version/4.0 Chrome/75.0.3770.101 Mobile Safari/537.36 [FB_IAB/FB4A;FBAV/227.0.0.43.158;]"
93.140.168.173 - - [28/Jun/2019:11:38:27 +0000] "GET /uploads/images/69a72f4fa21ef2e70e39658bfa039d65.jpg HTTP/1.1" 200 199227 "http://www.hdz-zadar.hr/aktualno/ni-90-nismo-imali-dvojbi-pripada-li-hrvatska-europskom-civilizacijskom-krugu-nemamo-ni-danas" "Mozilla/5.0 (Linux; Android 9; SM-G950F Build/PPR1.180610.011; wv) AppleWebKit/537.36 (KHTML, like Gecko) Version/4.0 Chrome/75.0.3770.101 Mobile Safari/537.36 [FB_IAB/FB4A;FBAV/227.0.0.43.158;]"
151.252.210.58 - - [28/Jun/2019:11:38:27 +0000] "GET /uploads/thumbnails/9e9c1cd4b9c4d45154c215bb2f605dc3.jpeg HTTP/1.1" 200 61976 "http://www.hdz-zadar.hr/aktualno/28-obljetnica-112-brigade" "Mozilla/5.0 (Linux; Android 8.1.0; LG-M700 Build/OPM1.171019.026; wv) AppleWebKit/537.36 (KHTML, like Gecko) Version/4.0 Chrome/75.0.3770.101 Mobile Safari/537.36 [FB_IAB/FB4A;FBAV/227.0.0.43.158;]"
151.252.210.58 - - [28/Jun/2019:11:38:27 +0000] "GET /uploads/images/e634f0f2a485b09f88a3b4beddcf1438.jpg HTTP/1.1" 200 370357 "http://www.hdz-zadar.hr/aktualno/28-obljetnica-112-brigade" "Mozilla/5.0 (Linux; Android 8.1.0; LG-M700 Build/OPM1.171019.026; wv) AppleWebKit/537.36 (KHTML, like Gecko) Version/4.0 Chrome/75.0.3770.101 Mobile Safari/537.36 [FB_IAB/FB4A;FBAV/227.0.0.43.158;]"
151.252.210.58 - - [28/Jun/2019:11:38:27 +0000] "GET /uploads/images/3a582589e19a8f93c969b16f96809649.jpg HTTP/1.1" 200 370478 "http://www.hdz-zadar.hr/aktualno/28-obljetnica-112-brigade" "Mozilla/5.0 (Linux; Android 8.1.0; LG-M700 Build/OPM1.171019.026; wv) AppleWebKit/537.36 (KHTML, like Gecko) Version/4.0 Chrome/75.0.3770.101 Mobile Safari/537.36 [FB_IAB/FB4A;FBAV/227.0.0.43.158;]"
151.252.210.58 - - [28/Jun/2019:11:38:29 +0000] "GET /public/img/global/icon-arrow-yellow.png HTTP/1.1" 200 1105 "http://www.hdz-zadar.hr/public/css/styles-mobile.css?v=1" "Mozilla/5.0 (Linux; Android 8.1.0; LG-M700 Build/OPM1.171019.026; wv) AppleWebKit/537.36 (KHTML, like Gecko) Version/4.0 Chrome/75.0.3770.101 Mobile Safari/537.36 [FB_IAB/FB4A;FBAV/227.0.0.43.158;]"
151.252.210.58 - - [28/Jun/2019:11:38:29 +0000] "GET /unitegallery/images/cover-grid.png HTTP/1.1" 200 933 "http://www.hdz-zadar.hr/unitegallery/css/unite-gallery.css" "Mozilla/5.0 (Linux; Android 8.1.0; LG-M700 Build/OPM1.171019.026; wv) AppleWebKit/537.36 (KHTML, like Gecko) Version/4.0 Chrome/75.0.3770.101 Mobile Safari/537.36 [FB_IAB/FB4A;FBAV/227.0.0.43.158;]"
151.252.210.58 - - [28/Jun/2019:11:38:29 +0000] "GET /unitegallery/images/not_loaded.png HTTP/1.1" 200 858 "http://www.hdz-zadar.hr/unitegallery/css/unite-gallery.css" "Mozilla/5.0 (Linux; Android 8.1.0; LG-M700 Build/OPM1.171019.026; wv) AppleWebKit/537.36 (KHTML, like Gecko) Version/4.0 Chrome/75.0.3770.101 Mobile Safari/537.36 [FB_IAB/FB4A;FBAV/227.0.0.43.158;]"
151.252.210.58 - - [28/Jun/2019:11:38:27 +0000] "GET /uploads/images/c26011493e65bc233c76d763eb85138a.jpg HTTP/1.1" 200 362218 "http://www.hdz-zadar.hr/aktualno/28-obljetnica-112-brigade" "Mozilla/5.0 (Linux; Android 8.1.0; LG-M700 Build/OPM1.171019.026; wv) AppleWebKit/537.36 (KHTML, like Gecko) Version/4.0 Chrome/75.0.3770.101 Mobile Safari/537.36 [FB_IAB/FB4A;FBAV/227.0.0.43.158;]"
151.252.210.58 - - [28/Jun/2019:11:38:30 +0000] "GET /unitegallery/images/button-close.png HTTP/1.1" 200 7155 "http://www.hdz-zadar.hr/unitegallery/css/unite-gallery.css" "Mozilla/5.0 (Linux; Android 8.1.0; LG-M700 Build/OPM1.171019.026; wv) AppleWebKit/537.36 (KHTML, like Gecko) Version/4.0 Chrome/75.0.3770.101 Mobile Safari/537.36 [FB_IAB/FB4A;FBAV/227.0.0.43.158;]"
151.252.210.58 - - [28/Jun/2019:11:38:28 +0000] "GET /uploads/thumbnails/55786d7d888e2ed57c3edcfaf3332b3d.png HTTP/1.1" 200 537636 "http://www.hdz-zadar.hr/aktualno/28-obljetnica-112-brigade" "Mozilla/5.0 (Linux; Android 8.1.0; LG-M700 Build/OPM1.171019.026; wv) AppleWebKit/537.36 (KHTML, like Gecko) Version/4.0 Chrome/75.0.3770.101 Mobile Safari/537.36 [FB_IAB/FB4A;FBAV/227.0.0.43.158;]"
151.252.210.58 - - [28/Jun/2019:11:38:28 +0000] "GET /uploads/thumbnails/bfb6c2b8483121f4d25e83eb2c14d411.jpg HTTP/1.1" 200 102637 "http://www.hdz-zadar.hr/aktualno/28-obljetnica-112-brigade" "Mozilla/5.0 (Linux; Android 8.1.0; LG-M700 Build/OPM1.171019.026; wv) AppleWebKit/537.36 (KHTML, like Gecko) Version/4.0 Chrome/75.0.3770.101 Mobile Safari/537.36 [FB_IAB/FB4A;FBAV/227.0.0.43.158;]"
151.252.210.58 - - [28/Jun/2019:11:38:32 +0000] "GET /favicon.ico HTTP/1.1" 200 - "http://www.hdz-zadar.hr/aktualno/28-obljetnica-112-brigade" "Mozilla/5.0 (Linux; Android 8.1.0; LG-M700 Build/OPM1.171019.026; wv) AppleWebKit/537.36 (KHTML, like Gecko) Version/4.0 Chrome/75.0.3770.101 Mobile Safari/537.36 [FB_IAB/FB4A;FBAV/227.0.0.43.158;]"
66.249.79.23 - - [28/Jun/2019:11:38:45 +0000] "GET /aktualno/28-obljetnica-112-brigade HTTP/1.1" 200 12787 "-" "Mozilla/5.0 (compatible; Googlebot/2.1; +http://www.google.com/bot.html)"
77.216.239.234 - - [28/Jun/2019:11:39:38 +0000] "GET /aktualno/28-obljetnica-112-brigade HTTP/1.1" 200 11198 "http://m.facebook.com/" "Mozilla/5.0 (Linux; Android 9; SM-G960F Build/PPR1.180610.011; wv) AppleWebKit/537.36 (KHTML, like Gecko) Version/4.0 Chrome/72.0.3626.121 Mobile Safari/537.36 [FB_IAB/FB4A;FBAV/226.0.0.49.120;]"
77.216.239.234 - - [28/Jun/2019:11:39:38 +0000] "GET /public/css/ycp.css HTTP/1.1" 200 2625 "http://www.hdz-zadar.hr/aktualno/28-obljetnica-112-brigade" "Mozilla/5.0 (Linux; Android 9; SM-G960F Build/PPR1.180610.011; wv) AppleWebKit/537.36 (KHTML, like Gecko) Version/4.0 Chrome/72.0.3626.121 Mobile Safari/537.36 [FB_IAB/FB4A;FBAV/226.0.0.49.120;]"
77.216.239.234 - - [28/Jun/2019:11:39:38 +0000] "GET /unitegallery/themes/compact/ug-theme-compact.js HTTP/1.1" 200 9736 "http://www.hdz-zadar.hr/aktualno/28-obljetnica-112-brigade" "Mozilla/5.0 (Linux; Android 9; SM-G960F Build/PPR1.180610.011; wv) AppleWebKit/537.36 (KHTML, like Gecko) Version/4.0 Chrome/72.0.3626.121 Mobile Safari/537.36 [FB_IAB/FB4A;FBAV/226.0.0.49.120;]"
77.216.239.234 - - [28/Jun/2019:11:39:38 +0000] "GET /unitegallery/css/unite-gallery.css HTTP/1.1" 200 31016 "http://www.hdz-zadar.hr/aktualno/28-obljetnica-112-brigade" "Mozilla/5.0 (Linux; Android 9; SM-G960F Build/PPR1.180610.011; wv) AppleWebKit/537.36 (KHTML, like Gecko) Version/4.0 Chrome/72.0.3626.121 Mobile Safari/537.36 [FB_IAB/FB4A;FBAV/226.0.0.49.120;]"
77.216.239.234 - - [28/Jun/2019:11:39:38 +0000] "GET /public/css/styles-mobile.css?v=1 HTTP/1.1" 200 57372 "http://www.hdz-zadar.hr/aktualno/28-obljetnica-112-brigade" "Mozilla/5.0 (Linux; Android 9; SM-G960F Build/PPR1.180610.011; wv) AppleWebKit/537.36 (KHTML, like Gecko) Version/4.0 Chrome/72.0.3626.121 Mobile Safari/537.36 [FB_IAB/FB4A;FBAV/226.0.0.49.120;]"
