66.249.64.187 - - [13/Jul/2019:00:03:30 +0000] "GET /aktualno/svecano-obiljezen-6-listopada-dan-obrane-grada-zadra HTTP/1.1" 200 3969 "-" "Mozilla/5.0 (Linux; Android 6.0.1; Nexus 5X Build/MMB29P) AppleWebKit/537.36 (KHTML, like Gecko) Chrome/41.0.2272.96 Mobile Safari/537.36 (compatible; Googlebot/2.1; +http://www.google.com/bot.html)"
66.249.64.183 - - [13/Jul/2019:00:03:34 +0000] "GET /public/js/ycp.js HTTP/1.1" 200 2228 "http://www.hdz-zadar.hr/aktualno/svecano-obiljezen-6-listopada-dan-obrane-grada-zadra" "Mozilla/5.0 (Linux; Android 6.0.1; Nexus 5X Build/MMB29P) AppleWebKit/537.36 (KHTML, like Gecko) Chrome/41.0.2272.96 Mobile Safari/537.36 (compatible; Googlebot/2.1; +http://www.google.com/bot.html)"
40.77.167.29 - - [13/Jul/2019:00:09:46 +0000] "GET /uploads/documents/28ef93d58c7392cfae0f76db1b506817.pdf HTTP/1.1" 304 - "-" "Mozilla/5.0 (compatible; bingbot/2.0; +http://www.bing.com/bingbot.htm)"
54.36.149.88 - - [13/Jul/2019:00:23:24 +0000] "GET /aktualno/uoci-dana-drzavnosti-odana-pocast-svim-poginulima-za-slobodu-domovine-hrvatske HTTP/1.1" 200 3706 "-" "Mozilla/5.0 (compatible; AhrefsBot/6.1; +http://ahrefs.com/robot/)"
40.77.167.29 - - [13/Jul/2019:00:36:25 +0000] "GET /uploads/documents/b5079cafed1353f53f9e32b13ca218d5.pdf HTTP/1.1" 200 5221058 "-" "Mozilla/5.0 (iPhone; CPU iPhone OS 7_0 like Mac OS X) AppleWebKit/537.51.1 (KHTML, like Gecko) Version/7.0 Mobile/11A465 Safari/9537.53 (compatible; bingbot/2.0; +http://www.bing.com/bingbot.htm)"
40.77.252.115 - - [13/Jul/2019:01:07:07 +0000] "GET /uploads/documents/b5079cafed1353f53f9e32b13ca218d5.pdf HTTP/1.1" 200 5221058 "-" "Mozilla/5.0 (iPhone; CPU iPhone OS 7_0 like Mac OS X) AppleWebKit/537.51.1 (KHTML, like Gecko) Version/7.0 Mobile/11A465 Safari/9537.53 BingPreview/1.0b"
144.76.4.41 - - [13/Jul/2019:02:59:31 +0000] "GET /robots.txt HTTP/1.1" 200 24 "-" "Mozilla/5.0 (compatible; MJ12bot/v1.4.8; http://mj12bot.com/)"
144.76.4.41 - - [13/Jul/2019:02:59:33 +0000] "GET /aktualno/bozidar-kalmeta-na-povjerenju-gradana-sve-pocinje-ali-sve-moze-i-zavrsiti HTTP/1.1" 200 15091 "-" "Mozilla/5.0 (compatible; MJ12bot/v1.4.8; http://mj12bot.com/)"
144.76.4.41 - - [13/Jul/2019:02:59:35 +0000] "GET /aktualno/hvala-vam HTTP/1.1" 200 3422 "-" "Mozilla/5.0 (compatible; MJ12bot/v1.4.8; http://mj12bot.com/)"
144.76.4.41 - - [13/Jul/2019:02:59:36 +0000] "GET /aktualno/izborna-skupstina-zupanijske-mladezi-hdz-a-nikolina-baradic-nova-predsjednica HTTP/1.1" 200 5051 "-" "Mozilla/5.0 (compatible; MJ12bot/v1.4.8; http://mj12bot.com/)"
144.76.4.41 - - [13/Jul/2019:02:59:38 +0000] "GET /aktualno/obavijest-o-odrzavanju-izborne-skupstine-zu-hdz-a-dr-franjo-tudman-zadarske-zupanije HTTP/1.1" 200 3469 "-" "Mozilla/5.0 (compatible; MJ12bot/v1.4.8; http://mj12bot.com/)"
144.76.4.41 - - [13/Jul/2019:02:59:39 +0000] "GET /aktualno/odrzana-izborna-skupstina-zajednice-utemeljitelja-hdz-a-dr-franjo-tudman-zadarske-zupanije HTTP/1.1" 200 4712 "-" "Mozilla/5.0 (compatible; MJ12bot/v1.4.8; http://mj12bot.com/)"
144.76.4.41 - - [13/Jul/2019:02:59:41 +0000] "GET /aktualno/polozeni-vijenci-povodom-dana-pobjede-i-domovinske-zahvalnosti-i-dana-hrvatskih-branitelja HTTP/1.1" 200 3749 "-" "Mozilla/5.0 (compatible; MJ12bot/v1.4.8; http://mj12bot.com/)"
144.76.4.41 - - [13/Jul/2019:02:59:42 +0000] "GET /aktualno/potpisan-koalicijski-sporazum-hdz-a-i-politickih-partnera-hsp-dr-ante-starcevic-hsu-i-ns-reformisti HTTP/1.1" 200 3977 "-" "Mozilla/5.0 (compatible; MJ12bot/v1.4.8; http://mj12bot.com/)"
144.76.4.41 - - [13/Jul/2019:02:59:44 +0000] "GET /aktualno/predane-liste-za-izbore-u-mjesnim-odborima HTTP/1.1" 200 3971 "-" "Mozilla/5.0 (compatible; MJ12bot/v1.4.8; http://mj12bot.com/)"
144.76.4.41 - - [13/Jul/2019:02:59:46 +0000] "GET /aktualno/sjecanje-na-zrtve-totalitarnih-rezima HTTP/1.1" 200 4520 "-" "Mozilla/5.0 (compatible; MJ12bot/v1.4.8; http://mj12bot.com/)"
144.76.4.41 - - [13/Jul/2019:02:59:47 +0000] "GET /aktualno/zo-hdz-a-u-posjeti-oo-hdz-a-razanac HTTP/1.1" 200 3616 "-" "Mozilla/5.0 (compatible; MJ12bot/v1.4.8; http://mj12bot.com/)"
144.76.4.41 - - [13/Jul/2019:02:59:49 +0000] "GET /program-2017-2021/350-milijuna-kuna-za-sustav-odvodnje-u-svim-gradskim-cetvrtima HTTP/1.1" 200 2918 "-" "Mozilla/5.0 (compatible; MJ12bot/v1.4.8; http://mj12bot.com/)"
144.76.4.41 - - [13/Jul/2019:02:59:51 +0000] "GET /program-2017-2021/gazenica-je-novo-putnicko-kruzersko-i-poslovno-srediste-hrvatske HTTP/1.1" 200 2701 "-" "Mozilla/5.0 (compatible; MJ12bot/v1.4.8; http://mj12bot.com/)"
144.76.4.41 - - [13/Jul/2019:02:59:52 +0000] "GET /program-2017-2021/inteligentni-promet-za-manje-prometnih-guzvi-dostupniji-parking-i-efikasniji-javni-prijevoz HTTP/1.1" 200 3209 "-" "Mozilla/5.0 (compatible; MJ12bot/v1.4.8; http://mj12bot.com/)"
144.76.4.41 - - [13/Jul/2019:02:59:54 +0000] "GET /program-2017-2021/vise-stipendije-ucenicima-i-studentima HTTP/1.1" 200 2661 "-" "Mozilla/5.0 (compatible; MJ12bot/v1.4.8; http://mj12bot.com/)"
144.76.4.41 - - [13/Jul/2019:02:59:55 +0000] "GET /program-2017-2021/zadar-radi-17-milijuna-eura-potpora-za-zaposljavanje-i-nova-radna-mjesta HTTP/1.1" 200 2741 "-" "Mozilla/5.0 (compatible; MJ12bot/v1.4.8; http://mj12bot.com/)"
144.76.4.41 - - [13/Jul/2019:02:59:57 +0000] "GET /zupanijski-hdz HTTP/1.1" 200 2357 "-" "Mozilla/5.0 (compatible; MJ12bot/v1.4.8; http://mj12bot.com/)"
66.249.64.185 - - [13/Jul/2019:03:43:14 +0000] "GET /aktualno/otkriven-spomenik-poginulim-braniteljima HTTP/1.1" 200 3848 "-" "Mozilla/5.0 (Linux; Android 6.0.1; Nexus 5X Build/MMB29P) AppleWebKit/537.36 (KHTML, like Gecko) Chrome/41.0.2272.96 Mobile Safari/537.36 (compatible; Googlebot/2.1; +http://www.google.com/bot.html)"
46.229.168.134 - - [13/Jul/2019:03:53:35 +0000] "GET /robots.txt HTTP/1.1" 200 24 "-" "Mozilla/5.0 (compatible; SemrushBot/3~bl; +http://www.semrush.com/bot.html)"
46.229.168.149 - - [13/Jul/2019:03:53:35 +0000] "GET /aktualno/dan-neovisnosti-republike-hrvatske HTTP/1.1" 200 3476 "-" "Mozilla/5.0 (compatible; SemrushBot/3~bl; +http://www.semrush.com/bot.html)"
40.77.167.117 - - [13/Jul/2019:04:17:23 +0000] "GET /aktualno/predsjednica-otvorila-putnicki-terminal-u-luci-gazenica-zadarski-projekt-stoljeca HTTP/1.1" 200 4734 "-" "Mozilla/5.0 (compatible; bingbot/2.0; +http://www.bing.com/bingbot.htm)"
34.220.227.13 - - [13/Jul/2019:04:20:28 +0000] "GET / HTTP/1.1" 301 232 "-" "Go-http-client/1.1"
54.36.148.235 - - [13/Jul/2019:04:53:37 +0000] "GET /robots.txt HTTP/1.1" 301 242 "-" "Mozilla/5.0 (compatible; AhrefsBot/6.1; +http://ahrefs.com/robot/)"
54.36.148.235 - - [13/Jul/2019:04:53:37 +0000] "GET /robots.txt HTTP/1.1" 200 24 "-" "Mozilla/5.0 (compatible; AhrefsBot/6.1; +http://ahrefs.com/robot/)"
54.36.148.246 - - [13/Jul/2019:04:53:37 +0000] "GET / HTTP/1.1" 301 232 "-" "Mozilla/5.0 (compatible; AhrefsBot/6.1; +http://ahrefs.com/robot/)"
34.221.126.19 - - [13/Jul/2019:05:19:28 +0000] "GET / HTTP/1.1" 301 232 "-" "Go-http-client/1.1"
34.221.126.19 - - [13/Jul/2019:05:19:30 +0000] "GET / HTTP/1.1" 200 2770 "-" "Go-http-client/1.1"
46.229.168.144 - - [13/Jul/2019:05:21:33 +0000] "GET /robots.txt HTTP/1.1" 200 24 "-" "Mozilla/5.0 (compatible; SemrushBot/3~bl; +http://www.semrush.com/bot.html)"
46.229.168.139 - - [13/Jul/2019:05:21:33 +0000] "GET /aktualno/dan-neovisnosti-republike-hrvatske HTTP/1.1" 200 3476 "-" "Mozilla/5.0 (compatible; SemrushBot/3~bl; +http://www.semrush.com/bot.html)"
157.55.39.203 - - [13/Jul/2019:05:34:12 +0000] "GET /aktualno/ukupna-vrijednost-projekata-u-zadarskoj-zupaniji-14-milijarde-kuna HTTP/1.1" 200 5985 "-" "Mozilla/5.0 (compatible; bingbot/2.0; +http://www.bing.com/bingbot.htm)"
66.249.64.187 - - [13/Jul/2019:05:56:29 +0000] "GET /aktualno HTTP/1.1" 200 9239 "-" "Mozilla/5.0 (Linux; Android 6.0.1; Nexus 5X Build/MMB29P) AppleWebKit/537.36 (KHTML, like Gecko) Chrome/41.0.2272.96 Mobile Safari/537.36 (compatible; Googlebot/2.1; +http://www.google.com/bot.html)"
40.77.167.76 - - [13/Jul/2019:06:42:04 +0000] "GET /uploads/documents/2980ae62b8386425d1eccfaa618a4bf7.pdf HTTP/1.1" 304 - "-" "Mozilla/5.0 (compatible; bingbot/2.0; +http://www.bing.com/bingbot.htm)"
193.14.222.4 - - [13/Jul/2019:06:56:07 +0000] "GET /public/img/home/3_mobile.png HTTP/1.1" 200 1092489 "-" "Mozilla/5.0 (Linux; Android 8.0.0; WAS-LX1 Build/HUAWEIWAS-LX1; wv) AppleWebKit/537.36 (KHTML, like Gecko) Version/4.0 Chrome/75.0.3770.101 Mobile Safari/537.36 GSA/10.4.5.21.arm64"
93.139.148.98 - - [13/Jul/2019:06:57:58 +0000] "GET /public/img/home/3_mobile.png HTTP/1.1" 200 1092489 "https://www.google.com/" "Mozilla/5.0 (Windows NT 10.0; Win64; x64) AppleWebKit/537.36 (KHTML, like Gecko) Chrome/75.0.3770.100 Safari/537.36"
95.163.255.214 - - [13/Jul/2019:07:04:36 +0000] "GET /robots.txt HTTP/1.0" 200 24 "-" "Mozilla/5.0 (compatible; Linux x86_64; Mail.RU_Bot/2.0; +http://go.mail.ru/help/robots)"
95.163.255.228 - - [13/Jul/2019:07:04:38 +0000] "GET /aktualno/izaberimo-hrvatsku-za-generacije HTTP/1.1" 200 3347 "-" "Mozilla/5.0 (compatible; Linux x86_64; Mail.RU_Bot/2.0; +http://go.mail.ru/help/robots)"
66.249.64.185 - - [13/Jul/2019:07:15:03 +0000] "GET /uploads/documents/0ea76a02196090d59c873ebd5f3923f8.pdf HTTP/1.1" 304 - "-" "Mozilla/5.0 (Linux; Android 6.0.1; Nexus 5X Build/MMB29P) AppleWebKit/537.36 (KHTML, like Gecko) Chrome/41.0.2272.96 Mobile Safari/537.36 (compatible; Googlebot/2.1; +http://www.google.com/bot.html)"
37.203.77.33 - - [13/Jul/2019:07:19:23 +0000] "GET /public/img/home/3_mobile.png HTTP/1.1" 200 1092489 "-" "Mozilla/5.0 (Linux; Android 8.1.0; SM-J530F Build/M1AJQ; wv) AppleWebKit/537.36 (KHTML, like Gecko) Version/4.0 Chrome/75.0.3770.101 Mobile Safari/537.36 GSA/10.16.6.21.arm"
195.29.88.178 - - [13/Jul/2019:07:22:49 +0000] "GET /public/img/home/3_mobile.png HTTP/1.1" 200 1092489 "https://www.google.com/" "Mozilla/5.0 (Windows NT 10.0; Win64; x64) AppleWebKit/537.36 (KHTML, like Gecko) Chrome/75.0.3770.100 Safari/537.36"
188.252.255.162 - - [13/Jul/2019:07:52:17 +0000] "GET / HTTP/1.1" 200 2664 "-" "Mozilla/5.0 (iPhone; CPU iPhone OS 12_3_1 like Mac OS X) AppleWebKit/605.1.15 (KHTML, like Gecko) Version/12.1.1 Mobile/15E148 Safari/604.1"
188.252.255.162 - - [13/Jul/2019:07:52:17 +0000] "GET /apple-touch-icon-120x120-precomposed.png HTTP/1.1" 404 1104 "-" "MobileSafari/604.1 CFNetwork/978.0.7 Darwin/18.6.0"
188.252.255.162 - - [13/Jul/2019:07:52:17 +0000] "GET /apple-touch-icon-120x120.png HTTP/1.1" 404 1104 "-" "MobileSafari/604.1 CFNetwork/978.0.7 Darwin/18.6.0"
188.252.255.162 - - [13/Jul/2019:07:52:17 +0000] "GET /apple-touch-icon-precomposed.png HTTP/1.1" 404 1104 "-" "MobileSafari/604.1 CFNetwork/978.0.7 Darwin/18.6.0"
188.252.255.162 - - [13/Jul/2019:07:52:17 +0000] "GET /apple-touch-icon.png HTTP/1.1" 404 1104 "-" "MobileSafari/604.1 CFNetwork/978.0.7 Darwin/18.6.0"
188.252.255.162 - - [13/Jul/2019:07:52:18 +0000] "GET /favicon.ico HTTP/1.1" 200 - "-" "MobileSafari/604.1 CFNetwork/978.0.7 Darwin/18.6.0"
188.252.255.162 - - [13/Jul/2019:07:52:18 +0000] "GET /apple-touch-icon-120x120-precomposed.png HTTP/1.1" 404 1104 "-" "MobileSafari/604.1 CFNetwork/978.0.7 Darwin/18.6.0"
188.252.255.162 - - [13/Jul/2019:07:52:18 +0000] "GET /apple-touch-icon-120x120.png HTTP/1.1" 404 1104 "-" "MobileSafari/604.1 CFNetwork/978.0.7 Darwin/18.6.0"
188.252.255.162 - - [13/Jul/2019:07:52:18 +0000] "GET /apple-touch-icon-precomposed.png HTTP/1.1" 404 1104 "-" "MobileSafari/604.1 CFNetwork/978.0.7 Darwin/18.6.0"
188.252.255.162 - - [13/Jul/2019:07:52:18 +0000] "GET /apple-touch-icon.png HTTP/1.1" 404 1104 "-" "MobileSafari/604.1 CFNetwork/978.0.7 Darwin/18.6.0"
188.252.255.162 - - [13/Jul/2019:07:52:19 +0000] "GET /favicon.ico HTTP/1.1" 200 - "-" "MobileSafari/604.1 CFNetwork/978.0.7 Darwin/18.6.0"
157.55.39.203 - - [13/Jul/2019:07:54:14 +0000] "GET /aktualno/otkriven-spomenik-poginulim-braniteljima HTTP/1.1" 200 3941 "-" "Mozilla/5.0 (compatible; bingbot/2.0; +http://www.bing.com/bingbot.htm)"
78.3.89.123 - - [13/Jul/2019:08:02:52 +0000] "GET /public/img/home/3_mobile.png HTTP/1.1" 200 1092489 "https://www.google.com/" "Mozilla/5.0 (iPad; CPU OS 9_3_5 like Mac OS X) AppleWebKit/601.1.46 (KHTML, like Gecko) Version/9.0 Mobile/13G36 Safari/601.1"
212.15.176.238 - - [13/Jul/2019:08:36:27 +0000] "GET /public/img/home/3_mobile.png HTTP/1.1" 200 1092489 "https://www.google.com/" "Mozilla/5.0 (Linux; Android 7.0; SM-G920F Build/NRD90M; wv) AppleWebKit/537.36 (KHTML, like Gecko) Version/4.0 Chrome/74.0.3729.157 Mobile Safari/537.36 GSA/10.16.6.21.arm64"
157.55.39.203 - - [13/Jul/2019:08:42:19 +0000] "GET /uploads/documents/ed3da3e15d35f1c692e4b718026ea1fb.pdf HTTP/1.1" 304 - "-" "Mozilla/5.0 (compatible; bingbot/2.0; +http://www.bing.com/bingbot.htm)"
66.249.64.185 - - [13/Jul/2019:09:00:19 +0000] "GET /aktualno/plenkovic-i-kandidati-za-europske-izbore-u-ponedjeljak-u-zadru HTTP/1.1" 200 3795 "-" "Mozilla/5.0 (Linux; Android 6.0.1; Nexus 5X Build/MMB29P) AppleWebKit/537.36 (KHTML, like Gecko) Chrome/41.0.2272.96 Mobile Safari/537.36 (compatible; Googlebot/2.1; +http://www.google.com/bot.html)"
89.201.233.59 - - [13/Jul/2019:09:21:54 +0000] "GET /aktualno/sretan-vam-dan-drzavnosti?fbclid=IwAR3_bNTfhev3H26WxrOE_QYPAN4iuojfWIXaLT8fO3pw0GYsVovaAW4q67Y HTTP/1.1" 200 3895 "https://www.facebook.com/" "Mozilla/5.0 (Windows NT 6.1; Win64; x64) AppleWebKit/537.36 (KHTML, like Gecko) Chrome/75.0.3770.100 Safari/537.36"
89.201.233.59 - - [13/Jul/2019:09:21:54 +0000] "GET /public/css/styles.css?v=1 HTTP/1.1" 200 12478 "http://www.hdz-zadar.hr/aktualno/sretan-vam-dan-drzavnosti?fbclid=IwAR3_bNTfhev3H26WxrOE_QYPAN4iuojfWIXaLT8fO3pw0GYsVovaAW4q67Y" "Mozilla/5.0 (Windows NT 6.1; Win64; x64) AppleWebKit/537.36 (KHTML, like Gecko) Chrome/75.0.3770.100 Safari/537.36"
89.201.233.59 - - [13/Jul/2019:09:21:54 +0000] "GET /public/css/ycp.css HTTP/1.1" 200 970 "http://www.hdz-zadar.hr/aktualno/sretan-vam-dan-drzavnosti?fbclid=IwAR3_bNTfhev3H26WxrOE_QYPAN4iuojfWIXaLT8fO3pw0GYsVovaAW4q67Y" "Mozilla/5.0 (Windows NT 6.1; Win64; x64) AppleWebKit/537.36 (KHTML, like Gecko) Chrome/75.0.3770.100 Safari/537.36"
89.201.233.59 - - [13/Jul/2019:09:21:54 +0000] "GET /unitegallery/css/unite-gallery.css HTTP/1.1" 200 4825 "http://www.hdz-zadar.hr/aktualno/sretan-vam-dan-drzavnosti?fbclid=IwAR3_bNTfhev3H26WxrOE_QYPAN4iuojfWIXaLT8fO3pw0GYsVovaAW4q67Y" "Mozilla/5.0 (Windows NT 6.1; Win64; x64) AppleWebKit/537.36 (KHTML, like Gecko) Chrome/75.0.3770.100 Safari/537.36"
89.201.233.59 - - [13/Jul/2019:09:21:54 +0000] "GET /unitegallery/js/jquery-11.0.min.js HTTP/1.1" 200 33369 "http://www.hdz-zadar.hr/aktualno/sretan-vam-dan-drzavnosti?fbclid=IwAR3_bNTfhev3H26WxrOE_QYPAN4iuojfWIXaLT8fO3pw0GYsVovaAW4q67Y" "Mozilla/5.0 (Windows NT 6.1; Win64; x64) AppleWebKit/537.36 (KHTML, like Gecko) Chrome/75.0.3770.100 Safari/537.36"
89.201.233.59 - - [13/Jul/2019:09:21:54 +0000] "GET /public/css/custom.css HTTP/1.1" 200 288 "http://www.hdz-zadar.hr/aktualno/sretan-vam-dan-drzavnosti?fbclid=IwAR3_bNTfhev3H26WxrOE_QYPAN4iuojfWIXaLT8fO3pw0GYsVovaAW4q67Y" "Mozilla/5.0 (Windows NT 6.1; Win64; x64) AppleWebKit/537.36 (KHTML, like Gecko) Chrome/75.0.3770.100 Safari/537.36"
89.201.233.59 - - [13/Jul/2019:09:21:54 +0000] "GET /unitegallery/js/unitegallery.min.js HTTP/1.1" 200 66910 "http://www.hdz-zadar.hr/aktualno/sretan-vam-dan-drzavnosti?fbclid=IwAR3_bNTfhev3H26WxrOE_QYPAN4iuojfWIXaLT8fO3pw0GYsVovaAW4q67Y" "Mozilla/5.0 (Windows NT 6.1; Win64; x64) AppleWebKit/537.36 (KHTML, like Gecko) Chrome/75.0.3770.100 Safari/537.36"
89.201.233.59 - - [13/Jul/2019:09:21:54 +0000] "GET /unitegallery/themes/compact/ug-theme-compact.js HTTP/1.1" 200 2477 "http://www.hdz-zadar.hr/aktualno/sretan-vam-dan-drzavnosti?fbclid=IwAR3_bNTfhev3H26WxrOE_QYPAN4iuojfWIXaLT8fO3pw0GYsVovaAW4q67Y" "Mozilla/5.0 (Windows NT 6.1; Win64; x64) AppleWebKit/537.36 (KHTML, like Gecko) Chrome/75.0.3770.100 Safari/537.36"
89.201.233.59 - - [13/Jul/2019:09:21:54 +0000] "GET /public/img/global/logo-header.png HTTP/1.1" 200 1914 "http://www.hdz-zadar.hr/aktualno/sretan-vam-dan-drzavnosti?fbclid=IwAR3_bNTfhev3H26WxrOE_QYPAN4iuojfWIXaLT8fO3pw0GYsVovaAW4q67Y" "Mozilla/5.0 (Windows NT 6.1; Win64; x64) AppleWebKit/537.36 (KHTML, like Gecko) Chrome/75.0.3770.100 Safari/537.36"
89.201.233.59 - - [13/Jul/2019:09:21:54 +0000] "GET /public/img/global/logo-fb-header.png HTTP/1.1" 200 483 "http://www.hdz-zadar.hr/aktualno/sretan-vam-dan-drzavnosti?fbclid=IwAR3_bNTfhev3H26WxrOE_QYPAN4iuojfWIXaLT8fO3pw0GYsVovaAW4q67Y" "Mozilla/5.0 (Windows NT 6.1; Win64; x64) AppleWebKit/537.36 (KHTML, like Gecko) Chrome/75.0.3770.100 Safari/537.36"
89.201.233.59 - - [13/Jul/2019:09:21:54 +0000] "GET /public/js/vendor/jquery-ui.min.js HTTP/1.1" 200 14401 "http://www.hdz-zadar.hr/aktualno/sretan-vam-dan-drzavnosti?fbclid=IwAR3_bNTfhev3H26WxrOE_QYPAN4iuojfWIXaLT8fO3pw0GYsVovaAW4q67Y" "Mozilla/5.0 (Windows NT 6.1; Win64; x64) AppleWebKit/537.36 (KHTML, like Gecko) Chrome/75.0.3770.100 Safari/537.36"
89.201.233.59 - - [13/Jul/2019:09:21:54 +0000] "GET /public/js/vendor/jquery.colorbox-min.js HTTP/1.1" 200 4686 "http://www.hdz-zadar.hr/aktualno/sretan-vam-dan-drzavnosti?fbclid=IwAR3_bNTfhev3H26WxrOE_QYPAN4iuojfWIXaLT8fO3pw0GYsVovaAW4q67Y" "Mozilla/5.0 (Windows NT 6.1; Win64; x64) AppleWebKit/537.36 (KHTML, like Gecko) Chrome/75.0.3770.100 Safari/537.36"
89.201.233.59 - - [13/Jul/2019:09:21:55 +0000] "GET /public/js/vendor/jquery.bxslider.min.js HTTP/1.1" 200 5162 "http://www.hdz-zadar.hr/aktualno/sretan-vam-dan-drzavnosti?fbclid=IwAR3_bNTfhev3H26WxrOE_QYPAN4iuojfWIXaLT8fO3pw0GYsVovaAW4q67Y" "Mozilla/5.0 (Windows NT 6.1; Win64; x64) AppleWebKit/537.36 (KHTML, like Gecko) Chrome/75.0.3770.100 Safari/537.36"
89.201.233.59 - - [13/Jul/2019:09:21:55 +0000] "GET /public/js/global.js HTTP/1.1" 200 1105 "http://www.hdz-zadar.hr/aktualno/sretan-vam-dan-drzavnosti?fbclid=IwAR3_bNTfhev3H26WxrOE_QYPAN4iuojfWIXaLT8fO3pw0GYsVovaAW4q67Y" "Mozilla/5.0 (Windows NT 6.1; Win64; x64) AppleWebKit/537.36 (KHTML, like Gecko) Chrome/75.0.3770.100 Safari/537.36"
89.201.233.59 - - [13/Jul/2019:09:21:55 +0000] "GET /public/js/home.js HTTP/1.1" 200 427 "http://www.hdz-zadar.hr/aktualno/sretan-vam-dan-drzavnosti?fbclid=IwAR3_bNTfhev3H26WxrOE_QYPAN4iuojfWIXaLT8fO3pw0GYsVovaAW4q67Y" "Mozilla/5.0 (Windows NT 6.1; Win64; x64) AppleWebKit/537.36 (KHTML, like Gecko) Chrome/75.0.3770.100 Safari/537.36"
89.201.233.59 - - [13/Jul/2019:09:21:55 +0000] "GET /public/js/company.js HTTP/1.1" 200 641 "http://www.hdz-zadar.hr/aktualno/sretan-vam-dan-drzavnosti?fbclid=IwAR3_bNTfhev3H26WxrOE_QYPAN4iuojfWIXaLT8fO3pw0GYsVovaAW4q67Y" "Mozilla/5.0 (Windows NT 6.1; Win64; x64) AppleWebKit/537.36 (KHTML, like Gecko) Chrome/75.0.3770.100 Safari/537.36"
89.201.233.59 - - [13/Jul/2019:09:21:55 +0000] "GET /public/img/global/logo-yt-header.png HTTP/1.1" 200 742 "http://www.hdz-zadar.hr/aktualno/sretan-vam-dan-drzavnosti?fbclid=IwAR3_bNTfhev3H26WxrOE_QYPAN4iuojfWIXaLT8fO3pw0GYsVovaAW4q67Y" "Mozilla/5.0 (Windows NT 6.1; Win64; x64) AppleWebKit/537.36 (KHTML, like Gecko) Chrome/75.0.3770.100 Safari/537.36"
89.201.233.59 - - [13/Jul/2019:09:21:55 +0000] "GET /public/img/global/icon-arrow-yellow-left.png HTTP/1.1" 200 265 "http://www.hdz-zadar.hr/public/css/styles.css?v=1" "Mozilla/5.0 (Windows NT 6.1; Win64; x64) AppleWebKit/537.36 (KHTML, like Gecko) Chrome/75.0.3770.100 Safari/537.36"
89.201.233.59 - - [13/Jul/2019:09:21:55 +0000] "GET /uploads/thumbnails/e894f6a9f74cd30227ea9db975dccd81.JPG HTTP/1.1" 200 85405 "http://www.hdz-zadar.hr/aktualno/sretan-vam-dan-drzavnosti?fbclid=IwAR3_bNTfhev3H26WxrOE_QYPAN4iuojfWIXaLT8fO3pw0GYsVovaAW4q67Y" "Mozilla/5.0 (Windows NT 6.1; Win64; x64) AppleWebKit/537.36 (KHTML, like Gecko) Chrome/75.0.3770.100 Safari/537.36"
89.201.233.59 - - [13/Jul/2019:09:21:55 +0000] "GET /uploads/thumbnails/8f3ba603c76bf13c82c5493e1825e960.jpg HTTP/1.1" 200 82889 "http://www.hdz-zadar.hr/aktualno/sretan-vam-dan-drzavnosti?fbclid=IwAR3_bNTfhev3H26WxrOE_QYPAN4iuojfWIXaLT8fO3pw0GYsVovaAW4q67Y" "Mozilla/5.0 (Windows NT 6.1; Win64; x64) AppleWebKit/537.36 (KHTML, like Gecko) Chrome/75.0.3770.100 Safari/537.36"
89.201.233.59 - - [13/Jul/2019:09:21:55 +0000] "GET /uploads/thumbnails/1ad1ceceac916557145dc960fdd3cce8.jpg HTTP/1.1" 200 77711 "http://www.hdz-zadar.hr/aktualno/sretan-vam-dan-drzavnosti?fbclid=IwAR3_bNTfhev3H26WxrOE_QYPAN4iuojfWIXaLT8fO3pw0GYsVovaAW4q67Y" "Mozilla/5.0 (Windows NT 6.1; Win64; x64) AppleWebKit/537.36 (KHTML, like Gecko) Chrome/75.0.3770.100 Safari/537.36"
89.201.233.59 - - [13/Jul/2019:09:21:55 +0000] "GET /uploads/thumbnails/17342f28810e19991f775d8559e91246.jpeg HTTP/1.1" 200 50825 "http://www.hdz-zadar.hr/aktualno/sretan-vam-dan-drzavnosti?fbclid=IwAR3_bNTfhev3H26WxrOE_QYPAN4iuojfWIXaLT8fO3pw0GYsVovaAW4q67Y" "Mozilla/5.0 (Windows NT 6.1; Win64; x64) AppleWebKit/537.36 (KHTML, like Gecko) Chrome/75.0.3770.100 Safari/537.36"
89.201.233.59 - - [13/Jul/2019:09:21:55 +0000] "GET /uploads/thumbnails/e634f0f2a485b09f88a3b4beddcf1438.jpg HTTP/1.1" 200 167382 "http://www.hdz-zadar.hr/aktualno/sretan-vam-dan-drzavnosti?fbclid=IwAR3_bNTfhev3H26WxrOE_QYPAN4iuojfWIXaLT8fO3pw0GYsVovaAW4q67Y" "Mozilla/5.0 (Windows NT 6.1; Win64; x64) AppleWebKit/537.36 (KHTML, like Gecko) Chrome/75.0.3770.100 Safari/537.36"
89.201.233.59 - - [13/Jul/2019:09:21:56 +0000] "GET /public/img/global/logo-ig-header.png HTTP/1.1" 200 902 "http://www.hdz-zadar.hr/aktualno/sretan-vam-dan-drzavnosti?fbclid=IwAR3_bNTfhev3H26WxrOE_QYPAN4iuojfWIXaLT8fO3pw0GYsVovaAW4q67Y" "Mozilla/5.0 (Windows NT 6.1; Win64; x64) AppleWebKit/537.36 (KHTML, like Gecko) Chrome/75.0.3770.100 Safari/537.36"
89.201.233.59 - - [13/Jul/2019:09:21:55 +0000] "GET /uploads/thumbnails/d23b8a276f9fe9d26b996c4efa9beb07.jpg HTTP/1.1" 200 128677 "http://www.hdz-zadar.hr/aktualno/sretan-vam-dan-drzavnosti?fbclid=IwAR3_bNTfhev3H26WxrOE_QYPAN4iuojfWIXaLT8fO3pw0GYsVovaAW4q67Y" "Mozilla/5.0 (Windows NT 6.1; Win64; x64) AppleWebKit/537.36 (KHTML, like Gecko) Chrome/75.0.3770.100 Safari/537.36"
89.201.233.59 - - [13/Jul/2019:09:21:56 +0000] "GET /public/js/impact.js HTTP/1.1" 200 461 "http://www.hdz-zadar.hr/aktualno/sretan-vam-dan-drzavnosti?fbclid=IwAR3_bNTfhev3H26WxrOE_QYPAN4iuojfWIXaLT8fO3pw0GYsVovaAW4q67Y" "Mozilla/5.0 (Windows NT 6.1; Win64; x64) AppleWebKit/537.36 (KHTML, like Gecko) Chrome/75.0.3770.100 Safari/537.36"
89.201.233.59 - - [13/Jul/2019:09:21:56 +0000] "GET /public/js/magic.js HTTP/1.1" 200 1000 "http://www.hdz-zadar.hr/aktualno/sretan-vam-dan-drzavnosti?fbclid=IwAR3_bNTfhev3H26WxrOE_QYPAN4iuojfWIXaLT8fO3pw0GYsVovaAW4q67Y" "Mozilla/5.0 (Windows NT 6.1; Win64; x64) AppleWebKit/537.36 (KHTML, like Gecko) Chrome/75.0.3770.100 Safari/537.36"
89.201.233.59 - - [13/Jul/2019:09:21:56 +0000] "GET /public/js/news.js HTTP/1.1" 200 511 "http://www.hdz-zadar.hr/aktualno/sretan-vam-dan-drzavnosti?fbclid=IwAR3_bNTfhev3H26WxrOE_QYPAN4iuojfWIXaLT8fO3pw0GYsVovaAW4q67Y" "Mozilla/5.0 (Windows NT 6.1; Win64; x64) AppleWebKit/537.36 (KHTML, like Gecko) Chrome/75.0.3770.100 Safari/537.36"
89.201.233.59 - - [13/Jul/2019:09:21:56 +0000] "GET /public/js/ycp.js HTTP/1.1" 200 2228 "http://www.hdz-zadar.hr/aktualno/sretan-vam-dan-drzavnosti?fbclid=IwAR3_bNTfhev3H26WxrOE_QYPAN4iuojfWIXaLT8fO3pw0GYsVovaAW4q67Y" "Mozilla/5.0 (Windows NT 6.1; Win64; x64) AppleWebKit/537.36 (KHTML, like Gecko) Chrome/75.0.3770.100 Safari/537.36"
89.201.233.59 - - [13/Jul/2019:09:21:56 +0000] "GET /public/img/global/footer.png HTTP/1.1" 200 16818 "http://www.hdz-zadar.hr/aktualno/sretan-vam-dan-drzavnosti?fbclid=IwAR3_bNTfhev3H26WxrOE_QYPAN4iuojfWIXaLT8fO3pw0GYsVovaAW4q67Y" "Mozilla/5.0 (Windows NT 6.1; Win64; x64) AppleWebKit/537.36 (KHTML, like Gecko) Chrome/75.0.3770.100 Safari/537.36"
89.201.233.59 - - [13/Jul/2019:09:21:56 +0000] "GET /uploads/thumbnails/9e9c1cd4b9c4d45154c215bb2f605dc3.jpeg HTTP/1.1" 200 61976 "http://www.hdz-zadar.hr/aktualno/sretan-vam-dan-drzavnosti?fbclid=IwAR3_bNTfhev3H26WxrOE_QYPAN4iuojfWIXaLT8fO3pw0GYsVovaAW4q67Y" "Mozilla/5.0 (Windows NT 6.1; Win64; x64) AppleWebKit/537.36 (KHTML, like Gecko) Chrome/75.0.3770.100 Safari/537.36"
89.201.233.59 - - [13/Jul/2019:09:21:56 +0000] "GET /uploads/thumbnails/bfb6c2b8483121f4d25e83eb2c14d411.jpg HTTP/1.1" 200 102637 "http://www.hdz-zadar.hr/aktualno/sretan-vam-dan-drzavnosti?fbclid=IwAR3_bNTfhev3H26WxrOE_QYPAN4iuojfWIXaLT8fO3pw0GYsVovaAW4q67Y" "Mozilla/5.0 (Windows NT 6.1; Win64; x64) AppleWebKit/537.36 (KHTML, like Gecko) Chrome/75.0.3770.100 Safari/537.36"
89.201.233.59 - - [13/Jul/2019:09:21:56 +0000] "GET /unitegallery/images/loader-white1.gif HTTP/1.1" 200 2545 "http://www.hdz-zadar.hr/unitegallery/css/unite-gallery.css" "Mozilla/5.0 (Windows NT 6.1; Win64; x64) AppleWebKit/537.36 (KHTML, like Gecko) Chrome/75.0.3770.100 Safari/537.36"
89.201.233.59 - - [13/Jul/2019:09:21:56 +0000] "GET /unitegallery/skins/default/grid_handle_black_top.png HTTP/1.1" 200 942 "http://www.hdz-zadar.hr/unitegallery/css/unite-gallery.css" "Mozilla/5.0 (Windows NT 6.1; Win64; x64) AppleWebKit/537.36 (KHTML, like Gecko) Chrome/75.0.3770.100 Safari/537.36"
89.201.233.59 - - [13/Jul/2019:09:21:57 +0000] "GET /unitegallery/skins/default/slider_arrow_right.png HTTP/1.1" 200 493 "http://www.hdz-zadar.hr/unitegallery/css/unite-gallery.css" "Mozilla/5.0 (Windows NT 6.1; Win64; x64) AppleWebKit/537.36 (KHTML, like Gecko) Chrome/75.0.3770.100 Safari/537.36"
89.201.233.59 - - [13/Jul/2019:09:21:57 +0000] "GET /unitegallery/skins/default/slider_arrow_left.png HTTP/1.1" 200 470 "http://www.hdz-zadar.hr/unitegallery/css/unite-gallery.css" "Mozilla/5.0 (Windows NT 6.1; Win64; x64) AppleWebKit/537.36 (KHTML, like Gecko) Chrome/75.0.3770.100 Safari/537.36"
89.201.233.59 - - [13/Jul/2019:09:21:57 +0000] "GET /unitegallery/skins/default/button_playpause.png HTTP/1.1" 200 604 "http://www.hdz-zadar.hr/unitegallery/css/unite-gallery.css" "Mozilla/5.0 (Windows NT 6.1; Win64; x64) AppleWebKit/537.36 (KHTML, like Gecko) Chrome/75.0.3770.100 Safari/537.36"
89.201.233.59 - - [13/Jul/2019:09:21:57 +0000] "GET /unitegallery/images/loader.gif HTTP/1.1" 200 673 "http://www.hdz-zadar.hr/unitegallery/css/unite-gallery.css" "Mozilla/5.0 (Windows NT 6.1; Win64; x64) AppleWebKit/537.36 (KHTML, like Gecko) Chrome/75.0.3770.100 Safari/537.36"
89.201.233.59 - - [13/Jul/2019:09:21:57 +0000] "GET /unitegallery/images/play-button-square.png HTTP/1.1" 200 4591 "http://www.hdz-zadar.hr/unitegallery/css/unite-gallery.css" "Mozilla/5.0 (Windows NT 6.1; Win64; x64) AppleWebKit/537.36 (KHTML, like Gecko) Chrome/75.0.3770.100 Safari/537.36"
89.201.233.59 - - [13/Jul/2019:09:21:57 +0000] "GET /unitegallery/images/loader-black1.gif HTTP/1.1" 200 5855 "http://www.hdz-zadar.hr/unitegallery/css/unite-gallery.css" "Mozilla/5.0 (Windows NT 6.1; Win64; x64) AppleWebKit/537.36 (KHTML, like Gecko) Chrome/75.0.3770.100 Safari/537.36"
89.201.233.59 - - [13/Jul/2019:09:21:57 +0000] "GET /public/img/global/icon-arrow-yellow.png HTTP/1.1" 200 1105 "http://www.hdz-zadar.hr/public/css/styles.css?v=1" "Mozilla/5.0 (Windows NT 6.1; Win64; x64) AppleWebKit/537.36 (KHTML, like Gecko) Chrome/75.0.3770.100 Safari/537.36"
89.201.233.59 - - [13/Jul/2019:09:21:57 +0000] "GET /unitegallery/images/cover-grid.png HTTP/1.1" 200 933 "http://www.hdz-zadar.hr/unitegallery/css/unite-gallery.css" "Mozilla/5.0 (Windows NT 6.1; Win64; x64) AppleWebKit/537.36 (KHTML, like Gecko) Chrome/75.0.3770.100 Safari/537.36"
89.201.233.59 - - [13/Jul/2019:09:21:57 +0000] "GET /unitegallery/images/not_loaded.png HTTP/1.1" 200 858 "http://www.hdz-zadar.hr/unitegallery/css/unite-gallery.css" "Mozilla/5.0 (Windows NT 6.1; Win64; x64) AppleWebKit/537.36 (KHTML, like Gecko) Chrome/75.0.3770.100 Safari/537.36"
89.201.233.59 - - [13/Jul/2019:09:21:57 +0000] "GET /unitegallery/skins/default/button_fullscreen.png HTTP/1.1" 200 1050 "http://www.hdz-zadar.hr/unitegallery/css/unite-gallery.css" "Mozilla/5.0 (Windows NT 6.1; Win64; x64) AppleWebKit/537.36 (KHTML, like Gecko) Chrome/75.0.3770.100 Safari/537.36"
89.201.233.59 - - [13/Jul/2019:09:21:57 +0000] "GET /unitegallery/skins/default/icon_zoom_plus.png HTTP/1.1" 200 340 "http://www.hdz-zadar.hr/unitegallery/css/unite-gallery.css" "Mozilla/5.0 (Windows NT 6.1; Win64; x64) AppleWebKit/537.36 (KHTML, like Gecko) Chrome/75.0.3770.100 Safari/537.36"
89.201.233.59 - - [13/Jul/2019:09:21:57 +0000] "GET /unitegallery/skins/default/icon_zoom_minus.png HTTP/1.1" 200 285 "http://www.hdz-zadar.hr/unitegallery/css/unite-gallery.css" "Mozilla/5.0 (Windows NT 6.1; Win64; x64) AppleWebKit/537.36 (KHTML, like Gecko) Chrome/75.0.3770.100 Safari/537.36"
89.201.233.59 - - [13/Jul/2019:09:21:57 +0000] "GET /uploads/images/e894f6a9f74cd30227ea9db975dccd81.JPG HTTP/1.1" 200 161301 "http://www.hdz-zadar.hr/aktualno/sretan-vam-dan-drzavnosti?fbclid=IwAR3_bNTfhev3H26WxrOE_QYPAN4iuojfWIXaLT8fO3pw0GYsVovaAW4q67Y" "Mozilla/5.0 (Windows NT 6.1; Win64; x64) AppleWebKit/537.36 (KHTML, like Gecko) Chrome/75.0.3770.100 Safari/537.36"
89.201.233.59 - - [13/Jul/2019:09:21:57 +0000] "GET /unitegallery/skins/default/icon_zoom_back.png HTTP/1.1" 200 368 "http://www.hdz-zadar.hr/unitegallery/css/unite-gallery.css" "Mozilla/5.0 (Windows NT 6.1; Win64; x64) AppleWebKit/537.36 (KHTML, like Gecko) Chrome/75.0.3770.100 Safari/537.36"
89.201.233.59 - - [13/Jul/2019:09:21:57 +0000] "GET /unitegallery/images/button-close.png HTTP/1.1" 200 7155 "http://www.hdz-zadar.hr/unitegallery/css/unite-gallery.css" "Mozilla/5.0 (Windows NT 6.1; Win64; x64) AppleWebKit/537.36 (KHTML, like Gecko) Chrome/75.0.3770.100 Safari/537.36"
89.201.233.59 - - [13/Jul/2019:09:21:56 +0000] "GET /uploads/thumbnails/55786d7d888e2ed57c3edcfaf3332b3d.png HTTP/1.1" 200 537636 "http://www.hdz-zadar.hr/aktualno/sretan-vam-dan-drzavnosti?fbclid=IwAR3_bNTfhev3H26WxrOE_QYPAN4iuojfWIXaLT8fO3pw0GYsVovaAW4q67Y" "Mozilla/5.0 (Windows NT 6.1; Win64; x64) AppleWebKit/537.36 (KHTML, like Gecko) Chrome/75.0.3770.100 Safari/537.36"
89.201.233.59 - - [13/Jul/2019:09:21:55 +0000] "GET /uploads/thumbnails/0ab224230568eb4450a88b723b63403c.jpg HTTP/1.1" 200 123920 "http://www.hdz-zadar.hr/aktualno/sretan-vam-dan-drzavnosti?fbclid=IwAR3_bNTfhev3H26WxrOE_QYPAN4iuojfWIXaLT8fO3pw0GYsVovaAW4q67Y" "Mozilla/5.0 (Windows NT 6.1; Win64; x64) AppleWebKit/537.36 (KHTML, like Gecko) Chrome/75.0.3770.100 Safari/537.36"
89.201.233.59 - - [13/Jul/2019:09:22:00 +0000] "GET /public/img/global/favicon.ico HTTP/1.1" 200 15086 "http://www.hdz-zadar.hr/aktualno/sretan-vam-dan-drzavnosti?fbclid=IwAR3_bNTfhev3H26WxrOE_QYPAN4iuojfWIXaLT8fO3pw0GYsVovaAW4q67Y" "Mozilla/5.0 (Windows NT 6.1; Win64; x64) AppleWebKit/537.36 (KHTML, like Gecko) Chrome/75.0.3770.100 Safari/537.36"
40.77.167.170 - - [13/Jul/2019:09:24:22 +0000] "GET /uploads/documents/7d4d05562a62c457663ea58e5894ca14.pdf HTTP/1.1" 304 - "-" "Mozilla/5.0 (compatible; bingbot/2.0; +http://www.bing.com/bingbot.htm)"
66.249.64.187 - - [13/Jul/2019:09:28:08 +0000] "GET /uploads/thumbnails/cd3639b24376bc64b49653d770294cfe.JPG HTTP/1.1" 304 - "-" "Googlebot-Image/1.0"
66.249.64.185 - - [13/Jul/2019:09:38:14 +0000] "GET /uploads/thumbnails/ab0ce708b427be76c7dc08ebc6d8be29.jpg HTTP/1.1" 304 - "-" "Googlebot-Image/1.0"
157.55.39.98 - - [13/Jul/2019:09:48:57 +0000] "GET /aktualno/ni-90-nismo-imali-dvojbi-pripada-li-hrvatska-europskom-civilizacijskom-krugu-nemamo-ni-danas HTTP/1.1" 200 5115 "-" "Mozilla/5.0 (compatible; bingbot/2.0; +http://www.bing.com/bingbot.htm)"
31.13.115.17 - - [13/Jul/2019:09:57:17 +0000] "GET /uploads/images/1ad1ceceac916557145dc960fdd3cce8.jpg HTTP/1.1" 200 57629 "-" "facebookexternalhit/1.1 (+http://www.facebook.com/externalhit_uatext.php)"
66.249.64.183 - - [13/Jul/2019:09:58:49 +0000] "GET /robots.txt HTTP/1.1" 200 24 "-" "Mozilla/5.0 (compatible; Googlebot/2.1; +http://www.google.com/bot.html)"
66.249.64.187 - - [13/Jul/2019:09:58:49 +0000] "GET /uploads/thumbnails/e72010600f2ab7c385eb213eef7dbd05.JPG HTTP/1.1" 304 - "-" "Googlebot-Image/1.0"
69.171.251.39 - - [13/Jul/2019:09:59:09 +0000] "GET /uploads/images/5deb24322de6ee27edf8aaa2c6e6121a.jpg HTTP/1.1" 200 88719 "-" "facebookexternalhit/1.1 (+http://www.facebook.com/externalhit_uatext.php)"
175.42.86.219 - - [13/Jul/2019:10:03:31 +0000] "GET / HTTP/1.1" 301 232 "-" "Mozilla/5.0 (iPhone; CPU iPhone OS 11_0 like Mac OS X) AppleWebKit/604.1.38 (KHTML, like Gecko) Version/11.0 Mobile/15A372 Safari/604.1"
175.42.86.219 - - [13/Jul/2019:10:03:32 +0000] "GET / HTTP/1.1" 200 9053 "http://hdz-zadar.hr/" "Mozilla/5.0 (iPhone; CPU iPhone OS 11_0 like Mac OS X) AppleWebKit/604.1.38 (KHTML, like Gecko) Version/11.0 Mobile/15A372 Safari/604.1"
175.42.86.219 - - [13/Jul/2019:10:03:33 +0000] "GET / HTTP/1.1" 200 2664 "http://www.travellerspoint.top/articles/13208541/" "Mozilla/5.0 (iPhone; CPU iPhone OS 11_0 like Mac OS X) AppleWebKit/604.1.38 (KHTML, like Gecko) Version/11.0 Mobile/15A372 Safari/604.1"
66.249.64.185 - - [13/Jul/2019:10:08:56 +0000] "GET /uploads/thumbnails/905013c23dda983506fcd01490133b52.jpg HTTP/1.1" 304 - "-" "Googlebot-Image/1.0"
66.249.64.185 - - [13/Jul/2019:10:08:57 +0000] "GET /uploads/thumbnails/5deb24322de6ee27edf8aaa2c6e6121a.jpg HTTP/1.1" 304 - "-" "Googlebot-Image/1.0"
66.249.64.183 - - [13/Jul/2019:10:18:58 +0000] "GET /uploads/thumbnails/70d81e3c91fae8d3c0a1134013af5924.jpg HTTP/1.1" 304 - "-" "Googlebot-Image/1.0"
31.217.2.190 - - [13/Jul/2019:10:25:25 +0000] "GET /public/img/home/3_mobile.png HTTP/1.1" 200 1092489 "https://www.google.com/" "Mozilla/5.0 (iPhone; CPU iPhone OS 12_3_1 like Mac OS X) AppleWebKit/605.1.15 (KHTML, like Gecko) Version/12.1.1 Mobile/15E148 Safari/604.1"
188.252.255.162 - - [13/Jul/2019:10:58:13 +0000] "GET / HTTP/1.1" 200 2663 "-" "Mozilla/5.0 (iPhone; CPU iPhone OS 12_3_1 like Mac OS X) AppleWebKit/605.1.15 (KHTML, like Gecko) Version/12.1.1 Mobile/15E148 Safari/604.1"
188.252.255.162 - - [13/Jul/2019:10:58:13 +0000] "GET /apple-touch-icon-120x120-precomposed.png HTTP/1.1" 404 1104 "-" "MobileSafari/604.1 CFNetwork/978.0.7 Darwin/18.6.0"
188.252.255.162 - - [13/Jul/2019:10:58:13 +0000] "GET /apple-touch-icon-120x120.png HTTP/1.1" 404 1104 "-" "MobileSafari/604.1 CFNetwork/978.0.7 Darwin/18.6.0"
188.252.255.162 - - [13/Jul/2019:10:58:14 +0000] "GET /apple-touch-icon-precomposed.png HTTP/1.1" 404 1104 "-" "MobileSafari/604.1 CFNetwork/978.0.7 Darwin/18.6.0"
188.252.255.162 - - [13/Jul/2019:10:58:14 +0000] "GET /apple-touch-icon.png HTTP/1.1" 404 1104 "-" "MobileSafari/604.1 CFNetwork/978.0.7 Darwin/18.6.0"
188.252.255.162 - - [13/Jul/2019:10:58:14 +0000] "GET /favicon.ico HTTP/1.1" 200 - "-" "MobileSafari/604.1 CFNetwork/978.0.7 Darwin/18.6.0"
188.252.255.162 - - [13/Jul/2019:10:58:14 +0000] "GET /apple-touch-icon-120x120-precomposed.png HTTP/1.1" 404 1104 "-" "MobileSafari/604.1 CFNetwork/978.0.7 Darwin/18.6.0"
188.252.255.162 - - [13/Jul/2019:10:58:14 +0000] "GET /apple-touch-icon-120x120.png HTTP/1.1" 404 1104 "-" "MobileSafari/604.1 CFNetwork/978.0.7 Darwin/18.6.0"
188.252.255.162 - - [13/Jul/2019:10:58:14 +0000] "GET /apple-touch-icon-precomposed.png HTTP/1.1" 404 1104 "-" "MobileSafari/604.1 CFNetwork/978.0.7 Darwin/18.6.0"
188.252.255.162 - - [13/Jul/2019:10:58:15 +0000] "GET /apple-touch-icon.png HTTP/1.1" 404 1104 "-" "MobileSafari/604.1 CFNetwork/978.0.7 Darwin/18.6.0"
188.252.255.162 - - [13/Jul/2019:10:58:15 +0000] "GET /favicon.ico HTTP/1.1" 200 - "-" "MobileSafari/604.1 CFNetwork/978.0.7 Darwin/18.6.0"
66.249.64.187 - - [13/Jul/2019:10:59:04 +0000] "GET /uploads/thumbnails/fc2cc218b62b0077099887b7bf463c32.JPG HTTP/1.1" 304 - "-" "Googlebot-Image/1.0"
78.3.128.175 - - [13/Jul/2019:11:14:32 +0000] "GET /public/img/home/3_mobile.png HTTP/1.1" 200 1092489 "-" "Mozilla/5.0 (Linux; Android 9; SM-G960F Build/PPR1.180610.011; wv) AppleWebKit/537.36 (KHTML, like Gecko) Version/4.0 Chrome/75.0.3770.101 Mobile Safari/537.36 GSA/10.20.3.21.arm64"
66.249.64.185 - - [13/Jul/2019:11:19:13 +0000] "GET /uploads/thumbnails/8c5d27c46d5923fc4f433d4a3d697efb.jpg HTTP/1.1" 304 - "-" "Googlebot-Image/1.0"
89.201.169.82 - - [13/Jul/2019:11:27:51 +0000] "GET /public/img/home/3_mobile.png HTTP/1.1" 200 1092489 "-" "Mozilla/5.0 (Linux; Android 7.0; TPC_8043G Build/NRD90M) AppleWebKit/537.36 (KHTML, like Gecko) Chrome/74.0.3729.157 Safari/537.36 OPR/53.0.2569.141117"
66.249.64.185 - - [13/Jul/2019:11:29:15 +0000] "GET /uploads/thumbnails/788103a7f8f8f0ef4440672100d55d43.jpg HTTP/1.1" 304 - "-" "Googlebot-Image/1.0"
54.36.150.26 - - [13/Jul/2019:11:33:59 +0000] "GET /aktualno/potpisan-koalicijski-sporazum-hdz-a-i-politickih-partnera-hsp-a-dr-ante-starcevic-hsu-a-hrast-a-i-ns-reformista HTTP/1.1" 200 6310 "-" "Mozilla/5.0 (compatible; AhrefsBot/6.1; +http://ahrefs.com/robot/)"
178.159.127.39 - - [13/Jul/2019:12:04:34 +0000] "GET / HTTP/1.0" 301 232 "-" "Mozilla/5.0 (Windows NT 6.3; Win64; x64) AppleWebKit/537.36 (KHTML, like Gecko) Chrome/66.0.3359.181 Safari/537.36"
34.245.189.169 - - [13/Jul/2019:12:13:27 +0000] "GET / HTTP/1.1" 301 232 "-" "Mozilla/5.0 (Windows NT 10.0; Win64; x64) AppleWebKit/537.36 (KHTML, like Gecko) Chrome/74.0.3729.131 Safari/537.36"
34.245.189.169 - - [13/Jul/2019:12:13:35 +0000] "GET / HTTP/1.1" 200 2770 "-" "Mozilla/5.0 (Windows NT 10.0; Win64; x64) AppleWebKit/537.36 (KHTML, like Gecko) Chrome/74.0.3729.131 Safari/537.36"
46.239.37.114 - - [13/Jul/2019:12:25:19 +0000] "GET /public/img/home/3_mobile.png HTTP/1.1" 200 1092489 "https://www.google.com/" "Mozilla/5.0 (iPhone; CPU iPhone OS 12_3_1 like Mac OS X) AppleWebKit/605.1.15 (KHTML, like Gecko) GSA/77.0.255294728 Mobile/16F203 Safari/604.1"
66.249.64.185 - - [13/Jul/2019:12:39:51 +0000] "GET /uploads/thumbnails/cb215f277653f27ba7ae28192601b5aa.jpg HTTP/1.1" 304 - "-" "Googlebot-Image/1.0"
69.171.251.32 - - [13/Jul/2019:12:45:25 +0000] "GET /uploads/images/e634f0f2a485b09f88a3b4beddcf1438.jpg HTTP/1.1" 200 370357 "-" "facebookexternalhit/1.1 (+http://www.facebook.com/externalhit_uatext.php)"
80.80.37.100 - - [13/Jul/2019:12:48:25 +0000] "GET /public/img/home/3_mobile.png HTTP/1.1" 200 1092489 "https://www.google.com/" "Mozilla/5.0 (Linux; Android 8.1.0; C11_Pro Build/O11019; wv) AppleWebKit/537.36 (KHTML, like Gecko) Version/4.0 Chrome/75.0.3770.101 Mobile Safari/537.36 GSA/10.16.6.21.arm64"
207.46.13.98 - - [13/Jul/2019:13:05:29 +0000] "GET /aktualno/potpisan-koalicijski-sporazum-hdz-a-i-politickih-partnera-hsp-a-dr-ante-starcevic-hsu-a-hrast-a-i-ns-reformista HTTP/1.1" 200 6310 "-" "Mozilla/5.0 (compatible; bingbot/2.0; +http://www.bing.com/bingbot.htm)"
46.229.168.132 - - [13/Jul/2019:13:07:39 +0000] "GET /robots.txt HTTP/1.1" 200 24 "-" "Mozilla/5.0 (compatible; SemrushBot/3~bl; +http://www.semrush.com/bot.html)"
46.229.168.162 - - [13/Jul/2019:13:07:39 +0000] "GET /aktualno/predstavljena-politicka-biografija-vladimira-seksa HTTP/1.1" 200 4418 "-" "Mozilla/5.0 (compatible; SemrushBot/3~bl; +http://www.semrush.com/bot.html)"
66.249.64.185 - - [13/Jul/2019:13:09:45 +0000] "GET /public/img/global/logo-main-mobile.jpg HTTP/1.1" 304 - "-" "Googlebot-Image/1.0"
46.229.168.161 - - [13/Jul/2019:13:27:19 +0000] "GET /aktualno/predstavljena-politicka-biografija-vladimira-seksa HTTP/1.1" 200 4418 "-" "Mozilla/5.0 (compatible; SemrushBot/3~bl; +http://www.semrush.com/bot.html)"
188.246.94.29 - - [13/Jul/2019:13:29:14 +0000] "GET /public/img/home/3_mobile.png HTTP/1.1" 200 1092489 "-" "Mozilla/5.0 (Linux; Android 6.0; MYA-L41 Build/HUAWEIMYA-L41; wv) AppleWebKit/537.36 (KHTML, like Gecko) Version/4.0 Chrome/75.0.3770.101 Mobile Safari/537.36 GSA/10.16.6.21.arm64"
40.77.167.130 - - [13/Jul/2019:13:29:29 +0000] "GET /uploads/documents/b35bc865a869a69304af106d40c548c5.pdf HTTP/1.1" 200 1924449 "-" "Mozilla/5.0 (iPhone; CPU iPhone OS 7_0 like Mac OS X) AppleWebKit/537.51.1 (KHTML, like Gecko) Version/7.0 Mobile/11A465 Safari/9537.53 (compatible; bingbot/2.0; +http://www.bing.com/bingbot.htm)"
157.55.39.108 - - [13/Jul/2019:13:29:43 +0000] "GET /robots.txt HTTP/1.1" 200 24 "-" "Mozilla/5.0 (compatible; bingbot/2.0; +http://www.bing.com/bingbot.htm)"
157.55.39.108 - - [13/Jul/2019:13:51:03 +0000] "GET /aktualno/28-rodendan-zadarskog-hdz-a HTTP/1.1" 200 6132 "-" "Mozilla/5.0 (compatible; bingbot/2.0; +http://www.bing.com/bingbot.htm)"
31.217.2.245 - - [13/Jul/2019:13:57:39 +0000] "GET /public/img/home/3_mobile.png HTTP/1.1" 200 1092489 "-" "Mozilla/5.0 (Linux; Android 8.0.0; FIG-LX1 Build/HUAWEIFIG-LX1; wv) AppleWebKit/537.36 (KHTML, like Gecko) Version/4.0 Chrome/74.0.3729.112 Mobile Safari/537.36 GSA/9.72.4.21.arm64"
31.13.115.5 - - [13/Jul/2019:14:07:02 +0000] "GET /uploads/images/e634f0f2a485b09f88a3b4beddcf1438.jpg HTTP/1.1" 200 370357 "-" "facebookexternalhit/1.1 (+http://www.facebook.com/externalhit_uatext.php)"
193.138.38.172 - - [13/Jul/2019:14:10:57 +0000] "GET /public/img/home/3_mobile.png HTTP/1.1" 200 1092489 "https://www.google.com/" "Mozilla/5.0 (iPhone; CPU iPhone OS 11_3 like Mac OS X) AppleWebKit/605.1.15 (KHTML, like Gecko) Version/11.0 Mobile/15E148 Safari/604.1"
85.94.152.37 - - [13/Jul/2019:14:12:01 +0000] "GET /public/img/home/3_mobile.png HTTP/1.1" 200 1092489 "https://www.google.com/" "Mozilla/5.0 (Linux; Android 8.0.0; SAMSUNG SM-J330FN Build/R16NW) AppleWebKit/537.36 (KHTML, like Gecko) SamsungBrowser/9.2 Chrome/67.0.3396.87 Mobile Safari/537.36"
66.249.64.183 - - [13/Jul/2019:14:30:06 +0000] "GET /public/img/global/btn-ig-footer.jpg HTTP/1.1" 304 - "-" "Googlebot-Image/1.0"
176.31.65.29 - - [13/Jul/2019:14:43:55 +0000] "GET / HTTP/1.1" 301 232 "-" "Mozilla/5.0 (Windows NT 10.0; Win64; x64) AppleWebKit/537.36 (KHTML, like Gecko) Chrome/63.0.3239.132 Safari/537.36"
176.31.65.29 - - [13/Jul/2019:14:43:55 +0000] "GET /wp-includes/wlwmanifest.xml HTTP/1.1" 301 259 "-" "Mozilla/5.0 (Windows NT 10.0; Win64; x64) AppleWebKit/537.36 (KHTML, like Gecko) Chrome/63.0.3239.132 Safari/537.36"
176.31.65.29 - - [13/Jul/2019:14:43:55 +0000] "GET /xmlrpc.php?rsd HTTP/1.1" 301 246 "-" "Mozilla/5.0 (Windows NT 10.0; Win64; x64) AppleWebKit/537.36 (KHTML, like Gecko) Chrome/63.0.3239.132 Safari/537.36"
176.31.65.29 - - [13/Jul/2019:14:43:55 +0000] "GET / HTTP/1.1" 301 232 "-" "Mozilla/5.0 (Windows NT 10.0; Win64; x64) AppleWebKit/537.36 (KHTML, like Gecko) Chrome/63.0.3239.132 Safari/537.36"
176.31.65.29 - - [13/Jul/2019:14:43:55 +0000] "GET /blog/wp-includes/wlwmanifest.xml HTTP/1.1" 301 264 "-" "Mozilla/5.0 (Windows NT 10.0; Win64; x64) AppleWebKit/537.36 (KHTML, like Gecko) Chrome/63.0.3239.132 Safari/537.36"
176.31.65.29 - - [13/Jul/2019:14:43:56 +0000] "GET /web/wp-includes/wlwmanifest.xml HTTP/1.1" 301 263 "-" "Mozilla/5.0 (Windows NT 10.0; Win64; x64) AppleWebKit/537.36 (KHTML, like Gecko) Chrome/63.0.3239.132 Safari/537.36"
176.31.65.29 - - [13/Jul/2019:14:43:56 +0000] "GET /wordpress/wp-includes/wlwmanifest.xml HTTP/1.1" 301 269 "-" "Mozilla/5.0 (Windows NT 10.0; Win64; x64) AppleWebKit/537.36 (KHTML, like Gecko) Chrome/63.0.3239.132 Safari/537.36"
176.31.65.29 - - [13/Jul/2019:14:43:56 +0000] "GET /website/wp-includes/wlwmanifest.xml HTTP/1.1" 301 267 "-" "Mozilla/5.0 (Windows NT 10.0; Win64; x64) AppleWebKit/537.36 (KHTML, like Gecko) Chrome/63.0.3239.132 Safari/537.36"
176.31.65.29 - - [13/Jul/2019:14:43:56 +0000] "GET /wp/wp-includes/wlwmanifest.xml HTTP/1.1" 301 262 "-" "Mozilla/5.0 (Windows NT 10.0; Win64; x64) AppleWebKit/537.36 (KHTML, like Gecko) Chrome/63.0.3239.132 Safari/537.36"
176.31.65.29 - - [13/Jul/2019:14:43:56 +0000] "GET /news/wp-includes/wlwmanifest.xml HTTP/1.1" 301 264 "-" "Mozilla/5.0 (Windows NT 10.0; Win64; x64) AppleWebKit/537.36 (KHTML, like Gecko) Chrome/63.0.3239.132 Safari/537.36"
176.31.65.29 - - [13/Jul/2019:14:43:56 +0000] "GET /2015/wp-includes/wlwmanifest.xml HTTP/1.1" 301 264 "-" "Mozilla/5.0 (Windows NT 10.0; Win64; x64) AppleWebKit/537.36 (KHTML, like Gecko) Chrome/63.0.3239.132 Safari/537.36"
176.31.65.29 - - [13/Jul/2019:14:43:56 +0000] "GET /2016/wp-includes/wlwmanifest.xml HTTP/1.1" 301 264 "-" "Mozilla/5.0 (Windows NT 10.0; Win64; x64) AppleWebKit/537.36 (KHTML, like Gecko) Chrome/63.0.3239.132 Safari/537.36"
176.31.65.29 - - [13/Jul/2019:14:43:56 +0000] "GET /2017/wp-includes/wlwmanifest.xml HTTP/1.1" 301 264 "-" "Mozilla/5.0 (Windows NT 10.0; Win64; x64) AppleWebKit/537.36 (KHTML, like Gecko) Chrome/63.0.3239.132 Safari/537.36"
176.31.65.29 - - [13/Jul/2019:14:43:56 +0000] "GET /2018/wp-includes/wlwmanifest.xml HTTP/1.1" 301 264 "-" "Mozilla/5.0 (Windows NT 10.0; Win64; x64) AppleWebKit/537.36 (KHTML, like Gecko) Chrome/63.0.3239.132 Safari/537.36"
176.31.65.29 - - [13/Jul/2019:14:43:56 +0000] "GET /shop/wp-includes/wlwmanifest.xml HTTP/1.1" 301 264 "-" "Mozilla/5.0 (Windows NT 10.0; Win64; x64) AppleWebKit/537.36 (KHTML, like Gecko) Chrome/63.0.3239.132 Safari/537.36"
176.31.65.29 - - [13/Jul/2019:14:43:56 +0000] "GET /wp1/wp-includes/wlwmanifest.xml HTTP/1.1" 301 263 "-" "Mozilla/5.0 (Windows NT 10.0; Win64; x64) AppleWebKit/537.36 (KHTML, like Gecko) Chrome/63.0.3239.132 Safari/537.36"
176.31.65.29 - - [13/Jul/2019:14:43:56 +0000] "GET /test/wp-includes/wlwmanifest.xml HTTP/1.1" 301 264 "-" "Mozilla/5.0 (Windows NT 10.0; Win64; x64) AppleWebKit/537.36 (KHTML, like Gecko) Chrome/63.0.3239.132 Safari/537.36"
176.31.65.29 - - [13/Jul/2019:14:43:56 +0000] "GET /media/wp-includes/wlwmanifest.xml HTTP/1.1" 301 265 "-" "Mozilla/5.0 (Windows NT 10.0; Win64; x64) AppleWebKit/537.36 (KHTML, like Gecko) Chrome/63.0.3239.132 Safari/537.36"
176.31.65.29 - - [13/Jul/2019:14:43:56 +0000] "GET /wp2/wp-includes/wlwmanifest.xml HTTP/1.1" 301 263 "-" "Mozilla/5.0 (Windows NT 10.0; Win64; x64) AppleWebKit/537.36 (KHTML, like Gecko) Chrome/63.0.3239.132 Safari/537.36"
176.31.65.29 - - [13/Jul/2019:14:43:56 +0000] "GET /site/wp-includes/wlwmanifest.xml HTTP/1.1" 301 264 "-" "Mozilla/5.0 (Windows NT 10.0; Win64; x64) AppleWebKit/537.36 (KHTML, like Gecko) Chrome/63.0.3239.132 Safari/537.36"
176.31.65.29 - - [13/Jul/2019:14:43:56 +0000] "GET /cms/wp-includes/wlwmanifest.xml HTTP/1.1" 301 263 "-" "Mozilla/5.0 (Windows NT 10.0; Win64; x64) AppleWebKit/537.36 (KHTML, like Gecko) Chrome/63.0.3239.132 Safari/537.36"
176.31.65.29 - - [13/Jul/2019:14:43:56 +0000] "GET /sito/wp-includes/wlwmanifest.xml HTTP/1.1" 301 264 "-" "Mozilla/5.0 (Windows NT 10.0; Win64; x64) AppleWebKit/537.36 (KHTML, like Gecko) Chrome/63.0.3239.132 Safari/537.36"
95.168.116.6 - - [13/Jul/2019:14:45:15 +0000] "GET /public/img/home/3_mobile.png HTTP/1.1" 200 1092489 "https://www.google.com/" "Mozilla/5.0 (Windows NT 10.0; Win64; x64) AppleWebKit/537.36 (KHTML, like Gecko) Chrome/75.0.3770.100 Safari/537.36"
60.191.38.77 - - [13/Jul/2019:14:49:56 +0000] "GET / HTTP/1.1" 301 232 "-" "Mozilla/5.0 (Macintosh; Intel Mac OS X 10.11; rv:47.0) Gecko/20100101 Firefox/47.0"
60.191.38.77 - - [13/Jul/2019:14:50:07 +0000] "GET / HTTP/1.1" 200 9541 "-" "Mozilla/5.0 (Macintosh; Intel Mac OS X 10.11; rv:47.0) Gecko/20100101 Firefox/47.0"
66.249.64.185 - - [13/Jul/2019:14:50:30 +0000] "GET /public/img/global/btn-close-nav-mobile.jpg HTTP/1.1" 304 - "-" "Googlebot-Image/1.0"
207.46.13.98 - - [13/Jul/2019:14:56:30 +0000] "GET /uploads/documents/959caacb3ec98d83fbe5704adba2359c.pdf HTTP/1.1" 200 1745099 "-" "Mozilla/5.0 (compatible; bingbot/2.0; +http://www.bing.com/bingbot.htm)"
207.46.13.98 - - [13/Jul/2019:15:01:36 +0000] "GET /aktualno/odrzani-izbori-mladezi-hdz-opcine-posedarje HTTP/1.1" 200 3912 "-" "Mozilla/5.0 (compatible; bingbot/2.0; +http://www.bing.com/bingbot.htm)"
188.252.255.162 - - [13/Jul/2019:15:18:11 +0000] "GET / HTTP/1.1" 200 2663 "-" "Mozilla/5.0 (iPhone; CPU iPhone OS 12_3_1 like Mac OS X) AppleWebKit/605.1.15 (KHTML, like Gecko) Version/12.1.1 Mobile/15E148 Safari/604.1"
188.252.255.162 - - [13/Jul/2019:15:18:11 +0000] "GET /apple-touch-icon-120x120-precomposed.png HTTP/1.1" 404 1104 "-" "MobileSafari/604.1 CFNetwork/978.0.7 Darwin/18.6.0"
188.252.255.162 - - [13/Jul/2019:15:18:11 +0000] "GET /apple-touch-icon-120x120.png HTTP/1.1" 404 1104 "-" "MobileSafari/604.1 CFNetwork/978.0.7 Darwin/18.6.0"
188.252.255.162 - - [13/Jul/2019:15:18:12 +0000] "GET /apple-touch-icon-precomposed.png HTTP/1.1" 404 1104 "-" "MobileSafari/604.1 CFNetwork/978.0.7 Darwin/18.6.0"
188.252.255.162 - - [13/Jul/2019:15:18:12 +0000] "GET /apple-touch-icon.png HTTP/1.1" 404 1104 "-" "MobileSafari/604.1 CFNetwork/978.0.7 Darwin/18.6.0"
188.252.255.162 - - [13/Jul/2019:15:18:12 +0000] "GET /favicon.ico HTTP/1.1" 200 - "-" "MobileSafari/604.1 CFNetwork/978.0.7 Darwin/18.6.0"
188.252.255.162 - - [13/Jul/2019:15:18:12 +0000] "GET /apple-touch-icon-120x120-precomposed.png HTTP/1.1" 404 1104 "-" "MobileSafari/604.1 CFNetwork/978.0.7 Darwin/18.6.0"
188.252.255.162 - - [13/Jul/2019:15:18:12 +0000] "GET /apple-touch-icon-120x120.png HTTP/1.1" 404 1104 "-" "MobileSafari/604.1 CFNetwork/978.0.7 Darwin/18.6.0"
188.252.255.162 - - [13/Jul/2019:15:18:13 +0000] "GET /apple-touch-icon-precomposed.png HTTP/1.1" 404 1104 "-" "MobileSafari/604.1 CFNetwork/978.0.7 Darwin/18.6.0"
188.252.255.162 - - [13/Jul/2019:15:18:13 +0000] "GET /apple-touch-icon.png HTTP/1.1" 404 1104 "-" "MobileSafari/604.1 CFNetwork/978.0.7 Darwin/18.6.0"
188.252.255.162 - - [13/Jul/2019:15:18:13 +0000] "GET /favicon.ico HTTP/1.1" 200 - "-" "MobileSafari/604.1 CFNetwork/978.0.7 Darwin/18.6.0"
66.249.64.187 - - [13/Jul/2019:15:30:58 +0000] "GET /public/img/global/btn-fb-footer.jpg HTTP/1.1" 304 - "-" "Googlebot-Image/1.0"
66.220.149.26 - - [13/Jul/2019:15:39:29 +0000] "GET /uploads/images/e894f6a9f74cd30227ea9db975dccd81.JPG HTTP/1.1" 200 161301 "-" "facebookexternalhit/1.1 (+http://www.facebook.com/externalhit_uatext.php)"
66.249.64.185 - - [13/Jul/2019:15:40:24 +0000] "GET /uploads/thumbnails/0ab224230568eb4450a88b723b63403c.jpg HTTP/1.1" 304 - "-" "Googlebot-Image/1.0"
66.249.64.185 - - [13/Jul/2019:15:45:42 +0000] "GET /aktualno/cestit-i-blagoslovljen-bozic-i-sretna-nova-2019godina HTTP/1.1" 200 3287 "-" "Mozilla/5.0 (Linux; Android 6.0.1; Nexus 5X Build/MMB29P) AppleWebKit/537.36 (KHTML, like Gecko) Chrome/41.0.2272.96 Mobile Safari/537.36 (compatible; Googlebot/2.1; +http://www.google.com/bot.html)"
93.136.84.119 - - [13/Jul/2019:15:47:01 +0000] "GET /public/img/home/3_mobile.png HTTP/1.1" 200 1092489 "https://www.google.com/" "Mozilla/5.0 (Linux; Android 9; SAMSUNG SM-G965F Build/PPR1.180610.011) AppleWebKit/537.36 (KHTML, like Gecko) SamsungBrowser/9.2 Chrome/67.0.3396.87 Mobile Safari/537.36"
