93.140.21.2 - - [18/Jul/2019:12:34:11 +0000] "GET /public/js/vendor/jquery.colorbox-min.js HTTP/1.1" 200 4686 "http://www.hdz-zadar.hr/" "Mozilla/5.0 (Windows NT 6.3; rv:68.0) Gecko/20100101 Firefox/68.0"
93.140.21.2 - - [18/Jul/2019:12:34:11 +0000] "GET /public/js/vendor/jquery.bxslider.min.js HTTP/1.1" 200 5162 "http://www.hdz-zadar.hr/" "Mozilla/5.0 (Windows NT 6.3; rv:68.0) Gecko/20100101 Firefox/68.0"
93.140.21.2 - - [18/Jul/2019:12:34:11 +0000] "GET /public/js/vendor/jquery-ui.min.js HTTP/1.1" 200 14401 "http://www.hdz-zadar.hr/" "Mozilla/5.0 (Windows NT 6.3; rv:68.0) Gecko/20100101 Firefox/68.0"
93.140.21.2 - - [18/Jul/2019:12:34:11 +0000] "GET /public/js/global.js HTTP/1.1" 200 1105 "http://www.hdz-zadar.hr/" "Mozilla/5.0 (Windows NT 6.3; rv:68.0) Gecko/20100101 Firefox/68.0"
93.140.21.2 - - [18/Jul/2019:12:34:12 +0000] "GET /public/js/home.js HTTP/1.1" 200 427 "http://www.hdz-zadar.hr/" "Mozilla/5.0 (Windows NT 6.3; rv:68.0) Gecko/20100101 Firefox/68.0"
93.140.21.2 - - [18/Jul/2019:12:34:12 +0000] "GET /public/js/company.js HTTP/1.1" 200 641 "http://www.hdz-zadar.hr/" "Mozilla/5.0 (Windows NT 6.3; rv:68.0) Gecko/20100101 Firefox/68.0"
93.140.21.2 - - [18/Jul/2019:12:34:12 +0000] "GET /public/js/impact.js HTTP/1.1" 200 461 "http://www.hdz-zadar.hr/" "Mozilla/5.0 (Windows NT 6.3; rv:68.0) Gecko/20100101 Firefox/68.0"
93.140.21.2 - - [18/Jul/2019:12:34:12 +0000] "GET /public/js/magic.js HTTP/1.1" 200 1000 "http://www.hdz-zadar.hr/" "Mozilla/5.0 (Windows NT 6.3; rv:68.0) Gecko/20100101 Firefox/68.0"
93.140.21.2 - - [18/Jul/2019:12:34:12 +0000] "GET /public/js/news.js HTTP/1.1" 200 511 "http://www.hdz-zadar.hr/" "Mozilla/5.0 (Windows NT 6.3; rv:68.0) Gecko/20100101 Firefox/68.0"
93.140.21.2 - - [18/Jul/2019:12:34:12 +0000] "GET /public/js/ycp.js HTTP/1.1" 200 2228 "http://www.hdz-zadar.hr/" "Mozilla/5.0 (Windows NT 6.3; rv:68.0) Gecko/20100101 Firefox/68.0"
93.140.21.2 - - [18/Jul/2019:12:34:12 +0000] "GET /public/img/global/logo-header.png HTTP/1.1" 200 1914 "http://www.hdz-zadar.hr/" "Mozilla/5.0 (Windows NT 6.3; rv:68.0) Gecko/20100101 Firefox/68.0"
93.140.21.2 - - [18/Jul/2019:12:34:12 +0000] "GET /public/img/global/logo-fb-header.png HTTP/1.1" 200 483 "http://www.hdz-zadar.hr/" "Mozilla/5.0 (Windows NT 6.3; rv:68.0) Gecko/20100101 Firefox/68.0"
93.140.21.2 - - [18/Jul/2019:12:34:12 +0000] "GET /public/img/global/icon-arrow-yellow.png HTTP/1.1" 200 1105 "http://www.hdz-zadar.hr/public/css/styles.css?v=1" "Mozilla/5.0 (Windows NT 6.3; rv:68.0) Gecko/20100101 Firefox/68.0"
93.140.21.2 - - [18/Jul/2019:12:34:12 +0000] "GET /public/img/global/logo-ig-header.png HTTP/1.1" 200 902 "http://www.hdz-zadar.hr/" "Mozilla/5.0 (Windows NT 6.3; rv:68.0) Gecko/20100101 Firefox/68.0"
93.140.21.2 - - [18/Jul/2019:12:34:12 +0000] "GET /public/img/global/logo-yt-header.png HTTP/1.1" 200 742 "http://www.hdz-zadar.hr/" "Mozilla/5.0 (Windows NT 6.3; rv:68.0) Gecko/20100101 Firefox/68.0"
93.140.21.2 - - [18/Jul/2019:12:34:12 +0000] "GET /public/img/global/logo.png HTTP/1.1" 200 13363 "http://www.hdz-zadar.hr/" "Mozilla/5.0 (Windows NT 6.3; rv:68.0) Gecko/20100101 Firefox/68.0"
93.140.21.2 - - [18/Jul/2019:12:34:12 +0000] "GET /public/img/home/btn-downarrow.png HTTP/1.1" 200 1318 "http://www.hdz-zadar.hr/public/css/styles.css?v=1" "Mozilla/5.0 (Windows NT 6.3; rv:68.0) Gecko/20100101 Firefox/68.0"
93.140.21.2 - - [18/Jul/2019:12:34:12 +0000] "GET /uploads/thumbnails/e894f6a9f74cd30227ea9db975dccd81.JPG HTTP/1.1" 200 85405 "http://www.hdz-zadar.hr/" "Mozilla/5.0 (Windows NT 6.3; rv:68.0) Gecko/20100101 Firefox/68.0"
93.140.21.2 - - [18/Jul/2019:12:34:12 +0000] "GET /uploads/thumbnails/17342f28810e19991f775d8559e91246.jpeg HTTP/1.1" 200 50825 "http://www.hdz-zadar.hr/" "Mozilla/5.0 (Windows NT 6.3; rv:68.0) Gecko/20100101 Firefox/68.0"
93.140.21.2 - - [18/Jul/2019:12:34:12 +0000] "GET /uploads/thumbnails/e634f0f2a485b09f88a3b4beddcf1438.jpg HTTP/1.1" 200 167382 "http://www.hdz-zadar.hr/" "Mozilla/5.0 (Windows NT 6.3; rv:68.0) Gecko/20100101 Firefox/68.0"
93.140.21.2 - - [18/Jul/2019:12:34:12 +0000] "GET /uploads/thumbnails/1ad1ceceac916557145dc960fdd3cce8.jpg HTTP/1.1" 200 77711 "http://www.hdz-zadar.hr/" "Mozilla/5.0 (Windows NT 6.3; rv:68.0) Gecko/20100101 Firefox/68.0"
93.140.21.2 - - [18/Jul/2019:12:34:12 +0000] "GET /public/img/global/footer.png HTTP/1.1" 200 16818 "http://www.hdz-zadar.hr/" "Mozilla/5.0 (Windows NT 6.3; rv:68.0) Gecko/20100101 Firefox/68.0"
93.140.21.2 - - [18/Jul/2019:12:34:12 +0000] "GET /uploads/thumbnails/8f3ba603c76bf13c82c5493e1825e960.jpg HTTP/1.1" 200 82889 "http://www.hdz-zadar.hr/" "Mozilla/5.0 (Windows NT 6.3; rv:68.0) Gecko/20100101 Firefox/68.0"
93.140.21.2 - - [18/Jul/2019:12:34:12 +0000] "GET /public/img/home/bg-discover.jpg HTTP/1.1" 200 119618 "http://www.hdz-zadar.hr/public/css/styles.css?v=1" "Mozilla/5.0 (Windows NT 6.3; rv:68.0) Gecko/20100101 Firefox/68.0"
93.140.21.2 - - [18/Jul/2019:12:34:12 +0000] "GET /public/img/home/1.png HTTP/1.1" 200 1943327 "http://www.hdz-zadar.hr/" "Mozilla/5.0 (Windows NT 6.3; rv:68.0) Gecko/20100101 Firefox/68.0"
93.140.21.2 - - [18/Jul/2019:12:34:12 +0000] "GET /public/img/home/banner.png HTTP/1.1" 200 571062 "http://www.hdz-zadar.hr/" "Mozilla/5.0 (Windows NT 6.3; rv:68.0) Gecko/20100101 Firefox/68.0"
93.140.21.2 - - [18/Jul/2019:12:34:13 +0000] "GET /public/img/global/favicon.ico HTTP/1.1" 200 15086 "-" "Mozilla/5.0 (Windows NT 6.3; rv:68.0) Gecko/20100101 Firefox/68.0"
157.55.39.240 - - [18/Jul/2019:12:34:47 +0000] "GET /aktualno/zadar-je-rekorder-medu-hrvatskim-gradovima-u-povlacenju-novca-iz-eu-u-2015-i-2016-godini HTTP/1.1" 200 3925 "-" "Mozilla/5.0 (compatible; bingbot/2.0; +http://www.bing.com/bingbot.htm)"
24.135.236.251 - - [18/Jul/2019:12:35:34 +0000] "GET /public/img/home/3_mobile.png HTTP/1.1" 200 1092489 "https://www.google.com/" "Mozilla/5.0 (iPhone; CPU iPhone OS 12_3_1 like Mac OS X) AppleWebKit/605.1.15 (KHTML, like Gecko) Version/12.1.1 Mobile/15E148 Safari/604.1"
93.140.21.2 - - [18/Jul/2019:12:36:05 +0000] "GET /public/img/home/hvala.png HTTP/1.1" 200 1238226 "-" "Mozilla/5.0 (Windows NT 6.3; rv:68.0) Gecko/20100101 Firefox/68.0"
93.140.21.2 - - [18/Jul/2019:12:36:06 +0000] "GET /favicon.ico HTTP/1.1" 200 - "-" "Mozilla/5.0 (Windows NT 6.3; rv:68.0) Gecko/20100101 Firefox/68.0"
66.249.64.187 - - [18/Jul/2019:12:42:41 +0000] "GET /aktualno/sjecanje-na-zrtve-totalitarnih-rezima HTTP/1.1" 200 4427 "-" "Mozilla/5.0 (Linux; Android 6.0.1; Nexus 5X Build/MMB29P) AppleWebKit/537.36 (KHTML, like Gecko) Chrome/41.0.2272.96 Mobile Safari/537.36 (compatible; Googlebot/2.1; +http://www.google.com/bot.html)"
66.249.64.185 - - [18/Jul/2019:12:44:33 +0000] "GET /uploads/thumbnails/2706f95484603954bb1c57b42282f9ef.jpg HTTP/1.1" 200 84424 "-" "Googlebot-Image/1.0"
66.249.64.183 - - [18/Jul/2019:12:44:34 +0000] "GET /uploads/thumbnails/0bc3873d0692c4fa3be380d42d5eea69.jpg HTTP/1.1" 200 50194 "-" "Googlebot-Image/1.0"
66.249.64.185 - - [18/Jul/2019:12:44:34 +0000] "GET /uploads/thumbnails/38f908b10739830a44eb4ec4f28cde8e.jpg HTTP/1.1" 200 67249 "-" "Googlebot-Image/1.0"
66.249.64.183 - - [18/Jul/2019:12:44:35 +0000] "GET /uploads/thumbnails/1c34826dda3880b419dcaa577c4f8f17.jpg HTTP/1.1" 200 72995 "-" "Googlebot-Image/1.0"
66.249.64.187 - - [18/Jul/2019:12:44:35 +0000] "GET /uploads/thumbnails/e3baed1034cc5696cb8025a4410c7ab5.jpg HTTP/1.1" 200 61442 "-" "Googlebot-Image/1.0"
66.249.64.185 - - [18/Jul/2019:12:44:35 +0000] "GET /uploads/thumbnails/997918c551e927289a9597d020f95691.jpg HTTP/1.1" 200 71235 "-" "Googlebot-Image/1.0"
66.249.64.187 - - [18/Jul/2019:12:44:36 +0000] "GET /uploads/thumbnails/a95fe59d9aacce94b6893dc6c20b7fd3.jpg HTTP/1.1" 200 78406 "-" "Googlebot-Image/1.0"
66.249.64.183 - - [18/Jul/2019:12:44:36 +0000] "GET /uploads/thumbnails/ef8ca6a8e308eb58cba7ae670add909b.jpg HTTP/1.1" 200 55967 "-" "Googlebot-Image/1.0"
66.249.64.185 - - [18/Jul/2019:12:44:37 +0000] "GET /uploads/thumbnails/6d2bc5a53be9efd58e7b4773882071e0.jpg HTTP/1.1" 200 78279 "-" "Googlebot-Image/1.0"
66.249.64.183 - - [18/Jul/2019:12:44:37 +0000] "GET /uploads/thumbnails/962e357ab6ad47cb7eaf9f6e0449a288.jpg HTTP/1.1" 200 66270 "-" "Googlebot-Image/1.0"
66.249.64.185 - - [18/Jul/2019:12:44:38 +0000] "GET /uploads/thumbnails/391f11188f2f5da5af8abdf041a45cfe.jpg HTTP/1.1" 200 86874 "-" "Googlebot-Image/1.0"
157.55.39.241 - - [18/Jul/2019:12:55:24 +0000] "GET /aktualno/polozeni-vijenci-povodom-dana-pobjede-i-domovinske-zahvalnosti-i-dana-hrvatskih-branitelja HTTP/1.1" 200 3749 "-" "Mozilla/5.0 (compatible; bingbot/2.0; +http://www.bing.com/bingbot.htm)"
66.249.64.183 - - [18/Jul/2019:12:55:43 +0000] "GET /aktualno/obavijest-o-odrzavanju-izborne-skupstine-zu-hdz-a-dr-franjo-tudman-zadarske-zupanije HTTP/1.1" 200 3375 "-" "Mozilla/5.0 (Linux; Android 6.0.1; Nexus 5X Build/MMB29P) AppleWebKit/537.36 (KHTML, like Gecko) Chrome/41.0.2272.96 Mobile Safari/537.36 (compatible; Googlebot/2.1; +http://www.google.com/bot.html)"
46.188.158.219 - - [18/Jul/2019:12:56:24 +0000] "GET /public/img/home/3_mobile.png HTTP/1.1" 200 1092489 "-" "Mozilla/5.0 (Linux; Android 7.0; SM-J710F Build/NRD90M; wv) AppleWebKit/537.36 (KHTML, like Gecko) Version/4.0 Chrome/72.0.3626.105 Mobile Safari/537.36 GSA/9.10.7.21.arm"
46.229.168.135 - - [18/Jul/2019:13:08:12 +0000] "GET /robots.txt HTTP/1.1" 200 24 "-" "Mozilla/5.0 (compatible; SemrushBot/3~bl; +http://www.semrush.com/bot.html)"
46.229.168.144 - - [18/Jul/2019:13:08:12 +0000] "GET /aktualno/izaslanik-predsjednice-rh-bozidar-kalmeta-zadarska-zupanija-ce-biti-snazna-koliko-su-razvijeni-njezini-najudaljeniji-dijelovi HTTP/1.1" 200 5236 "-" "Mozilla/5.0 (compatible; SemrushBot/3~bl; +http://www.semrush.com/bot.html)"
31.217.38.1 - - [18/Jul/2019:13:10:13 +0000] "GET / HTTP/1.1" 200 2663 "-" "Mozilla/5.0 (iPhone; CPU iPhone OS 12_3_1 like Mac OS X) AppleWebKit/605.1.15 (KHTML, like Gecko) Version/12.1.1 Mobile/15E148 Safari/604.1"
31.217.38.1 - - [18/Jul/2019:13:10:13 +0000] "GET /apple-touch-icon-120x120-precomposed.png HTTP/1.1" 404 1104 "-" "MobileSafari/604.1 CFNetwork/978.0.7 Darwin/18.6.0"
31.217.38.1 - - [18/Jul/2019:13:10:13 +0000] "GET /apple-touch-icon-120x120.png HTTP/1.1" 404 1104 "-" "MobileSafari/604.1 CFNetwork/978.0.7 Darwin/18.6.0"
31.217.38.1 - - [18/Jul/2019:13:10:13 +0000] "GET /apple-touch-icon-precomposed.png HTTP/1.1" 404 1104 "-" "MobileSafari/604.1 CFNetwork/978.0.7 Darwin/18.6.0"
31.217.38.1 - - [18/Jul/2019:13:10:13 +0000] "GET /apple-touch-icon.png HTTP/1.1" 404 1104 "-" "MobileSafari/604.1 CFNetwork/978.0.7 Darwin/18.6.0"
31.217.38.1 - - [18/Jul/2019:13:10:13 +0000] "GET /favicon.ico HTTP/1.1" 200 - "-" "MobileSafari/604.1 CFNetwork/978.0.7 Darwin/18.6.0"
31.217.38.1 - - [18/Jul/2019:13:10:14 +0000] "GET /apple-touch-icon-120x120-precomposed.png HTTP/1.1" 404 1104 "-" "MobileSafari/604.1 CFNetwork/978.0.7 Darwin/18.6.0"
31.217.38.1 - - [18/Jul/2019:13:10:14 +0000] "GET /apple-touch-icon-120x120.png HTTP/1.1" 404 1104 "-" "MobileSafari/604.1 CFNetwork/978.0.7 Darwin/18.6.0"
31.217.38.1 - - [18/Jul/2019:13:10:14 +0000] "GET /apple-touch-icon-precomposed.png HTTP/1.1" 404 1104 "-" "MobileSafari/604.1 CFNetwork/978.0.7 Darwin/18.6.0"
31.217.38.1 - - [18/Jul/2019:13:10:14 +0000] "GET /apple-touch-icon.png HTTP/1.1" 404 1104 "-" "MobileSafari/604.1 CFNetwork/978.0.7 Darwin/18.6.0"
31.217.38.1 - - [18/Jul/2019:13:10:14 +0000] "GET /favicon.ico HTTP/1.1" 200 - "-" "MobileSafari/604.1 CFNetwork/978.0.7 Darwin/18.6.0"
66.249.64.187 - - [18/Jul/2019:13:15:19 +0000] "GET /uploads/documents/1031aaa89a6a32bf8e22f1769c38d9ef.pdf HTTP/1.1" 200 294342 "-" "Mozilla/5.0 (Linux; Android 6.0.1; Nexus 5X Build/MMB29P) AppleWebKit/537.36 (KHTML, like Gecko) Chrome/41.0.2272.96 Mobile Safari/537.36 (compatible; Googlebot/2.1; +http://www.google.com/bot.html)"
207.46.13.87 - - [18/Jul/2019:13:22:43 +0000] "GET /uploads/documents/26bd418e9a67b40008ee3e24b4149cd9.pdf HTTP/1.1" 200 43601 "-" "Mozilla/5.0 (compatible; bingbot/2.0; +http://www.bing.com/bingbot.htm)"
66.249.64.183 - - [18/Jul/2019:13:25:34 +0000] "GET /aktualno/vidljive-eu-prednosti-i-u-zadarskoj-zupaniji-za-aglomeraciju-nin-vrsi-privlaka-tocno-22497434134-kuna HTTP/1.1" 200 4590 "-" "Mozilla/5.0 (Linux; Android 6.0.1; Nexus 5X Build/MMB29P) AppleWebKit/537.36 (KHTML, like Gecko) Chrome/41.0.2272.96 Mobile Safari/537.36 (compatible; Googlebot/2.1; +http://www.google.com/bot.html)"
66.249.64.187 - - [18/Jul/2019:13:40:29 +0000] "GET /uploads/documents/7ce44d75d2b429351bd638249b75e9c0.pdf HTTP/1.1" 200 1980350 "-" "Mozilla/5.0 (Linux; Android 6.0.1; Nexus 5X Build/MMB29P) AppleWebKit/537.36 (KHTML, like Gecko) Chrome/41.0.2272.96 Mobile Safari/537.36 (compatible; Googlebot/2.1; +http://www.google.com/bot.html)"
66.249.64.187 - - [18/Jul/2019:13:48:53 +0000] "GET /aktualno/predstavljen-program-hdz-a-za-razvoj-grada-zadra-za-zadar-svaki-dan HTTP/1.1" 200 5412 "-" "Mozilla/5.0 (Linux; Android 6.0.1; Nexus 5X Build/MMB29P) AppleWebKit/537.36 (KHTML, like Gecko) Chrome/41.0.2272.96 Mobile Safari/537.36 (compatible; Googlebot/2.1; +http://www.google.com/bot.html)"
31.217.23.3 - - [18/Jul/2019:13:49:10 +0000] "GET /public/img/company/iva-dunatov.png HTTP/1.1" 200 18247 "https://www.google.hr/" "Mozilla/5.0 (iPhone; CPU iPhone OS 12_3_1 like Mac OS X) AppleWebKit/605.1.15 (KHTML, like Gecko) Version/12.1.1 Mobile/15E148 Safari/604.1"
157.55.39.240 - - [18/Jul/2019:14:03:11 +0000] "GET /uploads/documents/c3322b1f878e4ef716edf4b6027e0659.pdf HTTP/1.1" 200 1404849 "-" "Mozilla/5.0 (compatible; bingbot/2.0; +http://www.bing.com/bingbot.htm)"
54.36.148.128 - - [18/Jul/2019:14:14:51 +0000] "GET /robots.txt HTTP/1.1" 200 24 "-" "Mozilla/5.0 (compatible; AhrefsBot/6.1; +http://ahrefs.com/robot/)"
54.36.149.8 - - [18/Jul/2019:14:14:52 +0000] "GET /aktualno/proslava-dana-pobjede-u-kninu HTTP/1.1" 200 4108 "-" "Mozilla/5.0 (compatible; AhrefsBot/6.1; +http://ahrefs.com/robot/)"
66.249.64.185 - - [18/Jul/2019:14:15:00 +0000] "GET /uploads/documents/9f210740de02e5df6f03a156c8a2de19.pdf HTTP/1.1" 200 588874 "-" "Mozilla/5.0 (Linux; Android 6.0.1; Nexus 5X Build/MMB29P) AppleWebKit/537.36 (KHTML, like Gecko) Chrome/41.0.2272.96 Mobile Safari/537.36 (compatible; Googlebot/2.1; +http://www.google.com/bot.html)"
207.46.13.87 - - [18/Jul/2019:14:17:23 +0000] "GET /aktualno/hdz-zadra-i-zadarske-zupanije-pozelio-dobrodoslicu-novim-clanovima-stranke HTTP/1.1" 200 5723 "-" "Mozilla/5.0 (compatible; bingbot/2.0; +http://www.bing.com/bingbot.htm)"
46.229.168.151 - - [18/Jul/2019:14:24:06 +0000] "GET /robots.txt HTTP/1.1" 200 24 "-" "Mozilla/5.0 (compatible; SemrushBot/3~bl; +http://www.semrush.com/bot.html)"
46.229.168.134 - - [18/Jul/2019:14:24:06 +0000] "GET /program-2017-2021/sveobuhvatna-zdravstvena-skrb-u-zadru-bez-potrebe-za-putovanjem-u-druge-gradove HTTP/1.1" 200 2955 "-" "Mozilla/5.0 (compatible; SemrushBot/3~bl; +http://www.semrush.com/bot.html)"
66.249.79.25 - - [18/Jul/2019:15:01:38 +0000] "GET /aktualno/obiljezena-26-obljetnica-utemeljenja-otockog-bataljuna HTTP/1.1" 200 4196 "-" "Mozilla/5.0 (Linux; Android 6.0.1; Nexus 5X Build/MMB29P) AppleWebKit/537.36 (KHTML, like Gecko) Chrome/41.0.2272.96 Mobile Safari/537.36 (compatible; Googlebot/2.1; +http://www.google.com/bot.html)"
188.252.248.171 - - [18/Jul/2019:15:02:58 +0000] "GET / HTTP/1.1" 200 2664 "-" "Mozilla/5.0 (iPhone; CPU iPhone OS 12_3_1 like Mac OS X) AppleWebKit/605.1.15 (KHTML, like Gecko) Version/12.1.1 Mobile/15E148 Safari/604.1"
188.252.248.171 - - [18/Jul/2019:15:02:58 +0000] "GET /apple-touch-icon-120x120-precomposed.png HTTP/1.1" 404 1104 "-" "MobileSafari/604.1 CFNetwork/978.0.7 Darwin/18.6.0"
188.252.248.171 - - [18/Jul/2019:15:02:58 +0000] "GET /apple-touch-icon-120x120.png HTTP/1.1" 404 1104 "-" "MobileSafari/604.1 CFNetwork/978.0.7 Darwin/18.6.0"
188.252.248.171 - - [18/Jul/2019:15:02:58 +0000] "GET /apple-touch-icon-precomposed.png HTTP/1.1" 404 1104 "-" "MobileSafari/604.1 CFNetwork/978.0.7 Darwin/18.6.0"
188.252.248.171 - - [18/Jul/2019:15:02:59 +0000] "GET /apple-touch-icon.png HTTP/1.1" 404 1104 "-" "MobileSafari/604.1 CFNetwork/978.0.7 Darwin/18.6.0"
188.252.248.171 - - [18/Jul/2019:15:02:59 +0000] "GET /favicon.ico HTTP/1.1" 200 - "-" "MobileSafari/604.1 CFNetwork/978.0.7 Darwin/18.6.0"
188.252.248.171 - - [18/Jul/2019:15:02:59 +0000] "GET /apple-touch-icon-120x120-precomposed.png HTTP/1.1" 404 1104 "-" "MobileSafari/604.1 CFNetwork/978.0.7 Darwin/18.6.0"
188.252.248.171 - - [18/Jul/2019:15:02:59 +0000] "GET /apple-touch-icon-120x120.png HTTP/1.1" 404 1104 "-" "MobileSafari/604.1 CFNetwork/978.0.7 Darwin/18.6.0"
188.252.248.171 - - [18/Jul/2019:15:02:59 +0000] "GET /apple-touch-icon-precomposed.png HTTP/1.1" 404 1104 "-" "MobileSafari/604.1 CFNetwork/978.0.7 Darwin/18.6.0"
188.252.248.171 - - [18/Jul/2019:15:03:00 +0000] "GET /apple-touch-icon.png HTTP/1.1" 404 1104 "-" "MobileSafari/604.1 CFNetwork/978.0.7 Darwin/18.6.0"
188.252.248.171 - - [18/Jul/2019:15:03:00 +0000] "GET /favicon.ico HTTP/1.1" 200 - "-" "MobileSafari/604.1 CFNetwork/978.0.7 Darwin/18.6.0"
207.46.13.55 - - [18/Jul/2019:15:05:14 +0000] "GET /uploads/documents/787cced8400672df1fb3123531a64e32.pdf HTTP/1.1" 200 4502647 "-" "Mozilla/5.0 (compatible; bingbot/2.0; +http://www.bing.com/bingbot.htm)"
54.36.148.128 - - [18/Jul/2019:15:13:11 +0000] "GET /program-2017-2021/povoljniji-i-kvalitetniji-zivot-za-mlade-obitelji-u-zadru HTTP/1.1" 200 3133 "-" "Mozilla/5.0 (compatible; AhrefsBot/6.1; +http://ahrefs.com/robot/)"
66.249.79.23 - - [18/Jul/2019:15:21:13 +0000] "GET /aktualno/cestitamo-vam-dan-pobjede-i-domovinske-zahvalnosti-i-dan-hrvatskih-branitelja HTTP/1.1" 200 3698 "-" "Mozilla/5.0 (Linux; Android 6.0.1; Nexus 5X Build/MMB29P) AppleWebKit/537.36 (KHTML, like Gecko) Chrome/41.0.2272.96 Mobile Safari/537.36 (compatible; Googlebot/2.1; +http://www.google.com/bot.html)"
46.188.156.97 - - [18/Jul/2019:15:23:54 +0000] "GET /public/img/home/3_mobile.png HTTP/1.1" 200 1092489 "https://www.google.com/" "Mozilla/5.0 (Windows NT 10.0; Win64; x64) AppleWebKit/537.36 (KHTML, like Gecko) Chrome/75.0.3770.142 Safari/537.36"
66.249.79.23 - - [18/Jul/2019:15:29:37 +0000] "GET /aktualno/stanko-batur-predsjednik-zo-zu-hdz-a-dr-franjo-tudman-zadarske-zupanije HTTP/1.1" 200 3405 "-" "Mozilla/5.0 (Linux; Android 6.0.1; Nexus 5X Build/MMB29P) AppleWebKit/537.36 (KHTML, like Gecko) Chrome/41.0.2272.96 Mobile Safari/537.36 (compatible; Googlebot/2.1; +http://www.google.com/bot.html)"
40.77.167.26 - - [18/Jul/2019:15:47:02 +0000] "GET /aktualno/predsjednik-hdz-a-andrej-plenkovic-u-zadru-ovo-je-najjace-uporiste-hrvatske-demokratske-zajednice HTTP/1.1" 200 4285 "-" "Mozilla/5.0 (compatible; bingbot/2.0; +http://www.bing.com/bingbot.htm)"
66.249.81.59 - - [18/Jul/2019:15:59:27 +0000] "GET /dokumenti HTTP/1.1" 200 1962 "http://www.google.com/" "Mozilla/5.0 (Linux; Android 9; LYA-L29) AppleWebKit/537.36 (KHTML, like Gecko) Chrome/75.0.3770.101 Mobile Safari/537.36"
66.249.81.57 - - [18/Jul/2019:15:59:27 +0000] "GET /public/css/ycp.css HTTP/1.1" 200 970 "http://www.hdz-zadar.hr/dokumenti" "Mozilla/5.0 (Linux; Android 9; LYA-L29) AppleWebKit/537.36 (KHTML, like Gecko) Chrome/75.0.3770.101 Mobile Safari/537.36"
66.249.81.59 - - [18/Jul/2019:15:59:27 +0000] "GET /public/img/global/btn-close-menu.jpg HTTP/1.1" 200 844 "http://www.hdz-zadar.hr/dokumenti" "Mozilla/5.0 (Linux; Android 9; LYA-L29) AppleWebKit/537.36 (KHTML, like Gecko) Chrome/75.0.3770.101 Mobile Safari/537.36"
66.249.81.55 - - [18/Jul/2019:15:59:27 +0000] "GET /public/img/global/logo-main-mobile.jpg HTTP/1.1" 200 15782 "http://www.hdz-zadar.hr/dokumenti" "Mozilla/5.0 (Linux; Android 9; LYA-L29) AppleWebKit/537.36 (KHTML, like Gecko) Chrome/75.0.3770.101 Mobile Safari/537.36"
66.249.81.57 - - [18/Jul/2019:15:59:27 +0000] "GET /public/css/styles-mobile.css?v=1 HTTP/1.1" 200 9702 "http://www.hdz-zadar.hr/dokumenti" "Mozilla/5.0 (Linux; Android 9; LYA-L29) AppleWebKit/537.36 (KHTML, like Gecko) Chrome/75.0.3770.101 Mobile Safari/537.36"
66.249.81.59 - - [18/Jul/2019:15:59:27 +0000] "GET /public/js/vendor/jquery-ui.min.html HTTP/1.1" 200 14401 "http://www.hdz-zadar.hr/dokumenti" "Mozilla/5.0 (Linux; Android 9; LYA-L29) AppleWebKit/537.36 (KHTML, like Gecko) Chrome/75.0.3770.101 Mobile Safari/537.36"
66.249.81.57 - - [18/Jul/2019:15:59:27 +0000] "GET /public/js/global-mobile.html HTTP/1.1" 200 2180 "http://www.hdz-zadar.hr/dokumenti" "Mozilla/5.0 (Linux; Android 9; LYA-L29) AppleWebKit/537.36 (KHTML, like Gecko) Chrome/75.0.3770.101 Mobile Safari/537.36"
66.249.81.59 - - [18/Jul/2019:15:59:27 +0000] "GET /public/js/vendor/jquery.bxslider.min.html HTTP/1.1" 200 5162 "http://www.hdz-zadar.hr/dokumenti" "Mozilla/5.0 (Linux; Android 9; LYA-L29) AppleWebKit/537.36 (KHTML, like Gecko) Chrome/75.0.3770.101 Mobile Safari/537.36"
66.249.81.57 - - [18/Jul/2019:15:59:27 +0000] "GET /public/js/ycp.js HTTP/1.1" 200 2228 "http://www.hdz-zadar.hr/dokumenti" "Mozilla/5.0 (Linux; Android 9; LYA-L29) AppleWebKit/537.36 (KHTML, like Gecko) Chrome/75.0.3770.101 Mobile Safari/537.36"
66.249.81.57 - - [18/Jul/2019:15:59:27 +0000] "GET /public/img/global/btn-close-nav-mobile.jpg HTTP/1.1" 200 2068 "http://www.hdz-zadar.hr/dokumenti" "Mozilla/5.0 (Linux; Android 9; LYA-L29) AppleWebKit/537.36 (KHTML, like Gecko) Chrome/75.0.3770.101 Mobile Safari/537.36"
66.249.81.57 - - [18/Jul/2019:15:59:27 +0000] "GET /public/img/global/logo-header-mobile.png HTTP/1.1" 200 8609 "http://www.hdz-zadar.hr/dokumenti" "Mozilla/5.0 (Linux; Android 9; LYA-L29) AppleWebKit/537.36 (KHTML, like Gecko) Chrome/75.0.3770.101 Mobile Safari/537.36"
66.249.81.59 - - [18/Jul/2019:15:59:28 +0000] "GET /public/img/global/btn-fb-footer.jpg HTTP/1.1" 200 9466 "http://www.hdz-zadar.hr/dokumenti" "Mozilla/5.0 (Linux; Android 9; LYA-L29) AppleWebKit/537.36 (KHTML, like Gecko) Chrome/75.0.3770.101 Mobile Safari/537.36"
66.249.81.57 - - [18/Jul/2019:15:59:28 +0000] "GET /public/img/global/btn-ig-footer.jpg HTTP/1.1" 200 11541 "http://www.hdz-zadar.hr/dokumenti" "Mozilla/5.0 (Linux; Android 9; LYA-L29) AppleWebKit/537.36 (KHTML, like Gecko) Chrome/75.0.3770.101 Mobile Safari/537.36"
66.249.81.55 - - [18/Jul/2019:15:59:28 +0000] "GET /public/img/global/btn-yt-footer.jpg HTTP/1.1" 200 10397 "http://www.hdz-zadar.hr/dokumenti" "Mozilla/5.0 (Linux; Android 9; LYA-L29) AppleWebKit/537.36 (KHTML, like Gecko) Chrome/75.0.3770.101 Mobile Safari/537.36"
66.249.81.57 - - [18/Jul/2019:15:59:29 +0000] "GET /favicon.ico HTTP/1.1" 200 - "http://www.hdz-zadar.hr/dokumenti" "Mozilla/5.0 (Linux; Android 9; LYA-L29) AppleWebKit/537.36 (KHTML, like Gecko) Chrome/75.0.3770.101 Mobile Safari/537.36"
66.249.81.59 - - [18/Jul/2019:15:59:57 +0000] "GET /uploads/documents/33534d09dbdf1b765f69a8854db669d1.doc HTTP/1.1" 200 69120 "http://www.hdz-zadar.hr/dokumenti" "Mozilla/5.0 (Linux; Android 9; LYA-L29) AppleWebKit/537.36 (KHTML, like Gecko) Chrome/75.0.3770.101 Mobile Safari/537.36"
66.249.81.57 - - [18/Jul/2019:16:00:02 +0000] "GET /uploads/documents/ff4d0ed607e160a59a55d526959c7437.docx HTTP/1.1" 200 39303 "http://www.google.com/" "Mozilla/5.0 (Linux; Android 9; LYA-L29) AppleWebKit/537.36 (KHTML, like Gecko) Chrome/75.0.3770.101 Mobile Safari/537.36"
213.149.62.22 - - [18/Jul/2019:16:01:39 +0000] "GET /public/img/home/3_mobile.png HTTP/1.1" 200 1092489 "-" "Mozilla/5.0 (Linux; Android 7.0; SM-G920F Build/NRD90M; wv) AppleWebKit/537.36 (KHTML, like Gecko) Version/4.0 Chrome/75.0.3770.143 Mobile Safari/537.36 GSA/10.20.3.21.arm64"
188.252.248.171 - - [18/Jul/2019:16:07:29 +0000] "GET / HTTP/1.1" 200 2664 "-" "Mozilla/5.0 (iPhone; CPU iPhone OS 12_3_1 like Mac OS X) AppleWebKit/605.1.15 (KHTML, like Gecko) Version/12.1.1 Mobile/15E148 Safari/604.1"
188.252.248.171 - - [18/Jul/2019:16:07:29 +0000] "GET /apple-touch-icon-120x120-precomposed.png HTTP/1.1" 404 1104 "-" "MobileSafari/604.1 CFNetwork/978.0.7 Darwin/18.6.0"
188.252.248.171 - - [18/Jul/2019:16:07:29 +0000] "GET /apple-touch-icon-120x120.png HTTP/1.1" 404 1104 "-" "MobileSafari/604.1 CFNetwork/978.0.7 Darwin/18.6.0"
188.252.248.171 - - [18/Jul/2019:16:07:29 +0000] "GET /apple-touch-icon-precomposed.png HTTP/1.1" 404 1104 "-" "MobileSafari/604.1 CFNetwork/978.0.7 Darwin/18.6.0"
188.252.248.171 - - [18/Jul/2019:16:07:30 +0000] "GET /apple-touch-icon.png HTTP/1.1" 404 1104 "-" "MobileSafari/604.1 CFNetwork/978.0.7 Darwin/18.6.0"
188.252.248.171 - - [18/Jul/2019:16:07:30 +0000] "GET /favicon.ico HTTP/1.1" 200 - "-" "MobileSafari/604.1 CFNetwork/978.0.7 Darwin/18.6.0"
188.252.248.171 - - [18/Jul/2019:16:07:30 +0000] "GET /apple-touch-icon-120x120-precomposed.png HTTP/1.1" 404 1104 "-" "MobileSafari/604.1 CFNetwork/978.0.7 Darwin/18.6.0"
188.252.248.171 - - [18/Jul/2019:16:07:30 +0000] "GET /apple-touch-icon-120x120.png HTTP/1.1" 404 1104 "-" "MobileSafari/604.1 CFNetwork/978.0.7 Darwin/18.6.0"
188.252.248.171 - - [18/Jul/2019:16:07:30 +0000] "GET /apple-touch-icon-precomposed.png HTTP/1.1" 404 1104 "-" "MobileSafari/604.1 CFNetwork/978.0.7 Darwin/18.6.0"
188.252.248.171 - - [18/Jul/2019:16:07:31 +0000] "GET /apple-touch-icon.png HTTP/1.1" 404 1104 "-" "MobileSafari/604.1 CFNetwork/978.0.7 Darwin/18.6.0"
188.252.248.171 - - [18/Jul/2019:16:07:31 +0000] "GET /favicon.ico HTTP/1.1" 200 - "-" "MobileSafari/604.1 CFNetwork/978.0.7 Darwin/18.6.0"
66.249.79.27 - - [18/Jul/2019:16:12:31 +0000] "GET /aktualno/26-obljetnica-vro-maslenica-93 HTTP/1.1" 200 5163 "-" "Mozilla/5.0 (Linux; Android 6.0.1; Nexus 5X Build/MMB29P) AppleWebKit/537.36 (KHTML, like Gecko) Chrome/41.0.2272.96 Mobile Safari/537.36 (compatible; Googlebot/2.1; +http://www.google.com/bot.html)"
66.249.79.27 - - [18/Jul/2019:16:19:02 +0000] "GET /uploads/documents/cb2cb8f42fe4b979552a06cf5e905e34.pdf HTTP/1.1" 304 - "-" "Mozilla/5.0 (Linux; Android 6.0.1; Nexus 5X Build/MMB29P) AppleWebKit/537.36 (KHTML, like Gecko) Chrome/41.0.2272.96 Mobile Safari/537.36 (compatible; Googlebot/2.1; +http://www.google.com/bot.html)"
66.249.81.55 - - [18/Jul/2019:16:31:21 +0000] "GET /kontakt HTTP/1.1" 200 2606 "http://www.google.com/" "Mozilla/5.0 (Linux; Android 9; SM-J600FN) AppleWebKit/537.36 (KHTML, like Gecko) Chrome/75.0.3770.101 Mobile Safari/537.36"
66.249.81.55 - - [18/Jul/2019:16:31:21 +0000] "GET /public/img/global/contact-address.png HTTP/1.1" 200 470 "http://www.hdz-zadar.hr/kontakt" "Mozilla/5.0 (Linux; Android 9; SM-J600FN) AppleWebKit/537.36 (KHTML, like Gecko) Chrome/75.0.3770.101 Mobile Safari/537.36"
66.249.81.55 - - [18/Jul/2019:16:31:21 +0000] "GET /public/img/global/contact-phone.png HTTP/1.1" 200 371 "http://www.hdz-zadar.hr/kontakt" "Mozilla/5.0 (Linux; Android 9; SM-J600FN) AppleWebKit/537.36 (KHTML, like Gecko) Chrome/75.0.3770.101 Mobile Safari/537.36"
66.249.81.57 - - [18/Jul/2019:16:31:21 +0000] "GET /public/img/global/contact-fax.png HTTP/1.1" 200 583 "http://www.hdz-zadar.hr/kontakt" "Mozilla/5.0 (Linux; Android 9; SM-J600FN) AppleWebKit/537.36 (KHTML, like Gecko) Chrome/75.0.3770.101 Mobile Safari/537.36"
66.249.81.57 - - [18/Jul/2019:16:31:21 +0000] "GET /public/img/global/contact-mail.jpg HTTP/1.1" 200 1879 "http://www.hdz-zadar.hr/kontakt" "Mozilla/5.0 (Linux; Android 9; SM-J600FN) AppleWebKit/537.36 (KHTML, like Gecko) Chrome/75.0.3770.101 Mobile Safari/537.36"
66.249.81.59 - - [18/Jul/2019:16:31:42 +0000] "GET /kontakt HTTP/1.1" 200 2606 "http://www.hdz-zadar.hr/kontakt" "Mozilla/5.0 (Linux; Android 9; SM-J600FN) AppleWebKit/537.36 (KHTML, like Gecko) Chrome/75.0.3770.101 Mobile Safari/537.36"
66.249.79.23 - - [18/Jul/2019:16:43:18 +0000] "GET /uploads/documents/edd6fe0f1e278ebad5e65f23a6fe0b82.pdf HTTP/1.1" 200 1507615 "-" "Mozilla/5.0 (Linux; Android 6.0.1; Nexus 5X Build/MMB29P) AppleWebKit/537.36 (KHTML, like Gecko) Chrome/41.0.2272.96 Mobile Safari/537.36 (compatible; Googlebot/2.1; +http://www.google.com/bot.html)"
66.249.79.25 - - [18/Jul/2019:16:44:13 +0000] "GET /uploads/documents/f20dc22e9282eebafe13752d20b72e49.pdf HTTP/1.1" 200 385936 "-" "Mozilla/5.0 (Linux; Android 6.0.1; Nexus 5X Build/MMB29P) AppleWebKit/537.36 (KHTML, like Gecko) Chrome/41.0.2272.96 Mobile Safari/537.36 (compatible; Googlebot/2.1; +http://www.google.com/bot.html)"
109.91.38.115 - - [18/Jul/2019:16:55:11 +0000] "GET /public/img/home/3_mobile.png HTTP/1.1" 200 1092489 "-" "Mozilla/5.0 (Linux; Android 7.1.1; SM-J510FN Build/NMF26X; wv) AppleWebKit/537.36 (KHTML, like Gecko) Version/4.0 Chrome/75.0.3770.143 Mobile Safari/537.36 GSA/10.20.3.21.arm"
92.36.192.137 - - [18/Jul/2019:17:07:53 +0000] "GET /public/img/home/3_mobile.png HTTP/1.1" 200 1092489 "https://www.google.com/" "Mozilla/5.0 (Windows NT 6.1; Win64; x64; rv:68.0) Gecko/20100101 Firefox/68.0"
66.249.79.23 - - [18/Jul/2019:17:08:28 +0000] "GET /aktualno/dan-drzavnosti-republike-hrvatske HTTP/1.1" 200 3308 "-" "Mozilla/5.0 (Linux; Android 6.0.1; Nexus 5X Build/MMB29P) AppleWebKit/537.36 (KHTML, like Gecko) Chrome/41.0.2272.96 Mobile Safari/537.36 (compatible; Googlebot/2.1; +http://www.google.com/bot.html)"
66.249.79.25 - - [18/Jul/2019:17:24:20 +0000] "GET /dokumenti HTTP/1.1" 200 1962 "-" "Mozilla/5.0 (Linux; Android 6.0.1; Nexus 5X Build/MMB29P) AppleWebKit/537.36 (KHTML, like Gecko) Chrome/41.0.2272.96 Mobile Safari/537.36 (compatible; Googlebot/2.1; +http://www.google.com/bot.html)"
66.249.79.25 - - [18/Jul/2019:17:25:16 +0000] "GET /program-2017-2021 HTTP/1.1" 200 5944 "-" "Mozilla/5.0 (Linux; Android 6.0.1; Nexus 5X Build/MMB29P) AppleWebKit/537.36 (KHTML, like Gecko) Chrome/41.0.2272.96 Mobile Safari/537.36 (compatible; Googlebot/2.1; +http://www.google.com/bot.html)"
31.217.38.1 - - [18/Jul/2019:18:04:46 +0000] "GET / HTTP/1.1" 200 2664 "-" "Mozilla/5.0 (iPhone; CPU iPhone OS 12_3_1 like Mac OS X) AppleWebKit/605.1.15 (KHTML, like Gecko) Version/12.1.1 Mobile/15E148 Safari/604.1"
31.217.38.1 - - [18/Jul/2019:18:04:46 +0000] "GET /apple-touch-icon-120x120-precomposed.png HTTP/1.1" 404 1104 "-" "MobileSafari/604.1 CFNetwork/978.0.7 Darwin/18.6.0"
31.217.38.1 - - [18/Jul/2019:18:04:47 +0000] "GET /apple-touch-icon-120x120.png HTTP/1.1" 404 1104 "-" "MobileSafari/604.1 CFNetwork/978.0.7 Darwin/18.6.0"
31.217.38.1 - - [18/Jul/2019:18:04:47 +0000] "GET /apple-touch-icon-precomposed.png HTTP/1.1" 404 1104 "-" "MobileSafari/604.1 CFNetwork/978.0.7 Darwin/18.6.0"
31.217.38.1 - - [18/Jul/2019:18:04:47 +0000] "GET /apple-touch-icon.png HTTP/1.1" 404 1104 "-" "MobileSafari/604.1 CFNetwork/978.0.7 Darwin/18.6.0"
31.217.38.1 - - [18/Jul/2019:18:04:47 +0000] "GET /favicon.ico HTTP/1.1" 200 - "-" "MobileSafari/604.1 CFNetwork/978.0.7 Darwin/18.6.0"
31.217.38.1 - - [18/Jul/2019:18:04:47 +0000] "GET /apple-touch-icon-120x120-precomposed.png HTTP/1.1" 404 1104 "-" "MobileSafari/604.1 CFNetwork/978.0.7 Darwin/18.6.0"
31.217.38.1 - - [18/Jul/2019:18:04:48 +0000] "GET /apple-touch-icon-120x120.png HTTP/1.1" 404 1104 "-" "MobileSafari/604.1 CFNetwork/978.0.7 Darwin/18.6.0"
31.217.38.1 - - [18/Jul/2019:18:04:48 +0000] "GET /apple-touch-icon-precomposed.png HTTP/1.1" 404 1104 "-" "MobileSafari/604.1 CFNetwork/978.0.7 Darwin/18.6.0"
31.217.38.1 - - [18/Jul/2019:18:04:48 +0000] "GET /apple-touch-icon.png HTTP/1.1" 404 1104 "-" "MobileSafari/604.1 CFNetwork/978.0.7 Darwin/18.6.0"
31.217.38.1 - - [18/Jul/2019:18:04:48 +0000] "GET /favicon.ico HTTP/1.1" 200 - "-" "MobileSafari/604.1 CFNetwork/978.0.7 Darwin/18.6.0"
66.249.79.23 - - [18/Jul/2019:18:17:29 +0000] "GET /aktualno/cestitamo-vam-dan-drzavnosti-republike-hrvatske HTTP/1.1" 200 3776 "-" "Mozilla/5.0 (Linux; Android 6.0.1; Nexus 5X Build/MMB29P) AppleWebKit/537.36 (KHTML, like Gecko) Chrome/41.0.2272.96 Mobile Safari/537.36 (compatible; Googlebot/2.1; +http://www.google.com/bot.html)"
95.168.124.130 - - [18/Jul/2019:18:40:38 +0000] "GET /public/img/home/3_mobile.png HTTP/1.1" 200 1092489 "https://www.google.com/" "Mozilla/5.0 (Linux; Android 9; SAMSUNG SM-G965F Build/PPR1.180610.011) AppleWebKit/537.36 (KHTML, like Gecko) SamsungBrowser/9.2 Chrome/67.0.3396.87 Mobile Safari/537.36"
66.249.79.27 - - [18/Jul/2019:18:41:44 +0000] "GET /uploads/documents/5d637af4931b9f402c18ca35b1dde79b.pdf HTTP/1.1" 200 616966 "-" "Mozilla/5.0 (Linux; Android 6.0.1; Nexus 5X Build/MMB29P) AppleWebKit/537.36 (KHTML, like Gecko) Chrome/41.0.2272.96 Mobile Safari/537.36 (compatible; Googlebot/2.1; +http://www.google.com/bot.html)"
66.249.79.27 - - [18/Jul/2019:18:46:24 +0000] "GET /aktualno/obiljezena-25-obljetnica-sedme-domobranske-pukovnije HTTP/1.1" 200 5044 "-" "Mozilla/5.0 (Linux; Android 6.0.1; Nexus 5X Build/MMB29P) AppleWebKit/537.36 (KHTML, like Gecko) Chrome/41.0.2272.96 Mobile Safari/537.36 (compatible; Googlebot/2.1; +http://www.google.com/bot.html)"
66.249.79.23 - - [18/Jul/2019:19:02:15 +0000] "GET /aktualno/proslava-dana-pobjede-u-kninu HTTP/1.1" 200 4016 "-" "Mozilla/5.0 (Linux; Android 6.0.1; Nexus 5X Build/MMB29P) AppleWebKit/537.36 (KHTML, like Gecko) Chrome/41.0.2272.96 Mobile Safari/537.36 (compatible; Googlebot/2.1; +http://www.google.com/bot.html)"
66.249.79.25 - - [18/Jul/2019:19:13:27 +0000] "GET /uploads/documents/60e3d62276b9a4ab15e54259aa6e3a26.pdf HTTP/1.1" 200 805528 "-" "Mozilla/5.0 (Linux; Android 6.0.1; Nexus 5X Build/MMB29P) AppleWebKit/537.36 (KHTML, like Gecko) Chrome/41.0.2272.96 Mobile Safari/537.36 (compatible; Googlebot/2.1; +http://www.google.com/bot.html)"
46.239.30.226 - - [18/Jul/2019:19:20:43 +0000] "GET /public/img/home/3_mobile.png HTTP/1.1" 200 1092489 "https://www.google.com/" "Mozilla/5.0 (Windows NT 6.1; Win64; x64) AppleWebKit/537.36 (KHTML, like Gecko) Chrome/75.0.3770.142 Safari/537.36"
66.249.79.25 - - [18/Jul/2019:19:20:54 +0000] "GET /aktualno/zapocelo-prikupljanje-potpisa-kandidata-za-gradonacelnika-branka-dukica HTTP/1.1" 200 3623 "-" "Mozilla/5.0 (Linux; Android 6.0.1; Nexus 5X Build/MMB29P) AppleWebKit/537.36 (KHTML, like Gecko) Chrome/41.0.2272.96 Mobile Safari/537.36 (compatible; Googlebot/2.1; +http://www.google.com/bot.html)"
46.239.30.226 - - [18/Jul/2019:19:22:11 +0000] "GET /public/img/home/banner_mobile.png HTTP/1.1" 200 702283 "https://www.google.com/" "Mozilla/5.0 (Windows NT 6.1; Win64; x64) AppleWebKit/537.36 (KHTML, like Gecko) Chrome/75.0.3770.142 Safari/537.36"
157.55.39.122 - - [18/Jul/2019:19:37:56 +0000] "GET /aktualno HTTP/1.1" 200 9776 "-" "Mozilla/5.0 (compatible; bingbot/2.0; +http://www.bing.com/bingbot.htm)"
66.249.79.23 - - [18/Jul/2019:19:39:34 +0000] "GET /uploads/documents/37740796b9f04441d13a13a368f6a3ff.pdf HTTP/1.1" 200 484350 "-" "Mozilla/5.0 (Linux; Android 6.0.1; Nexus 5X Build/MMB29P) AppleWebKit/537.36 (KHTML, like Gecko) Chrome/41.0.2272.96 Mobile Safari/537.36 (compatible; Googlebot/2.1; +http://www.google.com/bot.html)"
66.249.79.27 - - [18/Jul/2019:19:40:30 +0000] "GET /uploads/documents/4638ba6820a2ab94ae33bcbc2e8eedfd.pdf HTTP/1.1" 200 394953 "-" "Mozilla/5.0 (Linux; Android 6.0.1; Nexus 5X Build/MMB29P) AppleWebKit/537.36 (KHTML, like Gecko) Chrome/41.0.2272.96 Mobile Safari/537.36 (compatible; Googlebot/2.1; +http://www.google.com/bot.html)"
46.229.168.146 - - [18/Jul/2019:19:54:30 +0000] "GET /robots.txt HTTP/1.1" 200 24 "-" "Mozilla/5.0 (compatible; SemrushBot/3~bl; +http://www.semrush.com/bot.html)"
46.229.168.140 - - [18/Jul/2019:19:54:30 +0000] "GET /aktualno/cestit-i-blagoslovljen-bozic-i-sretna-nova-2019godina HTTP/1.1" 200 3377 "-" "Mozilla/5.0 (compatible; SemrushBot/3~bl; +http://www.semrush.com/bot.html)"
66.249.79.27 - - [18/Jul/2019:20:09:24 +0000] "GET /aktualno/kalmeta-stranka-pociva-na-nasim-clanovima-i-nasim-simpatizerima HTTP/1.1" 200 7039 "-" "Mozilla/5.0 (Linux; Android 6.0.1; Nexus 5X Build/MMB29P) AppleWebKit/537.36 (KHTML, like Gecko) Chrome/41.0.2272.96 Mobile Safari/537.36 (compatible; Googlebot/2.1; +http://www.google.com/bot.html)"
188.252.248.171 - - [18/Jul/2019:20:10:43 +0000] "GET / HTTP/1.1" 200 2664 "-" "Mozilla/5.0 (iPhone; CPU iPhone OS 12_3_1 like Mac OS X) AppleWebKit/605.1.15 (KHTML, like Gecko) Version/12.1.1 Mobile/15E148 Safari/604.1"
188.252.248.171 - - [18/Jul/2019:20:10:43 +0000] "GET /apple-touch-icon-120x120-precomposed.png HTTP/1.1" 404 1104 "-" "MobileSafari/604.1 CFNetwork/978.0.7 Darwin/18.6.0"
188.252.248.171 - - [18/Jul/2019:20:10:43 +0000] "GET /apple-touch-icon-120x120.png HTTP/1.1" 404 1104 "-" "MobileSafari/604.1 CFNetwork/978.0.7 Darwin/18.6.0"
188.252.248.171 - - [18/Jul/2019:20:10:43 +0000] "GET /apple-touch-icon-precomposed.png HTTP/1.1" 404 1104 "-" "MobileSafari/604.1 CFNetwork/978.0.7 Darwin/18.6.0"
188.252.248.171 - - [18/Jul/2019:20:10:43 +0000] "GET /apple-touch-icon.png HTTP/1.1" 404 1104 "-" "MobileSafari/604.1 CFNetwork/978.0.7 Darwin/18.6.0"
188.252.248.171 - - [18/Jul/2019:20:10:43 +0000] "GET /favicon.ico HTTP/1.1" 200 - "-" "MobileSafari/604.1 CFNetwork/978.0.7 Darwin/18.6.0"
188.252.248.171 - - [18/Jul/2019:20:10:44 +0000] "GET /apple-touch-icon-120x120-precomposed.png HTTP/1.1" 404 1104 "-" "MobileSafari/604.1 CFNetwork/978.0.7 Darwin/18.6.0"
188.252.248.171 - - [18/Jul/2019:20:10:44 +0000] "GET /apple-touch-icon-120x120.png HTTP/1.1" 404 1104 "-" "MobileSafari/604.1 CFNetwork/978.0.7 Darwin/18.6.0"
188.252.248.171 - - [18/Jul/2019:20:10:44 +0000] "GET /apple-touch-icon-precomposed.png HTTP/1.1" 404 1104 "-" "MobileSafari/604.1 CFNetwork/978.0.7 Darwin/18.6.0"
188.252.248.171 - - [18/Jul/2019:20:10:44 +0000] "GET /apple-touch-icon.png HTTP/1.1" 404 1104 "-" "MobileSafari/604.1 CFNetwork/978.0.7 Darwin/18.6.0"
188.252.248.171 - - [18/Jul/2019:20:10:44 +0000] "GET /favicon.ico HTTP/1.1" 200 - "-" "MobileSafari/604.1 CFNetwork/978.0.7 Darwin/18.6.0"
66.249.79.27 - - [18/Jul/2019:20:15:00 +0000] "GET /aktualno/predani-potpisi-potpore-kandidaturi-branka-dukica-za-gradonacelnika HTTP/1.1" 200 3871 "-" "Mozilla/5.0 (Linux; Android 6.0.1; Nexus 5X Build/MMB29P) AppleWebKit/537.36 (KHTML, like Gecko) Chrome/41.0.2272.96 Mobile Safari/537.36 (compatible; Googlebot/2.1; +http://www.google.com/bot.html)"
46.229.168.138 - - [18/Jul/2019:20:17:33 +0000] "GET /aktualno HTTP/1.1" 200 9776 "-" "Mozilla/5.0 (compatible; SemrushBot/3~bl; +http://www.semrush.com/bot.html)"
195.29.103.98 - - [18/Jul/2019:20:28:12 +0000] "GET /public/img/home/3_mobile.png HTTP/1.1" 200 1092489 "https://www.google.com/" "Mozilla/5.0 (Linux; Android 5.1.1; SM-J320F Build/LMY47V; wv) AppleWebKit/537.36 (KHTML, like Gecko) Version/4.0 Chrome/75.0.3770.89 Mobile Safari/537.36 GSA/10.4.5.21.arm"
109.165.131.144 - - [18/Jul/2019:20:28:26 +0000] "GET /public/img/home/3_mobile.png HTTP/1.1" 200 1092489 "https://www.google.com/" "Mozilla/5.0 (Linux; Android 9; SM-A750FN) AppleWebKit/537.36 (KHTML, like Gecko) Chrome/75.0.3770.101 Mobile Safari/537.36"
66.249.79.23 - - [18/Jul/2019:20:47:39 +0000] "GET /uploads/documents/ff4d0ed607e160a59a55d526959c7437.docx HTTP/1.1" 304 - "-" "Mozilla/5.0 (Linux; Android 6.0.1; Nexus 5X Build/MMB29P) AppleWebKit/537.36 (KHTML, like Gecko) Chrome/41.0.2272.96 Mobile Safari/537.36 (compatible; Googlebot/2.1; +http://www.google.com/bot.html)"
173.252.95.29 - - [18/Jul/2019:21:03:47 +0000] "GET /uploads/images/1ad1ceceac916557145dc960fdd3cce8.jpg HTTP/1.1" 200 57629 "-" "facebookexternalhit/1.1 (+http://www.facebook.com/externalhit_uatext.php)"
207.46.13.75 - - [18/Jul/2019:21:07:34 +0000] "GET /uploads/documents/4638ba6820a2ab94ae33bcbc2e8eedfd.pdf HTTP/1.1" 304 - "-" "Mozilla/5.0 (compatible; bingbot/2.0; +http://www.bing.com/bingbot.htm)"
157.55.39.177 - - [18/Jul/2019:21:31:32 +0000] "GET /aktualno/osnovana-zajednica-poduzetnika-i-obrtnika-hdz-a HTTP/1.1" 200 3662 "-" "Mozilla/5.0 (compatible; bingbot/2.0; +http://www.bing.com/bingbot.htm)"
81.93.72.86 - - [18/Jul/2019:22:01:29 +0000] "GET /public/img/home/3_mobile.png HTTP/1.1" 200 1092489 "https://www.google.com/" "Mozilla/5.0 (Linux; Android 9; SM-J600G) AppleWebKit/537.36 (KHTML, like Gecko) Chrome/75.0.3770.143 Mobile Safari/537.36"
173.252.127.45 - - [18/Jul/2019:22:03:57 +0000] "GET /uploads/images/d0c883890dd6d8124db2c19cd6b7f333.jpg HTTP/1.1" 200 246824 "-" "facebookexternalhit/1.1 (+http://www.facebook.com/externalhit_uatext.php)"
157.55.39.122 - - [18/Jul/2019:22:10:05 +0000] "GET /uploads/documents/e441f3b180bea0128b9b39adfc8fa17d.pdf HTTP/1.1" 304 - "-" "Mozilla/5.0 (compatible; bingbot/2.0; +http://www.bing.com/bingbot.htm)"
188.246.72.95 - - [18/Jul/2019:22:23:57 +0000] "GET /public/img/home/3_mobile.png HTTP/1.1" 200 1092489 "-" "Mozilla/5.0 (Linux; Android 7.0; SM-G925F Build/NRD90M; wv) AppleWebKit/537.36 (KHTML, like Gecko) Version/4.0 Chrome/73.0.3683.75 Mobile Safari/537.36 GSA/9.46.5.21.arm64"
66.249.79.23 - - [18/Jul/2019:22:54:29 +0000] "GET /uploads/documents/3758c7c80e8870e0440e7882d6982378.doc HTTP/1.1" 304 - "-" "Mozilla/5.0 (Linux; Android 6.0.1; Nexus 5X Build/MMB29P) AppleWebKit/537.36 (KHTML, like Gecko) Chrome/41.0.2272.96 Mobile Safari/537.36 (compatible; Googlebot/2.1; +http://www.google.com/bot.html)"
37.0.181.151 - - [18/Jul/2019:23:18:22 +0000] "GET /public/img/home/3_mobile.png HTTP/1.1" 200 1092489 "https://www.google.com/" "Mozilla/5.0 (iPhone; CPU iPhone OS 12_3_1 like Mac OS X) AppleWebKit/605.1.15 (KHTML, like Gecko) Version/12.1.1 Mobile/15E148 Safari/604.1"
157.55.39.122 - - [18/Jul/2019:23:25:26 +0000] "GET /kontakt HTTP/1.1" 200 2696 "-" "Mozilla/5.0 (compatible; bingbot/2.0; +http://www.bing.com/bingbot.htm)"
40.77.191.100 - - [18/Jul/2019:23:25:27 +0000] "GET /public/css/styles.css?v=1 HTTP/1.1" 200 74867 "-" "Mozilla/5.0 (Windows NT 6.1; WOW64) AppleWebKit/534+ (KHTML, like Gecko) BingPreview/1.0b"
40.77.189.251 - - [18/Jul/2019:23:25:28 +0000] "GET /public/css/custom.css HTTP/1.1" 200 881 "-" "Mozilla/5.0 (Windows NT 6.1; WOW64) AppleWebKit/534+ (KHTML, like Gecko) BingPreview/1.0b"
40.77.191.45 - - [18/Jul/2019:23:25:28 +0000] "GET /public/css/ycp.css HTTP/1.1" 200 2625 "-" "Mozilla/5.0 (Windows NT 6.1; WOW64) AppleWebKit/534+ (KHTML, like Gecko) BingPreview/1.0b"
40.77.189.165 - - [18/Jul/2019:23:25:29 +0000] "GET /public/js/vendor/jquery-ui.min.js HTTP/1.1" 200 44242 "-" "Mozilla/5.0 (Windows NT 6.1; WOW64) AppleWebKit/534+ (KHTML, like Gecko) BingPreview/1.0b"
207.46.13.75 - - [18/Jul/2019:23:25:30 +0000] "GET /robots.txt HTTP/1.1" 200 24 "-" "Mozilla/5.0 (compatible; bingbot/2.0; +http://www.bing.com/bingbot.htm)"
40.77.189.128 - - [18/Jul/2019:23:25:31 +0000] "GET /public/js/vendor/jquery.colorbox-min.js HTTP/1.1" 200 11747 "-" "Mozilla/5.0 (Windows NT 6.1; WOW64) AppleWebKit/534+ (KHTML, like Gecko) BingPreview/1.0b"
40.77.189.165 - - [18/Jul/2019:23:25:31 +0000] "GET /public/js/vendor/jquery.bxslider.min.js HTTP/1.1" 200 19359 "-" "Mozilla/5.0 (Windows NT 6.1; WOW64) AppleWebKit/534+ (KHTML, like Gecko) BingPreview/1.0b"
40.77.189.251 - - [18/Jul/2019:23:25:32 +0000] "GET /public/js/global.js HTTP/1.1" 200 3972 "-" "Mozilla/5.0 (Windows NT 6.1; WOW64) AppleWebKit/534+ (KHTML, like Gecko) BingPreview/1.0b"
40.77.188.98 - - [18/Jul/2019:23:25:33 +0000] "GET /public/js/home.js HTTP/1.1" 200 975 "-" "Mozilla/5.0 (Windows NT 6.1; WOW64) AppleWebKit/534+ (KHTML, like Gecko) BingPreview/1.0b"
40.77.189.165 - - [18/Jul/2019:23:25:33 +0000] "GET /public/js/company.js HTTP/1.1" 200 1714 "-" "Mozilla/5.0 (Windows NT 6.1; WOW64) AppleWebKit/534+ (KHTML, like Gecko) BingPreview/1.0b"
40.77.188.98 - - [18/Jul/2019:23:25:34 +0000] "GET /public/js/impact.js HTTP/1.1" 200 969 "-" "Mozilla/5.0 (Windows NT 6.1; WOW64) AppleWebKit/534+ (KHTML, like Gecko) BingPreview/1.0b"
40.77.189.128 - - [18/Jul/2019:23:25:34 +0000] "GET /public/js/magic.js HTTP/1.1" 200 2952 "-" "Mozilla/5.0 (Windows NT 6.1; WOW64) AppleWebKit/534+ (KHTML, like Gecko) BingPreview/1.0b"
40.77.188.105 - - [18/Jul/2019:23:25:35 +0000] "GET /public/js/news.js HTTP/1.1" 200 2049 "-" "Mozilla/5.0 (Windows NT 6.1; WOW64) AppleWebKit/534+ (KHTML, like Gecko) BingPreview/1.0b"
40.77.188.105 - - [18/Jul/2019:23:25:35 +0000] "GET /public/js/ycp.js HTTP/1.1" 200 9070 "-" "Mozilla/5.0 (Windows NT 6.1; WOW64) AppleWebKit/534+ (KHTML, like Gecko) BingPreview/1.0b"
207.46.13.5 - - [18/Jul/2019:23:40:10 +0000] "GET /aktualno/sretan-vam-dan-drzavnosti HTTP/1.1" 200 3828 "-" "Mozilla/5.0 (compatible; bingbot/2.0; +http://www.bing.com/bingbot.htm)"
66.249.79.25 - - [18/Jul/2019:23:44:51 +0000] "GET /uploads/documents/60ae9acd2fb5c3bb20c4b9c539a7ce50.pdf HTTP/1.1" 200 995902 "-" "Mozilla/5.0 (Linux; Android 6.0.1; Nexus 5X Build/MMB29P) AppleWebKit/537.36 (KHTML, like Gecko) Chrome/41.0.2272.96 Mobile Safari/537.36 (compatible; Googlebot/2.1; +http://www.google.com/bot.html)"