40.77.188.86 - - [10/Aug/2019:00:09:39 +0000] "GET /public/css/styles.css?v=1 HTTP/1.1" 200 74867 "-" "Mozilla/5.0 (Windows NT 6.1; WOW64) AppleWebKit/534+ (KHTML, like Gecko) BingPreview/1.0b"
40.77.190.216 - - [10/Aug/2019:00:09:40 +0000] "GET /public/css/custom.css HTTP/1.1" 200 881 "-" "Mozilla/5.0 (Windows NT 6.1; WOW64) AppleWebKit/534+ (KHTML, like Gecko) BingPreview/1.0b"
40.77.189.76 - - [10/Aug/2019:00:09:41 +0000] "GET /public/css/ycp.css HTTP/1.1" 200 2625 "-" "Mozilla/5.0 (Windows NT 6.1; WOW64) AppleWebKit/534+ (KHTML, like Gecko) BingPreview/1.0b"
40.77.190.184 - - [10/Aug/2019:00:09:43 +0000] "GET /unitegallery/js/jquery-11.0.min.js HTTP/1.1" 200 96381 "-" "Mozilla/5.0 (Windows NT 6.1; WOW64) AppleWebKit/534+ (KHTML, like Gecko) BingPreview/1.0b"
40.77.189.208 - - [10/Aug/2019:00:09:44 +0000] "GET /unitegallery/js/unitegallery.min.js HTTP/1.1" 200 251556 "-" "Mozilla/5.0 (Windows NT 6.1; WOW64) AppleWebKit/534+ (KHTML, like Gecko) BingPreview/1.0b"
40.77.191.64 - - [10/Aug/2019:00:09:46 +0000] "GET /unitegallery/css/unite-gallery.css HTTP/1.1" 200 31016 "-" "Mozilla/5.0 (Windows NT 6.1; WOW64) AppleWebKit/534+ (KHTML, like Gecko) BingPreview/1.0b"
40.77.190.146 - - [10/Aug/2019:00:09:47 +0000] "GET /unitegallery/themes/compact/ug-theme-compact.js HTTP/1.1" 200 9736 "-" "Mozilla/5.0 (Windows NT 6.1; WOW64) AppleWebKit/534+ (KHTML, like Gecko) BingPreview/1.0b"
40.77.190.157 - - [10/Aug/2019:00:09:48 +0000] "GET /public/js/vendor/jquery-ui.min.js HTTP/1.1" 200 44242 "-" "Mozilla/5.0 (Windows NT 6.1; WOW64) AppleWebKit/534+ (KHTML, like Gecko) BingPreview/1.0b"
40.77.188.209 - - [10/Aug/2019:00:09:50 +0000] "GET /public/js/vendor/jquery.colorbox-min.js HTTP/1.1" 200 11747 "-" "Mozilla/5.0 (Windows NT 6.1; WOW64) AppleWebKit/534+ (KHTML, like Gecko) BingPreview/1.0b"
40.77.190.91 - - [10/Aug/2019:00:09:51 +0000] "GET /public/js/vendor/jquery.bxslider.min.js HTTP/1.1" 200 19359 "-" "Mozilla/5.0 (Windows NT 6.1; WOW64) AppleWebKit/534+ (KHTML, like Gecko) BingPreview/1.0b"
40.77.190.32 - - [10/Aug/2019:00:09:53 +0000] "GET /public/js/global.js HTTP/1.1" 200 3972 "-" "Mozilla/5.0 (Windows NT 6.1; WOW64) AppleWebKit/534+ (KHTML, like Gecko) BingPreview/1.0b"
40.77.188.17 - - [10/Aug/2019:00:09:53 +0000] "GET /public/js/home.js HTTP/1.1" 200 975 "-" "Mozilla/5.0 (Windows NT 6.1; WOW64) AppleWebKit/534+ (KHTML, like Gecko) BingPreview/1.0b"
40.77.190.216 - - [10/Aug/2019:00:09:55 +0000] "GET /public/js/company.js HTTP/1.1" 200 1714 "-" "Mozilla/5.0 (Windows NT 6.1; WOW64) AppleWebKit/534+ (KHTML, like Gecko) BingPreview/1.0b"
40.77.190.194 - - [10/Aug/2019:00:09:56 +0000] "GET /public/js/impact.js HTTP/1.1" 200 969 "-" "Mozilla/5.0 (Windows NT 6.1; WOW64) AppleWebKit/534+ (KHTML, like Gecko) BingPreview/1.0b"
40.77.189.51 - - [10/Aug/2019:00:09:57 +0000] "GET /public/js/magic.js HTTP/1.1" 200 2952 "-" "Mozilla/5.0 (Windows NT 6.1; WOW64) AppleWebKit/534+ (KHTML, like Gecko) BingPreview/1.0b"
40.77.191.59 - - [10/Aug/2019:00:09:58 +0000] "GET /public/js/news.js HTTP/1.1" 200 2049 "-" "Mozilla/5.0 (Windows NT 6.1; WOW64) AppleWebKit/534+ (KHTML, like Gecko) BingPreview/1.0b"
40.77.188.159 - - [10/Aug/2019:00:09:59 +0000] "GET /public/js/ycp.js HTTP/1.1" 200 9070 "-" "Mozilla/5.0 (Windows NT 6.1; WOW64) AppleWebKit/534+ (KHTML, like Gecko) BingPreview/1.0b"
207.46.13.3 - - [10/Aug/2019:00:11:22 +0000] "GET /public/img/company/hero-company.jpg HTTP/1.1" 301 268 "-" "Mozilla/5.0 (compatible; bingbot/2.0; +http://www.bing.com/bingbot.htm)"
207.46.13.3 - - [10/Aug/2019:00:11:23 +0000] "GET /public/img/company/hero-company.jpg HTTP/1.1" 200 870277 "-" "Mozilla/5.0 (compatible; bingbot/2.0; +http://www.bing.com/bingbot.htm)"
66.249.79.25 - - [10/Aug/2019:00:13:23 +0000] "GET /hdz-zadar HTTP/1.1" 301 242 "-" "Mozilla/5.0 (Linux; Android 6.0.1; Nexus 5X Build/MMB29P) AppleWebKit/537.36 (KHTML, like Gecko) Chrome/41.0.2272.96 Mobile Safari/537.36 (compatible; Googlebot/2.1; +http://www.google.com/bot.html)"
66.249.79.25 - - [10/Aug/2019:00:29:25 +0000] "GET /uploads/thumbnails/fda506bbcad2b0f5721195b814ee6cdd.jpg HTTP/1.1" 200 78866 "-" "Googlebot-Image/1.0"
66.249.79.25 - - [10/Aug/2019:00:30:09 +0000] "GET /uploads/thumbnails/cf9449d898a9f96e1f421377a34f0194.jpg HTTP/1.1" 200 57987 "-" "Googlebot-Image/1.0"
66.249.79.21 - - [10/Aug/2019:00:30:43 +0000] "GET /aktualno/predstavljen-program-hdz-a-za-razvoj-grada-zadra-za-zadar-svaki-dan HTTP/1.1" 200 5340 "-" "Mozilla/5.0 (Linux; Android 6.0.1; Nexus 5X Build/MMB29P) AppleWebKit/537.36 (KHTML, like Gecko) Chrome/41.0.2272.96 Mobile Safari/537.36 (compatible; Googlebot/2.1; +http://www.google.com/bot.html)"
66.249.79.21 - - [10/Aug/2019:00:30:55 +0000] "GET /uploads/thumbnails/78734551ce16be2ef657480cbef5b76b.jpg HTTP/1.1" 200 75046 "-" "Googlebot-Image/1.0"
66.249.79.23 - - [10/Aug/2019:00:31:38 +0000] "GET /uploads/thumbnails/93b558b5f1b8d2eb5a1f7c931406cc45.jpg HTTP/1.1" 200 60698 "-" "Googlebot-Image/1.0"
66.249.79.25 - - [10/Aug/2019:00:32:21 +0000] "GET /uploads/thumbnails/cc1f49370f2a2b7e421bcfc878f3e1c3.jpg HTTP/1.1" 200 76947 "-" "Googlebot-Image/1.0"
66.249.79.25 - - [10/Aug/2019:00:33:04 +0000] "GET /uploads/thumbnails/c4c954df90b2ba0de2d9205248b0c0a7.jpg HTTP/1.1" 200 57453 "-" "Googlebot-Image/1.0"
66.249.79.21 - - [10/Aug/2019:00:33:47 +0000] "GET /uploads/thumbnails/c7e4c480a9cf4fb90ebf11083c4b448c.jpg HTTP/1.1" 200 47083 "-" "Googlebot-Image/1.0"
66.249.79.23 - - [10/Aug/2019:00:34:31 +0000] "GET /uploads/thumbnails/810ebb369796caf0388c34c629b3f38c.jpg HTTP/1.1" 200 59101 "-" "Googlebot-Image/1.0"
66.249.79.23 - - [10/Aug/2019:00:35:14 +0000] "GET /uploads/thumbnails/12c24a9dcaae74d2ed90d8c3029aca4d.jpg HTTP/1.1" 200 64726 "-" "Googlebot-Image/1.0"
66.249.79.23 - - [10/Aug/2019:00:35:58 +0000] "GET /uploads/thumbnails/a3231298daf0609b1d391635ebb8a844.jpg HTTP/1.1" 200 69591 "-" "Googlebot-Image/1.0"
66.249.79.25 - - [10/Aug/2019:00:36:42 +0000] "GET /uploads/thumbnails/75a3de4e8a756737c42b124f665ebf0b.jpg HTTP/1.1" 200 78260 "-" "Googlebot-Image/1.0"
66.249.79.23 - - [10/Aug/2019:00:37:27 +0000] "GET /uploads/thumbnails/1f59542fde07dd2a45a112257d86e96e.jpg HTTP/1.1" 200 76875 "-" "Googlebot-Image/1.0"
66.249.79.25 - - [10/Aug/2019:00:38:13 +0000] "GET /uploads/thumbnails/ce41f7d64b1afe0aa3ad4529762e8a36.jpg HTTP/1.1" 200 68830 "-" "Googlebot-Image/1.0"
66.249.79.23 - - [10/Aug/2019:00:39:05 +0000] "GET /uploads/thumbnails/b9d3429c71281757f06645b9886a47ef.jpg HTTP/1.1" 200 65796 "-" "Googlebot-Image/1.0"
46.229.168.136 - - [10/Aug/2019:00:48:59 +0000] "GET /robots.txt HTTP/1.1" 301 243 "-" "Mozilla/5.0 (compatible; SemrushBot/3~bl; +http://www.semrush.com/bot.html)"
46.229.168.137 - - [10/Aug/2019:00:49:01 +0000] "GET /robots.txt HTTP/1.1" 200 24 "-" "Mozilla/5.0 (compatible; SemrushBot/6~bl; +http://www.semrush.com/bot.html)"
46.229.168.145 - - [10/Aug/2019:00:49:02 +0000] "GET /aktualno/u-vjecno-sjecanje-na-ljude-cija-je-zrtva-raj-kornata-ucinila-svetim-mjestom HTTP/1.1" 301 317 "-" "Mozilla/5.0 (compatible; SemrushBot/3~bl; +http://www.semrush.com/bot.html)"
46.229.168.146 - - [10/Aug/2019:00:49:03 +0000] "GET /aktualno/u-vjecno-sjecanje-na-ljude-cija-je-zrtva-raj-kornata-ucinila-svetim-mjestom HTTP/1.1" 200 3474 "-" "Mozilla/5.0 (compatible; SemrushBot/3~bl; +http://www.semrush.com/bot.html)"
207.46.13.113 - - [10/Aug/2019:01:27:41 +0000] "GET /uploads/documents/959caacb3ec98d83fbe5704adba2359c.pdf HTTP/1.1" 200 1745099 "-" "Mozilla/5.0 (compatible; bingbot/2.0; +http://www.bing.com/bingbot.htm)"
46.229.168.149 - - [10/Aug/2019:01:29:27 +0000] "GET /robots.txt HTTP/1.1" 301 243 "-" "Mozilla/5.0 (compatible; SemrushBot/3~bl; +http://www.semrush.com/bot.html)"
46.229.168.144 - - [10/Aug/2019:01:29:28 +0000] "GET /robots.txt HTTP/1.1" 200 24 "-" "Mozilla/5.0 (compatible; SemrushBot/3~bl; +http://www.semrush.com/bot.html)"
46.229.168.147 - - [10/Aug/2019:01:29:28 +0000] "GET /aktualno/predsjednik-hdz-a-andrej-plenkovic-u-zadru-ovo-je-najjace-uporiste-hrvatske-demokratske-zajednice HTTP/1.1" 301 339 "-" "Mozilla/5.0 (compatible; SemrushBot/3~bl; +http://www.semrush.com/bot.html)"
46.229.168.131 - - [10/Aug/2019:01:29:30 +0000] "GET /aktualno/predsjednik-hdz-a-andrej-plenkovic-u-zadru-ovo-je-najjace-uporiste-hrvatske-demokratske-zajednice HTTP/1.1" 200 4222 "-" "Mozilla/5.0 (compatible; SemrushBot/3~bl; +http://www.semrush.com/bot.html)"
66.249.79.23 - - [10/Aug/2019:01:32:54 +0000] "GET /uploads/thumbnails/3a582589e19a8f93c969b16f96809649.jpg HTTP/1.1" 200 106223 "-" "Googlebot-Image/1.0"
66.249.79.21 - - [10/Aug/2019:01:32:55 +0000] "GET /uploads/thumbnails/c26011493e65bc233c76d763eb85138a.jpg HTTP/1.1" 200 103918 "-" "Googlebot-Image/1.0"
66.249.79.25 - - [10/Aug/2019:01:41:01 +0000] "GET /aktualno/medunarodni-tajnik-hdz-a-bozinovic-na-radnom-sastanku-u-zadru HTTP/1.1" 200 3428 "-" "Mozilla/5.0 (Linux; Android 6.0.1; Nexus 5X Build/MMB29P) AppleWebKit/537.36 (KHTML, like Gecko) Chrome/41.0.2272.96 Mobile Safari/537.36 (compatible; Googlebot/2.1; +http://www.google.com/bot.html)"
66.249.79.23 - - [10/Aug/2019:01:41:32 +0000] "GET /aktualno/plenkovic-i-kandidati-za-europske-izbore-u-ponedjeljak-u-zadru HTTP/1.1" 200 3741 "-" "Mozilla/5.0 (Linux; Android 6.0.1; Nexus 5X Build/MMB29P) AppleWebKit/537.36 (KHTML, like Gecko) Chrome/41.0.2272.96 Mobile Safari/537.36 (compatible; Googlebot/2.1; +http://www.google.com/bot.html)"
66.249.79.23 - - [10/Aug/2019:01:47:18 +0000] "GET /aktualno/proslava-dana-pobjede-u-kninu HTTP/1.1" 200 3921 "-" "Mozilla/5.0 (Linux; Android 6.0.1; Nexus 5X Build/MMB29P) AppleWebKit/537.36 (KHTML, like Gecko) Chrome/41.0.2272.96 Mobile Safari/537.36 (compatible; Googlebot/2.1; +http://www.google.com/bot.html)"
148.251.235.104 - - [10/Aug/2019:02:00:49 +0000] "GET /robots.txt HTTP/1.1" 301 243 "-" "Mozilla/5.0 (compatible; MJ12bot/v1.4.8; http://mj12bot.com/)"
148.251.235.104 - - [10/Aug/2019:02:00:50 +0000] "GET /robots.txt HTTP/1.1" 200 24 "-" "Mozilla/5.0 (compatible; MJ12bot/v1.4.8; http://mj12bot.com/)"
148.251.235.104 - - [10/Aug/2019:02:00:54 +0000] "GET / HTTP/1.1" 301 233 "-" "Mozilla/5.0 (compatible; MJ12bot/v1.4.8; http://mj12bot.com/)"
148.251.235.104 - - [10/Aug/2019:02:00:55 +0000] "GET / HTTP/1.1" 200 9841 "-" "Mozilla/5.0 (compatible; MJ12bot/v1.4.8; http://mj12bot.com/)"
66.249.79.27 - - [10/Aug/2019:02:06:06 +0000] "GET /ydlwwommzzg.html HTTP/1.1" 301 249 "-" "Mozilla/5.0 (compatible; Googlebot/2.1; +http://www.google.com/bot.html)"
66.249.79.21 - - [10/Aug/2019:02:06:07 +0000] "GET /ydlwwommzzg.html HTTP/1.1" 404 1104 "-" "Mozilla/5.0 (compatible; Googlebot/2.1; +http://www.google.com/bot.html)"
66.249.79.23 - - [10/Aug/2019:02:20:48 +0000] "GET /aktualno/cestitamo-vam-dan-drzavnosti-republike-hrvatske HTTP/1.1" 200 3704 "-" "Mozilla/5.0 (Linux; Android 6.0.1; Nexus 5X Build/MMB29P) AppleWebKit/537.36 (KHTML, like Gecko) Chrome/41.0.2272.96 Mobile Safari/537.36 (compatible; Googlebot/2.1; +http://www.google.com/bot.html)"
46.229.168.147 - - [10/Aug/2019:02:23:56 +0000] "GET /robots.txt HTTP/1.1" 200 24 "-" "Mozilla/5.0 (compatible; SemrushBot/3~bl; +http://www.semrush.com/bot.html)"
46.229.168.144 - - [10/Aug/2019:02:23:57 +0000] "GET /aktualno/hvala-vam HTTP/1.1" 200 3355 "-" "Mozilla/5.0 (compatible; SemrushBot/3~bl; +http://www.semrush.com/bot.html)"
66.249.79.21 - - [10/Aug/2019:02:24:03 +0000] "GET /aktualno/cestitamo-vam-dan-drzavnosti-republike-hrvatske HTTP/1.1" 200 3704 "-" "Mozilla/5.0 (Linux; Android 6.0.1; Nexus 5X Build/MMB29P) AppleWebKit/537.36 (KHTML, like Gecko) Chrome/41.0.2272.96 Mobile Safari/537.36 (compatible; Googlebot/2.1; +http://www.google.com/bot.html)"
66.249.79.23 - - [10/Aug/2019:02:30:44 +0000] "GET /aktualno/zo-hdz-a-u-posjeti-oo-hdz-a-razanac HTTP/1.1" 200 3456 "-" "Mozilla/5.0 (Linux; Android 6.0.1; Nexus 5X Build/MMB29P) AppleWebKit/537.36 (KHTML, like Gecko) Chrome/41.0.2272.96 Mobile Safari/537.36 (compatible; Googlebot/2.1; +http://www.google.com/bot.html)"
66.249.79.25 - - [10/Aug/2019:02:38:51 +0000] "GET /aktualno/izbori-za-predsjednika-i-potpredsjednika-opcinske-organizacije-hdz-a-sali HTTP/1.1" 200 3236 "-" "Mozilla/5.0 (Linux; Android 6.0.1; Nexus 5X Build/MMB29P) AppleWebKit/537.36 (KHTML, like Gecko) Chrome/41.0.2272.96 Mobile Safari/537.36 (compatible; Googlebot/2.1; +http://www.google.com/bot.html)"
46.229.168.137 - - [10/Aug/2019:02:47:11 +0000] "GET /aktualno/predstavljena-politicka-biografija-vladimira-seksa HTTP/1.1" 200 4358 "-" "Mozilla/5.0 (compatible; SemrushBot/6~bl; +http://www.semrush.com/bot.html)"
66.249.79.23 - - [10/Aug/2019:02:48:08 +0000] "GET /uploads/documents/69947afd25ecd39dced68dc958fbf712.pdf HTTP/1.1" 304 - "-" "Mozilla/5.0 (Linux; Android 6.0.1; Nexus 5X Build/MMB29P) AppleWebKit/537.36 (KHTML, like Gecko) Chrome/41.0.2272.96 Mobile Safari/537.36 (compatible; Googlebot/2.1; +http://www.google.com/bot.html)"
66.249.79.21 - - [10/Aug/2019:02:53:11 +0000] "GET /aktualno/obavijest-o-odrzavanju-izborne-skupstine-zajednice-branitelja-hdz-a-gojko-susak-zadarske-zupanije HTTP/1.1" 200 3343 "-" "Mozilla/5.0 (Linux; Android 6.0.1; Nexus 5X Build/MMB29P) AppleWebKit/537.36 (KHTML, like Gecko) Chrome/41.0.2272.96 Mobile Safari/537.36 (compatible; Googlebot/2.1; +http://www.google.com/bot.html)"
144.76.29.149 - - [10/Aug/2019:02:59:01 +0000] "GET /robots.txt HTTP/1.1" 200 24 "-" "Mozilla/5.0 (compatible; MJ12bot/v1.4.8; http://mj12bot.com/)"
144.76.29.149 - - [10/Aug/2019:02:59:03 +0000] "GET / HTTP/1.1" 200 9841 "-" "Mozilla/5.0 (compatible; MJ12bot/v1.4.8; http://mj12bot.com/)"
207.46.13.113 - - [10/Aug/2019:03:08:12 +0000] "GET /uploads/documents/27bd6e89d2a6a871db10f2527874798b.pdf HTTP/1.1" 200 468473 "-" "Mozilla/5.0 (compatible; bingbot/2.0; +http://www.bing.com/bingbot.htm)"
46.229.168.146 - - [10/Aug/2019:03:10:38 +0000] "GET /robots.txt HTTP/1.1" 301 243 "-" "Mozilla/5.0 (compatible; SemrushBot/3~bl; +http://www.semrush.com/bot.html)"
46.229.168.132 - - [10/Aug/2019:03:10:41 +0000] "GET /robots.txt HTTP/1.1" 200 24 "-" "Mozilla/5.0 (compatible; SemrushBot/3~bl; +http://www.semrush.com/bot.html)"
46.229.168.135 - - [10/Aug/2019:03:10:41 +0000] "GET /aktualno/svecano-obiljezena-25-obljetnica-vro-maslenica HTTP/1.1" 301 288 "-" "Mozilla/5.0 (compatible; SemrushBot/3~bl; +http://www.semrush.com/bot.html)"
46.229.168.142 - - [10/Aug/2019:03:10:43 +0000] "GET /aktualno/svecano-obiljezena-25-obljetnica-vro-maslenica HTTP/1.1" 200 6012 "-" "Mozilla/5.0 (compatible; SemrushBot/3~bl; +http://www.semrush.com/bot.html)"
66.249.79.27 - - [10/Aug/2019:03:40:14 +0000] "GET /aktualno/proslava-dana-pobjede-u-kninu HTTP/1.1" 301 271 "-" "Mozilla/5.0 (Linux; Android 6.0.1; Nexus 5X Build/MMB29P) AppleWebKit/537.36 (KHTML, like Gecko) Chrome/41.0.2272.96 Mobile Safari/537.36 (compatible; Googlebot/2.1; +http://www.google.com/bot.html)"
5.9.112.210 - - [10/Aug/2019:03:52:35 +0000] "GET /robots.txt HTTP/1.1" 301 243 "-" "Mozilla/5.0 (compatible; MJ12bot/v1.4.8; http://mj12bot.com/)"
5.9.112.210 - - [10/Aug/2019:03:52:36 +0000] "GET /robots.txt HTTP/1.1" 200 24 "-" "Mozilla/5.0 (compatible; MJ12bot/v1.4.8; http://mj12bot.com/)"
5.9.112.210 - - [10/Aug/2019:03:52:37 +0000] "GET /aktualno/svim-zenama-cestitamo-dan-zena HTTP/1.1" 301 272 "-" "Mozilla/5.0 (compatible; MJ12bot/v1.4.8; http://mj12bot.com/)"
5.9.112.210 - - [10/Aug/2019:03:52:39 +0000] "GET /aktualno/svim-zenama-cestitamo-dan-zena HTTP/1.1" 200 12424 "-" "Mozilla/5.0 (compatible; MJ12bot/v1.4.8; http://mj12bot.com/)"
5.9.112.210 - - [10/Aug/2019:03:52:40 +0000] "GET /aktualno/ukupna-vrijednost-projekata-u-zadarskoj-zupaniji-14-milijarde-kuna HTTP/1.1" 301 308 "-" "Mozilla/5.0 (compatible; MJ12bot/v1.4.8; http://mj12bot.com/)"
5.9.112.210 - - [10/Aug/2019:03:52:42 +0000] "GET /aktualno/ukupna-vrijednost-projekata-u-zadarskoj-zupaniji-14-milijarde-kuna HTTP/1.1" 200 5922 "-" "Mozilla/5.0 (compatible; MJ12bot/v1.4.8; http://mj12bot.com/)"
66.249.79.23 - - [10/Aug/2019:04:03:25 +0000] "GET /aktualno/svecano-obiljezena-25-obljetnica-vro-maslenica HTTP/1.1" 200 5911 "-" "Mozilla/5.0 (Linux; Android 6.0.1; Nexus 5X Build/MMB29P) AppleWebKit/537.36 (KHTML, like Gecko) Chrome/41.0.2272.96 Mobile Safari/537.36 (compatible; Googlebot/2.1; +http://www.google.com/bot.html)"
46.229.168.132 - - [10/Aug/2019:04:05:06 +0000] "GET /robots.txt HTTP/1.1" 301 243 "-" "Mozilla/5.0 (compatible; SemrushBot/3~bl; +http://www.semrush.com/bot.html)"
46.229.168.151 - - [10/Aug/2019:04:05:06 +0000] "GET /robots.txt HTTP/1.1" 200 24 "-" "Mozilla/5.0 (compatible; SemrushBot/3~bl; +http://www.semrush.com/bot.html)"
46.229.168.146 - - [10/Aug/2019:04:05:07 +0000] "GET / HTTP/1.1" 301 233 "-" "Mozilla/5.0 (compatible; SemrushBot/3~bl; +http://www.semrush.com/bot.html)"
46.229.168.150 - - [10/Aug/2019:04:05:09 +0000] "GET / HTTP/1.1" 200 2783 "-" "Mozilla/5.0 (compatible; SemrushBot/3~bl; +http://www.semrush.com/bot.html)"
66.249.79.23 - - [10/Aug/2019:04:05:09 +0000] "GET /aktualno/kalmeta-zadar-ne-dise-jedino-kad-je-sdp-na-vlasti HTTP/1.1" 200 5647 "-" "Mozilla/5.0 (Linux; Android 6.0.1; Nexus 5X Build/MMB29P) AppleWebKit/537.36 (KHTML, like Gecko) Chrome/41.0.2272.96 Mobile Safari/537.36 (compatible; Googlebot/2.1; +http://www.google.com/bot.html)"
207.46.13.46 - - [10/Aug/2019:04:07:21 +0000] "GET /aktualno/svecano-obiljezena-25-obljetnica-vro-maslenica HTTP/1.1" 301 288 "-" "Mozilla/5.0 (compatible; bingbot/2.0; +http://www.bing.com/bingbot.htm)"
207.46.13.113 - - [10/Aug/2019:04:10:58 +0000] "GET /uploads/documents/55f403228640e0eb89af00efdf6b62ad.pdf HTTP/1.1" 301 287 "-" "Mozilla/5.0 (compatible; bingbot/2.0; +http://www.bing.com/bingbot.htm)"
66.220.149.50 - - [10/Aug/2019:04:25:55 +0000] "GET /uploads/images/e51803a606e2454d2e9aa614a4ab2460.jpg HTTP/1.1" 200 432310 "-" "facebookexternalhit/1.1 (+http://www.facebook.com/externalhit_uatext.php)"
66.249.79.21 - - [10/Aug/2019:04:26:01 +0000] "GET /aktualno/potpisan-koalicijski-sporazum-hdz-a-i-politickih-partnera-hsp-a-dr-ante-starcevic-hsu-a-hrast-a-i-ns-reformista HTTP/1.1" 200 6150 "-" "Mozilla/5.0 (Linux; Android 6.0.1; Nexus 5X Build/MMB29P) AppleWebKit/537.36 (KHTML, like Gecko) Chrome/41.0.2272.96 Mobile Safari/537.36 (compatible; Googlebot/2.1; +http://www.google.com/bot.html)"
46.229.168.145 - - [10/Aug/2019:04:29:34 +0000] "GET /aktualno/bozidar-kalmeta-na-povjerenju-gradana-sve-pocinje-ali-sve-moze-i-zavrsiti HTTP/1.1" 200 4325 "-" "Mozilla/5.0 (compatible; SemrushBot/3~bl; +http://www.semrush.com/bot.html)"
66.249.79.21 - - [10/Aug/2019:04:36:28 +0000] "GET /aktualno/stanko-batur-predsjednik-zo-zu-hdz-a-dr-franjo-tudman-zadarske-zupanije HTTP/1.1" 200 3333 "-" "Mozilla/5.0 (Linux; Android 6.0.1; Nexus 5X Build/MMB29P) AppleWebKit/537.36 (KHTML, like Gecko) Chrome/41.0.2272.96 Mobile Safari/537.36 (compatible; Googlebot/2.1; +http://www.google.com/bot.html)"
66.249.79.27 - - [10/Aug/2019:04:53:51 +0000] "GET /kontakt HTTP/1.1" 301 240 "-" "Mozilla/5.0 (Linux; Android 6.0.1; Nexus 5X Build/MMB29P) AppleWebKit/537.36 (KHTML, like Gecko) Chrome/41.0.2272.96 Mobile Safari/537.36 (compatible; Googlebot/2.1; +http://www.google.com/bot.html)"
5.255.253.35 - - [10/Aug/2019:04:56:43 +0000] "GET /robots.txt HTTP/1.1" 200 24 "-" "Mozilla/5.0 (compatible; YandexBot/3.0; +http://yandex.com/bots)"
5.255.253.35 - - [10/Aug/2019:04:56:47 +0000] "GET /aktualno/vijenci-i-svijece-povodom-dana-pobjede-i-domovinske-zahvalnosti-i-dana-hrvatskih-branitelja HTTP/1.1" 200 3735 "-" "Mozilla/5.0 (compatible; YandexBot/3.0; +http://yandex.com/bots)"
157.55.39.130 - - [10/Aug/2019:04:57:34 +0000] "GET /uploads/documents/ea5662a23478789692c7cff254d21e30.pdf HTTP/1.1" 200 4751373 "-" "Mozilla/5.0 (compatible; bingbot/2.0; +http://www.bing.com/bingbot.htm)"
66.249.79.25 - - [10/Aug/2019:05:01:14 +0000] "GET /uploads/thumbnails/e634f0f2a485b09f88a3b4beddcf1438.jpg HTTP/1.1" 304 - "-" "Googlebot-Image/1.0"
5.255.253.35 - - [10/Aug/2019:05:10:01 +0000] "GET /aktualno/proslava-dana-pobjede-u-kninu HTTP/1.1" 200 4016 "-" "Mozilla/5.0 (compatible; YandexBot/3.0; +http://yandex.com/bots)"
66.220.149.24 - - [10/Aug/2019:05:17:10 +0000] "GET /uploads/images/e51803a606e2454d2e9aa614a4ab2460.jpg HTTP/1.1" 200 432310 "-" "facebookexternalhit/1.1 (+http://www.facebook.com/externalhit_uatext.php)"
66.249.79.21 - - [10/Aug/2019:05:19:56 +0000] "GET /program-2017-2021 HTTP/1.1" 200 5939 "-" "Mozilla/5.0 (Linux; Android 6.0.1; Nexus 5X Build/MMB29P) AppleWebKit/537.36 (KHTML, like Gecko) Chrome/41.0.2272.96 Mobile Safari/537.36 (compatible; Googlebot/2.1; +http://www.google.com/bot.html)"
191.101.215.205 - - [10/Aug/2019:05:28:28 +0000] "GET / HTTP/1.1" 301 233 "-" "Go-http-client/1.1"
66.249.137.0 - - [10/Aug/2019:05:28:38 +0000] "GET / HTTP/1.1" 301 233 "-" "Go-http-client/1.1"
181.215.76.62 - - [10/Aug/2019:05:28:42 +0000] "GET / HTTP/1.1" 200 2783 "-" "Go-http-client/1.1"
46.229.168.131 - - [10/Aug/2019:05:46:31 +0000] "GET /robots.txt HTTP/1.1" 301 243 "-" "Mozilla/5.0 (compatible; SemrushBot/3~bl; +http://www.semrush.com/bot.html)"
46.229.168.152 - - [10/Aug/2019:05:46:31 +0000] "GET /robots.txt HTTP/1.1" 200 24 "-" "Mozilla/5.0 (compatible; SemrushBot/3~bl; +http://www.semrush.com/bot.html)"
46.229.168.142 - - [10/Aug/2019:05:46:32 +0000] "GET /aktualno/vidljive-eu-prednosti-i-u-zadarskoj-zupaniji-za-aglomeraciju-nin-vrsi-privlaka-tocno-22497434134-kuna HTTP/1.1" 301 343 "-" "Mozilla/5.0 (compatible; SemrushBot/3~bl; +http://www.semrush.com/bot.html)"
46.229.168.154 - - [10/Aug/2019:05:46:33 +0000] "GET /aktualno/vidljive-eu-prednosti-i-u-zadarskoj-zupaniji-za-aglomeraciju-nin-vrsi-privlaka-tocno-22497434134-kuna HTTP/1.1" 200 4742 "-" "Mozilla/5.0 (compatible; SemrushBot/3~bl; +http://www.semrush.com/bot.html)"
66.249.79.23 - - [10/Aug/2019:06:01:41 +0000] "GET / HTTP/1.1" 301 233 "-" "Mozilla/5.0 (Linux; Android 6.0.1; Nexus 5X Build/MMB29P) AppleWebKit/537.36 (KHTML, like Gecko) Chrome/41.0.2272.96 Mobile Safari/537.36 (compatible; Googlebot/2.1; +http://www.google.com/bot.html)"
66.249.79.25 - - [10/Aug/2019:06:01:42 +0000] "GET / HTTP/1.1" 200 2675 "-" "Mozilla/5.0 (Linux; Android 6.0.1; Nexus 5X Build/MMB29P) AppleWebKit/537.36 (KHTML, like Gecko) Chrome/41.0.2272.96 Mobile Safari/537.36 (compatible; Googlebot/2.1; +http://www.google.com/bot.html)"
157.55.39.130 - - [10/Aug/2019:06:11:59 +0000] "GET /hdz-zadar HTTP/1.1" 301 242 "-" "Mozilla/5.0 (compatible; bingbot/2.0; +http://www.bing.com/bingbot.htm)"
192.99.10.93 - - [10/Aug/2019:06:21:43 +0000] "GET /robots.txt HTTP/1.1" 200 24 "-" "Mozilla/5.0 (compatible; MJ12bot/v1.4.8; http://mj12bot.com/)"
192.99.10.93 - - [10/Aug/2019:06:21:45 +0000] "GET /aktualno/vijenci-i-svijece-povodom-dana-pobjede-i-domovinske-zahvalnosti-i-dana-hrvatskih-branitelja HTTP/1.1" 200 14006 "-" "Mozilla/5.0 (compatible; MJ12bot/v1.4.8; http://mj12bot.com/)"
66.249.79.23 - - [10/Aug/2019:06:57:20 +0000] "GET /aktualno/svecano-obiljezen-6-listopada-dan-obrane-grada-zadra HTTP/1.1" 200 3890 "-" "Mozilla/5.0 (Linux; Android 6.0.1; Nexus 5X Build/MMB29P) AppleWebKit/537.36 (KHTML, like Gecko) Chrome/41.0.2272.96 Mobile Safari/537.36 (compatible; Googlebot/2.1; +http://www.google.com/bot.html)"
66.249.79.23 - - [10/Aug/2019:07:16:28 +0000] "GET /hdz-zadar HTTP/1.1" 200 4262 "-" "Mozilla/5.0 (Linux; Android 6.0.1; Nexus 5X Build/MMB29P) AppleWebKit/537.36 (KHTML, like Gecko) Chrome/41.0.2272.96 Mobile Safari/537.36 (compatible; Googlebot/2.1; +http://www.google.com/bot.html)"
188.252.255.244 - - [10/Aug/2019:07:17:17 +0000] "GET / HTTP/1.1" 301 233 "-" "Mozilla/5.0 (Macintosh; Intel Mac OS X 10_11_6) AppleWebKit/605.1.15 (KHTML, like Gecko)"
188.252.255.244 - - [10/Aug/2019:07:17:18 +0000] "GET / HTTP/1.1" 200 2783 "-" "Mozilla/5.0 (Macintosh; Intel Mac OS X 10_11_6) AppleWebKit/605.1.15 (KHTML, like Gecko)"
188.252.255.244 - - [10/Aug/2019:07:17:18 +0000] "GET /apple-touch-icon-precomposed.png HTTP/1.1" 404 1104 "-" "Safari/11605.3.8.1 CFNetwork/760.9 Darwin/15.6.0 (x86_64)"
188.252.255.244 - - [10/Aug/2019:07:17:19 +0000] "GET /apple-touch-icon.png HTTP/1.1" 404 1104 "-" "Safari/11605.3.8.1 CFNetwork/760.9 Darwin/15.6.0 (x86_64)"
188.252.255.244 - - [10/Aug/2019:07:17:19 +0000] "GET /public/img/global/favicon.ico HTTP/1.1" 200 15086 "-" "Safari/11605.3.8.1 CFNetwork/760.9 Darwin/15.6.0 (x86_64)"
188.252.255.244 - - [10/Aug/2019:07:17:19 +0000] "GET / HTTP/1.1" 301 233 "-" "\"Mozilla/5.0 (iPhone; CPU iPhone OS 11_0 like Mac OS X) AppleWebKit/604.1.38 (KHTML, like Gecko) Version/11.0 Mobile/15A372 Safari/604.1\""
188.252.255.244 - - [10/Aug/2019:07:17:20 +0000] "GET / HTTP/1.1" 200 2675 "-" "\"Mozilla/5.0 (iPhone; CPU iPhone OS 11_0 like Mac OS X) AppleWebKit/604.1.38 (KHTML, like Gecko) Version/11.0 Mobile/15A372 Safari/604.1\""
188.252.255.244 - - [10/Aug/2019:07:17:20 +0000] "GET /apple-touch-icon-precomposed.png HTTP/1.1" 404 1104 "-" "Safari/11605.3.8.1 CFNetwork/760.9 Darwin/15.6.0 (x86_64)"
188.252.255.244 - - [10/Aug/2019:07:17:20 +0000] "GET /apple-touch-icon.png HTTP/1.1" 404 1104 "-" "Safari/11605.3.8.1 CFNetwork/760.9 Darwin/15.6.0 (x86_64)"
188.252.255.244 - - [10/Aug/2019:07:17:20 +0000] "GET /favicon.ico HTTP/1.1" 200 - "-" "Safari/11605.3.8.1 CFNetwork/760.9 Darwin/15.6.0 (x86_64)"
188.252.255.244 - - [10/Aug/2019:07:17:21 +0000] "GET /apple-touch-icon-precomposed.png HTTP/1.1" 404 1104 "-" "Safari/11605.3.8.1 CFNetwork/760.9 Darwin/15.6.0 (x86_64)"
188.252.255.244 - - [10/Aug/2019:07:17:21 +0000] "GET /apple-touch-icon.png HTTP/1.1" 404 1104 "-" "Safari/11605.3.8.1 CFNetwork/760.9 Darwin/15.6.0 (x86_64)"
188.252.255.244 - - [10/Aug/2019:07:17:21 +0000] "GET /favicon.ico HTTP/1.1" 200 - "-" "Safari/11605.3.8.1 CFNetwork/760.9 Darwin/15.6.0 (x86_64)"
66.249.79.23 - - [10/Aug/2019:07:21:40 +0000] "GET /aktualno HTTP/1.1" 200 9347 "-" "Mozilla/5.0 (Linux; Android 6.0.1; Nexus 5X Build/MMB29P) AppleWebKit/537.36 (KHTML, like Gecko) Chrome/41.0.2272.96 Mobile Safari/537.36 (compatible; Googlebot/2.1; +http://www.google.com/bot.html)"
207.46.13.175 - - [10/Aug/2019:07:29:03 +0000] "GET /uploads/images/b7d2e3a183d049fb0c3875566b5dea9b.png HTTP/1.1" 301 284 "-" "Mozilla/5.0 (compatible; bingbot/2.0; +http://www.bing.com/bingbot.htm)"
207.46.13.175 - - [10/Aug/2019:07:29:04 +0000] "GET /uploads/images/b7d2e3a183d049fb0c3875566b5dea9b.png HTTP/1.1" 200 1846959 "-" "Mozilla/5.0 (compatible; bingbot/2.0; +http://www.bing.com/bingbot.htm)"
66.249.79.23 - - [10/Aug/2019:08:01:41 +0000] "GET /aktualno/sretan-uskrs HTTP/1.1" 200 3045 "-" "Mozilla/5.0 (Linux; Android 6.0.1; Nexus 5X Build/MMB29P) AppleWebKit/537.36 (KHTML, like Gecko) Chrome/41.0.2272.96 Mobile Safari/537.36 (compatible; Googlebot/2.1; +http://www.google.com/bot.html)"
188.252.255.244 - - [10/Aug/2019:08:21:22 +0000] "GET / HTTP/1.1" 301 233 "-" "Mozilla/5.0 (iPhone; CPU iPhone OS 12_3_1 like Mac OS X) AppleWebKit/605.1.15 (KHTML, like Gecko) Version/12.1.1 Mobile/15E148 Safari/604.1"
188.252.255.244 - - [10/Aug/2019:08:21:22 +0000] "GET / HTTP/1.1" 200 2674 "-" "Mozilla/5.0 (iPhone; CPU iPhone OS 12_3_1 like Mac OS X) AppleWebKit/605.1.15 (KHTML, like Gecko) Version/12.1.1 Mobile/15E148 Safari/604.1"
188.252.255.244 - - [10/Aug/2019:08:21:23 +0000] "GET /apple-touch-icon-120x120-precomposed.png HTTP/1.1" 404 1104 "-" "MobileSafari/604.1 CFNetwork/978.0.7 Darwin/18.6.0"
188.252.255.244 - - [10/Aug/2019:08:21:23 +0000] "GET /apple-touch-icon-120x120.png HTTP/1.1" 404 1104 "-" "MobileSafari/604.1 CFNetwork/978.0.7 Darwin/18.6.0"
188.252.255.244 - - [10/Aug/2019:08:21:23 +0000] "GET /apple-touch-icon-precomposed.png HTTP/1.1" 404 1104 "-" "MobileSafari/604.1 CFNetwork/978.0.7 Darwin/18.6.0"
188.252.255.244 - - [10/Aug/2019:08:21:23 +0000] "GET /apple-touch-icon.png HTTP/1.1" 404 1104 "-" "MobileSafari/604.1 CFNetwork/978.0.7 Darwin/18.6.0"
188.252.255.244 - - [10/Aug/2019:08:21:24 +0000] "GET /favicon.ico HTTP/1.1" 200 - "-" "MobileSafari/604.1 CFNetwork/978.0.7 Darwin/18.6.0"
188.252.255.244 - - [10/Aug/2019:08:21:24 +0000] "GET /apple-touch-icon-120x120-precomposed.png HTTP/1.1" 404 1104 "-" "MobileSafari/604.1 CFNetwork/978.0.7 Darwin/18.6.0"
188.252.255.244 - - [10/Aug/2019:08:21:24 +0000] "GET /apple-touch-icon-120x120.png HTTP/1.1" 404 1104 "-" "MobileSafari/604.1 CFNetwork/978.0.7 Darwin/18.6.0"
188.252.255.244 - - [10/Aug/2019:08:21:24 +0000] "GET /apple-touch-icon-precomposed.png HTTP/1.1" 404 1104 "-" "MobileSafari/604.1 CFNetwork/978.0.7 Darwin/18.6.0"
188.252.255.244 - - [10/Aug/2019:08:21:25 +0000] "GET /apple-touch-icon.png HTTP/1.1" 404 1104 "-" "MobileSafari/604.1 CFNetwork/978.0.7 Darwin/18.6.0"
188.252.255.244 - - [10/Aug/2019:08:21:25 +0000] "GET /favicon.ico HTTP/1.1" 200 - "-" "MobileSafari/604.1 CFNetwork/978.0.7 Darwin/18.6.0"
66.249.79.25 - - [10/Aug/2019:08:38:12 +0000] "GET /aktualno/panel-rasprava-zadar-hrvatska-europa-za-generacije HTTP/1.1" 301 292 "-" "Mozilla/5.0 (Linux; Android 6.0.1; Nexus 5X Build/MMB29P) AppleWebKit/537.36 (KHTML, like Gecko) Chrome/41.0.2272.96 Mobile Safari/537.36 (compatible; Googlebot/2.1; +http://www.google.com/bot.html)"
66.249.79.21 - - [10/Aug/2019:08:38:13 +0000] "GET /aktualno/panel-rasprava-zadar-hrvatska-europa-za-generacije HTTP/1.1" 200 3416 "-" "Mozilla/5.0 (Linux; Android 6.0.1; Nexus 5X Build/MMB29P) AppleWebKit/537.36 (KHTML, like Gecko) Chrome/41.0.2272.96 Mobile Safari/537.36 (compatible; Googlebot/2.1; +http://www.google.com/bot.html)"
66.249.79.27 - - [10/Aug/2019:08:45:09 +0000] "GET /aktualno/odrzana-izborna-skupstina-zajednice-utemeljitelja-hdz-a-dr-franjo-tudman-zadarske-zupanije HTTP/1.1" 301 332 "-" "Mozilla/5.0 (Linux; Android 6.0.1; Nexus 5X Build/MMB29P) AppleWebKit/537.36 (KHTML, like Gecko) Chrome/41.0.2272.96 Mobile Safari/537.36 (compatible; Googlebot/2.1; +http://www.google.com/bot.html)"
66.249.79.21 - - [10/Aug/2019:08:45:10 +0000] "GET /aktualno/odrzana-izborna-skupstina-zajednice-utemeljitelja-hdz-a-dr-franjo-tudman-zadarske-zupanije HTTP/1.1" 200 4553 "-" "Mozilla/5.0 (Linux; Android 6.0.1; Nexus 5X Build/MMB29P) AppleWebKit/537.36 (KHTML, like Gecko) Chrome/41.0.2272.96 Mobile Safari/537.36 (compatible; Googlebot/2.1; +http://www.google.com/bot.html)"
180.76.15.28 - - [10/Aug/2019:08:47:41 +0000] "GET /public/js/company.js HTTP/1.1" 301 253 "-" "Mozilla/5.0 (compatible; Baiduspider/2.0; +http://www.baidu.com/search/spider.html)"
180.76.15.158 - - [10/Aug/2019:08:47:42 +0000] "GET /public/js/company.js HTTP/1.1" 200 1714 "-" "Mozilla/5.0 (compatible; Baiduspider/2.0; +http://www.baidu.com/search/spider.html)"
212.15.176.27 - - [10/Aug/2019:08:53:28 +0000] "GET / HTTP/1.1" 200 2783 "https://www.google.com/" "Mozilla/5.0 (Windows NT 6.3; Win64; x64) AppleWebKit/537.36 (KHTML, like Gecko) Chrome/76.0.3809.100 Safari/537.36"
212.15.176.27 - - [10/Aug/2019:08:53:28 +0000] "GET /public/css/styles.css?v=1 HTTP/1.1" 200 12478 "https://www.hdz-zadar.hr/" "Mozilla/5.0 (Windows NT 6.3; Win64; x64) AppleWebKit/537.36 (KHTML, like Gecko) Chrome/76.0.3809.100 Safari/537.36"
212.15.176.27 - - [10/Aug/2019:08:53:28 +0000] "GET /public/css/custom.css HTTP/1.1" 200 288 "https://www.hdz-zadar.hr/" "Mozilla/5.0 (Windows NT 6.3; Win64; x64) AppleWebKit/537.36 (KHTML, like Gecko) Chrome/76.0.3809.100 Safari/537.36"
212.15.176.27 - - [10/Aug/2019:08:53:29 +0000] "GET /public/css/ycp.css HTTP/1.1" 200 970 "https://www.hdz-zadar.hr/" "Mozilla/5.0 (Windows NT 6.3; Win64; x64) AppleWebKit/537.36 (KHTML, like Gecko) Chrome/76.0.3809.100 Safari/537.36"
212.15.176.27 - - [10/Aug/2019:08:53:29 +0000] "GET /public/img/global/logo-header.png HTTP/1.1" 200 1914 "https://www.hdz-zadar.hr/" "Mozilla/5.0 (Windows NT 6.3; Win64; x64) AppleWebKit/537.36 (KHTML, like Gecko) Chrome/76.0.3809.100 Safari/537.36"
212.15.176.27 - - [10/Aug/2019:08:53:29 +0000] "GET /public/img/global/logo-fb-header.png HTTP/1.1" 200 483 "https://www.hdz-zadar.hr/" "Mozilla/5.0 (Windows NT 6.3; Win64; x64) AppleWebKit/537.36 (KHTML, like Gecko) Chrome/76.0.3809.100 Safari/537.36"
212.15.176.27 - - [10/Aug/2019:08:53:29 +0000] "GET /public/img/global/logo-ig-header.png HTTP/1.1" 200 902 "https://www.hdz-zadar.hr/" "Mozilla/5.0 (Windows NT 6.3; Win64; x64) AppleWebKit/537.36 (KHTML, like Gecko) Chrome/76.0.3809.100 Safari/537.36"
212.15.176.27 - - [10/Aug/2019:08:53:29 +0000] "GET /public/img/global/logo-yt-header.png HTTP/1.1" 200 742 "https://www.hdz-zadar.hr/" "Mozilla/5.0 (Windows NT 6.3; Win64; x64) AppleWebKit/537.36 (KHTML, like Gecko) Chrome/76.0.3809.100 Safari/537.36"
212.15.176.27 - - [10/Aug/2019:08:53:29 +0000] "GET /public/img/global/logo.png HTTP/1.1" 200 13363 "https://www.hdz-zadar.hr/" "Mozilla/5.0 (Windows NT 6.3; Win64; x64) AppleWebKit/537.36 (KHTML, like Gecko) Chrome/76.0.3809.100 Safari/537.36"
212.15.176.27 - - [10/Aug/2019:08:53:29 +0000] "GET /uploads/thumbnails/17342f28810e19991f775d8559e91246.jpeg HTTP/1.1" 200 50825 "https://www.hdz-zadar.hr/" "Mozilla/5.0 (Windows NT 6.3; Win64; x64) AppleWebKit/537.36 (KHTML, like Gecko) Chrome/76.0.3809.100 Safari/537.36"
212.15.176.27 - - [10/Aug/2019:08:53:29 +0000] "GET /uploads/thumbnails/e894f6a9f74cd30227ea9db975dccd81.JPG HTTP/1.1" 200 85405 "https://www.hdz-zadar.hr/" "Mozilla/5.0 (Windows NT 6.3; Win64; x64) AppleWebKit/537.36 (KHTML, like Gecko) Chrome/76.0.3809.100 Safari/537.36"
212.15.176.27 - - [10/Aug/2019:08:53:29 +0000] "GET /uploads/thumbnails/0322a4aff39abd2e7c7a01ebc68cc0d0.jpg HTTP/1.1" 200 143290 "https://www.hdz-zadar.hr/" "Mozilla/5.0 (Windows NT 6.3; Win64; x64) AppleWebKit/537.36 (KHTML, like Gecko) Chrome/76.0.3809.100 Safari/537.36"
212.15.176.27 - - [10/Aug/2019:08:53:29 +0000] "GET /uploads/thumbnails/e51803a606e2454d2e9aa614a4ab2460.jpg HTTP/1.1" 200 183714 "https://www.hdz-zadar.hr/" "Mozilla/5.0 (Windows NT 6.3; Win64; x64) AppleWebKit/537.36 (KHTML, like Gecko) Chrome/76.0.3809.100 Safari/537.36"
212.15.176.27 - - [10/Aug/2019:08:53:29 +0000] "GET /uploads/thumbnails/e634f0f2a485b09f88a3b4beddcf1438.jpg HTTP/1.1" 200 167382 "https://www.hdz-zadar.hr/" "Mozilla/5.0 (Windows NT 6.3; Win64; x64) AppleWebKit/537.36 (KHTML, like Gecko) Chrome/76.0.3809.100 Safari/537.36"
212.15.176.27 - - [10/Aug/2019:08:53:31 +0000] "GET /public/img/home/btn-downarrow.png HTTP/1.1" 200 1318 "https://www.hdz-zadar.hr/public/css/styles.css?v=1" "Mozilla/5.0 (Windows NT 6.3; Win64; x64) AppleWebKit/537.36 (KHTML, like Gecko) Chrome/76.0.3809.100 Safari/537.36"
212.15.176.27 - - [10/Aug/2019:08:53:31 +0000] "GET /public/img/global/icon-arrow-yellow.png HTTP/1.1" 200 1105 "https://www.hdz-zadar.hr/public/css/styles.css?v=1" "Mozilla/5.0 (Windows NT 6.3; Win64; x64) AppleWebKit/537.36 (KHTML, like Gecko) Chrome/76.0.3809.100 Safari/537.36"
212.15.176.27 - - [10/Aug/2019:08:53:31 +0000] "GET /public/js/vendor/jquery-ui.min.js HTTP/1.1" 200 14401 "https://www.hdz-zadar.hr/" "Mozilla/5.0 (Windows NT 6.3; Win64; x64) AppleWebKit/537.36 (KHTML, like Gecko) Chrome/76.0.3809.100 Safari/537.36"
212.15.176.27 - - [10/Aug/2019:08:53:31 +0000] "GET /public/js/vendor/jquery.colorbox-min.js HTTP/1.1" 200 4686 "https://www.hdz-zadar.hr/" "Mozilla/5.0 (Windows NT 6.3; Win64; x64) AppleWebKit/537.36 (KHTML, like Gecko) Chrome/76.0.3809.100 Safari/537.36"
212.15.176.27 - - [10/Aug/2019:08:53:31 +0000] "GET /public/js/vendor/jquery.bxslider.min.js HTTP/1.1" 200 5162 "https://www.hdz-zadar.hr/" "Mozilla/5.0 (Windows NT 6.3; Win64; x64) AppleWebKit/537.36 (KHTML, like Gecko) Chrome/76.0.3809.100 Safari/537.36"
212.15.176.27 - - [10/Aug/2019:08:53:32 +0000] "GET /public/js/global.js HTTP/1.1" 200 1105 "https://www.hdz-zadar.hr/" "Mozilla/5.0 (Windows NT 6.3; Win64; x64) AppleWebKit/537.36 (KHTML, like Gecko) Chrome/76.0.3809.100 Safari/537.36"
212.15.176.27 - - [10/Aug/2019:08:53:32 +0000] "GET /public/js/home.js HTTP/1.1" 200 427 "https://www.hdz-zadar.hr/" "Mozilla/5.0 (Windows NT 6.3; Win64; x64) AppleWebKit/537.36 (KHTML, like Gecko) Chrome/76.0.3809.100 Safari/537.36"
212.15.176.27 - - [10/Aug/2019:08:53:32 +0000] "GET /public/js/company.js HTTP/1.1" 200 641 "https://www.hdz-zadar.hr/" "Mozilla/5.0 (Windows NT 6.3; Win64; x64) AppleWebKit/537.36 (KHTML, like Gecko) Chrome/76.0.3809.100 Safari/537.36"
212.15.176.27 - - [10/Aug/2019:08:53:32 +0000] "GET /public/js/impact.js HTTP/1.1" 200 461 "https://www.hdz-zadar.hr/" "Mozilla/5.0 (Windows NT 6.3; Win64; x64) AppleWebKit/537.36 (KHTML, like Gecko) Chrome/76.0.3809.100 Safari/537.36"
212.15.176.27 - - [10/Aug/2019:08:53:32 +0000] "GET /public/js/magic.js HTTP/1.1" 200 1000 "https://www.hdz-zadar.hr/" "Mozilla/5.0 (Windows NT 6.3; Win64; x64) AppleWebKit/537.36 (KHTML, like Gecko) Chrome/76.0.3809.100 Safari/537.36"
212.15.176.27 - - [10/Aug/2019:08:53:32 +0000] "GET /public/js/news.js HTTP/1.1" 200 511 "https://www.hdz-zadar.hr/" "Mozilla/5.0 (Windows NT 6.3; Win64; x64) AppleWebKit/537.36 (KHTML, like Gecko) Chrome/76.0.3809.100 Safari/537.36"
212.15.176.27 - - [10/Aug/2019:08:53:32 +0000] "GET /public/js/ycp.js HTTP/1.1" 200 2228 "https://www.hdz-zadar.hr/" "Mozilla/5.0 (Windows NT 6.3; Win64; x64) AppleWebKit/537.36 (KHTML, like Gecko) Chrome/76.0.3809.100 Safari/537.36"
212.15.176.27 - - [10/Aug/2019:08:53:32 +0000] "GET /public/img/home/bg-discover.jpg HTTP/1.1" 200 119618 "https://www.hdz-zadar.hr/public/css/styles.css?v=1" "Mozilla/5.0 (Windows NT 6.3; Win64; x64) AppleWebKit/537.36 (KHTML, like Gecko) Chrome/76.0.3809.100 Safari/537.36"
212.15.176.27 - - [10/Aug/2019:08:53:33 +0000] "GET /public/img/global/footer.png HTTP/1.1" 200 16818 "https://www.hdz-zadar.hr/" "Mozilla/5.0 (Windows NT 6.3; Win64; x64) AppleWebKit/537.36 (KHTML, like Gecko) Chrome/76.0.3809.100 Safari/537.36"
212.15.176.27 - - [10/Aug/2019:08:53:29 +0000] "GET /public/img/home/banner.png HTTP/1.1" 200 571062 "https://www.hdz-zadar.hr/" "Mozilla/5.0 (Windows NT 6.3; Win64; x64) AppleWebKit/537.36 (KHTML, like Gecko) Chrome/76.0.3809.100 Safari/537.36"
212.15.176.27 - - [10/Aug/2019:08:53:31 +0000] "GET /public/img/home/2.png HTTP/1.1" 200 1650294 "https://www.hdz-zadar.hr/" "Mozilla/5.0 (Windows NT 6.3; Win64; x64) AppleWebKit/537.36 (KHTML, like Gecko) Chrome/76.0.3809.100 Safari/537.36"
212.15.176.27 - - [10/Aug/2019:08:53:35 +0000] "GET /public/img/global/favicon.ico HTTP/1.1" 200 15086 "https://www.hdz-zadar.hr/" "Mozilla/5.0 (Windows NT 6.3; Win64; x64) AppleWebKit/537.36 (KHTML, like Gecko) Chrome/76.0.3809.100 Safari/537.36"
212.15.176.27 - - [10/Aug/2019:08:53:42 +0000] "GET /kontakt HTTP/1.1" 200 2699 "https://www.hdz-zadar.hr/" "Mozilla/5.0 (Windows NT 6.3; Win64; x64) AppleWebKit/537.36 (KHTML, like Gecko) Chrome/76.0.3809.100 Safari/537.36"
212.15.176.27 - - [10/Aug/2019:08:53:42 +0000] "GET /public/img/impact/address.png HTTP/1.1" 200 1545 "https://www.hdz-zadar.hr/kontakt" "Mozilla/5.0 (Windows NT 6.3; Win64; x64) AppleWebKit/537.36 (KHTML, like Gecko) Chrome/76.0.3809.100 Safari/537.36"
212.15.176.27 - - [10/Aug/2019:08:53:42 +0000] "GET /public/img/impact/phone.png HTTP/1.1" 200 1507 "https://www.hdz-zadar.hr/kontakt" "Mozilla/5.0 (Windows NT 6.3; Win64; x64) AppleWebKit/537.36 (KHTML, like Gecko) Chrome/76.0.3809.100 Safari/537.36"
212.15.176.27 - - [10/Aug/2019:08:53:42 +0000] "GET /public/img/impact/fax.png HTTP/1.1" 200 1119 "https://www.hdz-zadar.hr/kontakt" "Mozilla/5.0 (Windows NT 6.3; Win64; x64) AppleWebKit/537.36 (KHTML, like Gecko) Chrome/76.0.3809.100 Safari/537.36"
212.15.176.27 - - [10/Aug/2019:08:53:42 +0000] "GET /public/img/impact/mail.png HTTP/1.1" 200 1490 "https://www.hdz-zadar.hr/kontakt" "Mozilla/5.0 (Windows NT 6.3; Win64; x64) AppleWebKit/537.36 (KHTML, like Gecko) Chrome/76.0.3809.100 Safari/537.36"
212.15.176.27 - - [10/Aug/2019:08:53:42 +0000] "GET /public/img/impact/bg-impact.jpg HTTP/1.1" 200 728200 "https://www.hdz-zadar.hr/public/css/styles.css?v=1" "Mozilla/5.0 (Windows NT 6.3; Win64; x64) AppleWebKit/537.36 (KHTML, like Gecko) Chrome/76.0.3809.100 Safari/537.36"
46.229.168.140 - - [10/Aug/2019:09:01:49 +0000] "GET /robots.txt HTTP/1.1" 301 243 "-" "Mozilla/5.0 (compatible; SemrushBot/3~bl; +http://www.semrush.com/bot.html)"
46.229.168.147 - - [10/Aug/2019:09:01:50 +0000] "GET /robots.txt HTTP/1.1" 200 24 "-" "Mozilla/5.0 (compatible; SemrushBot/3~bl; +http://www.semrush.com/bot.html)"
46.229.168.130 - - [10/Aug/2019:09:01:50 +0000] "GET /aktualno/dan-drzavnosti-republike-hrvatske HTTP/1.1" 301 275 "-" "Mozilla/5.0 (compatible; SemrushBot/3~bl; +http://www.semrush.com/bot.html)"
46.229.168.138 - - [10/Aug/2019:09:01:52 +0000] "GET /aktualno/dan-drzavnosti-republike-hrvatske HTTP/1.1" 200 3334 "-" "Mozilla/5.0 (compatible; SemrushBot/3~bl; +http://www.semrush.com/bot.html)"
157.55.39.250 - - [10/Aug/2019:09:12:31 +0000] "GET /aktualno/30-godina-hrvatske-demokratske-zajednice HTTP/1.1" 200 3294 "-" "Mozilla/5.0 (compatible; bingbot/2.0; +http://www.bing.com/bingbot.htm)"
46.229.168.138 - - [10/Aug/2019:09:32:17 +0000] "GET /aktualno/28-rodendan-zadarskog-hdz-a HTTP/1.1" 301 269 "-" "Mozilla/5.0 (compatible; SemrushBot/3~bl; +http://www.semrush.com/bot.html)"
46.229.168.153 - - [10/Aug/2019:09:32:18 +0000] "GET /aktualno/28-rodendan-zadarskog-hdz-a HTTP/1.1" 200 6075 "-" "Mozilla/5.0 (compatible; SemrushBot/3~bl; +http://www.semrush.com/bot.html)"
95.168.120.5 - - [10/Aug/2019:09:39:56 +0000] "GET /public/img/home/3_mobile.png HTTP/1.1" 200 1092489 "https://www.google.com/" "Mozilla/5.0 (iPhone; CPU iPhone OS 12_2 like Mac OS X) AppleWebKit/605.1.15 (KHTML, like Gecko) CriOS/74.0.3729.155 Mobile/15E148 Safari/605.1"
207.46.13.175 - - [10/Aug/2019:09:55:50 +0000] "GET /aktualno/predani-potpisi-potpore-kandidaturi-branka-dukica-za-gradonacelnika HTTP/1.1" 301 309 "-" "Mozilla/5.0 (compatible; bingbot/2.0; +http://www.bing.com/bingbot.htm)"
157.55.39.32 - - [10/Aug/2019:09:58:35 +0000] "GET /robots.txt HTTP/1.1" 200 24 "-" "Mozilla/5.0 (compatible; bingbot/2.0; +http://www.bing.com/bingbot.htm)"
157.55.39.32 - - [10/Aug/2019:09:58:36 +0000] "GET /robots.txt HTTP/1.1" 200 24 "-" "Mozilla/5.0 (compatible; bingbot/2.0; +http://www.bing.com/bingbot.htm)"
157.55.39.250 - - [10/Aug/2019:09:58:35 +0000] "GET /uploads/documents/6c20daa3336613fb5a05889cdd60a737.pdf HTTP/1.1" 200 1579860 "-" "Mozilla/5.0 (compatible; bingbot/2.0; +http://www.bing.com/bingbot.htm)"
5.255.253.35 - - [10/Aug/2019:10:06:37 +0000] "GET /robots.txt HTTP/1.1" 200 24 "-" "Mozilla/5.0 (compatible; YandexBot/3.0; +http://yandex.com/bots)"
5.255.253.35 - - [10/Aug/2019:10:06:41 +0000] "GET /aktualno/cestitamo-dan-grada-zadra-i-blagdan-sv-krsevana HTTP/1.1" 200 3175 "-" "Mozilla/5.0 (compatible; YandexBot/3.0; +http://yandex.com/bots)"
95.178.249.220 - - [10/Aug/2019:10:07:24 +0000] "GET /public/img/home/3_mobile.png HTTP/1.1" 200 1092489 "https://www.google.com/blank.html" "Mozilla/5.0 (Linux; Android 7.0; SM-J530F Build/NRD90M; wv) AppleWebKit/537.36 (KHTML, like Gecko) Version/4.0 Chrome/76.0.3809.111 Mobile Safari/537.36 GSA/10.38.6.21.arm"
157.55.39.250 - - [10/Aug/2019:10:08:18 +0000] "GET / HTTP/1.1" 301 233 "-" "Mozilla/5.0 (compatible; bingbot/2.0; +http://www.bing.com/bingbot.htm)"
212.92.107.65 - - [10/Aug/2019:10:10:04 +0000] "GET /wordpress/ HTTP/1.1" 301 243 "-" "Mozilla/5.0 (Windows NT 6.3; Win64; x64; rv:63.0) Gecko/20100101 Firefox/63.0"
212.92.107.65 - - [10/Aug/2019:10:10:05 +0000] "GET /wordpress/ HTTP/1.1" 301 242 "-" "Mozilla/5.0 (Windows NT 6.3; Win64; x64; rv:63.0) Gecko/20100101 Firefox/63.0"
212.92.107.65 - - [10/Aug/2019:10:10:05 +0000] "GET /wordpress HTTP/1.1" 404 1104 "-" "Mozilla/5.0 (Windows NT 6.3; Win64; x64; rv:63.0) Gecko/20100101 Firefox/63.0"
212.92.107.65 - - [10/Aug/2019:10:10:06 +0000] "GET /wp/ HTTP/1.1" 301 236 "-" "Mozilla/5.0 (Windows NT 6.3; Win64; x64; rv:63.0) Gecko/20100101 Firefox/63.0"
212.92.107.65 - - [10/Aug/2019:10:10:10 +0000] "GET /wp/ HTTP/1.1" 301 235 "-" "Mozilla/5.0 (Windows NT 6.3; Win64; x64; rv:63.0) Gecko/20100101 Firefox/63.0"
212.92.107.65 - - [10/Aug/2019:10:10:10 +0000] "GET /wp HTTP/1.1" 404 1104 "-" "Mozilla/5.0 (Windows NT 6.3; Win64; x64; rv:63.0) Gecko/20100101 Firefox/63.0"
212.92.107.65 - - [10/Aug/2019:10:10:10 +0000] "GET /blog/ HTTP/1.1" 301 238 "-" "Mozilla/5.0 (Windows NT 6.3; Win64; x64; rv:63.0) Gecko/20100101 Firefox/63.0"
212.92.107.65 - - [10/Aug/2019:10:10:10 +0000] "GET /blog/ HTTP/1.1" 301 237 "-" "Mozilla/5.0 (Windows NT 6.3; Win64; x64; rv:63.0) Gecko/20100101 Firefox/63.0"
212.92.107.65 - - [10/Aug/2019:10:10:32 +0000] "GET /blog HTTP/1.1" 404 1104 "-" "Mozilla/5.0 (Windows NT 6.3; Win64; x64; rv:63.0) Gecko/20100101 Firefox/63.0"
212.92.107.65 - - [10/Aug/2019:10:10:57 +0000] "GET /new/ HTTP/1.1" 301 237 "-" "Mozilla/5.0 (Windows NT 6.3; Win64; x64; rv:63.0) Gecko/20100101 Firefox/63.0"
212.92.107.65 - - [10/Aug/2019:10:11:01 +0000] "GET /new/ HTTP/1.1" 301 236 "-" "Mozilla/5.0 (Windows NT 6.3; Win64; x64; rv:63.0) Gecko/20100101 Firefox/63.0"
212.92.107.65 - - [10/Aug/2019:10:11:01 +0000] "GET /new HTTP/1.1" 404 1104 "-" "Mozilla/5.0 (Windows NT 6.3; Win64; x64; rv:63.0) Gecko/20100101 Firefox/63.0"
212.92.107.65 - - [10/Aug/2019:10:11:01 +0000] "GET /old/ HTTP/1.1" 301 237 "-" "Mozilla/5.0 (Windows NT 6.3; Win64; x64; rv:63.0) Gecko/20100101 Firefox/63.0"
212.92.107.65 - - [10/Aug/2019:10:11:01 +0000] "GET /old/ HTTP/1.1" 301 236 "-" "Mozilla/5.0 (Windows NT 6.3; Win64; x64; rv:63.0) Gecko/20100101 Firefox/63.0"
212.92.107.65 - - [10/Aug/2019:10:11:02 +0000] "GET /old HTTP/1.1" 404 1104 "-" "Mozilla/5.0 (Windows NT 6.3; Win64; x64; rv:63.0) Gecko/20100101 Firefox/63.0"
212.92.107.65 - - [10/Aug/2019:10:11:02 +0000] "GET /test/ HTTP/1.1" 301 238 "-" "Mozilla/5.0 (Windows NT 6.3; Win64; x64; rv:63.0) Gecko/20100101 Firefox/63.0"
212.92.107.65 - - [10/Aug/2019:10:11:03 +0000] "GET /test/ HTTP/1.1" 301 237 "-" "Mozilla/5.0 (Windows NT 6.3; Win64; x64; rv:63.0) Gecko/20100101 Firefox/63.0"
212.92.107.65 - - [10/Aug/2019:10:11:03 +0000] "GET /test HTTP/1.1" 404 1104 "-" "Mozilla/5.0 (Windows NT 6.3; Win64; x64; rv:63.0) Gecko/20100101 Firefox/63.0"
212.92.107.65 - - [10/Aug/2019:10:11:03 +0000] "GET /main/ HTTP/1.1" 301 238 "-" "Mozilla/5.0 (Windows NT 6.3; Win64; x64; rv:63.0) Gecko/20100101 Firefox/63.0"
212.92.107.65 - - [10/Aug/2019:10:11:04 +0000] "GET /main/ HTTP/1.1" 301 237 "-" "Mozilla/5.0 (Windows NT 6.3; Win64; x64; rv:63.0) Gecko/20100101 Firefox/63.0"
212.92.107.65 - - [10/Aug/2019:10:11:04 +0000] "GET /main HTTP/1.1" 404 1104 "-" "Mozilla/5.0 (Windows NT 6.3; Win64; x64; rv:63.0) Gecko/20100101 Firefox/63.0"
212.92.107.65 - - [10/Aug/2019:10:11:05 +0000] "GET /site/ HTTP/1.1" 301 238 "-" "Mozilla/5.0 (Windows NT 6.3; Win64; x64; rv:63.0) Gecko/20100101 Firefox/63.0"
212.92.107.65 - - [10/Aug/2019:10:11:15 +0000] "GET /site/ HTTP/1.1" 301 237 "-" "Mozilla/5.0 (Windows NT 6.3; Win64; x64; rv:63.0) Gecko/20100101 Firefox/63.0"
212.92.107.65 - - [10/Aug/2019:10:11:15 +0000] "GET /site HTTP/1.1" 404 1104 "-" "Mozilla/5.0 (Windows NT 6.3; Win64; x64; rv:63.0) Gecko/20100101 Firefox/63.0"
212.92.107.65 - - [10/Aug/2019:10:11:15 +0000] "GET /backup/ HTTP/1.1" 301 240 "-" "Mozilla/5.0 (Windows NT 6.3; Win64; x64; rv:63.0) Gecko/20100101 Firefox/63.0"
66.249.79.21 - - [10/Aug/2019:10:13:51 +0000] "GET /aktualno/odrzani-izbori-mladezi-hdz-opcine-posedarje HTTP/1.1" 200 3747 "-" "Mozilla/5.0 (Linux; Android 6.0.1; Nexus 5X Build/MMB29P) AppleWebKit/537.36 (KHTML, like Gecko) Chrome/41.0.2272.96 Mobile Safari/537.36 (compatible; Googlebot/2.1; +http://www.google.com/bot.html)"
40.77.167.217 - - [10/Aug/2019:10:31:30 +0000] "GET /program-2017-2021/kvalitetniji-zivot-za-starije-i-briga-za-sve-kojima-je-pomoc-najpotrebnija HTTP/1.1" 301 325 "-" "Mozilla/5.0 (compatible; bingbot/2.0; +http://www.bing.com/bingbot.htm)"
66.249.79.25 - - [10/Aug/2019:10:32:11 +0000] "GET /public/img/impact/bg-impact.jpg HTTP/1.1" 301 264 "-" "Googlebot-Image/1.0"
66.249.79.25 - - [10/Aug/2019:10:32:12 +0000] "GET /public/img/impact/bg-impact.jpg HTTP/1.1" 200 728200 "-" "Googlebot-Image/1.0"
207.46.13.175 - - [10/Aug/2019:10:42:31 +0000] "GET /uploads/documents/2ad034ac981ee38aab17314f47c5d03e.pdf HTTP/1.1" 301 287 "-" "Mozilla/5.0 (compatible; bingbot/2.0; +http://www.bing.com/bingbot.htm)"
207.46.13.175 - - [10/Aug/2019:11:09:59 +0000] "GET /program-2017-2021/inteligentni-promet-za-manje-prometnih-guzvi-dostupniji-parking-i-efikasniji-javni-prijevoz HTTP/1.1" 301 342 "-" "Mozilla/5.0 (compatible; bingbot/2.0; +http://www.bing.com/bingbot.htm)"
54.36.149.24 - - [10/Aug/2019:11:11:43 +0000] "GET /robots.txt HTTP/1.1" 301 243 "-" "Mozilla/5.0 (compatible; AhrefsBot/6.1; +http://ahrefs.com/robot/)"
54.36.149.24 - - [10/Aug/2019:11:11:43 +0000] "GET /robots.txt HTTP/1.1" 200 24 "-" "Mozilla/5.0 (compatible; AhrefsBot/6.1; +http://ahrefs.com/robot/)"
54.36.150.168 - - [10/Aug/2019:11:11:44 +0000] "GET /aktualno/26-obljetnica-vro-maslenica-93 HTTP/1.1" 301 272 "-" "Mozilla/5.0 (compatible; AhrefsBot/6.1; +http://ahrefs.com/robot/)"
40.77.167.112 - - [10/Aug/2019:11:12:25 +0000] "GET /program-2017-2021/gazenica-je-novo-putnicko-kruzersko-i-poslovno-srediste-hrvatske HTTP/1.1" 301 315 "-" "Mozilla/5.0 (compatible; bingbot/2.0; +http://www.bing.com/bingbot.htm)"
66.249.79.23 - - [10/Aug/2019:11:35:36 +0000] "GET /aktualno/zo-hdz-a-u-posjeti-oo-hdz-a-razanac HTTP/1.1" 200 3456 "-" "Mozilla/5.0 (Linux; Android 6.0.1; Nexus 5X Build/MMB29P) AppleWebKit/537.36 (KHTML, like Gecko) Chrome/41.0.2272.96 Mobile Safari/537.36 (compatible; Googlebot/2.1; +http://www.google.com/bot.html)"
54.36.150.188 - - [10/Aug/2019:11:41:22 +0000] "GET /aktualno/obiljezen-dan-neovisnosti HTTP/1.1" 301 267 "-" "Mozilla/5.0 (compatible; AhrefsBot/6.1; +http://ahrefs.com/robot/)"
5.255.253.35 - - [10/Aug/2019:11:46:28 +0000] "GET /robots.txt HTTP/1.1" 301 243 "-" "Mozilla/5.0 (compatible; YandexBot/3.0; +http://yandex.com/bots)"
5.45.207.25 - - [10/Aug/2019:11:46:28 +0000] "GET /robots.txt HTTP/1.1" 200 24 "-" "Mozilla/5.0 (compatible; YandexBot/3.0; +http://yandex.com/bots)"
5.255.253.35 - - [10/Aug/2019:11:46:32 +0000] "GET /public/img/global/favicon.ico HTTP/1.1" 301 262 "-" "Mozilla/5.0 (compatible; YandexBot/3.0; +http://yandex.com/bots)"
5.45.207.25 - - [10/Aug/2019:11:46:32 +0000] "GET /robots.txt HTTP/1.1" 200 24 "-" "Mozilla/5.0 (compatible; YandexBot/3.0; +http://yandex.com/bots)"
