93.143.130.154 - - [10/Jul/2019:12:42:41 +0000] "GET /uploads/thumbnails/b677eda91e22ddcc7beb8522539dbe85.jpg HTTP/1.1" 200 41970 "https://www.ing-victus.hr/kuce/beli-manastir-izvrsna-lokacija-18113-m2" "Mozilla/5.0 (Linux; Android 5.1.1; SM-T280 Build/LMY47V; wv) AppleWebKit/537.36 (KHTML, like Gecko) Version/4.0 Chrome/74.0.3729.157 Safari/537.36 [FB_IAB/FB4A;FBAV/227.0.0.43.158;]"
93.143.130.154 - - [10/Jul/2019:12:42:41 +0000] "GET /uploads/thumbnails/bc87201da59bc8740310b4f19c78716f.jpg HTTP/1.1" 200 42485 "https://www.ing-victus.hr/kuce/beli-manastir-izvrsna-lokacija-18113-m2" "Mozilla/5.0 (Linux; Android 5.1.1; SM-T280 Build/LMY47V; wv) AppleWebKit/537.36 (KHTML, like Gecko) Version/4.0 Chrome/74.0.3729.157 Safari/537.36 [FB_IAB/FB4A;FBAV/227.0.0.43.158;]"
93.143.130.154 - - [10/Jul/2019:12:42:41 +0000] "GET /uploads/thumbnails/c322dda2dfeceaba0287be092dfea1f3.jpg HTTP/1.1" 200 53938 "https://www.ing-victus.hr/kuce/beli-manastir-izvrsna-lokacija-18113-m2" "Mozilla/5.0 (Linux; Android 5.1.1; SM-T280 Build/LMY47V; wv) AppleWebKit/537.36 (KHTML, like Gecko) Version/4.0 Chrome/74.0.3729.157 Safari/537.36 [FB_IAB/FB4A;FBAV/227.0.0.43.158;]"
93.143.130.154 - - [10/Jul/2019:12:42:41 +0000] "GET /uploads/thumbnails/41aeb05cc390318603d6e1bd0a365a70.JPG HTTP/1.1" 200 25235 "https://www.ing-victus.hr/kuce/beli-manastir-izvrsna-lokacija-18113-m2" "Mozilla/5.0 (Linux; Android 5.1.1; SM-T280 Build/LMY47V; wv) AppleWebKit/537.36 (KHTML, like Gecko) Version/4.0 Chrome/74.0.3729.157 Safari/537.36 [FB_IAB/FB4A;FBAV/227.0.0.43.158;]"
93.143.130.154 - - [10/Jul/2019:12:42:41 +0000] "GET /uploads/thumbnails/a33bcf340604d889347e077f6b1e79a0.jpg HTTP/1.1" 200 70433 "https://www.ing-victus.hr/kuce/beli-manastir-izvrsna-lokacija-18113-m2" "Mozilla/5.0 (Linux; Android 5.1.1; SM-T280 Build/LMY47V; wv) AppleWebKit/537.36 (KHTML, like Gecko) Version/4.0 Chrome/74.0.3729.157 Safari/537.36 [FB_IAB/FB4A;FBAV/227.0.0.43.158;]"
93.143.130.154 - - [10/Jul/2019:12:42:41 +0000] "GET /uploads/thumbnails/868949de8dec32e1ecab5d16665a4405.JPG HTTP/1.1" 200 16197 "https://www.ing-victus.hr/kuce/beli-manastir-izvrsna-lokacija-18113-m2" "Mozilla/5.0 (Linux; Android 5.1.1; SM-T280 Build/LMY47V; wv) AppleWebKit/537.36 (KHTML, like Gecko) Version/4.0 Chrome/74.0.3729.157 Safari/537.36 [FB_IAB/FB4A;FBAV/227.0.0.43.158;]"
93.143.130.154 - - [10/Jul/2019:12:42:41 +0000] "GET /images/background/3.jpg HTTP/1.1" 200 1208371 "https://www.ing-victus.hr/kuce/beli-manastir-izvrsna-lokacija-18113-m2" "Mozilla/5.0 (Linux; Android 5.1.1; SM-T280 Build/LMY47V; wv) AppleWebKit/537.36 (KHTML, like Gecko) Version/4.0 Chrome/74.0.3729.157 Safari/537.36 [FB_IAB/FB4A;FBAV/227.0.0.43.158;]"
93.143.130.154 - - [10/Jul/2019:12:42:44 +0000] "GET /uploads/images/868949de8dec32e1ecab5d16665a4405.JPG HTTP/1.1" 200 50685 "https://www.ing-victus.hr/kuce/beli-manastir-izvrsna-lokacija-18113-m2" "Mozilla/5.0 (Linux; Android 5.1.1; SM-T280 Build/LMY47V; wv) AppleWebKit/537.36 (KHTML, like Gecko) Version/4.0 Chrome/74.0.3729.157 Safari/537.36 [FB_IAB/FB4A;FBAV/227.0.0.43.158;]"
93.143.130.154 - - [10/Jul/2019:12:42:44 +0000] "GET /uploads/images/18819a0c33c971a5f69599e505300b09.jpg HTTP/1.1" 200 331928 "https://www.ing-victus.hr/kuce/beli-manastir-izvrsna-lokacija-18113-m2" "Mozilla/5.0 (Linux; Android 5.1.1; SM-T280 Build/LMY47V; wv) AppleWebKit/537.36 (KHTML, like Gecko) Version/4.0 Chrome/74.0.3729.157 Safari/537.36 [FB_IAB/FB4A;FBAV/227.0.0.43.158;]"
93.143.130.154 - - [10/Jul/2019:12:42:44 +0000] "GET /uploads/images/a08bf3ecf2fc19b20cdfc0a19af4b340.jpg HTTP/1.1" 200 380727 "https://www.ing-victus.hr/kuce/beli-manastir-izvrsna-lokacija-18113-m2" "Mozilla/5.0 (Linux; Android 5.1.1; SM-T280 Build/LMY47V; wv) AppleWebKit/537.36 (KHTML, like Gecko) Version/4.0 Chrome/74.0.3729.157 Safari/537.36 [FB_IAB/FB4A;FBAV/227.0.0.43.158;]"
93.143.130.154 - - [10/Jul/2019:12:42:48 +0000] "GET /images/icons/map-marker.png HTTP/1.1" 200 3191 "https://www.ing-victus.hr/kuce/beli-manastir-izvrsna-lokacija-18113-m2" "Mozilla/5.0 (Linux; Android 5.1.1; SM-T280 Build/LMY47V; wv) AppleWebKit/537.36 (KHTML, like Gecko) Version/4.0 Chrome/74.0.3729.157 Safari/537.36 [FB_IAB/FB4A;FBAV/227.0.0.43.158;]"
93.143.130.154 - - [10/Jul/2019:12:42:58 +0000] "GET /uploads/images/b51838605fc47c39fc68d530828b84fd.jpg HTTP/1.1" 200 389767 "https://www.ing-victus.hr/kuce/beli-manastir-izvrsna-lokacija-18113-m2" "Mozilla/5.0 (Linux; Android 5.1.1; SM-T280 Build/LMY47V; wv) AppleWebKit/537.36 (KHTML, like Gecko) Version/4.0 Chrome/74.0.3729.157 Safari/537.36 [FB_IAB/FB4A;FBAV/227.0.0.43.158;]"
93.143.130.154 - - [10/Jul/2019:12:43:01 +0000] "GET /uploads/images/b38e865549bdb325524f1c570ab4f638.jpg HTTP/1.1" 200 398709 "https://www.ing-victus.hr/kuce/beli-manastir-izvrsna-lokacija-18113-m2" "Mozilla/5.0 (Linux; Android 5.1.1; SM-T280 Build/LMY47V; wv) AppleWebKit/537.36 (KHTML, like Gecko) Version/4.0 Chrome/74.0.3729.157 Safari/537.36 [FB_IAB/FB4A;FBAV/227.0.0.43.158;]"
93.143.130.154 - - [10/Jul/2019:12:43:06 +0000] "GET /uploads/images/e0c799c51e9fd3fa33d0eb2e88a3d605.jpg HTTP/1.1" 200 392424 "https://www.ing-victus.hr/kuce/beli-manastir-izvrsna-lokacija-18113-m2" "Mozilla/5.0 (Linux; Android 5.1.1; SM-T280 Build/LMY47V; wv) AppleWebKit/537.36 (KHTML, like Gecko) Version/4.0 Chrome/74.0.3729.157 Safari/537.36 [FB_IAB/FB4A;FBAV/227.0.0.43.158;]"
93.143.130.154 - - [10/Jul/2019:12:43:08 +0000] "GET /uploads/images/7d1a7b972db3eae271a2f49c1e6f2732.jpg HTTP/1.1" 200 220983 "https://www.ing-victus.hr/kuce/beli-manastir-izvrsna-lokacija-18113-m2" "Mozilla/5.0 (Linux; Android 5.1.1; SM-T280 Build/LMY47V; wv) AppleWebKit/537.36 (KHTML, like Gecko) Version/4.0 Chrome/74.0.3729.157 Safari/537.36 [FB_IAB/FB4A;FBAV/227.0.0.43.158;]"
93.143.130.154 - - [10/Jul/2019:12:43:10 +0000] "GET /uploads/images/fd620da28d087117a385b1717ba05925.jpg HTTP/1.1" 200 218422 "https://www.ing-victus.hr/kuce/beli-manastir-izvrsna-lokacija-18113-m2" "Mozilla/5.0 (Linux; Android 5.1.1; SM-T280 Build/LMY47V; wv) AppleWebKit/537.36 (KHTML, like Gecko) Version/4.0 Chrome/74.0.3729.157 Safari/537.36 [FB_IAB/FB4A;FBAV/227.0.0.43.158;]"
83.177.32.41 - - [10/Jul/2019:12:43:11 +0000] "GET /kuce/beli-manastir-izvrsna-lokacija-18113-m2 HTTP/1.1" 200 7199 "http://m.facebook.com/" "Mozilla/5.0 (Linux; Android 8.0.0; WAS-LX1 Build/HUAWEIWAS-LX1; wv) AppleWebKit/537.36 (KHTML, like Gecko) Version/4.0 Chrome/75.0.3770.101 Mobile Safari/537.36 [FB_IAB/FB4A;FBAV/228.0.0.41.124;]"
83.177.32.41 - - [10/Jul/2019:12:43:11 +0000] "GET /css/cookieconsent.min.css HTTP/1.1" 200 1209 "https://www.ing-victus.hr/kuce/beli-manastir-izvrsna-lokacija-18113-m2" "Mozilla/5.0 (Linux; Android 8.0.0; WAS-LX1 Build/HUAWEIWAS-LX1; wv) AppleWebKit/537.36 (KHTML, like Gecko) Version/4.0 Chrome/75.0.3770.101 Mobile Safari/537.36 [FB_IAB/FB4A;FBAV/228.0.0.41.124;]"
83.177.32.41 - - [10/Jul/2019:12:43:11 +0000] "GET /assets/plugins/flag/css/flag-icon.css HTTP/1.1" 200 2837 "https://www.ing-victus.hr/kuce/beli-manastir-izvrsna-lokacija-18113-m2" "Mozilla/5.0 (Linux; Android 8.0.0; WAS-LX1 Build/HUAWEIWAS-LX1; wv) AppleWebKit/537.36 (KHTML, like Gecko) Version/4.0 Chrome/75.0.3770.101 Mobile Safari/537.36 [FB_IAB/FB4A;FBAV/228.0.0.41.124;]"
83.177.32.41 - - [10/Jul/2019:12:43:11 +0000] "GET /css/style.css?v=9 HTTP/1.1" 200 27694 "https://www.ing-victus.hr/kuce/beli-manastir-izvrsna-lokacija-18113-m2" "Mozilla/5.0 (Linux; Android 8.0.0; WAS-LX1 Build/HUAWEIWAS-LX1; wv) AppleWebKit/537.36 (KHTML, like Gecko) Version/4.0 Chrome/75.0.3770.101 Mobile Safari/537.36 [FB_IAB/FB4A;FBAV/228.0.0.41.124;]"
83.177.32.41 - - [10/Jul/2019:12:43:11 +0000] "GET /css/responsive.css?v=3 HTTP/1.1" 200 5283 "https://www.ing-victus.hr/kuce/beli-manastir-izvrsna-lokacija-18113-m2" "Mozilla/5.0 (Linux; Android 8.0.0; WAS-LX1 Build/HUAWEIWAS-LX1; wv) AppleWebKit/537.36 (KHTML, like Gecko) Version/4.0 Chrome/75.0.3770.101 Mobile Safari/537.36 [FB_IAB/FB4A;FBAV/228.0.0.41.124;]"
83.177.32.41 - - [10/Jul/2019:12:43:11 +0000] "GET /css/color-themes/default-theme.css?v=3 HTTP/1.1" 200 2227 "https://www.ing-victus.hr/kuce/beli-manastir-izvrsna-lokacija-18113-m2" "Mozilla/5.0 (Linux; Android 8.0.0; WAS-LX1 Build/HUAWEIWAS-LX1; wv) AppleWebKit/537.36 (KHTML, like Gecko) Version/4.0 Chrome/75.0.3770.101 Mobile Safari/537.36 [FB_IAB/FB4A;FBAV/228.0.0.41.124;]"
83.177.32.41 - - [10/Jul/2019:12:43:11 +0000] "GET /css/bootstrap.css HTTP/1.1" 200 21086 "https://www.ing-victus.hr/kuce/beli-manastir-izvrsna-lokacija-18113-m2" "Mozilla/5.0 (Linux; Android 8.0.0; WAS-LX1 Build/HUAWEIWAS-LX1; wv) AppleWebKit/537.36 (KHTML, like Gecko) Version/4.0 Chrome/75.0.3770.101 Mobile Safari/537.36 [FB_IAB/FB4A;FBAV/228.0.0.41.124;]"
93.143.130.154 - - [10/Jul/2019:12:43:11 +0000] "GET /uploads/images/547aefb089af8f917cffdf432ad72396.jpg HTTP/1.1" 200 172513 "https://www.ing-victus.hr/kuce/beli-manastir-izvrsna-lokacija-18113-m2" "Mozilla/5.0 (Linux; Android 5.1.1; SM-T280 Build/LMY47V; wv) AppleWebKit/537.36 (KHTML, like Gecko) Version/4.0 Chrome/74.0.3729.157 Safari/537.36 [FB_IAB/FB4A;FBAV/227.0.0.43.158;]"
83.177.32.41 - - [10/Jul/2019:12:43:12 +0000] "GET /unitegallery/css/unite-gallery.css HTTP/1.1" 200 4825 "https://www.ing-victus.hr/kuce/beli-manastir-izvrsna-lokacija-18113-m2" "Mozilla/5.0 (Linux; Android 8.0.0; WAS-LX1 Build/HUAWEIWAS-LX1; wv) AppleWebKit/537.36 (KHTML, like Gecko) Version/4.0 Chrome/75.0.3770.101 Mobile Safari/537.36 [FB_IAB/FB4A;FBAV/228.0.0.41.124;]"
83.177.32.41 - - [10/Jul/2019:12:43:12 +0000] "GET /images/logo-white.png HTTP/1.1" 200 1466 "https://www.ing-victus.hr/kuce/beli-manastir-izvrsna-lokacija-18113-m2" "Mozilla/5.0 (Linux; Android 8.0.0; WAS-LX1 Build/HUAWEIWAS-LX1; wv) AppleWebKit/537.36 (KHTML, like Gecko) Version/4.0 Chrome/75.0.3770.101 Mobile Safari/537.36 [FB_IAB/FB4A;FBAV/228.0.0.41.124;]"
83.177.32.41 - - [10/Jul/2019:12:43:12 +0000] "GET /images/logo-sticky.png HTTP/1.1" 200 1258 "https://www.ing-victus.hr/kuce/beli-manastir-izvrsna-lokacija-18113-m2" "Mozilla/5.0 (Linux; Android 8.0.0; WAS-LX1 Build/HUAWEIWAS-LX1; wv) AppleWebKit/537.36 (KHTML, like Gecko) Version/4.0 Chrome/75.0.3770.101 Mobile Safari/537.36 [FB_IAB/FB4A;FBAV/228.0.0.41.124;]"
83.177.32.41 - - [10/Jul/2019:12:43:12 +0000] "GET /js/jquery.js HTTP/1.1" 200 33760 "https://www.ing-victus.hr/kuce/beli-manastir-izvrsna-lokacija-18113-m2" "Mozilla/5.0 (Linux; Android 8.0.0; WAS-LX1 Build/HUAWEIWAS-LX1; wv) AppleWebKit/537.36 (KHTML, like Gecko) Version/4.0 Chrome/75.0.3770.101 Mobile Safari/537.36 [FB_IAB/FB4A;FBAV/228.0.0.41.124;]"
83.177.32.41 - - [10/Jul/2019:12:43:12 +0000] "GET /js/popper.min.js HTTP/1.1" 200 7239 "https://www.ing-victus.hr/kuce/beli-manastir-izvrsna-lokacija-18113-m2" "Mozilla/5.0 (Linux; Android 8.0.0; WAS-LX1 Build/HUAWEIWAS-LX1; wv) AppleWebKit/537.36 (KHTML, like Gecko) Version/4.0 Chrome/75.0.3770.101 Mobile Safari/537.36 [FB_IAB/FB4A;FBAV/228.0.0.41.124;]"
83.177.32.41 - - [10/Jul/2019:12:43:12 +0000] "GET /css/flaticon.css HTTP/1.1" 200 2568 "https://www.ing-victus.hr/kuce/beli-manastir-izvrsna-lokacija-18113-m2" "Mozilla/5.0 (Linux; Android 8.0.0; WAS-LX1 Build/HUAWEIWAS-LX1; wv) AppleWebKit/537.36 (KHTML, like Gecko) Version/4.0 Chrome/75.0.3770.101 Mobile Safari/537.36 [FB_IAB/FB4A;FBAV/228.0.0.41.124;]"
83.177.32.41 - - [10/Jul/2019:12:43:12 +0000] "GET /css/line-awesome.css HTTP/1.1" 200 6330 "https://www.ing-victus.hr/kuce/beli-manastir-izvrsna-lokacija-18113-m2" "Mozilla/5.0 (Linux; Android 8.0.0; WAS-LX1 Build/HUAWEIWAS-LX1; wv) AppleWebKit/537.36 (KHTML, like Gecko) Version/4.0 Chrome/75.0.3770.101 Mobile Safari/537.36 [FB_IAB/FB4A;FBAV/228.0.0.41.124;]"
83.177.32.41 - - [10/Jul/2019:12:43:12 +0000] "GET /css/owl.css HTTP/1.1" 200 1159 "https://www.ing-victus.hr/kuce/beli-manastir-izvrsna-lokacija-18113-m2" "Mozilla/5.0 (Linux; Android 8.0.0; WAS-LX1 Build/HUAWEIWAS-LX1; wv) AppleWebKit/537.36 (KHTML, like Gecko) Version/4.0 Chrome/75.0.3770.101 Mobile Safari/537.36 [FB_IAB/FB4A;FBAV/228.0.0.41.124;]"
83.177.32.41 - - [10/Jul/2019:12:43:12 +0000] "GET /css/animate.css HTTP/1.1" 200 4629 "https://www.ing-victus.hr/kuce/beli-manastir-izvrsna-lokacija-18113-m2" "Mozilla/5.0 (Linux; Android 8.0.0; WAS-LX1 Build/HUAWEIWAS-LX1; wv) AppleWebKit/537.36 (KHTML, like Gecko) Version/4.0 Chrome/75.0.3770.101 Mobile Safari/537.36 [FB_IAB/FB4A;FBAV/228.0.0.41.124;]"
83.177.32.41 - - [10/Jul/2019:12:43:12 +0000] "GET /css/jquery.fancybox.min.css HTTP/1.1" 200 3155 "https://www.ing-victus.hr/kuce/beli-manastir-izvrsna-lokacija-18113-m2" "Mozilla/5.0 (Linux; Android 8.0.0; WAS-LX1 Build/HUAWEIWAS-LX1; wv) AppleWebKit/537.36 (KHTML, like Gecko) Version/4.0 Chrome/75.0.3770.101 Mobile Safari/537.36 [FB_IAB/FB4A;FBAV/228.0.0.41.124;]"
83.177.32.41 - - [10/Jul/2019:12:43:12 +0000] "GET /css/jquery-ui.css HTTP/1.1" 200 8372 "https://www.ing-victus.hr/kuce/beli-manastir-izvrsna-lokacija-18113-m2" "Mozilla/5.0 (Linux; Android 8.0.0; WAS-LX1 Build/HUAWEIWAS-LX1; wv) AppleWebKit/537.36 (KHTML, like Gecko) Version/4.0 Chrome/75.0.3770.101 Mobile Safari/537.36 [FB_IAB/FB4A;FBAV/228.0.0.41.124;]"
83.177.32.41 - - [10/Jul/2019:12:43:12 +0000] "GET /js/bootstrap.min.js HTTP/1.1" 200 14048 "https://www.ing-victus.hr/kuce/beli-manastir-izvrsna-lokacija-18113-m2" "Mozilla/5.0 (Linux; Android 8.0.0; WAS-LX1 Build/HUAWEIWAS-LX1; wv) AppleWebKit/537.36 (KHTML, like Gecko) Version/4.0 Chrome/75.0.3770.101 Mobile Safari/537.36 [FB_IAB/FB4A;FBAV/228.0.0.41.124;]"
83.177.32.41 - - [10/Jul/2019:12:43:12 +0000] "GET /js/jquery-ui.js HTTP/1.1" 200 125176 "https://www.ing-victus.hr/kuce/beli-manastir-izvrsna-lokacija-18113-m2" "Mozilla/5.0 (Linux; Android 8.0.0; WAS-LX1 Build/HUAWEIWAS-LX1; wv) AppleWebKit/537.36 (KHTML, like Gecko) Version/4.0 Chrome/75.0.3770.101 Mobile Safari/537.36 [FB_IAB/FB4A;FBAV/228.0.0.41.124;]"
83.177.32.41 - - [10/Jul/2019:12:43:12 +0000] "GET /js/owl.js HTTP/1.1" 200 18490 "https://www.ing-victus.hr/kuce/beli-manastir-izvrsna-lokacija-18113-m2" "Mozilla/5.0 (Linux; Android 8.0.0; WAS-LX1 Build/HUAWEIWAS-LX1; wv) AppleWebKit/537.36 (KHTML, like Gecko) Version/4.0 Chrome/75.0.3770.101 Mobile Safari/537.36 [FB_IAB/FB4A;FBAV/228.0.0.41.124;]"
83.177.32.41 - - [10/Jul/2019:12:43:12 +0000] "GET /js/jquery.fancybox.js HTTP/1.1" 200 36180 "https://www.ing-victus.hr/kuce/beli-manastir-izvrsna-lokacija-18113-m2" "Mozilla/5.0 (Linux; Android 8.0.0; WAS-LX1 Build/HUAWEIWAS-LX1; wv) AppleWebKit/537.36 (KHTML, like Gecko) Version/4.0 Chrome/75.0.3770.101 Mobile Safari/537.36 [FB_IAB/FB4A;FBAV/228.0.0.41.124;]"
83.177.32.41 - - [10/Jul/2019:12:43:12 +0000] "GET /js/wow.js HTTP/1.1" 200 2209 "https://www.ing-victus.hr/kuce/beli-manastir-izvrsna-lokacija-18113-m2" "Mozilla/5.0 (Linux; Android 8.0.0; WAS-LX1 Build/HUAWEIWAS-LX1; wv) AppleWebKit/537.36 (KHTML, like Gecko) Version/4.0 Chrome/75.0.3770.101 Mobile Safari/537.36 [FB_IAB/FB4A;FBAV/228.0.0.41.124;]"
83.177.32.41 - - [10/Jul/2019:12:43:12 +0000] "GET /js/isotope.js HTTP/1.1" 200 10182 "https://www.ing-victus.hr/kuce/beli-manastir-izvrsna-lokacija-18113-m2" "Mozilla/5.0 (Linux; Android 8.0.0; WAS-LX1 Build/HUAWEIWAS-LX1; wv) AppleWebKit/537.36 (KHTML, like Gecko) Version/4.0 Chrome/75.0.3770.101 Mobile Safari/537.36 [FB_IAB/FB4A;FBAV/228.0.0.41.124;]"
83.177.32.41 - - [10/Jul/2019:12:43:12 +0000] "GET /js/appear.js HTTP/1.1" 200 1359 "https://www.ing-victus.hr/kuce/beli-manastir-izvrsna-lokacija-18113-m2" "Mozilla/5.0 (Linux; Android 8.0.0; WAS-LX1 Build/HUAWEIWAS-LX1; wv) AppleWebKit/537.36 (KHTML, like Gecko) Version/4.0 Chrome/75.0.3770.101 Mobile Safari/537.36 [FB_IAB/FB4A;FBAV/228.0.0.41.124;]"
83.177.32.41 - - [10/Jul/2019:12:43:12 +0000] "GET /js/script.js?v=2 HTTP/1.1" 200 3465 "https://www.ing-victus.hr/kuce/beli-manastir-izvrsna-lokacija-18113-m2" "Mozilla/5.0 (Linux; Android 8.0.0; WAS-LX1 Build/HUAWEIWAS-LX1; wv) AppleWebKit/537.36 (KHTML, like Gecko) Version/4.0 Chrome/75.0.3770.101 Mobile Safari/537.36 [FB_IAB/FB4A;FBAV/228.0.0.41.124;]"
83.177.32.41 - - [10/Jul/2019:12:43:13 +0000] "GET /js/cookieconsent.min.js HTTP/1.1" 200 6849 "https://www.ing-victus.hr/kuce/beli-manastir-izvrsna-lokacija-18113-m2" "Mozilla/5.0 (Linux; Android 8.0.0; WAS-LX1 Build/HUAWEIWAS-LX1; wv) AppleWebKit/537.36 (KHTML, like Gecko) Version/4.0 Chrome/75.0.3770.101 Mobile Safari/537.36 [FB_IAB/FB4A;FBAV/228.0.0.41.124;]"
83.177.32.41 - - [10/Jul/2019:12:43:13 +0000] "GET /unitegallery/js/jquery-11.0.min.js HTTP/1.1" 200 33369 "https://www.ing-victus.hr/kuce/beli-manastir-izvrsna-lokacija-18113-m2" "Mozilla/5.0 (Linux; Android 8.0.0; WAS-LX1 Build/HUAWEIWAS-LX1; wv) AppleWebKit/537.36 (KHTML, like Gecko) Version/4.0 Chrome/75.0.3770.101 Mobile Safari/537.36 [FB_IAB/FB4A;FBAV/228.0.0.41.124;]"
83.177.32.41 - - [10/Jul/2019:12:43:13 +0000] "GET /unitegallery/themes/compact/ug-theme-compact.js HTTP/1.1" 200 2477 "https://www.ing-victus.hr/kuce/beli-manastir-izvrsna-lokacija-18113-m2" "Mozilla/5.0 (Linux; Android 8.0.0; WAS-LX1 Build/HUAWEIWAS-LX1; wv) AppleWebKit/537.36 (KHTML, like Gecko) Version/4.0 Chrome/75.0.3770.101 Mobile Safari/537.36 [FB_IAB/FB4A;FBAV/228.0.0.41.124;]"
83.177.32.41 - - [10/Jul/2019:12:43:13 +0000] "GET /unitegallery/js/unitegallery.min.js HTTP/1.1" 200 66910 "https://www.ing-victus.hr/kuce/beli-manastir-izvrsna-lokacija-18113-m2" "Mozilla/5.0 (Linux; Android 8.0.0; WAS-LX1 Build/HUAWEIWAS-LX1; wv) AppleWebKit/537.36 (KHTML, like Gecko) Version/4.0 Chrome/75.0.3770.101 Mobile Safari/537.36 [FB_IAB/FB4A;FBAV/228.0.0.41.124;]"
83.177.32.41 - - [10/Jul/2019:12:43:13 +0000] "GET /uploads/thumbnails/18819a0c33c971a5f69599e505300b09.jpg HTTP/1.1" 200 52143 "https://www.ing-victus.hr/kuce/beli-manastir-izvrsna-lokacija-18113-m2" "Mozilla/5.0 (Linux; Android 8.0.0; WAS-LX1 Build/HUAWEIWAS-LX1; wv) AppleWebKit/537.36 (KHTML, like Gecko) Version/4.0 Chrome/75.0.3770.101 Mobile Safari/537.36 [FB_IAB/FB4A;FBAV/228.0.0.41.124;]"
83.177.32.41 - - [10/Jul/2019:12:43:13 +0000] "GET /uploads/thumbnails/a08bf3ecf2fc19b20cdfc0a19af4b340.jpg HTTP/1.1" 200 59417 "https://www.ing-victus.hr/kuce/beli-manastir-izvrsna-lokacija-18113-m2" "Mozilla/5.0 (Linux; Android 8.0.0; WAS-LX1 Build/HUAWEIWAS-LX1; wv) AppleWebKit/537.36 (KHTML, like Gecko) Version/4.0 Chrome/75.0.3770.101 Mobile Safari/537.36 [FB_IAB/FB4A;FBAV/228.0.0.41.124;]"
83.177.32.41 - - [10/Jul/2019:12:43:13 +0000] "GET /uploads/thumbnails/b51838605fc47c39fc68d530828b84fd.jpg HTTP/1.1" 200 56573 "https://www.ing-victus.hr/kuce/beli-manastir-izvrsna-lokacija-18113-m2" "Mozilla/5.0 (Linux; Android 8.0.0; WAS-LX1 Build/HUAWEIWAS-LX1; wv) AppleWebKit/537.36 (KHTML, like Gecko) Version/4.0 Chrome/75.0.3770.101 Mobile Safari/537.36 [FB_IAB/FB4A;FBAV/228.0.0.41.124;]"
83.177.32.41 - - [10/Jul/2019:12:43:13 +0000] "GET /uploads/thumbnails/b38e865549bdb325524f1c570ab4f638.jpg HTTP/1.1" 200 57844 "https://www.ing-victus.hr/kuce/beli-manastir-izvrsna-lokacija-18113-m2" "Mozilla/5.0 (Linux; Android 8.0.0; WAS-LX1 Build/HUAWEIWAS-LX1; wv) AppleWebKit/537.36 (KHTML, like Gecko) Version/4.0 Chrome/75.0.3770.101 Mobile Safari/537.36 [FB_IAB/FB4A;FBAV/228.0.0.41.124;]"
83.177.32.41 - - [10/Jul/2019:12:43:13 +0000] "GET /fonts/line-awesome.woff2?v=1.1. HTTP/1.1" 200 45108 "https://www.ing-victus.hr/css/line-awesome.css" "Mozilla/5.0 (Linux; Android 8.0.0; WAS-LX1 Build/HUAWEIWAS-LX1; wv) AppleWebKit/537.36 (KHTML, like Gecko) Version/4.0 Chrome/75.0.3770.101 Mobile Safari/537.36 [FB_IAB/FB4A;FBAV/228.0.0.41.124;]"
93.143.130.154 - - [10/Jul/2019:12:43:13 +0000] "GET /uploads/images/9b6409a7d1a1511f6d17fae254fbcf5e.jpg HTTP/1.1" 200 130433 "https://www.ing-victus.hr/kuce/beli-manastir-izvrsna-lokacija-18113-m2" "Mozilla/5.0 (Linux; Android 5.1.1; SM-T280 Build/LMY47V; wv) AppleWebKit/537.36 (KHTML, like Gecko) Version/4.0 Chrome/74.0.3729.157 Safari/537.36 [FB_IAB/FB4A;FBAV/227.0.0.43.158;]"
83.177.32.41 - - [10/Jul/2019:12:43:13 +0000] "GET /images/icons/preloader.svg?v=2 HTTP/1.1" 200 686 "https://www.ing-victus.hr/css/style.css?v=9" "Mozilla/5.0 (Linux; Android 8.0.0; WAS-LX1 Build/HUAWEIWAS-LX1; wv) AppleWebKit/537.36 (KHTML, like Gecko) Version/4.0 Chrome/75.0.3770.101 Mobile Safari/537.36 [FB_IAB/FB4A;FBAV/228.0.0.41.124;]"
83.177.32.41 - - [10/Jul/2019:12:43:13 +0000] "GET /fonts/Flaticon.woff HTTP/1.1" 200 55964 "https://www.ing-victus.hr/css/flaticon.css" "Mozilla/5.0 (Linux; Android 8.0.0; WAS-LX1 Build/HUAWEIWAS-LX1; wv) AppleWebKit/537.36 (KHTML, like Gecko) Version/4.0 Chrome/75.0.3770.101 Mobile Safari/537.36 [FB_IAB/FB4A;FBAV/228.0.0.41.124;]"
83.177.32.41 - - [10/Jul/2019:12:43:13 +0000] "GET /uploads/thumbnails/7d1a7b972db3eae271a2f49c1e6f2732.jpg HTTP/1.1" 200 33167 "https://www.ing-victus.hr/kuce/beli-manastir-izvrsna-lokacija-18113-m2" "Mozilla/5.0 (Linux; Android 8.0.0; WAS-LX1 Build/HUAWEIWAS-LX1; wv) AppleWebKit/537.36 (KHTML, like Gecko) Version/4.0 Chrome/75.0.3770.101 Mobile Safari/537.36 [FB_IAB/FB4A;FBAV/228.0.0.41.124;]"
83.177.32.41 - - [10/Jul/2019:12:43:13 +0000] "GET /uploads/thumbnails/e0c799c51e9fd3fa33d0eb2e88a3d605.jpg HTTP/1.1" 200 64564 "https://www.ing-victus.hr/kuce/beli-manastir-izvrsna-lokacija-18113-m2" "Mozilla/5.0 (Linux; Android 8.0.0; WAS-LX1 Build/HUAWEIWAS-LX1; wv) AppleWebKit/537.36 (KHTML, like Gecko) Version/4.0 Chrome/75.0.3770.101 Mobile Safari/537.36 [FB_IAB/FB4A;FBAV/228.0.0.41.124;]"
83.177.32.41 - - [10/Jul/2019:12:43:14 +0000] "GET /uploads/thumbnails/fd620da28d087117a385b1717ba05925.jpg HTTP/1.1" 200 31217 "https://www.ing-victus.hr/kuce/beli-manastir-izvrsna-lokacija-18113-m2" "Mozilla/5.0 (Linux; Android 8.0.0; WAS-LX1 Build/HUAWEIWAS-LX1; wv) AppleWebKit/537.36 (KHTML, like Gecko) Version/4.0 Chrome/75.0.3770.101 Mobile Safari/537.36 [FB_IAB/FB4A;FBAV/228.0.0.41.124;]"
83.177.32.41 - - [10/Jul/2019:12:43:14 +0000] "GET /uploads/thumbnails/547aefb089af8f917cffdf432ad72396.jpg HTTP/1.1" 200 22830 "https://www.ing-victus.hr/kuce/beli-manastir-izvrsna-lokacija-18113-m2" "Mozilla/5.0 (Linux; Android 8.0.0; WAS-LX1 Build/HUAWEIWAS-LX1; wv) AppleWebKit/537.36 (KHTML, like Gecko) Version/4.0 Chrome/75.0.3770.101 Mobile Safari/537.36 [FB_IAB/FB4A;FBAV/228.0.0.41.124;]"
83.177.32.41 - - [10/Jul/2019:12:43:14 +0000] "GET /uploads/thumbnails/9b6409a7d1a1511f6d17fae254fbcf5e.jpg HTTP/1.1" 200 20200 "https://www.ing-victus.hr/kuce/beli-manastir-izvrsna-lokacija-18113-m2" "Mozilla/5.0 (Linux; Android 8.0.0; WAS-LX1 Build/HUAWEIWAS-LX1; wv) AppleWebKit/537.36 (KHTML, like Gecko) Version/4.0 Chrome/75.0.3770.101 Mobile Safari/537.36 [FB_IAB/FB4A;FBAV/228.0.0.41.124;]"
83.177.32.41 - - [10/Jul/2019:12:43:14 +0000] "GET /uploads/thumbnails/9c4d17ff3f0ac58b962c1e1709f5bcb3.jpg HTTP/1.1" 200 20426 "https://www.ing-victus.hr/kuce/beli-manastir-izvrsna-lokacija-18113-m2" "Mozilla/5.0 (Linux; Android 8.0.0; WAS-LX1 Build/HUAWEIWAS-LX1; wv) AppleWebKit/537.36 (KHTML, like Gecko) Version/4.0 Chrome/75.0.3770.101 Mobile Safari/537.36 [FB_IAB/FB4A;FBAV/228.0.0.41.124;]"
83.177.32.41 - - [10/Jul/2019:12:43:14 +0000] "GET /uploads/thumbnails/739357fdf4d7d000f933e3e8975c1afe.jpg HTTP/1.1" 200 20123 "https://www.ing-victus.hr/kuce/beli-manastir-izvrsna-lokacija-18113-m2" "Mozilla/5.0 (Linux; Android 8.0.0; WAS-LX1 Build/HUAWEIWAS-LX1; wv) AppleWebKit/537.36 (KHTML, like Gecko) Version/4.0 Chrome/75.0.3770.101 Mobile Safari/537.36 [FB_IAB/FB4A;FBAV/228.0.0.41.124;]"
83.177.32.41 - - [10/Jul/2019:12:43:14 +0000] "GET /uploads/thumbnails/289599c7fce28cc8b0364be71a434695.jpg HTTP/1.1" 200 27636 "https://www.ing-victus.hr/kuce/beli-manastir-izvrsna-lokacija-18113-m2" "Mozilla/5.0 (Linux; Android 8.0.0; WAS-LX1 Build/HUAWEIWAS-LX1; wv) AppleWebKit/537.36 (KHTML, like Gecko) Version/4.0 Chrome/75.0.3770.101 Mobile Safari/537.36 [FB_IAB/FB4A;FBAV/228.0.0.41.124;]"
93.143.130.154 - - [10/Jul/2019:12:43:15 +0000] "GET /uploads/images/9c4d17ff3f0ac58b962c1e1709f5bcb3.jpg HTTP/1.1" 200 140279 "https://www.ing-victus.hr/kuce/beli-manastir-izvrsna-lokacija-18113-m2" "Mozilla/5.0 (Linux; Android 5.1.1; SM-T280 Build/LMY47V; wv) AppleWebKit/537.36 (KHTML, like Gecko) Version/4.0 Chrome/74.0.3729.157 Safari/537.36 [FB_IAB/FB4A;FBAV/227.0.0.43.158;]"
83.177.32.41 - - [10/Jul/2019:12:43:15 +0000] "GET /uploads/thumbnails/d8e8033459fb256522839017dc110ce6.jpg HTTP/1.1" 200 40689 "https://www.ing-victus.hr/kuce/beli-manastir-izvrsna-lokacija-18113-m2" "Mozilla/5.0 (Linux; Android 8.0.0; WAS-LX1 Build/HUAWEIWAS-LX1; wv) AppleWebKit/537.36 (KHTML, like Gecko) Version/4.0 Chrome/75.0.3770.101 Mobile Safari/537.36 [FB_IAB/FB4A;FBAV/228.0.0.41.124;]"
83.177.32.41 - - [10/Jul/2019:12:43:15 +0000] "GET /uploads/thumbnails/1960857604f69f765a3787af9cc9ba29.jpg HTTP/1.1" 200 31044 "https://www.ing-victus.hr/kuce/beli-manastir-izvrsna-lokacija-18113-m2" "Mozilla/5.0 (Linux; Android 8.0.0; WAS-LX1 Build/HUAWEIWAS-LX1; wv) AppleWebKit/537.36 (KHTML, like Gecko) Version/4.0 Chrome/75.0.3770.101 Mobile Safari/537.36 [FB_IAB/FB4A;FBAV/228.0.0.41.124;]"
83.177.32.41 - - [10/Jul/2019:12:43:15 +0000] "GET /uploads/thumbnails/b677eda91e22ddcc7beb8522539dbe85.jpg HTTP/1.1" 200 41970 "https://www.ing-victus.hr/kuce/beli-manastir-izvrsna-lokacija-18113-m2" "Mozilla/5.0 (Linux; Android 8.0.0; WAS-LX1 Build/HUAWEIWAS-LX1; wv) AppleWebKit/537.36 (KHTML, like Gecko) Version/4.0 Chrome/75.0.3770.101 Mobile Safari/537.36 [FB_IAB/FB4A;FBAV/228.0.0.41.124;]"
83.177.32.41 - - [10/Jul/2019:12:43:15 +0000] "GET /uploads/thumbnails/bc87201da59bc8740310b4f19c78716f.jpg HTTP/1.1" 200 42485 "https://www.ing-victus.hr/kuce/beli-manastir-izvrsna-lokacija-18113-m2" "Mozilla/5.0 (Linux; Android 8.0.0; WAS-LX1 Build/HUAWEIWAS-LX1; wv) AppleWebKit/537.36 (KHTML, like Gecko) Version/4.0 Chrome/75.0.3770.101 Mobile Safari/537.36 [FB_IAB/FB4A;FBAV/228.0.0.41.124;]"
83.177.32.41 - - [10/Jul/2019:12:43:15 +0000] "GET /uploads/thumbnails/41aeb05cc390318603d6e1bd0a365a70.JPG HTTP/1.1" 200 25235 "https://www.ing-victus.hr/kuce/beli-manastir-izvrsna-lokacija-18113-m2" "Mozilla/5.0 (Linux; Android 8.0.0; WAS-LX1 Build/HUAWEIWAS-LX1; wv) AppleWebKit/537.36 (KHTML, like Gecko) Version/4.0 Chrome/75.0.3770.101 Mobile Safari/537.36 [FB_IAB/FB4A;FBAV/228.0.0.41.124;]"
83.177.32.41 - - [10/Jul/2019:12:43:13 +0000] "GET /images/background/16.jpg HTTP/1.1" 200 484974 "https://www.ing-victus.hr/kuce/beli-manastir-izvrsna-lokacija-18113-m2" "Mozilla/5.0 (Linux; Android 8.0.0; WAS-LX1 Build/HUAWEIWAS-LX1; wv) AppleWebKit/537.36 (KHTML, like Gecko) Version/4.0 Chrome/75.0.3770.101 Mobile Safari/537.36 [FB_IAB/FB4A;FBAV/228.0.0.41.124;]"
83.177.32.41 - - [10/Jul/2019:12:43:15 +0000] "GET /uploads/thumbnails/868949de8dec32e1ecab5d16665a4405.JPG HTTP/1.1" 200 16197 "https://www.ing-victus.hr/kuce/beli-manastir-izvrsna-lokacija-18113-m2" "Mozilla/5.0 (Linux; Android 8.0.0; WAS-LX1 Build/HUAWEIWAS-LX1; wv) AppleWebKit/537.36 (KHTML, like Gecko) Version/4.0 Chrome/75.0.3770.101 Mobile Safari/537.36 [FB_IAB/FB4A;FBAV/228.0.0.41.124;]"
83.177.32.41 - - [10/Jul/2019:12:43:15 +0000] "GET /uploads/thumbnails/c322dda2dfeceaba0287be092dfea1f3.jpg HTTP/1.1" 200 53938 "https://www.ing-victus.hr/kuce/beli-manastir-izvrsna-lokacija-18113-m2" "Mozilla/5.0 (Linux; Android 8.0.0; WAS-LX1 Build/HUAWEIWAS-LX1; wv) AppleWebKit/537.36 (KHTML, like Gecko) Version/4.0 Chrome/75.0.3770.101 Mobile Safari/537.36 [FB_IAB/FB4A;FBAV/228.0.0.41.124;]"
83.177.32.41 - - [10/Jul/2019:12:43:15 +0000] "GET /uploads/thumbnails/a33bcf340604d889347e077f6b1e79a0.jpg HTTP/1.1" 200 70433 "https://www.ing-victus.hr/kuce/beli-manastir-izvrsna-lokacija-18113-m2" "Mozilla/5.0 (Linux; Android 8.0.0; WAS-LX1 Build/HUAWEIWAS-LX1; wv) AppleWebKit/537.36 (KHTML, like Gecko) Version/4.0 Chrome/75.0.3770.101 Mobile Safari/537.36 [FB_IAB/FB4A;FBAV/228.0.0.41.124;]"
83.177.32.41 - - [10/Jul/2019:12:43:16 +0000] "GET /unitegallery/images/cover-grid.png HTTP/1.1" 200 933 "https://www.ing-victus.hr/unitegallery/css/unite-gallery.css" "Mozilla/5.0 (Linux; Android 8.0.0; WAS-LX1 Build/HUAWEIWAS-LX1; wv) AppleWebKit/537.36 (KHTML, like Gecko) Version/4.0 Chrome/75.0.3770.101 Mobile Safari/537.36 [FB_IAB/FB4A;FBAV/228.0.0.41.124;]"
83.177.32.41 - - [10/Jul/2019:12:43:16 +0000] "GET /unitegallery/images/loader.gif HTTP/1.1" 200 673 "https://www.ing-victus.hr/unitegallery/css/unite-gallery.css" "Mozilla/5.0 (Linux; Android 8.0.0; WAS-LX1 Build/HUAWEIWAS-LX1; wv) AppleWebKit/537.36 (KHTML, like Gecko) Version/4.0 Chrome/75.0.3770.101 Mobile Safari/537.36 [FB_IAB/FB4A;FBAV/228.0.0.41.124;]"
83.177.32.41 - - [10/Jul/2019:12:43:16 +0000] "GET /unitegallery/images/not_loaded.png HTTP/1.1" 200 858 "https://www.ing-victus.hr/unitegallery/css/unite-gallery.css" "Mozilla/5.0 (Linux; Android 8.0.0; WAS-LX1 Build/HUAWEIWAS-LX1; wv) AppleWebKit/537.36 (KHTML, like Gecko) Version/4.0 Chrome/75.0.3770.101 Mobile Safari/537.36 [FB_IAB/FB4A;FBAV/228.0.0.41.124;]"
83.177.32.41 - - [10/Jul/2019:12:43:16 +0000] "GET /unitegallery/images/loader-white1.gif HTTP/1.1" 200 2545 "https://www.ing-victus.hr/unitegallery/css/unite-gallery.css" "Mozilla/5.0 (Linux; Android 8.0.0; WAS-LX1 Build/HUAWEIWAS-LX1; wv) AppleWebKit/537.36 (KHTML, like Gecko) Version/4.0 Chrome/75.0.3770.101 Mobile Safari/537.36 [FB_IAB/FB4A;FBAV/228.0.0.41.124;]"
83.177.32.41 - - [10/Jul/2019:12:43:16 +0000] "GET /unitegallery/images/play-button-square.png HTTP/1.1" 200 4591 "https://www.ing-victus.hr/unitegallery/css/unite-gallery.css" "Mozilla/5.0 (Linux; Android 8.0.0; WAS-LX1 Build/HUAWEIWAS-LX1; wv) AppleWebKit/537.36 (KHTML, like Gecko) Version/4.0 Chrome/75.0.3770.101 Mobile Safari/537.36 [FB_IAB/FB4A;FBAV/228.0.0.41.124;]"
93.143.130.154 - - [10/Jul/2019:12:43:16 +0000] "GET /uploads/images/739357fdf4d7d000f933e3e8975c1afe.jpg HTTP/1.1" 200 131721 "https://www.ing-victus.hr/kuce/beli-manastir-izvrsna-lokacija-18113-m2" "Mozilla/5.0 (Linux; Android 5.1.1; SM-T280 Build/LMY47V; wv) AppleWebKit/537.36 (KHTML, like Gecko) Version/4.0 Chrome/74.0.3729.157 Safari/537.36 [FB_IAB/FB4A;FBAV/227.0.0.43.158;]"
83.177.32.41 - - [10/Jul/2019:12:43:16 +0000] "GET /unitegallery/skins/default/slider_arrow_left.png HTTP/1.1" 200 493 "https://www.ing-victus.hr/unitegallery/css/unite-gallery.css" "Mozilla/5.0 (Linux; Android 8.0.0; WAS-LX1 Build/HUAWEIWAS-LX1; wv) AppleWebKit/537.36 (KHTML, like Gecko) Version/4.0 Chrome/75.0.3770.101 Mobile Safari/537.36 [FB_IAB/FB4A;FBAV/228.0.0.41.124;]"
83.177.32.41 - - [10/Jul/2019:12:43:16 +0000] "GET /unitegallery/skins/default/button_fullscreen.png HTTP/1.1" 200 1146 "https://www.ing-victus.hr/unitegallery/css/unite-gallery.css" "Mozilla/5.0 (Linux; Android 8.0.0; WAS-LX1 Build/HUAWEIWAS-LX1; wv) AppleWebKit/537.36 (KHTML, like Gecko) Version/4.0 Chrome/75.0.3770.101 Mobile Safari/537.36 [FB_IAB/FB4A;FBAV/228.0.0.41.124;]"
83.177.32.41 - - [10/Jul/2019:12:43:16 +0000] "GET /unitegallery/skins/default/slider_arrow_right.png HTTP/1.1" 200 505 "https://www.ing-victus.hr/unitegallery/css/unite-gallery.css" "Mozilla/5.0 (Linux; Android 8.0.0; WAS-LX1 Build/HUAWEIWAS-LX1; wv) AppleWebKit/537.36 (KHTML, like Gecko) Version/4.0 Chrome/75.0.3770.101 Mobile Safari/537.36 [FB_IAB/FB4A;FBAV/228.0.0.41.124;]"
83.177.32.41 - - [10/Jul/2019:12:43:16 +0000] "GET /unitegallery/images/loader-black1.gif HTTP/1.1" 200 5855 "https://www.ing-victus.hr/unitegallery/css/unite-gallery.css" "Mozilla/5.0 (Linux; Android 8.0.0; WAS-LX1 Build/HUAWEIWAS-LX1; wv) AppleWebKit/537.36 (KHTML, like Gecko) Version/4.0 Chrome/75.0.3770.101 Mobile Safari/537.36 [FB_IAB/FB4A;FBAV/228.0.0.41.124;]"
83.177.32.41 - - [10/Jul/2019:12:43:16 +0000] "GET /unitegallery/images/button-close.png HTTP/1.1" 200 7155 "https://www.ing-victus.hr/unitegallery/css/unite-gallery.css" "Mozilla/5.0 (Linux; Android 8.0.0; WAS-LX1 Build/HUAWEIWAS-LX1; wv) AppleWebKit/537.36 (KHTML, like Gecko) Version/4.0 Chrome/75.0.3770.101 Mobile Safari/537.36 [FB_IAB/FB4A;FBAV/228.0.0.41.124;]"
83.177.32.41 - - [10/Jul/2019:12:43:17 +0000] "GET /uploads/images/868949de8dec32e1ecab5d16665a4405.JPG HTTP/1.1" 200 50685 "https://www.ing-victus.hr/kuce/beli-manastir-izvrsna-lokacija-18113-m2" "Mozilla/5.0 (Linux; Android 8.0.0; WAS-LX1 Build/HUAWEIWAS-LX1; wv) AppleWebKit/537.36 (KHTML, like Gecko) Version/4.0 Chrome/75.0.3770.101 Mobile Safari/537.36 [FB_IAB/FB4A;FBAV/228.0.0.41.124;]"
83.177.32.41 - - [10/Jul/2019:12:43:16 +0000] "GET /uploads/images/a08bf3ecf2fc19b20cdfc0a19af4b340.jpg HTTP/1.1" 200 380727 "https://www.ing-victus.hr/kuce/beli-manastir-izvrsna-lokacija-18113-m2" "Mozilla/5.0 (Linux; Android 8.0.0; WAS-LX1 Build/HUAWEIWAS-LX1; wv) AppleWebKit/537.36 (KHTML, like Gecko) Version/4.0 Chrome/75.0.3770.101 Mobile Safari/537.36 [FB_IAB/FB4A;FBAV/228.0.0.41.124;]"
93.143.130.154 - - [10/Jul/2019:12:43:17 +0000] "GET /uploads/images/289599c7fce28cc8b0364be71a434695.jpg HTTP/1.1" 200 211933 "https://www.ing-victus.hr/kuce/beli-manastir-izvrsna-lokacija-18113-m2" "Mozilla/5.0 (Linux; Android 5.1.1; SM-T280 Build/LMY47V; wv) AppleWebKit/537.36 (KHTML, like Gecko) Version/4.0 Chrome/74.0.3729.157 Safari/537.36 [FB_IAB/FB4A;FBAV/227.0.0.43.158;]"
83.177.32.41 - - [10/Jul/2019:12:43:16 +0000] "GET /uploads/images/18819a0c33c971a5f69599e505300b09.jpg HTTP/1.1" 200 331928 "https://www.ing-victus.hr/kuce/beli-manastir-izvrsna-lokacija-18113-m2" "Mozilla/5.0 (Linux; Android 8.0.0; WAS-LX1 Build/HUAWEIWAS-LX1; wv) AppleWebKit/537.36 (KHTML, like Gecko) Version/4.0 Chrome/75.0.3770.101 Mobile Safari/537.36 [FB_IAB/FB4A;FBAV/228.0.0.41.124;]"
93.143.130.154 - - [10/Jul/2019:12:43:18 +0000] "GET /uploads/images/d8e8033459fb256522839017dc110ce6.jpg HTTP/1.1" 200 255347 "https://www.ing-victus.hr/kuce/beli-manastir-izvrsna-lokacija-18113-m2" "Mozilla/5.0 (Linux; Android 5.1.1; SM-T280 Build/LMY47V; wv) AppleWebKit/537.36 (KHTML, like Gecko) Version/4.0 Chrome/74.0.3729.157 Safari/537.36 [FB_IAB/FB4A;FBAV/227.0.0.43.158;]"
93.143.130.154 - - [10/Jul/2019:12:43:19 +0000] "GET /uploads/images/1960857604f69f765a3787af9cc9ba29.jpg HTTP/1.1" 200 236204 "https://www.ing-victus.hr/kuce/beli-manastir-izvrsna-lokacija-18113-m2" "Mozilla/5.0 (Linux; Android 5.1.1; SM-T280 Build/LMY47V; wv) AppleWebKit/537.36 (KHTML, like Gecko) Version/4.0 Chrome/74.0.3729.157 Safari/537.36 [FB_IAB/FB4A;FBAV/227.0.0.43.158;]"
83.177.32.41 - - [10/Jul/2019:12:43:15 +0000] "GET /images/background/3.jpg HTTP/1.1" 200 1208371 "https://www.ing-victus.hr/kuce/beli-manastir-izvrsna-lokacija-18113-m2" "Mozilla/5.0 (Linux; Android 8.0.0; WAS-LX1 Build/HUAWEIWAS-LX1; wv) AppleWebKit/537.36 (KHTML, like Gecko) Version/4.0 Chrome/75.0.3770.101 Mobile Safari/537.36 [FB_IAB/FB4A;FBAV/228.0.0.41.124;]"
93.143.130.154 - - [10/Jul/2019:12:43:21 +0000] "GET /uploads/images/b677eda91e22ddcc7beb8522539dbe85.jpg HTTP/1.1" 200 269332 "https://www.ing-victus.hr/kuce/beli-manastir-izvrsna-lokacija-18113-m2" "Mozilla/5.0 (Linux; Android 5.1.1; SM-T280 Build/LMY47V; wv) AppleWebKit/537.36 (KHTML, like Gecko) Version/4.0 Chrome/74.0.3729.157 Safari/537.36 [FB_IAB/FB4A;FBAV/227.0.0.43.158;]"
93.143.130.154 - - [10/Jul/2019:12:43:22 +0000] "GET /uploads/images/bc87201da59bc8740310b4f19c78716f.jpg HTTP/1.1" 200 236446 "https://www.ing-victus.hr/kuce/beli-manastir-izvrsna-lokacija-18113-m2" "Mozilla/5.0 (Linux; Android 5.1.1; SM-T280 Build/LMY47V; wv) AppleWebKit/537.36 (KHTML, like Gecko) Version/4.0 Chrome/74.0.3729.157 Safari/537.36 [FB_IAB/FB4A;FBAV/227.0.0.43.158;]"
93.143.130.154 - - [10/Jul/2019:12:43:23 +0000] "GET /uploads/images/c322dda2dfeceaba0287be092dfea1f3.jpg HTTP/1.1" 200 368458 "https://www.ing-victus.hr/kuce/beli-manastir-izvrsna-lokacija-18113-m2" "Mozilla/5.0 (Linux; Android 5.1.1; SM-T280 Build/LMY47V; wv) AppleWebKit/537.36 (KHTML, like Gecko) Version/4.0 Chrome/74.0.3729.157 Safari/537.36 [FB_IAB/FB4A;FBAV/227.0.0.43.158;]"
83.177.32.41 - - [10/Jul/2019:12:43:25 +0000] "GET /kuce/beli-manastir-izvrsna-lokacija-18113-m2 HTTP/1.1" 200 7199 "http://m.facebook.com/" "Mozilla/5.0 (Linux; Android 8.0.0; WAS-LX1 Build/HUAWEIWAS-LX1; wv) AppleWebKit/537.36 (KHTML, like Gecko) Version/4.0 Chrome/75.0.3770.101 Mobile Safari/537.36 [FB_IAB/FB4A;FBAV/228.0.0.41.124;]"
83.177.32.41 - - [10/Jul/2019:12:43:26 +0000] "GET /assets/plugins/flag/flags/4x3/hr.svg HTTP/1.1" 200 80697 "https://www.ing-victus.hr/assets/plugins/flag/css/flag-icon.css" "Mozilla/5.0 (Linux; Android 8.0.0; WAS-LX1 Build/HUAWEIWAS-LX1; wv) AppleWebKit/537.36 (KHTML, like Gecko) Version/4.0 Chrome/75.0.3770.101 Mobile Safari/537.36 [FB_IAB/FB4A;FBAV/228.0.0.41.124;]"
93.143.130.154 - - [10/Jul/2019:12:43:27 +0000] "GET /uploads/images/a33bcf340604d889347e077f6b1e79a0.jpg HTTP/1.1" 200 437261 "https://www.ing-victus.hr/kuce/beli-manastir-izvrsna-lokacija-18113-m2" "Mozilla/5.0 (Linux; Android 5.1.1; SM-T280 Build/LMY47V; wv) AppleWebKit/537.36 (KHTML, like Gecko) Version/4.0 Chrome/74.0.3729.157 Safari/537.36 [FB_IAB/FB4A;FBAV/227.0.0.43.158;]"
83.177.32.41 - - [10/Jul/2019:12:43:28 +0000] "GET /favicon-16x16.png HTTP/1.1" 200 986 "https://www.ing-victus.hr/kuce/beli-manastir-izvrsna-lokacija-18113-m2" "Mozilla/5.0 (Linux; Android 8.0.0; WAS-LX1 Build/HUAWEIWAS-LX1; wv) AppleWebKit/537.36 (KHTML, like Gecko) Version/4.0 Chrome/75.0.3770.101 Mobile Safari/537.36 [FB_IAB/FB4A;FBAV/228.0.0.41.124;]"
83.177.32.41 - - [10/Jul/2019:12:43:28 +0000] "GET /favicon-32x32.png HTTP/1.1" 200 1549 "https://www.ing-victus.hr/kuce/beli-manastir-izvrsna-lokacija-18113-m2" "Mozilla/5.0 (Linux; Android 8.0.0; WAS-LX1 Build/HUAWEIWAS-LX1; wv) AppleWebKit/537.36 (KHTML, like Gecko) Version/4.0 Chrome/75.0.3770.101 Mobile Safari/537.36 [FB_IAB/FB4A;FBAV/228.0.0.41.124;]"
93.143.130.154 - - [10/Jul/2019:12:43:28 +0000] "GET /uploads/images/41aeb05cc390318603d6e1bd0a365a70.JPG HTTP/1.1" 200 71950 "https://www.ing-victus.hr/kuce/beli-manastir-izvrsna-lokacija-18113-m2" "Mozilla/5.0 (Linux; Android 5.1.1; SM-T280 Build/LMY47V; wv) AppleWebKit/537.36 (KHTML, like Gecko) Version/4.0 Chrome/74.0.3729.157 Safari/537.36 [FB_IAB/FB4A;FBAV/227.0.0.43.158;]"
83.177.32.41 - - [10/Jul/2019:12:43:29 +0000] "GET /images/icons/map-marker.png HTTP/1.1" 200 3191 "https://www.ing-victus.hr/kuce/beli-manastir-izvrsna-lokacija-18113-m2" "Mozilla/5.0 (Linux; Android 8.0.0; WAS-LX1 Build/HUAWEIWAS-LX1; wv) AppleWebKit/537.36 (KHTML, like Gecko) Version/4.0 Chrome/75.0.3770.101 Mobile Safari/537.36 [FB_IAB/FB4A;FBAV/228.0.0.41.124;]"
83.177.32.41 - - [10/Jul/2019:12:43:36 +0000] "GET /uploads/images/b51838605fc47c39fc68d530828b84fd.jpg HTTP/1.1" 200 389767 "https://www.ing-victus.hr/kuce/beli-manastir-izvrsna-lokacija-18113-m2" "Mozilla/5.0 (Linux; Android 8.0.0; WAS-LX1 Build/HUAWEIWAS-LX1; wv) AppleWebKit/537.36 (KHTML, like Gecko) Version/4.0 Chrome/75.0.3770.101 Mobile Safari/537.36 [FB_IAB/FB4A;FBAV/228.0.0.41.124;]"
83.177.32.41 - - [10/Jul/2019:12:43:39 +0000] "GET /uploads/images/b38e865549bdb325524f1c570ab4f638.jpg HTTP/1.1" 200 398709 "https://www.ing-victus.hr/kuce/beli-manastir-izvrsna-lokacija-18113-m2" "Mozilla/5.0 (Linux; Android 8.0.0; WAS-LX1 Build/HUAWEIWAS-LX1; wv) AppleWebKit/537.36 (KHTML, like Gecko) Version/4.0 Chrome/75.0.3770.101 Mobile Safari/537.36 [FB_IAB/FB4A;FBAV/228.0.0.41.124;]"
83.177.32.41 - - [10/Jul/2019:12:43:41 +0000] "GET /uploads/images/e0c799c51e9fd3fa33d0eb2e88a3d605.jpg HTTP/1.1" 200 392424 "https://www.ing-victus.hr/kuce/beli-manastir-izvrsna-lokacija-18113-m2" "Mozilla/5.0 (Linux; Android 8.0.0; WAS-LX1 Build/HUAWEIWAS-LX1; wv) AppleWebKit/537.36 (KHTML, like Gecko) Version/4.0 Chrome/75.0.3770.101 Mobile Safari/537.36 [FB_IAB/FB4A;FBAV/228.0.0.41.124;]"
83.177.32.41 - - [10/Jul/2019:12:43:42 +0000] "GET /uploads/images/7d1a7b972db3eae271a2f49c1e6f2732.jpg HTTP/1.1" 200 220983 "https://www.ing-victus.hr/kuce/beli-manastir-izvrsna-lokacija-18113-m2" "Mozilla/5.0 (Linux; Android 8.0.0; WAS-LX1 Build/HUAWEIWAS-LX1; wv) AppleWebKit/537.36 (KHTML, like Gecko) Version/4.0 Chrome/75.0.3770.101 Mobile Safari/537.36 [FB_IAB/FB4A;FBAV/228.0.0.41.124;]"
83.177.32.41 - - [10/Jul/2019:12:43:45 +0000] "GET /uploads/images/fd620da28d087117a385b1717ba05925.jpg HTTP/1.1" 200 218422 "https://www.ing-victus.hr/kuce/beli-manastir-izvrsna-lokacija-18113-m2" "Mozilla/5.0 (Linux; Android 8.0.0; WAS-LX1 Build/HUAWEIWAS-LX1; wv) AppleWebKit/537.36 (KHTML, like Gecko) Version/4.0 Chrome/75.0.3770.101 Mobile Safari/537.36 [FB_IAB/FB4A;FBAV/228.0.0.41.124;]"
83.177.32.41 - - [10/Jul/2019:12:43:47 +0000] "GET /uploads/images/547aefb089af8f917cffdf432ad72396.jpg HTTP/1.1" 200 172513 "https://www.ing-victus.hr/kuce/beli-manastir-izvrsna-lokacija-18113-m2" "Mozilla/5.0 (Linux; Android 8.0.0; WAS-LX1 Build/HUAWEIWAS-LX1; wv) AppleWebKit/537.36 (KHTML, like Gecko) Version/4.0 Chrome/75.0.3770.101 Mobile Safari/537.36 [FB_IAB/FB4A;FBAV/228.0.0.41.124;]"
83.177.32.41 - - [10/Jul/2019:12:43:49 +0000] "GET /uploads/images/9b6409a7d1a1511f6d17fae254fbcf5e.jpg HTTP/1.1" 200 130433 "https://www.ing-victus.hr/kuce/beli-manastir-izvrsna-lokacija-18113-m2" "Mozilla/5.0 (Linux; Android 8.0.0; WAS-LX1 Build/HUAWEIWAS-LX1; wv) AppleWebKit/537.36 (KHTML, like Gecko) Version/4.0 Chrome/75.0.3770.101 Mobile Safari/537.36 [FB_IAB/FB4A;FBAV/228.0.0.41.124;]"
83.177.32.41 - - [10/Jul/2019:12:43:50 +0000] "GET /uploads/images/9c4d17ff3f0ac58b962c1e1709f5bcb3.jpg HTTP/1.1" 200 140279 "https://www.ing-victus.hr/kuce/beli-manastir-izvrsna-lokacija-18113-m2" "Mozilla/5.0 (Linux; Android 8.0.0; WAS-LX1 Build/HUAWEIWAS-LX1; wv) AppleWebKit/537.36 (KHTML, like Gecko) Version/4.0 Chrome/75.0.3770.101 Mobile Safari/537.36 [FB_IAB/FB4A;FBAV/228.0.0.41.124;]"
83.177.32.41 - - [10/Jul/2019:12:43:52 +0000] "GET /uploads/images/739357fdf4d7d000f933e3e8975c1afe.jpg HTTP/1.1" 200 131721 "https://www.ing-victus.hr/kuce/beli-manastir-izvrsna-lokacija-18113-m2" "Mozilla/5.0 (Linux; Android 8.0.0; WAS-LX1 Build/HUAWEIWAS-LX1; wv) AppleWebKit/537.36 (KHTML, like Gecko) Version/4.0 Chrome/75.0.3770.101 Mobile Safari/537.36 [FB_IAB/FB4A;FBAV/228.0.0.41.124;]"
83.177.32.41 - - [10/Jul/2019:12:43:52 +0000] "GET /uploads/images/289599c7fce28cc8b0364be71a434695.jpg HTTP/1.1" 200 211933 "https://www.ing-victus.hr/kuce/beli-manastir-izvrsna-lokacija-18113-m2" "Mozilla/5.0 (Linux; Android 8.0.0; WAS-LX1 Build/HUAWEIWAS-LX1; wv) AppleWebKit/537.36 (KHTML, like Gecko) Version/4.0 Chrome/75.0.3770.101 Mobile Safari/537.36 [FB_IAB/FB4A;FBAV/228.0.0.41.124;]"
83.177.32.41 - - [10/Jul/2019:12:43:53 +0000] "GET /uploads/images/d8e8033459fb256522839017dc110ce6.jpg HTTP/1.1" 200 255347 "https://www.ing-victus.hr/kuce/beli-manastir-izvrsna-lokacija-18113-m2" "Mozilla/5.0 (Linux; Android 8.0.0; WAS-LX1 Build/HUAWEIWAS-LX1; wv) AppleWebKit/537.36 (KHTML, like Gecko) Version/4.0 Chrome/75.0.3770.101 Mobile Safari/537.36 [FB_IAB/FB4A;FBAV/228.0.0.41.124;]"
83.177.32.41 - - [10/Jul/2019:12:43:54 +0000] "GET /uploads/images/1960857604f69f765a3787af9cc9ba29.jpg HTTP/1.1" 200 236204 "https://www.ing-victus.hr/kuce/beli-manastir-izvrsna-lokacija-18113-m2" "Mozilla/5.0 (Linux; Android 8.0.0; WAS-LX1 Build/HUAWEIWAS-LX1; wv) AppleWebKit/537.36 (KHTML, like Gecko) Version/4.0 Chrome/75.0.3770.101 Mobile Safari/537.36 [FB_IAB/FB4A;FBAV/228.0.0.41.124;]"
83.177.32.41 - - [10/Jul/2019:12:43:56 +0000] "GET /uploads/images/b677eda91e22ddcc7beb8522539dbe85.jpg HTTP/1.1" 200 269332 "https://www.ing-victus.hr/kuce/beli-manastir-izvrsna-lokacija-18113-m2" "Mozilla/5.0 (Linux; Android 8.0.0; WAS-LX1 Build/HUAWEIWAS-LX1; wv) AppleWebKit/537.36 (KHTML, like Gecko) Version/4.0 Chrome/75.0.3770.101 Mobile Safari/537.36 [FB_IAB/FB4A;FBAV/228.0.0.41.124;]"
83.177.32.41 - - [10/Jul/2019:12:43:57 +0000] "GET /uploads/images/bc87201da59bc8740310b4f19c78716f.jpg HTTP/1.1" 200 236446 "https://www.ing-victus.hr/kuce/beli-manastir-izvrsna-lokacija-18113-m2" "Mozilla/5.0 (Linux; Android 8.0.0; WAS-LX1 Build/HUAWEIWAS-LX1; wv) AppleWebKit/537.36 (KHTML, like Gecko) Version/4.0 Chrome/75.0.3770.101 Mobile Safari/537.36 [FB_IAB/FB4A;FBAV/228.0.0.41.124;]"
83.177.32.41 - - [10/Jul/2019:12:43:59 +0000] "GET /uploads/images/c322dda2dfeceaba0287be092dfea1f3.jpg HTTP/1.1" 200 368458 "https://www.ing-victus.hr/kuce/beli-manastir-izvrsna-lokacija-18113-m2" "Mozilla/5.0 (Linux; Android 8.0.0; WAS-LX1 Build/HUAWEIWAS-LX1; wv) AppleWebKit/537.36 (KHTML, like Gecko) Version/4.0 Chrome/75.0.3770.101 Mobile Safari/537.36 [FB_IAB/FB4A;FBAV/228.0.0.41.124;]"
83.177.32.41 - - [10/Jul/2019:12:44:00 +0000] "GET /uploads/images/a33bcf340604d889347e077f6b1e79a0.jpg HTTP/1.1" 200 437261 "https://www.ing-victus.hr/kuce/beli-manastir-izvrsna-lokacija-18113-m2" "Mozilla/5.0 (Linux; Android 8.0.0; WAS-LX1 Build/HUAWEIWAS-LX1; wv) AppleWebKit/537.36 (KHTML, like Gecko) Version/4.0 Chrome/75.0.3770.101 Mobile Safari/537.36 [FB_IAB/FB4A;FBAV/228.0.0.41.124;]"
78.1.34.27 - - [10/Jul/2019:12:45:18 +0000] "GET /kuce/beli-manastir-izvrsna-lokacija-18113-m2 HTTP/1.1" 200 7203 "http://m.facebook.com/" "Mozilla/5.0 (Linux; Android 9; SM-A505FN Build/PPR1.180610.011; wv) AppleWebKit/537.36 (KHTML, like Gecko) Version/4.0 Chrome/75.0.3770.101 Mobile Safari/537.36 [FB_IAB/FB4A;FBAV/228.0.0.41.124;]"
78.1.34.27 - - [10/Jul/2019:12:45:18 +0000] "GET /css/bootstrap.css HTTP/1.1" 200 21086 "https://www.ing-victus.hr/kuce/beli-manastir-izvrsna-lokacija-18113-m2" "Mozilla/5.0 (Linux; Android 9; SM-A505FN Build/PPR1.180610.011; wv) AppleWebKit/537.36 (KHTML, like Gecko) Version/4.0 Chrome/75.0.3770.101 Mobile Safari/537.36 [FB_IAB/FB4A;FBAV/228.0.0.41.124;]"
78.1.34.27 - - [10/Jul/2019:12:45:19 +0000] "GET /css/style.css?v=9 HTTP/1.1" 200 27694 "https://www.ing-victus.hr/kuce/beli-manastir-izvrsna-lokacija-18113-m2" "Mozilla/5.0 (Linux; Android 9; SM-A505FN Build/PPR1.180610.011; wv) AppleWebKit/537.36 (KHTML, like Gecko) Version/4.0 Chrome/75.0.3770.101 Mobile Safari/537.36 [FB_IAB/FB4A;FBAV/228.0.0.41.124;]"
78.1.34.27 - - [10/Jul/2019:12:45:19 +0000] "GET /assets/plugins/flag/css/flag-icon.css HTTP/1.1" 200 2837 "https://www.ing-victus.hr/kuce/beli-manastir-izvrsna-lokacija-18113-m2" "Mozilla/5.0 (Linux; Android 9; SM-A505FN Build/PPR1.180610.011; wv) AppleWebKit/537.36 (KHTML, like Gecko) Version/4.0 Chrome/75.0.3770.101 Mobile Safari/537.36 [FB_IAB/FB4A;FBAV/228.0.0.41.124;]"
78.1.34.27 - - [10/Jul/2019:12:45:19 +0000] "GET /css/cookieconsent.min.css HTTP/1.1" 200 1209 "https://www.ing-victus.hr/kuce/beli-manastir-izvrsna-lokacija-18113-m2" "Mozilla/5.0 (Linux; Android 9; SM-A505FN Build/PPR1.180610.011; wv) AppleWebKit/537.36 (KHTML, like Gecko) Version/4.0 Chrome/75.0.3770.101 Mobile Safari/537.36 [FB_IAB/FB4A;FBAV/228.0.0.41.124;]"
78.1.34.27 - - [10/Jul/2019:12:45:19 +0000] "GET /css/color-themes/default-theme.css?v=3 HTTP/1.1" 200 2227 "https://www.ing-victus.hr/kuce/beli-manastir-izvrsna-lokacija-18113-m2" "Mozilla/5.0 (Linux; Android 9; SM-A505FN Build/PPR1.180610.011; wv) AppleWebKit/537.36 (KHTML, like Gecko) Version/4.0 Chrome/75.0.3770.101 Mobile Safari/537.36 [FB_IAB/FB4A;FBAV/228.0.0.41.124;]"
78.1.34.27 - - [10/Jul/2019:12:45:19 +0000] "GET /css/responsive.css?v=3 HTTP/1.1" 200 5283 "https://www.ing-victus.hr/kuce/beli-manastir-izvrsna-lokacija-18113-m2" "Mozilla/5.0 (Linux; Android 9; SM-A505FN Build/PPR1.180610.011; wv) AppleWebKit/537.36 (KHTML, like Gecko) Version/4.0 Chrome/75.0.3770.101 Mobile Safari/537.36 [FB_IAB/FB4A;FBAV/228.0.0.41.124;]"
78.1.34.27 - - [10/Jul/2019:12:45:19 +0000] "GET /unitegallery/css/unite-gallery.css HTTP/1.1" 200 4825 "https://www.ing-victus.hr/kuce/beli-manastir-izvrsna-lokacija-18113-m2" "Mozilla/5.0 (Linux; Android 9; SM-A505FN Build/PPR1.180610.011; wv) AppleWebKit/537.36 (KHTML, like Gecko) Version/4.0 Chrome/75.0.3770.101 Mobile Safari/537.36 [FB_IAB/FB4A;FBAV/228.0.0.41.124;]"
78.1.34.27 - - [10/Jul/2019:12:45:19 +0000] "GET /js/jquery.js HTTP/1.1" 200 33760 "https://www.ing-victus.hr/kuce/beli-manastir-izvrsna-lokacija-18113-m2" "Mozilla/5.0 (Linux; Android 9; SM-A505FN Build/PPR1.180610.011; wv) AppleWebKit/537.36 (KHTML, like Gecko) Version/4.0 Chrome/75.0.3770.101 Mobile Safari/537.36 [FB_IAB/FB4A;FBAV/228.0.0.41.124;]"
78.1.34.27 - - [10/Jul/2019:12:45:19 +0000] "GET /js/popper.min.js HTTP/1.1" 200 7239 "https://www.ing-victus.hr/kuce/beli-manastir-izvrsna-lokacija-18113-m2" "Mozilla/5.0 (Linux; Android 9; SM-A505FN Build/PPR1.180610.011; wv) AppleWebKit/537.36 (KHTML, like Gecko) Version/4.0 Chrome/75.0.3770.101 Mobile Safari/537.36 [FB_IAB/FB4A;FBAV/228.0.0.41.124;]"
78.1.34.27 - - [10/Jul/2019:12:45:19 +0000] "GET /js/bootstrap.min.js HTTP/1.1" 200 14048 "https://www.ing-victus.hr/kuce/beli-manastir-izvrsna-lokacija-18113-m2" "Mozilla/5.0 (Linux; Android 9; SM-A505FN Build/PPR1.180610.011; wv) AppleWebKit/537.36 (KHTML, like Gecko) Version/4.0 Chrome/75.0.3770.101 Mobile Safari/537.36 [FB_IAB/FB4A;FBAV/228.0.0.41.124;]"
78.1.34.27 - - [10/Jul/2019:12:45:19 +0000] "GET /images/logo-sticky.png HTTP/1.1" 200 1258 "https://www.ing-victus.hr/kuce/beli-manastir-izvrsna-lokacija-18113-m2" "Mozilla/5.0 (Linux; Android 9; SM-A505FN Build/PPR1.180610.011; wv) AppleWebKit/537.36 (KHTML, like Gecko) Version/4.0 Chrome/75.0.3770.101 Mobile Safari/537.36 [FB_IAB/FB4A;FBAV/228.0.0.41.124;]"
78.1.34.27 - - [10/Jul/2019:12:45:19 +0000] "GET /css/line-awesome.css HTTP/1.1" 200 6330 "https://www.ing-victus.hr/kuce/beli-manastir-izvrsna-lokacija-18113-m2" "Mozilla/5.0 (Linux; Android 9; SM-A505FN Build/PPR1.180610.011; wv) AppleWebKit/537.36 (KHTML, like Gecko) Version/4.0 Chrome/75.0.3770.101 Mobile Safari/537.36 [FB_IAB/FB4A;FBAV/228.0.0.41.124;]"
78.1.34.27 - - [10/Jul/2019:12:45:19 +0000] "GET /js/jquery-ui.js HTTP/1.1" 200 125176 "https://www.ing-victus.hr/kuce/beli-manastir-izvrsna-lokacija-18113-m2" "Mozilla/5.0 (Linux; Android 9; SM-A505FN Build/PPR1.180610.011; wv) AppleWebKit/537.36 (KHTML, like Gecko) Version/4.0 Chrome/75.0.3770.101 Mobile Safari/537.36 [FB_IAB/FB4A;FBAV/228.0.0.41.124;]"
78.1.34.27 - - [10/Jul/2019:12:45:19 +0000] "GET /css/flaticon.css HTTP/1.1" 200 2568 "https://www.ing-victus.hr/kuce/beli-manastir-izvrsna-lokacija-18113-m2" "Mozilla/5.0 (Linux; Android 9; SM-A505FN Build/PPR1.180610.011; wv) AppleWebKit/537.36 (KHTML, like Gecko) Version/4.0 Chrome/75.0.3770.101 Mobile Safari/537.36 [FB_IAB/FB4A;FBAV/228.0.0.41.124;]"
