31.13.127.32 - - [20/Jul/2019:21:12:04 +0000] "GET /unitegallery/js/jquery-11.0.min.js HTTP/1.1" 200 33369 "-" "Mozilla/5.0 (Windows NT 10.0) AppleWebKit/537.36 (KHTML, like Gecko) Chrome/75.0.3770.142 Safari/537.36"
31.13.115.18 - - [20/Jul/2019:21:12:04 +0000] "GET /css/jquery-ui.css HTTP/1.1" 200 8372 "-" "Mozilla/5.0 (Windows NT 10.0; Win64; x64) AppleWebKit/537.36 (KHTML, like Gecko) Chrome/75.0.3770.142 Safari/537.36"
31.13.115.5 - - [20/Jul/2019:21:12:04 +0000] "GET /css/jquery.fancybox.min.css HTTP/1.1" 200 3155 "-" "Mozilla/5.0 (Windows NT 10.0; Win64; x64) AppleWebKit/537.36 (KHTML, like Gecko) Chrome/75.0.3770.142 Safari/537.36"
31.13.115.15 - - [20/Jul/2019:21:12:04 +0000] "GET /js/owl.js HTTP/1.1" 200 18490 "-" "Mozilla/5.0 (Windows NT 10.0; Win64; x64) AppleWebKit/537.36 (KHTML, like Gecko) Chrome/75.0.3770.142 Safari/537.36"
31.13.115.15 - - [20/Jul/2019:21:12:04 +0000] "GET /js/wow.js HTTP/1.1" 200 2209 "-" "Mozilla/5.0 (Windows NT 10.0; Win64; x64) AppleWebKit/537.36 (KHTML, like Gecko) Chrome/75.0.3770.142 Safari/537.36"
31.13.115.5 - - [20/Jul/2019:21:12:04 +0000] "GET /js/isotope.js HTTP/1.1" 200 10182 "-" "Mozilla/5.0 (Windows NT 10.0; Win64; x64) AppleWebKit/537.36 (KHTML, like Gecko) Chrome/75.0.3770.142 Safari/537.36"
31.13.115.18 - - [20/Jul/2019:21:12:04 +0000] "GET /js/appear.js HTTP/1.1" 200 1359 "-" "Mozilla/5.0 (Windows NT 10.0; Win64; x64) AppleWebKit/537.36 (KHTML, like Gecko) Chrome/75.0.3770.142 Safari/537.36"
66.220.149.4 - - [20/Jul/2019:21:12:04 +0000] "GET /css/bootstrap.css HTTP/1.1" 200 21086 "-" "Mozilla/5.0 (Windows NT 10.0; Win64; x64) AppleWebKit/537.36 (KHTML, like Gecko) Chrome/64.0.3282.140 Safari/537.36 Edge/17.17134"
31.13.115.15 - - [20/Jul/2019:21:12:04 +0000] "GET /js/script.js?v=2 HTTP/1.1" 200 3465 "-" "Mozilla/5.0 (Windows NT 10.0; Win64; x64) AppleWebKit/537.36 (KHTML, like Gecko) Chrome/75.0.3770.142 Safari/537.36"
31.13.115.18 - - [20/Jul/2019:21:12:04 +0000] "GET /js/cookieconsent.min.js HTTP/1.1" 200 6849 "-" "Mozilla/5.0 (Windows NT 10.0; Win64; x64) AppleWebKit/537.36 (KHTML, like Gecko) Chrome/75.0.3770.142 Safari/537.36"
31.13.115.5 - - [20/Jul/2019:21:12:04 +0000] "GET /unitegallery/js/jquery-11.0.min.js HTTP/1.1" 200 33369 "-" "Mozilla/5.0 (Windows NT 10.0; Win64; x64) AppleWebKit/537.36 (KHTML, like Gecko) Chrome/75.0.3770.142 Safari/537.36"
31.13.127.32 - - [20/Jul/2019:21:12:04 +0000] "GET /unitegallery/js/unitegallery.min.js HTTP/1.1" 200 66910 "-" "Mozilla/5.0 (Windows NT 10.0) AppleWebKit/537.36 (KHTML, like Gecko) Chrome/75.0.3770.142 Safari/537.36"
31.13.127.6 - - [20/Jul/2019:21:12:04 +0000] "GET /fonts/line-awesome.woff2?v=1.1. HTTP/1.1" 200 45108 "-" "Mozilla/5.0 (Windows NT 10.0) AppleWebKit/537.36 (KHTML, like Gecko) Chrome/75.0.3770.142 Safari/537.36"
69.171.251.49 - - [20/Jul/2019:21:12:04 +0000] "GET /uploads/thumbnails/7670daf41f56b8bd33d4dc1acd8951bd.jpg HTTP/1.1" 301 292 "-" "adreview/1.0"
66.220.149.4 - - [20/Jul/2019:21:12:04 +0000] "GET /css/style.css?v=9 HTTP/1.1" 200 27694 "-" "Mozilla/5.0 (Windows NT 10.0; Win64; x64) AppleWebKit/537.36 (KHTML, like Gecko) Chrome/64.0.3282.140 Safari/537.36 Edge/17.17134"
31.13.127.32 - - [20/Jul/2019:21:12:04 +0000] "GET /images/icons/preloader.svg?v=2 HTTP/1.1" 200 686 "-" "Mozilla/5.0 (Windows NT 10.0) AppleWebKit/537.36 (KHTML, like Gecko) Chrome/75.0.3770.142 Safari/537.36"
31.13.115.5 - - [20/Jul/2019:21:12:04 +0000] "GET /unitegallery/js/unitegallery.min.js HTTP/1.1" 200 66910 "-" "Mozilla/5.0 (Windows NT 10.0; Win64; x64) AppleWebKit/537.36 (KHTML, like Gecko) Chrome/75.0.3770.142 Safari/537.36"
31.13.127.32 - - [20/Jul/2019:21:12:04 +0000] "GET /assets/plugins/flag/flags/4x3/gb.svg HTTP/1.1" 200 989 "-" "Mozilla/5.0 (Windows NT 10.0) AppleWebKit/537.36 (KHTML, like Gecko) Chrome/75.0.3770.142 Safari/537.36"
31.13.115.5 - - [20/Jul/2019:21:12:04 +0000] "GET /fonts/line-awesome.woff2?v=1.1. HTTP/1.1" 200 45108 "-" "Mozilla/5.0 (Windows NT 10.0; Win64; x64) AppleWebKit/537.36 (KHTML, like Gecko) Chrome/75.0.3770.142 Safari/537.36"
31.13.127.47 - - [20/Jul/2019:21:12:04 +0000] "GET /images/background/16.jpg HTTP/1.1" 200 484974 "-" "Mozilla/5.0 (Windows NT 10.0) AppleWebKit/537.36 (KHTML, like Gecko) Chrome/75.0.3770.142 Safari/537.36"
66.220.149.4 - - [20/Jul/2019:21:12:04 +0000] "GET /css/responsive.css?v=3 HTTP/1.1" 200 5283 "-" "Mozilla/5.0 (Windows NT 10.0; Win64; x64) AppleWebKit/537.36 (KHTML, like Gecko) Chrome/64.0.3282.140 Safari/537.36 Edge/17.17134"
31.13.127.32 - - [20/Jul/2019:21:12:04 +0000] "GET /images/logo-white.png HTTP/1.1" 200 1466 "-" "Mozilla/5.0 (Windows NT 10.0) AppleWebKit/537.36 (KHTML, like Gecko) Chrome/75.0.3770.142 Safari/537.36"
31.13.127.6 - - [20/Jul/2019:21:12:04 +0000] "GET /assets/plugins/flag/flags/4x3/hr.svg HTTP/1.1" 200 80697 "-" "Mozilla/5.0 (Windows NT 10.0) AppleWebKit/537.36 (KHTML, like Gecko) Chrome/75.0.3770.142 Safari/537.36"
31.13.115.18 - - [20/Jul/2019:21:12:04 +0000] "GET /images/icons/preloader.svg?v=2 HTTP/1.1" 200 686 "-" "Mozilla/5.0 (Windows NT 10.0; Win64; x64) AppleWebKit/537.36 (KHTML, like Gecko) Chrome/75.0.3770.142 Safari/537.36"
31.13.115.18 - - [20/Jul/2019:21:12:04 +0000] "GET /assets/plugins/flag/flags/4x3/gb.svg HTTP/1.1" 200 989 "-" "Mozilla/5.0 (Windows NT 10.0; Win64; x64) AppleWebKit/537.36 (KHTML, like Gecko) Chrome/75.0.3770.142 Safari/537.36"
66.220.149.4 - - [20/Jul/2019:21:12:04 +0000] "GET /css/color-themes/default-theme.css?v=3 HTTP/1.1" 200 2227 "-" "Mozilla/5.0 (Windows NT 10.0; Win64; x64) AppleWebKit/537.36 (KHTML, like Gecko) Chrome/64.0.3282.140 Safari/537.36 Edge/17.17134"
31.13.115.18 - - [20/Jul/2019:21:12:04 +0000] "GET /images/logo-white.png HTTP/1.1" 200 1466 "-" "Mozilla/5.0 (Windows NT 10.0; Win64; x64) AppleWebKit/537.36 (KHTML, like Gecko) Chrome/75.0.3770.142 Safari/537.36"
31.13.127.47 - - [20/Jul/2019:21:12:04 +0000] "GET /images/logo-sticky.png HTTP/1.1" 200 1258 "-" "Mozilla/5.0 (Windows NT 10.0) AppleWebKit/537.36 (KHTML, like Gecko) Chrome/75.0.3770.142 Safari/537.36"
31.13.127.6 - - [20/Jul/2019:21:12:04 +0000] "GET /unitegallery/themes/compact/ug-theme-compact.js HTTP/1.1" 200 2477 "-" "Mozilla/5.0 (Windows NT 10.0) AppleWebKit/537.36 (KHTML, like Gecko) Chrome/75.0.3770.142 Safari/537.36"
31.13.115.5 - - [20/Jul/2019:21:12:04 +0000] "GET /assets/plugins/flag/flags/4x3/hr.svg HTTP/1.1" 200 80697 "-" "Mozilla/5.0 (Windows NT 10.0; Win64; x64) AppleWebKit/537.36 (KHTML, like Gecko) Chrome/75.0.3770.142 Safari/537.36"
31.13.115.15 - - [20/Jul/2019:21:12:04 +0000] "GET /images/background/16.jpg HTTP/1.1" 200 484974 "-" "Mozilla/5.0 (Windows NT 10.0; Win64; x64) AppleWebKit/537.36 (KHTML, like Gecko) Chrome/75.0.3770.142 Safari/537.36"
31.13.115.5 - - [20/Jul/2019:21:12:04 +0000] "GET /images/logo-sticky.png HTTP/1.1" 200 1258 "-" "Mozilla/5.0 (Windows NT 10.0; Win64; x64) AppleWebKit/537.36 (KHTML, like Gecko) Chrome/75.0.3770.142 Safari/537.36"
31.13.115.18 - - [20/Jul/2019:21:12:05 +0000] "GET /unitegallery/themes/compact/ug-theme-compact.js HTTP/1.1" 200 2477 "-" "Mozilla/5.0 (Windows NT 10.0; Win64; x64) AppleWebKit/537.36 (KHTML, like Gecko) Chrome/75.0.3770.142 Safari/537.36"
66.220.149.4 - - [20/Jul/2019:21:12:05 +0000] "GET /unitegallery/css/unite-gallery.css HTTP/1.1" 200 4825 "-" "Mozilla/5.0 (Windows NT 10.0; Win64; x64) AppleWebKit/537.36 (KHTML, like Gecko) Chrome/64.0.3282.140 Safari/537.36 Edge/17.17134"
31.13.115.5 - - [20/Jul/2019:21:12:05 +0000] "GET /uploads/thumbnails/7670daf41f56b8bd33d4dc1acd8951bd.jpg HTTP/1.1" 200 44289 "-" "Mozilla/5.0 (Windows NT 10.0; Win64; x64) AppleWebKit/537.36 (KHTML, like Gecko) Chrome/75.0.3770.142 Safari/537.36"
31.13.115.18 - - [20/Jul/2019:21:12:05 +0000] "GET /uploads/thumbnails/2bb279771d1b1206490facca71bc4d2e.jpg HTTP/1.1" 200 41937 "-" "Mozilla/5.0 (Windows NT 10.0; Win64; x64) AppleWebKit/537.36 (KHTML, like Gecko) Chrome/75.0.3770.142 Safari/537.36"
31.13.127.6 - - [20/Jul/2019:21:12:05 +0000] "GET /uploads/thumbnails/7670daf41f56b8bd33d4dc1acd8951bd.jpg HTTP/1.1" 200 44289 "-" "Mozilla/5.0 (Windows NT 10.0) AppleWebKit/537.36 (KHTML, like Gecko) Chrome/75.0.3770.142 Safari/537.36"
31.13.127.47 - - [20/Jul/2019:21:12:05 +0000] "GET /uploads/thumbnails/2bb279771d1b1206490facca71bc4d2e.jpg HTTP/1.1" 200 41937 "-" "Mozilla/5.0 (Windows NT 10.0) AppleWebKit/537.36 (KHTML, like Gecko) Chrome/75.0.3770.142 Safari/537.36"
31.13.127.32 - - [20/Jul/2019:21:12:05 +0000] "GET /uploads/thumbnails/3d94a6f52fd0b12359618fa78d87fa02.jpg HTTP/1.1" 200 62253 "-" "Mozilla/5.0 (Windows NT 10.0) AppleWebKit/537.36 (KHTML, like Gecko) Chrome/75.0.3770.142 Safari/537.36"
66.220.149.4 - - [20/Jul/2019:21:12:05 +0000] "GET /css/flaticon.css HTTP/1.1" 200 2568 "-" "Mozilla/5.0 (Windows NT 10.0; Win64; x64) AppleWebKit/537.36 (KHTML, like Gecko) Chrome/64.0.3282.140 Safari/537.36 Edge/17.17134"
31.13.115.5 - - [20/Jul/2019:21:12:05 +0000] "GET /uploads/thumbnails/3d94a6f52fd0b12359618fa78d87fa02.jpg HTTP/1.1" 200 62253 "-" "Mozilla/5.0 (Windows NT 10.0; Win64; x64) AppleWebKit/537.36 (KHTML, like Gecko) Chrome/75.0.3770.142 Safari/537.36"
31.13.115.18 - - [20/Jul/2019:21:12:05 +0000] "GET /uploads/thumbnails/5452cfa3aae2464065dcb95aa2364a89.jpg HTTP/1.1" 200 61613 "-" "Mozilla/5.0 (Windows NT 10.0; Win64; x64) AppleWebKit/537.36 (KHTML, like Gecko) Chrome/75.0.3770.142 Safari/537.36"
31.13.127.47 - - [20/Jul/2019:21:12:05 +0000] "GET /unitegallery/images/loader-black1.gif HTTP/1.1" 200 5855 "-" "Mozilla/5.0 (Windows NT 10.0) AppleWebKit/537.36 (KHTML, like Gecko) Chrome/75.0.3770.142 Safari/537.36"
31.13.127.32 - - [20/Jul/2019:21:12:05 +0000] "GET /unitegallery/images/play-button-square.png HTTP/1.1" 200 4591 "-" "Mozilla/5.0 (Windows NT 10.0) AppleWebKit/537.36 (KHTML, like Gecko) Chrome/75.0.3770.142 Safari/537.36"
31.13.115.15 - - [20/Jul/2019:21:12:05 +0000] "GET /uploads/thumbnails/f1fdaacc3b22aa1307b0f3f2fe3bd69f.jpg HTTP/1.1" 200 54328 "-" "Mozilla/5.0 (Windows NT 10.0; Win64; x64) AppleWebKit/537.36 (KHTML, like Gecko) Chrome/75.0.3770.142 Safari/537.36"
31.13.127.6 - - [20/Jul/2019:21:12:05 +0000] "GET /unitegallery/images/button-close.png HTTP/1.1" 200 7155 "-" "Mozilla/5.0 (Windows NT 10.0) AppleWebKit/537.36 (KHTML, like Gecko) Chrome/75.0.3770.142 Safari/537.36"
31.13.127.32 - - [20/Jul/2019:21:12:05 +0000] "GET /unitegallery/images/loader-white1.gif HTTP/1.1" 200 2545 "-" "Mozilla/5.0 (Windows NT 10.0) AppleWebKit/537.36 (KHTML, like Gecko) Chrome/75.0.3770.142 Safari/537.36"
31.13.127.47 - - [20/Jul/2019:21:12:05 +0000] "GET /unitegallery/skins/default/slider_arrow_left.png HTTP/1.1" 200 493 "-" "Mozilla/5.0 (Windows NT 10.0) AppleWebKit/537.36 (KHTML, like Gecko) Chrome/75.0.3770.142 Safari/537.36"
31.13.127.6 - - [20/Jul/2019:21:12:05 +0000] "GET /unitegallery/skins/default/slider_arrow_right.png HTTP/1.1" 200 505 "-" "Mozilla/5.0 (Windows NT 10.0) AppleWebKit/537.36 (KHTML, like Gecko) Chrome/75.0.3770.142 Safari/537.36"
31.13.115.15 - - [20/Jul/2019:21:12:05 +0000] "GET /unitegallery/images/loader-black1.gif HTTP/1.1" 200 5855 "-" "Mozilla/5.0 (Windows NT 10.0; Win64; x64) AppleWebKit/537.36 (KHTML, like Gecko) Chrome/75.0.3770.142 Safari/537.36"
31.13.115.18 - - [20/Jul/2019:21:12:05 +0000] "GET /unitegallery/images/button-close.png HTTP/1.1" 200 7155 "-" "Mozilla/5.0 (Windows NT 10.0; Win64; x64) AppleWebKit/537.36 (KHTML, like Gecko) Chrome/75.0.3770.142 Safari/537.36"
31.13.115.5 - - [20/Jul/2019:21:12:05 +0000] "GET /unitegallery/images/play-button-square.png HTTP/1.1" 200 4591 "-" "Mozilla/5.0 (Windows NT 10.0; Win64; x64) AppleWebKit/537.36 (KHTML, like Gecko) Chrome/75.0.3770.142 Safari/537.36"
66.220.149.4 - - [20/Jul/2019:21:12:05 +0000] "GET /css/line-awesome.css HTTP/1.1" 200 6330 "-" "Mozilla/5.0 (Windows NT 10.0; Win64; x64) AppleWebKit/537.36 (KHTML, like Gecko) Chrome/64.0.3282.140 Safari/537.36 Edge/17.17134"
31.13.115.5 - - [20/Jul/2019:21:12:05 +0000] "GET /unitegallery/images/loader-white1.gif HTTP/1.1" 200 2545 "-" "Mozilla/5.0 (Windows NT 10.0; Win64; x64) AppleWebKit/537.36 (KHTML, like Gecko) Chrome/75.0.3770.142 Safari/537.36"
31.13.115.18 - - [20/Jul/2019:21:12:05 +0000] "GET /unitegallery/skins/default/slider_arrow_left.png HTTP/1.1" 200 493 "-" "Mozilla/5.0 (Windows NT 10.0; Win64; x64) AppleWebKit/537.36 (KHTML, like Gecko) Chrome/75.0.3770.142 Safari/537.36"
31.13.115.15 - - [20/Jul/2019:21:12:05 +0000] "GET /unitegallery/skins/default/slider_arrow_right.png HTTP/1.1" 200 505 "-" "Mozilla/5.0 (Windows NT 10.0; Win64; x64) AppleWebKit/537.36 (KHTML, like Gecko) Chrome/75.0.3770.142 Safari/537.36"
66.220.149.48 - - [20/Jul/2019:21:12:05 +0000] "GET /assets/plugins/flag/css/flag-icon.css HTTP/1.1" 200 2837 "-" "Mozilla/5.0 (Windows NT 10.0; Win64; x64) AppleWebKit/537.36 (KHTML, like Gecko) Chrome/64.0.3282.140 Safari/537.36 Edge/17.17134"
31.13.127.6 - - [20/Jul/2019:21:12:05 +0000] "GET /unitegallery/skins/default/button_fullscreen.png HTTP/1.1" 200 1146 "-" "Mozilla/5.0 (Windows NT 10.0) AppleWebKit/537.36 (KHTML, like Gecko) Chrome/75.0.3770.142 Safari/537.36"
31.13.115.15 - - [20/Jul/2019:21:12:05 +0000] "GET /unitegallery/skins/default/button_fullscreen.png HTTP/1.1" 200 1146 "-" "Mozilla/5.0 (Windows NT 10.0; Win64; x64) AppleWebKit/537.36 (KHTML, like Gecko) Chrome/75.0.3770.142 Safari/537.36"
31.13.115.5 - - [20/Jul/2019:21:12:05 +0000] "GET /uploads/thumbnails/56a7b90df515ba5a372eb4ae1e55eae6.jpg HTTP/1.1" 200 36616 "-" "Mozilla/5.0 (Windows NT 10.0; Win64; x64) AppleWebKit/537.36 (KHTML, like Gecko) Chrome/75.0.3770.142 Safari/537.36"
66.220.149.4 - - [20/Jul/2019:21:12:05 +0000] "GET /css/animate.css HTTP/1.1" 200 4629 "-" "Mozilla/5.0 (Windows NT 10.0; Win64; x64) AppleWebKit/537.36 (KHTML, like Gecko) Chrome/64.0.3282.140 Safari/537.36 Edge/17.17134"
31.13.115.15 - - [20/Jul/2019:21:12:05 +0000] "GET /uploads/thumbnails/fd9a779fb899c45cb5b28974c7bf8fb6.jpg HTTP/1.1" 200 39207 "-" "Mozilla/5.0 (Windows NT 10.0; Win64; x64) AppleWebKit/537.36 (KHTML, like Gecko) Chrome/75.0.3770.142 Safari/537.36"
31.13.115.18 - - [20/Jul/2019:21:12:05 +0000] "GET /uploads/thumbnails/1070bba55b5421b92864097b07024316.jpg HTTP/1.1" 200 67615 "-" "Mozilla/5.0 (Windows NT 10.0; Win64; x64) AppleWebKit/537.36 (KHTML, like Gecko) Chrome/75.0.3770.142 Safari/537.36"
31.13.127.6 - - [20/Jul/2019:21:12:05 +0000] "GET /uploads/thumbnails/f1fdaacc3b22aa1307b0f3f2fe3bd69f.jpg HTTP/1.1" 200 54328 "-" "Mozilla/5.0 (Windows NT 10.0) AppleWebKit/537.36 (KHTML, like Gecko) Chrome/75.0.3770.142 Safari/537.36"
31.13.127.47 - - [20/Jul/2019:21:12:05 +0000] "GET /uploads/thumbnails/5452cfa3aae2464065dcb95aa2364a89.jpg HTTP/1.1" 200 61613 "-" "Mozilla/5.0 (Windows NT 10.0) AppleWebKit/537.36 (KHTML, like Gecko) Chrome/75.0.3770.142 Safari/537.36"
66.220.149.48 - - [20/Jul/2019:21:12:05 +0000] "GET /css/owl.css HTTP/1.1" 200 1159 "-" "Mozilla/5.0 (Windows NT 10.0; Win64; x64) AppleWebKit/537.36 (KHTML, like Gecko) Chrome/64.0.3282.140 Safari/537.36 Edge/17.17134"
66.220.149.44 - - [20/Jul/2019:21:12:05 +0000] "GET /css/cookieconsent.min.css HTTP/1.1" 200 1209 "-" "Mozilla/5.0 (Windows NT 10.0; Win64; x64) AppleWebKit/537.36 (KHTML, like Gecko) Chrome/64.0.3282.140 Safari/537.36 Edge/17.17134"
31.13.115.18 - - [20/Jul/2019:21:12:05 +0000] "GET /uploads/thumbnails/2791cd4a362701d7500c233f02b2a8d9.jpg HTTP/1.1" 200 46869 "-" "Mozilla/5.0 (Windows NT 10.0; Win64; x64) AppleWebKit/537.36 (KHTML, like Gecko) Chrome/75.0.3770.142 Safari/537.36"
31.13.115.5 - - [20/Jul/2019:21:12:05 +0000] "GET /uploads/thumbnails/535700bfc988b1a2ef5ad75702d5b621.jpg HTTP/1.1" 200 44749 "-" "Mozilla/5.0 (Windows NT 10.0; Win64; x64) AppleWebKit/537.36 (KHTML, like Gecko) Chrome/75.0.3770.142 Safari/537.36"
31.13.127.47 - - [20/Jul/2019:21:12:05 +0000] "GET /uploads/thumbnails/56a7b90df515ba5a372eb4ae1e55eae6.jpg HTTP/1.1" 200 36616 "-" "Mozilla/5.0 (Windows NT 10.0) AppleWebKit/537.36 (KHTML, like Gecko) Chrome/75.0.3770.142 Safari/537.36"
31.13.115.15 - - [20/Jul/2019:21:12:05 +0000] "GET /uploads/thumbnails/5adff4f73dcf258319a12dea3acac8bd.jpg HTTP/1.1" 200 38881 "-" "Mozilla/5.0 (Windows NT 10.0; Win64; x64) AppleWebKit/537.36 (KHTML, like Gecko) Chrome/75.0.3770.142 Safari/537.36"
31.13.127.6 - - [20/Jul/2019:21:12:05 +0000] "GET /uploads/thumbnails/fd9a779fb899c45cb5b28974c7bf8fb6.jpg HTTP/1.1" 200 39207 "-" "Mozilla/5.0 (Windows NT 10.0) AppleWebKit/537.36 (KHTML, like Gecko) Chrome/75.0.3770.142 Safari/537.36"
66.220.149.4 - - [20/Jul/2019:21:12:05 +0000] "GET /css/jquery-ui.css HTTP/1.1" 200 8372 "-" "Mozilla/5.0 (Windows NT 10.0; Win64; x64) AppleWebKit/537.36 (KHTML, like Gecko) Chrome/64.0.3282.140 Safari/537.36 Edge/17.17134"
31.13.127.32 - - [20/Jul/2019:21:12:05 +0000] "GET /uploads/thumbnails/1070bba55b5421b92864097b07024316.jpg HTTP/1.1" 200 67615 "-" "Mozilla/5.0 (Windows NT 10.0) AppleWebKit/537.36 (KHTML, like Gecko) Chrome/75.0.3770.142 Safari/537.36"
31.13.115.5 - - [20/Jul/2019:21:12:05 +0000] "GET /uploads/thumbnails/f25730738c960f92ac263972e381d372.jpg HTTP/1.1" 200 48477 "-" "Mozilla/5.0 (Windows NT 10.0; Win64; x64) AppleWebKit/537.36 (KHTML, like Gecko) Chrome/75.0.3770.142 Safari/537.36"
66.220.149.44 - - [20/Jul/2019:21:12:05 +0000] "GET /css/jquery.fancybox.min.css HTTP/1.1" 200 3155 "-" "Mozilla/5.0 (Windows NT 10.0; Win64; x64) AppleWebKit/537.36 (KHTML, like Gecko) Chrome/64.0.3282.140 Safari/537.36 Edge/17.17134"
31.13.115.18 - - [20/Jul/2019:21:12:05 +0000] "GET /uploads/thumbnails/611196afffbc748523c712a856990217.jpg HTTP/1.1" 200 47081 "-" "Mozilla/5.0 (Windows NT 10.0; Win64; x64) AppleWebKit/537.36 (KHTML, like Gecko) Chrome/75.0.3770.142 Safari/537.36"
66.220.149.48 - - [20/Jul/2019:21:12:05 +0000] "GET /js/jquery.js HTTP/1.1" 200 33760 "-" "Mozilla/5.0 (Windows NT 10.0; Win64; x64) AppleWebKit/537.36 (KHTML, like Gecko) Chrome/64.0.3282.140 Safari/537.36 Edge/17.17134"
31.13.115.15 - - [20/Jul/2019:21:12:06 +0000] "GET /uploads/thumbnails/75fa647de1edae5b57705d705758a6ed.jpg HTTP/1.1" 200 23543 "-" "Mozilla/5.0 (Windows NT 10.0; Win64; x64) AppleWebKit/537.36 (KHTML, like Gecko) Chrome/75.0.3770.142 Safari/537.36"
31.13.127.6 - - [20/Jul/2019:21:12:06 +0000] "GET /uploads/thumbnails/2791cd4a362701d7500c233f02b2a8d9.jpg HTTP/1.1" 200 46869 "-" "Mozilla/5.0 (Windows NT 10.0) AppleWebKit/537.36 (KHTML, like Gecko) Chrome/75.0.3770.142 Safari/537.36"
66.220.149.4 - - [20/Jul/2019:21:12:06 +0000] "GET /js/popper.min.js HTTP/1.1" 200 7239 "-" "Mozilla/5.0 (Windows NT 10.0; Win64; x64) AppleWebKit/537.36 (KHTML, like Gecko) Chrome/64.0.3282.140 Safari/537.36 Edge/17.17134"
31.13.115.15 - - [20/Jul/2019:21:12:06 +0000] "GET /unitegallery/images/loader.gif HTTP/1.1" 200 673 "-" "Mozilla/5.0 (Windows NT 10.0; Win64; x64) AppleWebKit/537.36 (KHTML, like Gecko) Chrome/75.0.3770.142 Safari/537.36"
31.13.127.47 - - [20/Jul/2019:21:12:06 +0000] "GET /uploads/thumbnails/535700bfc988b1a2ef5ad75702d5b621.jpg HTTP/1.1" 200 44749 "-" "Mozilla/5.0 (Windows NT 10.0) AppleWebKit/537.36 (KHTML, like Gecko) Chrome/75.0.3770.142 Safari/537.36"
66.220.149.44 - - [20/Jul/2019:21:12:06 +0000] "GET /js/bootstrap.min.js HTTP/1.1" 200 14048 "-" "Mozilla/5.0 (Windows NT 10.0; Win64; x64) AppleWebKit/537.36 (KHTML, like Gecko) Chrome/64.0.3282.140 Safari/537.36 Edge/17.17134"
31.13.127.6 - - [20/Jul/2019:21:12:06 +0000] "GET /uploads/thumbnails/5adff4f73dcf258319a12dea3acac8bd.jpg HTTP/1.1" 200 38881 "-" "Mozilla/5.0 (Windows NT 10.0) AppleWebKit/537.36 (KHTML, like Gecko) Chrome/75.0.3770.142 Safari/537.36"
31.13.115.5 - - [20/Jul/2019:21:12:06 +0000] "GET /uploads/images/2bb279771d1b1206490facca71bc4d2e.jpg HTTP/1.1" 200 278171 "-" "Mozilla/5.0 (Windows NT 10.0; Win64; x64) AppleWebKit/537.36 (KHTML, like Gecko) Chrome/75.0.3770.142 Safari/537.36"
31.13.115.18 - - [20/Jul/2019:21:12:06 +0000] "GET /uploads/images/7670daf41f56b8bd33d4dc1acd8951bd.jpg HTTP/1.1" 200 298404 "-" "Mozilla/5.0 (Windows NT 10.0; Win64; x64) AppleWebKit/537.36 (KHTML, like Gecko) Chrome/75.0.3770.142 Safari/537.36"
66.220.149.4 - - [20/Jul/2019:21:12:06 +0000] "GET /js/jquery-ui.js HTTP/1.1" 200 125176 "-" "Mozilla/5.0 (Windows NT 10.0; Win64; x64) AppleWebKit/537.36 (KHTML, like Gecko) Chrome/64.0.3282.140 Safari/537.36 Edge/17.17134"
66.220.149.48 - - [20/Jul/2019:21:12:06 +0000] "GET /js/owl.js HTTP/1.1" 200 18490 "-" "Mozilla/5.0 (Windows NT 10.0; Win64; x64) AppleWebKit/537.36 (KHTML, like Gecko) Chrome/64.0.3282.140 Safari/537.36 Edge/17.17134"
66.220.149.44 - - [20/Jul/2019:21:12:06 +0000] "GET /js/jquery.fancybox.js HTTP/1.1" 200 36180 "-" "Mozilla/5.0 (Windows NT 10.0; Win64; x64) AppleWebKit/537.36 (KHTML, like Gecko) Chrome/64.0.3282.140 Safari/537.36 Edge/17.17134"
31.13.115.5 - - [20/Jul/2019:21:12:06 +0000] "GET /unitegallery/images/cover-grid.png HTTP/1.1" 200 933 "-" "Mozilla/5.0 (Windows NT 10.0; Win64; x64) AppleWebKit/537.36 (KHTML, like Gecko) Chrome/75.0.3770.142 Safari/537.36"
31.13.115.15 - - [20/Jul/2019:21:12:06 +0000] "GET /unitegallery/images/not_loaded.png HTTP/1.1" 200 858 "-" "Mozilla/5.0 (Windows NT 10.0; Win64; x64) AppleWebKit/537.36 (KHTML, like Gecko) Chrome/75.0.3770.142 Safari/537.36"
31.13.115.18 - - [20/Jul/2019:21:12:06 +0000] "GET /images/background/3.jpg HTTP/1.1" 200 1208371 "-" "Mozilla/5.0 (Windows NT 10.0; Win64; x64) AppleWebKit/537.36 (KHTML, like Gecko) Chrome/75.0.3770.142 Safari/537.36"
66.220.149.48 - - [20/Jul/2019:21:12:06 +0000] "GET /js/wow.js HTTP/1.1" 200 2209 "-" "Mozilla/5.0 (Windows NT 10.0; Win64; x64) AppleWebKit/537.36 (KHTML, like Gecko) Chrome/64.0.3282.140 Safari/537.36 Edge/17.17134"
31.13.115.15 - - [20/Jul/2019:21:12:06 +0000] "GET /uploads/images/75fa647de1edae5b57705d705758a6ed.jpg HTTP/1.1" 200 61076 "-" "Mozilla/5.0 (Windows NT 10.0; Win64; x64) AppleWebKit/537.36 (KHTML, like Gecko) Chrome/75.0.3770.142 Safari/537.36"
66.220.149.4 - - [20/Jul/2019:21:12:06 +0000] "GET /js/isotope.js HTTP/1.1" 200 10182 "-" "Mozilla/5.0 (Windows NT 10.0; Win64; x64) AppleWebKit/537.36 (KHTML, like Gecko) Chrome/64.0.3282.140 Safari/537.36 Edge/17.17134"
31.13.127.6 - - [20/Jul/2019:21:12:06 +0000] "GET /uploads/thumbnails/611196afffbc748523c712a856990217.jpg HTTP/1.1" 200 47081 "-" "Mozilla/5.0 (Windows NT 10.0) AppleWebKit/537.36 (KHTML, like Gecko) Chrome/75.0.3770.142 Safari/537.36"
31.13.127.47 - - [20/Jul/2019:21:12:06 +0000] "GET /uploads/thumbnails/f25730738c960f92ac263972e381d372.jpg HTTP/1.1" 200 48477 "-" "Mozilla/5.0 (Windows NT 10.0) AppleWebKit/537.36 (KHTML, like Gecko) Chrome/75.0.3770.142 Safari/537.36"
31.13.127.32 - - [20/Jul/2019:21:12:06 +0000] "GET /uploads/thumbnails/75fa647de1edae5b57705d705758a6ed.jpg HTTP/1.1" 200 23543 "-" "Mozilla/5.0 (Windows NT 10.0) AppleWebKit/537.36 (KHTML, like Gecko) Chrome/75.0.3770.142 Safari/537.36"
66.220.149.44 - - [20/Jul/2019:21:12:06 +0000] "GET /js/appear.js HTTP/1.1" 200 1359 "-" "Mozilla/5.0 (Windows NT 10.0; Win64; x64) AppleWebKit/537.36 (KHTML, like Gecko) Chrome/64.0.3282.140 Safari/537.36 Edge/17.17134"
66.220.149.48 - - [20/Jul/2019:21:12:06 +0000] "GET /js/script.js?v=2 HTTP/1.1" 200 3465 "-" "Mozilla/5.0 (Windows NT 10.0; Win64; x64) AppleWebKit/537.36 (KHTML, like Gecko) Chrome/64.0.3282.140 Safari/537.36 Edge/17.17134"
31.13.115.18 - - [20/Jul/2019:21:12:06 +0000] "GET /favicon-32x32.png HTTP/1.1" 200 1549 "-" "Mozilla/5.0 (Windows NT 10.0; Win64; x64) AppleWebKit/537.36 (KHTML, like Gecko) Chrome/75.0.3770.142 Safari/537.36"
31.13.127.32 - - [20/Jul/2019:21:12:06 +0000] "GET /unitegallery/images/loader.gif HTTP/1.1" 200 673 "-" "Mozilla/5.0 (Windows NT 10.0) AppleWebKit/537.36 (KHTML, like Gecko) Chrome/75.0.3770.142 Safari/537.36"
66.220.149.4 - - [20/Jul/2019:21:12:06 +0000] "GET /js/cookieconsent.min.js HTTP/1.1" 200 6849 "-" "Mozilla/5.0 (Windows NT 10.0; Win64; x64) AppleWebKit/537.36 (KHTML, like Gecko) Chrome/64.0.3282.140 Safari/537.36 Edge/17.17134"
66.220.149.44 - - [20/Jul/2019:21:12:06 +0000] "GET /unitegallery/js/jquery-11.0.min.js HTTP/1.1" 200 33369 "-" "Mozilla/5.0 (Windows NT 10.0; Win64; x64) AppleWebKit/537.36 (KHTML, like Gecko) Chrome/64.0.3282.140 Safari/537.36 Edge/17.17134"
31.13.127.47 - - [20/Jul/2019:21:12:07 +0000] "GET /uploads/images/7670daf41f56b8bd33d4dc1acd8951bd.jpg HTTP/1.1" 200 298404 "-" "Mozilla/5.0 (Windows NT 10.0) AppleWebKit/537.36 (KHTML, like Gecko) Chrome/75.0.3770.142 Safari/537.36"
31.13.127.32 - - [20/Jul/2019:21:12:07 +0000] "GET /uploads/images/2bb279771d1b1206490facca71bc4d2e.jpg HTTP/1.1" 200 278171 "-" "Mozilla/5.0 (Windows NT 10.0) AppleWebKit/537.36 (KHTML, like Gecko) Chrome/75.0.3770.142 Safari/537.36"
66.220.149.4 - - [20/Jul/2019:21:12:07 +0000] "GET /unitegallery/js/unitegallery.min.js HTTP/1.1" 200 66910 "-" "Mozilla/5.0 (Windows NT 10.0; Win64; x64) AppleWebKit/537.36 (KHTML, like Gecko) Chrome/64.0.3282.140 Safari/537.36 Edge/17.17134"
66.220.149.44 - - [20/Jul/2019:21:12:07 +0000] "GET /fonts/line-awesome.woff2?v=1.1. HTTP/1.1" 200 45108 "-" "Mozilla/5.0 (Windows NT 10.0; Win64; x64) AppleWebKit/537.36 (KHTML, like Gecko) Chrome/64.0.3282.140 Safari/537.36 Edge/17.17134"
66.220.149.4 - - [20/Jul/2019:21:12:07 +0000] "GET /images/icons/preloader.svg?v=2 HTTP/1.1" 200 686 "-" "Mozilla/5.0 (Windows NT 10.0; Win64; x64) AppleWebKit/537.36 (KHTML, like Gecko) Chrome/64.0.3282.140 Safari/537.36 Edge/17.17134"
66.220.149.22 - - [20/Jul/2019:21:12:07 +0000] "GET /kuce/belisce-kuca-u-ulici-p-zrinskog-11114-m2?fbclid=IwAR2hGoD0jcaV5EfNRutaHAjNfLmXgTSGk6se6sjt0Bw2QFDQrR4nGxoq8Uc HTTP/1.1" 200 7002 "-" "Mozilla/5.0 (Linux; Android 8.0.0; SM-A520F) AppleWebKit/537.36 (KHTML, like Gecko) Chrome/75.0.3770.143 Mobile Safari/537.36"
66.220.149.44 - - [20/Jul/2019:21:12:07 +0000] "GET /assets/plugins/flag/flags/4x3/gb.svg HTTP/1.1" 200 989 "-" "Mozilla/5.0 (Windows NT 10.0; Win64; x64) AppleWebKit/537.36 (KHTML, like Gecko) Chrome/64.0.3282.140 Safari/537.36 Edge/17.17134"
31.13.127.47 - - [20/Jul/2019:21:12:07 +0000] "GET /unitegallery/images/cover-grid.png HTTP/1.1" 200 933 "-" "Mozilla/5.0 (Windows NT 10.0) AppleWebKit/537.36 (KHTML, like Gecko) Chrome/75.0.3770.142 Safari/537.36"
31.13.127.32 - - [20/Jul/2019:21:12:07 +0000] "GET /images/background/3.jpg HTTP/1.1" 200 1208371 "-" "Mozilla/5.0 (Windows NT 10.0) AppleWebKit/537.36 (KHTML, like Gecko) Chrome/75.0.3770.142 Safari/537.36"
66.220.149.4 - - [20/Jul/2019:21:12:07 +0000] "GET /assets/plugins/flag/flags/4x3/hr.svg HTTP/1.1" 200 80697 "-" "Mozilla/5.0 (Windows NT 10.0; Win64; x64) AppleWebKit/537.36 (KHTML, like Gecko) Chrome/64.0.3282.140 Safari/537.36 Edge/17.17134"
31.13.127.47 - - [20/Jul/2019:21:12:07 +0000] "GET /unitegallery/images/not_loaded.png HTTP/1.1" 200 858 "-" "Mozilla/5.0 (Windows NT 10.0) AppleWebKit/537.36 (KHTML, like Gecko) Chrome/75.0.3770.142 Safari/537.36"
66.220.149.22 - - [20/Jul/2019:21:12:07 +0000] "GET /css/bootstrap.css HTTP/1.1" 200 21086 "-" "Mozilla/5.0 (Linux; Android 8.0.0; SM-A520F) AppleWebKit/537.36 (KHTML, like Gecko) Chrome/75.0.3770.143 Mobile Safari/537.36"
66.220.149.44 - - [20/Jul/2019:21:12:07 +0000] "GET /images/logo-white.png HTTP/1.1" 200 1466 "-" "Mozilla/5.0 (Windows NT 10.0; Win64; x64) AppleWebKit/537.36 (KHTML, like Gecko) Chrome/64.0.3282.140 Safari/537.36 Edge/17.17134"
31.13.127.32 - - [20/Jul/2019:21:12:07 +0000] "GET /uploads/images/75fa647de1edae5b57705d705758a6ed.jpg HTTP/1.1" 200 61076 "-" "Mozilla/5.0 (Windows NT 10.0) AppleWebKit/537.36 (KHTML, like Gecko) Chrome/75.0.3770.142 Safari/537.36"
66.220.149.4 - - [20/Jul/2019:21:12:07 +0000] "GET /images/logo-sticky.png HTTP/1.1" 200 1258 "-" "Mozilla/5.0 (Windows NT 10.0; Win64; x64) AppleWebKit/537.36 (KHTML, like Gecko) Chrome/64.0.3282.140 Safari/537.36 Edge/17.17134"
66.220.149.22 - - [20/Jul/2019:21:12:07 +0000] "GET /css/style.css?v=9 HTTP/1.1" 200 27694 "-" "Mozilla/5.0 (Linux; Android 8.0.0; SM-A520F) AppleWebKit/537.36 (KHTML, like Gecko) Chrome/75.0.3770.143 Mobile Safari/537.36"
66.220.149.44 - - [20/Jul/2019:21:12:07 +0000] "GET /unitegallery/themes/compact/ug-theme-compact.js HTTP/1.1" 200 2477 "-" "Mozilla/5.0 (Windows NT 10.0; Win64; x64) AppleWebKit/537.36 (KHTML, like Gecko) Chrome/64.0.3282.140 Safari/537.36 Edge/17.17134"
66.220.149.4 - - [20/Jul/2019:21:12:08 +0000] "GET /uploads/thumbnails/7670daf41f56b8bd33d4dc1acd8951bd.jpg HTTP/1.1" 200 44289 "-" "Mozilla/5.0 (Windows NT 10.0; Win64; x64) AppleWebKit/537.36 (KHTML, like Gecko) Chrome/64.0.3282.140 Safari/537.36 Edge/17.17134"
66.220.149.22 - - [20/Jul/2019:21:12:08 +0000] "GET /css/responsive.css?v=3 HTTP/1.1" 200 5283 "-" "Mozilla/5.0 (Linux; Android 8.0.0; SM-A520F) AppleWebKit/537.36 (KHTML, like Gecko) Chrome/75.0.3770.143 Mobile Safari/537.36"
66.220.149.48 - - [20/Jul/2019:21:12:07 +0000] "GET /images/background/16.jpg HTTP/1.1" 200 484974 "-" "Mozilla/5.0 (Windows NT 10.0; Win64; x64) AppleWebKit/537.36 (KHTML, like Gecko) Chrome/64.0.3282.140 Safari/537.36 Edge/17.17134"
66.220.149.44 - - [20/Jul/2019:21:12:08 +0000] "GET /uploads/thumbnails/2bb279771d1b1206490facca71bc4d2e.jpg HTTP/1.1" 200 41937 "-" "Mozilla/5.0 (Windows NT 10.0; Win64; x64) AppleWebKit/537.36 (KHTML, like Gecko) Chrome/64.0.3282.140 Safari/537.36 Edge/17.17134"
66.220.149.22 - - [20/Jul/2019:21:12:08 +0000] "GET /css/cookieconsent.min.css HTTP/1.1" 200 1209 "-" "Mozilla/5.0 (Linux; Android 8.0.0; SM-A520F) AppleWebKit/537.36 (KHTML, like Gecko) Chrome/75.0.3770.143 Mobile Safari/537.36"
66.220.149.22 - - [20/Jul/2019:21:12:08 +0000] "GET /css/color-themes/default-theme.css?v=3 HTTP/1.1" 200 2227 "-" "Mozilla/5.0 (Linux; Android 8.0.0; SM-A520F) AppleWebKit/537.36 (KHTML, like Gecko) Chrome/75.0.3770.143 Mobile Safari/537.36"
31.13.127.32 - - [20/Jul/2019:21:12:08 +0000] "GET /favicon-32x32.png HTTP/1.1" 200 1549 "-" "Mozilla/5.0 (Windows NT 10.0) AppleWebKit/537.36 (KHTML, like Gecko) Chrome/75.0.3770.142 Safari/537.36"
66.220.149.4 - - [20/Jul/2019:21:12:08 +0000] "GET /unitegallery/images/loader-black1.gif HTTP/1.1" 200 5855 "-" "Mozilla/5.0 (Windows NT 10.0; Win64; x64) AppleWebKit/537.36 (KHTML, like Gecko) Chrome/64.0.3282.140 Safari/537.36 Edge/17.17134"
66.220.149.44 - - [20/Jul/2019:21:12:08 +0000] "GET /unitegallery/images/play-button-square.png HTTP/1.1" 200 4591 "-" "Mozilla/5.0 (Windows NT 10.0; Win64; x64) AppleWebKit/537.36 (KHTML, like Gecko) Chrome/64.0.3282.140 Safari/537.36 Edge/17.17134"
66.220.149.22 - - [20/Jul/2019:21:12:08 +0000] "GET /unitegallery/css/unite-gallery.css HTTP/1.1" 200 4825 "-" "Mozilla/5.0 (Linux; Android 8.0.0; SM-A520F) AppleWebKit/537.36 (KHTML, like Gecko) Chrome/75.0.3770.143 Mobile Safari/537.36"
66.220.149.22 - - [20/Jul/2019:21:12:08 +0000] "GET /css/flaticon.css HTTP/1.1" 200 2568 "-" "Mozilla/5.0 (Linux; Android 8.0.0; SM-A520F) AppleWebKit/537.36 (KHTML, like Gecko) Chrome/75.0.3770.143 Mobile Safari/537.36"
66.220.149.4 - - [20/Jul/2019:21:12:08 +0000] "GET /unitegallery/images/button-close.png HTTP/1.1" 200 7155 "-" "Mozilla/5.0 (Windows NT 10.0; Win64; x64) AppleWebKit/537.36 (KHTML, like Gecko) Chrome/64.0.3282.140 Safari/537.36 Edge/17.17134"
66.220.149.44 - - [20/Jul/2019:21:12:08 +0000] "GET /unitegallery/images/loader-white1.gif HTTP/1.1" 200 2545 "-" "Mozilla/5.0 (Windows NT 10.0; Win64; x64) AppleWebKit/537.36 (KHTML, like Gecko) Chrome/64.0.3282.140 Safari/537.36 Edge/17.17134"
66.220.149.48 - - [20/Jul/2019:21:12:08 +0000] "GET /unitegallery/skins/default/slider_arrow_left.png HTTP/1.1" 200 493 "-" "Mozilla/5.0 (Windows NT 10.0; Win64; x64) AppleWebKit/537.36 (KHTML, like Gecko) Chrome/64.0.3282.140 Safari/537.36 Edge/17.17134"
66.220.149.22 - - [20/Jul/2019:21:12:08 +0000] "GET /css/line-awesome.css HTTP/1.1" 200 6330 "-" "Mozilla/5.0 (Linux; Android 8.0.0; SM-A520F) AppleWebKit/537.36 (KHTML, like Gecko) Chrome/75.0.3770.143 Mobile Safari/537.36"
66.220.149.22 - - [20/Jul/2019:21:12:08 +0000] "GET /css/animate.css HTTP/1.1" 200 4629 "-" "Mozilla/5.0 (Linux; Android 8.0.0; SM-A520F) AppleWebKit/537.36 (KHTML, like Gecko) Chrome/75.0.3770.143 Mobile Safari/537.36"
66.220.149.4 - - [20/Jul/2019:21:12:08 +0000] "GET /unitegallery/skins/default/slider_arrow_right.png HTTP/1.1" 200 505 "-" "Mozilla/5.0 (Windows NT 10.0; Win64; x64) AppleWebKit/537.36 (KHTML, like Gecko) Chrome/64.0.3282.140 Safari/537.36 Edge/17.17134"
66.220.149.44 - - [20/Jul/2019:21:12:08 +0000] "GET /unitegallery/skins/default/button_fullscreen.png HTTP/1.1" 200 1146 "-" "Mozilla/5.0 (Windows NT 10.0; Win64; x64) AppleWebKit/537.36 (KHTML, like Gecko) Chrome/64.0.3282.140 Safari/537.36 Edge/17.17134"
66.220.149.22 - - [20/Jul/2019:21:12:08 +0000] "GET /css/owl.css HTTP/1.1" 200 1159 "-" "Mozilla/5.0 (Linux; Android 8.0.0; SM-A520F) AppleWebKit/537.36 (KHTML, like Gecko) Chrome/75.0.3770.143 Mobile Safari/537.36"
66.220.149.22 - - [20/Jul/2019:21:12:08 +0000] "GET /css/jquery-ui.css HTTP/1.1" 200 8372 "-" "Mozilla/5.0 (Linux; Android 8.0.0; SM-A520F) AppleWebKit/537.36 (KHTML, like Gecko) Chrome/75.0.3770.143 Mobile Safari/537.36"
31.13.115.18 - - [20/Jul/2019:21:12:08 +0000] "GET /images/icons/map-marker.png HTTP/1.1" 200 3191 "-" "Mozilla/5.0 (Windows NT 10.0; Win64; x64) AppleWebKit/537.36 (KHTML, like Gecko) Chrome/75.0.3770.142 Safari/537.36"
66.220.149.48 - - [20/Jul/2019:21:12:08 +0000] "GET /uploads/thumbnails/3d94a6f52fd0b12359618fa78d87fa02.jpg HTTP/1.1" 200 62253 "-" "Mozilla/5.0 (Windows NT 10.0; Win64; x64) AppleWebKit/537.36 (KHTML, like Gecko) Chrome/64.0.3282.140 Safari/537.36 Edge/17.17134"
66.220.149.24 - - [20/Jul/2019:21:12:09 +0000] "GET /assets/plugins/flag/css/flag-icon.css HTTP/1.1" 200 2837 "-" "Mozilla/5.0 (Linux; Android 8.0.0; SM-A520F) AppleWebKit/537.36 (KHTML, like Gecko) Chrome/75.0.3770.143 Mobile Safari/537.36"
66.220.149.22 - - [20/Jul/2019:21:12:09 +0000] "GET /css/jquery.fancybox.min.css HTTP/1.1" 200 3155 "-" "Mozilla/5.0 (Linux; Android 8.0.0; SM-A520F) AppleWebKit/537.36 (KHTML, like Gecko) Chrome/75.0.3770.143 Mobile Safari/537.36"
66.220.149.4 - - [20/Jul/2019:21:12:08 +0000] "GET /uploads/thumbnails/5452cfa3aae2464065dcb95aa2364a89.jpg HTTP/1.1" 200 61613 "-" "Mozilla/5.0 (Windows NT 10.0; Win64; x64) AppleWebKit/537.36 (KHTML, like Gecko) Chrome/64.0.3282.140 Safari/537.36 Edge/17.17134"
66.220.149.22 - - [20/Jul/2019:21:12:09 +0000] "GET /js/jquery.js HTTP/1.1" 200 33760 "-" "Mozilla/5.0 (Linux; Android 8.0.0; SM-A520F) AppleWebKit/537.36 (KHTML, like Gecko) Chrome/75.0.3770.143 Mobile Safari/537.36"
66.220.149.44 - - [20/Jul/2019:21:12:09 +0000] "GET /uploads/thumbnails/f1fdaacc3b22aa1307b0f3f2fe3bd69f.jpg HTTP/1.1" 200 54328 "-" "Mozilla/5.0 (Windows NT 10.0; Win64; x64) AppleWebKit/537.36 (KHTML, like Gecko) Chrome/64.0.3282.140 Safari/537.36 Edge/17.17134"
66.220.149.24 - - [20/Jul/2019:21:12:09 +0000] "GET /js/popper.min.js HTTP/1.1" 200 7239 "-" "Mozilla/5.0 (Linux; Android 8.0.0; SM-A520F) AppleWebKit/537.36 (KHTML, like Gecko) Chrome/75.0.3770.143 Mobile Safari/537.36"
66.220.149.22 - - [20/Jul/2019:21:12:09 +0000] "GET /js/bootstrap.min.js HTTP/1.1" 200 14048 "-" "Mozilla/5.0 (Linux; Android 8.0.0; SM-A520F) AppleWebKit/537.36 (KHTML, like Gecko) Chrome/75.0.3770.143 Mobile Safari/537.36"
66.220.149.48 - - [20/Jul/2019:21:12:09 +0000] "GET /uploads/thumbnails/1070bba55b5421b92864097b07024316.jpg HTTP/1.1" 200 67615 "-" "Mozilla/5.0 (Windows NT 10.0; Win64; x64) AppleWebKit/537.36 (KHTML, like Gecko) Chrome/64.0.3282.140 Safari/537.36 Edge/17.17134"
66.220.149.4 - - [20/Jul/2019:21:12:09 +0000] "GET /uploads/thumbnails/56a7b90df515ba5a372eb4ae1e55eae6.jpg HTTP/1.1" 200 36616 "-" "Mozilla/5.0 (Windows NT 10.0; Win64; x64) AppleWebKit/537.36 (KHTML, like Gecko) Chrome/64.0.3282.140 Safari/537.36 Edge/17.17134"
66.220.149.44 - - [20/Jul/2019:21:12:09 +0000] "GET /uploads/thumbnails/fd9a779fb899c45cb5b28974c7bf8fb6.jpg HTTP/1.1" 200 39207 "-" "Mozilla/5.0 (Windows NT 10.0; Win64; x64) AppleWebKit/537.36 (KHTML, like Gecko) Chrome/64.0.3282.140 Safari/537.36 Edge/17.17134"
66.220.149.24 - - [20/Jul/2019:21:12:09 +0000] "GET /js/jquery-ui.js HTTP/1.1" 200 125176 "-" "Mozilla/5.0 (Linux; Android 8.0.0; SM-A520F) AppleWebKit/537.36 (KHTML, like Gecko) Chrome/75.0.3770.143 Mobile Safari/537.36"
66.220.149.48 - - [20/Jul/2019:21:12:09 +0000] "GET /uploads/thumbnails/2791cd4a362701d7500c233f02b2a8d9.jpg HTTP/1.1" 200 46869 "-" "Mozilla/5.0 (Windows NT 10.0; Win64; x64) AppleWebKit/537.36 (KHTML, like Gecko) Chrome/64.0.3282.140 Safari/537.36 Edge/17.17134"
66.220.149.22 - - [20/Jul/2019:21:12:09 +0000] "GET /js/jquery.fancybox.js HTTP/1.1" 200 36180 "-" "Mozilla/5.0 (Linux; Android 8.0.0; SM-A520F) AppleWebKit/537.36 (KHTML, like Gecko) Chrome/75.0.3770.143 Mobile Safari/537.36"
66.220.149.22 - - [20/Jul/2019:21:12:09 +0000] "GET /js/owl.js HTTP/1.1" 200 18490 "-" "Mozilla/5.0 (Linux; Android 8.0.0; SM-A520F) AppleWebKit/537.36 (KHTML, like Gecko) Chrome/75.0.3770.143 Mobile Safari/537.36"
66.220.149.4 - - [20/Jul/2019:21:12:09 +0000] "GET /uploads/thumbnails/535700bfc988b1a2ef5ad75702d5b621.jpg HTTP/1.1" 200 44749 "-" "Mozilla/5.0 (Windows NT 10.0; Win64; x64) AppleWebKit/537.36 (KHTML, like Gecko) Chrome/64.0.3282.140 Safari/537.36 Edge/17.17134"
66.220.149.44 - - [20/Jul/2019:21:12:09 +0000] "GET /uploads/thumbnails/5adff4f73dcf258319a12dea3acac8bd.jpg HTTP/1.1" 200 38881 "-" "Mozilla/5.0 (Windows NT 10.0; Win64; x64) AppleWebKit/537.36 (KHTML, like Gecko) Chrome/64.0.3282.140 Safari/537.36 Edge/17.17134"
66.220.149.22 - - [20/Jul/2019:21:12:09 +0000] "GET /js/wow.js HTTP/1.1" 200 2209 "-" "Mozilla/5.0 (Linux; Android 8.0.0; SM-A520F) AppleWebKit/537.36 (KHTML, like Gecko) Chrome/75.0.3770.143 Mobile Safari/537.36"
66.220.149.22 - - [20/Jul/2019:21:12:09 +0000] "GET /js/isotope.js HTTP/1.1" 200 10182 "-" "Mozilla/5.0 (Linux; Android 8.0.0; SM-A520F) AppleWebKit/537.36 (KHTML, like Gecko) Chrome/75.0.3770.143 Mobile Safari/537.36"
66.220.149.48 - - [20/Jul/2019:21:12:09 +0000] "GET /uploads/thumbnails/f25730738c960f92ac263972e381d372.jpg HTTP/1.1" 200 48477 "-" "Mozilla/5.0 (Windows NT 10.0; Win64; x64) AppleWebKit/537.36 (KHTML, like Gecko) Chrome/64.0.3282.140 Safari/537.36 Edge/17.17134"
66.220.149.22 - - [20/Jul/2019:21:12:09 +0000] "GET /js/appear.js HTTP/1.1" 200 1359 "-" "Mozilla/5.0 (Linux; Android 8.0.0; SM-A520F) AppleWebKit/537.36 (KHTML, like Gecko) Chrome/75.0.3770.143 Mobile Safari/537.36"
66.220.149.4 - - [20/Jul/2019:21:12:09 +0000] "GET /uploads/thumbnails/611196afffbc748523c712a856990217.jpg HTTP/1.1" 200 47081 "-" "Mozilla/5.0 (Windows NT 10.0; Win64; x64) AppleWebKit/537.36 (KHTML, like Gecko) Chrome/64.0.3282.140 Safari/537.36 Edge/17.17134"
66.220.149.44 - - [20/Jul/2019:21:12:09 +0000] "GET /uploads/thumbnails/75fa647de1edae5b57705d705758a6ed.jpg HTTP/1.1" 200 23543 "-" "Mozilla/5.0 (Windows NT 10.0; Win64; x64) AppleWebKit/537.36 (KHTML, like Gecko) Chrome/64.0.3282.140 Safari/537.36 Edge/17.17134"
66.220.149.22 - - [20/Jul/2019:21:12:09 +0000] "GET /js/script.js?v=2 HTTP/1.1" 200 3465 "-" "Mozilla/5.0 (Linux; Android 8.0.0; SM-A520F) AppleWebKit/537.36 (KHTML, like Gecko) Chrome/75.0.3770.143 Mobile Safari/537.36"
66.220.149.24 - - [20/Jul/2019:21:12:09 +0000] "GET /js/cookieconsent.min.js HTTP/1.1" 200 6849 "-" "Mozilla/5.0 (Linux; Android 8.0.0; SM-A520F) AppleWebKit/537.36 (KHTML, like Gecko) Chrome/75.0.3770.143 Mobile Safari/537.36"
66.220.149.48 - - [20/Jul/2019:21:12:10 +0000] "GET /unitegallery/images/loader.gif HTTP/1.1" 200 673 "-" "Mozilla/5.0 (Windows NT 10.0; Win64; x64) AppleWebKit/537.36 (KHTML, like Gecko) Chrome/64.0.3282.140 Safari/537.36 Edge/17.17134"
66.220.149.22 - - [20/Jul/2019:21:12:10 +0000] "GET /unitegallery/js/jquery-11.0.min.js HTTP/1.1" 200 33369 "-" "Mozilla/5.0 (Linux; Android 8.0.0; SM-A520F) AppleWebKit/537.36 (KHTML, like Gecko) Chrome/75.0.3770.143 Mobile Safari/537.36"
66.220.149.44 - - [20/Jul/2019:21:12:10 +0000] "GET /uploads/images/7670daf41f56b8bd33d4dc1acd8951bd.jpg HTTP/1.1" 200 298404 "-" "Mozilla/5.0 (Windows NT 10.0; Win64; x64) AppleWebKit/537.36 (KHTML, like Gecko) Chrome/64.0.3282.140 Safari/537.36 Edge/17.17134"
66.220.149.4 - - [20/Jul/2019:21:12:10 +0000] "GET /uploads/images/2bb279771d1b1206490facca71bc4d2e.jpg HTTP/1.1" 200 278171 "-" "Mozilla/5.0 (Windows NT 10.0; Win64; x64) AppleWebKit/537.36 (KHTML, like Gecko) Chrome/64.0.3282.140 Safari/537.36 Edge/17.17134"
66.220.149.22 - - [20/Jul/2019:21:12:10 +0000] "GET /unitegallery/js/unitegallery.min.js HTTP/1.1" 200 66910 "-" "Mozilla/5.0 (Linux; Android 8.0.0; SM-A520F) AppleWebKit/537.36 (KHTML, like Gecko) Chrome/75.0.3770.143 Mobile Safari/537.36"
66.220.149.24 - - [20/Jul/2019:21:12:10 +0000] "GET /fonts/line-awesome.woff2?v=1.1. HTTP/1.1" 200 45108 "-" "Mozilla/5.0 (Linux; Android 8.0.0; SM-A520F) AppleWebKit/537.36 (KHTML, like Gecko) Chrome/75.0.3770.143 Mobile Safari/537.36"
66.220.149.4 - - [20/Jul/2019:21:12:10 +0000] "GET /unitegallery/images/cover-grid.png HTTP/1.1" 200 933 "-" "Mozilla/5.0 (Windows NT 10.0; Win64; x64) AppleWebKit/537.36 (KHTML, like Gecko) Chrome/64.0.3282.140 Safari/537.36 Edge/17.17134"
66.220.149.22 - - [20/Jul/2019:21:12:10 +0000] "GET /fonts/Flaticon.woff HTTP/1.1" 200 55964 "-" "Mozilla/5.0 (Linux; Android 8.0.0; SM-A520F) AppleWebKit/537.36 (KHTML, like Gecko) Chrome/75.0.3770.143 Mobile Safari/537.36"
66.220.149.44 - - [20/Jul/2019:21:12:10 +0000] "GET /unitegallery/images/not_loaded.png HTTP/1.1" 200 858 "-" "Mozilla/5.0 (Windows NT 10.0; Win64; x64) AppleWebKit/537.36 (KHTML, like Gecko) Chrome/64.0.3282.140 Safari/537.36 Edge/17.17134"
66.220.149.22 - - [20/Jul/2019:21:12:10 +0000] "GET /images/icons/preloader.svg?v=2 HTTP/1.1" 200 686 "-" "Mozilla/5.0 (Linux; Android 8.0.0; SM-A520F) AppleWebKit/537.36 (KHTML, like Gecko) Chrome/75.0.3770.143 Mobile Safari/537.36"
66.220.149.4 - - [20/Jul/2019:21:12:10 +0000] "GET /uploads/images/75fa647de1edae5b57705d705758a6ed.jpg HTTP/1.1" 200 61076 "-" "Mozilla/5.0 (Windows NT 10.0; Win64; x64) AppleWebKit/537.36 (KHTML, like Gecko) Chrome/64.0.3282.140 Safari/537.36 Edge/17.17134"
66.220.149.22 - - [20/Jul/2019:21:12:10 +0000] "GET /images/logo-white.png HTTP/1.1" 200 1466 "-" "Mozilla/5.0 (Linux; Android 8.0.0; SM-A520F) AppleWebKit/537.36 (KHTML, like Gecko) Chrome/75.0.3770.143 Mobile Safari/537.36"
66.220.149.22 - - [20/Jul/2019:21:12:10 +0000] "GET /unitegallery/themes/compact/ug-theme-compact.js HTTP/1.1" 200 2477 "-" "Mozilla/5.0 (Linux; Android 8.0.0; SM-A520F) AppleWebKit/537.36 (KHTML, like Gecko) Chrome/75.0.3770.143 Mobile Safari/537.36"
66.220.149.48 - - [20/Jul/2019:21:12:10 +0000] "GET /images/background/3.jpg HTTP/1.1" 200 1208371 "-" "Mozilla/5.0 (Windows NT 10.0; Win64; x64) AppleWebKit/537.36 (KHTML, like Gecko) Chrome/64.0.3282.140 Safari/537.36 Edge/17.17134"
66.220.149.24 - - [20/Jul/2019:21:12:10 +0000] "GET /images/background/16.jpg HTTP/1.1" 200 484974 "-" "Mozilla/5.0 (Linux; Android 8.0.0; SM-A520F) AppleWebKit/537.36 (KHTML, like Gecko) Chrome/75.0.3770.143 Mobile Safari/537.36"
66.220.149.22 - - [20/Jul/2019:21:12:10 +0000] "GET /images/logo-sticky.png HTTP/1.1" 200 1258 "-" "Mozilla/5.0 (Linux; Android 8.0.0; SM-A520F) AppleWebKit/537.36 (KHTML, like Gecko) Chrome/75.0.3770.143 Mobile Safari/537.36"
31.13.127.32 - - [20/Jul/2019:21:12:10 +0000] "GET /images/icons/map-marker.png HTTP/1.1" 200 3191 "-" "Mozilla/5.0 (Windows NT 10.0) AppleWebKit/537.36 (KHTML, like Gecko) Chrome/75.0.3770.142 Safari/537.36"
66.220.149.22 - - [20/Jul/2019:21:12:11 +0000] "GET /uploads/thumbnails/7670daf41f56b8bd33d4dc1acd8951bd.jpg HTTP/1.1" 200 44289 "-" "Mozilla/5.0 (Linux; Android 8.0.0; SM-A520F) AppleWebKit/537.36 (KHTML, like Gecko) Chrome/75.0.3770.143 Mobile Safari/537.36"
66.220.149.22 - - [20/Jul/2019:21:12:11 +0000] "GET /uploads/thumbnails/2bb279771d1b1206490facca71bc4d2e.jpg HTTP/1.1" 200 41937 "-" "Mozilla/5.0 (Linux; Android 8.0.0; SM-A520F) AppleWebKit/537.36 (KHTML, like Gecko) Chrome/75.0.3770.143 Mobile Safari/537.36"
66.220.149.48 - - [20/Jul/2019:21:12:11 +0000] "GET /favicon-32x32.png HTTP/1.1" 200 1549 "-" "Mozilla/5.0 (Windows NT 10.0; Win64; x64) AppleWebKit/537.36 (KHTML, like Gecko) Chrome/64.0.3282.140 Safari/537.36 Edge/17.17134"
66.220.149.24 - - [20/Jul/2019:21:12:11 +0000] "GET /uploads/thumbnails/3d94a6f52fd0b12359618fa78d87fa02.jpg HTTP/1.1" 200 62253 "-" "Mozilla/5.0 (Linux; Android 8.0.0; SM-A520F) AppleWebKit/537.36 (KHTML, like Gecko) Chrome/75.0.3770.143 Mobile Safari/537.36"
66.220.149.22 - - [20/Jul/2019:21:12:11 +0000] "GET /uploads/thumbnails/5452cfa3aae2464065dcb95aa2364a89.jpg HTTP/1.1" 200 61613 "-" "Mozilla/5.0 (Linux; Android 8.0.0; SM-A520F) AppleWebKit/537.36 (KHTML, like Gecko) Chrome/75.0.3770.143 Mobile Safari/537.36"
66.220.149.22 - - [20/Jul/2019:21:12:11 +0000] "GET /uploads/thumbnails/56a7b90df515ba5a372eb4ae1e55eae6.jpg HTTP/1.1" 200 36616 "-" "Mozilla/5.0 (Linux; Android 8.0.0; SM-A520F) AppleWebKit/537.36 (KHTML, like Gecko) Chrome/75.0.3770.143 Mobile Safari/537.36"
66.220.149.22 - - [20/Jul/2019:21:12:11 +0000] "GET /uploads/thumbnails/f1fdaacc3b22aa1307b0f3f2fe3bd69f.jpg HTTP/1.1" 200 54328 "-" "Mozilla/5.0 (Linux; Android 8.0.0; SM-A520F) AppleWebKit/537.36 (KHTML, like Gecko) Chrome/75.0.3770.143 Mobile Safari/537.36"
66.220.149.24 - - [20/Jul/2019:21:12:11 +0000] "GET /uploads/thumbnails/1070bba55b5421b92864097b07024316.jpg HTTP/1.1" 200 67615 "-" "Mozilla/5.0 (Linux; Android 8.0.0; SM-A520F) AppleWebKit/537.36 (KHTML, like Gecko) Chrome/75.0.3770.143 Mobile Safari/537.36"
66.220.149.22 - - [20/Jul/2019:21:12:11 +0000] "GET /uploads/thumbnails/fd9a779fb899c45cb5b28974c7bf8fb6.jpg HTTP/1.1" 200 39207 "-" "Mozilla/5.0 (Linux; Android 8.0.0; SM-A520F) AppleWebKit/537.36 (KHTML, like Gecko) Chrome/75.0.3770.143 Mobile Safari/537.36"
66.220.149.24 - - [20/Jul/2019:21:12:11 +0000] "GET /uploads/thumbnails/2791cd4a362701d7500c233f02b2a8d9.jpg HTTP/1.1" 200 46869 "-" "Mozilla/5.0 (Linux; Android 8.0.0; SM-A520F) AppleWebKit/537.36 (KHTML, like Gecko) Chrome/75.0.3770.143 Mobile Safari/537.36"
66.220.149.22 - - [20/Jul/2019:21:12:11 +0000] "GET /uploads/thumbnails/535700bfc988b1a2ef5ad75702d5b621.jpg HTTP/1.1" 200 44749 "-" "Mozilla/5.0 (Linux; Android 8.0.0; SM-A520F) AppleWebKit/537.36 (KHTML, like Gecko) Chrome/75.0.3770.143 Mobile Safari/537.36"
66.220.149.22 - - [20/Jul/2019:21:12:12 +0000] "GET /uploads/thumbnails/5adff4f73dcf258319a12dea3acac8bd.jpg HTTP/1.1" 200 38881 "-" "Mozilla/5.0 (Linux; Android 8.0.0; SM-A520F) AppleWebKit/537.36 (KHTML, like Gecko) Chrome/75.0.3770.143 Mobile Safari/537.36"
66.220.149.24 - - [20/Jul/2019:21:12:12 +0000] "GET /uploads/thumbnails/f25730738c960f92ac263972e381d372.jpg HTTP/1.1" 200 48477 "-" "Mozilla/5.0 (Linux; Android 8.0.0; SM-A520F) AppleWebKit/537.36 (KHTML, like Gecko) Chrome/75.0.3770.143 Mobile Safari/537.36"
66.220.149.22 - - [20/Jul/2019:21:12:12 +0000] "GET /uploads/thumbnails/611196afffbc748523c712a856990217.jpg HTTP/1.1" 200 47081 "-" "Mozilla/5.0 (Linux; Android 8.0.0; SM-A520F) AppleWebKit/537.36 (KHTML, like Gecko) Chrome/75.0.3770.143 Mobile Safari/537.36"
66.220.149.22 - - [20/Jul/2019:21:12:12 +0000] "GET /uploads/thumbnails/75fa647de1edae5b57705d705758a6ed.jpg HTTP/1.1" 200 23543 "-" "Mozilla/5.0 (Linux; Android 8.0.0; SM-A520F) AppleWebKit/537.36 (KHTML, like Gecko) Chrome/75.0.3770.143 Mobile Safari/537.36"
66.220.149.24 - - [20/Jul/2019:21:12:12 +0000] "GET /unitegallery/images/loader.gif HTTP/1.1" 200 673 "-" "Mozilla/5.0 (Linux; Android 8.0.0; SM-A520F) AppleWebKit/537.36 (KHTML, like Gecko) Chrome/75.0.3770.143 Mobile Safari/537.36"
66.220.149.22 - - [20/Jul/2019:21:12:12 +0000] "GET /unitegallery/images/cover-grid.png HTTP/1.1" 200 933 "-" "Mozilla/5.0 (Linux; Android 8.0.0; SM-A520F) AppleWebKit/537.36 (KHTML, like Gecko) Chrome/75.0.3770.143 Mobile Safari/537.36"
66.220.149.24 - - [20/Jul/2019:21:12:12 +0000] "GET /unitegallery/images/loader-white1.gif HTTP/1.1" 200 2545 "-" "Mozilla/5.0 (Linux; Android 8.0.0; SM-A520F) AppleWebKit/537.36 (KHTML, like Gecko) Chrome/75.0.3770.143 Mobile Safari/537.36"
66.220.149.22 - - [20/Jul/2019:21:12:12 +0000] "GET /unitegallery/images/not_loaded.png HTTP/1.1" 200 858 "-" "Mozilla/5.0 (Linux; Android 8.0.0; SM-A520F) AppleWebKit/537.36 (KHTML, like Gecko) Chrome/75.0.3770.143 Mobile Safari/537.36"
66.220.149.22 - - [20/Jul/2019:21:12:13 +0000] "GET /unitegallery/images/play-button-square.png HTTP/1.1" 200 4591 "-" "Mozilla/5.0 (Linux; Android 8.0.0; SM-A520F) AppleWebKit/537.36 (KHTML, like Gecko) Chrome/75.0.3770.143 Mobile Safari/537.36"
66.220.149.24 - - [20/Jul/2019:21:12:13 +0000] "GET /unitegallery/skins/default/slider_arrow_left.png HTTP/1.1" 200 493 "-" "Mozilla/5.0 (Linux; Android 8.0.0; SM-A520F) AppleWebKit/537.36 (KHTML, like Gecko) Chrome/75.0.3770.143 Mobile Safari/537.36"
66.220.149.48 - - [20/Jul/2019:21:12:13 +0000] "GET /images/icons/map-marker.png HTTP/1.1" 200 3191 "-" "Mozilla/5.0 (Windows NT 10.0; Win64; x64) AppleWebKit/537.36 (KHTML, like Gecko) Chrome/64.0.3282.140 Safari/537.36 Edge/17.17134"
66.220.149.22 - - [20/Jul/2019:21:12:13 +0000] "GET /unitegallery/skins/default/slider_arrow_right.png HTTP/1.1" 200 505 "-" "Mozilla/5.0 (Linux; Android 8.0.0; SM-A520F) AppleWebKit/537.36 (KHTML, like Gecko) Chrome/75.0.3770.143 Mobile Safari/537.36"
66.220.149.24 - - [20/Jul/2019:21:12:13 +0000] "GET /unitegallery/skins/default/button_fullscreen.png HTTP/1.1" 200 1146 "-" "Mozilla/5.0 (Linux; Android 8.0.0; SM-A520F) AppleWebKit/537.36 (KHTML, like Gecko) Chrome/75.0.3770.143 Mobile Safari/537.36"
66.220.149.22 - - [20/Jul/2019:21:12:12 +0000] "GET /images/background/3.jpg HTTP/1.1" 200 1208371 "-" "Mozilla/5.0 (Linux; Android 8.0.0; SM-A520F) AppleWebKit/537.36 (KHTML, like Gecko) Chrome/75.0.3770.143 Mobile Safari/537.36"
66.220.149.22 - - [20/Jul/2019:21:12:13 +0000] "GET /unitegallery/images/button-close.png HTTP/1.1" 200 7155 "-" "Mozilla/5.0 (Linux; Android 8.0.0; SM-A520F) AppleWebKit/537.36 (KHTML, like Gecko) Chrome/75.0.3770.143 Mobile Safari/537.36"
66.220.149.24 - - [20/Jul/2019:21:12:13 +0000] "GET /unitegallery/images/loader-black1.gif HTTP/1.1" 200 5855 "-" "Mozilla/5.0 (Linux; Android 8.0.0; SM-A520F) AppleWebKit/537.36 (KHTML, like Gecko) Chrome/75.0.3770.143 Mobile Safari/537.36"
