176.62.13.230 - - [20/Jul/2019:21:00:13 +0000] "GET /kuce/belisce-kuca-u-ulici-p-zrinskog-11114-m2 HTTP/1.1" 200 6939 "http://m.facebook.com/" "Mozilla/5.0 (Linux; Android 9; SNE-LX1 Build/HUAWEISNE-LX1; wv) AppleWebKit/537.36 (KHTML, like Gecko) Version/4.0 Chrome/75.0.3770.143 Mobile Safari/537.36 [FB_IAB/FB4A;FBAV/229.0.0.35.117;]"
176.62.13.230 - - [20/Jul/2019:21:00:13 +0000] "GET /assets/plugins/flag/flags/4x3/hr.svg HTTP/1.1" 200 80697 "https://www.ing-victus.hr/assets/plugins/flag/css/flag-icon.css" "Mozilla/5.0 (Linux; Android 9; SNE-LX1 Build/HUAWEISNE-LX1; wv) AppleWebKit/537.36 (KHTML, like Gecko) Version/4.0 Chrome/75.0.3770.143 Mobile Safari/537.36 [FB_IAB/FB4A;FBAV/229.0.0.35.117;]"
176.62.13.230 - - [20/Jul/2019:21:10:30 +0000] "GET /kuce/bistrinci-renovirana-i-namjestena-kuca-7044-m2 HTTP/1.1" 200 6998 "http://m.facebook.com/" "Mozilla/5.0 (Linux; Android 9; SNE-LX1 Build/HUAWEISNE-LX1; wv) AppleWebKit/537.36 (KHTML, like Gecko) Version/4.0 Chrome/75.0.3770.143 Mobile Safari/537.36 [FB_IAB/FB4A;FBAV/229.0.0.35.117;]"
176.62.13.230 - - [20/Jul/2019:21:10:30 +0000] "GET /uploads/thumbnails/d181b76fcf616e6ccddedd3c00296ff8.jpg HTTP/1.1" 200 49249 "https://www.ing-victus.hr/kuce/bistrinci-renovirana-i-namjestena-kuca-7044-m2" "Mozilla/5.0 (Linux; Android 9; SNE-LX1 Build/HUAWEISNE-LX1; wv) AppleWebKit/537.36 (KHTML, like Gecko) Version/4.0 Chrome/75.0.3770.143 Mobile Safari/537.36 [FB_IAB/FB4A;FBAV/229.0.0.35.117;]"
176.62.13.230 - - [20/Jul/2019:21:10:30 +0000] "GET /uploads/thumbnails/8b27e048156ea46a477847f529e30b6d.jpg HTTP/1.1" 200 39547 "https://www.ing-victus.hr/kuce/bistrinci-renovirana-i-namjestena-kuca-7044-m2" "Mozilla/5.0 (Linux; Android 9; SNE-LX1 Build/HUAWEISNE-LX1; wv) AppleWebKit/537.36 (KHTML, like Gecko) Version/4.0 Chrome/75.0.3770.143 Mobile Safari/537.36 [FB_IAB/FB4A;FBAV/229.0.0.35.117;]"
176.62.13.230 - - [20/Jul/2019:21:10:30 +0000] "GET /uploads/thumbnails/45ae236071096f819258c7cd1a876e9b.jpg HTTP/1.1" 200 42388 "https://www.ing-victus.hr/kuce/bistrinci-renovirana-i-namjestena-kuca-7044-m2" "Mozilla/5.0 (Linux; Android 9; SNE-LX1 Build/HUAWEISNE-LX1; wv) AppleWebKit/537.36 (KHTML, like Gecko) Version/4.0 Chrome/75.0.3770.143 Mobile Safari/537.36 [FB_IAB/FB4A;FBAV/229.0.0.35.117;]"
176.62.13.230 - - [20/Jul/2019:21:10:30 +0000] "GET /uploads/thumbnails/63655a4dfca887f01d173a2d8c38ea4d.jpg HTTP/1.1" 200 56140 "https://www.ing-victus.hr/kuce/bistrinci-renovirana-i-namjestena-kuca-7044-m2" "Mozilla/5.0 (Linux; Android 9; SNE-LX1 Build/HUAWEISNE-LX1; wv) AppleWebKit/537.36 (KHTML, like Gecko) Version/4.0 Chrome/75.0.3770.143 Mobile Safari/537.36 [FB_IAB/FB4A;FBAV/229.0.0.35.117;]"
176.62.13.230 - - [20/Jul/2019:21:10:30 +0000] "GET /uploads/thumbnails/54d1595ed3da5c1dd014cbb48a9db5a6.jpg HTTP/1.1" 200 57470 "https://www.ing-victus.hr/kuce/bistrinci-renovirana-i-namjestena-kuca-7044-m2" "Mozilla/5.0 (Linux; Android 9; SNE-LX1 Build/HUAWEISNE-LX1; wv) AppleWebKit/537.36 (KHTML, like Gecko) Version/4.0 Chrome/75.0.3770.143 Mobile Safari/537.36 [FB_IAB/FB4A;FBAV/229.0.0.35.117;]"
176.62.13.230 - - [20/Jul/2019:21:10:30 +0000] "GET /uploads/thumbnails/330cdcfbc239d7924485ff7bf94a08ee.jpg HTTP/1.1" 200 59829 "https://www.ing-victus.hr/kuce/bistrinci-renovirana-i-namjestena-kuca-7044-m2" "Mozilla/5.0 (Linux; Android 9; SNE-LX1 Build/HUAWEISNE-LX1; wv) AppleWebKit/537.36 (KHTML, like Gecko) Version/4.0 Chrome/75.0.3770.143 Mobile Safari/537.36 [FB_IAB/FB4A;FBAV/229.0.0.35.117;]"
176.62.13.230 - - [20/Jul/2019:21:10:31 +0000] "GET /uploads/thumbnails/75f14c3a0b4af62dfe63d5250bf5235c.jpg HTTP/1.1" 200 45133 "https://www.ing-victus.hr/kuce/bistrinci-renovirana-i-namjestena-kuca-7044-m2" "Mozilla/5.0 (Linux; Android 9; SNE-LX1 Build/HUAWEISNE-LX1; wv) AppleWebKit/537.36 (KHTML, like Gecko) Version/4.0 Chrome/75.0.3770.143 Mobile Safari/537.36 [FB_IAB/FB4A;FBAV/229.0.0.35.117;]"
176.62.13.230 - - [20/Jul/2019:21:10:31 +0000] "GET /uploads/thumbnails/429deff28e85244d929e0ca7728afc15.jpg HTTP/1.1" 200 36874 "https://www.ing-victus.hr/kuce/bistrinci-renovirana-i-namjestena-kuca-7044-m2" "Mozilla/5.0 (Linux; Android 9; SNE-LX1 Build/HUAWEISNE-LX1; wv) AppleWebKit/537.36 (KHTML, like Gecko) Version/4.0 Chrome/75.0.3770.143 Mobile Safari/537.36 [FB_IAB/FB4A;FBAV/229.0.0.35.117;]"
176.62.13.230 - - [20/Jul/2019:21:10:31 +0000] "GET /uploads/thumbnails/ee5c63bdd37793e4a598853d6033f99c.jpg HTTP/1.1" 200 40133 "https://www.ing-victus.hr/kuce/bistrinci-renovirana-i-namjestena-kuca-7044-m2" "Mozilla/5.0 (Linux; Android 9; SNE-LX1 Build/HUAWEISNE-LX1; wv) AppleWebKit/537.36 (KHTML, like Gecko) Version/4.0 Chrome/75.0.3770.143 Mobile Safari/537.36 [FB_IAB/FB4A;FBAV/229.0.0.35.117;]"
176.62.13.230 - - [20/Jul/2019:21:10:31 +0000] "GET /uploads/thumbnails/71f79300b0a04e7568f386848993b676.jpg HTTP/1.1" 200 28468 "https://www.ing-victus.hr/kuce/bistrinci-renovirana-i-namjestena-kuca-7044-m2" "Mozilla/5.0 (Linux; Android 9; SNE-LX1 Build/HUAWEISNE-LX1; wv) AppleWebKit/537.36 (KHTML, like Gecko) Version/4.0 Chrome/75.0.3770.143 Mobile Safari/537.36 [FB_IAB/FB4A;FBAV/229.0.0.35.117;]"
176.62.13.230 - - [20/Jul/2019:21:10:31 +0000] "GET /uploads/thumbnails/4586a0fdf62d3c3f3bc5991e79dd2314.jpg HTTP/1.1" 200 36377 "https://www.ing-victus.hr/kuce/bistrinci-renovirana-i-namjestena-kuca-7044-m2" "Mozilla/5.0 (Linux; Android 9; SNE-LX1 Build/HUAWEISNE-LX1; wv) AppleWebKit/537.36 (KHTML, like Gecko) Version/4.0 Chrome/75.0.3770.143 Mobile Safari/537.36 [FB_IAB/FB4A;FBAV/229.0.0.35.117;]"
176.62.13.230 - - [20/Jul/2019:21:10:32 +0000] "GET /uploads/thumbnails/3467070fc7bf8d9694a2b78dbc16578f.jpg HTTP/1.1" 200 33209 "https://www.ing-victus.hr/kuce/bistrinci-renovirana-i-namjestena-kuca-7044-m2" "Mozilla/5.0 (Linux; Android 9; SNE-LX1 Build/HUAWEISNE-LX1; wv) AppleWebKit/537.36 (KHTML, like Gecko) Version/4.0 Chrome/75.0.3770.143 Mobile Safari/537.36 [FB_IAB/FB4A;FBAV/229.0.0.35.117;]"
176.62.13.230 - - [20/Jul/2019:21:10:32 +0000] "GET /uploads/thumbnails/799a6c9f95d0c8f56332331090b6e985.jpg HTTP/1.1" 200 36448 "https://www.ing-victus.hr/kuce/bistrinci-renovirana-i-namjestena-kuca-7044-m2" "Mozilla/5.0 (Linux; Android 9; SNE-LX1 Build/HUAWEISNE-LX1; wv) AppleWebKit/537.36 (KHTML, like Gecko) Version/4.0 Chrome/75.0.3770.143 Mobile Safari/537.36 [FB_IAB/FB4A;FBAV/229.0.0.35.117;]"
176.62.13.230 - - [20/Jul/2019:21:10:32 +0000] "GET /uploads/thumbnails/3fb556e2a2539a99423078e30607dc1f.jpg HTTP/1.1" 200 40063 "https://www.ing-victus.hr/kuce/bistrinci-renovirana-i-namjestena-kuca-7044-m2" "Mozilla/5.0 (Linux; Android 9; SNE-LX1 Build/HUAWEISNE-LX1; wv) AppleWebKit/537.36 (KHTML, like Gecko) Version/4.0 Chrome/75.0.3770.143 Mobile Safari/537.36 [FB_IAB/FB4A;FBAV/229.0.0.35.117;]"
176.62.13.230 - - [20/Jul/2019:21:10:32 +0000] "GET /uploads/thumbnails/35b496b5214c7aa9c226dd39caca757d.jpg HTTP/1.1" 200 39143 "https://www.ing-victus.hr/kuce/bistrinci-renovirana-i-namjestena-kuca-7044-m2" "Mozilla/5.0 (Linux; Android 9; SNE-LX1 Build/HUAWEISNE-LX1; wv) AppleWebKit/537.36 (KHTML, like Gecko) Version/4.0 Chrome/75.0.3770.143 Mobile Safari/537.36 [FB_IAB/FB4A;FBAV/229.0.0.35.117;]"
176.62.13.230 - - [20/Jul/2019:21:10:32 +0000] "GET /uploads/thumbnails/57b3bdcd29cee710ccf986ef4060b0cc.JPG HTTP/1.1" 200 14792 "https://www.ing-victus.hr/kuce/bistrinci-renovirana-i-namjestena-kuca-7044-m2" "Mozilla/5.0 (Linux; Android 9; SNE-LX1 Build/HUAWEISNE-LX1; wv) AppleWebKit/537.36 (KHTML, like Gecko) Version/4.0 Chrome/75.0.3770.143 Mobile Safari/537.36 [FB_IAB/FB4A;FBAV/229.0.0.35.117;]"
176.62.13.230 - - [20/Jul/2019:21:10:32 +0000] "GET /uploads/images/57b3bdcd29cee710ccf986ef4060b0cc.JPG HTTP/1.1" 200 61195 "https://www.ing-victus.hr/kuce/bistrinci-renovirana-i-namjestena-kuca-7044-m2" "Mozilla/5.0 (Linux; Android 9; SNE-LX1 Build/HUAWEISNE-LX1; wv) AppleWebKit/537.36 (KHTML, like Gecko) Version/4.0 Chrome/75.0.3770.143 Mobile Safari/537.36 [FB_IAB/FB4A;FBAV/229.0.0.35.117;]"
176.62.13.230 - - [20/Jul/2019:21:10:32 +0000] "GET /uploads/images/d181b76fcf616e6ccddedd3c00296ff8.jpg HTTP/1.1" 200 331760 "https://www.ing-victus.hr/kuce/bistrinci-renovirana-i-namjestena-kuca-7044-m2" "Mozilla/5.0 (Linux; Android 9; SNE-LX1 Build/HUAWEISNE-LX1; wv) AppleWebKit/537.36 (KHTML, like Gecko) Version/4.0 Chrome/75.0.3770.143 Mobile Safari/537.36 [FB_IAB/FB4A;FBAV/229.0.0.35.117;]"
176.62.13.230 - - [20/Jul/2019:21:10:32 +0000] "GET /uploads/images/8b27e048156ea46a477847f529e30b6d.jpg HTTP/1.1" 200 253594 "https://www.ing-victus.hr/kuce/bistrinci-renovirana-i-namjestena-kuca-7044-m2" "Mozilla/5.0 (Linux; Android 9; SNE-LX1 Build/HUAWEISNE-LX1; wv) AppleWebKit/537.36 (KHTML, like Gecko) Version/4.0 Chrome/75.0.3770.143 Mobile Safari/537.36 [FB_IAB/FB4A;FBAV/229.0.0.35.117;]"
83.181.238.6 - - [20/Jul/2019:21:10:40 +0000] "GET /kuce/belisce-kuca-u-ulici-p-zrinskog-11114-m2 HTTP/1.1" 200 6936 "http://m.facebook.com/" "Mozilla/5.0 (Linux; Android 8.0.0; ANE-LX1 Build/HUAWEIANE-LX1; wv) AppleWebKit/537.36 (KHTML, like Gecko) Version/4.0 Chrome/70.0.3538.110 Mobile Safari/537.36 [FB_IAB/FB4A;FBAV/230.0.0.36.117;]"
83.181.238.6 - - [20/Jul/2019:21:10:40 +0000] "GET /css/bootstrap.css HTTP/1.1" 200 21086 "https://www.ing-victus.hr/kuce/belisce-kuca-u-ulici-p-zrinskog-11114-m2" "Mozilla/5.0 (Linux; Android 8.0.0; ANE-LX1 Build/HUAWEIANE-LX1; wv) AppleWebKit/537.36 (KHTML, like Gecko) Version/4.0 Chrome/70.0.3538.110 Mobile Safari/537.36 [FB_IAB/FB4A;FBAV/230.0.0.36.117;]"
83.181.238.6 - - [20/Jul/2019:21:10:41 +0000] "GET /assets/plugins/flag/css/flag-icon.css HTTP/1.1" 200 2837 "https://www.ing-victus.hr/kuce/belisce-kuca-u-ulici-p-zrinskog-11114-m2" "Mozilla/5.0 (Linux; Android 8.0.0; ANE-LX1 Build/HUAWEIANE-LX1; wv) AppleWebKit/537.36 (KHTML, like Gecko) Version/4.0 Chrome/70.0.3538.110 Mobile Safari/537.36 [FB_IAB/FB4A;FBAV/230.0.0.36.117;]"
83.181.238.6 - - [20/Jul/2019:21:10:41 +0000] "GET /css/cookieconsent.min.css HTTP/1.1" 200 1209 "https://www.ing-victus.hr/kuce/belisce-kuca-u-ulici-p-zrinskog-11114-m2" "Mozilla/5.0 (Linux; Android 8.0.0; ANE-LX1 Build/HUAWEIANE-LX1; wv) AppleWebKit/537.36 (KHTML, like Gecko) Version/4.0 Chrome/70.0.3538.110 Mobile Safari/537.36 [FB_IAB/FB4A;FBAV/230.0.0.36.117;]"
83.181.238.6 - - [20/Jul/2019:21:10:41 +0000] "GET /css/style.css?v=9 HTTP/1.1" 200 27694 "https://www.ing-victus.hr/kuce/belisce-kuca-u-ulici-p-zrinskog-11114-m2" "Mozilla/5.0 (Linux; Android 8.0.0; ANE-LX1 Build/HUAWEIANE-LX1; wv) AppleWebKit/537.36 (KHTML, like Gecko) Version/4.0 Chrome/70.0.3538.110 Mobile Safari/537.36 [FB_IAB/FB4A;FBAV/230.0.0.36.117;]"
83.181.238.6 - - [20/Jul/2019:21:10:41 +0000] "GET /images/logo-white.png HTTP/1.1" 200 1466 "https://www.ing-victus.hr/kuce/belisce-kuca-u-ulici-p-zrinskog-11114-m2" "Mozilla/5.0 (Linux; Android 8.0.0; ANE-LX1 Build/HUAWEIANE-LX1; wv) AppleWebKit/537.36 (KHTML, like Gecko) Version/4.0 Chrome/70.0.3538.110 Mobile Safari/537.36 [FB_IAB/FB4A;FBAV/230.0.0.36.117;]"
83.181.238.6 - - [20/Jul/2019:21:10:41 +0000] "GET /unitegallery/css/unite-gallery.css HTTP/1.1" 200 4825 "https://www.ing-victus.hr/kuce/belisce-kuca-u-ulici-p-zrinskog-11114-m2" "Mozilla/5.0 (Linux; Android 8.0.0; ANE-LX1 Build/HUAWEIANE-LX1; wv) AppleWebKit/537.36 (KHTML, like Gecko) Version/4.0 Chrome/70.0.3538.110 Mobile Safari/537.36 [FB_IAB/FB4A;FBAV/230.0.0.36.117;]"
83.181.238.6 - - [20/Jul/2019:21:10:41 +0000] "GET /css/color-themes/default-theme.css?v=3 HTTP/1.1" 200 2227 "https://www.ing-victus.hr/kuce/belisce-kuca-u-ulici-p-zrinskog-11114-m2" "Mozilla/5.0 (Linux; Android 8.0.0; ANE-LX1 Build/HUAWEIANE-LX1; wv) AppleWebKit/537.36 (KHTML, like Gecko) Version/4.0 Chrome/70.0.3538.110 Mobile Safari/537.36 [FB_IAB/FB4A;FBAV/230.0.0.36.117;]"
83.181.238.6 - - [20/Jul/2019:21:10:41 +0000] "GET /css/responsive.css?v=3 HTTP/1.1" 200 5283 "https://www.ing-victus.hr/kuce/belisce-kuca-u-ulici-p-zrinskog-11114-m2" "Mozilla/5.0 (Linux; Android 8.0.0; ANE-LX1 Build/HUAWEIANE-LX1; wv) AppleWebKit/537.36 (KHTML, like Gecko) Version/4.0 Chrome/70.0.3538.110 Mobile Safari/537.36 [FB_IAB/FB4A;FBAV/230.0.0.36.117;]"
83.181.238.6 - - [20/Jul/2019:21:10:41 +0000] "GET /images/logo-sticky.png HTTP/1.1" 200 1258 "https://www.ing-victus.hr/kuce/belisce-kuca-u-ulici-p-zrinskog-11114-m2" "Mozilla/5.0 (Linux; Android 8.0.0; ANE-LX1 Build/HUAWEIANE-LX1; wv) AppleWebKit/537.36 (KHTML, like Gecko) Version/4.0 Chrome/70.0.3538.110 Mobile Safari/537.36 [FB_IAB/FB4A;FBAV/230.0.0.36.117;]"
83.181.238.6 - - [20/Jul/2019:21:10:41 +0000] "GET /js/popper.min.js HTTP/1.1" 200 7239 "https://www.ing-victus.hr/kuce/belisce-kuca-u-ulici-p-zrinskog-11114-m2" "Mozilla/5.0 (Linux; Android 8.0.0; ANE-LX1 Build/HUAWEIANE-LX1; wv) AppleWebKit/537.36 (KHTML, like Gecko) Version/4.0 Chrome/70.0.3538.110 Mobile Safari/537.36 [FB_IAB/FB4A;FBAV/230.0.0.36.117;]"
83.181.238.6 - - [20/Jul/2019:21:10:41 +0000] "GET /js/jquery.js HTTP/1.1" 200 33760 "https://www.ing-victus.hr/kuce/belisce-kuca-u-ulici-p-zrinskog-11114-m2" "Mozilla/5.0 (Linux; Android 8.0.0; ANE-LX1 Build/HUAWEIANE-LX1; wv) AppleWebKit/537.36 (KHTML, like Gecko) Version/4.0 Chrome/70.0.3538.110 Mobile Safari/537.36 [FB_IAB/FB4A;FBAV/230.0.0.36.117;]"
83.181.238.6 - - [20/Jul/2019:21:10:41 +0000] "GET /js/bootstrap.min.js HTTP/1.1" 200 14048 "https://www.ing-victus.hr/kuce/belisce-kuca-u-ulici-p-zrinskog-11114-m2" "Mozilla/5.0 (Linux; Android 8.0.0; ANE-LX1 Build/HUAWEIANE-LX1; wv) AppleWebKit/537.36 (KHTML, like Gecko) Version/4.0 Chrome/70.0.3538.110 Mobile Safari/537.36 [FB_IAB/FB4A;FBAV/230.0.0.36.117;]"
83.181.238.6 - - [20/Jul/2019:21:10:41 +0000] "GET /js/jquery.fancybox.js HTTP/1.1" 200 36180 "https://www.ing-victus.hr/kuce/belisce-kuca-u-ulici-p-zrinskog-11114-m2" "Mozilla/5.0 (Linux; Android 8.0.0; ANE-LX1 Build/HUAWEIANE-LX1; wv) AppleWebKit/537.36 (KHTML, like Gecko) Version/4.0 Chrome/70.0.3538.110 Mobile Safari/537.36 [FB_IAB/FB4A;FBAV/230.0.0.36.117;]"
83.181.238.6 - - [20/Jul/2019:21:10:41 +0000] "GET /js/jquery-ui.js HTTP/1.1" 200 125176 "https://www.ing-victus.hr/kuce/belisce-kuca-u-ulici-p-zrinskog-11114-m2" "Mozilla/5.0 (Linux; Android 8.0.0; ANE-LX1 Build/HUAWEIANE-LX1; wv) AppleWebKit/537.36 (KHTML, like Gecko) Version/4.0 Chrome/70.0.3538.110 Mobile Safari/537.36 [FB_IAB/FB4A;FBAV/230.0.0.36.117;]"
83.181.238.6 - - [20/Jul/2019:21:10:41 +0000] "GET /js/owl.js HTTP/1.1" 200 18490 "https://www.ing-victus.hr/kuce/belisce-kuca-u-ulici-p-zrinskog-11114-m2" "Mozilla/5.0 (Linux; Android 8.0.0; ANE-LX1 Build/HUAWEIANE-LX1; wv) AppleWebKit/537.36 (KHTML, like Gecko) Version/4.0 Chrome/70.0.3538.110 Mobile Safari/537.36 [FB_IAB/FB4A;FBAV/230.0.0.36.117;]"
83.181.238.6 - - [20/Jul/2019:21:10:41 +0000] "GET /css/animate.css HTTP/1.1" 200 4629 "https://www.ing-victus.hr/kuce/belisce-kuca-u-ulici-p-zrinskog-11114-m2" "Mozilla/5.0 (Linux; Android 8.0.0; ANE-LX1 Build/HUAWEIANE-LX1; wv) AppleWebKit/537.36 (KHTML, like Gecko) Version/4.0 Chrome/70.0.3538.110 Mobile Safari/537.36 [FB_IAB/FB4A;FBAV/230.0.0.36.117;]"
83.181.238.6 - - [20/Jul/2019:21:10:41 +0000] "GET /css/flaticon.css HTTP/1.1" 200 2568 "https://www.ing-victus.hr/kuce/belisce-kuca-u-ulici-p-zrinskog-11114-m2" "Mozilla/5.0 (Linux; Android 8.0.0; ANE-LX1 Build/HUAWEIANE-LX1; wv) AppleWebKit/537.36 (KHTML, like Gecko) Version/4.0 Chrome/70.0.3538.110 Mobile Safari/537.36 [FB_IAB/FB4A;FBAV/230.0.0.36.117;]"
83.181.238.6 - - [20/Jul/2019:21:10:41 +0000] "GET /css/line-awesome.css HTTP/1.1" 200 6330 "https://www.ing-victus.hr/kuce/belisce-kuca-u-ulici-p-zrinskog-11114-m2" "Mozilla/5.0 (Linux; Android 8.0.0; ANE-LX1 Build/HUAWEIANE-LX1; wv) AppleWebKit/537.36 (KHTML, like Gecko) Version/4.0 Chrome/70.0.3538.110 Mobile Safari/537.36 [FB_IAB/FB4A;FBAV/230.0.0.36.117;]"
83.181.238.6 - - [20/Jul/2019:21:10:41 +0000] "GET /css/owl.css HTTP/1.1" 200 1159 "https://www.ing-victus.hr/kuce/belisce-kuca-u-ulici-p-zrinskog-11114-m2" "Mozilla/5.0 (Linux; Android 8.0.0; ANE-LX1 Build/HUAWEIANE-LX1; wv) AppleWebKit/537.36 (KHTML, like Gecko) Version/4.0 Chrome/70.0.3538.110 Mobile Safari/537.36 [FB_IAB/FB4A;FBAV/230.0.0.36.117;]"
83.181.238.6 - - [20/Jul/2019:21:10:41 +0000] "GET /css/jquery-ui.css HTTP/1.1" 200 8372 "https://www.ing-victus.hr/kuce/belisce-kuca-u-ulici-p-zrinskog-11114-m2" "Mozilla/5.0 (Linux; Android 8.0.0; ANE-LX1 Build/HUAWEIANE-LX1; wv) AppleWebKit/537.36 (KHTML, like Gecko) Version/4.0 Chrome/70.0.3538.110 Mobile Safari/537.36 [FB_IAB/FB4A;FBAV/230.0.0.36.117;]"
83.181.238.6 - - [20/Jul/2019:21:10:41 +0000] "GET /css/jquery.fancybox.min.css HTTP/1.1" 200 3155 "https://www.ing-victus.hr/kuce/belisce-kuca-u-ulici-p-zrinskog-11114-m2" "Mozilla/5.0 (Linux; Android 8.0.0; ANE-LX1 Build/HUAWEIANE-LX1; wv) AppleWebKit/537.36 (KHTML, like Gecko) Version/4.0 Chrome/70.0.3538.110 Mobile Safari/537.36 [FB_IAB/FB4A;FBAV/230.0.0.36.117;]"
83.181.238.6 - - [20/Jul/2019:21:10:41 +0000] "GET /js/wow.js HTTP/1.1" 200 2209 "https://www.ing-victus.hr/kuce/belisce-kuca-u-ulici-p-zrinskog-11114-m2" "Mozilla/5.0 (Linux; Android 8.0.0; ANE-LX1 Build/HUAWEIANE-LX1; wv) AppleWebKit/537.36 (KHTML, like Gecko) Version/4.0 Chrome/70.0.3538.110 Mobile Safari/537.36 [FB_IAB/FB4A;FBAV/230.0.0.36.117;]"
83.181.238.6 - - [20/Jul/2019:21:10:41 +0000] "GET /js/isotope.js HTTP/1.1" 200 10182 "https://www.ing-victus.hr/kuce/belisce-kuca-u-ulici-p-zrinskog-11114-m2" "Mozilla/5.0 (Linux; Android 8.0.0; ANE-LX1 Build/HUAWEIANE-LX1; wv) AppleWebKit/537.36 (KHTML, like Gecko) Version/4.0 Chrome/70.0.3538.110 Mobile Safari/537.36 [FB_IAB/FB4A;FBAV/230.0.0.36.117;]"
83.181.238.6 - - [20/Jul/2019:21:10:41 +0000] "GET /js/appear.js HTTP/1.1" 200 1359 "https://www.ing-victus.hr/kuce/belisce-kuca-u-ulici-p-zrinskog-11114-m2" "Mozilla/5.0 (Linux; Android 8.0.0; ANE-LX1 Build/HUAWEIANE-LX1; wv) AppleWebKit/537.36 (KHTML, like Gecko) Version/4.0 Chrome/70.0.3538.110 Mobile Safari/537.36 [FB_IAB/FB4A;FBAV/230.0.0.36.117;]"
83.181.238.6 - - [20/Jul/2019:21:10:41 +0000] "GET /js/cookieconsent.min.js HTTP/1.1" 200 6849 "https://www.ing-victus.hr/kuce/belisce-kuca-u-ulici-p-zrinskog-11114-m2" "Mozilla/5.0 (Linux; Android 8.0.0; ANE-LX1 Build/HUAWEIANE-LX1; wv) AppleWebKit/537.36 (KHTML, like Gecko) Version/4.0 Chrome/70.0.3538.110 Mobile Safari/537.36 [FB_IAB/FB4A;FBAV/230.0.0.36.117;]"
83.181.238.6 - - [20/Jul/2019:21:10:41 +0000] "GET /js/script.js?v=2 HTTP/1.1" 200 3465 "https://www.ing-victus.hr/kuce/belisce-kuca-u-ulici-p-zrinskog-11114-m2" "Mozilla/5.0 (Linux; Android 8.0.0; ANE-LX1 Build/HUAWEIANE-LX1; wv) AppleWebKit/537.36 (KHTML, like Gecko) Version/4.0 Chrome/70.0.3538.110 Mobile Safari/537.36 [FB_IAB/FB4A;FBAV/230.0.0.36.117;]"
83.181.238.6 - - [20/Jul/2019:21:10:41 +0000] "GET /unitegallery/js/jquery-11.0.min.js HTTP/1.1" 200 33369 "https://www.ing-victus.hr/kuce/belisce-kuca-u-ulici-p-zrinskog-11114-m2" "Mozilla/5.0 (Linux; Android 8.0.0; ANE-LX1 Build/HUAWEIANE-LX1; wv) AppleWebKit/537.36 (KHTML, like Gecko) Version/4.0 Chrome/70.0.3538.110 Mobile Safari/537.36 [FB_IAB/FB4A;FBAV/230.0.0.36.117;]"
83.181.238.6 - - [20/Jul/2019:21:10:41 +0000] "GET /unitegallery/js/unitegallery.min.js HTTP/1.1" 200 66910 "https://www.ing-victus.hr/kuce/belisce-kuca-u-ulici-p-zrinskog-11114-m2" "Mozilla/5.0 (Linux; Android 8.0.0; ANE-LX1 Build/HUAWEIANE-LX1; wv) AppleWebKit/537.36 (KHTML, like Gecko) Version/4.0 Chrome/70.0.3538.110 Mobile Safari/537.36 [FB_IAB/FB4A;FBAV/230.0.0.36.117;]"
83.181.238.6 - - [20/Jul/2019:21:10:41 +0000] "GET /unitegallery/themes/compact/ug-theme-compact.js HTTP/1.1" 200 2477 "https://www.ing-victus.hr/kuce/belisce-kuca-u-ulici-p-zrinskog-11114-m2" "Mozilla/5.0 (Linux; Android 8.0.0; ANE-LX1 Build/HUAWEIANE-LX1; wv) AppleWebKit/537.36 (KHTML, like Gecko) Version/4.0 Chrome/70.0.3538.110 Mobile Safari/537.36 [FB_IAB/FB4A;FBAV/230.0.0.36.117;]"
83.181.238.6 - - [20/Jul/2019:21:10:41 +0000] "GET /uploads/thumbnails/7670daf41f56b8bd33d4dc1acd8951bd.jpg HTTP/1.1" 200 44289 "https://www.ing-victus.hr/kuce/belisce-kuca-u-ulici-p-zrinskog-11114-m2" "Mozilla/5.0 (Linux; Android 8.0.0; ANE-LX1 Build/HUAWEIANE-LX1; wv) AppleWebKit/537.36 (KHTML, like Gecko) Version/4.0 Chrome/70.0.3538.110 Mobile Safari/537.36 [FB_IAB/FB4A;FBAV/230.0.0.36.117;]"
83.181.238.6 - - [20/Jul/2019:21:10:41 +0000] "GET /uploads/thumbnails/2bb279771d1b1206490facca71bc4d2e.jpg HTTP/1.1" 200 41937 "https://www.ing-victus.hr/kuce/belisce-kuca-u-ulici-p-zrinskog-11114-m2" "Mozilla/5.0 (Linux; Android 8.0.0; ANE-LX1 Build/HUAWEIANE-LX1; wv) AppleWebKit/537.36 (KHTML, like Gecko) Version/4.0 Chrome/70.0.3538.110 Mobile Safari/537.36 [FB_IAB/FB4A;FBAV/230.0.0.36.117;]"
83.181.238.6 - - [20/Jul/2019:21:10:41 +0000] "GET /uploads/thumbnails/3d94a6f52fd0b12359618fa78d87fa02.jpg HTTP/1.1" 200 62253 "https://www.ing-victus.hr/kuce/belisce-kuca-u-ulici-p-zrinskog-11114-m2" "Mozilla/5.0 (Linux; Android 8.0.0; ANE-LX1 Build/HUAWEIANE-LX1; wv) AppleWebKit/537.36 (KHTML, like Gecko) Version/4.0 Chrome/70.0.3538.110 Mobile Safari/537.36 [FB_IAB/FB4A;FBAV/230.0.0.36.117;]"
83.181.238.6 - - [20/Jul/2019:21:10:41 +0000] "GET /uploads/thumbnails/5452cfa3aae2464065dcb95aa2364a89.jpg HTTP/1.1" 200 61613 "https://www.ing-victus.hr/kuce/belisce-kuca-u-ulici-p-zrinskog-11114-m2" "Mozilla/5.0 (Linux; Android 8.0.0; ANE-LX1 Build/HUAWEIANE-LX1; wv) AppleWebKit/537.36 (KHTML, like Gecko) Version/4.0 Chrome/70.0.3538.110 Mobile Safari/537.36 [FB_IAB/FB4A;FBAV/230.0.0.36.117;]"
83.181.238.6 - - [20/Jul/2019:21:10:41 +0000] "GET /uploads/thumbnails/f1fdaacc3b22aa1307b0f3f2fe3bd69f.jpg HTTP/1.1" 200 54328 "https://www.ing-victus.hr/kuce/belisce-kuca-u-ulici-p-zrinskog-11114-m2" "Mozilla/5.0 (Linux; Android 8.0.0; ANE-LX1 Build/HUAWEIANE-LX1; wv) AppleWebKit/537.36 (KHTML, like Gecko) Version/4.0 Chrome/70.0.3538.110 Mobile Safari/537.36 [FB_IAB/FB4A;FBAV/230.0.0.36.117;]"
83.181.238.6 - - [20/Jul/2019:21:10:41 +0000] "GET /uploads/thumbnails/1070bba55b5421b92864097b07024316.jpg HTTP/1.1" 200 67615 "https://www.ing-victus.hr/kuce/belisce-kuca-u-ulici-p-zrinskog-11114-m2" "Mozilla/5.0 (Linux; Android 8.0.0; ANE-LX1 Build/HUAWEIANE-LX1; wv) AppleWebKit/537.36 (KHTML, like Gecko) Version/4.0 Chrome/70.0.3538.110 Mobile Safari/537.36 [FB_IAB/FB4A;FBAV/230.0.0.36.117;]"
83.181.238.6 - - [20/Jul/2019:21:10:42 +0000] "GET /uploads/thumbnails/56a7b90df515ba5a372eb4ae1e55eae6.jpg HTTP/1.1" 200 36616 "https://www.ing-victus.hr/kuce/belisce-kuca-u-ulici-p-zrinskog-11114-m2" "Mozilla/5.0 (Linux; Android 8.0.0; ANE-LX1 Build/HUAWEIANE-LX1; wv) AppleWebKit/537.36 (KHTML, like Gecko) Version/4.0 Chrome/70.0.3538.110 Mobile Safari/537.36 [FB_IAB/FB4A;FBAV/230.0.0.36.117;]"
83.181.238.6 - - [20/Jul/2019:21:10:42 +0000] "GET /uploads/thumbnails/fd9a779fb899c45cb5b28974c7bf8fb6.jpg HTTP/1.1" 200 39207 "https://www.ing-victus.hr/kuce/belisce-kuca-u-ulici-p-zrinskog-11114-m2" "Mozilla/5.0 (Linux; Android 8.0.0; ANE-LX1 Build/HUAWEIANE-LX1; wv) AppleWebKit/537.36 (KHTML, like Gecko) Version/4.0 Chrome/70.0.3538.110 Mobile Safari/537.36 [FB_IAB/FB4A;FBAV/230.0.0.36.117;]"
83.181.238.6 - - [20/Jul/2019:21:10:42 +0000] "GET /uploads/thumbnails/2791cd4a362701d7500c233f02b2a8d9.jpg HTTP/1.1" 200 46869 "https://www.ing-victus.hr/kuce/belisce-kuca-u-ulici-p-zrinskog-11114-m2" "Mozilla/5.0 (Linux; Android 8.0.0; ANE-LX1 Build/HUAWEIANE-LX1; wv) AppleWebKit/537.36 (KHTML, like Gecko) Version/4.0 Chrome/70.0.3538.110 Mobile Safari/537.36 [FB_IAB/FB4A;FBAV/230.0.0.36.117;]"
83.181.238.6 - - [20/Jul/2019:21:10:42 +0000] "GET /uploads/thumbnails/535700bfc988b1a2ef5ad75702d5b621.jpg HTTP/1.1" 200 44749 "https://www.ing-victus.hr/kuce/belisce-kuca-u-ulici-p-zrinskog-11114-m2" "Mozilla/5.0 (Linux; Android 8.0.0; ANE-LX1 Build/HUAWEIANE-LX1; wv) AppleWebKit/537.36 (KHTML, like Gecko) Version/4.0 Chrome/70.0.3538.110 Mobile Safari/537.36 [FB_IAB/FB4A;FBAV/230.0.0.36.117;]"
83.181.238.6 - - [20/Jul/2019:21:10:42 +0000] "GET /uploads/thumbnails/f25730738c960f92ac263972e381d372.jpg HTTP/1.1" 200 48477 "https://www.ing-victus.hr/kuce/belisce-kuca-u-ulici-p-zrinskog-11114-m2" "Mozilla/5.0 (Linux; Android 8.0.0; ANE-LX1 Build/HUAWEIANE-LX1; wv) AppleWebKit/537.36 (KHTML, like Gecko) Version/4.0 Chrome/70.0.3538.110 Mobile Safari/537.36 [FB_IAB/FB4A;FBAV/230.0.0.36.117;]"
83.181.238.6 - - [20/Jul/2019:21:10:42 +0000] "GET /uploads/thumbnails/5adff4f73dcf258319a12dea3acac8bd.jpg HTTP/1.1" 200 38881 "https://www.ing-victus.hr/kuce/belisce-kuca-u-ulici-p-zrinskog-11114-m2" "Mozilla/5.0 (Linux; Android 8.0.0; ANE-LX1 Build/HUAWEIANE-LX1; wv) AppleWebKit/537.36 (KHTML, like Gecko) Version/4.0 Chrome/70.0.3538.110 Mobile Safari/537.36 [FB_IAB/FB4A;FBAV/230.0.0.36.117;]"
83.181.238.6 - - [20/Jul/2019:21:10:42 +0000] "GET /uploads/thumbnails/611196afffbc748523c712a856990217.jpg HTTP/1.1" 200 47081 "https://www.ing-victus.hr/kuce/belisce-kuca-u-ulici-p-zrinskog-11114-m2" "Mozilla/5.0 (Linux; Android 8.0.0; ANE-LX1 Build/HUAWEIANE-LX1; wv) AppleWebKit/537.36 (KHTML, like Gecko) Version/4.0 Chrome/70.0.3538.110 Mobile Safari/537.36 [FB_IAB/FB4A;FBAV/230.0.0.36.117;]"
83.181.238.6 - - [20/Jul/2019:21:10:42 +0000] "GET /uploads/thumbnails/75fa647de1edae5b57705d705758a6ed.jpg HTTP/1.1" 200 23543 "https://www.ing-victus.hr/kuce/belisce-kuca-u-ulici-p-zrinskog-11114-m2" "Mozilla/5.0 (Linux; Android 8.0.0; ANE-LX1 Build/HUAWEIANE-LX1; wv) AppleWebKit/537.36 (KHTML, like Gecko) Version/4.0 Chrome/70.0.3538.110 Mobile Safari/537.36 [FB_IAB/FB4A;FBAV/230.0.0.36.117;]"
83.181.238.6 - - [20/Jul/2019:21:10:42 +0000] "GET /fonts/line-awesome.woff2?v=1.1. HTTP/1.1" 200 45108 "https://www.ing-victus.hr/css/line-awesome.css" "Mozilla/5.0 (Linux; Android 8.0.0; ANE-LX1 Build/HUAWEIANE-LX1; wv) AppleWebKit/537.36 (KHTML, like Gecko) Version/4.0 Chrome/70.0.3538.110 Mobile Safari/537.36 [FB_IAB/FB4A;FBAV/230.0.0.36.117;]"
83.181.238.6 - - [20/Jul/2019:21:10:42 +0000] "GET /images/icons/preloader.svg?v=2 HTTP/1.1" 200 686 "https://www.ing-victus.hr/css/style.css?v=9" "Mozilla/5.0 (Linux; Android 8.0.0; ANE-LX1 Build/HUAWEIANE-LX1; wv) AppleWebKit/537.36 (KHTML, like Gecko) Version/4.0 Chrome/70.0.3538.110 Mobile Safari/537.36 [FB_IAB/FB4A;FBAV/230.0.0.36.117;]"
83.181.238.6 - - [20/Jul/2019:21:10:42 +0000] "GET /fonts/Flaticon.woff HTTP/1.1" 200 55964 "https://www.ing-victus.hr/css/flaticon.css" "Mozilla/5.0 (Linux; Android 8.0.0; ANE-LX1 Build/HUAWEIANE-LX1; wv) AppleWebKit/537.36 (KHTML, like Gecko) Version/4.0 Chrome/70.0.3538.110 Mobile Safari/537.36 [FB_IAB/FB4A;FBAV/230.0.0.36.117;]"
83.181.238.6 - - [20/Jul/2019:21:10:42 +0000] "GET /images/background/16.jpg HTTP/1.1" 200 484974 "https://www.ing-victus.hr/kuce/belisce-kuca-u-ulici-p-zrinskog-11114-m2" "Mozilla/5.0 (Linux; Android 8.0.0; ANE-LX1 Build/HUAWEIANE-LX1; wv) AppleWebKit/537.36 (KHTML, like Gecko) Version/4.0 Chrome/70.0.3538.110 Mobile Safari/537.36 [FB_IAB/FB4A;FBAV/230.0.0.36.117;]"
83.181.238.6 - - [20/Jul/2019:21:10:42 +0000] "GET /images/background/3.jpg HTTP/1.1" 200 1208371 "https://www.ing-victus.hr/kuce/belisce-kuca-u-ulici-p-zrinskog-11114-m2" "Mozilla/5.0 (Linux; Android 8.0.0; ANE-LX1 Build/HUAWEIANE-LX1; wv) AppleWebKit/537.36 (KHTML, like Gecko) Version/4.0 Chrome/70.0.3538.110 Mobile Safari/537.36 [FB_IAB/FB4A;FBAV/230.0.0.36.117;]"
83.181.238.6 - - [20/Jul/2019:21:10:42 +0000] "GET /unitegallery/images/cover-grid.png HTTP/1.1" 200 933 "https://www.ing-victus.hr/unitegallery/css/unite-gallery.css" "Mozilla/5.0 (Linux; Android 8.0.0; ANE-LX1 Build/HUAWEIANE-LX1; wv) AppleWebKit/537.36 (KHTML, like Gecko) Version/4.0 Chrome/70.0.3538.110 Mobile Safari/537.36 [FB_IAB/FB4A;FBAV/230.0.0.36.117;]"
83.181.238.6 - - [20/Jul/2019:21:10:43 +0000] "GET /unitegallery/skins/default/button_fullscreen.png HTTP/1.1" 200 1146 "https://www.ing-victus.hr/unitegallery/css/unite-gallery.css" "Mozilla/5.0 (Linux; Android 8.0.0; ANE-LX1 Build/HUAWEIANE-LX1; wv) AppleWebKit/537.36 (KHTML, like Gecko) Version/4.0 Chrome/70.0.3538.110 Mobile Safari/537.36 [FB_IAB/FB4A;FBAV/230.0.0.36.117;]"
83.181.238.6 - - [20/Jul/2019:21:10:43 +0000] "GET /unitegallery/skins/default/slider_arrow_right.png HTTP/1.1" 200 505 "https://www.ing-victus.hr/unitegallery/css/unite-gallery.css" "Mozilla/5.0 (Linux; Android 8.0.0; ANE-LX1 Build/HUAWEIANE-LX1; wv) AppleWebKit/537.36 (KHTML, like Gecko) Version/4.0 Chrome/70.0.3538.110 Mobile Safari/537.36 [FB_IAB/FB4A;FBAV/230.0.0.36.117;]"
83.181.238.6 - - [20/Jul/2019:21:10:43 +0000] "GET /unitegallery/skins/default/slider_arrow_left.png HTTP/1.1" 200 493 "https://www.ing-victus.hr/unitegallery/css/unite-gallery.css" "Mozilla/5.0 (Linux; Android 8.0.0; ANE-LX1 Build/HUAWEIANE-LX1; wv) AppleWebKit/537.36 (KHTML, like Gecko) Version/4.0 Chrome/70.0.3538.110 Mobile Safari/537.36 [FB_IAB/FB4A;FBAV/230.0.0.36.117;]"
83.181.238.6 - - [20/Jul/2019:21:10:43 +0000] "GET /unitegallery/images/play-button-square.png HTTP/1.1" 200 4591 "https://www.ing-victus.hr/unitegallery/css/unite-gallery.css" "Mozilla/5.0 (Linux; Android 8.0.0; ANE-LX1 Build/HUAWEIANE-LX1; wv) AppleWebKit/537.36 (KHTML, like Gecko) Version/4.0 Chrome/70.0.3538.110 Mobile Safari/537.36 [FB_IAB/FB4A;FBAV/230.0.0.36.117;]"
83.181.238.6 - - [20/Jul/2019:21:10:43 +0000] "GET /unitegallery/images/loader-white1.gif HTTP/1.1" 200 2545 "https://www.ing-victus.hr/unitegallery/css/unite-gallery.css" "Mozilla/5.0 (Linux; Android 8.0.0; ANE-LX1 Build/HUAWEIANE-LX1; wv) AppleWebKit/537.36 (KHTML, like Gecko) Version/4.0 Chrome/70.0.3538.110 Mobile Safari/537.36 [FB_IAB/FB4A;FBAV/230.0.0.36.117;]"
83.181.238.6 - - [20/Jul/2019:21:10:43 +0000] "GET /unitegallery/images/loader.gif HTTP/1.1" 200 673 "https://www.ing-victus.hr/unitegallery/css/unite-gallery.css" "Mozilla/5.0 (Linux; Android 8.0.0; ANE-LX1 Build/HUAWEIANE-LX1; wv) AppleWebKit/537.36 (KHTML, like Gecko) Version/4.0 Chrome/70.0.3538.110 Mobile Safari/537.36 [FB_IAB/FB4A;FBAV/230.0.0.36.117;]"
83.181.238.6 - - [20/Jul/2019:21:10:43 +0000] "GET /unitegallery/images/not_loaded.png HTTP/1.1" 200 858 "https://www.ing-victus.hr/unitegallery/css/unite-gallery.css" "Mozilla/5.0 (Linux; Android 8.0.0; ANE-LX1 Build/HUAWEIANE-LX1; wv) AppleWebKit/537.36 (KHTML, like Gecko) Version/4.0 Chrome/70.0.3538.110 Mobile Safari/537.36 [FB_IAB/FB4A;FBAV/230.0.0.36.117;]"
83.181.238.6 - - [20/Jul/2019:21:10:43 +0000] "GET /unitegallery/images/loader-black1.gif HTTP/1.1" 200 5855 "https://www.ing-victus.hr/unitegallery/css/unite-gallery.css" "Mozilla/5.0 (Linux; Android 8.0.0; ANE-LX1 Build/HUAWEIANE-LX1; wv) AppleWebKit/537.36 (KHTML, like Gecko) Version/4.0 Chrome/70.0.3538.110 Mobile Safari/537.36 [FB_IAB/FB4A;FBAV/230.0.0.36.117;]"
83.181.238.6 - - [20/Jul/2019:21:10:43 +0000] "GET /unitegallery/images/button-close.png HTTP/1.1" 200 7155 "https://www.ing-victus.hr/unitegallery/css/unite-gallery.css" "Mozilla/5.0 (Linux; Android 8.0.0; ANE-LX1 Build/HUAWEIANE-LX1; wv) AppleWebKit/537.36 (KHTML, like Gecko) Version/4.0 Chrome/70.0.3538.110 Mobile Safari/537.36 [FB_IAB/FB4A;FBAV/230.0.0.36.117;]"
83.181.238.6 - - [20/Jul/2019:21:10:43 +0000] "GET /uploads/images/7670daf41f56b8bd33d4dc1acd8951bd.jpg HTTP/1.1" 200 298404 "https://www.ing-victus.hr/kuce/belisce-kuca-u-ulici-p-zrinskog-11114-m2" "Mozilla/5.0 (Linux; Android 8.0.0; ANE-LX1 Build/HUAWEIANE-LX1; wv) AppleWebKit/537.36 (KHTML, like Gecko) Version/4.0 Chrome/70.0.3538.110 Mobile Safari/537.36 [FB_IAB/FB4A;FBAV/230.0.0.36.117;]"
83.181.238.6 - - [20/Jul/2019:21:10:43 +0000] "GET /uploads/images/2bb279771d1b1206490facca71bc4d2e.jpg HTTP/1.1" 200 278171 "https://www.ing-victus.hr/kuce/belisce-kuca-u-ulici-p-zrinskog-11114-m2" "Mozilla/5.0 (Linux; Android 8.0.0; ANE-LX1 Build/HUAWEIANE-LX1; wv) AppleWebKit/537.36 (KHTML, like Gecko) Version/4.0 Chrome/70.0.3538.110 Mobile Safari/537.36 [FB_IAB/FB4A;FBAV/230.0.0.36.117;]"
83.181.238.6 - - [20/Jul/2019:21:10:43 +0000] "GET /uploads/images/75fa647de1edae5b57705d705758a6ed.jpg HTTP/1.1" 200 61076 "https://www.ing-victus.hr/kuce/belisce-kuca-u-ulici-p-zrinskog-11114-m2" "Mozilla/5.0 (Linux; Android 8.0.0; ANE-LX1 Build/HUAWEIANE-LX1; wv) AppleWebKit/537.36 (KHTML, like Gecko) Version/4.0 Chrome/70.0.3538.110 Mobile Safari/537.36 [FB_IAB/FB4A;FBAV/230.0.0.36.117;]"
83.181.238.6 - - [20/Jul/2019:21:10:44 +0000] "GET /favicon-16x16.png HTTP/1.1" 200 986 "https://www.ing-victus.hr/kuce/belisce-kuca-u-ulici-p-zrinskog-11114-m2" "Mozilla/5.0 (Linux; Android 8.0.0; ANE-LX1 Build/HUAWEIANE-LX1; wv) AppleWebKit/537.36 (KHTML, like Gecko) Version/4.0 Chrome/70.0.3538.110 Mobile Safari/537.36 [FB_IAB/FB4A;FBAV/230.0.0.36.117;]"
83.181.238.6 - - [20/Jul/2019:21:10:44 +0000] "GET /favicon-32x32.png HTTP/1.1" 200 1549 "https://www.ing-victus.hr/kuce/belisce-kuca-u-ulici-p-zrinskog-11114-m2" "Mozilla/5.0 (Linux; Android 8.0.0; ANE-LX1 Build/HUAWEIANE-LX1; wv) AppleWebKit/537.36 (KHTML, like Gecko) Version/4.0 Chrome/70.0.3538.110 Mobile Safari/537.36 [FB_IAB/FB4A;FBAV/230.0.0.36.117;]"
83.181.238.6 - - [20/Jul/2019:21:10:44 +0000] "GET /images/icons/map-marker.png HTTP/1.1" 200 3191 "https://www.ing-victus.hr/kuce/belisce-kuca-u-ulici-p-zrinskog-11114-m2" "Mozilla/5.0 (Linux; Android 8.0.0; ANE-LX1 Build/HUAWEIANE-LX1; wv) AppleWebKit/537.36 (KHTML, like Gecko) Version/4.0 Chrome/70.0.3538.110 Mobile Safari/537.36 [FB_IAB/FB4A;FBAV/230.0.0.36.117;]"
176.62.13.230 - - [20/Jul/2019:21:10:46 +0000] "GET /uploads/images/63655a4dfca887f01d173a2d8c38ea4d.jpg HTTP/1.1" 200 336633 "https://www.ing-victus.hr/kuce/bistrinci-renovirana-i-namjestena-kuca-7044-m2" "Mozilla/5.0 (Linux; Android 9; SNE-LX1 Build/HUAWEISNE-LX1; wv) AppleWebKit/537.36 (KHTML, like Gecko) Version/4.0 Chrome/75.0.3770.143 Mobile Safari/537.36 [FB_IAB/FB4A;FBAV/229.0.0.35.117;]"
176.62.13.230 - - [20/Jul/2019:21:10:47 +0000] "GET /uploads/images/54d1595ed3da5c1dd014cbb48a9db5a6.jpg HTTP/1.1" 200 386623 "https://www.ing-victus.hr/kuce/bistrinci-renovirana-i-namjestena-kuca-7044-m2" "Mozilla/5.0 (Linux; Android 9; SNE-LX1 Build/HUAWEISNE-LX1; wv) AppleWebKit/537.36 (KHTML, like Gecko) Version/4.0 Chrome/75.0.3770.143 Mobile Safari/537.36 [FB_IAB/FB4A;FBAV/229.0.0.35.117;]"
83.181.238.6 - - [20/Jul/2019:21:10:53 +0000] "GET /kuce/belisce-kuca-u-ulici-p-zrinskog-11114-m2 HTTP/1.1" 200 6936 "http://m.facebook.com/" "Mozilla/5.0 (Linux; Android 8.0.0; ANE-LX1 Build/HUAWEIANE-LX1; wv) AppleWebKit/537.36 (KHTML, like Gecko) Version/4.0 Chrome/70.0.3538.110 Mobile Safari/537.36 [FB_IAB/FB4A;FBAV/230.0.0.36.117;]"
66.220.149.1 - - [20/Jul/2019:21:10:56 +0000] "GET /uploads/images/cfff0c7e5111b872dd4922f953bdb001.jpg HTTP/1.1" 200 92169 "-" "facebookexternalhit/1.1 (+http://www.facebook.com/externalhit_uatext.php)"
66.220.149.9 - - [20/Jul/2019:21:11:10 +0000] "GET /uploads/thumbnails/167405a1174ec8e47c2b3a701da1cb78.jpg HTTP/1.1" 200 29696 "-" "facebookexternalhit/1.1 (+http://www.facebook.com/externalhit_uatext.php)"
176.62.13.230 - - [20/Jul/2019:21:11:19 +0000] "GET /kuce/belisce-kuca-u-ulici-p-zrinskog-11114-m2 HTTP/1.1" 200 6939 "http://m.facebook.com/" "Mozilla/5.0 (Linux; Android 9; SNE-LX1 Build/HUAWEISNE-LX1; wv) AppleWebKit/537.36 (KHTML, like Gecko) Version/4.0 Chrome/75.0.3770.143 Mobile Safari/537.36 [FB_IAB/FB4A;FBAV/229.0.0.35.117;]"
83.181.238.6 - - [20/Jul/2019:21:11:19 +0000] "GET /uploads/images/3d94a6f52fd0b12359618fa78d87fa02.jpg HTTP/1.1" 200 359946 "https://www.ing-victus.hr/kuce/belisce-kuca-u-ulici-p-zrinskog-11114-m2" "Mozilla/5.0 (Linux; Android 8.0.0; ANE-LX1 Build/HUAWEIANE-LX1; wv) AppleWebKit/537.36 (KHTML, like Gecko) Version/4.0 Chrome/70.0.3538.110 Mobile Safari/537.36 [FB_IAB/FB4A;FBAV/230.0.0.36.117;]"
83.181.238.6 - - [20/Jul/2019:21:11:20 +0000] "GET /uploads/images/5452cfa3aae2464065dcb95aa2364a89.jpg HTTP/1.1" 200 376674 "https://www.ing-victus.hr/kuce/belisce-kuca-u-ulici-p-zrinskog-11114-m2" "Mozilla/5.0 (Linux; Android 8.0.0; ANE-LX1 Build/HUAWEIANE-LX1; wv) AppleWebKit/537.36 (KHTML, like Gecko) Version/4.0 Chrome/70.0.3538.110 Mobile Safari/537.36 [FB_IAB/FB4A;FBAV/230.0.0.36.117;]"
83.181.238.6 - - [20/Jul/2019:21:11:22 +0000] "GET /uploads/images/f1fdaacc3b22aa1307b0f3f2fe3bd69f.jpg HTTP/1.1" 200 334473 "https://www.ing-victus.hr/kuce/belisce-kuca-u-ulici-p-zrinskog-11114-m2" "Mozilla/5.0 (Linux; Android 8.0.0; ANE-LX1 Build/HUAWEIANE-LX1; wv) AppleWebKit/537.36 (KHTML, like Gecko) Version/4.0 Chrome/70.0.3538.110 Mobile Safari/537.36 [FB_IAB/FB4A;FBAV/230.0.0.36.117;]"
83.181.238.6 - - [20/Jul/2019:21:11:26 +0000] "GET /uploads/images/1070bba55b5421b92864097b07024316.jpg HTTP/1.1" 200 435623 "https://www.ing-victus.hr/kuce/belisce-kuca-u-ulici-p-zrinskog-11114-m2" "Mozilla/5.0 (Linux; Android 8.0.0; ANE-LX1 Build/HUAWEIANE-LX1; wv) AppleWebKit/537.36 (KHTML, like Gecko) Version/4.0 Chrome/70.0.3538.110 Mobile Safari/537.36 [FB_IAB/FB4A;FBAV/230.0.0.36.117;]"
83.181.238.6 - - [20/Jul/2019:21:11:30 +0000] "GET /uploads/images/56a7b90df515ba5a372eb4ae1e55eae6.jpg HTTP/1.1" 200 231141 "https://www.ing-victus.hr/kuce/belisce-kuca-u-ulici-p-zrinskog-11114-m2" "Mozilla/5.0 (Linux; Android 8.0.0; ANE-LX1 Build/HUAWEIANE-LX1; wv) AppleWebKit/537.36 (KHTML, like Gecko) Version/4.0 Chrome/70.0.3538.110 Mobile Safari/537.36 [FB_IAB/FB4A;FBAV/230.0.0.36.117;]"
83.181.238.6 - - [20/Jul/2019:21:11:31 +0000] "GET /uploads/images/fd9a779fb899c45cb5b28974c7bf8fb6.jpg HTTP/1.1" 200 238297 "https://www.ing-victus.hr/kuce/belisce-kuca-u-ulici-p-zrinskog-11114-m2" "Mozilla/5.0 (Linux; Android 8.0.0; ANE-LX1 Build/HUAWEIANE-LX1; wv) AppleWebKit/537.36 (KHTML, like Gecko) Version/4.0 Chrome/70.0.3538.110 Mobile Safari/537.36 [FB_IAB/FB4A;FBAV/230.0.0.36.117;]"
83.181.238.6 - - [20/Jul/2019:21:11:34 +0000] "GET /uploads/images/2791cd4a362701d7500c233f02b2a8d9.jpg HTTP/1.1" 200 275119 "https://www.ing-victus.hr/kuce/belisce-kuca-u-ulici-p-zrinskog-11114-m2" "Mozilla/5.0 (Linux; Android 8.0.0; ANE-LX1 Build/HUAWEIANE-LX1; wv) AppleWebKit/537.36 (KHTML, like Gecko) Version/4.0 Chrome/70.0.3538.110 Mobile Safari/537.36 [FB_IAB/FB4A;FBAV/230.0.0.36.117;]"
83.181.238.6 - - [20/Jul/2019:21:11:37 +0000] "GET /uploads/images/535700bfc988b1a2ef5ad75702d5b621.jpg HTTP/1.1" 200 257897 "https://www.ing-victus.hr/kuce/belisce-kuca-u-ulici-p-zrinskog-11114-m2" "Mozilla/5.0 (Linux; Android 8.0.0; ANE-LX1 Build/HUAWEIANE-LX1; wv) AppleWebKit/537.36 (KHTML, like Gecko) Version/4.0 Chrome/70.0.3538.110 Mobile Safari/537.36 [FB_IAB/FB4A;FBAV/230.0.0.36.117;]"
83.181.238.6 - - [20/Jul/2019:21:11:39 +0000] "GET /uploads/images/5adff4f73dcf258319a12dea3acac8bd.jpg HTTP/1.1" 200 229761 "https://www.ing-victus.hr/kuce/belisce-kuca-u-ulici-p-zrinskog-11114-m2" "Mozilla/5.0 (Linux; Android 8.0.0; ANE-LX1 Build/HUAWEIANE-LX1; wv) AppleWebKit/537.36 (KHTML, like Gecko) Version/4.0 Chrome/70.0.3538.110 Mobile Safari/537.36 [FB_IAB/FB4A;FBAV/230.0.0.36.117;]"
83.181.238.6 - - [20/Jul/2019:21:11:42 +0000] "GET /uploads/images/f25730738c960f92ac263972e381d372.jpg HTTP/1.1" 200 224111 "https://www.ing-victus.hr/kuce/belisce-kuca-u-ulici-p-zrinskog-11114-m2" "Mozilla/5.0 (Linux; Android 8.0.0; ANE-LX1 Build/HUAWEIANE-LX1; wv) AppleWebKit/537.36 (KHTML, like Gecko) Version/4.0 Chrome/70.0.3538.110 Mobile Safari/537.36 [FB_IAB/FB4A;FBAV/230.0.0.36.117;]"
83.181.238.6 - - [20/Jul/2019:21:11:44 +0000] "GET /uploads/images/611196afffbc748523c712a856990217.jpg HTTP/1.1" 200 225087 "https://www.ing-victus.hr/kuce/belisce-kuca-u-ulici-p-zrinskog-11114-m2" "Mozilla/5.0 (Linux; Android 8.0.0; ANE-LX1 Build/HUAWEIANE-LX1; wv) AppleWebKit/537.36 (KHTML, like Gecko) Version/4.0 Chrome/70.0.3538.110 Mobile Safari/537.36 [FB_IAB/FB4A;FBAV/230.0.0.36.117;]"
69.171.251.41 - - [20/Jul/2019:21:11:58 +0000] "GET /uploads/thumbnails/7670daf41f56b8bd33d4dc1acd8951bd.jpg HTTP/1.1" 301 292 "-" "adreview/1.0"
69.171.251.47 - - [20/Jul/2019:21:11:58 +0000] "GET /uploads/thumbnails/7670daf41f56b8bd33d4dc1acd8951bd.jpg HTTP/1.1" 200 44289 "-" "cortex/1.0"
69.171.251.5 - - [20/Jul/2019:21:11:58 +0000] "GET /kuce/belisce-kuca-u-ulici-p-zrinskog-11114-m2 HTTP/1.1" 206 6937 "-" "facebookexternalhit/1.1 (+http://www.facebook.com/externalhit_uatext.php)"
69.171.251.18 - - [20/Jul/2019:21:11:59 +0000] "GET /uploads/thumbnails/7670daf41f56b8bd33d4dc1acd8951bd.jpg HTTP/1.1" 301 292 "-" "adreview/1.0"
69.171.251.36 - - [20/Jul/2019:21:11:59 +0000] "GET /uploads/thumbnails/7670daf41f56b8bd33d4dc1acd8951bd.jpg HTTP/1.1" 301 292 "-" "adreview/1.0"
69.171.251.7 - - [20/Jul/2019:21:11:59 +0000] "GET /uploads/thumbnails/7670daf41f56b8bd33d4dc1acd8951bd.jpg HTTP/1.1" 200 44289 "-" "adreview/1.0"
69.171.251.5 - - [20/Jul/2019:21:12:00 +0000] "GET /uploads/thumbnails/7670daf41f56b8bd33d4dc1acd8951bd.jpg HTTP/1.1" 200 44289 "-" "facebookexternalhit/1.1 (+http://www.facebook.com/externalhit_uatext.php)"
69.171.251.23 - - [20/Jul/2019:21:12:01 +0000] "GET /uploads/thumbnails/7670daf41f56b8bd33d4dc1acd8951bd.jpg HTTP/1.1" 301 292 "-" "adreview/1.0"
69.171.251.48 - - [20/Jul/2019:21:12:02 +0000] "GET /uploads/thumbnails/7670daf41f56b8bd33d4dc1acd8951bd.jpg HTTP/1.1" 301 292 "-" "adreview/1.0"
31.13.127.6 - - [20/Jul/2019:21:12:02 +0000] "GET /kuce/belisce-kuca-u-ulici-p-zrinskog-11114-m2?fbclid=IwAR0zcZd7yy77IQh2bcsDMogQwUAwtaUPF28ap9Tyv-l3xBcjUWVhc3ufFdg HTTP/1.1" 200 7003 "-" "Mozilla/5.0 (Windows NT 10.0) AppleWebKit/537.36 (KHTML, like Gecko) Chrome/75.0.3770.142 Safari/537.36"
31.13.127.6 - - [20/Jul/2019:21:12:02 +0000] "GET /css/bootstrap.css HTTP/1.1" 200 21086 "-" "Mozilla/5.0 (Windows NT 10.0) AppleWebKit/537.36 (KHTML, like Gecko) Chrome/75.0.3770.142 Safari/537.36"
31.13.115.15 - - [20/Jul/2019:21:12:02 +0000] "GET /kuce/belisce-kuca-u-ulici-p-zrinskog-11114-m2?fbclid=IwAR2sAzqV42B5D6JOblDtwFCVzsBoY9jTx49Ui9ltFT6W8DgKwgm1HgZiVdM HTTP/1.1" 200 7004 "-" "Mozilla/5.0 (Windows NT 10.0; Win64; x64) AppleWebKit/537.36 (KHTML, like Gecko) Chrome/75.0.3770.142 Safari/537.36"
31.13.127.6 - - [20/Jul/2019:21:12:02 +0000] "GET /css/style.css?v=9 HTTP/1.1" 200 27694 "-" "Mozilla/5.0 (Windows NT 10.0) AppleWebKit/537.36 (KHTML, like Gecko) Chrome/75.0.3770.142 Safari/537.36"
31.13.115.15 - - [20/Jul/2019:21:12:03 +0000] "GET /css/bootstrap.css HTTP/1.1" 200 21086 "-" "Mozilla/5.0 (Windows NT 10.0; Win64; x64) AppleWebKit/537.36 (KHTML, like Gecko) Chrome/75.0.3770.142 Safari/537.36"
31.13.115.15 - - [20/Jul/2019:21:12:03 +0000] "GET /css/cookieconsent.min.css HTTP/1.1" 200 1209 "-" "Mozilla/5.0 (Windows NT 10.0; Win64; x64) AppleWebKit/537.36 (KHTML, like Gecko) Chrome/75.0.3770.142 Safari/537.36"
31.13.127.6 - - [20/Jul/2019:21:12:03 +0000] "GET /css/responsive.css?v=3 HTTP/1.1" 200 5283 "-" "Mozilla/5.0 (Windows NT 10.0) AppleWebKit/537.36 (KHTML, like Gecko) Chrome/75.0.3770.142 Safari/537.36"
31.13.115.15 - - [20/Jul/2019:21:12:03 +0000] "GET /css/responsive.css?v=3 HTTP/1.1" 200 5283 "-" "Mozilla/5.0 (Windows NT 10.0; Win64; x64) AppleWebKit/537.36 (KHTML, like Gecko) Chrome/75.0.3770.142 Safari/537.36"
31.13.127.47 - - [20/Jul/2019:21:12:03 +0000] "GET /assets/plugins/flag/css/flag-icon.css HTTP/1.1" 200 2837 "-" "Mozilla/5.0 (Windows NT 10.0) AppleWebKit/537.36 (KHTML, like Gecko) Chrome/75.0.3770.142 Safari/537.36"
31.13.115.15 - - [20/Jul/2019:21:12:03 +0000] "GET /css/color-themes/default-theme.css?v=3 HTTP/1.1" 200 2227 "-" "Mozilla/5.0 (Windows NT 10.0; Win64; x64) AppleWebKit/537.36 (KHTML, like Gecko) Chrome/75.0.3770.142 Safari/537.36"
31.13.127.47 - - [20/Jul/2019:21:12:03 +0000] "GET /css/color-themes/default-theme.css?v=3 HTTP/1.1" 200 2227 "-" "Mozilla/5.0 (Windows NT 10.0) AppleWebKit/537.36 (KHTML, like Gecko) Chrome/75.0.3770.142 Safari/537.36"
31.13.115.15 - - [20/Jul/2019:21:12:03 +0000] "GET /unitegallery/css/unite-gallery.css HTTP/1.1" 200 4825 "-" "Mozilla/5.0 (Windows NT 10.0; Win64; x64) AppleWebKit/537.36 (KHTML, like Gecko) Chrome/75.0.3770.142 Safari/537.36"
31.13.127.6 - - [20/Jul/2019:21:12:03 +0000] "GET /unitegallery/css/unite-gallery.css HTTP/1.1" 200 4825 "-" "Mozilla/5.0 (Windows NT 10.0) AppleWebKit/537.36 (KHTML, like Gecko) Chrome/75.0.3770.142 Safari/537.36"
31.13.127.6 - - [20/Jul/2019:21:12:03 +0000] "GET /css/flaticon.css HTTP/1.1" 200 2568 "-" "Mozilla/5.0 (Windows NT 10.0) AppleWebKit/537.36 (KHTML, like Gecko) Chrome/75.0.3770.142 Safari/537.36"
31.13.115.15 - - [20/Jul/2019:21:12:03 +0000] "GET /js/jquery.js HTTP/1.1" 200 33760 "-" "Mozilla/5.0 (Windows NT 10.0; Win64; x64) AppleWebKit/537.36 (KHTML, like Gecko) Chrome/75.0.3770.142 Safari/537.36"
31.13.127.47 - - [20/Jul/2019:21:12:03 +0000] "GET /css/line-awesome.css HTTP/1.1" 200 6330 "-" "Mozilla/5.0 (Windows NT 10.0) AppleWebKit/537.36 (KHTML, like Gecko) Chrome/75.0.3770.142 Safari/537.36"
31.13.127.6 - - [20/Jul/2019:21:12:03 +0000] "GET /css/animate.css HTTP/1.1" 200 4629 "-" "Mozilla/5.0 (Windows NT 10.0) AppleWebKit/537.36 (KHTML, like Gecko) Chrome/75.0.3770.142 Safari/537.36"
31.13.127.47 - - [20/Jul/2019:21:12:03 +0000] "GET /css/owl.css HTTP/1.1" 200 1159 "-" "Mozilla/5.0 (Windows NT 10.0) AppleWebKit/537.36 (KHTML, like Gecko) Chrome/75.0.3770.142 Safari/537.36"
31.13.127.6 - - [20/Jul/2019:21:12:03 +0000] "GET /css/jquery-ui.css HTTP/1.1" 200 8372 "-" "Mozilla/5.0 (Windows NT 10.0) AppleWebKit/537.36 (KHTML, like Gecko) Chrome/75.0.3770.142 Safari/537.36"
31.13.127.47 - - [20/Jul/2019:21:12:03 +0000] "GET /css/jquery.fancybox.min.css HTTP/1.1" 200 3155 "-" "Mozilla/5.0 (Windows NT 10.0) AppleWebKit/537.36 (KHTML, like Gecko) Chrome/75.0.3770.142 Safari/537.36"
31.13.115.5 - - [20/Jul/2019:21:12:03 +0000] "GET /assets/plugins/flag/css/flag-icon.css HTTP/1.1" 200 2837 "-" "Mozilla/5.0 (Windows NT 10.0; Win64; x64) AppleWebKit/537.36 (KHTML, like Gecko) Chrome/75.0.3770.142 Safari/537.36"
31.13.127.6 - - [20/Jul/2019:21:12:03 +0000] "GET /js/jquery.js HTTP/1.1" 200 33760 "-" "Mozilla/5.0 (Windows NT 10.0) AppleWebKit/537.36 (KHTML, like Gecko) Chrome/75.0.3770.142 Safari/537.36"
31.13.115.15 - - [20/Jul/2019:21:12:03 +0000] "GET /js/popper.min.js HTTP/1.1" 200 7239 "-" "Mozilla/5.0 (Windows NT 10.0; Win64; x64) AppleWebKit/537.36 (KHTML, like Gecko) Chrome/75.0.3770.142 Safari/537.36"
31.13.115.18 - - [20/Jul/2019:21:12:03 +0000] "GET /css/style.css?v=9 HTTP/1.1" 200 27694 "-" "Mozilla/5.0 (Windows NT 10.0; Win64; x64) AppleWebKit/537.36 (KHTML, like Gecko) Chrome/75.0.3770.142 Safari/537.36"
31.13.127.47 - - [20/Jul/2019:21:12:03 +0000] "GET /js/popper.min.js HTTP/1.1" 200 7239 "-" "Mozilla/5.0 (Windows NT 10.0) AppleWebKit/537.36 (KHTML, like Gecko) Chrome/75.0.3770.142 Safari/537.36"
31.13.115.15 - - [20/Jul/2019:21:12:03 +0000] "GET /js/bootstrap.min.js HTTP/1.1" 200 14048 "-" "Mozilla/5.0 (Windows NT 10.0; Win64; x64) AppleWebKit/537.36 (KHTML, like Gecko) Chrome/75.0.3770.142 Safari/537.36"
31.13.127.47 - - [20/Jul/2019:21:12:03 +0000] "GET /js/bootstrap.min.js HTTP/1.1" 200 14048 "-" "Mozilla/5.0 (Windows NT 10.0) AppleWebKit/537.36 (KHTML, like Gecko) Chrome/75.0.3770.142 Safari/537.36"
31.13.115.5 - - [20/Jul/2019:21:12:03 +0000] "GET /js/jquery-ui.js HTTP/1.1" 200 125176 "-" "Mozilla/5.0 (Windows NT 10.0; Win64; x64) AppleWebKit/537.36 (KHTML, like Gecko) Chrome/75.0.3770.142 Safari/537.36"
31.13.115.15 - - [20/Jul/2019:21:12:03 +0000] "GET /js/jquery.fancybox.js HTTP/1.1" 200 36180 "-" "Mozilla/5.0 (Windows NT 10.0; Win64; x64) AppleWebKit/537.36 (KHTML, like Gecko) Chrome/75.0.3770.142 Safari/537.36"
31.13.127.6 - - [20/Jul/2019:21:12:03 +0000] "GET /js/jquery.fancybox.js HTTP/1.1" 200 36180 "-" "Mozilla/5.0 (Windows NT 10.0) AppleWebKit/537.36 (KHTML, like Gecko) Chrome/75.0.3770.142 Safari/537.36"
31.13.127.47 - - [20/Jul/2019:21:12:03 +0000] "GET /js/jquery-ui.js HTTP/1.1" 200 125176 "-" "Mozilla/5.0 (Windows NT 10.0) AppleWebKit/537.36 (KHTML, like Gecko) Chrome/75.0.3770.142 Safari/537.36"
31.13.115.18 - - [20/Jul/2019:21:12:03 +0000] "GET /css/flaticon.css HTTP/1.1" 200 2568 "-" "Mozilla/5.0 (Windows NT 10.0; Win64; x64) AppleWebKit/537.36 (KHTML, like Gecko) Chrome/75.0.3770.142 Safari/537.36"
31.13.127.47 - - [20/Jul/2019:21:12:03 +0000] "GET /js/owl.js HTTP/1.1" 200 18490 "-" "Mozilla/5.0 (Windows NT 10.0) AppleWebKit/537.36 (KHTML, like Gecko) Chrome/75.0.3770.142 Safari/537.36"
31.13.127.6 - - [20/Jul/2019:21:12:03 +0000] "GET /js/wow.js HTTP/1.1" 200 2209 "-" "Mozilla/5.0 (Windows NT 10.0) AppleWebKit/537.36 (KHTML, like Gecko) Chrome/75.0.3770.142 Safari/537.36"
31.13.127.32 - - [20/Jul/2019:21:12:03 +0000] "GET /css/cookieconsent.min.css HTTP/1.1" 200 1209 "-" "Mozilla/5.0 (Windows NT 10.0) AppleWebKit/537.36 (KHTML, like Gecko) Chrome/75.0.3770.142 Safari/537.36"
31.13.127.47 - - [20/Jul/2019:21:12:04 +0000] "GET /js/isotope.js HTTP/1.1" 200 10182 "-" "Mozilla/5.0 (Windows NT 10.0) AppleWebKit/537.36 (KHTML, like Gecko) Chrome/75.0.3770.142 Safari/537.36"
66.220.149.4 - - [20/Jul/2019:21:12:03 +0000] "GET /kuce/belisce-kuca-u-ulici-p-zrinskog-11114-m2?fbclid=IwAR1jV2rRj7btAQFT5B48uDi7X_naqCZGbLTEqfN7zPYg6Y8oONn42YKVtdg HTTP/1.1" 200 7006 "-" "Mozilla/5.0 (Windows NT 10.0; Win64; x64) AppleWebKit/537.36 (KHTML, like Gecko) Chrome/64.0.3282.140 Safari/537.36 Edge/17.17134"
31.13.127.32 - - [20/Jul/2019:21:12:04 +0000] "GET /js/appear.js HTTP/1.1" 200 1359 "-" "Mozilla/5.0 (Windows NT 10.0) AppleWebKit/537.36 (KHTML, like Gecko) Chrome/75.0.3770.142 Safari/537.36"
31.13.115.15 - - [20/Jul/2019:21:12:04 +0000] "GET /css/animate.css HTTP/1.1" 200 4629 "-" "Mozilla/5.0 (Windows NT 10.0; Win64; x64) AppleWebKit/537.36 (KHTML, like Gecko) Chrome/75.0.3770.142 Safari/537.36"
31.13.115.5 - - [20/Jul/2019:21:12:04 +0000] "GET /css/owl.css HTTP/1.1" 200 1159 "-" "Mozilla/5.0 (Windows NT 10.0; Win64; x64) AppleWebKit/537.36 (KHTML, like Gecko) Chrome/75.0.3770.142 Safari/537.36"
31.13.115.18 - - [20/Jul/2019:21:12:04 +0000] "GET /css/line-awesome.css HTTP/1.1" 200 6330 "-" "Mozilla/5.0 (Windows NT 10.0; Win64; x64) AppleWebKit/537.36 (KHTML, like Gecko) Chrome/75.0.3770.142 Safari/537.36"
31.13.127.47 - - [20/Jul/2019:21:12:04 +0000] "GET /js/script.js?v=2 HTTP/1.1" 200 3465 "-" "Mozilla/5.0 (Windows NT 10.0) AppleWebKit/537.36 (KHTML, like Gecko) Chrome/75.0.3770.142 Safari/537.36"
31.13.127.6 - - [20/Jul/2019:21:12:04 +0000] "GET /js/cookieconsent.min.js HTTP/1.1" 200 6849 "-" "Mozilla/5.0 (Windows NT 10.0) AppleWebKit/537.36 (KHTML, like Gecko) Chrome/75.0.3770.142 Safari/537.36"
