90.144.35.185 - - [20/Jul/2019:14:26:15 +0000] "GET /uploads/images/c6b3790bbce29ca29ff8ef3c4db839e1.jpg HTTP/1.1" 200 286343 "https://www.ing-victus.hr/stanovi/belisce-2-soban-stan-prizemlje-60-m2?fbclid=IwAR18skt_SLQAjAVk6lOyxdMkxFrDp0zaMfGZRiTDZ4VhWtKXbCSl7HfQvRs" "Mozilla/5.0 (Linux; Android 9; Mi A2 Lite) AppleWebKit/537.36 (KHTML, like Gecko) Chrome/75.0.3770.143 Mobile Safari/537.36"
90.144.35.185 - - [20/Jul/2019:14:26:15 +0000] "GET /uploads/images/b99f944196b87d597b817829fb0155ee.jpg HTTP/1.1" 200 286202 "https://www.ing-victus.hr/stanovi/belisce-2-soban-stan-prizemlje-60-m2?fbclid=IwAR18skt_SLQAjAVk6lOyxdMkxFrDp0zaMfGZRiTDZ4VhWtKXbCSl7HfQvRs" "Mozilla/5.0 (Linux; Android 9; Mi A2 Lite) AppleWebKit/537.36 (KHTML, like Gecko) Chrome/75.0.3770.143 Mobile Safari/537.36"
90.144.35.185 - - [20/Jul/2019:14:26:16 +0000] "GET /uploads/images/7120a5076f8bebd2baed7f3547993eca.jpg HTTP/1.1" 200 302992 "https://www.ing-victus.hr/stanovi/belisce-2-soban-stan-prizemlje-60-m2?fbclid=IwAR18skt_SLQAjAVk6lOyxdMkxFrDp0zaMfGZRiTDZ4VhWtKXbCSl7HfQvRs" "Mozilla/5.0 (Linux; Android 9; Mi A2 Lite) AppleWebKit/537.36 (KHTML, like Gecko) Chrome/75.0.3770.143 Mobile Safari/537.36"
90.144.35.185 - - [20/Jul/2019:14:26:17 +0000] "GET /uploads/images/2a1a353f45f951d6b9288cef45c1c3c1.jpg HTTP/1.1" 200 323783 "https://www.ing-victus.hr/stanovi/belisce-2-soban-stan-prizemlje-60-m2?fbclid=IwAR18skt_SLQAjAVk6lOyxdMkxFrDp0zaMfGZRiTDZ4VhWtKXbCSl7HfQvRs" "Mozilla/5.0 (Linux; Android 9; Mi A2 Lite) AppleWebKit/537.36 (KHTML, like Gecko) Chrome/75.0.3770.143 Mobile Safari/537.36"
90.144.35.185 - - [20/Jul/2019:14:26:18 +0000] "GET /uploads/images/3a80b2abeed4b09ab6cc6cf4fca48799.jpg HTTP/1.1" 200 295531 "https://www.ing-victus.hr/stanovi/belisce-2-soban-stan-prizemlje-60-m2?fbclid=IwAR18skt_SLQAjAVk6lOyxdMkxFrDp0zaMfGZRiTDZ4VhWtKXbCSl7HfQvRs" "Mozilla/5.0 (Linux; Android 9; Mi A2 Lite) AppleWebKit/537.36 (KHTML, like Gecko) Chrome/75.0.3770.143 Mobile Safari/537.36"
141.138.41.234 - - [20/Jul/2019:14:37:22 +0000] "GET / HTTP/1.1" 200 7489 "https://www.google.com/" "Mozilla/5.0 (Linux; Android 7.0; SM-G920F) AppleWebKit/537.36 (KHTML, like Gecko) Chrome/75.0.3770.143 Mobile Safari/537.36"
141.138.41.234 - - [20/Jul/2019:14:37:22 +0000] "GET /css/bootstrap.css HTTP/1.1" 200 21086 "https://www.ing-victus.hr/" "Mozilla/5.0 (Linux; Android 7.0; SM-G920F) AppleWebKit/537.36 (KHTML, like Gecko) Chrome/75.0.3770.143 Mobile Safari/537.36"
141.138.41.234 - - [20/Jul/2019:14:37:22 +0000] "GET /assets/plugins/flag/css/flag-icon.css HTTP/1.1" 200 2837 "https://www.ing-victus.hr/" "Mozilla/5.0 (Linux; Android 7.0; SM-G920F) AppleWebKit/537.36 (KHTML, like Gecko) Chrome/75.0.3770.143 Mobile Safari/537.36"
141.138.41.234 - - [20/Jul/2019:14:37:22 +0000] "GET /css/cookieconsent.min.css HTTP/1.1" 200 1209 "https://www.ing-victus.hr/" "Mozilla/5.0 (Linux; Android 7.0; SM-G920F) AppleWebKit/537.36 (KHTML, like Gecko) Chrome/75.0.3770.143 Mobile Safari/537.36"
141.138.41.234 - - [20/Jul/2019:14:37:22 +0000] "GET /css/responsive.css?v=3 HTTP/1.1" 200 5283 "https://www.ing-victus.hr/" "Mozilla/5.0 (Linux; Android 7.0; SM-G920F) AppleWebKit/537.36 (KHTML, like Gecko) Chrome/75.0.3770.143 Mobile Safari/537.36"
141.138.41.234 - - [20/Jul/2019:14:37:22 +0000] "GET /css/style.css?v=9 HTTP/1.1" 200 27694 "https://www.ing-victus.hr/" "Mozilla/5.0 (Linux; Android 7.0; SM-G920F) AppleWebKit/537.36 (KHTML, like Gecko) Chrome/75.0.3770.143 Mobile Safari/537.36"
141.138.41.234 - - [20/Jul/2019:14:37:22 +0000] "GET /css/color-themes/default-theme.css?v=3 HTTP/1.1" 200 2227 "https://www.ing-victus.hr/" "Mozilla/5.0 (Linux; Android 7.0; SM-G920F) AppleWebKit/537.36 (KHTML, like Gecko) Chrome/75.0.3770.143 Mobile Safari/537.36"
141.138.41.234 - - [20/Jul/2019:14:37:22 +0000] "GET /js/jquery.js HTTP/1.1" 200 33760 "https://www.ing-victus.hr/" "Mozilla/5.0 (Linux; Android 7.0; SM-G920F) AppleWebKit/537.36 (KHTML, like Gecko) Chrome/75.0.3770.143 Mobile Safari/537.36"
141.138.41.234 - - [20/Jul/2019:14:37:22 +0000] "GET /js/popper.min.js HTTP/1.1" 200 7239 "https://www.ing-victus.hr/" "Mozilla/5.0 (Linux; Android 7.0; SM-G920F) AppleWebKit/537.36 (KHTML, like Gecko) Chrome/75.0.3770.143 Mobile Safari/537.36"
141.138.41.234 - - [20/Jul/2019:14:37:22 +0000] "GET /js/bootstrap.min.js HTTP/1.1" 200 14048 "https://www.ing-victus.hr/" "Mozilla/5.0 (Linux; Android 7.0; SM-G920F) AppleWebKit/537.36 (KHTML, like Gecko) Chrome/75.0.3770.143 Mobile Safari/537.36"
141.138.41.234 - - [20/Jul/2019:14:37:22 +0000] "GET /js/jquery-ui.js HTTP/1.1" 200 125176 "https://www.ing-victus.hr/" "Mozilla/5.0 (Linux; Android 7.0; SM-G920F) AppleWebKit/537.36 (KHTML, like Gecko) Chrome/75.0.3770.143 Mobile Safari/537.36"
141.138.41.234 - - [20/Jul/2019:14:37:22 +0000] "GET /js/jquery.fancybox.js HTTP/1.1" 200 36180 "https://www.ing-victus.hr/" "Mozilla/5.0 (Linux; Android 7.0; SM-G920F) AppleWebKit/537.36 (KHTML, like Gecko) Chrome/75.0.3770.143 Mobile Safari/537.36"
141.138.41.234 - - [20/Jul/2019:14:37:22 +0000] "GET /js/owl.js HTTP/1.1" 200 18490 "https://www.ing-victus.hr/" "Mozilla/5.0 (Linux; Android 7.0; SM-G920F) AppleWebKit/537.36 (KHTML, like Gecko) Chrome/75.0.3770.143 Mobile Safari/537.36"
141.138.41.234 - - [20/Jul/2019:14:37:22 +0000] "GET /js/wow.js HTTP/1.1" 200 2209 "https://www.ing-victus.hr/" "Mozilla/5.0 (Linux; Android 7.0; SM-G920F) AppleWebKit/537.36 (KHTML, like Gecko) Chrome/75.0.3770.143 Mobile Safari/537.36"
141.138.41.234 - - [20/Jul/2019:14:37:22 +0000] "GET /js/isotope.js HTTP/1.1" 200 10182 "https://www.ing-victus.hr/" "Mozilla/5.0 (Linux; Android 7.0; SM-G920F) AppleWebKit/537.36 (KHTML, like Gecko) Chrome/75.0.3770.143 Mobile Safari/537.36"
141.138.41.234 - - [20/Jul/2019:14:37:22 +0000] "GET /js/appear.js HTTP/1.1" 200 1359 "https://www.ing-victus.hr/" "Mozilla/5.0 (Linux; Android 7.0; SM-G920F) AppleWebKit/537.36 (KHTML, like Gecko) Chrome/75.0.3770.143 Mobile Safari/537.36"
141.138.41.234 - - [20/Jul/2019:14:37:23 +0000] "GET /js/script.js?v=2 HTTP/1.1" 200 3465 "https://www.ing-victus.hr/" "Mozilla/5.0 (Linux; Android 7.0; SM-G920F) AppleWebKit/537.36 (KHTML, like Gecko) Chrome/75.0.3770.143 Mobile Safari/537.36"
141.138.41.234 - - [20/Jul/2019:14:37:23 +0000] "GET /images/logo-white.png HTTP/1.1" 200 1466 "https://www.ing-victus.hr/" "Mozilla/5.0 (Linux; Android 7.0; SM-G920F) AppleWebKit/537.36 (KHTML, like Gecko) Chrome/75.0.3770.143 Mobile Safari/537.36"
141.138.41.234 - - [20/Jul/2019:14:37:23 +0000] "GET /js/cookieconsent.min.js HTTP/1.1" 200 6849 "https://www.ing-victus.hr/" "Mozilla/5.0 (Linux; Android 7.0; SM-G920F) AppleWebKit/537.36 (KHTML, like Gecko) Chrome/75.0.3770.143 Mobile Safari/537.36"
141.138.41.234 - - [20/Jul/2019:14:37:23 +0000] "GET /uploads/thumbnails/167405a1174ec8e47c2b3a701da1cb78.jpg HTTP/1.1" 200 29696 "https://www.ing-victus.hr/" "Mozilla/5.0 (Linux; Android 7.0; SM-G920F) AppleWebKit/537.36 (KHTML, like Gecko) Chrome/75.0.3770.143 Mobile Safari/537.36"
141.138.41.234 - - [20/Jul/2019:14:37:23 +0000] "GET /images/logo-sticky.png HTTP/1.1" 200 1258 "https://www.ing-victus.hr/" "Mozilla/5.0 (Linux; Android 7.0; SM-G920F) AppleWebKit/537.36 (KHTML, like Gecko) Chrome/75.0.3770.143 Mobile Safari/537.36"
141.138.41.234 - - [20/Jul/2019:14:37:23 +0000] "GET /assets/plugins/flag/flags/4x3/gb.svg HTTP/1.1" 200 989 "https://www.ing-victus.hr/assets/plugins/flag/css/flag-icon.css" "Mozilla/5.0 (Linux; Android 7.0; SM-G920F) AppleWebKit/537.36 (KHTML, like Gecko) Chrome/75.0.3770.143 Mobile Safari/537.36"
141.138.41.234 - - [20/Jul/2019:14:37:23 +0000] "GET /uploads/thumbnails/c6bda3196f6f732c6e713290bc6e6a29.jpg HTTP/1.1" 200 35685 "https://www.ing-victus.hr/" "Mozilla/5.0 (Linux; Android 7.0; SM-G920F) AppleWebKit/537.36 (KHTML, like Gecko) Chrome/75.0.3770.143 Mobile Safari/537.36"
141.138.41.234 - - [20/Jul/2019:14:37:23 +0000] "GET /uploads/thumbnails/617fce37c98aa731b4a7093bcc5121a4.jpg HTTP/1.1" 200 61413 "https://www.ing-victus.hr/" "Mozilla/5.0 (Linux; Android 7.0; SM-G920F) AppleWebKit/537.36 (KHTML, like Gecko) Chrome/75.0.3770.143 Mobile Safari/537.36"
141.138.41.234 - - [20/Jul/2019:14:37:23 +0000] "GET /css/flaticon.css HTTP/1.1" 200 2568 "https://www.ing-victus.hr/" "Mozilla/5.0 (Linux; Android 7.0; SM-G920F) AppleWebKit/537.36 (KHTML, like Gecko) Chrome/75.0.3770.143 Mobile Safari/537.36"
141.138.41.234 - - [20/Jul/2019:14:37:23 +0000] "GET /css/line-awesome.css HTTP/1.1" 200 6330 "https://www.ing-victus.hr/" "Mozilla/5.0 (Linux; Android 7.0; SM-G920F) AppleWebKit/537.36 (KHTML, like Gecko) Chrome/75.0.3770.143 Mobile Safari/537.36"
141.138.41.234 - - [20/Jul/2019:14:37:23 +0000] "GET /assets/plugins/flag/flags/4x3/hr.svg HTTP/1.1" 200 80697 "https://www.ing-victus.hr/assets/plugins/flag/css/flag-icon.css" "Mozilla/5.0 (Linux; Android 7.0; SM-G920F) AppleWebKit/537.36 (KHTML, like Gecko) Chrome/75.0.3770.143 Mobile Safari/537.36"
141.138.41.234 - - [20/Jul/2019:14:37:23 +0000] "GET /uploads/thumbnails/d181b76fcf616e6ccddedd3c00296ff8.jpg HTTP/1.1" 200 49249 "https://www.ing-victus.hr/" "Mozilla/5.0 (Linux; Android 7.0; SM-G920F) AppleWebKit/537.36 (KHTML, like Gecko) Chrome/75.0.3770.143 Mobile Safari/537.36"
141.138.41.234 - - [20/Jul/2019:14:37:23 +0000] "GET /css/animate.css HTTP/1.1" 200 4629 "https://www.ing-victus.hr/" "Mozilla/5.0 (Linux; Android 7.0; SM-G920F) AppleWebKit/537.36 (KHTML, like Gecko) Chrome/75.0.3770.143 Mobile Safari/537.36"
141.138.41.234 - - [20/Jul/2019:14:37:23 +0000] "GET /css/owl.css HTTP/1.1" 200 1159 "https://www.ing-victus.hr/" "Mozilla/5.0 (Linux; Android 7.0; SM-G920F) AppleWebKit/537.36 (KHTML, like Gecko) Chrome/75.0.3770.143 Mobile Safari/537.36"
141.138.41.234 - - [20/Jul/2019:14:37:23 +0000] "GET /css/jquery-ui.css HTTP/1.1" 200 8372 "https://www.ing-victus.hr/" "Mozilla/5.0 (Linux; Android 7.0; SM-G920F) AppleWebKit/537.36 (KHTML, like Gecko) Chrome/75.0.3770.143 Mobile Safari/537.36"
141.138.41.234 - - [20/Jul/2019:14:37:23 +0000] "GET /css/jquery.fancybox.min.css HTTP/1.1" 200 3155 "https://www.ing-victus.hr/" "Mozilla/5.0 (Linux; Android 7.0; SM-G920F) AppleWebKit/537.36 (KHTML, like Gecko) Chrome/75.0.3770.143 Mobile Safari/537.36"
141.138.41.234 - - [20/Jul/2019:14:37:23 +0000] "GET /images/about-us-ing-victus.jpg HTTP/1.1" 200 21719 "https://www.ing-victus.hr/" "Mozilla/5.0 (Linux; Android 7.0; SM-G920F) AppleWebKit/537.36 (KHTML, like Gecko) Chrome/75.0.3770.143 Mobile Safari/537.36"
141.138.41.234 - - [20/Jul/2019:14:37:23 +0000] "GET /uploads/thumbnails/cfff0c7e5111b872dd4922f953bdb001.jpg HTTP/1.1" 200 37237 "https://www.ing-victus.hr/" "Mozilla/5.0 (Linux; Android 7.0; SM-G920F) AppleWebKit/537.36 (KHTML, like Gecko) Chrome/75.0.3770.143 Mobile Safari/537.36"
141.138.41.234 - - [20/Jul/2019:14:37:23 +0000] "GET /uploads/thumbnails/6d2045ec513d6c328aeaa16bd7bdd702.jpg HTTP/1.1" 200 38408 "https://www.ing-victus.hr/" "Mozilla/5.0 (Linux; Android 7.0; SM-G920F) AppleWebKit/537.36 (KHTML, like Gecko) Chrome/75.0.3770.143 Mobile Safari/537.36"
141.138.41.234 - - [20/Jul/2019:14:37:23 +0000] "GET /uploads/thumbnails/100facfdcad9215911976866208b387b.jpg HTTP/1.1" 200 44898 "https://www.ing-victus.hr/" "Mozilla/5.0 (Linux; Android 7.0; SM-G920F) AppleWebKit/537.36 (KHTML, like Gecko) Chrome/75.0.3770.143 Mobile Safari/537.36"
141.138.41.234 - - [20/Jul/2019:14:37:23 +0000] "GET /uploads/thumbnails/7d156d3f75893db6748713dec5be1afb.jpg HTTP/1.1" 200 78534 "https://www.ing-victus.hr/" "Mozilla/5.0 (Linux; Android 7.0; SM-G920F) AppleWebKit/537.36 (KHTML, like Gecko) Chrome/75.0.3770.143 Mobile Safari/537.36"
141.138.41.234 - - [20/Jul/2019:14:37:23 +0000] "GET /uploads/thumbnails/18819a0c33c971a5f69599e505300b09.jpg HTTP/1.1" 200 52143 "https://www.ing-victus.hr/" "Mozilla/5.0 (Linux; Android 7.0; SM-G920F) AppleWebKit/537.36 (KHTML, like Gecko) Chrome/75.0.3770.143 Mobile Safari/537.36"
141.138.41.234 - - [20/Jul/2019:14:37:23 +0000] "GET /images/background/slider-2.jpg HTTP/1.1" 200 336401 "https://www.ing-victus.hr/" "Mozilla/5.0 (Linux; Android 7.0; SM-G920F) AppleWebKit/537.36 (KHTML, like Gecko) Chrome/75.0.3770.143 Mobile Safari/537.36"
141.138.41.234 - - [20/Jul/2019:14:37:23 +0000] "GET /fonts/line-awesome.woff2?v=1.1. HTTP/1.1" 200 45108 "https://www.ing-victus.hr/css/line-awesome.css" "Mozilla/5.0 (Linux; Android 7.0; SM-G920F) AppleWebKit/537.36 (KHTML, like Gecko) Chrome/75.0.3770.143 Mobile Safari/537.36"
141.138.41.234 - - [20/Jul/2019:14:37:23 +0000] "GET /images/icons/preloader.svg?v=2 HTTP/1.1" 200 686 "https://www.ing-victus.hr/css/style.css?v=9" "Mozilla/5.0 (Linux; Android 7.0; SM-G920F) AppleWebKit/537.36 (KHTML, like Gecko) Chrome/75.0.3770.143 Mobile Safari/537.36"
141.138.41.234 - - [20/Jul/2019:14:37:23 +0000] "GET /images/background/slider-1.jpg HTTP/1.1" 200 235797 "https://www.ing-victus.hr/" "Mozilla/5.0 (Linux; Android 7.0; SM-G920F) AppleWebKit/537.36 (KHTML, like Gecko) Chrome/75.0.3770.143 Mobile Safari/537.36"
141.138.41.234 - - [20/Jul/2019:14:37:23 +0000] "GET /fonts/Flaticon.woff HTTP/1.1" 200 55964 "https://www.ing-victus.hr/css/flaticon.css" "Mozilla/5.0 (Linux; Android 7.0; SM-G920F) AppleWebKit/537.36 (KHTML, like Gecko) Chrome/75.0.3770.143 Mobile Safari/537.36"
141.138.41.234 - - [20/Jul/2019:14:37:23 +0000] "GET /images/background/slider-3.jpg?v=2 HTTP/1.1" 200 230165 "https://www.ing-victus.hr/" "Mozilla/5.0 (Linux; Android 7.0; SM-G920F) AppleWebKit/537.36 (KHTML, like Gecko) Chrome/75.0.3770.143 Mobile Safari/537.36"
141.138.41.234 - - [20/Jul/2019:14:37:23 +0000] "GET /images/background/1.jpg HTTP/1.1" 200 731573 "https://www.ing-victus.hr/" "Mozilla/5.0 (Linux; Android 7.0; SM-G920F) AppleWebKit/537.36 (KHTML, like Gecko) Chrome/75.0.3770.143 Mobile Safari/537.36"
141.138.41.234 - - [20/Jul/2019:14:37:23 +0000] "GET /images/background/3.jpg HTTP/1.1" 200 1208371 "https://www.ing-victus.hr/" "Mozilla/5.0 (Linux; Android 7.0; SM-G920F) AppleWebKit/537.36 (KHTML, like Gecko) Chrome/75.0.3770.143 Mobile Safari/537.36"
141.138.41.234 - - [20/Jul/2019:14:37:25 +0000] "GET /favicon-32x32.png HTTP/1.1" 200 1549 "https://www.ing-victus.hr/" "Mozilla/5.0 (Linux; Android 7.0; SM-G920F) AppleWebKit/537.36 (KHTML, like Gecko) Chrome/75.0.3770.143 Mobile Safari/537.36"
141.138.41.234 - - [20/Jul/2019:14:37:25 +0000] "GET /apple-touch-icon.png HTTP/1.1" 200 7522 "https://www.ing-victus.hr/" "Mozilla/5.0 (Linux; Android 7.0; SM-G920F) AppleWebKit/537.36 (KHTML, like Gecko) Chrome/75.0.3770.143 Mobile Safari/537.36"
141.138.41.234 - - [20/Jul/2019:14:37:25 +0000] "GET /site.webmanifest HTTP/1.1" 200 426 "https://www.ing-victus.hr/" "Mozilla/5.0 (Linux; Android 7.0; SM-G920F) AppleWebKit/537.36 (KHTML, like Gecko) Chrome/75.0.3770.143 Mobile Safari/537.36"
141.138.41.234 - - [20/Jul/2019:14:37:35 +0000] "GET /stanovi HTTP/1.1" 200 5043 "https://www.ing-victus.hr/" "Mozilla/5.0 (Linux; Android 7.0; SM-G920F) AppleWebKit/537.36 (KHTML, like Gecko) Chrome/75.0.3770.143 Mobile Safari/537.36"
141.138.41.234 - - [20/Jul/2019:14:37:35 +0000] "GET /uploads/thumbnails/ec715ad68d448ac314bf85ae852d26c3.jpg HTTP/1.1" 200 33845 "https://www.ing-victus.hr/stanovi" "Mozilla/5.0 (Linux; Android 7.0; SM-G920F) AppleWebKit/537.36 (KHTML, like Gecko) Chrome/75.0.3770.143 Mobile Safari/537.36"
141.138.41.234 - - [20/Jul/2019:14:37:36 +0000] "GET /images/background/16.jpg HTTP/1.1" 200 484974 "https://www.ing-victus.hr/stanovi" "Mozilla/5.0 (Linux; Android 7.0; SM-G920F) AppleWebKit/537.36 (KHTML, like Gecko) Chrome/75.0.3770.143 Mobile Safari/537.36"
185.18.61.54 - - [20/Jul/2019:14:37:50 +0000] "GET / HTTP/1.1" 200 7487 "-" "Mozilla/5.0 (Windows NT 10.0; Win64; x64) AppleWebKit/537.36 (KHTML, like Gecko) Chrome/64.0.3282.140 Safari/537.36 Edge/18.17763"
185.18.61.54 - - [20/Jul/2019:14:37:50 +0000] "GET /assets/plugins/flag/css/flag-icon.css HTTP/1.1" 200 2837 "https://www.ing-victus.hr/" "Mozilla/5.0 (Windows NT 10.0; Win64; x64) AppleWebKit/537.36 (KHTML, like Gecko) Chrome/64.0.3282.140 Safari/537.36 Edge/18.17763"
185.18.61.54 - - [20/Jul/2019:14:37:50 +0000] "GET /css/bootstrap.css HTTP/1.1" 200 21086 "https://www.ing-victus.hr/" "Mozilla/5.0 (Windows NT 10.0; Win64; x64) AppleWebKit/537.36 (KHTML, like Gecko) Chrome/64.0.3282.140 Safari/537.36 Edge/18.17763"
185.18.61.54 - - [20/Jul/2019:14:37:50 +0000] "GET /css/cookieconsent.min.css HTTP/1.1" 200 1209 "https://www.ing-victus.hr/" "Mozilla/5.0 (Windows NT 10.0; Win64; x64) AppleWebKit/537.36 (KHTML, like Gecko) Chrome/64.0.3282.140 Safari/537.36 Edge/18.17763"
185.18.61.54 - - [20/Jul/2019:14:37:50 +0000] "GET /css/responsive.css?v=3 HTTP/1.1" 200 5283 "https://www.ing-victus.hr/" "Mozilla/5.0 (Windows NT 10.0; Win64; x64) AppleWebKit/537.36 (KHTML, like Gecko) Chrome/64.0.3282.140 Safari/537.36 Edge/18.17763"
185.18.61.54 - - [20/Jul/2019:14:37:50 +0000] "GET /css/style.css?v=9 HTTP/1.1" 200 27694 "https://www.ing-victus.hr/" "Mozilla/5.0 (Windows NT 10.0; Win64; x64) AppleWebKit/537.36 (KHTML, like Gecko) Chrome/64.0.3282.140 Safari/537.36 Edge/18.17763"
185.18.61.54 - - [20/Jul/2019:14:37:50 +0000] "GET /css/color-themes/default-theme.css?v=3 HTTP/1.1" 200 2227 "https://www.ing-victus.hr/" "Mozilla/5.0 (Windows NT 10.0; Win64; x64) AppleWebKit/537.36 (KHTML, like Gecko) Chrome/64.0.3282.140 Safari/537.36 Edge/18.17763"
185.18.61.54 - - [20/Jul/2019:14:37:51 +0000] "GET /uploads/thumbnails/c6bda3196f6f732c6e713290bc6e6a29.jpg HTTP/1.1" 200 35685 "https://www.ing-victus.hr/" "Mozilla/5.0 (Windows NT 10.0; Win64; x64) AppleWebKit/537.36 (KHTML, like Gecko) Chrome/64.0.3282.140 Safari/537.36 Edge/18.17763"
185.18.61.54 - - [20/Jul/2019:14:37:51 +0000] "GET /images/logo-white.png HTTP/1.1" 200 1466 "https://www.ing-victus.hr/" "Mozilla/5.0 (Windows NT 10.0; Win64; x64) AppleWebKit/537.36 (KHTML, like Gecko) Chrome/64.0.3282.140 Safari/537.36 Edge/18.17763"
185.18.61.54 - - [20/Jul/2019:14:37:51 +0000] "GET /uploads/thumbnails/d181b76fcf616e6ccddedd3c00296ff8.jpg HTTP/1.1" 200 49249 "https://www.ing-victus.hr/" "Mozilla/5.0 (Windows NT 10.0; Win64; x64) AppleWebKit/537.36 (KHTML, like Gecko) Chrome/64.0.3282.140 Safari/537.36 Edge/18.17763"
185.18.61.54 - - [20/Jul/2019:14:37:51 +0000] "GET /uploads/thumbnails/18819a0c33c971a5f69599e505300b09.jpg HTTP/1.1" 200 52143 "https://www.ing-victus.hr/" "Mozilla/5.0 (Windows NT 10.0; Win64; x64) AppleWebKit/537.36 (KHTML, like Gecko) Chrome/64.0.3282.140 Safari/537.36 Edge/18.17763"
141.138.41.234 - - [20/Jul/2019:14:37:51 +0000] "GET /stanovi/belisce-centar-komforan-4-soban-stan-9615-m2 HTTP/1.1" 200 7555 "https://www.ing-victus.hr/stanovi" "Mozilla/5.0 (Linux; Android 7.0; SM-G920F) AppleWebKit/537.36 (KHTML, like Gecko) Chrome/75.0.3770.143 Mobile Safari/537.36"
141.138.41.234 - - [20/Jul/2019:14:37:52 +0000] "GET /unitegallery/css/unite-gallery.css HTTP/1.1" 200 4825 "https://www.ing-victus.hr/stanovi/belisce-centar-komforan-4-soban-stan-9615-m2" "Mozilla/5.0 (Linux; Android 7.0; SM-G920F) AppleWebKit/537.36 (KHTML, like Gecko) Chrome/75.0.3770.143 Mobile Safari/537.36"
185.18.61.54 - - [20/Jul/2019:14:37:52 +0000] "GET /uploads/thumbnails/cfff0c7e5111b872dd4922f953bdb001.jpg HTTP/1.1" 200 37237 "https://www.ing-victus.hr/" "Mozilla/5.0 (Windows NT 10.0; Win64; x64) AppleWebKit/537.36 (KHTML, like Gecko) Chrome/64.0.3282.140 Safari/537.36 Edge/18.17763"
141.138.41.234 - - [20/Jul/2019:14:37:52 +0000] "GET /unitegallery/themes/compact/ug-theme-compact.js HTTP/1.1" 200 2477 "https://www.ing-victus.hr/stanovi/belisce-centar-komforan-4-soban-stan-9615-m2" "Mozilla/5.0 (Linux; Android 7.0; SM-G920F) AppleWebKit/537.36 (KHTML, like Gecko) Chrome/75.0.3770.143 Mobile Safari/537.36"
141.138.41.234 - - [20/Jul/2019:14:37:52 +0000] "GET /uploads/thumbnails/8c876edf8abf9abc75e078f76c0e4519.jpg HTTP/1.1" 200 17805 "https://www.ing-victus.hr/stanovi/belisce-centar-komforan-4-soban-stan-9615-m2" "Mozilla/5.0 (Linux; Android 7.0; SM-G920F) AppleWebKit/537.36 (KHTML, like Gecko) Chrome/75.0.3770.143 Mobile Safari/537.36"
141.138.41.234 - - [20/Jul/2019:14:37:52 +0000] "GET /uploads/thumbnails/c7b26490a4c5d29cc238f66e1f743b54.jpg HTTP/1.1" 200 30756 "https://www.ing-victus.hr/stanovi/belisce-centar-komforan-4-soban-stan-9615-m2" "Mozilla/5.0 (Linux; Android 7.0; SM-G920F) AppleWebKit/537.36 (KHTML, like Gecko) Chrome/75.0.3770.143 Mobile Safari/537.36"
141.138.41.234 - - [20/Jul/2019:14:37:52 +0000] "GET /unitegallery/js/jquery-11.0.min.js HTTP/1.1" 200 33369 "https://www.ing-victus.hr/stanovi/belisce-centar-komforan-4-soban-stan-9615-m2" "Mozilla/5.0 (Linux; Android 7.0; SM-G920F) AppleWebKit/537.36 (KHTML, like Gecko) Chrome/75.0.3770.143 Mobile Safari/537.36"
141.138.41.234 - - [20/Jul/2019:14:37:52 +0000] "GET /unitegallery/js/unitegallery.min.js HTTP/1.1" 200 66910 "https://www.ing-victus.hr/stanovi/belisce-centar-komforan-4-soban-stan-9615-m2" "Mozilla/5.0 (Linux; Android 7.0; SM-G920F) AppleWebKit/537.36 (KHTML, like Gecko) Chrome/75.0.3770.143 Mobile Safari/537.36"
141.138.41.234 - - [20/Jul/2019:14:37:52 +0000] "GET /uploads/thumbnails/93f346c70309b854cd47be803157e58c.jpg HTTP/1.1" 200 37216 "https://www.ing-victus.hr/stanovi/belisce-centar-komforan-4-soban-stan-9615-m2" "Mozilla/5.0 (Linux; Android 7.0; SM-G920F) AppleWebKit/537.36 (KHTML, like Gecko) Chrome/75.0.3770.143 Mobile Safari/537.36"
185.18.61.54 - - [20/Jul/2019:14:37:52 +0000] "GET /uploads/thumbnails/6d2045ec513d6c328aeaa16bd7bdd702.jpg HTTP/1.1" 200 38408 "https://www.ing-victus.hr/" "Mozilla/5.0 (Windows NT 10.0; Win64; x64) AppleWebKit/537.36 (KHTML, like Gecko) Chrome/64.0.3282.140 Safari/537.36 Edge/18.17763"
185.18.61.54 - - [20/Jul/2019:14:37:52 +0000] "GET /js/popper.min.js HTTP/1.1" 200 7239 "https://www.ing-victus.hr/" "Mozilla/5.0 (Windows NT 10.0; Win64; x64) AppleWebKit/537.36 (KHTML, like Gecko) Chrome/64.0.3282.140 Safari/537.36 Edge/18.17763"
141.138.41.234 - - [20/Jul/2019:14:37:52 +0000] "GET /uploads/thumbnails/9d3d51dabfc35e5272d888f5b2eea99e.jpg HTTP/1.1" 200 32034 "https://www.ing-victus.hr/stanovi/belisce-centar-komforan-4-soban-stan-9615-m2" "Mozilla/5.0 (Linux; Android 7.0; SM-G920F) AppleWebKit/537.36 (KHTML, like Gecko) Chrome/75.0.3770.143 Mobile Safari/537.36"
141.138.41.234 - - [20/Jul/2019:14:37:52 +0000] "GET /uploads/thumbnails/9535e1ae8f424ed49f448b3036c5c8ed.jpg HTTP/1.1" 200 19602 "https://www.ing-victus.hr/stanovi/belisce-centar-komforan-4-soban-stan-9615-m2" "Mozilla/5.0 (Linux; Android 7.0; SM-G920F) AppleWebKit/537.36 (KHTML, like Gecko) Chrome/75.0.3770.143 Mobile Safari/537.36"
141.138.41.234 - - [20/Jul/2019:14:37:52 +0000] "GET /uploads/thumbnails/6df87aa2d249a3311324c5bccbfb929e.jpg HTTP/1.1" 200 22370 "https://www.ing-victus.hr/stanovi/belisce-centar-komforan-4-soban-stan-9615-m2" "Mozilla/5.0 (Linux; Android 7.0; SM-G920F) AppleWebKit/537.36 (KHTML, like Gecko) Chrome/75.0.3770.143 Mobile Safari/537.36"
141.138.41.234 - - [20/Jul/2019:14:37:52 +0000] "GET /uploads/thumbnails/e2bdab0692e09df370e33b78ab14708d.jpg HTTP/1.1" 200 32909 "https://www.ing-victus.hr/stanovi/belisce-centar-komforan-4-soban-stan-9615-m2" "Mozilla/5.0 (Linux; Android 7.0; SM-G920F) AppleWebKit/537.36 (KHTML, like Gecko) Chrome/75.0.3770.143 Mobile Safari/537.36"
141.138.41.234 - - [20/Jul/2019:14:37:52 +0000] "GET /uploads/thumbnails/3837b7a0837b585c4959095214fa95d8.jpg HTTP/1.1" 200 38229 "https://www.ing-victus.hr/stanovi/belisce-centar-komforan-4-soban-stan-9615-m2" "Mozilla/5.0 (Linux; Android 7.0; SM-G920F) AppleWebKit/537.36 (KHTML, like Gecko) Chrome/75.0.3770.143 Mobile Safari/537.36"
141.138.41.234 - - [20/Jul/2019:14:37:52 +0000] "GET /uploads/thumbnails/bf0b8b7cdbf2d3088e313416340a41cf.jpg HTTP/1.1" 200 27576 "https://www.ing-victus.hr/stanovi/belisce-centar-komforan-4-soban-stan-9615-m2" "Mozilla/5.0 (Linux; Android 7.0; SM-G920F) AppleWebKit/537.36 (KHTML, like Gecko) Chrome/75.0.3770.143 Mobile Safari/537.36"
141.138.41.234 - - [20/Jul/2019:14:37:52 +0000] "GET /uploads/thumbnails/5cb72dbd5ce9c555a87c1f5503fe2aad.jpg HTTP/1.1" 200 33205 "https://www.ing-victus.hr/stanovi/belisce-centar-komforan-4-soban-stan-9615-m2" "Mozilla/5.0 (Linux; Android 7.0; SM-G920F) AppleWebKit/537.36 (KHTML, like Gecko) Chrome/75.0.3770.143 Mobile Safari/537.36"
141.138.41.234 - - [20/Jul/2019:14:37:52 +0000] "GET /uploads/thumbnails/0f434e15c5301a6f8f6165f1227fc6c1.jpg HTTP/1.1" 200 33086 "https://www.ing-victus.hr/stanovi/belisce-centar-komforan-4-soban-stan-9615-m2" "Mozilla/5.0 (Linux; Android 7.0; SM-G920F) AppleWebKit/537.36 (KHTML, like Gecko) Chrome/75.0.3770.143 Mobile Safari/537.36"
141.138.41.234 - - [20/Jul/2019:14:37:52 +0000] "GET /uploads/thumbnails/7f743f3d0985cfd187ebd97ebff5d872.jpg HTTP/1.1" 200 23218 "https://www.ing-victus.hr/stanovi/belisce-centar-komforan-4-soban-stan-9615-m2" "Mozilla/5.0 (Linux; Android 7.0; SM-G920F) AppleWebKit/537.36 (KHTML, like Gecko) Chrome/75.0.3770.143 Mobile Safari/537.36"
141.138.41.234 - - [20/Jul/2019:14:37:52 +0000] "GET /uploads/thumbnails/01a35e8d05711cabffbe373be8d377ed.jpg HTTP/1.1" 200 25180 "https://www.ing-victus.hr/stanovi/belisce-centar-komforan-4-soban-stan-9615-m2" "Mozilla/5.0 (Linux; Android 7.0; SM-G920F) AppleWebKit/537.36 (KHTML, like Gecko) Chrome/75.0.3770.143 Mobile Safari/537.36"
141.138.41.234 - - [20/Jul/2019:14:37:52 +0000] "GET /uploads/thumbnails/d4070070782de20b45b4e4d1c0aa0f7a.jpg HTTP/1.1" 200 29686 "https://www.ing-victus.hr/stanovi/belisce-centar-komforan-4-soban-stan-9615-m2" "Mozilla/5.0 (Linux; Android 7.0; SM-G920F) AppleWebKit/537.36 (KHTML, like Gecko) Chrome/75.0.3770.143 Mobile Safari/537.36"
141.138.41.234 - - [20/Jul/2019:14:37:52 +0000] "GET /uploads/thumbnails/adbeb079c0ba5d17fe4a2f70737e8825.jpg HTTP/1.1" 200 31895 "https://www.ing-victus.hr/stanovi/belisce-centar-komforan-4-soban-stan-9615-m2" "Mozilla/5.0 (Linux; Android 7.0; SM-G920F) AppleWebKit/537.36 (KHTML, like Gecko) Chrome/75.0.3770.143 Mobile Safari/537.36"
141.138.41.234 - - [20/Jul/2019:14:37:52 +0000] "GET /uploads/thumbnails/7057ba018f2bfd48375bd3be13ae6fc1.jpg HTTP/1.1" 200 37781 "https://www.ing-victus.hr/stanovi/belisce-centar-komforan-4-soban-stan-9615-m2" "Mozilla/5.0 (Linux; Android 7.0; SM-G920F) AppleWebKit/537.36 (KHTML, like Gecko) Chrome/75.0.3770.143 Mobile Safari/537.36"
141.138.41.234 - - [20/Jul/2019:14:37:52 +0000] "GET /uploads/thumbnails/207c28dce42baad345be44f79ff816d3.jpg HTTP/1.1" 200 38152 "https://www.ing-victus.hr/stanovi/belisce-centar-komforan-4-soban-stan-9615-m2" "Mozilla/5.0 (Linux; Android 7.0; SM-G920F) AppleWebKit/537.36 (KHTML, like Gecko) Chrome/75.0.3770.143 Mobile Safari/537.36"
141.138.41.234 - - [20/Jul/2019:14:37:52 +0000] "GET /uploads/thumbnails/48361bdaa9e4296258808b9828afe3f8.jpg HTTP/1.1" 200 32400 "https://www.ing-victus.hr/stanovi/belisce-centar-komforan-4-soban-stan-9615-m2" "Mozilla/5.0 (Linux; Android 7.0; SM-G920F) AppleWebKit/537.36 (KHTML, like Gecko) Chrome/75.0.3770.143 Mobile Safari/537.36"
141.138.41.234 - - [20/Jul/2019:14:37:52 +0000] "GET /uploads/thumbnails/c12f0a378d5b23d4a1175a80c013169a.jpg HTTP/1.1" 200 34126 "https://www.ing-victus.hr/stanovi/belisce-centar-komforan-4-soban-stan-9615-m2" "Mozilla/5.0 (Linux; Android 7.0; SM-G920F) AppleWebKit/537.36 (KHTML, like Gecko) Chrome/75.0.3770.143 Mobile Safari/537.36"
141.138.41.234 - - [20/Jul/2019:14:37:52 +0000] "GET /uploads/thumbnails/6d867d4f3f99a04a2ccdfe7c94dce4ee.jpg HTTP/1.1" 200 36186 "https://www.ing-victus.hr/stanovi/belisce-centar-komforan-4-soban-stan-9615-m2" "Mozilla/5.0 (Linux; Android 7.0; SM-G920F) AppleWebKit/537.36 (KHTML, like Gecko) Chrome/75.0.3770.143 Mobile Safari/537.36"
141.138.41.234 - - [20/Jul/2019:14:37:52 +0000] "GET /uploads/thumbnails/7a5d172459e8214b96935b9cb4e899ee.jpg HTTP/1.1" 200 35921 "https://www.ing-victus.hr/stanovi/belisce-centar-komforan-4-soban-stan-9615-m2" "Mozilla/5.0 (Linux; Android 7.0; SM-G920F) AppleWebKit/537.36 (KHTML, like Gecko) Chrome/75.0.3770.143 Mobile Safari/537.36"
141.138.41.234 - - [20/Jul/2019:14:37:53 +0000] "GET /uploads/thumbnails/d70689e3368f2cec45af56943a97ecdd.jpg HTTP/1.1" 200 31631 "https://www.ing-victus.hr/stanovi/belisce-centar-komforan-4-soban-stan-9615-m2" "Mozilla/5.0 (Linux; Android 7.0; SM-G920F) AppleWebKit/537.36 (KHTML, like Gecko) Chrome/75.0.3770.143 Mobile Safari/537.36"
141.138.41.234 - - [20/Jul/2019:14:37:53 +0000] "GET /uploads/thumbnails/2b1505c4f79f45488543bd201d49cd2b.jpg HTTP/1.1" 200 27237 "https://www.ing-victus.hr/stanovi/belisce-centar-komforan-4-soban-stan-9615-m2" "Mozilla/5.0 (Linux; Android 7.0; SM-G920F) AppleWebKit/537.36 (KHTML, like Gecko) Chrome/75.0.3770.143 Mobile Safari/537.36"
141.138.41.234 - - [20/Jul/2019:14:37:53 +0000] "GET /uploads/thumbnails/5106ece320ce4ffdd9d15a56166b1ac9.jpg HTTP/1.1" 200 26615 "https://www.ing-victus.hr/stanovi/belisce-centar-komforan-4-soban-stan-9615-m2" "Mozilla/5.0 (Linux; Android 7.0; SM-G920F) AppleWebKit/537.36 (KHTML, like Gecko) Chrome/75.0.3770.143 Mobile Safari/537.36"
141.138.41.234 - - [20/Jul/2019:14:37:53 +0000] "GET /uploads/thumbnails/3971ceb95a0aee7c1e78c6e7cfe4976c.jpg HTTP/1.1" 200 30580 "https://www.ing-victus.hr/stanovi/belisce-centar-komforan-4-soban-stan-9615-m2" "Mozilla/5.0 (Linux; Android 7.0; SM-G920F) AppleWebKit/537.36 (KHTML, like Gecko) Chrome/75.0.3770.143 Mobile Safari/537.36"
141.138.41.234 - - [20/Jul/2019:14:37:53 +0000] "GET /uploads/thumbnails/f5b6fb8e3b312eb23826556cb5eced22.jpg HTTP/1.1" 200 40750 "https://www.ing-victus.hr/stanovi/belisce-centar-komforan-4-soban-stan-9615-m2" "Mozilla/5.0 (Linux; Android 7.0; SM-G920F) AppleWebKit/537.36 (KHTML, like Gecko) Chrome/75.0.3770.143 Mobile Safari/537.36"
185.18.61.54 - - [20/Jul/2019:14:37:53 +0000] "GET /js/jquery.fancybox.js HTTP/1.1" 200 36180 "https://www.ing-victus.hr/" "Mozilla/5.0 (Windows NT 10.0; Win64; x64) AppleWebKit/537.36 (KHTML, like Gecko) Chrome/64.0.3282.140 Safari/537.36 Edge/18.17763"
141.138.41.234 - - [20/Jul/2019:14:37:53 +0000] "GET /uploads/thumbnails/cdcfe1b81379b8cc8d10881f12e534ab.jpg HTTP/1.1" 200 38864 "https://www.ing-victus.hr/stanovi/belisce-centar-komforan-4-soban-stan-9615-m2" "Mozilla/5.0 (Linux; Android 7.0; SM-G920F) AppleWebKit/537.36 (KHTML, like Gecko) Chrome/75.0.3770.143 Mobile Safari/537.36"
141.138.41.234 - - [20/Jul/2019:14:37:53 +0000] "GET /uploads/thumbnails/76ce17e6dcd9ad7a4dc80dc7c2323aee.JPG HTTP/1.1" 200 19416 "https://www.ing-victus.hr/stanovi/belisce-centar-komforan-4-soban-stan-9615-m2" "Mozilla/5.0 (Linux; Android 7.0; SM-G920F) AppleWebKit/537.36 (KHTML, like Gecko) Chrome/75.0.3770.143 Mobile Safari/537.36"
185.18.61.54 - - [20/Jul/2019:14:37:53 +0000] "GET /js/owl.js HTTP/1.1" 200 18490 "https://www.ing-victus.hr/" "Mozilla/5.0 (Windows NT 10.0; Win64; x64) AppleWebKit/537.36 (KHTML, like Gecko) Chrome/64.0.3282.140 Safari/537.36 Edge/18.17763"
141.138.41.234 - - [20/Jul/2019:14:37:53 +0000] "GET /unitegallery/images/cover-grid.png HTTP/1.1" 200 933 "https://www.ing-victus.hr/unitegallery/css/unite-gallery.css" "Mozilla/5.0 (Linux; Android 7.0; SM-G920F) AppleWebKit/537.36 (KHTML, like Gecko) Chrome/75.0.3770.143 Mobile Safari/537.36"
185.18.61.54 - - [20/Jul/2019:14:37:53 +0000] "GET /uploads/thumbnails/100facfdcad9215911976866208b387b.jpg HTTP/1.1" 200 44898 "https://www.ing-victus.hr/" "Mozilla/5.0 (Windows NT 10.0; Win64; x64) AppleWebKit/537.36 (KHTML, like Gecko) Chrome/64.0.3282.140 Safari/537.36 Edge/18.17763"
185.18.61.54 - - [20/Jul/2019:14:37:53 +0000] "GET /js/jquery.js HTTP/1.1" 200 33760 "https://www.ing-victus.hr/" "Mozilla/5.0 (Windows NT 10.0; Win64; x64) AppleWebKit/537.36 (KHTML, like Gecko) Chrome/64.0.3282.140 Safari/537.36 Edge/18.17763"
141.138.41.234 - - [20/Jul/2019:14:37:53 +0000] "GET /unitegallery/images/loader.gif HTTP/1.1" 200 673 "https://www.ing-victus.hr/unitegallery/css/unite-gallery.css" "Mozilla/5.0 (Linux; Android 7.0; SM-G920F) AppleWebKit/537.36 (KHTML, like Gecko) Chrome/75.0.3770.143 Mobile Safari/537.36"
141.138.41.234 - - [20/Jul/2019:14:37:53 +0000] "GET /unitegallery/images/not_loaded.png HTTP/1.1" 200 858 "https://www.ing-victus.hr/unitegallery/css/unite-gallery.css" "Mozilla/5.0 (Linux; Android 7.0; SM-G920F) AppleWebKit/537.36 (KHTML, like Gecko) Chrome/75.0.3770.143 Mobile Safari/537.36"
141.138.41.234 - - [20/Jul/2019:14:37:53 +0000] "GET /unitegallery/images/loader-white1.gif HTTP/1.1" 200 2545 "https://www.ing-victus.hr/unitegallery/css/unite-gallery.css" "Mozilla/5.0 (Linux; Android 7.0; SM-G920F) AppleWebKit/537.36 (KHTML, like Gecko) Chrome/75.0.3770.143 Mobile Safari/537.36"
141.138.41.234 - - [20/Jul/2019:14:37:53 +0000] "GET /unitegallery/images/play-button-square.png HTTP/1.1" 200 4591 "https://www.ing-victus.hr/unitegallery/css/unite-gallery.css" "Mozilla/5.0 (Linux; Android 7.0; SM-G920F) AppleWebKit/537.36 (KHTML, like Gecko) Chrome/75.0.3770.143 Mobile Safari/537.36"
141.138.41.234 - - [20/Jul/2019:14:37:53 +0000] "GET /unitegallery/skins/default/slider_arrow_right.png HTTP/1.1" 200 505 "https://www.ing-victus.hr/unitegallery/css/unite-gallery.css" "Mozilla/5.0 (Linux; Android 7.0; SM-G920F) AppleWebKit/537.36 (KHTML, like Gecko) Chrome/75.0.3770.143 Mobile Safari/537.36"
141.138.41.234 - - [20/Jul/2019:14:37:53 +0000] "GET /unitegallery/skins/default/slider_arrow_left.png HTTP/1.1" 200 493 "https://www.ing-victus.hr/unitegallery/css/unite-gallery.css" "Mozilla/5.0 (Linux; Android 7.0; SM-G920F) AppleWebKit/537.36 (KHTML, like Gecko) Chrome/75.0.3770.143 Mobile Safari/537.36"
141.138.41.234 - - [20/Jul/2019:14:37:53 +0000] "GET /unitegallery/skins/default/button_fullscreen.png HTTP/1.1" 200 1146 "https://www.ing-victus.hr/unitegallery/css/unite-gallery.css" "Mozilla/5.0 (Linux; Android 7.0; SM-G920F) AppleWebKit/537.36 (KHTML, like Gecko) Chrome/75.0.3770.143 Mobile Safari/537.36"
141.138.41.234 - - [20/Jul/2019:14:37:53 +0000] "GET /unitegallery/images/loader-black1.gif HTTP/1.1" 200 5855 "https://www.ing-victus.hr/unitegallery/css/unite-gallery.css" "Mozilla/5.0 (Linux; Android 7.0; SM-G920F) AppleWebKit/537.36 (KHTML, like Gecko) Chrome/75.0.3770.143 Mobile Safari/537.36"
141.138.41.234 - - [20/Jul/2019:14:37:53 +0000] "GET /unitegallery/images/button-close.png HTTP/1.1" 200 7155 "https://www.ing-victus.hr/unitegallery/css/unite-gallery.css" "Mozilla/5.0 (Linux; Android 7.0; SM-G920F) AppleWebKit/537.36 (KHTML, like Gecko) Chrome/75.0.3770.143 Mobile Safari/537.36"
141.138.41.234 - - [20/Jul/2019:14:37:53 +0000] "GET /uploads/images/c6bda3196f6f732c6e713290bc6e6a29.jpg HTTP/1.1" 200 214906 "https://www.ing-victus.hr/stanovi/belisce-centar-komforan-4-soban-stan-9615-m2" "Mozilla/5.0 (Linux; Android 7.0; SM-G920F) AppleWebKit/537.36 (KHTML, like Gecko) Chrome/75.0.3770.143 Mobile Safari/537.36"
141.138.41.234 - - [20/Jul/2019:14:37:53 +0000] "GET /uploads/images/76ce17e6dcd9ad7a4dc80dc7c2323aee.JPG HTTP/1.1" 200 71812 "https://www.ing-victus.hr/stanovi/belisce-centar-komforan-4-soban-stan-9615-m2" "Mozilla/5.0 (Linux; Android 7.0; SM-G920F) AppleWebKit/537.36 (KHTML, like Gecko) Chrome/75.0.3770.143 Mobile Safari/537.36"
141.138.41.234 - - [20/Jul/2019:14:37:53 +0000] "GET /uploads/images/8c876edf8abf9abc75e078f76c0e4519.jpg HTTP/1.1" 200 140811 "https://www.ing-victus.hr/stanovi/belisce-centar-komforan-4-soban-stan-9615-m2" "Mozilla/5.0 (Linux; Android 7.0; SM-G920F) AppleWebKit/537.36 (KHTML, like Gecko) Chrome/75.0.3770.143 Mobile Safari/537.36"
185.18.61.54 - - [20/Jul/2019:14:37:53 +0000] "GET /uploads/thumbnails/7d156d3f75893db6748713dec5be1afb.jpg HTTP/1.1" 200 78534 "https://www.ing-victus.hr/" "Mozilla/5.0 (Windows NT 10.0; Win64; x64) AppleWebKit/537.36 (KHTML, like Gecko) Chrome/64.0.3282.140 Safari/537.36 Edge/18.17763"
185.18.61.54 - - [20/Jul/2019:14:37:53 +0000] "GET /images/logo-sticky.png HTTP/1.1" 200 1258 "https://www.ing-victus.hr/" "Mozilla/5.0 (Windows NT 10.0; Win64; x64) AppleWebKit/537.36 (KHTML, like Gecko) Chrome/64.0.3282.140 Safari/537.36 Edge/18.17763"
185.18.61.54 - - [20/Jul/2019:14:37:54 +0000] "GET /js/isotope.js HTTP/1.1" 200 10182 "https://www.ing-victus.hr/" "Mozilla/5.0 (Windows NT 10.0; Win64; x64) AppleWebKit/537.36 (KHTML, like Gecko) Chrome/64.0.3282.140 Safari/537.36 Edge/18.17763"
185.18.61.54 - - [20/Jul/2019:14:37:54 +0000] "GET /js/wow.js HTTP/1.1" 200 2209 "https://www.ing-victus.hr/" "Mozilla/5.0 (Windows NT 10.0; Win64; x64) AppleWebKit/537.36 (KHTML, like Gecko) Chrome/64.0.3282.140 Safari/537.36 Edge/18.17763"
185.18.61.54 - - [20/Jul/2019:14:37:54 +0000] "GET /js/appear.js HTTP/1.1" 200 1359 "https://www.ing-victus.hr/" "Mozilla/5.0 (Windows NT 10.0; Win64; x64) AppleWebKit/537.36 (KHTML, like Gecko) Chrome/64.0.3282.140 Safari/537.36 Edge/18.17763"
185.18.61.54 - - [20/Jul/2019:14:37:54 +0000] "GET /js/cookieconsent.min.js HTTP/1.1" 200 6849 "https://www.ing-victus.hr/" "Mozilla/5.0 (Windows NT 10.0; Win64; x64) AppleWebKit/537.36 (KHTML, like Gecko) Chrome/64.0.3282.140 Safari/537.36 Edge/18.17763"
185.18.61.54 - - [20/Jul/2019:14:37:54 +0000] "GET /js/jquery-ui.js HTTP/1.1" 200 125176 "https://www.ing-victus.hr/" "Mozilla/5.0 (Windows NT 10.0; Win64; x64) AppleWebKit/537.36 (KHTML, like Gecko) Chrome/64.0.3282.140 Safari/537.36 Edge/18.17763"
185.18.61.54 - - [20/Jul/2019:14:37:54 +0000] "GET /js/script.js?v=2 HTTP/1.1" 200 3465 "https://www.ing-victus.hr/" "Mozilla/5.0 (Windows NT 10.0; Win64; x64) AppleWebKit/537.36 (KHTML, like Gecko) Chrome/64.0.3282.140 Safari/537.36 Edge/18.17763"
185.18.61.54 - - [20/Jul/2019:14:37:54 +0000] "GET /uploads/thumbnails/167405a1174ec8e47c2b3a701da1cb78.jpg HTTP/1.1" 200 29696 "https://www.ing-victus.hr/" "Mozilla/5.0 (Windows NT 10.0; Win64; x64) AppleWebKit/537.36 (KHTML, like Gecko) Chrome/64.0.3282.140 Safari/537.36 Edge/18.17763"
185.18.61.54 - - [20/Jul/2019:14:37:54 +0000] "GET /js/bootstrap.min.js HTTP/1.1" 200 14048 "https://www.ing-victus.hr/" "Mozilla/5.0 (Windows NT 10.0; Win64; x64) AppleWebKit/537.36 (KHTML, like Gecko) Chrome/64.0.3282.140 Safari/537.36 Edge/18.17763"
141.138.41.234 - - [20/Jul/2019:14:37:55 +0000] "GET /images/icons/map-marker.png HTTP/1.1" 200 3191 "https://www.ing-victus.hr/stanovi/belisce-centar-komforan-4-soban-stan-9615-m2" "Mozilla/5.0 (Linux; Android 7.0; SM-G920F) AppleWebKit/537.36 (KHTML, like Gecko) Chrome/75.0.3770.143 Mobile Safari/537.36"
185.18.61.54 - - [20/Jul/2019:14:37:55 +0000] "GET /images/background/slider-1.jpg HTTP/1.1" 200 235797 "https://www.ing-victus.hr/" "Mozilla/5.0 (Windows NT 10.0; Win64; x64) AppleWebKit/537.36 (KHTML, like Gecko) Chrome/64.0.3282.140 Safari/537.36 Edge/18.17763"
185.18.61.54 - - [20/Jul/2019:14:37:55 +0000] "GET /images/background/slider-3.jpg?v=2 HTTP/1.1" 200 230165 "https://www.ing-victus.hr/" "Mozilla/5.0 (Windows NT 10.0; Win64; x64) AppleWebKit/537.36 (KHTML, like Gecko) Chrome/64.0.3282.140 Safari/537.36 Edge/18.17763"
185.18.61.54 - - [20/Jul/2019:14:37:56 +0000] "GET /assets/plugins/flag/flags/4x3/hr.svg HTTP/1.1" 200 80697 "https://www.ing-victus.hr/" "Mozilla/5.0 (Windows NT 10.0; Win64; x64) AppleWebKit/537.36 (KHTML, like Gecko) Chrome/64.0.3282.140 Safari/537.36 Edge/18.17763"
185.18.61.54 - - [20/Jul/2019:14:37:56 +0000] "GET /images/about-us-ing-victus.jpg HTTP/1.1" 200 21719 "https://www.ing-victus.hr/" "Mozilla/5.0 (Windows NT 10.0; Win64; x64) AppleWebKit/537.36 (KHTML, like Gecko) Chrome/64.0.3282.140 Safari/537.36 Edge/18.17763"
185.18.61.54 - - [20/Jul/2019:14:37:56 +0000] "GET /css/animate.css HTTP/1.1" 200 4629 "https://www.ing-victus.hr/" "Mozilla/5.0 (Windows NT 10.0; Win64; x64) AppleWebKit/537.36 (KHTML, like Gecko) Chrome/64.0.3282.140 Safari/537.36 Edge/18.17763"
185.18.61.54 - - [20/Jul/2019:14:37:56 +0000] "GET /css/line-awesome.css HTTP/1.1" 200 6330 "https://www.ing-victus.hr/" "Mozilla/5.0 (Windows NT 10.0; Win64; x64) AppleWebKit/537.36 (KHTML, like Gecko) Chrome/64.0.3282.140 Safari/537.36 Edge/18.17763"
185.18.61.54 - - [20/Jul/2019:14:37:57 +0000] "GET /css/jquery-ui.css HTTP/1.1" 200 8372 "https://www.ing-victus.hr/" "Mozilla/5.0 (Windows NT 10.0; Win64; x64) AppleWebKit/537.36 (KHTML, like Gecko) Chrome/64.0.3282.140 Safari/537.36 Edge/18.17763"
185.18.61.54 - - [20/Jul/2019:14:37:57 +0000] "GET /css/owl.css HTTP/1.1" 200 1159 "https://www.ing-victus.hr/" "Mozilla/5.0 (Windows NT 10.0; Win64; x64) AppleWebKit/537.36 (KHTML, like Gecko) Chrome/64.0.3282.140 Safari/537.36 Edge/18.17763"
185.18.61.54 - - [20/Jul/2019:14:37:56 +0000] "GET /uploads/thumbnails/617fce37c98aa731b4a7093bcc5121a4.jpg HTTP/1.1" 200 61413 "https://www.ing-victus.hr/" "Mozilla/5.0 (Windows NT 10.0; Win64; x64) AppleWebKit/537.36 (KHTML, like Gecko) Chrome/64.0.3282.140 Safari/537.36 Edge/18.17763"
185.18.61.54 - - [20/Jul/2019:14:37:57 +0000] "GET /css/flaticon.css HTTP/1.1" 200 2568 "https://www.ing-victus.hr/" "Mozilla/5.0 (Windows NT 10.0; Win64; x64) AppleWebKit/537.36 (KHTML, like Gecko) Chrome/64.0.3282.140 Safari/537.36 Edge/18.17763"
185.18.61.54 - - [20/Jul/2019:14:37:57 +0000] "GET /assets/plugins/flag/flags/4x3/gb.svg HTTP/1.1" 200 989 "https://www.ing-victus.hr/" "Mozilla/5.0 (Windows NT 10.0; Win64; x64) AppleWebKit/537.36 (KHTML, like Gecko) Chrome/64.0.3282.140 Safari/537.36 Edge/18.17763"
185.18.61.54 - - [20/Jul/2019:14:37:57 +0000] "GET /css/jquery.fancybox.min.css HTTP/1.1" 200 3155 "https://www.ing-victus.hr/" "Mozilla/5.0 (Windows NT 10.0; Win64; x64) AppleWebKit/537.36 (KHTML, like Gecko) Chrome/64.0.3282.140 Safari/537.36 Edge/18.17763"
185.18.61.54 - - [20/Jul/2019:14:37:57 +0000] "GET /images/icons/preloader.svg?v=2 HTTP/1.1" 200 686 "https://www.ing-victus.hr/" "Mozilla/5.0 (Windows NT 10.0; Win64; x64) AppleWebKit/537.36 (KHTML, like Gecko) Chrome/64.0.3282.140 Safari/537.36 Edge/18.17763"
185.18.61.54 - - [20/Jul/2019:14:37:57 +0000] "GET /fonts/line-awesome.woff2?v=1.1. HTTP/1.1" 200 45108 "https://www.ing-victus.hr/" "Mozilla/5.0 (Windows NT 10.0; Win64; x64) AppleWebKit/537.36 (KHTML, like Gecko) Chrome/64.0.3282.140 Safari/537.36 Edge/18.17763"
185.18.61.54 - - [20/Jul/2019:14:37:58 +0000] "GET /fonts/Flaticon.woff HTTP/1.1" 200 55964 "https://www.ing-victus.hr/" "Mozilla/5.0 (Windows NT 10.0; Win64; x64) AppleWebKit/537.36 (KHTML, like Gecko) Chrome/64.0.3282.140 Safari/537.36 Edge/18.17763"
185.18.61.54 - - [20/Jul/2019:14:37:55 +0000] "GET /images/background/1.jpg HTTP/1.1" 200 731573 "https://www.ing-victus.hr/" "Mozilla/5.0 (Windows NT 10.0; Win64; x64) AppleWebKit/537.36 (KHTML, like Gecko) Chrome/64.0.3282.140 Safari/537.36 Edge/18.17763"
185.18.61.54 - - [20/Jul/2019:14:37:56 +0000] "GET /images/background/slider-2.jpg HTTP/1.1" 200 336401 "https://www.ing-victus.hr/" "Mozilla/5.0 (Windows NT 10.0; Win64; x64) AppleWebKit/537.36 (KHTML, like Gecko) Chrome/64.0.3282.140 Safari/537.36 Edge/18.17763"
185.18.61.54 - - [20/Jul/2019:14:37:55 +0000] "GET /images/background/3.jpg HTTP/1.1" 200 1208371 "https://www.ing-victus.hr/" "Mozilla/5.0 (Windows NT 10.0; Win64; x64) AppleWebKit/537.36 (KHTML, like Gecko) Chrome/64.0.3282.140 Safari/537.36 Edge/18.17763"
141.138.41.234 - - [20/Jul/2019:14:38:00 +0000] "GET /uploads/images/c7b26490a4c5d29cc238f66e1f743b54.jpg HTTP/1.1" 200 222227 "https://www.ing-victus.hr/stanovi/belisce-centar-komforan-4-soban-stan-9615-m2" "Mozilla/5.0 (Linux; Android 7.0; SM-G920F) AppleWebKit/537.36 (KHTML, like Gecko) Chrome/75.0.3770.143 Mobile Safari/537.36"
141.138.41.234 - - [20/Jul/2019:14:38:01 +0000] "GET /uploads/images/93f346c70309b854cd47be803157e58c.jpg HTTP/1.1" 200 217098 "https://www.ing-victus.hr/stanovi/belisce-centar-komforan-4-soban-stan-9615-m2" "Mozilla/5.0 (Linux; Android 7.0; SM-G920F) AppleWebKit/537.36 (KHTML, like Gecko) Chrome/75.0.3770.143 Mobile Safari/537.36"
141.138.41.234 - - [20/Jul/2019:14:38:03 +0000] "GET /uploads/images/9d3d51dabfc35e5272d888f5b2eea99e.jpg HTTP/1.1" 200 225779 "https://www.ing-victus.hr/stanovi/belisce-centar-komforan-4-soban-stan-9615-m2" "Mozilla/5.0 (Linux; Android 7.0; SM-G920F) AppleWebKit/537.36 (KHTML, like Gecko) Chrome/75.0.3770.143 Mobile Safari/537.36"
141.138.41.234 - - [20/Jul/2019:14:38:32 +0000] "GET /uploads/images/9535e1ae8f424ed49f448b3036c5c8ed.jpg HTTP/1.1" 200 154653 "https://www.ing-victus.hr/stanovi/belisce-centar-komforan-4-soban-stan-9615-m2" "Mozilla/5.0 (Linux; Android 7.0; SM-G920F) AppleWebKit/537.36 (KHTML, like Gecko) Chrome/75.0.3770.143 Mobile Safari/537.36"
141.138.41.234 - - [20/Jul/2019:14:38:42 +0000] "GET /uploads/images/6df87aa2d249a3311324c5bccbfb929e.jpg HTTP/1.1" 200 146853 "https://www.ing-victus.hr/stanovi/belisce-centar-komforan-4-soban-stan-9615-m2" "Mozilla/5.0 (Linux; Android 7.0; SM-G920F) AppleWebKit/537.36 (KHTML, like Gecko) Chrome/75.0.3770.143 Mobile Safari/537.36"
141.138.41.234 - - [20/Jul/2019:14:38:47 +0000] "GET /uploads/images/e2bdab0692e09df370e33b78ab14708d.jpg HTTP/1.1" 200 188959 "https://www.ing-victus.hr/stanovi/belisce-centar-komforan-4-soban-stan-9615-m2" "Mozilla/5.0 (Linux; Android 7.0; SM-G920F) AppleWebKit/537.36 (KHTML, like Gecko) Chrome/75.0.3770.143 Mobile Safari/537.36"
141.138.41.234 - - [20/Jul/2019:14:38:51 +0000] "GET /uploads/images/3837b7a0837b585c4959095214fa95d8.jpg HTTP/1.1" 200 215224 "https://www.ing-victus.hr/stanovi/belisce-centar-komforan-4-soban-stan-9615-m2" "Mozilla/5.0 (Linux; Android 7.0; SM-G920F) AppleWebKit/537.36 (KHTML, like Gecko) Chrome/75.0.3770.143 Mobile Safari/537.36"
141.138.41.234 - - [20/Jul/2019:14:38:54 +0000] "GET /uploads/images/bf0b8b7cdbf2d3088e313416340a41cf.jpg HTTP/1.1" 200 175570 "https://www.ing-victus.hr/stanovi/belisce-centar-komforan-4-soban-stan-9615-m2" "Mozilla/5.0 (Linux; Android 7.0; SM-G920F) AppleWebKit/537.36 (KHTML, like Gecko) Chrome/75.0.3770.143 Mobile Safari/537.36"
141.138.41.234 - - [20/Jul/2019:14:38:57 +0000] "GET /uploads/images/5cb72dbd5ce9c555a87c1f5503fe2aad.jpg HTTP/1.1" 200 227556 "https://www.ing-victus.hr/stanovi/belisce-centar-komforan-4-soban-stan-9615-m2" "Mozilla/5.0 (Linux; Android 7.0; SM-G920F) AppleWebKit/537.36 (KHTML, like Gecko) Chrome/75.0.3770.143 Mobile Safari/537.36"
141.138.41.234 - - [20/Jul/2019:14:39:01 +0000] "GET /uploads/images/0f434e15c5301a6f8f6165f1227fc6c1.jpg HTTP/1.1" 200 203065 "https://www.ing-victus.hr/stanovi/belisce-centar-komforan-4-soban-stan-9615-m2" "Mozilla/5.0 (Linux; Android 7.0; SM-G920F) AppleWebKit/537.36 (KHTML, like Gecko) Chrome/75.0.3770.143 Mobile Safari/537.36"
141.138.41.234 - - [20/Jul/2019:14:39:05 +0000] "GET /uploads/images/7f743f3d0985cfd187ebd97ebff5d872.jpg HTTP/1.1" 200 197652 "https://www.ing-victus.hr/stanovi/belisce-centar-komforan-4-soban-stan-9615-m2" "Mozilla/5.0 (Linux; Android 7.0; SM-G920F) AppleWebKit/537.36 (KHTML, like Gecko) Chrome/75.0.3770.143 Mobile Safari/537.36"
141.138.41.234 - - [20/Jul/2019:14:39:07 +0000] "GET /uploads/images/01a35e8d05711cabffbe373be8d377ed.jpg HTTP/1.1" 200 191196 "https://www.ing-victus.hr/stanovi/belisce-centar-komforan-4-soban-stan-9615-m2" "Mozilla/5.0 (Linux; Android 7.0; SM-G920F) AppleWebKit/537.36 (KHTML, like Gecko) Chrome/75.0.3770.143 Mobile Safari/537.36"
141.138.41.234 - - [20/Jul/2019:14:39:09 +0000] "GET /uploads/images/d4070070782de20b45b4e4d1c0aa0f7a.jpg HTTP/1.1" 200 200612 "https://www.ing-victus.hr/stanovi/belisce-centar-komforan-4-soban-stan-9615-m2" "Mozilla/5.0 (Linux; Android 7.0; SM-G920F) AppleWebKit/537.36 (KHTML, like Gecko) Chrome/75.0.3770.143 Mobile Safari/537.36"
141.138.41.234 - - [20/Jul/2019:14:39:13 +0000] "GET /uploads/images/7057ba018f2bfd48375bd3be13ae6fc1.jpg HTTP/1.1" 200 209370 "https://www.ing-victus.hr/stanovi/belisce-centar-komforan-4-soban-stan-9615-m2" "Mozilla/5.0 (Linux; Android 7.0; SM-G920F) AppleWebKit/537.36 (KHTML, like Gecko) Chrome/75.0.3770.143 Mobile Safari/537.36"
185.18.61.54 - - [20/Jul/2019:14:39:17 +0000] "GET / HTTP/1.1" 200 7487 "-" "Mozilla/5.0 (Windows NT 10.0; Win64; x64) AppleWebKit/537.36 (KHTML, like Gecko) Chrome/64.0.3282.140 Safari/537.36 Edge/18.17763"
141.138.41.234 - - [20/Jul/2019:14:39:19 +0000] "GET /uploads/images/adbeb079c0ba5d17fe4a2f70737e8825.jpg HTTP/1.1" 200 220628 "https://www.ing-victus.hr/stanovi/belisce-centar-komforan-4-soban-stan-9615-m2" "Mozilla/5.0 (Linux; Android 7.0; SM-G920F) AppleWebKit/537.36 (KHTML, like Gecko) Chrome/75.0.3770.143 Mobile Safari/537.36"
185.18.61.54 - - [20/Jul/2019:14:39:19 +0000] "GET /images/background/slider-3.jpg?v=2 HTTP/1.1" 200 230165 "https://www.ing-victus.hr/" "Mozilla/5.0 (Windows NT 10.0; Win64; x64) AppleWebKit/537.36 (KHTML, like Gecko) Chrome/64.0.3282.140 Safari/537.36 Edge/18.17763"
141.138.41.234 - - [20/Jul/2019:14:39:26 +0000] "GET /uploads/images/207c28dce42baad345be44f79ff816d3.jpg HTTP/1.1" 200 243930 "https://www.ing-victus.hr/stanovi/belisce-centar-komforan-4-soban-stan-9615-m2" "Mozilla/5.0 (Linux; Android 7.0; SM-G920F) AppleWebKit/537.36 (KHTML, like Gecko) Chrome/75.0.3770.143 Mobile Safari/537.36"
141.138.41.234 - - [20/Jul/2019:14:39:31 +0000] "GET /uploads/images/48361bdaa9e4296258808b9828afe3f8.jpg HTTP/1.1" 200 210830 "https://www.ing-victus.hr/stanovi/belisce-centar-komforan-4-soban-stan-9615-m2" "Mozilla/5.0 (Linux; Android 7.0; SM-G920F) AppleWebKit/537.36 (KHTML, like Gecko) Chrome/75.0.3770.143 Mobile Safari/537.36"
185.18.61.54 - - [20/Jul/2019:14:39:18 +0000] "GET /images/background/3.jpg HTTP/1.1" 200 1208371 "https://www.ing-victus.hr/" "Mozilla/5.0 (Windows NT 10.0; Win64; x64) AppleWebKit/537.36 (KHTML, like Gecko) Chrome/64.0.3282.140 Safari/537.36 Edge/18.17763"
141.138.41.234 - - [20/Jul/2019:14:39:41 +0000] "GET /uploads/images/c12f0a378d5b23d4a1175a80c013169a.jpg HTTP/1.1" 200 243905 "https://www.ing-victus.hr/stanovi/belisce-centar-komforan-4-soban-stan-9615-m2" "Mozilla/5.0 (Linux; Android 7.0; SM-G920F) AppleWebKit/537.36 (KHTML, like Gecko) Chrome/75.0.3770.143 Mobile Safari/537.36"
141.138.41.234 - - [20/Jul/2019:14:39:54 +0000] "GET /uploads/images/6d867d4f3f99a04a2ccdfe7c94dce4ee.jpg HTTP/1.1" 200 205994 "https://www.ing-victus.hr/stanovi/belisce-centar-komforan-4-soban-stan-9615-m2" "Mozilla/5.0 (Linux; Android 7.0; SM-G920F) AppleWebKit/537.36 (KHTML, like Gecko) Chrome/75.0.3770.143 Mobile Safari/537.36"
