31.217.24.160 - - [30/Jul/2019:13:11:34 +0000] "GET /uploads/thumbnails/9749f2694d9ba5571745e3bfb6070414.jpg HTTP/1.1" 200 30178 "https://www.ing-victus.hr/kuce/kuca-na-izvrsnoj-lokaciji-8698-m2" "Mozilla/5.0 (Linux; Android 9; SM-G960F Build/PPR1.180610.011; wv) AppleWebKit/537.36 (KHTML, like Gecko) Version/4.0 Chrome/74.0.3729.136 Mobile Safari/537.36 [FB_IAB/FB4A;FBAV/231.0.0.39.113;]"
31.217.24.160 - - [30/Jul/2019:13:11:34 +0000] "GET /uploads/thumbnails/7466c1e7e6c553ef86519139ac5c0480.jpg HTTP/1.1" 200 23667 "https://www.ing-victus.hr/kuce/kuca-na-izvrsnoj-lokaciji-8698-m2" "Mozilla/5.0 (Linux; Android 9; SM-G960F Build/PPR1.180610.011; wv) AppleWebKit/537.36 (KHTML, like Gecko) Version/4.0 Chrome/74.0.3729.136 Mobile Safari/537.36 [FB_IAB/FB4A;FBAV/231.0.0.39.113;]"
31.217.24.160 - - [30/Jul/2019:13:11:34 +0000] "GET /uploads/thumbnails/ab7547c1b6bf6a10001c7b0373585514.jpg HTTP/1.1" 200 31439 "https://www.ing-victus.hr/kuce/kuca-na-izvrsnoj-lokaciji-8698-m2" "Mozilla/5.0 (Linux; Android 9; SM-G960F Build/PPR1.180610.011; wv) AppleWebKit/537.36 (KHTML, like Gecko) Version/4.0 Chrome/74.0.3729.136 Mobile Safari/537.36 [FB_IAB/FB4A;FBAV/231.0.0.39.113;]"
31.217.24.160 - - [30/Jul/2019:13:11:34 +0000] "GET /uploads/thumbnails/ecd89d33c1caada0f3df65fb63c5e849.JPG HTTP/1.1" 200 26488 "https://www.ing-victus.hr/kuce/kuca-na-izvrsnoj-lokaciji-8698-m2" "Mozilla/5.0 (Linux; Android 9; SM-G960F Build/PPR1.180610.011; wv) AppleWebKit/537.36 (KHTML, like Gecko) Version/4.0 Chrome/74.0.3729.136 Mobile Safari/537.36 [FB_IAB/FB4A;FBAV/231.0.0.39.113;]"
31.217.24.160 - - [30/Jul/2019:13:11:34 +0000] "GET /images/background/3.jpg HTTP/1.1" 200 1208371 "https://www.ing-victus.hr/kuce/kuca-na-izvrsnoj-lokaciji-8698-m2" "Mozilla/5.0 (Linux; Android 9; SM-G960F Build/PPR1.180610.011; wv) AppleWebKit/537.36 (KHTML, like Gecko) Version/4.0 Chrome/74.0.3729.136 Mobile Safari/537.36 [FB_IAB/FB4A;FBAV/231.0.0.39.113;]"
31.217.24.160 - - [30/Jul/2019:13:11:34 +0000] "GET /unitegallery/images/cover-grid.png HTTP/1.1" 200 933 "https://www.ing-victus.hr/unitegallery/css/unite-gallery.css" "Mozilla/5.0 (Linux; Android 9; SM-G960F Build/PPR1.180610.011; wv) AppleWebKit/537.36 (KHTML, like Gecko) Version/4.0 Chrome/74.0.3729.136 Mobile Safari/537.36 [FB_IAB/FB4A;FBAV/231.0.0.39.113;]"
31.217.24.160 - - [30/Jul/2019:13:11:34 +0000] "GET /unitegallery/images/not_loaded.png HTTP/1.1" 200 858 "https://www.ing-victus.hr/unitegallery/css/unite-gallery.css" "Mozilla/5.0 (Linux; Android 9; SM-G960F Build/PPR1.180610.011; wv) AppleWebKit/537.36 (KHTML, like Gecko) Version/4.0 Chrome/74.0.3729.136 Mobile Safari/537.36 [FB_IAB/FB4A;FBAV/231.0.0.39.113;]"
31.217.24.160 - - [30/Jul/2019:13:11:34 +0000] "GET /unitegallery/images/loader-white1.gif HTTP/1.1" 200 2545 "https://www.ing-victus.hr/unitegallery/css/unite-gallery.css" "Mozilla/5.0 (Linux; Android 9; SM-G960F Build/PPR1.180610.011; wv) AppleWebKit/537.36 (KHTML, like Gecko) Version/4.0 Chrome/74.0.3729.136 Mobile Safari/537.36 [FB_IAB/FB4A;FBAV/231.0.0.39.113;]"
31.217.24.160 - - [30/Jul/2019:13:11:34 +0000] "GET /unitegallery/images/loader.gif HTTP/1.1" 200 673 "https://www.ing-victus.hr/unitegallery/css/unite-gallery.css" "Mozilla/5.0 (Linux; Android 9; SM-G960F Build/PPR1.180610.011; wv) AppleWebKit/537.36 (KHTML, like Gecko) Version/4.0 Chrome/74.0.3729.136 Mobile Safari/537.36 [FB_IAB/FB4A;FBAV/231.0.0.39.113;]"
31.217.24.160 - - [30/Jul/2019:13:11:34 +0000] "GET /unitegallery/images/play-button-square.png HTTP/1.1" 200 4591 "https://www.ing-victus.hr/unitegallery/css/unite-gallery.css" "Mozilla/5.0 (Linux; Android 9; SM-G960F Build/PPR1.180610.011; wv) AppleWebKit/537.36 (KHTML, like Gecko) Version/4.0 Chrome/74.0.3729.136 Mobile Safari/537.36 [FB_IAB/FB4A;FBAV/231.0.0.39.113;]"
31.217.24.160 - - [30/Jul/2019:13:11:34 +0000] "GET /unitegallery/skins/default/slider_arrow_left.png HTTP/1.1" 200 493 "https://www.ing-victus.hr/unitegallery/css/unite-gallery.css" "Mozilla/5.0 (Linux; Android 9; SM-G960F Build/PPR1.180610.011; wv) AppleWebKit/537.36 (KHTML, like Gecko) Version/4.0 Chrome/74.0.3729.136 Mobile Safari/537.36 [FB_IAB/FB4A;FBAV/231.0.0.39.113;]"
31.217.24.160 - - [30/Jul/2019:13:11:34 +0000] "GET /unitegallery/skins/default/button_fullscreen.png HTTP/1.1" 200 1146 "https://www.ing-victus.hr/unitegallery/css/unite-gallery.css" "Mozilla/5.0 (Linux; Android 9; SM-G960F Build/PPR1.180610.011; wv) AppleWebKit/537.36 (KHTML, like Gecko) Version/4.0 Chrome/74.0.3729.136 Mobile Safari/537.36 [FB_IAB/FB4A;FBAV/231.0.0.39.113;]"
31.217.24.160 - - [30/Jul/2019:13:11:34 +0000] "GET /unitegallery/images/loader-black1.gif HTTP/1.1" 200 5855 "https://www.ing-victus.hr/unitegallery/css/unite-gallery.css" "Mozilla/5.0 (Linux; Android 9; SM-G960F Build/PPR1.180610.011; wv) AppleWebKit/537.36 (KHTML, like Gecko) Version/4.0 Chrome/74.0.3729.136 Mobile Safari/537.36 [FB_IAB/FB4A;FBAV/231.0.0.39.113;]"
31.217.24.160 - - [30/Jul/2019:13:11:34 +0000] "GET /unitegallery/skins/default/slider_arrow_right.png HTTP/1.1" 200 505 "https://www.ing-victus.hr/unitegallery/css/unite-gallery.css" "Mozilla/5.0 (Linux; Android 9; SM-G960F Build/PPR1.180610.011; wv) AppleWebKit/537.36 (KHTML, like Gecko) Version/4.0 Chrome/74.0.3729.136 Mobile Safari/537.36 [FB_IAB/FB4A;FBAV/231.0.0.39.113;]"
31.217.24.160 - - [30/Jul/2019:13:11:34 +0000] "GET /unitegallery/images/button-close.png HTTP/1.1" 200 7155 "https://www.ing-victus.hr/unitegallery/css/unite-gallery.css" "Mozilla/5.0 (Linux; Android 9; SM-G960F Build/PPR1.180610.011; wv) AppleWebKit/537.36 (KHTML, like Gecko) Version/4.0 Chrome/74.0.3729.136 Mobile Safari/537.36 [FB_IAB/FB4A;FBAV/231.0.0.39.113;]"
31.217.24.160 - - [30/Jul/2019:13:11:34 +0000] "GET /uploads/images/ecd89d33c1caada0f3df65fb63c5e849.JPG HTTP/1.1" 200 54426 "https://www.ing-victus.hr/kuce/kuca-na-izvrsnoj-lokaciji-8698-m2" "Mozilla/5.0 (Linux; Android 9; SM-G960F Build/PPR1.180610.011; wv) AppleWebKit/537.36 (KHTML, like Gecko) Version/4.0 Chrome/74.0.3729.136 Mobile Safari/537.36 [FB_IAB/FB4A;FBAV/231.0.0.39.113;]"
31.217.24.160 - - [30/Jul/2019:13:11:34 +0000] "GET /uploads/images/167405a1174ec8e47c2b3a701da1cb78.jpg HTTP/1.1" 200 180851 "https://www.ing-victus.hr/kuce/kuca-na-izvrsnoj-lokaciji-8698-m2" "Mozilla/5.0 (Linux; Android 9; SM-G960F Build/PPR1.180610.011; wv) AppleWebKit/537.36 (KHTML, like Gecko) Version/4.0 Chrome/74.0.3729.136 Mobile Safari/537.36 [FB_IAB/FB4A;FBAV/231.0.0.39.113;]"
31.217.24.160 - - [30/Jul/2019:13:11:34 +0000] "GET /uploads/images/001fca0c24a31a661bcb537ad85e25c2.jpg HTTP/1.1" 200 275802 "https://www.ing-victus.hr/kuce/kuca-na-izvrsnoj-lokaciji-8698-m2" "Mozilla/5.0 (Linux; Android 9; SM-G960F Build/PPR1.180610.011; wv) AppleWebKit/537.36 (KHTML, like Gecko) Version/4.0 Chrome/74.0.3729.136 Mobile Safari/537.36 [FB_IAB/FB4A;FBAV/231.0.0.39.113;]"
89.201.181.14 - - [30/Jul/2019:13:11:35 +0000] "GET /unitegallery/images/cover-grid.png HTTP/1.1" 200 933 "https://www.ing-victus.hr/unitegallery/css/unite-gallery.css" "Mozilla/5.0 (Linux; Android 8.1.0; LG-M700 Build/OPM1.171019.026; wv) AppleWebKit/537.36 (KHTML, like Gecko) Version/4.0 Chrome/75.0.3770.143 Mobile Safari/537.36 [FB_IAB/FB4A;FBAV/231.0.0.39.113;]"
89.201.181.14 - - [30/Jul/2019:13:11:35 +0000] "GET /unitegallery/images/loader.gif HTTP/1.1" 200 673 "https://www.ing-victus.hr/unitegallery/css/unite-gallery.css" "Mozilla/5.0 (Linux; Android 8.1.0; LG-M700 Build/OPM1.171019.026; wv) AppleWebKit/537.36 (KHTML, like Gecko) Version/4.0 Chrome/75.0.3770.143 Mobile Safari/537.36 [FB_IAB/FB4A;FBAV/231.0.0.39.113;]"
89.201.181.14 - - [30/Jul/2019:13:11:35 +0000] "GET /unitegallery/images/not_loaded.png HTTP/1.1" 200 858 "https://www.ing-victus.hr/unitegallery/css/unite-gallery.css" "Mozilla/5.0 (Linux; Android 8.1.0; LG-M700 Build/OPM1.171019.026; wv) AppleWebKit/537.36 (KHTML, like Gecko) Version/4.0 Chrome/75.0.3770.143 Mobile Safari/537.36 [FB_IAB/FB4A;FBAV/231.0.0.39.113;]"
89.201.181.14 - - [30/Jul/2019:13:11:35 +0000] "GET /unitegallery/images/loader-white1.gif HTTP/1.1" 200 2545 "https://www.ing-victus.hr/unitegallery/css/unite-gallery.css" "Mozilla/5.0 (Linux; Android 8.1.0; LG-M700 Build/OPM1.171019.026; wv) AppleWebKit/537.36 (KHTML, like Gecko) Version/4.0 Chrome/75.0.3770.143 Mobile Safari/537.36 [FB_IAB/FB4A;FBAV/231.0.0.39.113;]"
89.201.181.14 - - [30/Jul/2019:13:11:35 +0000] "GET /unitegallery/images/play-button-square.png HTTP/1.1" 200 4591 "https://www.ing-victus.hr/unitegallery/css/unite-gallery.css" "Mozilla/5.0 (Linux; Android 8.1.0; LG-M700 Build/OPM1.171019.026; wv) AppleWebKit/537.36 (KHTML, like Gecko) Version/4.0 Chrome/75.0.3770.143 Mobile Safari/537.36 [FB_IAB/FB4A;FBAV/231.0.0.39.113;]"
89.201.181.14 - - [30/Jul/2019:13:11:35 +0000] "GET /unitegallery/skins/default/button_fullscreen.png HTTP/1.1" 200 1146 "https://www.ing-victus.hr/unitegallery/css/unite-gallery.css" "Mozilla/5.0 (Linux; Android 8.1.0; LG-M700 Build/OPM1.171019.026; wv) AppleWebKit/537.36 (KHTML, like Gecko) Version/4.0 Chrome/75.0.3770.143 Mobile Safari/537.36 [FB_IAB/FB4A;FBAV/231.0.0.39.113;]"
89.201.181.14 - - [30/Jul/2019:13:11:35 +0000] "GET /unitegallery/skins/default/slider_arrow_left.png HTTP/1.1" 200 493 "https://www.ing-victus.hr/unitegallery/css/unite-gallery.css" "Mozilla/5.0 (Linux; Android 8.1.0; LG-M700 Build/OPM1.171019.026; wv) AppleWebKit/537.36 (KHTML, like Gecko) Version/4.0 Chrome/75.0.3770.143 Mobile Safari/537.36 [FB_IAB/FB4A;FBAV/231.0.0.39.113;]"
89.201.181.14 - - [30/Jul/2019:13:11:35 +0000] "GET /unitegallery/images/loader-black1.gif HTTP/1.1" 200 5855 "https://www.ing-victus.hr/unitegallery/css/unite-gallery.css" "Mozilla/5.0 (Linux; Android 8.1.0; LG-M700 Build/OPM1.171019.026; wv) AppleWebKit/537.36 (KHTML, like Gecko) Version/4.0 Chrome/75.0.3770.143 Mobile Safari/537.36 [FB_IAB/FB4A;FBAV/231.0.0.39.113;]"
89.201.181.14 - - [30/Jul/2019:13:11:35 +0000] "GET /unitegallery/skins/default/slider_arrow_right.png HTTP/1.1" 200 505 "https://www.ing-victus.hr/unitegallery/css/unite-gallery.css" "Mozilla/5.0 (Linux; Android 8.1.0; LG-M700 Build/OPM1.171019.026; wv) AppleWebKit/537.36 (KHTML, like Gecko) Version/4.0 Chrome/75.0.3770.143 Mobile Safari/537.36 [FB_IAB/FB4A;FBAV/231.0.0.39.113;]"
89.201.181.14 - - [30/Jul/2019:13:11:35 +0000] "GET /unitegallery/images/button-close.png HTTP/1.1" 200 7155 "https://www.ing-victus.hr/unitegallery/css/unite-gallery.css" "Mozilla/5.0 (Linux; Android 8.1.0; LG-M700 Build/OPM1.171019.026; wv) AppleWebKit/537.36 (KHTML, like Gecko) Version/4.0 Chrome/75.0.3770.143 Mobile Safari/537.36 [FB_IAB/FB4A;FBAV/231.0.0.39.113;]"
31.217.24.160 - - [30/Jul/2019:13:11:35 +0000] "GET /favicon-16x16.png HTTP/1.1" 200 986 "https://www.ing-victus.hr/kuce/kuca-na-izvrsnoj-lokaciji-8698-m2" "Mozilla/5.0 (Linux; Android 9; SM-G960F Build/PPR1.180610.011; wv) AppleWebKit/537.36 (KHTML, like Gecko) Version/4.0 Chrome/74.0.3729.136 Mobile Safari/537.36 [FB_IAB/FB4A;FBAV/231.0.0.39.113;]"
31.217.24.160 - - [30/Jul/2019:13:11:35 +0000] "GET /favicon-32x32.png HTTP/1.1" 200 1549 "https://www.ing-victus.hr/kuce/kuca-na-izvrsnoj-lokaciji-8698-m2" "Mozilla/5.0 (Linux; Android 9; SM-G960F Build/PPR1.180610.011; wv) AppleWebKit/537.36 (KHTML, like Gecko) Version/4.0 Chrome/74.0.3729.136 Mobile Safari/537.36 [FB_IAB/FB4A;FBAV/231.0.0.39.113;]"
89.201.181.14 - - [30/Jul/2019:13:11:35 +0000] "GET /uploads/images/167405a1174ec8e47c2b3a701da1cb78.jpg HTTP/1.1" 200 180851 "https://www.ing-victus.hr/kuce/kuca-na-izvrsnoj-lokaciji-8698-m2" "Mozilla/5.0 (Linux; Android 8.1.0; LG-M700 Build/OPM1.171019.026; wv) AppleWebKit/537.36 (KHTML, like Gecko) Version/4.0 Chrome/75.0.3770.143 Mobile Safari/537.36 [FB_IAB/FB4A;FBAV/231.0.0.39.113;]"
89.201.181.14 - - [30/Jul/2019:13:11:35 +0000] "GET /uploads/images/001fca0c24a31a661bcb537ad85e25c2.jpg HTTP/1.1" 200 275802 "https://www.ing-victus.hr/kuce/kuca-na-izvrsnoj-lokaciji-8698-m2" "Mozilla/5.0 (Linux; Android 8.1.0; LG-M700 Build/OPM1.171019.026; wv) AppleWebKit/537.36 (KHTML, like Gecko) Version/4.0 Chrome/75.0.3770.143 Mobile Safari/537.36 [FB_IAB/FB4A;FBAV/231.0.0.39.113;]"
89.201.181.14 - - [30/Jul/2019:13:11:35 +0000] "GET /uploads/images/ecd89d33c1caada0f3df65fb63c5e849.JPG HTTP/1.1" 200 54426 "https://www.ing-victus.hr/kuce/kuca-na-izvrsnoj-lokaciji-8698-m2" "Mozilla/5.0 (Linux; Android 8.1.0; LG-M700 Build/OPM1.171019.026; wv) AppleWebKit/537.36 (KHTML, like Gecko) Version/4.0 Chrome/75.0.3770.143 Mobile Safari/537.36 [FB_IAB/FB4A;FBAV/231.0.0.39.113;]"
31.217.24.160 - - [30/Jul/2019:13:11:35 +0000] "GET /images/icons/map-marker.png HTTP/1.1" 200 3191 "https://www.ing-victus.hr/kuce/kuca-na-izvrsnoj-lokaciji-8698-m2" "Mozilla/5.0 (Linux; Android 9; SM-G960F Build/PPR1.180610.011; wv) AppleWebKit/537.36 (KHTML, like Gecko) Version/4.0 Chrome/74.0.3729.136 Mobile Safari/537.36 [FB_IAB/FB4A;FBAV/231.0.0.39.113;]"
89.201.181.14 - - [30/Jul/2019:13:11:36 +0000] "GET /favicon-16x16.png HTTP/1.1" 200 986 "https://www.ing-victus.hr/kuce/kuca-na-izvrsnoj-lokaciji-8698-m2" "Mozilla/5.0 (Linux; Android 8.1.0; LG-M700 Build/OPM1.171019.026; wv) AppleWebKit/537.36 (KHTML, like Gecko) Version/4.0 Chrome/75.0.3770.143 Mobile Safari/537.36 [FB_IAB/FB4A;FBAV/231.0.0.39.113;]"
93.143.156.75 - - [30/Jul/2019:13:11:36 +0000] "GET /kuce/kuca-na-izvrsnoj-lokaciji-8698-m2 HTTP/1.1" 200 7123 "http://m.facebook.com/" "Mozilla/5.0 (Linux; Android 7.1.2; Redmi Note 5A Build/N2G47H; wv) AppleWebKit/537.36 (KHTML, like Gecko) Version/4.0 Chrome/75.0.3770.143 Mobile Safari/537.36 [FB_IAB/FB4A;FBAV/231.0.0.39.113;]"
89.201.181.14 - - [30/Jul/2019:13:11:36 +0000] "GET /favicon-32x32.png HTTP/1.1" 200 1549 "https://www.ing-victus.hr/kuce/kuca-na-izvrsnoj-lokaciji-8698-m2" "Mozilla/5.0 (Linux; Android 8.1.0; LG-M700 Build/OPM1.171019.026; wv) AppleWebKit/537.36 (KHTML, like Gecko) Version/4.0 Chrome/75.0.3770.143 Mobile Safari/537.36 [FB_IAB/FB4A;FBAV/231.0.0.39.113;]"
93.143.156.75 - - [30/Jul/2019:13:11:36 +0000] "GET /css/cookieconsent.min.css HTTP/1.1" 200 1209 "https://www.ing-victus.hr/kuce/kuca-na-izvrsnoj-lokaciji-8698-m2" "Mozilla/5.0 (Linux; Android 7.1.2; Redmi Note 5A Build/N2G47H; wv) AppleWebKit/537.36 (KHTML, like Gecko) Version/4.0 Chrome/75.0.3770.143 Mobile Safari/537.36 [FB_IAB/FB4A;FBAV/231.0.0.39.113;]"
93.143.156.75 - - [30/Jul/2019:13:11:36 +0000] "GET /css/responsive.css?v=3 HTTP/1.1" 200 5283 "https://www.ing-victus.hr/kuce/kuca-na-izvrsnoj-lokaciji-8698-m2" "Mozilla/5.0 (Linux; Android 7.1.2; Redmi Note 5A Build/N2G47H; wv) AppleWebKit/537.36 (KHTML, like Gecko) Version/4.0 Chrome/75.0.3770.143 Mobile Safari/537.36 [FB_IAB/FB4A;FBAV/231.0.0.39.113;]"
93.143.156.75 - - [30/Jul/2019:13:11:36 +0000] "GET /css/style.css?v=9 HTTP/1.1" 200 27694 "https://www.ing-victus.hr/kuce/kuca-na-izvrsnoj-lokaciji-8698-m2" "Mozilla/5.0 (Linux; Android 7.1.2; Redmi Note 5A Build/N2G47H; wv) AppleWebKit/537.36 (KHTML, like Gecko) Version/4.0 Chrome/75.0.3770.143 Mobile Safari/537.36 [FB_IAB/FB4A;FBAV/231.0.0.39.113;]"
93.143.156.75 - - [30/Jul/2019:13:11:36 +0000] "GET /assets/plugins/flag/css/flag-icon.css HTTP/1.1" 200 2837 "https://www.ing-victus.hr/kuce/kuca-na-izvrsnoj-lokaciji-8698-m2" "Mozilla/5.0 (Linux; Android 7.1.2; Redmi Note 5A Build/N2G47H; wv) AppleWebKit/537.36 (KHTML, like Gecko) Version/4.0 Chrome/75.0.3770.143 Mobile Safari/537.36 [FB_IAB/FB4A;FBAV/231.0.0.39.113;]"
93.143.156.75 - - [30/Jul/2019:13:11:36 +0000] "GET /css/bootstrap.css HTTP/1.1" 200 21086 "https://www.ing-victus.hr/kuce/kuca-na-izvrsnoj-lokaciji-8698-m2" "Mozilla/5.0 (Linux; Android 7.1.2; Redmi Note 5A Build/N2G47H; wv) AppleWebKit/537.36 (KHTML, like Gecko) Version/4.0 Chrome/75.0.3770.143 Mobile Safari/537.36 [FB_IAB/FB4A;FBAV/231.0.0.39.113;]"
93.143.156.75 - - [30/Jul/2019:13:11:36 +0000] "GET /css/color-themes/default-theme.css?v=3 HTTP/1.1" 200 2227 "https://www.ing-victus.hr/kuce/kuca-na-izvrsnoj-lokaciji-8698-m2" "Mozilla/5.0 (Linux; Android 7.1.2; Redmi Note 5A Build/N2G47H; wv) AppleWebKit/537.36 (KHTML, like Gecko) Version/4.0 Chrome/75.0.3770.143 Mobile Safari/537.36 [FB_IAB/FB4A;FBAV/231.0.0.39.113;]"
93.143.156.75 - - [30/Jul/2019:13:11:36 +0000] "GET /unitegallery/css/unite-gallery.css HTTP/1.1" 200 4825 "https://www.ing-victus.hr/kuce/kuca-na-izvrsnoj-lokaciji-8698-m2" "Mozilla/5.0 (Linux; Android 7.1.2; Redmi Note 5A Build/N2G47H; wv) AppleWebKit/537.36 (KHTML, like Gecko) Version/4.0 Chrome/75.0.3770.143 Mobile Safari/537.36 [FB_IAB/FB4A;FBAV/231.0.0.39.113;]"
89.201.181.14 - - [30/Jul/2019:13:11:36 +0000] "GET /images/icons/map-marker.png HTTP/1.1" 200 3191 "https://www.ing-victus.hr/kuce/kuca-na-izvrsnoj-lokaciji-8698-m2" "Mozilla/5.0 (Linux; Android 8.1.0; LG-M700 Build/OPM1.171019.026; wv) AppleWebKit/537.36 (KHTML, like Gecko) Version/4.0 Chrome/75.0.3770.143 Mobile Safari/537.36 [FB_IAB/FB4A;FBAV/231.0.0.39.113;]"
93.143.156.75 - - [30/Jul/2019:13:11:36 +0000] "GET /js/jquery.js HTTP/1.1" 200 33760 "https://www.ing-victus.hr/kuce/kuca-na-izvrsnoj-lokaciji-8698-m2" "Mozilla/5.0 (Linux; Android 7.1.2; Redmi Note 5A Build/N2G47H; wv) AppleWebKit/537.36 (KHTML, like Gecko) Version/4.0 Chrome/75.0.3770.143 Mobile Safari/537.36 [FB_IAB/FB4A;FBAV/231.0.0.39.113;]"
93.143.156.75 - - [30/Jul/2019:13:11:36 +0000] "GET /js/bootstrap.min.js HTTP/1.1" 200 14048 "https://www.ing-victus.hr/kuce/kuca-na-izvrsnoj-lokaciji-8698-m2" "Mozilla/5.0 (Linux; Android 7.1.2; Redmi Note 5A Build/N2G47H; wv) AppleWebKit/537.36 (KHTML, like Gecko) Version/4.0 Chrome/75.0.3770.143 Mobile Safari/537.36 [FB_IAB/FB4A;FBAV/231.0.0.39.113;]"
93.143.156.75 - - [30/Jul/2019:13:11:36 +0000] "GET /js/popper.min.js HTTP/1.1" 200 7239 "https://www.ing-victus.hr/kuce/kuca-na-izvrsnoj-lokaciji-8698-m2" "Mozilla/5.0 (Linux; Android 7.1.2; Redmi Note 5A Build/N2G47H; wv) AppleWebKit/537.36 (KHTML, like Gecko) Version/4.0 Chrome/75.0.3770.143 Mobile Safari/537.36 [FB_IAB/FB4A;FBAV/231.0.0.39.113;]"
93.143.156.75 - - [30/Jul/2019:13:11:36 +0000] "GET /js/jquery.fancybox.js HTTP/1.1" 200 36180 "https://www.ing-victus.hr/kuce/kuca-na-izvrsnoj-lokaciji-8698-m2" "Mozilla/5.0 (Linux; Android 7.1.2; Redmi Note 5A Build/N2G47H; wv) AppleWebKit/537.36 (KHTML, like Gecko) Version/4.0 Chrome/75.0.3770.143 Mobile Safari/537.36 [FB_IAB/FB4A;FBAV/231.0.0.39.113;]"
93.143.156.75 - - [30/Jul/2019:13:11:36 +0000] "GET /js/jquery-ui.js HTTP/1.1" 200 125176 "https://www.ing-victus.hr/kuce/kuca-na-izvrsnoj-lokaciji-8698-m2" "Mozilla/5.0 (Linux; Android 7.1.2; Redmi Note 5A Build/N2G47H; wv) AppleWebKit/537.36 (KHTML, like Gecko) Version/4.0 Chrome/75.0.3770.143 Mobile Safari/537.36 [FB_IAB/FB4A;FBAV/231.0.0.39.113;]"
93.143.156.75 - - [30/Jul/2019:13:11:37 +0000] "GET /js/owl.js HTTP/1.1" 200 18490 "https://www.ing-victus.hr/kuce/kuca-na-izvrsnoj-lokaciji-8698-m2" "Mozilla/5.0 (Linux; Android 7.1.2; Redmi Note 5A Build/N2G47H; wv) AppleWebKit/537.36 (KHTML, like Gecko) Version/4.0 Chrome/75.0.3770.143 Mobile Safari/537.36 [FB_IAB/FB4A;FBAV/231.0.0.39.113;]"
93.143.156.75 - - [30/Jul/2019:13:11:37 +0000] "GET /js/wow.js HTTP/1.1" 200 2209 "https://www.ing-victus.hr/kuce/kuca-na-izvrsnoj-lokaciji-8698-m2" "Mozilla/5.0 (Linux; Android 7.1.2; Redmi Note 5A Build/N2G47H; wv) AppleWebKit/537.36 (KHTML, like Gecko) Version/4.0 Chrome/75.0.3770.143 Mobile Safari/537.36 [FB_IAB/FB4A;FBAV/231.0.0.39.113;]"
93.143.156.75 - - [30/Jul/2019:13:11:37 +0000] "GET /js/isotope.js HTTP/1.1" 200 10182 "https://www.ing-victus.hr/kuce/kuca-na-izvrsnoj-lokaciji-8698-m2" "Mozilla/5.0 (Linux; Android 7.1.2; Redmi Note 5A Build/N2G47H; wv) AppleWebKit/537.36 (KHTML, like Gecko) Version/4.0 Chrome/75.0.3770.143 Mobile Safari/537.36 [FB_IAB/FB4A;FBAV/231.0.0.39.113;]"
93.143.156.75 - - [30/Jul/2019:13:11:37 +0000] "GET /js/appear.js HTTP/1.1" 200 1359 "https://www.ing-victus.hr/kuce/kuca-na-izvrsnoj-lokaciji-8698-m2" "Mozilla/5.0 (Linux; Android 7.1.2; Redmi Note 5A Build/N2G47H; wv) AppleWebKit/537.36 (KHTML, like Gecko) Version/4.0 Chrome/75.0.3770.143 Mobile Safari/537.36 [FB_IAB/FB4A;FBAV/231.0.0.39.113;]"
93.143.156.75 - - [30/Jul/2019:13:11:37 +0000] "GET /js/script.js?v=2 HTTP/1.1" 200 3465 "https://www.ing-victus.hr/kuce/kuca-na-izvrsnoj-lokaciji-8698-m2" "Mozilla/5.0 (Linux; Android 7.1.2; Redmi Note 5A Build/N2G47H; wv) AppleWebKit/537.36 (KHTML, like Gecko) Version/4.0 Chrome/75.0.3770.143 Mobile Safari/537.36 [FB_IAB/FB4A;FBAV/231.0.0.39.113;]"
93.143.156.75 - - [30/Jul/2019:13:11:37 +0000] "GET /js/cookieconsent.min.js HTTP/1.1" 200 6849 "https://www.ing-victus.hr/kuce/kuca-na-izvrsnoj-lokaciji-8698-m2" "Mozilla/5.0 (Linux; Android 7.1.2; Redmi Note 5A Build/N2G47H; wv) AppleWebKit/537.36 (KHTML, like Gecko) Version/4.0 Chrome/75.0.3770.143 Mobile Safari/537.36 [FB_IAB/FB4A;FBAV/231.0.0.39.113;]"
93.143.156.75 - - [30/Jul/2019:13:11:37 +0000] "GET /unitegallery/js/jquery-11.0.min.js HTTP/1.1" 200 33369 "https://www.ing-victus.hr/kuce/kuca-na-izvrsnoj-lokaciji-8698-m2" "Mozilla/5.0 (Linux; Android 7.1.2; Redmi Note 5A Build/N2G47H; wv) AppleWebKit/537.36 (KHTML, like Gecko) Version/4.0 Chrome/75.0.3770.143 Mobile Safari/537.36 [FB_IAB/FB4A;FBAV/231.0.0.39.113;]"
93.143.156.75 - - [30/Jul/2019:13:11:37 +0000] "GET /unitegallery/themes/compact/ug-theme-compact.js HTTP/1.1" 200 2477 "https://www.ing-victus.hr/kuce/kuca-na-izvrsnoj-lokaciji-8698-m2" "Mozilla/5.0 (Linux; Android 7.1.2; Redmi Note 5A Build/N2G47H; wv) AppleWebKit/537.36 (KHTML, like Gecko) Version/4.0 Chrome/75.0.3770.143 Mobile Safari/537.36 [FB_IAB/FB4A;FBAV/231.0.0.39.113;]"
93.143.156.75 - - [30/Jul/2019:13:11:37 +0000] "GET /unitegallery/js/unitegallery.min.js HTTP/1.1" 200 66910 "https://www.ing-victus.hr/kuce/kuca-na-izvrsnoj-lokaciji-8698-m2" "Mozilla/5.0 (Linux; Android 7.1.2; Redmi Note 5A Build/N2G47H; wv) AppleWebKit/537.36 (KHTML, like Gecko) Version/4.0 Chrome/75.0.3770.143 Mobile Safari/537.36 [FB_IAB/FB4A;FBAV/231.0.0.39.113;]"
93.143.156.75 - - [30/Jul/2019:13:11:37 +0000] "GET /images/logo-white.png HTTP/1.1" 200 1466 "https://www.ing-victus.hr/kuce/kuca-na-izvrsnoj-lokaciji-8698-m2" "Mozilla/5.0 (Linux; Android 7.1.2; Redmi Note 5A Build/N2G47H; wv) AppleWebKit/537.36 (KHTML, like Gecko) Version/4.0 Chrome/75.0.3770.143 Mobile Safari/537.36 [FB_IAB/FB4A;FBAV/231.0.0.39.113;]"
93.143.156.75 - - [30/Jul/2019:13:11:37 +0000] "GET /images/logo-sticky.png HTTP/1.1" 200 1258 "https://www.ing-victus.hr/kuce/kuca-na-izvrsnoj-lokaciji-8698-m2" "Mozilla/5.0 (Linux; Android 7.1.2; Redmi Note 5A Build/N2G47H; wv) AppleWebKit/537.36 (KHTML, like Gecko) Version/4.0 Chrome/75.0.3770.143 Mobile Safari/537.36 [FB_IAB/FB4A;FBAV/231.0.0.39.113;]"
93.143.156.75 - - [30/Jul/2019:13:11:37 +0000] "GET /uploads/thumbnails/001fca0c24a31a661bcb537ad85e25c2.jpg HTTP/1.1" 200 39199 "https://www.ing-victus.hr/kuce/kuca-na-izvrsnoj-lokaciji-8698-m2" "Mozilla/5.0 (Linux; Android 7.1.2; Redmi Note 5A Build/N2G47H; wv) AppleWebKit/537.36 (KHTML, like Gecko) Version/4.0 Chrome/75.0.3770.143 Mobile Safari/537.36 [FB_IAB/FB4A;FBAV/231.0.0.39.113;]"
93.143.156.75 - - [30/Jul/2019:13:11:37 +0000] "GET /uploads/thumbnails/bed5502d7b2b722a8268e1fae9d7453e.jpg HTTP/1.1" 200 38527 "https://www.ing-victus.hr/kuce/kuca-na-izvrsnoj-lokaciji-8698-m2" "Mozilla/5.0 (Linux; Android 7.1.2; Redmi Note 5A Build/N2G47H; wv) AppleWebKit/537.36 (KHTML, like Gecko) Version/4.0 Chrome/75.0.3770.143 Mobile Safari/537.36 [FB_IAB/FB4A;FBAV/231.0.0.39.113;]"
93.143.156.75 - - [30/Jul/2019:13:11:37 +0000] "GET /uploads/thumbnails/7ac1a16fedd89ba704b05903b0683552.jpg HTTP/1.1" 200 40398 "https://www.ing-victus.hr/kuce/kuca-na-izvrsnoj-lokaciji-8698-m2" "Mozilla/5.0 (Linux; Android 7.1.2; Redmi Note 5A Build/N2G47H; wv) AppleWebKit/537.36 (KHTML, like Gecko) Version/4.0 Chrome/75.0.3770.143 Mobile Safari/537.36 [FB_IAB/FB4A;FBAV/231.0.0.39.113;]"
93.143.156.75 - - [30/Jul/2019:13:11:37 +0000] "GET /uploads/thumbnails/167405a1174ec8e47c2b3a701da1cb78.jpg HTTP/1.1" 200 29696 "https://www.ing-victus.hr/kuce/kuca-na-izvrsnoj-lokaciji-8698-m2" "Mozilla/5.0 (Linux; Android 7.1.2; Redmi Note 5A Build/N2G47H; wv) AppleWebKit/537.36 (KHTML, like Gecko) Version/4.0 Chrome/75.0.3770.143 Mobile Safari/537.36 [FB_IAB/FB4A;FBAV/231.0.0.39.113;]"
93.143.156.75 - - [30/Jul/2019:13:11:37 +0000] "GET /uploads/thumbnails/7742d7ff785114a4a0ed7d3d44449e83.jpg HTTP/1.1" 200 44882 "https://www.ing-victus.hr/kuce/kuca-na-izvrsnoj-lokaciji-8698-m2" "Mozilla/5.0 (Linux; Android 7.1.2; Redmi Note 5A Build/N2G47H; wv) AppleWebKit/537.36 (KHTML, like Gecko) Version/4.0 Chrome/75.0.3770.143 Mobile Safari/537.36 [FB_IAB/FB4A;FBAV/231.0.0.39.113;]"
93.143.156.75 - - [30/Jul/2019:13:11:37 +0000] "GET /uploads/thumbnails/8cd537622c9512aad0155bea12ac8c54.jpg HTTP/1.1" 200 39327 "https://www.ing-victus.hr/kuce/kuca-na-izvrsnoj-lokaciji-8698-m2" "Mozilla/5.0 (Linux; Android 7.1.2; Redmi Note 5A Build/N2G47H; wv) AppleWebKit/537.36 (KHTML, like Gecko) Version/4.0 Chrome/75.0.3770.143 Mobile Safari/537.36 [FB_IAB/FB4A;FBAV/231.0.0.39.113;]"
93.143.156.75 - - [30/Jul/2019:13:11:37 +0000] "GET /uploads/thumbnails/916e617e8a3c004a757828ecf58e79c7.jpg HTTP/1.1" 200 39075 "https://www.ing-victus.hr/kuce/kuca-na-izvrsnoj-lokaciji-8698-m2" "Mozilla/5.0 (Linux; Android 7.1.2; Redmi Note 5A Build/N2G47H; wv) AppleWebKit/537.36 (KHTML, like Gecko) Version/4.0 Chrome/75.0.3770.143 Mobile Safari/537.36 [FB_IAB/FB4A;FBAV/231.0.0.39.113;]"
93.143.156.75 - - [30/Jul/2019:13:11:37 +0000] "GET /uploads/thumbnails/685a96f5189b55d5e47591bbede8af42.jpg HTTP/1.1" 200 47527 "https://www.ing-victus.hr/kuce/kuca-na-izvrsnoj-lokaciji-8698-m2" "Mozilla/5.0 (Linux; Android 7.1.2; Redmi Note 5A Build/N2G47H; wv) AppleWebKit/537.36 (KHTML, like Gecko) Version/4.0 Chrome/75.0.3770.143 Mobile Safari/537.36 [FB_IAB/FB4A;FBAV/231.0.0.39.113;]"
93.143.156.75 - - [30/Jul/2019:13:11:37 +0000] "GET /uploads/thumbnails/87f257d6468f5294130d9f0158710092.jpg HTTP/1.1" 200 31342 "https://www.ing-victus.hr/kuce/kuca-na-izvrsnoj-lokaciji-8698-m2" "Mozilla/5.0 (Linux; Android 7.1.2; Redmi Note 5A Build/N2G47H; wv) AppleWebKit/537.36 (KHTML, like Gecko) Version/4.0 Chrome/75.0.3770.143 Mobile Safari/537.36 [FB_IAB/FB4A;FBAV/231.0.0.39.113;]"
93.143.156.75 - - [30/Jul/2019:13:11:37 +0000] "GET /uploads/thumbnails/47156061cbee0a6131a781274de40560.jpg HTTP/1.1" 200 52326 "https://www.ing-victus.hr/kuce/kuca-na-izvrsnoj-lokaciji-8698-m2" "Mozilla/5.0 (Linux; Android 7.1.2; Redmi Note 5A Build/N2G47H; wv) AppleWebKit/537.36 (KHTML, like Gecko) Version/4.0 Chrome/75.0.3770.143 Mobile Safari/537.36 [FB_IAB/FB4A;FBAV/231.0.0.39.113;]"
93.143.156.75 - - [30/Jul/2019:13:11:37 +0000] "GET /uploads/thumbnails/b6d356bd5aa8e02961ba0cadfff682ff.jpg HTTP/1.1" 200 24530 "https://www.ing-victus.hr/kuce/kuca-na-izvrsnoj-lokaciji-8698-m2" "Mozilla/5.0 (Linux; Android 7.1.2; Redmi Note 5A Build/N2G47H; wv) AppleWebKit/537.36 (KHTML, like Gecko) Version/4.0 Chrome/75.0.3770.143 Mobile Safari/537.36 [FB_IAB/FB4A;FBAV/231.0.0.39.113;]"
93.143.156.75 - - [30/Jul/2019:13:11:37 +0000] "GET /uploads/thumbnails/9749f2694d9ba5571745e3bfb6070414.jpg HTTP/1.1" 200 30178 "https://www.ing-victus.hr/kuce/kuca-na-izvrsnoj-lokaciji-8698-m2" "Mozilla/5.0 (Linux; Android 7.1.2; Redmi Note 5A Build/N2G47H; wv) AppleWebKit/537.36 (KHTML, like Gecko) Version/4.0 Chrome/75.0.3770.143 Mobile Safari/537.36 [FB_IAB/FB4A;FBAV/231.0.0.39.113;]"
93.143.156.75 - - [30/Jul/2019:13:11:37 +0000] "GET /uploads/thumbnails/75a6b0d3c849b6b6abb32bae1682b8a0.jpg HTTP/1.1" 200 59565 "https://www.ing-victus.hr/kuce/kuca-na-izvrsnoj-lokaciji-8698-m2" "Mozilla/5.0 (Linux; Android 7.1.2; Redmi Note 5A Build/N2G47H; wv) AppleWebKit/537.36 (KHTML, like Gecko) Version/4.0 Chrome/75.0.3770.143 Mobile Safari/537.36 [FB_IAB/FB4A;FBAV/231.0.0.39.113;]"
93.143.156.75 - - [30/Jul/2019:13:11:37 +0000] "GET /uploads/thumbnails/225c9d0e447a33bca6874a714d42b695.jpg HTTP/1.1" 200 55165 "https://www.ing-victus.hr/kuce/kuca-na-izvrsnoj-lokaciji-8698-m2" "Mozilla/5.0 (Linux; Android 7.1.2; Redmi Note 5A Build/N2G47H; wv) AppleWebKit/537.36 (KHTML, like Gecko) Version/4.0 Chrome/75.0.3770.143 Mobile Safari/537.36 [FB_IAB/FB4A;FBAV/231.0.0.39.113;]"
93.143.156.75 - - [30/Jul/2019:13:11:38 +0000] "GET /uploads/thumbnails/7466c1e7e6c553ef86519139ac5c0480.jpg HTTP/1.1" 200 23667 "https://www.ing-victus.hr/kuce/kuca-na-izvrsnoj-lokaciji-8698-m2" "Mozilla/5.0 (Linux; Android 7.1.2; Redmi Note 5A Build/N2G47H; wv) AppleWebKit/537.36 (KHTML, like Gecko) Version/4.0 Chrome/75.0.3770.143 Mobile Safari/537.36 [FB_IAB/FB4A;FBAV/231.0.0.39.113;]"
93.143.156.75 - - [30/Jul/2019:13:11:38 +0000] "GET /uploads/thumbnails/ab7547c1b6bf6a10001c7b0373585514.jpg HTTP/1.1" 200 31439 "https://www.ing-victus.hr/kuce/kuca-na-izvrsnoj-lokaciji-8698-m2" "Mozilla/5.0 (Linux; Android 7.1.2; Redmi Note 5A Build/N2G47H; wv) AppleWebKit/537.36 (KHTML, like Gecko) Version/4.0 Chrome/75.0.3770.143 Mobile Safari/537.36 [FB_IAB/FB4A;FBAV/231.0.0.39.113;]"
93.143.156.75 - - [30/Jul/2019:13:11:38 +0000] "GET /css/jquery-ui.css HTTP/1.1" 200 8372 "https://www.ing-victus.hr/kuce/kuca-na-izvrsnoj-lokaciji-8698-m2" "Mozilla/5.0 (Linux; Android 7.1.2; Redmi Note 5A Build/N2G47H; wv) AppleWebKit/537.36 (KHTML, like Gecko) Version/4.0 Chrome/75.0.3770.143 Mobile Safari/537.36 [FB_IAB/FB4A;FBAV/231.0.0.39.113;]"
93.143.156.75 - - [30/Jul/2019:13:11:38 +0000] "GET /css/line-awesome.css HTTP/1.1" 200 6330 "https://www.ing-victus.hr/kuce/kuca-na-izvrsnoj-lokaciji-8698-m2" "Mozilla/5.0 (Linux; Android 7.1.2; Redmi Note 5A Build/N2G47H; wv) AppleWebKit/537.36 (KHTML, like Gecko) Version/4.0 Chrome/75.0.3770.143 Mobile Safari/537.36 [FB_IAB/FB4A;FBAV/231.0.0.39.113;]"
93.143.156.75 - - [30/Jul/2019:13:11:38 +0000] "GET /css/flaticon.css HTTP/1.1" 200 2568 "https://www.ing-victus.hr/kuce/kuca-na-izvrsnoj-lokaciji-8698-m2" "Mozilla/5.0 (Linux; Android 7.1.2; Redmi Note 5A Build/N2G47H; wv) AppleWebKit/537.36 (KHTML, like Gecko) Version/4.0 Chrome/75.0.3770.143 Mobile Safari/537.36 [FB_IAB/FB4A;FBAV/231.0.0.39.113;]"
93.143.156.75 - - [30/Jul/2019:13:11:38 +0000] "GET /css/animate.css HTTP/1.1" 200 4629 "https://www.ing-victus.hr/kuce/kuca-na-izvrsnoj-lokaciji-8698-m2" "Mozilla/5.0 (Linux; Android 7.1.2; Redmi Note 5A Build/N2G47H; wv) AppleWebKit/537.36 (KHTML, like Gecko) Version/4.0 Chrome/75.0.3770.143 Mobile Safari/537.36 [FB_IAB/FB4A;FBAV/231.0.0.39.113;]"
93.143.156.75 - - [30/Jul/2019:13:11:38 +0000] "GET /css/owl.css HTTP/1.1" 200 1159 "https://www.ing-victus.hr/kuce/kuca-na-izvrsnoj-lokaciji-8698-m2" "Mozilla/5.0 (Linux; Android 7.1.2; Redmi Note 5A Build/N2G47H; wv) AppleWebKit/537.36 (KHTML, like Gecko) Version/4.0 Chrome/75.0.3770.143 Mobile Safari/537.36 [FB_IAB/FB4A;FBAV/231.0.0.39.113;]"
93.143.156.75 - - [30/Jul/2019:13:11:38 +0000] "GET /css/jquery.fancybox.min.css HTTP/1.1" 200 3155 "https://www.ing-victus.hr/kuce/kuca-na-izvrsnoj-lokaciji-8698-m2" "Mozilla/5.0 (Linux; Android 7.1.2; Redmi Note 5A Build/N2G47H; wv) AppleWebKit/537.36 (KHTML, like Gecko) Version/4.0 Chrome/75.0.3770.143 Mobile Safari/537.36 [FB_IAB/FB4A;FBAV/231.0.0.39.113;]"
93.143.156.75 - - [30/Jul/2019:13:11:38 +0000] "GET /uploads/thumbnails/ecd89d33c1caada0f3df65fb63c5e849.JPG HTTP/1.1" 200 26488 "https://www.ing-victus.hr/kuce/kuca-na-izvrsnoj-lokaciji-8698-m2" "Mozilla/5.0 (Linux; Android 7.1.2; Redmi Note 5A Build/N2G47H; wv) AppleWebKit/537.36 (KHTML, like Gecko) Version/4.0 Chrome/75.0.3770.143 Mobile Safari/537.36 [FB_IAB/FB4A;FBAV/231.0.0.39.113;]"
93.143.156.75 - - [30/Jul/2019:13:11:38 +0000] "GET /images/background/16.jpg HTTP/1.1" 200 484974 "https://www.ing-victus.hr/kuce/kuca-na-izvrsnoj-lokaciji-8698-m2" "Mozilla/5.0 (Linux; Android 7.1.2; Redmi Note 5A Build/N2G47H; wv) AppleWebKit/537.36 (KHTML, like Gecko) Version/4.0 Chrome/75.0.3770.143 Mobile Safari/537.36 [FB_IAB/FB4A;FBAV/231.0.0.39.113;]"
93.143.156.75 - - [30/Jul/2019:13:11:38 +0000] "GET /images/icons/preloader.svg?v=2 HTTP/1.1" 200 686 "https://www.ing-victus.hr/css/style.css?v=9" "Mozilla/5.0 (Linux; Android 7.1.2; Redmi Note 5A Build/N2G47H; wv) AppleWebKit/537.36 (KHTML, like Gecko) Version/4.0 Chrome/75.0.3770.143 Mobile Safari/537.36 [FB_IAB/FB4A;FBAV/231.0.0.39.113;]"
93.143.156.75 - - [30/Jul/2019:13:11:38 +0000] "GET /fonts/line-awesome.woff2?v=1.1. HTTP/1.1" 200 45108 "https://www.ing-victus.hr/css/line-awesome.css" "Mozilla/5.0 (Linux; Android 7.1.2; Redmi Note 5A Build/N2G47H; wv) AppleWebKit/537.36 (KHTML, like Gecko) Version/4.0 Chrome/75.0.3770.143 Mobile Safari/537.36 [FB_IAB/FB4A;FBAV/231.0.0.39.113;]"
93.143.156.75 - - [30/Jul/2019:13:11:38 +0000] "GET /fonts/Flaticon.woff HTTP/1.1" 200 55964 "https://www.ing-victus.hr/css/flaticon.css" "Mozilla/5.0 (Linux; Android 7.1.2; Redmi Note 5A Build/N2G47H; wv) AppleWebKit/537.36 (KHTML, like Gecko) Version/4.0 Chrome/75.0.3770.143 Mobile Safari/537.36 [FB_IAB/FB4A;FBAV/231.0.0.39.113;]"
93.143.156.75 - - [30/Jul/2019:13:11:38 +0000] "GET /images/background/3.jpg HTTP/1.1" 200 1208371 "https://www.ing-victus.hr/kuce/kuca-na-izvrsnoj-lokaciji-8698-m2" "Mozilla/5.0 (Linux; Android 7.1.2; Redmi Note 5A Build/N2G47H; wv) AppleWebKit/537.36 (KHTML, like Gecko) Version/4.0 Chrome/75.0.3770.143 Mobile Safari/537.36 [FB_IAB/FB4A;FBAV/231.0.0.39.113;]"
93.143.156.75 - - [30/Jul/2019:13:11:40 +0000] "GET /unitegallery/images/cover-grid.png HTTP/1.1" 200 933 "https://www.ing-victus.hr/unitegallery/css/unite-gallery.css" "Mozilla/5.0 (Linux; Android 7.1.2; Redmi Note 5A Build/N2G47H; wv) AppleWebKit/537.36 (KHTML, like Gecko) Version/4.0 Chrome/75.0.3770.143 Mobile Safari/537.36 [FB_IAB/FB4A;FBAV/231.0.0.39.113;]"
93.143.156.75 - - [30/Jul/2019:13:11:40 +0000] "GET /unitegallery/images/loader.gif HTTP/1.1" 200 673 "https://www.ing-victus.hr/unitegallery/css/unite-gallery.css" "Mozilla/5.0 (Linux; Android 7.1.2; Redmi Note 5A Build/N2G47H; wv) AppleWebKit/537.36 (KHTML, like Gecko) Version/4.0 Chrome/75.0.3770.143 Mobile Safari/537.36 [FB_IAB/FB4A;FBAV/231.0.0.39.113;]"
93.143.156.75 - - [30/Jul/2019:13:11:40 +0000] "GET /unitegallery/images/not_loaded.png HTTP/1.1" 200 858 "https://www.ing-victus.hr/unitegallery/css/unite-gallery.css" "Mozilla/5.0 (Linux; Android 7.1.2; Redmi Note 5A Build/N2G47H; wv) AppleWebKit/537.36 (KHTML, like Gecko) Version/4.0 Chrome/75.0.3770.143 Mobile Safari/537.36 [FB_IAB/FB4A;FBAV/231.0.0.39.113;]"
93.143.156.75 - - [30/Jul/2019:13:11:40 +0000] "GET /unitegallery/skins/default/slider_arrow_left.png HTTP/1.1" 200 493 "https://www.ing-victus.hr/unitegallery/css/unite-gallery.css" "Mozilla/5.0 (Linux; Android 7.1.2; Redmi Note 5A Build/N2G47H; wv) AppleWebKit/537.36 (KHTML, like Gecko) Version/4.0 Chrome/75.0.3770.143 Mobile Safari/537.36 [FB_IAB/FB4A;FBAV/231.0.0.39.113;]"
93.143.156.75 - - [30/Jul/2019:13:11:40 +0000] "GET /unitegallery/images/loader-white1.gif HTTP/1.1" 200 2545 "https://www.ing-victus.hr/unitegallery/css/unite-gallery.css" "Mozilla/5.0 (Linux; Android 7.1.2; Redmi Note 5A Build/N2G47H; wv) AppleWebKit/537.36 (KHTML, like Gecko) Version/4.0 Chrome/75.0.3770.143 Mobile Safari/537.36 [FB_IAB/FB4A;FBAV/231.0.0.39.113;]"
93.143.156.75 - - [30/Jul/2019:13:11:40 +0000] "GET /unitegallery/images/play-button-square.png HTTP/1.1" 200 4591 "https://www.ing-victus.hr/unitegallery/css/unite-gallery.css" "Mozilla/5.0 (Linux; Android 7.1.2; Redmi Note 5A Build/N2G47H; wv) AppleWebKit/537.36 (KHTML, like Gecko) Version/4.0 Chrome/75.0.3770.143 Mobile Safari/537.36 [FB_IAB/FB4A;FBAV/231.0.0.39.113;]"
93.143.156.75 - - [30/Jul/2019:13:11:40 +0000] "GET /unitegallery/skins/default/slider_arrow_right.png HTTP/1.1" 200 505 "https://www.ing-victus.hr/unitegallery/css/unite-gallery.css" "Mozilla/5.0 (Linux; Android 7.1.2; Redmi Note 5A Build/N2G47H; wv) AppleWebKit/537.36 (KHTML, like Gecko) Version/4.0 Chrome/75.0.3770.143 Mobile Safari/537.36 [FB_IAB/FB4A;FBAV/231.0.0.39.113;]"
93.143.156.75 - - [30/Jul/2019:13:11:40 +0000] "GET /unitegallery/skins/default/button_fullscreen.png HTTP/1.1" 200 1146 "https://www.ing-victus.hr/unitegallery/css/unite-gallery.css" "Mozilla/5.0 (Linux; Android 7.1.2; Redmi Note 5A Build/N2G47H; wv) AppleWebKit/537.36 (KHTML, like Gecko) Version/4.0 Chrome/75.0.3770.143 Mobile Safari/537.36 [FB_IAB/FB4A;FBAV/231.0.0.39.113;]"
93.143.156.75 - - [30/Jul/2019:13:11:40 +0000] "GET /unitegallery/images/loader-black1.gif HTTP/1.1" 200 5855 "https://www.ing-victus.hr/unitegallery/css/unite-gallery.css" "Mozilla/5.0 (Linux; Android 7.1.2; Redmi Note 5A Build/N2G47H; wv) AppleWebKit/537.36 (KHTML, like Gecko) Version/4.0 Chrome/75.0.3770.143 Mobile Safari/537.36 [FB_IAB/FB4A;FBAV/231.0.0.39.113;]"
93.143.156.75 - - [30/Jul/2019:13:11:41 +0000] "GET /unitegallery/images/button-close.png HTTP/1.1" 200 7155 "https://www.ing-victus.hr/unitegallery/css/unite-gallery.css" "Mozilla/5.0 (Linux; Android 7.1.2; Redmi Note 5A Build/N2G47H; wv) AppleWebKit/537.36 (KHTML, like Gecko) Version/4.0 Chrome/75.0.3770.143 Mobile Safari/537.36 [FB_IAB/FB4A;FBAV/231.0.0.39.113;]"
93.143.156.75 - - [30/Jul/2019:13:11:41 +0000] "GET /uploads/images/167405a1174ec8e47c2b3a701da1cb78.jpg HTTP/1.1" 200 180851 "https://www.ing-victus.hr/kuce/kuca-na-izvrsnoj-lokaciji-8698-m2" "Mozilla/5.0 (Linux; Android 7.1.2; Redmi Note 5A Build/N2G47H; wv) AppleWebKit/537.36 (KHTML, like Gecko) Version/4.0 Chrome/75.0.3770.143 Mobile Safari/537.36 [FB_IAB/FB4A;FBAV/231.0.0.39.113;]"
93.143.156.75 - - [30/Jul/2019:13:11:41 +0000] "GET /uploads/images/001fca0c24a31a661bcb537ad85e25c2.jpg HTTP/1.1" 200 275802 "https://www.ing-victus.hr/kuce/kuca-na-izvrsnoj-lokaciji-8698-m2" "Mozilla/5.0 (Linux; Android 7.1.2; Redmi Note 5A Build/N2G47H; wv) AppleWebKit/537.36 (KHTML, like Gecko) Version/4.0 Chrome/75.0.3770.143 Mobile Safari/537.36 [FB_IAB/FB4A;FBAV/231.0.0.39.113;]"
93.143.156.75 - - [30/Jul/2019:13:11:41 +0000] "GET /uploads/images/ecd89d33c1caada0f3df65fb63c5e849.JPG HTTP/1.1" 200 54426 "https://www.ing-victus.hr/kuce/kuca-na-izvrsnoj-lokaciji-8698-m2" "Mozilla/5.0 (Linux; Android 7.1.2; Redmi Note 5A Build/N2G47H; wv) AppleWebKit/537.36 (KHTML, like Gecko) Version/4.0 Chrome/75.0.3770.143 Mobile Safari/537.36 [FB_IAB/FB4A;FBAV/231.0.0.39.113;]"
31.217.24.160 - - [30/Jul/2019:13:11:41 +0000] "GET /uploads/images/7ac1a16fedd89ba704b05903b0683552.jpg HTTP/1.1" 200 299816 "https://www.ing-victus.hr/kuce/kuca-na-izvrsnoj-lokaciji-8698-m2" "Mozilla/5.0 (Linux; Android 9; SM-G960F Build/PPR1.180610.011; wv) AppleWebKit/537.36 (KHTML, like Gecko) Version/4.0 Chrome/74.0.3729.136 Mobile Safari/537.36 [FB_IAB/FB4A;FBAV/231.0.0.39.113;]"
93.143.156.75 - - [30/Jul/2019:13:11:41 +0000] "GET /favicon-16x16.png HTTP/1.1" 200 986 "https://www.ing-victus.hr/kuce/kuca-na-izvrsnoj-lokaciji-8698-m2" "Mozilla/5.0 (Linux; Android 7.1.2; Redmi Note 5A Build/N2G47H; wv) AppleWebKit/537.36 (KHTML, like Gecko) Version/4.0 Chrome/75.0.3770.143 Mobile Safari/537.36 [FB_IAB/FB4A;FBAV/231.0.0.39.113;]"
93.143.156.75 - - [30/Jul/2019:13:11:41 +0000] "GET /favicon-32x32.png HTTP/1.1" 200 1549 "https://www.ing-victus.hr/kuce/kuca-na-izvrsnoj-lokaciji-8698-m2" "Mozilla/5.0 (Linux; Android 7.1.2; Redmi Note 5A Build/N2G47H; wv) AppleWebKit/537.36 (KHTML, like Gecko) Version/4.0 Chrome/75.0.3770.143 Mobile Safari/537.36 [FB_IAB/FB4A;FBAV/231.0.0.39.113;]"
93.143.156.75 - - [30/Jul/2019:13:11:42 +0000] "GET /images/icons/map-marker.png HTTP/1.1" 200 3191 "https://www.ing-victus.hr/kuce/kuca-na-izvrsnoj-lokaciji-8698-m2" "Mozilla/5.0 (Linux; Android 7.1.2; Redmi Note 5A Build/N2G47H; wv) AppleWebKit/537.36 (KHTML, like Gecko) Version/4.0 Chrome/75.0.3770.143 Mobile Safari/537.36 [FB_IAB/FB4A;FBAV/231.0.0.39.113;]"
89.201.181.14 - - [30/Jul/2019:13:11:43 +0000] "GET /uploads/images/7ac1a16fedd89ba704b05903b0683552.jpg HTTP/1.1" 200 299816 "https://www.ing-victus.hr/kuce/kuca-na-izvrsnoj-lokaciji-8698-m2" "Mozilla/5.0 (Linux; Android 8.1.0; LG-M700 Build/OPM1.171019.026; wv) AppleWebKit/537.36 (KHTML, like Gecko) Version/4.0 Chrome/75.0.3770.143 Mobile Safari/537.36 [FB_IAB/FB4A;FBAV/231.0.0.39.113;]"
31.217.24.160 - - [30/Jul/2019:13:11:45 +0000] "GET /uploads/images/bed5502d7b2b722a8268e1fae9d7453e.jpg HTTP/1.1" 200 286123 "https://www.ing-victus.hr/kuce/kuca-na-izvrsnoj-lokaciji-8698-m2" "Mozilla/5.0 (Linux; Android 9; SM-G960F Build/PPR1.180610.011; wv) AppleWebKit/537.36 (KHTML, like Gecko) Version/4.0 Chrome/74.0.3729.136 Mobile Safari/537.36 [FB_IAB/FB4A;FBAV/231.0.0.39.113;]"
31.217.24.160 - - [30/Jul/2019:13:11:46 +0000] "GET /uploads/images/7742d7ff785114a4a0ed7d3d44449e83.jpg HTTP/1.1" 200 312006 "https://www.ing-victus.hr/kuce/kuca-na-izvrsnoj-lokaciji-8698-m2" "Mozilla/5.0 (Linux; Android 9; SM-G960F Build/PPR1.180610.011; wv) AppleWebKit/537.36 (KHTML, like Gecko) Version/4.0 Chrome/74.0.3729.136 Mobile Safari/537.36 [FB_IAB/FB4A;FBAV/231.0.0.39.113;]"
89.201.181.14 - - [30/Jul/2019:13:11:46 +0000] "GET /uploads/images/bed5502d7b2b722a8268e1fae9d7453e.jpg HTTP/1.1" 200 286123 "https://www.ing-victus.hr/kuce/kuca-na-izvrsnoj-lokaciji-8698-m2" "Mozilla/5.0 (Linux; Android 8.1.0; LG-M700 Build/OPM1.171019.026; wv) AppleWebKit/537.36 (KHTML, like Gecko) Version/4.0 Chrome/75.0.3770.143 Mobile Safari/537.36 [FB_IAB/FB4A;FBAV/231.0.0.39.113;]"
31.217.24.160 - - [30/Jul/2019:13:11:47 +0000] "GET /uploads/images/8cd537622c9512aad0155bea12ac8c54.jpg HTTP/1.1" 200 283081 "https://www.ing-victus.hr/kuce/kuca-na-izvrsnoj-lokaciji-8698-m2" "Mozilla/5.0 (Linux; Android 9; SM-G960F Build/PPR1.180610.011; wv) AppleWebKit/537.36 (KHTML, like Gecko) Version/4.0 Chrome/74.0.3729.136 Mobile Safari/537.36 [FB_IAB/FB4A;FBAV/231.0.0.39.113;]"
93.143.156.75 - - [30/Jul/2019:13:11:47 +0000] "GET /uploads/images/7ac1a16fedd89ba704b05903b0683552.jpg HTTP/1.1" 200 299816 "https://www.ing-victus.hr/kuce/kuca-na-izvrsnoj-lokaciji-8698-m2" "Mozilla/5.0 (Linux; Android 7.1.2; Redmi Note 5A Build/N2G47H; wv) AppleWebKit/537.36 (KHTML, like Gecko) Version/4.0 Chrome/75.0.3770.143 Mobile Safari/537.36 [FB_IAB/FB4A;FBAV/231.0.0.39.113;]"
93.143.156.75 - - [30/Jul/2019:13:11:48 +0000] "GET /uploads/images/bed5502d7b2b722a8268e1fae9d7453e.jpg HTTP/1.1" 200 286123 "https://www.ing-victus.hr/kuce/kuca-na-izvrsnoj-lokaciji-8698-m2" "Mozilla/5.0 (Linux; Android 7.1.2; Redmi Note 5A Build/N2G47H; wv) AppleWebKit/537.36 (KHTML, like Gecko) Version/4.0 Chrome/75.0.3770.143 Mobile Safari/537.36 [FB_IAB/FB4A;FBAV/231.0.0.39.113;]"
31.217.24.160 - - [30/Jul/2019:13:11:48 +0000] "GET /uploads/images/916e617e8a3c004a757828ecf58e79c7.jpg HTTP/1.1" 200 271460 "https://www.ing-victus.hr/kuce/kuca-na-izvrsnoj-lokaciji-8698-m2" "Mozilla/5.0 (Linux; Android 9; SM-G960F Build/PPR1.180610.011; wv) AppleWebKit/537.36 (KHTML, like Gecko) Version/4.0 Chrome/74.0.3729.136 Mobile Safari/537.36 [FB_IAB/FB4A;FBAV/231.0.0.39.113;]"
89.201.181.14 - - [30/Jul/2019:13:11:49 +0000] "GET /uploads/images/7742d7ff785114a4a0ed7d3d44449e83.jpg HTTP/1.1" 200 312006 "https://www.ing-victus.hr/kuce/kuca-na-izvrsnoj-lokaciji-8698-m2" "Mozilla/5.0 (Linux; Android 8.1.0; LG-M700 Build/OPM1.171019.026; wv) AppleWebKit/537.36 (KHTML, like Gecko) Version/4.0 Chrome/75.0.3770.143 Mobile Safari/537.36 [FB_IAB/FB4A;FBAV/231.0.0.39.113;]"
31.217.24.160 - - [30/Jul/2019:13:11:50 +0000] "GET /uploads/images/685a96f5189b55d5e47591bbede8af42.jpg HTTP/1.1" 200 335654 "https://www.ing-victus.hr/kuce/kuca-na-izvrsnoj-lokaciji-8698-m2" "Mozilla/5.0 (Linux; Android 9; SM-G960F Build/PPR1.180610.011; wv) AppleWebKit/537.36 (KHTML, like Gecko) Version/4.0 Chrome/74.0.3729.136 Mobile Safari/537.36 [FB_IAB/FB4A;FBAV/231.0.0.39.113;]"
89.201.181.14 - - [30/Jul/2019:13:11:50 +0000] "GET /uploads/images/8cd537622c9512aad0155bea12ac8c54.jpg HTTP/1.1" 200 283081 "https://www.ing-victus.hr/kuce/kuca-na-izvrsnoj-lokaciji-8698-m2" "Mozilla/5.0 (Linux; Android 8.1.0; LG-M700 Build/OPM1.171019.026; wv) AppleWebKit/537.36 (KHTML, like Gecko) Version/4.0 Chrome/75.0.3770.143 Mobile Safari/537.36 [FB_IAB/FB4A;FBAV/231.0.0.39.113;]"
31.217.24.160 - - [30/Jul/2019:13:11:51 +0000] "GET /uploads/images/47156061cbee0a6131a781274de40560.jpg HTTP/1.1" 200 408704 "https://www.ing-victus.hr/kuce/kuca-na-izvrsnoj-lokaciji-8698-m2" "Mozilla/5.0 (Linux; Android 9; SM-G960F Build/PPR1.180610.011; wv) AppleWebKit/537.36 (KHTML, like Gecko) Version/4.0 Chrome/74.0.3729.136 Mobile Safari/537.36 [FB_IAB/FB4A;FBAV/231.0.0.39.113;]"
31.217.24.160 - - [30/Jul/2019:13:11:52 +0000] "GET /uploads/images/75a6b0d3c849b6b6abb32bae1682b8a0.jpg HTTP/1.1" 200 398300 "https://www.ing-victus.hr/kuce/kuca-na-izvrsnoj-lokaciji-8698-m2" "Mozilla/5.0 (Linux; Android 9; SM-G960F Build/PPR1.180610.011; wv) AppleWebKit/537.36 (KHTML, like Gecko) Version/4.0 Chrome/74.0.3729.136 Mobile Safari/537.36 [FB_IAB/FB4A;FBAV/231.0.0.39.113;]"
89.201.181.14 - - [30/Jul/2019:13:11:53 +0000] "GET /uploads/images/916e617e8a3c004a757828ecf58e79c7.jpg HTTP/1.1" 200 271460 "https://www.ing-victus.hr/kuce/kuca-na-izvrsnoj-lokaciji-8698-m2" "Mozilla/5.0 (Linux; Android 8.1.0; LG-M700 Build/OPM1.171019.026; wv) AppleWebKit/537.36 (KHTML, like Gecko) Version/4.0 Chrome/75.0.3770.143 Mobile Safari/537.36 [FB_IAB/FB4A;FBAV/231.0.0.39.113;]"
31.217.24.160 - - [30/Jul/2019:13:11:53 +0000] "GET /uploads/images/225c9d0e447a33bca6874a714d42b695.jpg HTTP/1.1" 200 396930 "https://www.ing-victus.hr/kuce/kuca-na-izvrsnoj-lokaciji-8698-m2" "Mozilla/5.0 (Linux; Android 9; SM-G960F Build/PPR1.180610.011; wv) AppleWebKit/537.36 (KHTML, like Gecko) Version/4.0 Chrome/74.0.3729.136 Mobile Safari/537.36 [FB_IAB/FB4A;FBAV/231.0.0.39.113;]"
31.217.24.160 - - [30/Jul/2019:13:11:54 +0000] "GET /uploads/images/b6d356bd5aa8e02961ba0cadfff682ff.jpg HTTP/1.1" 200 170520 "https://www.ing-victus.hr/kuce/kuca-na-izvrsnoj-lokaciji-8698-m2" "Mozilla/5.0 (Linux; Android 9; SM-G960F Build/PPR1.180610.011; wv) AppleWebKit/537.36 (KHTML, like Gecko) Version/4.0 Chrome/74.0.3729.136 Mobile Safari/537.36 [FB_IAB/FB4A;FBAV/231.0.0.39.113;]"
89.201.181.14 - - [30/Jul/2019:13:11:54 +0000] "GET /uploads/images/685a96f5189b55d5e47591bbede8af42.jpg HTTP/1.1" 200 335654 "https://www.ing-victus.hr/kuce/kuca-na-izvrsnoj-lokaciji-8698-m2" "Mozilla/5.0 (Linux; Android 8.1.0; LG-M700 Build/OPM1.171019.026; wv) AppleWebKit/537.36 (KHTML, like Gecko) Version/4.0 Chrome/75.0.3770.143 Mobile Safari/537.36 [FB_IAB/FB4A;FBAV/231.0.0.39.113;]"
31.217.24.160 - - [30/Jul/2019:13:11:55 +0000] "GET /uploads/images/87f257d6468f5294130d9f0158710092.jpg HTTP/1.1" 200 207760 "https://www.ing-victus.hr/kuce/kuca-na-izvrsnoj-lokaciji-8698-m2" "Mozilla/5.0 (Linux; Android 9; SM-G960F Build/PPR1.180610.011; wv) AppleWebKit/537.36 (KHTML, like Gecko) Version/4.0 Chrome/74.0.3729.136 Mobile Safari/537.36 [FB_IAB/FB4A;FBAV/231.0.0.39.113;]"
89.201.181.14 - - [30/Jul/2019:13:11:56 +0000] "GET /uploads/images/47156061cbee0a6131a781274de40560.jpg HTTP/1.1" 200 408704 "https://www.ing-victus.hr/kuce/kuca-na-izvrsnoj-lokaciji-8698-m2" "Mozilla/5.0 (Linux; Android 8.1.0; LG-M700 Build/OPM1.171019.026; wv) AppleWebKit/537.36 (KHTML, like Gecko) Version/4.0 Chrome/75.0.3770.143 Mobile Safari/537.36 [FB_IAB/FB4A;FBAV/231.0.0.39.113;]"
31.217.24.160 - - [30/Jul/2019:13:11:56 +0000] "GET /uploads/images/9749f2694d9ba5571745e3bfb6070414.jpg HTTP/1.1" 200 188709 "https://www.ing-victus.hr/kuce/kuca-na-izvrsnoj-lokaciji-8698-m2" "Mozilla/5.0 (Linux; Android 9; SM-G960F Build/PPR1.180610.011; wv) AppleWebKit/537.36 (KHTML, like Gecko) Version/4.0 Chrome/74.0.3729.136 Mobile Safari/537.36 [FB_IAB/FB4A;FBAV/231.0.0.39.113;]"
31.217.24.160 - - [30/Jul/2019:13:11:57 +0000] "GET /uploads/images/7466c1e7e6c553ef86519139ac5c0480.jpg HTTP/1.1" 200 143433 "https://www.ing-victus.hr/kuce/kuca-na-izvrsnoj-lokaciji-8698-m2" "Mozilla/5.0 (Linux; Android 9; SM-G960F Build/PPR1.180610.011; wv) AppleWebKit/537.36 (KHTML, like Gecko) Version/4.0 Chrome/74.0.3729.136 Mobile Safari/537.36 [FB_IAB/FB4A;FBAV/231.0.0.39.113;]"
31.217.24.160 - - [30/Jul/2019:13:11:58 +0000] "GET /uploads/images/ab7547c1b6bf6a10001c7b0373585514.jpg HTTP/1.1" 200 197396 "https://www.ing-victus.hr/kuce/kuca-na-izvrsnoj-lokaciji-8698-m2" "Mozilla/5.0 (Linux; Android 9; SM-G960F Build/PPR1.180610.011; wv) AppleWebKit/537.36 (KHTML, like Gecko) Version/4.0 Chrome/74.0.3729.136 Mobile Safari/537.36 [FB_IAB/FB4A;FBAV/231.0.0.39.113;]"
89.201.181.14 - - [30/Jul/2019:13:11:58 +0000] "GET /uploads/images/75a6b0d3c849b6b6abb32bae1682b8a0.jpg HTTP/1.1" 200 398300 "https://www.ing-victus.hr/kuce/kuca-na-izvrsnoj-lokaciji-8698-m2" "Mozilla/5.0 (Linux; Android 8.1.0; LG-M700 Build/OPM1.171019.026; wv) AppleWebKit/537.36 (KHTML, like Gecko) Version/4.0 Chrome/75.0.3770.143 Mobile Safari/537.36 [FB_IAB/FB4A;FBAV/231.0.0.39.113;]"
89.201.181.14 - - [30/Jul/2019:13:11:59 +0000] "GET /uploads/images/225c9d0e447a33bca6874a714d42b695.jpg HTTP/1.1" 200 396930 "https://www.ing-victus.hr/kuce/kuca-na-izvrsnoj-lokaciji-8698-m2" "Mozilla/5.0 (Linux; Android 8.1.0; LG-M700 Build/OPM1.171019.026; wv) AppleWebKit/537.36 (KHTML, like Gecko) Version/4.0 Chrome/75.0.3770.143 Mobile Safari/537.36 [FB_IAB/FB4A;FBAV/231.0.0.39.113;]"
89.201.181.14 - - [30/Jul/2019:13:12:02 +0000] "GET /uploads/images/b6d356bd5aa8e02961ba0cadfff682ff.jpg HTTP/1.1" 200 170520 "https://www.ing-victus.hr/kuce/kuca-na-izvrsnoj-lokaciji-8698-m2" "Mozilla/5.0 (Linux; Android 8.1.0; LG-M700 Build/OPM1.171019.026; wv) AppleWebKit/537.36 (KHTML, like Gecko) Version/4.0 Chrome/75.0.3770.143 Mobile Safari/537.36 [FB_IAB/FB4A;FBAV/231.0.0.39.113;]"
89.201.181.14 - - [30/Jul/2019:13:12:03 +0000] "GET /uploads/images/87f257d6468f5294130d9f0158710092.jpg HTTP/1.1" 200 207760 "https://www.ing-victus.hr/kuce/kuca-na-izvrsnoj-lokaciji-8698-m2" "Mozilla/5.0 (Linux; Android 8.1.0; LG-M700 Build/OPM1.171019.026; wv) AppleWebKit/537.36 (KHTML, like Gecko) Version/4.0 Chrome/75.0.3770.143 Mobile Safari/537.36 [FB_IAB/FB4A;FBAV/231.0.0.39.113;]"
89.201.181.14 - - [30/Jul/2019:13:12:07 +0000] "GET /uploads/images/9749f2694d9ba5571745e3bfb6070414.jpg HTTP/1.1" 200 188709 "https://www.ing-victus.hr/kuce/kuca-na-izvrsnoj-lokaciji-8698-m2" "Mozilla/5.0 (Linux; Android 8.1.0; LG-M700 Build/OPM1.171019.026; wv) AppleWebKit/537.36 (KHTML, like Gecko) Version/4.0 Chrome/75.0.3770.143 Mobile Safari/537.36 [FB_IAB/FB4A;FBAV/231.0.0.39.113;]"
