195.29.239.66 - - [30/Jul/2019:13:26:13 +0000] "GET /uploads/thumbnails/8b27e048156ea46a477847f529e30b6d.jpg HTTP/1.1" 200 39547 "https://www.ing-victus.hr/kuce/bistrinci-renovirana-i-namjestena-kuca-7044-m2?fbclid=IwAR0XEOpJ3Ck084XSFcDPrCcvRN7w0EH_8yctHMKf1Rz7z3wfBXn4VlsQleA" "Mozilla/5.0 (Windows NT 10.0; Win64; x64) AppleWebKit/537.36 (KHTML, like Gecko) Chrome/75.0.3770.142 Safari/537.36"
195.29.239.66 - - [30/Jul/2019:13:26:13 +0000] "GET /assets/plugins/flag/flags/4x3/hr.svg HTTP/1.1" 200 80697 "https://www.ing-victus.hr/assets/plugins/flag/css/flag-icon.css" "Mozilla/5.0 (Windows NT 10.0; Win64; x64) AppleWebKit/537.36 (KHTML, like Gecko) Chrome/75.0.3770.142 Safari/537.36"
195.29.239.66 - - [30/Jul/2019:13:26:13 +0000] "GET /images/icons/preloader.svg?v=2 HTTP/1.1" 200 686 "https://www.ing-victus.hr/css/style.css?v=9" "Mozilla/5.0 (Windows NT 10.0; Win64; x64) AppleWebKit/537.36 (KHTML, like Gecko) Chrome/75.0.3770.142 Safari/537.36"
195.29.239.66 - - [30/Jul/2019:13:26:13 +0000] "GET /fonts/line-awesome.woff2?v=1.1. HTTP/1.1" 200 45108 "https://www.ing-victus.hr/css/line-awesome.css" "Mozilla/5.0 (Windows NT 10.0; Win64; x64) AppleWebKit/537.36 (KHTML, like Gecko) Chrome/75.0.3770.142 Safari/537.36"
195.29.239.66 - - [30/Jul/2019:13:26:13 +0000] "GET /uploads/thumbnails/d181b76fcf616e6ccddedd3c00296ff8.jpg HTTP/1.1" 200 49249 "https://www.ing-victus.hr/kuce/bistrinci-renovirana-i-namjestena-kuca-7044-m2?fbclid=IwAR0XEOpJ3Ck084XSFcDPrCcvRN7w0EH_8yctHMKf1Rz7z3wfBXn4VlsQleA" "Mozilla/5.0 (Windows NT 10.0; Win64; x64) AppleWebKit/537.36 (KHTML, like Gecko) Chrome/75.0.3770.142 Safari/537.36"
195.29.239.66 - - [30/Jul/2019:13:26:13 +0000] "GET /uploads/thumbnails/45ae236071096f819258c7cd1a876e9b.jpg HTTP/1.1" 200 42388 "https://www.ing-victus.hr/kuce/bistrinci-renovirana-i-namjestena-kuca-7044-m2?fbclid=IwAR0XEOpJ3Ck084XSFcDPrCcvRN7w0EH_8yctHMKf1Rz7z3wfBXn4VlsQleA" "Mozilla/5.0 (Windows NT 10.0; Win64; x64) AppleWebKit/537.36 (KHTML, like Gecko) Chrome/75.0.3770.142 Safari/537.36"
195.29.239.66 - - [30/Jul/2019:13:26:13 +0000] "GET /uploads/thumbnails/63655a4dfca887f01d173a2d8c38ea4d.jpg HTTP/1.1" 200 56140 "https://www.ing-victus.hr/kuce/bistrinci-renovirana-i-namjestena-kuca-7044-m2?fbclid=IwAR0XEOpJ3Ck084XSFcDPrCcvRN7w0EH_8yctHMKf1Rz7z3wfBXn4VlsQleA" "Mozilla/5.0 (Windows NT 10.0; Win64; x64) AppleWebKit/537.36 (KHTML, like Gecko) Chrome/75.0.3770.142 Safari/537.36"
195.29.239.66 - - [30/Jul/2019:13:26:13 +0000] "GET /uploads/thumbnails/75f14c3a0b4af62dfe63d5250bf5235c.jpg HTTP/1.1" 200 45133 "https://www.ing-victus.hr/kuce/bistrinci-renovirana-i-namjestena-kuca-7044-m2?fbclid=IwAR0XEOpJ3Ck084XSFcDPrCcvRN7w0EH_8yctHMKf1Rz7z3wfBXn4VlsQleA" "Mozilla/5.0 (Windows NT 10.0; Win64; x64) AppleWebKit/537.36 (KHTML, like Gecko) Chrome/75.0.3770.142 Safari/537.36"
195.29.239.66 - - [30/Jul/2019:13:26:13 +0000] "GET /uploads/thumbnails/54d1595ed3da5c1dd014cbb48a9db5a6.jpg HTTP/1.1" 200 57470 "https://www.ing-victus.hr/kuce/bistrinci-renovirana-i-namjestena-kuca-7044-m2?fbclid=IwAR0XEOpJ3Ck084XSFcDPrCcvRN7w0EH_8yctHMKf1Rz7z3wfBXn4VlsQleA" "Mozilla/5.0 (Windows NT 10.0; Win64; x64) AppleWebKit/537.36 (KHTML, like Gecko) Chrome/75.0.3770.142 Safari/537.36"
195.29.239.66 - - [30/Jul/2019:13:26:13 +0000] "GET /uploads/thumbnails/330cdcfbc239d7924485ff7bf94a08ee.jpg HTTP/1.1" 200 59829 "https://www.ing-victus.hr/kuce/bistrinci-renovirana-i-namjestena-kuca-7044-m2?fbclid=IwAR0XEOpJ3Ck084XSFcDPrCcvRN7w0EH_8yctHMKf1Rz7z3wfBXn4VlsQleA" "Mozilla/5.0 (Windows NT 10.0; Win64; x64) AppleWebKit/537.36 (KHTML, like Gecko) Chrome/75.0.3770.142 Safari/537.36"
195.29.239.66 - - [30/Jul/2019:13:26:13 +0000] "GET /uploads/thumbnails/ee5c63bdd37793e4a598853d6033f99c.jpg HTTP/1.1" 200 40133 "https://www.ing-victus.hr/kuce/bistrinci-renovirana-i-namjestena-kuca-7044-m2?fbclid=IwAR0XEOpJ3Ck084XSFcDPrCcvRN7w0EH_8yctHMKf1Rz7z3wfBXn4VlsQleA" "Mozilla/5.0 (Windows NT 10.0; Win64; x64) AppleWebKit/537.36 (KHTML, like Gecko) Chrome/75.0.3770.142 Safari/537.36"
195.29.239.66 - - [30/Jul/2019:13:26:13 +0000] "GET /images/background/16.jpg HTTP/1.1" 200 484974 "https://www.ing-victus.hr/kuce/bistrinci-renovirana-i-namjestena-kuca-7044-m2?fbclid=IwAR0XEOpJ3Ck084XSFcDPrCcvRN7w0EH_8yctHMKf1Rz7z3wfBXn4VlsQleA" "Mozilla/5.0 (Windows NT 10.0; Win64; x64) AppleWebKit/537.36 (KHTML, like Gecko) Chrome/75.0.3770.142 Safari/537.36"
195.29.239.66 - - [30/Jul/2019:13:26:13 +0000] "GET /uploads/thumbnails/429deff28e85244d929e0ca7728afc15.jpg HTTP/1.1" 200 36874 "https://www.ing-victus.hr/kuce/bistrinci-renovirana-i-namjestena-kuca-7044-m2?fbclid=IwAR0XEOpJ3Ck084XSFcDPrCcvRN7w0EH_8yctHMKf1Rz7z3wfBXn4VlsQleA" "Mozilla/5.0 (Windows NT 10.0; Win64; x64) AppleWebKit/537.36 (KHTML, like Gecko) Chrome/75.0.3770.142 Safari/537.36"
195.29.239.66 - - [30/Jul/2019:13:26:14 +0000] "GET /uploads/thumbnails/71f79300b0a04e7568f386848993b676.jpg HTTP/1.1" 200 28468 "https://www.ing-victus.hr/kuce/bistrinci-renovirana-i-namjestena-kuca-7044-m2?fbclid=IwAR0XEOpJ3Ck084XSFcDPrCcvRN7w0EH_8yctHMKf1Rz7z3wfBXn4VlsQleA" "Mozilla/5.0 (Windows NT 10.0; Win64; x64) AppleWebKit/537.36 (KHTML, like Gecko) Chrome/75.0.3770.142 Safari/537.36"
195.29.239.66 - - [30/Jul/2019:13:26:14 +0000] "GET /uploads/thumbnails/4586a0fdf62d3c3f3bc5991e79dd2314.jpg HTTP/1.1" 200 36377 "https://www.ing-victus.hr/kuce/bistrinci-renovirana-i-namjestena-kuca-7044-m2?fbclid=IwAR0XEOpJ3Ck084XSFcDPrCcvRN7w0EH_8yctHMKf1Rz7z3wfBXn4VlsQleA" "Mozilla/5.0 (Windows NT 10.0; Win64; x64) AppleWebKit/537.36 (KHTML, like Gecko) Chrome/75.0.3770.142 Safari/537.36"
195.29.239.66 - - [30/Jul/2019:13:26:14 +0000] "GET /uploads/thumbnails/3467070fc7bf8d9694a2b78dbc16578f.jpg HTTP/1.1" 200 33209 "https://www.ing-victus.hr/kuce/bistrinci-renovirana-i-namjestena-kuca-7044-m2?fbclid=IwAR0XEOpJ3Ck084XSFcDPrCcvRN7w0EH_8yctHMKf1Rz7z3wfBXn4VlsQleA" "Mozilla/5.0 (Windows NT 10.0; Win64; x64) AppleWebKit/537.36 (KHTML, like Gecko) Chrome/75.0.3770.142 Safari/537.36"
195.29.239.66 - - [30/Jul/2019:13:26:14 +0000] "GET /uploads/thumbnails/799a6c9f95d0c8f56332331090b6e985.jpg HTTP/1.1" 200 36448 "https://www.ing-victus.hr/kuce/bistrinci-renovirana-i-namjestena-kuca-7044-m2?fbclid=IwAR0XEOpJ3Ck084XSFcDPrCcvRN7w0EH_8yctHMKf1Rz7z3wfBXn4VlsQleA" "Mozilla/5.0 (Windows NT 10.0; Win64; x64) AppleWebKit/537.36 (KHTML, like Gecko) Chrome/75.0.3770.142 Safari/537.36"
195.29.239.66 - - [30/Jul/2019:13:26:14 +0000] "GET /uploads/thumbnails/3fb556e2a2539a99423078e30607dc1f.jpg HTTP/1.1" 200 40063 "https://www.ing-victus.hr/kuce/bistrinci-renovirana-i-namjestena-kuca-7044-m2?fbclid=IwAR0XEOpJ3Ck084XSFcDPrCcvRN7w0EH_8yctHMKf1Rz7z3wfBXn4VlsQleA" "Mozilla/5.0 (Windows NT 10.0; Win64; x64) AppleWebKit/537.36 (KHTML, like Gecko) Chrome/75.0.3770.142 Safari/537.36"
195.29.239.66 - - [30/Jul/2019:13:26:14 +0000] "GET /unitegallery/skins/default/slider_arrow_right.png HTTP/1.1" 200 505 "https://www.ing-victus.hr/unitegallery/css/unite-gallery.css" "Mozilla/5.0 (Windows NT 10.0; Win64; x64) AppleWebKit/537.36 (KHTML, like Gecko) Chrome/75.0.3770.142 Safari/537.36"
195.29.239.66 - - [30/Jul/2019:13:26:14 +0000] "GET /unitegallery/skins/default/button_fullscreen.png HTTP/1.1" 200 1146 "https://www.ing-victus.hr/unitegallery/css/unite-gallery.css" "Mozilla/5.0 (Windows NT 10.0; Win64; x64) AppleWebKit/537.36 (KHTML, like Gecko) Chrome/75.0.3770.142 Safari/537.36"
195.29.239.66 - - [30/Jul/2019:13:26:14 +0000] "GET /unitegallery/skins/default/slider_arrow_left.png HTTP/1.1" 200 493 "https://www.ing-victus.hr/unitegallery/css/unite-gallery.css" "Mozilla/5.0 (Windows NT 10.0; Win64; x64) AppleWebKit/537.36 (KHTML, like Gecko) Chrome/75.0.3770.142 Safari/537.36"
195.29.239.66 - - [30/Jul/2019:13:26:14 +0000] "GET /unitegallery/images/loader-white1.gif HTTP/1.1" 200 2545 "https://www.ing-victus.hr/unitegallery/css/unite-gallery.css" "Mozilla/5.0 (Windows NT 10.0; Win64; x64) AppleWebKit/537.36 (KHTML, like Gecko) Chrome/75.0.3770.142 Safari/537.36"
195.29.239.66 - - [30/Jul/2019:13:26:14 +0000] "GET /unitegallery/images/loader.gif HTTP/1.1" 200 673 "https://www.ing-victus.hr/unitegallery/css/unite-gallery.css" "Mozilla/5.0 (Windows NT 10.0; Win64; x64) AppleWebKit/537.36 (KHTML, like Gecko) Chrome/75.0.3770.142 Safari/537.36"
195.29.239.66 - - [30/Jul/2019:13:26:14 +0000] "GET /unitegallery/images/play-button-square.png HTTP/1.1" 200 4591 "https://www.ing-victus.hr/unitegallery/css/unite-gallery.css" "Mozilla/5.0 (Windows NT 10.0; Win64; x64) AppleWebKit/537.36 (KHTML, like Gecko) Chrome/75.0.3770.142 Safari/537.36"
195.29.239.66 - - [30/Jul/2019:13:26:14 +0000] "GET /unitegallery/images/loader-black1.gif HTTP/1.1" 200 5855 "https://www.ing-victus.hr/unitegallery/css/unite-gallery.css" "Mozilla/5.0 (Windows NT 10.0; Win64; x64) AppleWebKit/537.36 (KHTML, like Gecko) Chrome/75.0.3770.142 Safari/537.36"
195.29.239.66 - - [30/Jul/2019:13:26:14 +0000] "GET /uploads/thumbnails/35b496b5214c7aa9c226dd39caca757d.jpg HTTP/1.1" 200 39143 "https://www.ing-victus.hr/kuce/bistrinci-renovirana-i-namjestena-kuca-7044-m2?fbclid=IwAR0XEOpJ3Ck084XSFcDPrCcvRN7w0EH_8yctHMKf1Rz7z3wfBXn4VlsQleA" "Mozilla/5.0 (Windows NT 10.0; Win64; x64) AppleWebKit/537.36 (KHTML, like Gecko) Chrome/75.0.3770.142 Safari/537.36"
195.29.239.66 - - [30/Jul/2019:13:26:14 +0000] "GET /uploads/thumbnails/57b3bdcd29cee710ccf986ef4060b0cc.JPG HTTP/1.1" 200 14792 "https://www.ing-victus.hr/kuce/bistrinci-renovirana-i-namjestena-kuca-7044-m2?fbclid=IwAR0XEOpJ3Ck084XSFcDPrCcvRN7w0EH_8yctHMKf1Rz7z3wfBXn4VlsQleA" "Mozilla/5.0 (Windows NT 10.0; Win64; x64) AppleWebKit/537.36 (KHTML, like Gecko) Chrome/75.0.3770.142 Safari/537.36"
195.29.239.66 - - [30/Jul/2019:13:26:14 +0000] "GET /unitegallery/images/cover-grid.png HTTP/1.1" 200 933 "https://www.ing-victus.hr/unitegallery/css/unite-gallery.css" "Mozilla/5.0 (Windows NT 10.0; Win64; x64) AppleWebKit/537.36 (KHTML, like Gecko) Chrome/75.0.3770.142 Safari/537.36"
195.29.239.66 - - [30/Jul/2019:13:26:14 +0000] "GET /unitegallery/images/not_loaded.png HTTP/1.1" 200 858 "https://www.ing-victus.hr/unitegallery/css/unite-gallery.css" "Mozilla/5.0 (Windows NT 10.0; Win64; x64) AppleWebKit/537.36 (KHTML, like Gecko) Chrome/75.0.3770.142 Safari/537.36"
195.29.239.66 - - [30/Jul/2019:13:26:14 +0000] "GET /unitegallery/images/button-close.png HTTP/1.1" 200 7155 "https://www.ing-victus.hr/unitegallery/css/unite-gallery.css" "Mozilla/5.0 (Windows NT 10.0; Win64; x64) AppleWebKit/537.36 (KHTML, like Gecko) Chrome/75.0.3770.142 Safari/537.36"
195.29.239.66 - - [30/Jul/2019:13:26:14 +0000] "GET /uploads/images/8b27e048156ea46a477847f529e30b6d.jpg HTTP/1.1" 200 253594 "https://www.ing-victus.hr/kuce/bistrinci-renovirana-i-namjestena-kuca-7044-m2?fbclid=IwAR0XEOpJ3Ck084XSFcDPrCcvRN7w0EH_8yctHMKf1Rz7z3wfBXn4VlsQleA" "Mozilla/5.0 (Windows NT 10.0; Win64; x64) AppleWebKit/537.36 (KHTML, like Gecko) Chrome/75.0.3770.142 Safari/537.36"
195.29.239.66 - - [30/Jul/2019:13:26:14 +0000] "GET /uploads/images/57b3bdcd29cee710ccf986ef4060b0cc.JPG HTTP/1.1" 200 61195 "https://www.ing-victus.hr/kuce/bistrinci-renovirana-i-namjestena-kuca-7044-m2?fbclid=IwAR0XEOpJ3Ck084XSFcDPrCcvRN7w0EH_8yctHMKf1Rz7z3wfBXn4VlsQleA" "Mozilla/5.0 (Windows NT 10.0; Win64; x64) AppleWebKit/537.36 (KHTML, like Gecko) Chrome/75.0.3770.142 Safari/537.36"
195.29.239.66 - - [30/Jul/2019:13:26:14 +0000] "GET /uploads/images/d181b76fcf616e6ccddedd3c00296ff8.jpg HTTP/1.1" 200 331760 "https://www.ing-victus.hr/kuce/bistrinci-renovirana-i-namjestena-kuca-7044-m2?fbclid=IwAR0XEOpJ3Ck084XSFcDPrCcvRN7w0EH_8yctHMKf1Rz7z3wfBXn4VlsQleA" "Mozilla/5.0 (Windows NT 10.0; Win64; x64) AppleWebKit/537.36 (KHTML, like Gecko) Chrome/75.0.3770.142 Safari/537.36"
195.29.239.66 - - [30/Jul/2019:13:26:14 +0000] "GET /images/background/3.jpg HTTP/1.1" 200 1208371 "https://www.ing-victus.hr/kuce/bistrinci-renovirana-i-namjestena-kuca-7044-m2?fbclid=IwAR0XEOpJ3Ck084XSFcDPrCcvRN7w0EH_8yctHMKf1Rz7z3wfBXn4VlsQleA" "Mozilla/5.0 (Windows NT 10.0; Win64; x64) AppleWebKit/537.36 (KHTML, like Gecko) Chrome/75.0.3770.142 Safari/537.36"
195.29.239.66 - - [30/Jul/2019:13:26:14 +0000] "GET /favicon-32x32.png HTTP/1.1" 200 1549 "https://www.ing-victus.hr/kuce/bistrinci-renovirana-i-namjestena-kuca-7044-m2?fbclid=IwAR0XEOpJ3Ck084XSFcDPrCcvRN7w0EH_8yctHMKf1Rz7z3wfBXn4VlsQleA" "Mozilla/5.0 (Windows NT 10.0; Win64; x64) AppleWebKit/537.36 (KHTML, like Gecko) Chrome/75.0.3770.142 Safari/537.36"
195.29.239.66 - - [30/Jul/2019:13:26:15 +0000] "GET /site.webmanifest HTTP/1.1" 200 426 "https://www.ing-victus.hr/kuce/bistrinci-renovirana-i-namjestena-kuca-7044-m2?fbclid=IwAR0XEOpJ3Ck084XSFcDPrCcvRN7w0EH_8yctHMKf1Rz7z3wfBXn4VlsQleA" "Mozilla/5.0 (Windows NT 10.0; Win64; x64) AppleWebKit/537.36 (KHTML, like Gecko) Chrome/75.0.3770.142 Safari/537.36"
195.29.239.66 - - [30/Jul/2019:13:26:15 +0000] "GET /images/icons/map-marker.png HTTP/1.1" 200 3191 "https://www.ing-victus.hr/kuce/bistrinci-renovirana-i-namjestena-kuca-7044-m2?fbclid=IwAR0XEOpJ3Ck084XSFcDPrCcvRN7w0EH_8yctHMKf1Rz7z3wfBXn4VlsQleA" "Mozilla/5.0 (Windows NT 10.0; Win64; x64) AppleWebKit/537.36 (KHTML, like Gecko) Chrome/75.0.3770.142 Safari/537.36"
31.217.33.56 - - [30/Jul/2019:13:26:20 +0000] "GET /uploads/images/63655a4dfca887f01d173a2d8c38ea4d.jpg HTTP/1.1" 200 336633 "https://www.ing-victus.hr/kuce/bistrinci-renovirana-i-namjestena-kuca-7044-m2" "Mozilla/5.0 (Linux; Android 8.0.0; RNE-L01 Build/HUAWEIRNE-L01; wv) AppleWebKit/537.36 (KHTML, like Gecko) Version/4.0 Chrome/75.0.3770.143 Mobile Safari/537.36 [FB_IAB/FB4A;FBAV/231.0.0.39.113;]"
31.217.33.56 - - [30/Jul/2019:13:26:21 +0000] "GET /uploads/images/54d1595ed3da5c1dd014cbb48a9db5a6.jpg HTTP/1.1" 200 386623 "https://www.ing-victus.hr/kuce/bistrinci-renovirana-i-namjestena-kuca-7044-m2" "Mozilla/5.0 (Linux; Android 8.0.0; RNE-L01 Build/HUAWEIRNE-L01; wv) AppleWebKit/537.36 (KHTML, like Gecko) Version/4.0 Chrome/75.0.3770.143 Mobile Safari/537.36 [FB_IAB/FB4A;FBAV/231.0.0.39.113;]"
31.217.33.56 - - [30/Jul/2019:13:26:23 +0000] "GET /uploads/images/330cdcfbc239d7924485ff7bf94a08ee.jpg HTTP/1.1" 200 464252 "https://www.ing-victus.hr/kuce/bistrinci-renovirana-i-namjestena-kuca-7044-m2" "Mozilla/5.0 (Linux; Android 8.0.0; RNE-L01 Build/HUAWEIRNE-L01; wv) AppleWebKit/537.36 (KHTML, like Gecko) Version/4.0 Chrome/75.0.3770.143 Mobile Safari/537.36 [FB_IAB/FB4A;FBAV/231.0.0.39.113;]"
31.217.33.56 - - [30/Jul/2019:13:26:25 +0000] "GET /uploads/images/45ae236071096f819258c7cd1a876e9b.jpg HTTP/1.1" 200 215334 "https://www.ing-victus.hr/kuce/bistrinci-renovirana-i-namjestena-kuca-7044-m2" "Mozilla/5.0 (Linux; Android 8.0.0; RNE-L01 Build/HUAWEIRNE-L01; wv) AppleWebKit/537.36 (KHTML, like Gecko) Version/4.0 Chrome/75.0.3770.143 Mobile Safari/537.36 [FB_IAB/FB4A;FBAV/231.0.0.39.113;]"
31.217.33.56 - - [30/Jul/2019:13:26:26 +0000] "GET /uploads/images/75f14c3a0b4af62dfe63d5250bf5235c.jpg HTTP/1.1" 200 245615 "https://www.ing-victus.hr/kuce/bistrinci-renovirana-i-namjestena-kuca-7044-m2" "Mozilla/5.0 (Linux; Android 8.0.0; RNE-L01 Build/HUAWEIRNE-L01; wv) AppleWebKit/537.36 (KHTML, like Gecko) Version/4.0 Chrome/75.0.3770.143 Mobile Safari/537.36 [FB_IAB/FB4A;FBAV/231.0.0.39.113;]"
31.217.33.56 - - [30/Jul/2019:13:26:27 +0000] "GET /uploads/images/ee5c63bdd37793e4a598853d6033f99c.jpg HTTP/1.1" 200 243518 "https://www.ing-victus.hr/kuce/bistrinci-renovirana-i-namjestena-kuca-7044-m2" "Mozilla/5.0 (Linux; Android 8.0.0; RNE-L01 Build/HUAWEIRNE-L01; wv) AppleWebKit/537.36 (KHTML, like Gecko) Version/4.0 Chrome/75.0.3770.143 Mobile Safari/537.36 [FB_IAB/FB4A;FBAV/231.0.0.39.113;]"
31.217.33.56 - - [30/Jul/2019:13:26:28 +0000] "GET /uploads/images/429deff28e85244d929e0ca7728afc15.jpg HTTP/1.1" 200 216673 "https://www.ing-victus.hr/kuce/bistrinci-renovirana-i-namjestena-kuca-7044-m2" "Mozilla/5.0 (Linux; Android 8.0.0; RNE-L01 Build/HUAWEIRNE-L01; wv) AppleWebKit/537.36 (KHTML, like Gecko) Version/4.0 Chrome/75.0.3770.143 Mobile Safari/537.36 [FB_IAB/FB4A;FBAV/231.0.0.39.113;]"
31.217.33.56 - - [30/Jul/2019:13:26:29 +0000] "GET /uploads/images/71f79300b0a04e7568f386848993b676.jpg HTTP/1.1" 200 180736 "https://www.ing-victus.hr/kuce/bistrinci-renovirana-i-namjestena-kuca-7044-m2" "Mozilla/5.0 (Linux; Android 8.0.0; RNE-L01 Build/HUAWEIRNE-L01; wv) AppleWebKit/537.36 (KHTML, like Gecko) Version/4.0 Chrome/75.0.3770.143 Mobile Safari/537.36 [FB_IAB/FB4A;FBAV/231.0.0.39.113;]"
31.217.33.56 - - [30/Jul/2019:13:26:33 +0000] "GET /uploads/images/4586a0fdf62d3c3f3bc5991e79dd2314.jpg HTTP/1.1" 200 205817 "https://www.ing-victus.hr/kuce/bistrinci-renovirana-i-namjestena-kuca-7044-m2" "Mozilla/5.0 (Linux; Android 8.0.0; RNE-L01 Build/HUAWEIRNE-L01; wv) AppleWebKit/537.36 (KHTML, like Gecko) Version/4.0 Chrome/75.0.3770.143 Mobile Safari/537.36 [FB_IAB/FB4A;FBAV/231.0.0.39.113;]"
31.217.28.222 - - [30/Jul/2019:13:26:34 +0000] "GET /kuce/bistrinci-renovirana-i-namjestena-kuca-7044-m2 HTTP/1.1" 200 6997 "http://m.facebook.com/" "Mozilla/5.0 (Linux; Android 9; FIG-LX1 Build/HUAWEIFIG-L31; wv) AppleWebKit/537.36 (KHTML, like Gecko) Version/4.0 Chrome/75.0.3770.143 Mobile Safari/537.36 [FB_IAB/FB4A;FBAV/231.0.0.39.113;]"
31.217.28.222 - - [30/Jul/2019:13:26:34 +0000] "GET /css/bootstrap.css HTTP/1.1" 200 21086 "https://www.ing-victus.hr/kuce/bistrinci-renovirana-i-namjestena-kuca-7044-m2" "Mozilla/5.0 (Linux; Android 9; FIG-LX1 Build/HUAWEIFIG-L31; wv) AppleWebKit/537.36 (KHTML, like Gecko) Version/4.0 Chrome/75.0.3770.143 Mobile Safari/537.36 [FB_IAB/FB4A;FBAV/231.0.0.39.113;]"
31.217.28.222 - - [30/Jul/2019:13:26:34 +0000] "GET /assets/plugins/flag/css/flag-icon.css HTTP/1.1" 200 2837 "https://www.ing-victus.hr/kuce/bistrinci-renovirana-i-namjestena-kuca-7044-m2" "Mozilla/5.0 (Linux; Android 9; FIG-LX1 Build/HUAWEIFIG-L31; wv) AppleWebKit/537.36 (KHTML, like Gecko) Version/4.0 Chrome/75.0.3770.143 Mobile Safari/537.36 [FB_IAB/FB4A;FBAV/231.0.0.39.113;]"
31.217.33.56 - - [30/Jul/2019:13:26:34 +0000] "GET /uploads/images/3467070fc7bf8d9694a2b78dbc16578f.jpg HTTP/1.1" 200 216509 "https://www.ing-victus.hr/kuce/bistrinci-renovirana-i-namjestena-kuca-7044-m2" "Mozilla/5.0 (Linux; Android 8.0.0; RNE-L01 Build/HUAWEIRNE-L01; wv) AppleWebKit/537.36 (KHTML, like Gecko) Version/4.0 Chrome/75.0.3770.143 Mobile Safari/537.36 [FB_IAB/FB4A;FBAV/231.0.0.39.113;]"
31.217.28.222 - - [30/Jul/2019:13:26:34 +0000] "GET /css/cookieconsent.min.css HTTP/1.1" 200 1209 "https://www.ing-victus.hr/kuce/bistrinci-renovirana-i-namjestena-kuca-7044-m2" "Mozilla/5.0 (Linux; Android 9; FIG-LX1 Build/HUAWEIFIG-L31; wv) AppleWebKit/537.36 (KHTML, like Gecko) Version/4.0 Chrome/75.0.3770.143 Mobile Safari/537.36 [FB_IAB/FB4A;FBAV/231.0.0.39.113;]"
31.217.28.222 - - [30/Jul/2019:13:26:34 +0000] "GET /css/style.css?v=9 HTTP/1.1" 200 27694 "https://www.ing-victus.hr/kuce/bistrinci-renovirana-i-namjestena-kuca-7044-m2" "Mozilla/5.0 (Linux; Android 9; FIG-LX1 Build/HUAWEIFIG-L31; wv) AppleWebKit/537.36 (KHTML, like Gecko) Version/4.0 Chrome/75.0.3770.143 Mobile Safari/537.36 [FB_IAB/FB4A;FBAV/231.0.0.39.113;]"
31.217.28.222 - - [30/Jul/2019:13:26:34 +0000] "GET /css/responsive.css?v=3 HTTP/1.1" 200 5283 "https://www.ing-victus.hr/kuce/bistrinci-renovirana-i-namjestena-kuca-7044-m2" "Mozilla/5.0 (Linux; Android 9; FIG-LX1 Build/HUAWEIFIG-L31; wv) AppleWebKit/537.36 (KHTML, like Gecko) Version/4.0 Chrome/75.0.3770.143 Mobile Safari/537.36 [FB_IAB/FB4A;FBAV/231.0.0.39.113;]"
31.217.28.222 - - [30/Jul/2019:13:26:34 +0000] "GET /css/color-themes/default-theme.css?v=3 HTTP/1.1" 200 2227 "https://www.ing-victus.hr/kuce/bistrinci-renovirana-i-namjestena-kuca-7044-m2" "Mozilla/5.0 (Linux; Android 9; FIG-LX1 Build/HUAWEIFIG-L31; wv) AppleWebKit/537.36 (KHTML, like Gecko) Version/4.0 Chrome/75.0.3770.143 Mobile Safari/537.36 [FB_IAB/FB4A;FBAV/231.0.0.39.113;]"
31.217.28.222 - - [30/Jul/2019:13:26:34 +0000] "GET /unitegallery/css/unite-gallery.css HTTP/1.1" 200 4825 "https://www.ing-victus.hr/kuce/bistrinci-renovirana-i-namjestena-kuca-7044-m2" "Mozilla/5.0 (Linux; Android 9; FIG-LX1 Build/HUAWEIFIG-L31; wv) AppleWebKit/537.36 (KHTML, like Gecko) Version/4.0 Chrome/75.0.3770.143 Mobile Safari/537.36 [FB_IAB/FB4A;FBAV/231.0.0.39.113;]"
31.217.28.222 - - [30/Jul/2019:13:26:35 +0000] "GET /js/popper.min.js HTTP/1.1" 200 7239 "https://www.ing-victus.hr/kuce/bistrinci-renovirana-i-namjestena-kuca-7044-m2" "Mozilla/5.0 (Linux; Android 9; FIG-LX1 Build/HUAWEIFIG-L31; wv) AppleWebKit/537.36 (KHTML, like Gecko) Version/4.0 Chrome/75.0.3770.143 Mobile Safari/537.36 [FB_IAB/FB4A;FBAV/231.0.0.39.113;]"
31.217.28.222 - - [30/Jul/2019:13:26:35 +0000] "GET /js/bootstrap.min.js HTTP/1.1" 200 14048 "https://www.ing-victus.hr/kuce/bistrinci-renovirana-i-namjestena-kuca-7044-m2" "Mozilla/5.0 (Linux; Android 9; FIG-LX1 Build/HUAWEIFIG-L31; wv) AppleWebKit/537.36 (KHTML, like Gecko) Version/4.0 Chrome/75.0.3770.143 Mobile Safari/537.36 [FB_IAB/FB4A;FBAV/231.0.0.39.113;]"
31.217.28.222 - - [30/Jul/2019:13:26:35 +0000] "GET /js/jquery.js HTTP/1.1" 200 33760 "https://www.ing-victus.hr/kuce/bistrinci-renovirana-i-namjestena-kuca-7044-m2" "Mozilla/5.0 (Linux; Android 9; FIG-LX1 Build/HUAWEIFIG-L31; wv) AppleWebKit/537.36 (KHTML, like Gecko) Version/4.0 Chrome/75.0.3770.143 Mobile Safari/537.36 [FB_IAB/FB4A;FBAV/231.0.0.39.113;]"
31.217.33.56 - - [30/Jul/2019:13:26:35 +0000] "GET /uploads/images/799a6c9f95d0c8f56332331090b6e985.jpg HTTP/1.1" 200 225406 "https://www.ing-victus.hr/kuce/bistrinci-renovirana-i-namjestena-kuca-7044-m2" "Mozilla/5.0 (Linux; Android 8.0.0; RNE-L01 Build/HUAWEIRNE-L01; wv) AppleWebKit/537.36 (KHTML, like Gecko) Version/4.0 Chrome/75.0.3770.143 Mobile Safari/537.36 [FB_IAB/FB4A;FBAV/231.0.0.39.113;]"
31.217.28.222 - - [30/Jul/2019:13:26:35 +0000] "GET /js/jquery-ui.js HTTP/1.1" 200 125176 "https://www.ing-victus.hr/kuce/bistrinci-renovirana-i-namjestena-kuca-7044-m2" "Mozilla/5.0 (Linux; Android 9; FIG-LX1 Build/HUAWEIFIG-L31; wv) AppleWebKit/537.36 (KHTML, like Gecko) Version/4.0 Chrome/75.0.3770.143 Mobile Safari/537.36 [FB_IAB/FB4A;FBAV/231.0.0.39.113;]"
31.217.28.222 - - [30/Jul/2019:13:26:35 +0000] "GET /js/jquery.fancybox.js HTTP/1.1" 200 36180 "https://www.ing-victus.hr/kuce/bistrinci-renovirana-i-namjestena-kuca-7044-m2" "Mozilla/5.0 (Linux; Android 9; FIG-LX1 Build/HUAWEIFIG-L31; wv) AppleWebKit/537.36 (KHTML, like Gecko) Version/4.0 Chrome/75.0.3770.143 Mobile Safari/537.36 [FB_IAB/FB4A;FBAV/231.0.0.39.113;]"
31.217.28.222 - - [30/Jul/2019:13:26:35 +0000] "GET /js/owl.js HTTP/1.1" 200 18490 "https://www.ing-victus.hr/kuce/bistrinci-renovirana-i-namjestena-kuca-7044-m2" "Mozilla/5.0 (Linux; Android 9; FIG-LX1 Build/HUAWEIFIG-L31; wv) AppleWebKit/537.36 (KHTML, like Gecko) Version/4.0 Chrome/75.0.3770.143 Mobile Safari/537.36 [FB_IAB/FB4A;FBAV/231.0.0.39.113;]"
31.217.28.222 - - [30/Jul/2019:13:26:36 +0000] "GET /css/flaticon.css HTTP/1.1" 200 2568 "https://www.ing-victus.hr/kuce/bistrinci-renovirana-i-namjestena-kuca-7044-m2" "Mozilla/5.0 (Linux; Android 9; FIG-LX1 Build/HUAWEIFIG-L31; wv) AppleWebKit/537.36 (KHTML, like Gecko) Version/4.0 Chrome/75.0.3770.143 Mobile Safari/537.36 [FB_IAB/FB4A;FBAV/231.0.0.39.113;]"
31.217.28.222 - - [30/Jul/2019:13:26:36 +0000] "GET /css/line-awesome.css HTTP/1.1" 200 6330 "https://www.ing-victus.hr/kuce/bistrinci-renovirana-i-namjestena-kuca-7044-m2" "Mozilla/5.0 (Linux; Android 9; FIG-LX1 Build/HUAWEIFIG-L31; wv) AppleWebKit/537.36 (KHTML, like Gecko) Version/4.0 Chrome/75.0.3770.143 Mobile Safari/537.36 [FB_IAB/FB4A;FBAV/231.0.0.39.113;]"
31.217.28.222 - - [30/Jul/2019:13:26:36 +0000] "GET /css/jquery.fancybox.min.css HTTP/1.1" 200 3155 "https://www.ing-victus.hr/kuce/bistrinci-renovirana-i-namjestena-kuca-7044-m2" "Mozilla/5.0 (Linux; Android 9; FIG-LX1 Build/HUAWEIFIG-L31; wv) AppleWebKit/537.36 (KHTML, like Gecko) Version/4.0 Chrome/75.0.3770.143 Mobile Safari/537.36 [FB_IAB/FB4A;FBAV/231.0.0.39.113;]"
31.217.28.222 - - [30/Jul/2019:13:26:36 +0000] "GET /css/animate.css HTTP/1.1" 200 4629 "https://www.ing-victus.hr/kuce/bistrinci-renovirana-i-namjestena-kuca-7044-m2" "Mozilla/5.0 (Linux; Android 9; FIG-LX1 Build/HUAWEIFIG-L31; wv) AppleWebKit/537.36 (KHTML, like Gecko) Version/4.0 Chrome/75.0.3770.143 Mobile Safari/537.36 [FB_IAB/FB4A;FBAV/231.0.0.39.113;]"
31.217.33.56 - - [30/Jul/2019:13:26:36 +0000] "GET /uploads/images/3fb556e2a2539a99423078e30607dc1f.jpg HTTP/1.1" 200 236051 "https://www.ing-victus.hr/kuce/bistrinci-renovirana-i-namjestena-kuca-7044-m2" "Mozilla/5.0 (Linux; Android 8.0.0; RNE-L01 Build/HUAWEIRNE-L01; wv) AppleWebKit/537.36 (KHTML, like Gecko) Version/4.0 Chrome/75.0.3770.143 Mobile Safari/537.36 [FB_IAB/FB4A;FBAV/231.0.0.39.113;]"
31.217.28.222 - - [30/Jul/2019:13:26:36 +0000] "GET /css/owl.css HTTP/1.1" 200 1159 "https://www.ing-victus.hr/kuce/bistrinci-renovirana-i-namjestena-kuca-7044-m2" "Mozilla/5.0 (Linux; Android 9; FIG-LX1 Build/HUAWEIFIG-L31; wv) AppleWebKit/537.36 (KHTML, like Gecko) Version/4.0 Chrome/75.0.3770.143 Mobile Safari/537.36 [FB_IAB/FB4A;FBAV/231.0.0.39.113;]"
31.217.28.222 - - [30/Jul/2019:13:26:36 +0000] "GET /css/jquery-ui.css HTTP/1.1" 200 8372 "https://www.ing-victus.hr/kuce/bistrinci-renovirana-i-namjestena-kuca-7044-m2" "Mozilla/5.0 (Linux; Android 9; FIG-LX1 Build/HUAWEIFIG-L31; wv) AppleWebKit/537.36 (KHTML, like Gecko) Version/4.0 Chrome/75.0.3770.143 Mobile Safari/537.36 [FB_IAB/FB4A;FBAV/231.0.0.39.113;]"
31.217.28.222 - - [30/Jul/2019:13:26:36 +0000] "GET /images/logo-sticky.png HTTP/1.1" 200 1258 "https://www.ing-victus.hr/kuce/bistrinci-renovirana-i-namjestena-kuca-7044-m2" "Mozilla/5.0 (Linux; Android 9; FIG-LX1 Build/HUAWEIFIG-L31; wv) AppleWebKit/537.36 (KHTML, like Gecko) Version/4.0 Chrome/75.0.3770.143 Mobile Safari/537.36 [FB_IAB/FB4A;FBAV/231.0.0.39.113;]"
31.217.28.222 - - [30/Jul/2019:13:26:36 +0000] "GET /images/logo-white.png HTTP/1.1" 200 1466 "https://www.ing-victus.hr/kuce/bistrinci-renovirana-i-namjestena-kuca-7044-m2" "Mozilla/5.0 (Linux; Android 9; FIG-LX1 Build/HUAWEIFIG-L31; wv) AppleWebKit/537.36 (KHTML, like Gecko) Version/4.0 Chrome/75.0.3770.143 Mobile Safari/537.36 [FB_IAB/FB4A;FBAV/231.0.0.39.113;]"
31.217.28.222 - - [30/Jul/2019:13:26:36 +0000] "GET /js/isotope.js HTTP/1.1" 200 10182 "https://www.ing-victus.hr/kuce/bistrinci-renovirana-i-namjestena-kuca-7044-m2" "Mozilla/5.0 (Linux; Android 9; FIG-LX1 Build/HUAWEIFIG-L31; wv) AppleWebKit/537.36 (KHTML, like Gecko) Version/4.0 Chrome/75.0.3770.143 Mobile Safari/537.36 [FB_IAB/FB4A;FBAV/231.0.0.39.113;]"
31.217.28.222 - - [30/Jul/2019:13:26:36 +0000] "GET /js/wow.js HTTP/1.1" 200 2209 "https://www.ing-victus.hr/kuce/bistrinci-renovirana-i-namjestena-kuca-7044-m2" "Mozilla/5.0 (Linux; Android 9; FIG-LX1 Build/HUAWEIFIG-L31; wv) AppleWebKit/537.36 (KHTML, like Gecko) Version/4.0 Chrome/75.0.3770.143 Mobile Safari/537.36 [FB_IAB/FB4A;FBAV/231.0.0.39.113;]"
31.217.28.222 - - [30/Jul/2019:13:26:36 +0000] "GET /js/appear.js HTTP/1.1" 200 1359 "https://www.ing-victus.hr/kuce/bistrinci-renovirana-i-namjestena-kuca-7044-m2" "Mozilla/5.0 (Linux; Android 9; FIG-LX1 Build/HUAWEIFIG-L31; wv) AppleWebKit/537.36 (KHTML, like Gecko) Version/4.0 Chrome/75.0.3770.143 Mobile Safari/537.36 [FB_IAB/FB4A;FBAV/231.0.0.39.113;]"
31.217.28.222 - - [30/Jul/2019:13:26:36 +0000] "GET /js/script.js?v=2 HTTP/1.1" 200 3465 "https://www.ing-victus.hr/kuce/bistrinci-renovirana-i-namjestena-kuca-7044-m2" "Mozilla/5.0 (Linux; Android 9; FIG-LX1 Build/HUAWEIFIG-L31; wv) AppleWebKit/537.36 (KHTML, like Gecko) Version/4.0 Chrome/75.0.3770.143 Mobile Safari/537.36 [FB_IAB/FB4A;FBAV/231.0.0.39.113;]"
31.217.28.222 - - [30/Jul/2019:13:26:36 +0000] "GET /js/cookieconsent.min.js HTTP/1.1" 200 6849 "https://www.ing-victus.hr/kuce/bistrinci-renovirana-i-namjestena-kuca-7044-m2" "Mozilla/5.0 (Linux; Android 9; FIG-LX1 Build/HUAWEIFIG-L31; wv) AppleWebKit/537.36 (KHTML, like Gecko) Version/4.0 Chrome/75.0.3770.143 Mobile Safari/537.36 [FB_IAB/FB4A;FBAV/231.0.0.39.113;]"
31.217.33.56 - - [30/Jul/2019:13:26:36 +0000] "GET /uploads/images/35b496b5214c7aa9c226dd39caca757d.jpg HTTP/1.1" 200 238810 "https://www.ing-victus.hr/kuce/bistrinci-renovirana-i-namjestena-kuca-7044-m2" "Mozilla/5.0 (Linux; Android 8.0.0; RNE-L01 Build/HUAWEIRNE-L01; wv) AppleWebKit/537.36 (KHTML, like Gecko) Version/4.0 Chrome/75.0.3770.143 Mobile Safari/537.36 [FB_IAB/FB4A;FBAV/231.0.0.39.113;]"
31.217.28.222 - - [30/Jul/2019:13:26:36 +0000] "GET /unitegallery/js/jquery-11.0.min.js HTTP/1.1" 200 33369 "https://www.ing-victus.hr/kuce/bistrinci-renovirana-i-namjestena-kuca-7044-m2" "Mozilla/5.0 (Linux; Android 9; FIG-LX1 Build/HUAWEIFIG-L31; wv) AppleWebKit/537.36 (KHTML, like Gecko) Version/4.0 Chrome/75.0.3770.143 Mobile Safari/537.36 [FB_IAB/FB4A;FBAV/231.0.0.39.113;]"
31.217.28.222 - - [30/Jul/2019:13:26:36 +0000] "GET /unitegallery/js/unitegallery.min.js HTTP/1.1" 200 66910 "https://www.ing-victus.hr/kuce/bistrinci-renovirana-i-namjestena-kuca-7044-m2" "Mozilla/5.0 (Linux; Android 9; FIG-LX1 Build/HUAWEIFIG-L31; wv) AppleWebKit/537.36 (KHTML, like Gecko) Version/4.0 Chrome/75.0.3770.143 Mobile Safari/537.36 [FB_IAB/FB4A;FBAV/231.0.0.39.113;]"
31.217.28.222 - - [30/Jul/2019:13:26:37 +0000] "GET /unitegallery/themes/compact/ug-theme-compact.js HTTP/1.1" 200 2477 "https://www.ing-victus.hr/kuce/bistrinci-renovirana-i-namjestena-kuca-7044-m2" "Mozilla/5.0 (Linux; Android 9; FIG-LX1 Build/HUAWEIFIG-L31; wv) AppleWebKit/537.36 (KHTML, like Gecko) Version/4.0 Chrome/75.0.3770.143 Mobile Safari/537.36 [FB_IAB/FB4A;FBAV/231.0.0.39.113;]"
31.217.28.222 - - [30/Jul/2019:13:26:37 +0000] "GET /uploads/thumbnails/d181b76fcf616e6ccddedd3c00296ff8.jpg HTTP/1.1" 200 49249 "https://www.ing-victus.hr/kuce/bistrinci-renovirana-i-namjestena-kuca-7044-m2" "Mozilla/5.0 (Linux; Android 9; FIG-LX1 Build/HUAWEIFIG-L31; wv) AppleWebKit/537.36 (KHTML, like Gecko) Version/4.0 Chrome/75.0.3770.143 Mobile Safari/537.36 [FB_IAB/FB4A;FBAV/231.0.0.39.113;]"
31.217.28.222 - - [30/Jul/2019:13:26:37 +0000] "GET /uploads/thumbnails/8b27e048156ea46a477847f529e30b6d.jpg HTTP/1.1" 200 39547 "https://www.ing-victus.hr/kuce/bistrinci-renovirana-i-namjestena-kuca-7044-m2" "Mozilla/5.0 (Linux; Android 9; FIG-LX1 Build/HUAWEIFIG-L31; wv) AppleWebKit/537.36 (KHTML, like Gecko) Version/4.0 Chrome/75.0.3770.143 Mobile Safari/537.36 [FB_IAB/FB4A;FBAV/231.0.0.39.113;]"
31.217.28.222 - - [30/Jul/2019:13:26:37 +0000] "GET /fonts/line-awesome.woff2?v=1.1. HTTP/1.1" 200 45108 "https://www.ing-victus.hr/css/line-awesome.css" "Mozilla/5.0 (Linux; Android 9; FIG-LX1 Build/HUAWEIFIG-L31; wv) AppleWebKit/537.36 (KHTML, like Gecko) Version/4.0 Chrome/75.0.3770.143 Mobile Safari/537.36 [FB_IAB/FB4A;FBAV/231.0.0.39.113;]"
31.217.28.222 - - [30/Jul/2019:13:26:37 +0000] "GET /images/icons/preloader.svg?v=2 HTTP/1.1" 200 686 "https://www.ing-victus.hr/css/style.css?v=9" "Mozilla/5.0 (Linux; Android 9; FIG-LX1 Build/HUAWEIFIG-L31; wv) AppleWebKit/537.36 (KHTML, like Gecko) Version/4.0 Chrome/75.0.3770.143 Mobile Safari/537.36 [FB_IAB/FB4A;FBAV/231.0.0.39.113;]"
31.217.28.222 - - [30/Jul/2019:13:26:37 +0000] "GET /fonts/Flaticon.woff HTTP/1.1" 200 55964 "https://www.ing-victus.hr/css/flaticon.css" "Mozilla/5.0 (Linux; Android 9; FIG-LX1 Build/HUAWEIFIG-L31; wv) AppleWebKit/537.36 (KHTML, like Gecko) Version/4.0 Chrome/75.0.3770.143 Mobile Safari/537.36 [FB_IAB/FB4A;FBAV/231.0.0.39.113;]"
31.217.28.222 - - [30/Jul/2019:13:26:37 +0000] "GET /images/background/16.jpg HTTP/1.1" 200 484974 "https://www.ing-victus.hr/kuce/bistrinci-renovirana-i-namjestena-kuca-7044-m2" "Mozilla/5.0 (Linux; Android 9; FIG-LX1 Build/HUAWEIFIG-L31; wv) AppleWebKit/537.36 (KHTML, like Gecko) Version/4.0 Chrome/75.0.3770.143 Mobile Safari/537.36 [FB_IAB/FB4A;FBAV/231.0.0.39.113;]"
31.217.28.222 - - [30/Jul/2019:13:26:39 +0000] "GET /uploads/thumbnails/63655a4dfca887f01d173a2d8c38ea4d.jpg HTTP/1.1" 200 56140 "https://www.ing-victus.hr/kuce/bistrinci-renovirana-i-namjestena-kuca-7044-m2" "Mozilla/5.0 (Linux; Android 9; FIG-LX1 Build/HUAWEIFIG-L31; wv) AppleWebKit/537.36 (KHTML, like Gecko) Version/4.0 Chrome/75.0.3770.143 Mobile Safari/537.36 [FB_IAB/FB4A;FBAV/231.0.0.39.113;]"
31.217.28.222 - - [30/Jul/2019:13:26:39 +0000] "GET /uploads/thumbnails/45ae236071096f819258c7cd1a876e9b.jpg HTTP/1.1" 200 42388 "https://www.ing-victus.hr/kuce/bistrinci-renovirana-i-namjestena-kuca-7044-m2" "Mozilla/5.0 (Linux; Android 9; FIG-LX1 Build/HUAWEIFIG-L31; wv) AppleWebKit/537.36 (KHTML, like Gecko) Version/4.0 Chrome/75.0.3770.143 Mobile Safari/537.36 [FB_IAB/FB4A;FBAV/231.0.0.39.113;]"
31.217.28.222 - - [30/Jul/2019:13:26:39 +0000] "GET /uploads/thumbnails/54d1595ed3da5c1dd014cbb48a9db5a6.jpg HTTP/1.1" 200 57470 "https://www.ing-victus.hr/kuce/bistrinci-renovirana-i-namjestena-kuca-7044-m2" "Mozilla/5.0 (Linux; Android 9; FIG-LX1 Build/HUAWEIFIG-L31; wv) AppleWebKit/537.36 (KHTML, like Gecko) Version/4.0 Chrome/75.0.3770.143 Mobile Safari/537.36 [FB_IAB/FB4A;FBAV/231.0.0.39.113;]"
31.217.28.222 - - [30/Jul/2019:13:26:39 +0000] "GET /uploads/thumbnails/330cdcfbc239d7924485ff7bf94a08ee.jpg HTTP/1.1" 200 59829 "https://www.ing-victus.hr/kuce/bistrinci-renovirana-i-namjestena-kuca-7044-m2" "Mozilla/5.0 (Linux; Android 9; FIG-LX1 Build/HUAWEIFIG-L31; wv) AppleWebKit/537.36 (KHTML, like Gecko) Version/4.0 Chrome/75.0.3770.143 Mobile Safari/537.36 [FB_IAB/FB4A;FBAV/231.0.0.39.113;]"
31.217.28.222 - - [30/Jul/2019:13:26:39 +0000] "GET /uploads/thumbnails/75f14c3a0b4af62dfe63d5250bf5235c.jpg HTTP/1.1" 200 45133 "https://www.ing-victus.hr/kuce/bistrinci-renovirana-i-namjestena-kuca-7044-m2" "Mozilla/5.0 (Linux; Android 9; FIG-LX1 Build/HUAWEIFIG-L31; wv) AppleWebKit/537.36 (KHTML, like Gecko) Version/4.0 Chrome/75.0.3770.143 Mobile Safari/537.36 [FB_IAB/FB4A;FBAV/231.0.0.39.113;]"
31.217.28.222 - - [30/Jul/2019:13:26:39 +0000] "GET /uploads/thumbnails/ee5c63bdd37793e4a598853d6033f99c.jpg HTTP/1.1" 200 40133 "https://www.ing-victus.hr/kuce/bistrinci-renovirana-i-namjestena-kuca-7044-m2" "Mozilla/5.0 (Linux; Android 9; FIG-LX1 Build/HUAWEIFIG-L31; wv) AppleWebKit/537.36 (KHTML, like Gecko) Version/4.0 Chrome/75.0.3770.143 Mobile Safari/537.36 [FB_IAB/FB4A;FBAV/231.0.0.39.113;]"
31.217.28.222 - - [30/Jul/2019:13:26:39 +0000] "GET /uploads/thumbnails/429deff28e85244d929e0ca7728afc15.jpg HTTP/1.1" 200 36874 "https://www.ing-victus.hr/kuce/bistrinci-renovirana-i-namjestena-kuca-7044-m2" "Mozilla/5.0 (Linux; Android 9; FIG-LX1 Build/HUAWEIFIG-L31; wv) AppleWebKit/537.36 (KHTML, like Gecko) Version/4.0 Chrome/75.0.3770.143 Mobile Safari/537.36 [FB_IAB/FB4A;FBAV/231.0.0.39.113;]"
31.217.28.222 - - [30/Jul/2019:13:26:39 +0000] "GET /uploads/thumbnails/71f79300b0a04e7568f386848993b676.jpg HTTP/1.1" 200 28468 "https://www.ing-victus.hr/kuce/bistrinci-renovirana-i-namjestena-kuca-7044-m2" "Mozilla/5.0 (Linux; Android 9; FIG-LX1 Build/HUAWEIFIG-L31; wv) AppleWebKit/537.36 (KHTML, like Gecko) Version/4.0 Chrome/75.0.3770.143 Mobile Safari/537.36 [FB_IAB/FB4A;FBAV/231.0.0.39.113;]"
31.217.28.222 - - [30/Jul/2019:13:26:39 +0000] "GET /uploads/thumbnails/4586a0fdf62d3c3f3bc5991e79dd2314.jpg HTTP/1.1" 200 36377 "https://www.ing-victus.hr/kuce/bistrinci-renovirana-i-namjestena-kuca-7044-m2" "Mozilla/5.0 (Linux; Android 9; FIG-LX1 Build/HUAWEIFIG-L31; wv) AppleWebKit/537.36 (KHTML, like Gecko) Version/4.0 Chrome/75.0.3770.143 Mobile Safari/537.36 [FB_IAB/FB4A;FBAV/231.0.0.39.113;]"
31.217.28.222 - - [30/Jul/2019:13:26:39 +0000] "GET /uploads/thumbnails/3467070fc7bf8d9694a2b78dbc16578f.jpg HTTP/1.1" 200 33209 "https://www.ing-victus.hr/kuce/bistrinci-renovirana-i-namjestena-kuca-7044-m2" "Mozilla/5.0 (Linux; Android 9; FIG-LX1 Build/HUAWEIFIG-L31; wv) AppleWebKit/537.36 (KHTML, like Gecko) Version/4.0 Chrome/75.0.3770.143 Mobile Safari/537.36 [FB_IAB/FB4A;FBAV/231.0.0.39.113;]"
31.217.28.222 - - [30/Jul/2019:13:26:40 +0000] "GET /uploads/thumbnails/799a6c9f95d0c8f56332331090b6e985.jpg HTTP/1.1" 200 36448 "https://www.ing-victus.hr/kuce/bistrinci-renovirana-i-namjestena-kuca-7044-m2" "Mozilla/5.0 (Linux; Android 9; FIG-LX1 Build/HUAWEIFIG-L31; wv) AppleWebKit/537.36 (KHTML, like Gecko) Version/4.0 Chrome/75.0.3770.143 Mobile Safari/537.36 [FB_IAB/FB4A;FBAV/231.0.0.39.113;]"
31.217.28.222 - - [30/Jul/2019:13:26:40 +0000] "GET /uploads/thumbnails/3fb556e2a2539a99423078e30607dc1f.jpg HTTP/1.1" 200 40063 "https://www.ing-victus.hr/kuce/bistrinci-renovirana-i-namjestena-kuca-7044-m2" "Mozilla/5.0 (Linux; Android 9; FIG-LX1 Build/HUAWEIFIG-L31; wv) AppleWebKit/537.36 (KHTML, like Gecko) Version/4.0 Chrome/75.0.3770.143 Mobile Safari/537.36 [FB_IAB/FB4A;FBAV/231.0.0.39.113;]"
31.217.28.222 - - [30/Jul/2019:13:26:40 +0000] "GET /uploads/thumbnails/35b496b5214c7aa9c226dd39caca757d.jpg HTTP/1.1" 200 39143 "https://www.ing-victus.hr/kuce/bistrinci-renovirana-i-namjestena-kuca-7044-m2" "Mozilla/5.0 (Linux; Android 9; FIG-LX1 Build/HUAWEIFIG-L31; wv) AppleWebKit/537.36 (KHTML, like Gecko) Version/4.0 Chrome/75.0.3770.143 Mobile Safari/537.36 [FB_IAB/FB4A;FBAV/231.0.0.39.113;]"
31.217.28.222 - - [30/Jul/2019:13:26:40 +0000] "GET /uploads/thumbnails/57b3bdcd29cee710ccf986ef4060b0cc.JPG HTTP/1.1" 200 14792 "https://www.ing-victus.hr/kuce/bistrinci-renovirana-i-namjestena-kuca-7044-m2" "Mozilla/5.0 (Linux; Android 9; FIG-LX1 Build/HUAWEIFIG-L31; wv) AppleWebKit/537.36 (KHTML, like Gecko) Version/4.0 Chrome/75.0.3770.143 Mobile Safari/537.36 [FB_IAB/FB4A;FBAV/231.0.0.39.113;]"
31.217.28.222 - - [30/Jul/2019:13:26:40 +0000] "GET /unitegallery/images/cover-grid.png HTTP/1.1" 200 933 "https://www.ing-victus.hr/unitegallery/css/unite-gallery.css" "Mozilla/5.0 (Linux; Android 9; FIG-LX1 Build/HUAWEIFIG-L31; wv) AppleWebKit/537.36 (KHTML, like Gecko) Version/4.0 Chrome/75.0.3770.143 Mobile Safari/537.36 [FB_IAB/FB4A;FBAV/231.0.0.39.113;]"
31.217.28.222 - - [30/Jul/2019:13:26:40 +0000] "GET /images/background/3.jpg HTTP/1.1" 200 1208371 "https://www.ing-victus.hr/kuce/bistrinci-renovirana-i-namjestena-kuca-7044-m2" "Mozilla/5.0 (Linux; Android 9; FIG-LX1 Build/HUAWEIFIG-L31; wv) AppleWebKit/537.36 (KHTML, like Gecko) Version/4.0 Chrome/75.0.3770.143 Mobile Safari/537.36 [FB_IAB/FB4A;FBAV/231.0.0.39.113;]"
31.217.28.222 - - [30/Jul/2019:13:26:41 +0000] "GET /unitegallery/images/loader.gif HTTP/1.1" 200 673 "https://www.ing-victus.hr/unitegallery/css/unite-gallery.css" "Mozilla/5.0 (Linux; Android 9; FIG-LX1 Build/HUAWEIFIG-L31; wv) AppleWebKit/537.36 (KHTML, like Gecko) Version/4.0 Chrome/75.0.3770.143 Mobile Safari/537.36 [FB_IAB/FB4A;FBAV/231.0.0.39.113;]"
195.29.239.66 - - [30/Jul/2019:13:26:41 +0000] "GET /uploads/images/63655a4dfca887f01d173a2d8c38ea4d.jpg HTTP/1.1" 200 336633 "https://www.ing-victus.hr/kuce/bistrinci-renovirana-i-namjestena-kuca-7044-m2?fbclid=IwAR0XEOpJ3Ck084XSFcDPrCcvRN7w0EH_8yctHMKf1Rz7z3wfBXn4VlsQleA" "Mozilla/5.0 (Windows NT 10.0; Win64; x64) AppleWebKit/537.36 (KHTML, like Gecko) Chrome/75.0.3770.142 Safari/537.36"
31.217.28.222 - - [30/Jul/2019:13:26:41 +0000] "GET /unitegallery/images/not_loaded.png HTTP/1.1" 200 858 "https://www.ing-victus.hr/unitegallery/css/unite-gallery.css" "Mozilla/5.0 (Linux; Android 9; FIG-LX1 Build/HUAWEIFIG-L31; wv) AppleWebKit/537.36 (KHTML, like Gecko) Version/4.0 Chrome/75.0.3770.143 Mobile Safari/537.36 [FB_IAB/FB4A;FBAV/231.0.0.39.113;]"
31.217.28.222 - - [30/Jul/2019:13:26:41 +0000] "GET /unitegallery/images/loader-white1.gif HTTP/1.1" 200 2545 "https://www.ing-victus.hr/unitegallery/css/unite-gallery.css" "Mozilla/5.0 (Linux; Android 9; FIG-LX1 Build/HUAWEIFIG-L31; wv) AppleWebKit/537.36 (KHTML, like Gecko) Version/4.0 Chrome/75.0.3770.143 Mobile Safari/537.36 [FB_IAB/FB4A;FBAV/231.0.0.39.113;]"
31.217.28.222 - - [30/Jul/2019:13:26:41 +0000] "GET /unitegallery/images/play-button-square.png HTTP/1.1" 200 4591 "https://www.ing-victus.hr/unitegallery/css/unite-gallery.css" "Mozilla/5.0 (Linux; Android 9; FIG-LX1 Build/HUAWEIFIG-L31; wv) AppleWebKit/537.36 (KHTML, like Gecko) Version/4.0 Chrome/75.0.3770.143 Mobile Safari/537.36 [FB_IAB/FB4A;FBAV/231.0.0.39.113;]"
31.217.28.222 - - [30/Jul/2019:13:26:41 +0000] "GET /unitegallery/skins/default/slider_arrow_right.png HTTP/1.1" 200 505 "https://www.ing-victus.hr/unitegallery/css/unite-gallery.css" "Mozilla/5.0 (Linux; Android 9; FIG-LX1 Build/HUAWEIFIG-L31; wv) AppleWebKit/537.36 (KHTML, like Gecko) Version/4.0 Chrome/75.0.3770.143 Mobile Safari/537.36 [FB_IAB/FB4A;FBAV/231.0.0.39.113;]"
195.29.239.66 - - [30/Jul/2019:13:26:41 +0000] "GET /uploads/images/54d1595ed3da5c1dd014cbb48a9db5a6.jpg HTTP/1.1" 200 386623 "https://www.ing-victus.hr/kuce/bistrinci-renovirana-i-namjestena-kuca-7044-m2?fbclid=IwAR0XEOpJ3Ck084XSFcDPrCcvRN7w0EH_8yctHMKf1Rz7z3wfBXn4VlsQleA" "Mozilla/5.0 (Windows NT 10.0; Win64; x64) AppleWebKit/537.36 (KHTML, like Gecko) Chrome/75.0.3770.142 Safari/537.36"
31.217.28.222 - - [30/Jul/2019:13:26:41 +0000] "GET /unitegallery/skins/default/slider_arrow_left.png HTTP/1.1" 200 493 "https://www.ing-victus.hr/unitegallery/css/unite-gallery.css" "Mozilla/5.0 (Linux; Android 9; FIG-LX1 Build/HUAWEIFIG-L31; wv) AppleWebKit/537.36 (KHTML, like Gecko) Version/4.0 Chrome/75.0.3770.143 Mobile Safari/537.36 [FB_IAB/FB4A;FBAV/231.0.0.39.113;]"
31.217.28.222 - - [30/Jul/2019:13:26:41 +0000] "GET /unitegallery/skins/default/button_fullscreen.png HTTP/1.1" 200 1146 "https://www.ing-victus.hr/unitegallery/css/unite-gallery.css" "Mozilla/5.0 (Linux; Android 9; FIG-LX1 Build/HUAWEIFIG-L31; wv) AppleWebKit/537.36 (KHTML, like Gecko) Version/4.0 Chrome/75.0.3770.143 Mobile Safari/537.36 [FB_IAB/FB4A;FBAV/231.0.0.39.113;]"
31.217.28.222 - - [30/Jul/2019:13:26:42 +0000] "GET /unitegallery/images/loader-black1.gif HTTP/1.1" 200 5855 "https://www.ing-victus.hr/unitegallery/css/unite-gallery.css" "Mozilla/5.0 (Linux; Android 9; FIG-LX1 Build/HUAWEIFIG-L31; wv) AppleWebKit/537.36 (KHTML, like Gecko) Version/4.0 Chrome/75.0.3770.143 Mobile Safari/537.36 [FB_IAB/FB4A;FBAV/231.0.0.39.113;]"
31.217.28.222 - - [30/Jul/2019:13:26:42 +0000] "GET /unitegallery/images/button-close.png HTTP/1.1" 200 7155 "https://www.ing-victus.hr/unitegallery/css/unite-gallery.css" "Mozilla/5.0 (Linux; Android 9; FIG-LX1 Build/HUAWEIFIG-L31; wv) AppleWebKit/537.36 (KHTML, like Gecko) Version/4.0 Chrome/75.0.3770.143 Mobile Safari/537.36 [FB_IAB/FB4A;FBAV/231.0.0.39.113;]"
31.217.28.222 - - [30/Jul/2019:13:26:42 +0000] "GET /uploads/images/d181b76fcf616e6ccddedd3c00296ff8.jpg HTTP/1.1" 200 331760 "https://www.ing-victus.hr/kuce/bistrinci-renovirana-i-namjestena-kuca-7044-m2" "Mozilla/5.0 (Linux; Android 9; FIG-LX1 Build/HUAWEIFIG-L31; wv) AppleWebKit/537.36 (KHTML, like Gecko) Version/4.0 Chrome/75.0.3770.143 Mobile Safari/537.36 [FB_IAB/FB4A;FBAV/231.0.0.39.113;]"
31.217.28.222 - - [30/Jul/2019:13:26:42 +0000] "GET /uploads/images/8b27e048156ea46a477847f529e30b6d.jpg HTTP/1.1" 200 253594 "https://www.ing-victus.hr/kuce/bistrinci-renovirana-i-namjestena-kuca-7044-m2" "Mozilla/5.0 (Linux; Android 9; FIG-LX1 Build/HUAWEIFIG-L31; wv) AppleWebKit/537.36 (KHTML, like Gecko) Version/4.0 Chrome/75.0.3770.143 Mobile Safari/537.36 [FB_IAB/FB4A;FBAV/231.0.0.39.113;]"
31.217.28.222 - - [30/Jul/2019:13:26:42 +0000] "GET /uploads/images/57b3bdcd29cee710ccf986ef4060b0cc.JPG HTTP/1.1" 200 61195 "https://www.ing-victus.hr/kuce/bistrinci-renovirana-i-namjestena-kuca-7044-m2" "Mozilla/5.0 (Linux; Android 9; FIG-LX1 Build/HUAWEIFIG-L31; wv) AppleWebKit/537.36 (KHTML, like Gecko) Version/4.0 Chrome/75.0.3770.143 Mobile Safari/537.36 [FB_IAB/FB4A;FBAV/231.0.0.39.113;]"
31.217.28.222 - - [30/Jul/2019:13:26:43 +0000] "GET /favicon-16x16.png HTTP/1.1" 200 986 "https://www.ing-victus.hr/kuce/bistrinci-renovirana-i-namjestena-kuca-7044-m2" "Mozilla/5.0 (Linux; Android 9; FIG-LX1 Build/HUAWEIFIG-L31; wv) AppleWebKit/537.36 (KHTML, like Gecko) Version/4.0 Chrome/75.0.3770.143 Mobile Safari/537.36 [FB_IAB/FB4A;FBAV/231.0.0.39.113;]"
31.217.28.222 - - [30/Jul/2019:13:26:43 +0000] "GET /favicon-32x32.png HTTP/1.1" 200 1549 "https://www.ing-victus.hr/kuce/bistrinci-renovirana-i-namjestena-kuca-7044-m2" "Mozilla/5.0 (Linux; Android 9; FIG-LX1 Build/HUAWEIFIG-L31; wv) AppleWebKit/537.36 (KHTML, like Gecko) Version/4.0 Chrome/75.0.3770.143 Mobile Safari/537.36 [FB_IAB/FB4A;FBAV/231.0.0.39.113;]"
31.217.28.222 - - [30/Jul/2019:13:26:43 +0000] "GET /images/icons/map-marker.png HTTP/1.1" 200 3191 "https://www.ing-victus.hr/kuce/bistrinci-renovirana-i-namjestena-kuca-7044-m2" "Mozilla/5.0 (Linux; Android 9; FIG-LX1 Build/HUAWEIFIG-L31; wv) AppleWebKit/537.36 (KHTML, like Gecko) Version/4.0 Chrome/75.0.3770.143 Mobile Safari/537.36 [FB_IAB/FB4A;FBAV/231.0.0.39.113;]"
195.29.239.66 - - [30/Jul/2019:13:26:47 +0000] "GET /uploads/images/330cdcfbc239d7924485ff7bf94a08ee.jpg HTTP/1.1" 200 464252 "https://www.ing-victus.hr/kuce/bistrinci-renovirana-i-namjestena-kuca-7044-m2?fbclid=IwAR0XEOpJ3Ck084XSFcDPrCcvRN7w0EH_8yctHMKf1Rz7z3wfBXn4VlsQleA" "Mozilla/5.0 (Windows NT 10.0; Win64; x64) AppleWebKit/537.36 (KHTML, like Gecko) Chrome/75.0.3770.142 Safari/537.36"
31.217.28.222 - - [30/Jul/2019:13:26:48 +0000] "GET /uploads/images/63655a4dfca887f01d173a2d8c38ea4d.jpg HTTP/1.1" 200 336633 "https://www.ing-victus.hr/kuce/bistrinci-renovirana-i-namjestena-kuca-7044-m2" "Mozilla/5.0 (Linux; Android 9; FIG-LX1 Build/HUAWEIFIG-L31; wv) AppleWebKit/537.36 (KHTML, like Gecko) Version/4.0 Chrome/75.0.3770.143 Mobile Safari/537.36 [FB_IAB/FB4A;FBAV/231.0.0.39.113;]"
195.29.239.66 - - [30/Jul/2019:13:26:54 +0000] "GET /uploads/images/45ae236071096f819258c7cd1a876e9b.jpg HTTP/1.1" 200 215334 "https://www.ing-victus.hr/kuce/bistrinci-renovirana-i-namjestena-kuca-7044-m2?fbclid=IwAR0XEOpJ3Ck084XSFcDPrCcvRN7w0EH_8yctHMKf1Rz7z3wfBXn4VlsQleA" "Mozilla/5.0 (Windows NT 10.0; Win64; x64) AppleWebKit/537.36 (KHTML, like Gecko) Chrome/75.0.3770.142 Safari/537.36"
195.29.239.66 - - [30/Jul/2019:13:26:55 +0000] "GET /uploads/images/75f14c3a0b4af62dfe63d5250bf5235c.jpg HTTP/1.1" 200 245615 "https://www.ing-victus.hr/kuce/bistrinci-renovirana-i-namjestena-kuca-7044-m2?fbclid=IwAR0XEOpJ3Ck084XSFcDPrCcvRN7w0EH_8yctHMKf1Rz7z3wfBXn4VlsQleA" "Mozilla/5.0 (Windows NT 10.0; Win64; x64) AppleWebKit/537.36 (KHTML, like Gecko) Chrome/75.0.3770.142 Safari/537.36"
195.29.239.66 - - [30/Jul/2019:13:26:57 +0000] "GET /uploads/images/ee5c63bdd37793e4a598853d6033f99c.jpg HTTP/1.1" 200 243518 "https://www.ing-victus.hr/kuce/bistrinci-renovirana-i-namjestena-kuca-7044-m2?fbclid=IwAR0XEOpJ3Ck084XSFcDPrCcvRN7w0EH_8yctHMKf1Rz7z3wfBXn4VlsQleA" "Mozilla/5.0 (Windows NT 10.0; Win64; x64) AppleWebKit/537.36 (KHTML, like Gecko) Chrome/75.0.3770.142 Safari/537.36"
195.29.239.66 - - [30/Jul/2019:13:27:01 +0000] "GET /uploads/images/429deff28e85244d929e0ca7728afc15.jpg HTTP/1.1" 200 216673 "https://www.ing-victus.hr/kuce/bistrinci-renovirana-i-namjestena-kuca-7044-m2?fbclid=IwAR0XEOpJ3Ck084XSFcDPrCcvRN7w0EH_8yctHMKf1Rz7z3wfBXn4VlsQleA" "Mozilla/5.0 (Windows NT 10.0; Win64; x64) AppleWebKit/537.36 (KHTML, like Gecko) Chrome/75.0.3770.142 Safari/537.36"
31.217.15.177 - - [30/Jul/2019:13:27:03 +0000] "GET /kuce/bistrinci-renovirana-i-namjestena-kuca-7044-m2 HTTP/1.1" 200 6997 "http://m.facebook.com/" "Mozilla/5.0 (Linux; Android 7.0; WAS-LX1 Build/HUAWEIWAS-LX1; wv) AppleWebKit/537.36 (KHTML, like Gecko) Version/4.0 Chrome/75.0.3770.143 Mobile Safari/537.36 [FB_IAB/FB4A;FBAV/231.0.0.39.113;]"
195.29.239.66 - - [30/Jul/2019:13:27:03 +0000] "GET /uploads/images/71f79300b0a04e7568f386848993b676.jpg HTTP/1.1" 200 180736 "https://www.ing-victus.hr/kuce/bistrinci-renovirana-i-namjestena-kuca-7044-m2?fbclid=IwAR0XEOpJ3Ck084XSFcDPrCcvRN7w0EH_8yctHMKf1Rz7z3wfBXn4VlsQleA" "Mozilla/5.0 (Windows NT 10.0; Win64; x64) AppleWebKit/537.36 (KHTML, like Gecko) Chrome/75.0.3770.142 Safari/537.36"
31.217.15.177 - - [30/Jul/2019:13:27:03 +0000] "GET /uploads/thumbnails/d181b76fcf616e6ccddedd3c00296ff8.jpg HTTP/1.1" 200 49249 "https://www.ing-victus.hr/kuce/bistrinci-renovirana-i-namjestena-kuca-7044-m2" "Mozilla/5.0 (Linux; Android 7.0; WAS-LX1 Build/HUAWEIWAS-LX1; wv) AppleWebKit/537.36 (KHTML, like Gecko) Version/4.0 Chrome/75.0.3770.143 Mobile Safari/537.36 [FB_IAB/FB4A;FBAV/231.0.0.39.113;]"
31.217.15.177 - - [30/Jul/2019:13:27:05 +0000] "GET /uploads/thumbnails/8b27e048156ea46a477847f529e30b6d.jpg HTTP/1.1" 200 39547 "https://www.ing-victus.hr/kuce/bistrinci-renovirana-i-namjestena-kuca-7044-m2" "Mozilla/5.0 (Linux; Android 7.0; WAS-LX1 Build/HUAWEIWAS-LX1; wv) AppleWebKit/537.36 (KHTML, like Gecko) Version/4.0 Chrome/75.0.3770.143 Mobile Safari/537.36 [FB_IAB/FB4A;FBAV/231.0.0.39.113;]"
31.217.15.177 - - [30/Jul/2019:13:27:05 +0000] "GET /uploads/thumbnails/63655a4dfca887f01d173a2d8c38ea4d.jpg HTTP/1.1" 200 56140 "https://www.ing-victus.hr/kuce/bistrinci-renovirana-i-namjestena-kuca-7044-m2" "Mozilla/5.0 (Linux; Android 7.0; WAS-LX1 Build/HUAWEIWAS-LX1; wv) AppleWebKit/537.36 (KHTML, like Gecko) Version/4.0 Chrome/75.0.3770.143 Mobile Safari/537.36 [FB_IAB/FB4A;FBAV/231.0.0.39.113;]"
31.217.15.177 - - [30/Jul/2019:13:27:05 +0000] "GET /uploads/thumbnails/54d1595ed3da5c1dd014cbb48a9db5a6.jpg HTTP/1.1" 200 57470 "https://www.ing-victus.hr/kuce/bistrinci-renovirana-i-namjestena-kuca-7044-m2" "Mozilla/5.0 (Linux; Android 7.0; WAS-LX1 Build/HUAWEIWAS-LX1; wv) AppleWebKit/537.36 (KHTML, like Gecko) Version/4.0 Chrome/75.0.3770.143 Mobile Safari/537.36 [FB_IAB/FB4A;FBAV/231.0.0.39.113;]"
31.217.15.177 - - [30/Jul/2019:13:27:05 +0000] "GET /uploads/thumbnails/330cdcfbc239d7924485ff7bf94a08ee.jpg HTTP/1.1" 200 59829 "https://www.ing-victus.hr/kuce/bistrinci-renovirana-i-namjestena-kuca-7044-m2" "Mozilla/5.0 (Linux; Android 7.0; WAS-LX1 Build/HUAWEIWAS-LX1; wv) AppleWebKit/537.36 (KHTML, like Gecko) Version/4.0 Chrome/75.0.3770.143 Mobile Safari/537.36 [FB_IAB/FB4A;FBAV/231.0.0.39.113;]"
31.217.15.177 - - [30/Jul/2019:13:27:05 +0000] "GET /uploads/thumbnails/45ae236071096f819258c7cd1a876e9b.jpg HTTP/1.1" 200 42388 "https://www.ing-victus.hr/kuce/bistrinci-renovirana-i-namjestena-kuca-7044-m2" "Mozilla/5.0 (Linux; Android 7.0; WAS-LX1 Build/HUAWEIWAS-LX1; wv) AppleWebKit/537.36 (KHTML, like Gecko) Version/4.0 Chrome/75.0.3770.143 Mobile Safari/537.36 [FB_IAB/FB4A;FBAV/231.0.0.39.113;]"
