31.217.15.177 - - [30/Jul/2019:13:27:05 +0000] "GET /uploads/thumbnails/75f14c3a0b4af62dfe63d5250bf5235c.jpg HTTP/1.1" 200 45133 "https://www.ing-victus.hr/kuce/bistrinci-renovirana-i-namjestena-kuca-7044-m2" "Mozilla/5.0 (Linux; Android 7.0; WAS-LX1 Build/HUAWEIWAS-LX1; wv) AppleWebKit/537.36 (KHTML, like Gecko) Version/4.0 Chrome/75.0.3770.143 Mobile Safari/537.36 [FB_IAB/FB4A;FBAV/231.0.0.39.113;]"
31.217.15.177 - - [30/Jul/2019:13:27:05 +0000] "GET /uploads/thumbnails/ee5c63bdd37793e4a598853d6033f99c.jpg HTTP/1.1" 200 40133 "https://www.ing-victus.hr/kuce/bistrinci-renovirana-i-namjestena-kuca-7044-m2" "Mozilla/5.0 (Linux; Android 7.0; WAS-LX1 Build/HUAWEIWAS-LX1; wv) AppleWebKit/537.36 (KHTML, like Gecko) Version/4.0 Chrome/75.0.3770.143 Mobile Safari/537.36 [FB_IAB/FB4A;FBAV/231.0.0.39.113;]"
31.217.15.177 - - [30/Jul/2019:13:27:05 +0000] "GET /uploads/thumbnails/429deff28e85244d929e0ca7728afc15.jpg HTTP/1.1" 200 36874 "https://www.ing-victus.hr/kuce/bistrinci-renovirana-i-namjestena-kuca-7044-m2" "Mozilla/5.0 (Linux; Android 7.0; WAS-LX1 Build/HUAWEIWAS-LX1; wv) AppleWebKit/537.36 (KHTML, like Gecko) Version/4.0 Chrome/75.0.3770.143 Mobile Safari/537.36 [FB_IAB/FB4A;FBAV/231.0.0.39.113;]"
31.217.15.177 - - [30/Jul/2019:13:27:06 +0000] "GET /uploads/thumbnails/71f79300b0a04e7568f386848993b676.jpg HTTP/1.1" 200 28468 "https://www.ing-victus.hr/kuce/bistrinci-renovirana-i-namjestena-kuca-7044-m2" "Mozilla/5.0 (Linux; Android 7.0; WAS-LX1 Build/HUAWEIWAS-LX1; wv) AppleWebKit/537.36 (KHTML, like Gecko) Version/4.0 Chrome/75.0.3770.143 Mobile Safari/537.36 [FB_IAB/FB4A;FBAV/231.0.0.39.113;]"
31.217.15.177 - - [30/Jul/2019:13:27:05 +0000] "GET /images/background/16.jpg HTTP/1.1" 200 484974 "https://www.ing-victus.hr/kuce/bistrinci-renovirana-i-namjestena-kuca-7044-m2" "Mozilla/5.0 (Linux; Android 7.0; WAS-LX1 Build/HUAWEIWAS-LX1; wv) AppleWebKit/537.36 (KHTML, like Gecko) Version/4.0 Chrome/75.0.3770.143 Mobile Safari/537.36 [FB_IAB/FB4A;FBAV/231.0.0.39.113;]"
31.217.15.177 - - [30/Jul/2019:13:27:06 +0000] "GET /uploads/thumbnails/4586a0fdf62d3c3f3bc5991e79dd2314.jpg HTTP/1.1" 200 36377 "https://www.ing-victus.hr/kuce/bistrinci-renovirana-i-namjestena-kuca-7044-m2" "Mozilla/5.0 (Linux; Android 7.0; WAS-LX1 Build/HUAWEIWAS-LX1; wv) AppleWebKit/537.36 (KHTML, like Gecko) Version/4.0 Chrome/75.0.3770.143 Mobile Safari/537.36 [FB_IAB/FB4A;FBAV/231.0.0.39.113;]"
31.217.15.177 - - [30/Jul/2019:13:27:06 +0000] "GET /uploads/thumbnails/3467070fc7bf8d9694a2b78dbc16578f.jpg HTTP/1.1" 200 33209 "https://www.ing-victus.hr/kuce/bistrinci-renovirana-i-namjestena-kuca-7044-m2" "Mozilla/5.0 (Linux; Android 7.0; WAS-LX1 Build/HUAWEIWAS-LX1; wv) AppleWebKit/537.36 (KHTML, like Gecko) Version/4.0 Chrome/75.0.3770.143 Mobile Safari/537.36 [FB_IAB/FB4A;FBAV/231.0.0.39.113;]"
185.18.61.23 - - [30/Jul/2019:13:27:06 +0000] "GET /kuce/kuca-na-izvrsnoj-lokaciji-8698-m2?fbclid=IwAR2jP8EXtef9L0l2Fa1eaVTbnuKCTNv800AknVl6cs0slXhwh5VGPK2Zr2s HTTP/1.1" 200 7191 "https://m.facebook.com/" "Mozilla/5.0 (Linux; Android 8.1.0; Point X502) AppleWebKit/537.36 (KHTML, like Gecko) Chrome/75.0.3770.143 Mobile Safari/537.36"
31.217.15.177 - - [30/Jul/2019:13:27:06 +0000] "GET /uploads/thumbnails/799a6c9f95d0c8f56332331090b6e985.jpg HTTP/1.1" 200 36448 "https://www.ing-victus.hr/kuce/bistrinci-renovirana-i-namjestena-kuca-7044-m2" "Mozilla/5.0 (Linux; Android 7.0; WAS-LX1 Build/HUAWEIWAS-LX1; wv) AppleWebKit/537.36 (KHTML, like Gecko) Version/4.0 Chrome/75.0.3770.143 Mobile Safari/537.36 [FB_IAB/FB4A;FBAV/231.0.0.39.113;]"
31.217.15.177 - - [30/Jul/2019:13:27:06 +0000] "GET /uploads/thumbnails/3fb556e2a2539a99423078e30607dc1f.jpg HTTP/1.1" 200 40063 "https://www.ing-victus.hr/kuce/bistrinci-renovirana-i-namjestena-kuca-7044-m2" "Mozilla/5.0 (Linux; Android 7.0; WAS-LX1 Build/HUAWEIWAS-LX1; wv) AppleWebKit/537.36 (KHTML, like Gecko) Version/4.0 Chrome/75.0.3770.143 Mobile Safari/537.36 [FB_IAB/FB4A;FBAV/231.0.0.39.113;]"
185.18.61.23 - - [30/Jul/2019:13:27:06 +0000] "GET /css/bootstrap.css HTTP/1.1" 200 21086 "https://www.ing-victus.hr/kuce/kuca-na-izvrsnoj-lokaciji-8698-m2?fbclid=IwAR2jP8EXtef9L0l2Fa1eaVTbnuKCTNv800AknVl6cs0slXhwh5VGPK2Zr2s" "Mozilla/5.0 (Linux; Android 8.1.0; Point X502) AppleWebKit/537.36 (KHTML, like Gecko) Chrome/75.0.3770.143 Mobile Safari/537.36"
31.217.15.177 - - [30/Jul/2019:13:27:06 +0000] "GET /uploads/thumbnails/35b496b5214c7aa9c226dd39caca757d.jpg HTTP/1.1" 200 39143 "https://www.ing-victus.hr/kuce/bistrinci-renovirana-i-namjestena-kuca-7044-m2" "Mozilla/5.0 (Linux; Android 7.0; WAS-LX1 Build/HUAWEIWAS-LX1; wv) AppleWebKit/537.36 (KHTML, like Gecko) Version/4.0 Chrome/75.0.3770.143 Mobile Safari/537.36 [FB_IAB/FB4A;FBAV/231.0.0.39.113;]"
185.18.61.23 - - [30/Jul/2019:13:27:06 +0000] "GET /assets/plugins/flag/css/flag-icon.css HTTP/1.1" 200 2837 "https://www.ing-victus.hr/kuce/kuca-na-izvrsnoj-lokaciji-8698-m2?fbclid=IwAR2jP8EXtef9L0l2Fa1eaVTbnuKCTNv800AknVl6cs0slXhwh5VGPK2Zr2s" "Mozilla/5.0 (Linux; Android 8.1.0; Point X502) AppleWebKit/537.36 (KHTML, like Gecko) Chrome/75.0.3770.143 Mobile Safari/537.36"
31.217.15.177 - - [30/Jul/2019:13:27:06 +0000] "GET /uploads/thumbnails/57b3bdcd29cee710ccf986ef4060b0cc.JPG HTTP/1.1" 200 14792 "https://www.ing-victus.hr/kuce/bistrinci-renovirana-i-namjestena-kuca-7044-m2" "Mozilla/5.0 (Linux; Android 7.0; WAS-LX1 Build/HUAWEIWAS-LX1; wv) AppleWebKit/537.36 (KHTML, like Gecko) Version/4.0 Chrome/75.0.3770.143 Mobile Safari/537.36 [FB_IAB/FB4A;FBAV/231.0.0.39.113;]"
185.18.61.23 - - [30/Jul/2019:13:27:06 +0000] "GET /css/cookieconsent.min.css HTTP/1.1" 200 1209 "https://www.ing-victus.hr/kuce/kuca-na-izvrsnoj-lokaciji-8698-m2?fbclid=IwAR2jP8EXtef9L0l2Fa1eaVTbnuKCTNv800AknVl6cs0slXhwh5VGPK2Zr2s" "Mozilla/5.0 (Linux; Android 8.1.0; Point X502) AppleWebKit/537.36 (KHTML, like Gecko) Chrome/75.0.3770.143 Mobile Safari/537.36"
185.18.61.23 - - [30/Jul/2019:13:27:06 +0000] "GET /css/responsive.css?v=3 HTTP/1.1" 200 5283 "https://www.ing-victus.hr/kuce/kuca-na-izvrsnoj-lokaciji-8698-m2?fbclid=IwAR2jP8EXtef9L0l2Fa1eaVTbnuKCTNv800AknVl6cs0slXhwh5VGPK2Zr2s" "Mozilla/5.0 (Linux; Android 8.1.0; Point X502) AppleWebKit/537.36 (KHTML, like Gecko) Chrome/75.0.3770.143 Mobile Safari/537.36"
185.18.61.23 - - [30/Jul/2019:13:27:06 +0000] "GET /css/color-themes/default-theme.css?v=3 HTTP/1.1" 200 2227 "https://www.ing-victus.hr/kuce/kuca-na-izvrsnoj-lokaciji-8698-m2?fbclid=IwAR2jP8EXtef9L0l2Fa1eaVTbnuKCTNv800AknVl6cs0slXhwh5VGPK2Zr2s" "Mozilla/5.0 (Linux; Android 8.1.0; Point X502) AppleWebKit/537.36 (KHTML, like Gecko) Chrome/75.0.3770.143 Mobile Safari/537.36"
185.18.61.23 - - [30/Jul/2019:13:27:06 +0000] "GET /css/style.css?v=9 HTTP/1.1" 200 27694 "https://www.ing-victus.hr/kuce/kuca-na-izvrsnoj-lokaciji-8698-m2?fbclid=IwAR2jP8EXtef9L0l2Fa1eaVTbnuKCTNv800AknVl6cs0slXhwh5VGPK2Zr2s" "Mozilla/5.0 (Linux; Android 8.1.0; Point X502) AppleWebKit/537.36 (KHTML, like Gecko) Chrome/75.0.3770.143 Mobile Safari/537.36"
185.18.61.23 - - [30/Jul/2019:13:27:06 +0000] "GET /unitegallery/css/unite-gallery.css HTTP/1.1" 200 4825 "https://www.ing-victus.hr/kuce/kuca-na-izvrsnoj-lokaciji-8698-m2?fbclid=IwAR2jP8EXtef9L0l2Fa1eaVTbnuKCTNv800AknVl6cs0slXhwh5VGPK2Zr2s" "Mozilla/5.0 (Linux; Android 8.1.0; Point X502) AppleWebKit/537.36 (KHTML, like Gecko) Chrome/75.0.3770.143 Mobile Safari/537.36"
31.217.15.177 - - [30/Jul/2019:13:27:06 +0000] "GET /images/background/3.jpg HTTP/1.1" 200 1208371 "https://www.ing-victus.hr/kuce/bistrinci-renovirana-i-namjestena-kuca-7044-m2" "Mozilla/5.0 (Linux; Android 7.0; WAS-LX1 Build/HUAWEIWAS-LX1; wv) AppleWebKit/537.36 (KHTML, like Gecko) Version/4.0 Chrome/75.0.3770.143 Mobile Safari/537.36 [FB_IAB/FB4A;FBAV/231.0.0.39.113;]"
31.217.15.177 - - [30/Jul/2019:13:27:06 +0000] "GET /assets/plugins/flag/flags/4x3/hr.svg HTTP/1.1" 200 80697 "https://www.ing-victus.hr/assets/plugins/flag/css/flag-icon.css" "Mozilla/5.0 (Linux; Android 7.0; WAS-LX1 Build/HUAWEIWAS-LX1; wv) AppleWebKit/537.36 (KHTML, like Gecko) Version/4.0 Chrome/75.0.3770.143 Mobile Safari/537.36 [FB_IAB/FB4A;FBAV/231.0.0.39.113;]"
31.217.15.177 - - [30/Jul/2019:13:27:06 +0000] "GET /assets/plugins/flag/flags/4x3/gb.svg HTTP/1.1" 200 989 "https://www.ing-victus.hr/assets/plugins/flag/css/flag-icon.css" "Mozilla/5.0 (Linux; Android 7.0; WAS-LX1 Build/HUAWEIWAS-LX1; wv) AppleWebKit/537.36 (KHTML, like Gecko) Version/4.0 Chrome/75.0.3770.143 Mobile Safari/537.36 [FB_IAB/FB4A;FBAV/231.0.0.39.113;]"
185.18.61.23 - - [30/Jul/2019:13:27:06 +0000] "GET /js/jquery.js HTTP/1.1" 200 33760 "https://www.ing-victus.hr/kuce/kuca-na-izvrsnoj-lokaciji-8698-m2?fbclid=IwAR2jP8EXtef9L0l2Fa1eaVTbnuKCTNv800AknVl6cs0slXhwh5VGPK2Zr2s" "Mozilla/5.0 (Linux; Android 8.1.0; Point X502) AppleWebKit/537.36 (KHTML, like Gecko) Chrome/75.0.3770.143 Mobile Safari/537.36"
185.18.61.23 - - [30/Jul/2019:13:27:06 +0000] "GET /js/popper.min.js HTTP/1.1" 200 7239 "https://www.ing-victus.hr/kuce/kuca-na-izvrsnoj-lokaciji-8698-m2?fbclid=IwAR2jP8EXtef9L0l2Fa1eaVTbnuKCTNv800AknVl6cs0slXhwh5VGPK2Zr2s" "Mozilla/5.0 (Linux; Android 8.1.0; Point X502) AppleWebKit/537.36 (KHTML, like Gecko) Chrome/75.0.3770.143 Mobile Safari/537.36"
185.18.61.23 - - [30/Jul/2019:13:27:06 +0000] "GET /js/bootstrap.min.js HTTP/1.1" 200 14048 "https://www.ing-victus.hr/kuce/kuca-na-izvrsnoj-lokaciji-8698-m2?fbclid=IwAR2jP8EXtef9L0l2Fa1eaVTbnuKCTNv800AknVl6cs0slXhwh5VGPK2Zr2s" "Mozilla/5.0 (Linux; Android 8.1.0; Point X502) AppleWebKit/537.36 (KHTML, like Gecko) Chrome/75.0.3770.143 Mobile Safari/537.36"
185.18.61.23 - - [30/Jul/2019:13:27:06 +0000] "GET /images/logo-sticky.png HTTP/1.1" 200 1258 "https://www.ing-victus.hr/kuce/kuca-na-izvrsnoj-lokaciji-8698-m2?fbclid=IwAR2jP8EXtef9L0l2Fa1eaVTbnuKCTNv800AknVl6cs0slXhwh5VGPK2Zr2s" "Mozilla/5.0 (Linux; Android 8.1.0; Point X502) AppleWebKit/537.36 (KHTML, like Gecko) Chrome/75.0.3770.143 Mobile Safari/537.36"
185.18.61.23 - - [30/Jul/2019:13:27:06 +0000] "GET /images/logo-white.png HTTP/1.1" 200 1466 "https://www.ing-victus.hr/kuce/kuca-na-izvrsnoj-lokaciji-8698-m2?fbclid=IwAR2jP8EXtef9L0l2Fa1eaVTbnuKCTNv800AknVl6cs0slXhwh5VGPK2Zr2s" "Mozilla/5.0 (Linux; Android 8.1.0; Point X502) AppleWebKit/537.36 (KHTML, like Gecko) Chrome/75.0.3770.143 Mobile Safari/537.36"
185.18.61.23 - - [30/Jul/2019:13:27:06 +0000] "GET /js/jquery-ui.js HTTP/1.1" 200 125176 "https://www.ing-victus.hr/kuce/kuca-na-izvrsnoj-lokaciji-8698-m2?fbclid=IwAR2jP8EXtef9L0l2Fa1eaVTbnuKCTNv800AknVl6cs0slXhwh5VGPK2Zr2s" "Mozilla/5.0 (Linux; Android 8.1.0; Point X502) AppleWebKit/537.36 (KHTML, like Gecko) Chrome/75.0.3770.143 Mobile Safari/537.36"
185.18.61.23 - - [30/Jul/2019:13:27:07 +0000] "GET /js/jquery.fancybox.js HTTP/1.1" 200 36180 "https://www.ing-victus.hr/kuce/kuca-na-izvrsnoj-lokaciji-8698-m2?fbclid=IwAR2jP8EXtef9L0l2Fa1eaVTbnuKCTNv800AknVl6cs0slXhwh5VGPK2Zr2s" "Mozilla/5.0 (Linux; Android 8.1.0; Point X502) AppleWebKit/537.36 (KHTML, like Gecko) Chrome/75.0.3770.143 Mobile Safari/537.36"
185.18.61.23 - - [30/Jul/2019:13:27:07 +0000] "GET /js/wow.js HTTP/1.1" 200 2209 "https://www.ing-victus.hr/kuce/kuca-na-izvrsnoj-lokaciji-8698-m2?fbclid=IwAR2jP8EXtef9L0l2Fa1eaVTbnuKCTNv800AknVl6cs0slXhwh5VGPK2Zr2s" "Mozilla/5.0 (Linux; Android 8.1.0; Point X502) AppleWebKit/537.36 (KHTML, like Gecko) Chrome/75.0.3770.143 Mobile Safari/537.36"
185.18.61.23 - - [30/Jul/2019:13:27:07 +0000] "GET /js/owl.js HTTP/1.1" 200 18490 "https://www.ing-victus.hr/kuce/kuca-na-izvrsnoj-lokaciji-8698-m2?fbclid=IwAR2jP8EXtef9L0l2Fa1eaVTbnuKCTNv800AknVl6cs0slXhwh5VGPK2Zr2s" "Mozilla/5.0 (Linux; Android 8.1.0; Point X502) AppleWebKit/537.36 (KHTML, like Gecko) Chrome/75.0.3770.143 Mobile Safari/537.36"
185.18.61.23 - - [30/Jul/2019:13:27:07 +0000] "GET /css/flaticon.css HTTP/1.1" 200 2568 "https://www.ing-victus.hr/kuce/kuca-na-izvrsnoj-lokaciji-8698-m2?fbclid=IwAR2jP8EXtef9L0l2Fa1eaVTbnuKCTNv800AknVl6cs0slXhwh5VGPK2Zr2s" "Mozilla/5.0 (Linux; Android 8.1.0; Point X502) AppleWebKit/537.36 (KHTML, like Gecko) Chrome/75.0.3770.143 Mobile Safari/537.36"
185.18.61.23 - - [30/Jul/2019:13:27:07 +0000] "GET /css/line-awesome.css HTTP/1.1" 200 6330 "https://www.ing-victus.hr/kuce/kuca-na-izvrsnoj-lokaciji-8698-m2?fbclid=IwAR2jP8EXtef9L0l2Fa1eaVTbnuKCTNv800AknVl6cs0slXhwh5VGPK2Zr2s" "Mozilla/5.0 (Linux; Android 8.1.0; Point X502) AppleWebKit/537.36 (KHTML, like Gecko) Chrome/75.0.3770.143 Mobile Safari/537.36"
185.18.61.23 - - [30/Jul/2019:13:27:07 +0000] "GET /css/animate.css HTTP/1.1" 200 4629 "https://www.ing-victus.hr/kuce/kuca-na-izvrsnoj-lokaciji-8698-m2?fbclid=IwAR2jP8EXtef9L0l2Fa1eaVTbnuKCTNv800AknVl6cs0slXhwh5VGPK2Zr2s" "Mozilla/5.0 (Linux; Android 8.1.0; Point X502) AppleWebKit/537.36 (KHTML, like Gecko) Chrome/75.0.3770.143 Mobile Safari/537.36"
185.18.61.23 - - [30/Jul/2019:13:27:07 +0000] "GET /css/owl.css HTTP/1.1" 200 1159 "https://www.ing-victus.hr/kuce/kuca-na-izvrsnoj-lokaciji-8698-m2?fbclid=IwAR2jP8EXtef9L0l2Fa1eaVTbnuKCTNv800AknVl6cs0slXhwh5VGPK2Zr2s" "Mozilla/5.0 (Linux; Android 8.1.0; Point X502) AppleWebKit/537.36 (KHTML, like Gecko) Chrome/75.0.3770.143 Mobile Safari/537.36"
185.18.61.23 - - [30/Jul/2019:13:27:07 +0000] "GET /css/jquery-ui.css HTTP/1.1" 200 8372 "https://www.ing-victus.hr/kuce/kuca-na-izvrsnoj-lokaciji-8698-m2?fbclid=IwAR2jP8EXtef9L0l2Fa1eaVTbnuKCTNv800AknVl6cs0slXhwh5VGPK2Zr2s" "Mozilla/5.0 (Linux; Android 8.1.0; Point X502) AppleWebKit/537.36 (KHTML, like Gecko) Chrome/75.0.3770.143 Mobile Safari/537.36"
185.18.61.23 - - [30/Jul/2019:13:27:07 +0000] "GET /css/jquery.fancybox.min.css HTTP/1.1" 200 3155 "https://www.ing-victus.hr/kuce/kuca-na-izvrsnoj-lokaciji-8698-m2?fbclid=IwAR2jP8EXtef9L0l2Fa1eaVTbnuKCTNv800AknVl6cs0slXhwh5VGPK2Zr2s" "Mozilla/5.0 (Linux; Android 8.1.0; Point X502) AppleWebKit/537.36 (KHTML, like Gecko) Chrome/75.0.3770.143 Mobile Safari/537.36"
185.18.61.23 - - [30/Jul/2019:13:27:07 +0000] "GET /js/isotope.js HTTP/1.1" 200 10182 "https://www.ing-victus.hr/kuce/kuca-na-izvrsnoj-lokaciji-8698-m2?fbclid=IwAR2jP8EXtef9L0l2Fa1eaVTbnuKCTNv800AknVl6cs0slXhwh5VGPK2Zr2s" "Mozilla/5.0 (Linux; Android 8.1.0; Point X502) AppleWebKit/537.36 (KHTML, like Gecko) Chrome/75.0.3770.143 Mobile Safari/537.36"
185.18.61.23 - - [30/Jul/2019:13:27:07 +0000] "GET /js/appear.js HTTP/1.1" 200 1359 "https://www.ing-victus.hr/kuce/kuca-na-izvrsnoj-lokaciji-8698-m2?fbclid=IwAR2jP8EXtef9L0l2Fa1eaVTbnuKCTNv800AknVl6cs0slXhwh5VGPK2Zr2s" "Mozilla/5.0 (Linux; Android 8.1.0; Point X502) AppleWebKit/537.36 (KHTML, like Gecko) Chrome/75.0.3770.143 Mobile Safari/537.36"
185.18.61.23 - - [30/Jul/2019:13:27:07 +0000] "GET /js/script.js?v=2 HTTP/1.1" 200 3465 "https://www.ing-victus.hr/kuce/kuca-na-izvrsnoj-lokaciji-8698-m2?fbclid=IwAR2jP8EXtef9L0l2Fa1eaVTbnuKCTNv800AknVl6cs0slXhwh5VGPK2Zr2s" "Mozilla/5.0 (Linux; Android 8.1.0; Point X502) AppleWebKit/537.36 (KHTML, like Gecko) Chrome/75.0.3770.143 Mobile Safari/537.36"
185.18.61.23 - - [30/Jul/2019:13:27:07 +0000] "GET /js/cookieconsent.min.js HTTP/1.1" 200 6849 "https://www.ing-victus.hr/kuce/kuca-na-izvrsnoj-lokaciji-8698-m2?fbclid=IwAR2jP8EXtef9L0l2Fa1eaVTbnuKCTNv800AknVl6cs0slXhwh5VGPK2Zr2s" "Mozilla/5.0 (Linux; Android 8.1.0; Point X502) AppleWebKit/537.36 (KHTML, like Gecko) Chrome/75.0.3770.143 Mobile Safari/537.36"
185.18.61.23 - - [30/Jul/2019:13:27:07 +0000] "GET /unitegallery/js/jquery-11.0.min.js HTTP/1.1" 200 33369 "https://www.ing-victus.hr/kuce/kuca-na-izvrsnoj-lokaciji-8698-m2?fbclid=IwAR2jP8EXtef9L0l2Fa1eaVTbnuKCTNv800AknVl6cs0slXhwh5VGPK2Zr2s" "Mozilla/5.0 (Linux; Android 8.1.0; Point X502) AppleWebKit/537.36 (KHTML, like Gecko) Chrome/75.0.3770.143 Mobile Safari/537.36"
31.217.15.177 - - [30/Jul/2019:13:27:07 +0000] "GET /uploads/images/d181b76fcf616e6ccddedd3c00296ff8.jpg HTTP/1.1" 200 331760 "https://www.ing-victus.hr/kuce/bistrinci-renovirana-i-namjestena-kuca-7044-m2" "Mozilla/5.0 (Linux; Android 7.0; WAS-LX1 Build/HUAWEIWAS-LX1; wv) AppleWebKit/537.36 (KHTML, like Gecko) Version/4.0 Chrome/75.0.3770.143 Mobile Safari/537.36 [FB_IAB/FB4A;FBAV/231.0.0.39.113;]"
31.217.15.177 - - [30/Jul/2019:13:27:07 +0000] "GET /uploads/images/57b3bdcd29cee710ccf986ef4060b0cc.JPG HTTP/1.1" 200 61195 "https://www.ing-victus.hr/kuce/bistrinci-renovirana-i-namjestena-kuca-7044-m2" "Mozilla/5.0 (Linux; Android 7.0; WAS-LX1 Build/HUAWEIWAS-LX1; wv) AppleWebKit/537.36 (KHTML, like Gecko) Version/4.0 Chrome/75.0.3770.143 Mobile Safari/537.36 [FB_IAB/FB4A;FBAV/231.0.0.39.113;]"
185.18.61.23 - - [30/Jul/2019:13:27:07 +0000] "GET /unitegallery/js/unitegallery.min.js HTTP/1.1" 200 66910 "https://www.ing-victus.hr/kuce/kuca-na-izvrsnoj-lokaciji-8698-m2?fbclid=IwAR2jP8EXtef9L0l2Fa1eaVTbnuKCTNv800AknVl6cs0slXhwh5VGPK2Zr2s" "Mozilla/5.0 (Linux; Android 8.1.0; Point X502) AppleWebKit/537.36 (KHTML, like Gecko) Chrome/75.0.3770.143 Mobile Safari/537.36"
31.217.15.177 - - [30/Jul/2019:13:27:07 +0000] "GET /uploads/images/8b27e048156ea46a477847f529e30b6d.jpg HTTP/1.1" 200 253594 "https://www.ing-victus.hr/kuce/bistrinci-renovirana-i-namjestena-kuca-7044-m2" "Mozilla/5.0 (Linux; Android 7.0; WAS-LX1 Build/HUAWEIWAS-LX1; wv) AppleWebKit/537.36 (KHTML, like Gecko) Version/4.0 Chrome/75.0.3770.143 Mobile Safari/537.36 [FB_IAB/FB4A;FBAV/231.0.0.39.113;]"
185.18.61.23 - - [30/Jul/2019:13:27:07 +0000] "GET /uploads/thumbnails/001fca0c24a31a661bcb537ad85e25c2.jpg HTTP/1.1" 200 39199 "https://www.ing-victus.hr/kuce/kuca-na-izvrsnoj-lokaciji-8698-m2?fbclid=IwAR2jP8EXtef9L0l2Fa1eaVTbnuKCTNv800AknVl6cs0slXhwh5VGPK2Zr2s" "Mozilla/5.0 (Linux; Android 8.1.0; Point X502) AppleWebKit/537.36 (KHTML, like Gecko) Chrome/75.0.3770.143 Mobile Safari/537.36"
185.18.61.23 - - [30/Jul/2019:13:27:07 +0000] "GET /unitegallery/themes/compact/ug-theme-compact.js HTTP/1.1" 200 2477 "https://www.ing-victus.hr/kuce/kuca-na-izvrsnoj-lokaciji-8698-m2?fbclid=IwAR2jP8EXtef9L0l2Fa1eaVTbnuKCTNv800AknVl6cs0slXhwh5VGPK2Zr2s" "Mozilla/5.0 (Linux; Android 8.1.0; Point X502) AppleWebKit/537.36 (KHTML, like Gecko) Chrome/75.0.3770.143 Mobile Safari/537.36"
185.18.61.23 - - [30/Jul/2019:13:27:07 +0000] "GET /uploads/thumbnails/167405a1174ec8e47c2b3a701da1cb78.jpg HTTP/1.1" 200 29696 "https://www.ing-victus.hr/kuce/kuca-na-izvrsnoj-lokaciji-8698-m2?fbclid=IwAR2jP8EXtef9L0l2Fa1eaVTbnuKCTNv800AknVl6cs0slXhwh5VGPK2Zr2s" "Mozilla/5.0 (Linux; Android 8.1.0; Point X502) AppleWebKit/537.36 (KHTML, like Gecko) Chrome/75.0.3770.143 Mobile Safari/537.36"
185.18.61.23 - - [30/Jul/2019:13:27:07 +0000] "GET /uploads/thumbnails/7ac1a16fedd89ba704b05903b0683552.jpg HTTP/1.1" 200 40398 "https://www.ing-victus.hr/kuce/kuca-na-izvrsnoj-lokaciji-8698-m2?fbclid=IwAR2jP8EXtef9L0l2Fa1eaVTbnuKCTNv800AknVl6cs0slXhwh5VGPK2Zr2s" "Mozilla/5.0 (Linux; Android 8.1.0; Point X502) AppleWebKit/537.36 (KHTML, like Gecko) Chrome/75.0.3770.143 Mobile Safari/537.36"
185.18.61.23 - - [30/Jul/2019:13:27:07 +0000] "GET /uploads/thumbnails/bed5502d7b2b722a8268e1fae9d7453e.jpg HTTP/1.1" 200 38527 "https://www.ing-victus.hr/kuce/kuca-na-izvrsnoj-lokaciji-8698-m2?fbclid=IwAR2jP8EXtef9L0l2Fa1eaVTbnuKCTNv800AknVl6cs0slXhwh5VGPK2Zr2s" "Mozilla/5.0 (Linux; Android 8.1.0; Point X502) AppleWebKit/537.36 (KHTML, like Gecko) Chrome/75.0.3770.143 Mobile Safari/537.36"
185.18.61.23 - - [30/Jul/2019:13:27:07 +0000] "GET /uploads/thumbnails/7742d7ff785114a4a0ed7d3d44449e83.jpg HTTP/1.1" 200 44882 "https://www.ing-victus.hr/kuce/kuca-na-izvrsnoj-lokaciji-8698-m2?fbclid=IwAR2jP8EXtef9L0l2Fa1eaVTbnuKCTNv800AknVl6cs0slXhwh5VGPK2Zr2s" "Mozilla/5.0 (Linux; Android 8.1.0; Point X502) AppleWebKit/537.36 (KHTML, like Gecko) Chrome/75.0.3770.143 Mobile Safari/537.36"
185.18.61.23 - - [30/Jul/2019:13:27:07 +0000] "GET /uploads/thumbnails/8cd537622c9512aad0155bea12ac8c54.jpg HTTP/1.1" 200 39327 "https://www.ing-victus.hr/kuce/kuca-na-izvrsnoj-lokaciji-8698-m2?fbclid=IwAR2jP8EXtef9L0l2Fa1eaVTbnuKCTNv800AknVl6cs0slXhwh5VGPK2Zr2s" "Mozilla/5.0 (Linux; Android 8.1.0; Point X502) AppleWebKit/537.36 (KHTML, like Gecko) Chrome/75.0.3770.143 Mobile Safari/537.36"
185.18.61.23 - - [30/Jul/2019:13:27:07 +0000] "GET /uploads/thumbnails/916e617e8a3c004a757828ecf58e79c7.jpg HTTP/1.1" 200 39075 "https://www.ing-victus.hr/kuce/kuca-na-izvrsnoj-lokaciji-8698-m2?fbclid=IwAR2jP8EXtef9L0l2Fa1eaVTbnuKCTNv800AknVl6cs0slXhwh5VGPK2Zr2s" "Mozilla/5.0 (Linux; Android 8.1.0; Point X502) AppleWebKit/537.36 (KHTML, like Gecko) Chrome/75.0.3770.143 Mobile Safari/537.36"
185.18.61.23 - - [30/Jul/2019:13:27:07 +0000] "GET /uploads/thumbnails/685a96f5189b55d5e47591bbede8af42.jpg HTTP/1.1" 200 47527 "https://www.ing-victus.hr/kuce/kuca-na-izvrsnoj-lokaciji-8698-m2?fbclid=IwAR2jP8EXtef9L0l2Fa1eaVTbnuKCTNv800AknVl6cs0slXhwh5VGPK2Zr2s" "Mozilla/5.0 (Linux; Android 8.1.0; Point X502) AppleWebKit/537.36 (KHTML, like Gecko) Chrome/75.0.3770.143 Mobile Safari/537.36"
185.18.61.23 - - [30/Jul/2019:13:27:07 +0000] "GET /uploads/thumbnails/47156061cbee0a6131a781274de40560.jpg HTTP/1.1" 200 52326 "https://www.ing-victus.hr/kuce/kuca-na-izvrsnoj-lokaciji-8698-m2?fbclid=IwAR2jP8EXtef9L0l2Fa1eaVTbnuKCTNv800AknVl6cs0slXhwh5VGPK2Zr2s" "Mozilla/5.0 (Linux; Android 8.1.0; Point X502) AppleWebKit/537.36 (KHTML, like Gecko) Chrome/75.0.3770.143 Mobile Safari/537.36"
185.18.61.23 - - [30/Jul/2019:13:27:07 +0000] "GET /fonts/line-awesome.woff2?v=1.1. HTTP/1.1" 200 45108 "https://www.ing-victus.hr/css/line-awesome.css" "Mozilla/5.0 (Linux; Android 8.1.0; Point X502) AppleWebKit/537.36 (KHTML, like Gecko) Chrome/75.0.3770.143 Mobile Safari/537.36"
185.18.61.23 - - [30/Jul/2019:13:27:07 +0000] "GET /uploads/thumbnails/b6d356bd5aa8e02961ba0cadfff682ff.jpg HTTP/1.1" 200 24530 "https://www.ing-victus.hr/kuce/kuca-na-izvrsnoj-lokaciji-8698-m2?fbclid=IwAR2jP8EXtef9L0l2Fa1eaVTbnuKCTNv800AknVl6cs0slXhwh5VGPK2Zr2s" "Mozilla/5.0 (Linux; Android 8.1.0; Point X502) AppleWebKit/537.36 (KHTML, like Gecko) Chrome/75.0.3770.143 Mobile Safari/537.36"
185.18.61.23 - - [30/Jul/2019:13:27:07 +0000] "GET /uploads/thumbnails/87f257d6468f5294130d9f0158710092.jpg HTTP/1.1" 200 31342 "https://www.ing-victus.hr/kuce/kuca-na-izvrsnoj-lokaciji-8698-m2?fbclid=IwAR2jP8EXtef9L0l2Fa1eaVTbnuKCTNv800AknVl6cs0slXhwh5VGPK2Zr2s" "Mozilla/5.0 (Linux; Android 8.1.0; Point X502) AppleWebKit/537.36 (KHTML, like Gecko) Chrome/75.0.3770.143 Mobile Safari/537.36"
185.18.61.23 - - [30/Jul/2019:13:27:07 +0000] "GET /fonts/Flaticon.woff HTTP/1.1" 200 55964 "https://www.ing-victus.hr/css/flaticon.css" "Mozilla/5.0 (Linux; Android 8.1.0; Point X502) AppleWebKit/537.36 (KHTML, like Gecko) Chrome/75.0.3770.143 Mobile Safari/537.36"
185.18.61.23 - - [30/Jul/2019:13:27:07 +0000] "GET /uploads/thumbnails/75a6b0d3c849b6b6abb32bae1682b8a0.jpg HTTP/1.1" 200 59565 "https://www.ing-victus.hr/kuce/kuca-na-izvrsnoj-lokaciji-8698-m2?fbclid=IwAR2jP8EXtef9L0l2Fa1eaVTbnuKCTNv800AknVl6cs0slXhwh5VGPK2Zr2s" "Mozilla/5.0 (Linux; Android 8.1.0; Point X502) AppleWebKit/537.36 (KHTML, like Gecko) Chrome/75.0.3770.143 Mobile Safari/537.36"
185.18.61.23 - - [30/Jul/2019:13:27:07 +0000] "GET /uploads/thumbnails/225c9d0e447a33bca6874a714d42b695.jpg HTTP/1.1" 200 55165 "https://www.ing-victus.hr/kuce/kuca-na-izvrsnoj-lokaciji-8698-m2?fbclid=IwAR2jP8EXtef9L0l2Fa1eaVTbnuKCTNv800AknVl6cs0slXhwh5VGPK2Zr2s" "Mozilla/5.0 (Linux; Android 8.1.0; Point X502) AppleWebKit/537.36 (KHTML, like Gecko) Chrome/75.0.3770.143 Mobile Safari/537.36"
185.18.61.23 - - [30/Jul/2019:13:27:08 +0000] "GET /images/icons/preloader.svg?v=2 HTTP/1.1" 200 686 "https://www.ing-victus.hr/css/style.css?v=9" "Mozilla/5.0 (Linux; Android 8.1.0; Point X502) AppleWebKit/537.36 (KHTML, like Gecko) Chrome/75.0.3770.143 Mobile Safari/537.36"
185.18.61.23 - - [30/Jul/2019:13:27:08 +0000] "GET /uploads/thumbnails/9749f2694d9ba5571745e3bfb6070414.jpg HTTP/1.1" 200 30178 "https://www.ing-victus.hr/kuce/kuca-na-izvrsnoj-lokaciji-8698-m2?fbclid=IwAR2jP8EXtef9L0l2Fa1eaVTbnuKCTNv800AknVl6cs0slXhwh5VGPK2Zr2s" "Mozilla/5.0 (Linux; Android 8.1.0; Point X502) AppleWebKit/537.36 (KHTML, like Gecko) Chrome/75.0.3770.143 Mobile Safari/537.36"
185.18.61.23 - - [30/Jul/2019:13:27:08 +0000] "GET /uploads/thumbnails/7466c1e7e6c553ef86519139ac5c0480.jpg HTTP/1.1" 200 23667 "https://www.ing-victus.hr/kuce/kuca-na-izvrsnoj-lokaciji-8698-m2?fbclid=IwAR2jP8EXtef9L0l2Fa1eaVTbnuKCTNv800AknVl6cs0slXhwh5VGPK2Zr2s" "Mozilla/5.0 (Linux; Android 8.1.0; Point X502) AppleWebKit/537.36 (KHTML, like Gecko) Chrome/75.0.3770.143 Mobile Safari/537.36"
185.18.61.23 - - [30/Jul/2019:13:27:08 +0000] "GET /uploads/thumbnails/ab7547c1b6bf6a10001c7b0373585514.jpg HTTP/1.1" 200 31439 "https://www.ing-victus.hr/kuce/kuca-na-izvrsnoj-lokaciji-8698-m2?fbclid=IwAR2jP8EXtef9L0l2Fa1eaVTbnuKCTNv800AknVl6cs0slXhwh5VGPK2Zr2s" "Mozilla/5.0 (Linux; Android 8.1.0; Point X502) AppleWebKit/537.36 (KHTML, like Gecko) Chrome/75.0.3770.143 Mobile Safari/537.36"
185.18.61.23 - - [30/Jul/2019:13:27:08 +0000] "GET /images/background/16.jpg HTTP/1.1" 200 484974 "https://www.ing-victus.hr/kuce/kuca-na-izvrsnoj-lokaciji-8698-m2?fbclid=IwAR2jP8EXtef9L0l2Fa1eaVTbnuKCTNv800AknVl6cs0slXhwh5VGPK2Zr2s" "Mozilla/5.0 (Linux; Android 8.1.0; Point X502) AppleWebKit/537.36 (KHTML, like Gecko) Chrome/75.0.3770.143 Mobile Safari/537.36"
185.18.61.23 - - [30/Jul/2019:13:27:08 +0000] "GET /uploads/thumbnails/ecd89d33c1caada0f3df65fb63c5e849.JPG HTTP/1.1" 200 26488 "https://www.ing-victus.hr/kuce/kuca-na-izvrsnoj-lokaciji-8698-m2?fbclid=IwAR2jP8EXtef9L0l2Fa1eaVTbnuKCTNv800AknVl6cs0slXhwh5VGPK2Zr2s" "Mozilla/5.0 (Linux; Android 8.1.0; Point X502) AppleWebKit/537.36 (KHTML, like Gecko) Chrome/75.0.3770.143 Mobile Safari/537.36"
185.18.61.23 - - [30/Jul/2019:13:27:08 +0000] "GET /images/background/3.jpg HTTP/1.1" 200 1208371 "https://www.ing-victus.hr/kuce/kuca-na-izvrsnoj-lokaciji-8698-m2?fbclid=IwAR2jP8EXtef9L0l2Fa1eaVTbnuKCTNv800AknVl6cs0slXhwh5VGPK2Zr2s" "Mozilla/5.0 (Linux; Android 8.1.0; Point X502) AppleWebKit/537.36 (KHTML, like Gecko) Chrome/75.0.3770.143 Mobile Safari/537.36"
185.18.61.23 - - [30/Jul/2019:13:27:10 +0000] "GET /unitegallery/images/cover-grid.png HTTP/1.1" 200 933 "https://www.ing-victus.hr/unitegallery/css/unite-gallery.css" "Mozilla/5.0 (Linux; Android 8.1.0; Point X502) AppleWebKit/537.36 (KHTML, like Gecko) Chrome/75.0.3770.143 Mobile Safari/537.36"
185.18.61.23 - - [30/Jul/2019:13:27:10 +0000] "GET /unitegallery/images/loader.gif HTTP/1.1" 200 673 "https://www.ing-victus.hr/unitegallery/css/unite-gallery.css" "Mozilla/5.0 (Linux; Android 8.1.0; Point X502) AppleWebKit/537.36 (KHTML, like Gecko) Chrome/75.0.3770.143 Mobile Safari/537.36"
185.18.61.23 - - [30/Jul/2019:13:27:10 +0000] "GET /unitegallery/images/not_loaded.png HTTP/1.1" 200 858 "https://www.ing-victus.hr/unitegallery/css/unite-gallery.css" "Mozilla/5.0 (Linux; Android 8.1.0; Point X502) AppleWebKit/537.36 (KHTML, like Gecko) Chrome/75.0.3770.143 Mobile Safari/537.36"
185.18.61.23 - - [30/Jul/2019:13:27:10 +0000] "GET /unitegallery/images/loader-white1.gif HTTP/1.1" 200 2545 "https://www.ing-victus.hr/unitegallery/css/unite-gallery.css" "Mozilla/5.0 (Linux; Android 8.1.0; Point X502) AppleWebKit/537.36 (KHTML, like Gecko) Chrome/75.0.3770.143 Mobile Safari/537.36"
185.18.61.23 - - [30/Jul/2019:13:27:10 +0000] "GET /unitegallery/images/play-button-square.png HTTP/1.1" 200 4591 "https://www.ing-victus.hr/unitegallery/css/unite-gallery.css" "Mozilla/5.0 (Linux; Android 8.1.0; Point X502) AppleWebKit/537.36 (KHTML, like Gecko) Chrome/75.0.3770.143 Mobile Safari/537.36"
185.18.61.23 - - [30/Jul/2019:13:27:10 +0000] "GET /unitegallery/skins/default/slider_arrow_right.png HTTP/1.1" 200 505 "https://www.ing-victus.hr/unitegallery/css/unite-gallery.css" "Mozilla/5.0 (Linux; Android 8.1.0; Point X502) AppleWebKit/537.36 (KHTML, like Gecko) Chrome/75.0.3770.143 Mobile Safari/537.36"
185.18.61.23 - - [30/Jul/2019:13:27:10 +0000] "GET /unitegallery/skins/default/slider_arrow_left.png HTTP/1.1" 200 493 "https://www.ing-victus.hr/unitegallery/css/unite-gallery.css" "Mozilla/5.0 (Linux; Android 8.1.0; Point X502) AppleWebKit/537.36 (KHTML, like Gecko) Chrome/75.0.3770.143 Mobile Safari/537.36"
185.18.61.23 - - [30/Jul/2019:13:27:10 +0000] "GET /unitegallery/skins/default/button_fullscreen.png HTTP/1.1" 200 1146 "https://www.ing-victus.hr/unitegallery/css/unite-gallery.css" "Mozilla/5.0 (Linux; Android 8.1.0; Point X502) AppleWebKit/537.36 (KHTML, like Gecko) Chrome/75.0.3770.143 Mobile Safari/537.36"
185.18.61.23 - - [30/Jul/2019:13:27:10 +0000] "GET /unitegallery/images/loader-black1.gif HTTP/1.1" 200 5855 "https://www.ing-victus.hr/unitegallery/css/unite-gallery.css" "Mozilla/5.0 (Linux; Android 8.1.0; Point X502) AppleWebKit/537.36 (KHTML, like Gecko) Chrome/75.0.3770.143 Mobile Safari/537.36"
185.18.61.23 - - [30/Jul/2019:13:27:10 +0000] "GET /unitegallery/images/button-close.png HTTP/1.1" 200 7155 "https://www.ing-victus.hr/unitegallery/css/unite-gallery.css" "Mozilla/5.0 (Linux; Android 8.1.0; Point X502) AppleWebKit/537.36 (KHTML, like Gecko) Chrome/75.0.3770.143 Mobile Safari/537.36"
185.18.61.23 - - [30/Jul/2019:13:27:10 +0000] "GET /uploads/images/167405a1174ec8e47c2b3a701da1cb78.jpg HTTP/1.1" 200 180851 "https://www.ing-victus.hr/kuce/kuca-na-izvrsnoj-lokaciji-8698-m2?fbclid=IwAR2jP8EXtef9L0l2Fa1eaVTbnuKCTNv800AknVl6cs0slXhwh5VGPK2Zr2s" "Mozilla/5.0 (Linux; Android 8.1.0; Point X502) AppleWebKit/537.36 (KHTML, like Gecko) Chrome/75.0.3770.143 Mobile Safari/537.36"
185.18.61.23 - - [30/Jul/2019:13:27:10 +0000] "GET /uploads/images/ecd89d33c1caada0f3df65fb63c5e849.JPG HTTP/1.1" 200 54426 "https://www.ing-victus.hr/kuce/kuca-na-izvrsnoj-lokaciji-8698-m2?fbclid=IwAR2jP8EXtef9L0l2Fa1eaVTbnuKCTNv800AknVl6cs0slXhwh5VGPK2Zr2s" "Mozilla/5.0 (Linux; Android 8.1.0; Point X502) AppleWebKit/537.36 (KHTML, like Gecko) Chrome/75.0.3770.143 Mobile Safari/537.36"
185.18.61.23 - - [30/Jul/2019:13:27:10 +0000] "GET /uploads/images/001fca0c24a31a661bcb537ad85e25c2.jpg HTTP/1.1" 200 275802 "https://www.ing-victus.hr/kuce/kuca-na-izvrsnoj-lokaciji-8698-m2?fbclid=IwAR2jP8EXtef9L0l2Fa1eaVTbnuKCTNv800AknVl6cs0slXhwh5VGPK2Zr2s" "Mozilla/5.0 (Linux; Android 8.1.0; Point X502) AppleWebKit/537.36 (KHTML, like Gecko) Chrome/75.0.3770.143 Mobile Safari/537.36"
195.29.239.66 - - [30/Jul/2019:13:27:10 +0000] "GET /uploads/images/4586a0fdf62d3c3f3bc5991e79dd2314.jpg HTTP/1.1" 200 205817 "https://www.ing-victus.hr/kuce/bistrinci-renovirana-i-namjestena-kuca-7044-m2?fbclid=IwAR0XEOpJ3Ck084XSFcDPrCcvRN7w0EH_8yctHMKf1Rz7z3wfBXn4VlsQleA" "Mozilla/5.0 (Windows NT 10.0; Win64; x64) AppleWebKit/537.36 (KHTML, like Gecko) Chrome/75.0.3770.142 Safari/537.36"
195.29.239.66 - - [30/Jul/2019:13:27:11 +0000] "GET /uploads/images/3467070fc7bf8d9694a2b78dbc16578f.jpg HTTP/1.1" 200 216509 "https://www.ing-victus.hr/kuce/bistrinci-renovirana-i-namjestena-kuca-7044-m2?fbclid=IwAR0XEOpJ3Ck084XSFcDPrCcvRN7w0EH_8yctHMKf1Rz7z3wfBXn4VlsQleA" "Mozilla/5.0 (Windows NT 10.0; Win64; x64) AppleWebKit/537.36 (KHTML, like Gecko) Chrome/75.0.3770.142 Safari/537.36"
185.18.61.23 - - [30/Jul/2019:13:27:12 +0000] "GET /favicon-32x32.png HTTP/1.1" 200 1549 "https://www.ing-victus.hr/kuce/kuca-na-izvrsnoj-lokaciji-8698-m2?fbclid=IwAR2jP8EXtef9L0l2Fa1eaVTbnuKCTNv800AknVl6cs0slXhwh5VGPK2Zr2s" "Mozilla/5.0 (Linux; Android 8.1.0; Point X502) AppleWebKit/537.36 (KHTML, like Gecko) Chrome/75.0.3770.143 Mobile Safari/537.36"
185.18.61.23 - - [30/Jul/2019:13:27:12 +0000] "GET /apple-touch-icon.png HTTP/1.1" 200 7522 "https://www.ing-victus.hr/kuce/kuca-na-izvrsnoj-lokaciji-8698-m2?fbclid=IwAR2jP8EXtef9L0l2Fa1eaVTbnuKCTNv800AknVl6cs0slXhwh5VGPK2Zr2s" "Mozilla/5.0 (Linux; Android 8.1.0; Point X502) AppleWebKit/537.36 (KHTML, like Gecko) Chrome/75.0.3770.143 Mobile Safari/537.36"
185.18.61.23 - - [30/Jul/2019:13:27:12 +0000] "GET /site.webmanifest HTTP/1.1" 200 426 "https://www.ing-victus.hr/kuce/kuca-na-izvrsnoj-lokaciji-8698-m2?fbclid=IwAR2jP8EXtef9L0l2Fa1eaVTbnuKCTNv800AknVl6cs0slXhwh5VGPK2Zr2s" "Mozilla/5.0 (Linux; Android 8.1.0; Point X502) AppleWebKit/537.36 (KHTML, like Gecko) Chrome/75.0.3770.143 Mobile Safari/537.36"
31.217.15.177 - - [30/Jul/2019:13:27:12 +0000] "GET /uploads/images/63655a4dfca887f01d173a2d8c38ea4d.jpg HTTP/1.1" 200 336633 "https://www.ing-victus.hr/kuce/bistrinci-renovirana-i-namjestena-kuca-7044-m2" "Mozilla/5.0 (Linux; Android 7.0; WAS-LX1 Build/HUAWEIWAS-LX1; wv) AppleWebKit/537.36 (KHTML, like Gecko) Version/4.0 Chrome/75.0.3770.143 Mobile Safari/537.36 [FB_IAB/FB4A;FBAV/231.0.0.39.113;]"
185.18.61.23 - - [30/Jul/2019:13:27:13 +0000] "GET /images/icons/map-marker.png HTTP/1.1" 200 3191 "https://www.ing-victus.hr/kuce/kuca-na-izvrsnoj-lokaciji-8698-m2?fbclid=IwAR2jP8EXtef9L0l2Fa1eaVTbnuKCTNv800AknVl6cs0slXhwh5VGPK2Zr2s" "Mozilla/5.0 (Linux; Android 8.1.0; Point X502) AppleWebKit/537.36 (KHTML, like Gecko) Chrome/75.0.3770.143 Mobile Safari/537.36"
195.29.239.66 - - [30/Jul/2019:13:27:14 +0000] "GET /uploads/images/799a6c9f95d0c8f56332331090b6e985.jpg HTTP/1.1" 200 225406 "https://www.ing-victus.hr/kuce/bistrinci-renovirana-i-namjestena-kuca-7044-m2?fbclid=IwAR0XEOpJ3Ck084XSFcDPrCcvRN7w0EH_8yctHMKf1Rz7z3wfBXn4VlsQleA" "Mozilla/5.0 (Windows NT 10.0; Win64; x64) AppleWebKit/537.36 (KHTML, like Gecko) Chrome/75.0.3770.142 Safari/537.36"
31.217.15.177 - - [30/Jul/2019:13:27:14 +0000] "GET /uploads/images/54d1595ed3da5c1dd014cbb48a9db5a6.jpg HTTP/1.1" 200 386623 "https://www.ing-victus.hr/kuce/bistrinci-renovirana-i-namjestena-kuca-7044-m2" "Mozilla/5.0 (Linux; Android 7.0; WAS-LX1 Build/HUAWEIWAS-LX1; wv) AppleWebKit/537.36 (KHTML, like Gecko) Version/4.0 Chrome/75.0.3770.143 Mobile Safari/537.36 [FB_IAB/FB4A;FBAV/231.0.0.39.113;]"
31.217.15.177 - - [30/Jul/2019:13:27:16 +0000] "GET /uploads/images/330cdcfbc239d7924485ff7bf94a08ee.jpg HTTP/1.1" 200 464252 "https://www.ing-victus.hr/kuce/bistrinci-renovirana-i-namjestena-kuca-7044-m2" "Mozilla/5.0 (Linux; Android 7.0; WAS-LX1 Build/HUAWEIWAS-LX1; wv) AppleWebKit/537.36 (KHTML, like Gecko) Version/4.0 Chrome/75.0.3770.143 Mobile Safari/537.36 [FB_IAB/FB4A;FBAV/231.0.0.39.113;]"
195.29.239.66 - - [30/Jul/2019:13:27:16 +0000] "GET /uploads/images/3fb556e2a2539a99423078e30607dc1f.jpg HTTP/1.1" 200 236051 "https://www.ing-victus.hr/kuce/bistrinci-renovirana-i-namjestena-kuca-7044-m2?fbclid=IwAR0XEOpJ3Ck084XSFcDPrCcvRN7w0EH_8yctHMKf1Rz7z3wfBXn4VlsQleA" "Mozilla/5.0 (Windows NT 10.0; Win64; x64) AppleWebKit/537.36 (KHTML, like Gecko) Chrome/75.0.3770.142 Safari/537.36"
195.29.239.66 - - [30/Jul/2019:13:27:17 +0000] "GET /uploads/images/35b496b5214c7aa9c226dd39caca757d.jpg HTTP/1.1" 200 238810 "https://www.ing-victus.hr/kuce/bistrinci-renovirana-i-namjestena-kuca-7044-m2?fbclid=IwAR0XEOpJ3Ck084XSFcDPrCcvRN7w0EH_8yctHMKf1Rz7z3wfBXn4VlsQleA" "Mozilla/5.0 (Windows NT 10.0; Win64; x64) AppleWebKit/537.36 (KHTML, like Gecko) Chrome/75.0.3770.142 Safari/537.36"
31.217.15.177 - - [30/Jul/2019:13:27:18 +0000] "GET /uploads/images/45ae236071096f819258c7cd1a876e9b.jpg HTTP/1.1" 200 215334 "https://www.ing-victus.hr/kuce/bistrinci-renovirana-i-namjestena-kuca-7044-m2" "Mozilla/5.0 (Linux; Android 7.0; WAS-LX1 Build/HUAWEIWAS-LX1; wv) AppleWebKit/537.36 (KHTML, like Gecko) Version/4.0 Chrome/75.0.3770.143 Mobile Safari/537.36 [FB_IAB/FB4A;FBAV/231.0.0.39.113;]"
31.217.15.177 - - [30/Jul/2019:13:27:19 +0000] "GET /uploads/images/75f14c3a0b4af62dfe63d5250bf5235c.jpg HTTP/1.1" 200 245615 "https://www.ing-victus.hr/kuce/bistrinci-renovirana-i-namjestena-kuca-7044-m2" "Mozilla/5.0 (Linux; Android 7.0; WAS-LX1 Build/HUAWEIWAS-LX1; wv) AppleWebKit/537.36 (KHTML, like Gecko) Version/4.0 Chrome/75.0.3770.143 Mobile Safari/537.36 [FB_IAB/FB4A;FBAV/231.0.0.39.113;]"
31.217.15.177 - - [30/Jul/2019:13:27:21 +0000] "GET /uploads/images/ee5c63bdd37793e4a598853d6033f99c.jpg HTTP/1.1" 200 243518 "https://www.ing-victus.hr/kuce/bistrinci-renovirana-i-namjestena-kuca-7044-m2" "Mozilla/5.0 (Linux; Android 7.0; WAS-LX1 Build/HUAWEIWAS-LX1; wv) AppleWebKit/537.36 (KHTML, like Gecko) Version/4.0 Chrome/75.0.3770.143 Mobile Safari/537.36 [FB_IAB/FB4A;FBAV/231.0.0.39.113;]"
31.217.15.177 - - [30/Jul/2019:13:27:26 +0000] "GET /uploads/images/429deff28e85244d929e0ca7728afc15.jpg HTTP/1.1" 200 216673 "https://www.ing-victus.hr/kuce/bistrinci-renovirana-i-namjestena-kuca-7044-m2" "Mozilla/5.0 (Linux; Android 7.0; WAS-LX1 Build/HUAWEIWAS-LX1; wv) AppleWebKit/537.36 (KHTML, like Gecko) Version/4.0 Chrome/75.0.3770.143 Mobile Safari/537.36 [FB_IAB/FB4A;FBAV/231.0.0.39.113;]"
31.217.15.177 - - [30/Jul/2019:13:27:30 +0000] "GET /uploads/images/71f79300b0a04e7568f386848993b676.jpg HTTP/1.1" 200 180736 "https://www.ing-victus.hr/kuce/bistrinci-renovirana-i-namjestena-kuca-7044-m2" "Mozilla/5.0 (Linux; Android 7.0; WAS-LX1 Build/HUAWEIWAS-LX1; wv) AppleWebKit/537.36 (KHTML, like Gecko) Version/4.0 Chrome/75.0.3770.143 Mobile Safari/537.36 [FB_IAB/FB4A;FBAV/231.0.0.39.113;]"
31.217.15.177 - - [30/Jul/2019:13:27:32 +0000] "GET /uploads/images/4586a0fdf62d3c3f3bc5991e79dd2314.jpg HTTP/1.1" 200 205817 "https://www.ing-victus.hr/kuce/bistrinci-renovirana-i-namjestena-kuca-7044-m2" "Mozilla/5.0 (Linux; Android 7.0; WAS-LX1 Build/HUAWEIWAS-LX1; wv) AppleWebKit/537.36 (KHTML, like Gecko) Version/4.0 Chrome/75.0.3770.143 Mobile Safari/537.36 [FB_IAB/FB4A;FBAV/231.0.0.39.113;]"
31.217.15.177 - - [30/Jul/2019:13:27:35 +0000] "GET /uploads/images/3467070fc7bf8d9694a2b78dbc16578f.jpg HTTP/1.1" 200 216509 "https://www.ing-victus.hr/kuce/bistrinci-renovirana-i-namjestena-kuca-7044-m2" "Mozilla/5.0 (Linux; Android 7.0; WAS-LX1 Build/HUAWEIWAS-LX1; wv) AppleWebKit/537.36 (KHTML, like Gecko) Version/4.0 Chrome/75.0.3770.143 Mobile Safari/537.36 [FB_IAB/FB4A;FBAV/231.0.0.39.113;]"
31.217.15.177 - - [30/Jul/2019:13:27:36 +0000] "GET /uploads/images/799a6c9f95d0c8f56332331090b6e985.jpg HTTP/1.1" 200 225406 "https://www.ing-victus.hr/kuce/bistrinci-renovirana-i-namjestena-kuca-7044-m2" "Mozilla/5.0 (Linux; Android 7.0; WAS-LX1 Build/HUAWEIWAS-LX1; wv) AppleWebKit/537.36 (KHTML, like Gecko) Version/4.0 Chrome/75.0.3770.143 Mobile Safari/537.36 [FB_IAB/FB4A;FBAV/231.0.0.39.113;]"
31.217.15.177 - - [30/Jul/2019:13:27:41 +0000] "GET /uploads/images/3fb556e2a2539a99423078e30607dc1f.jpg HTTP/1.1" 200 236051 "https://www.ing-victus.hr/kuce/bistrinci-renovirana-i-namjestena-kuca-7044-m2" "Mozilla/5.0 (Linux; Android 7.0; WAS-LX1 Build/HUAWEIWAS-LX1; wv) AppleWebKit/537.36 (KHTML, like Gecko) Version/4.0 Chrome/75.0.3770.143 Mobile Safari/537.36 [FB_IAB/FB4A;FBAV/231.0.0.39.113;]"
31.217.15.177 - - [30/Jul/2019:13:27:41 +0000] "GET /uploads/images/35b496b5214c7aa9c226dd39caca757d.jpg HTTP/1.1" 200 238810 "https://www.ing-victus.hr/kuce/bistrinci-renovirana-i-namjestena-kuca-7044-m2" "Mozilla/5.0 (Linux; Android 7.0; WAS-LX1 Build/HUAWEIWAS-LX1; wv) AppleWebKit/537.36 (KHTML, like Gecko) Version/4.0 Chrome/75.0.3770.143 Mobile Safari/537.36 [FB_IAB/FB4A;FBAV/231.0.0.39.113;]"
185.18.61.23 - - [30/Jul/2019:13:28:13 +0000] "GET /kuce/kuca-na-izvrsnoj-lokaciji-8698-m2?fbclid=IwAR2jP8EXtef9L0l2Fa1eaVTbnuKCTNv800AknVl6cs0slXhwh5VGPK2Zr2s HTTP/1.1" 200 7191 "https://m.facebook.com/" "Mozilla/5.0 (Linux; Android 8.1.0; Point X502) AppleWebKit/537.36 (KHTML, like Gecko) Chrome/75.0.3770.143 Mobile Safari/537.36"
83.177.69.251 - - [30/Jul/2019:13:28:23 +0000] "GET /kuce/kuca-na-izvrsnoj-lokaciji-8698-m2?fbclid=IwAR3xGZRHCwr6Hnau9jXccN5wSw2M9mWeXfaZe5Uf6zlhZ2bv5hUBoYk29Sw HTTP/1.1" 200 7190 "https://m.facebook.com/" "Mozilla/5.0 (Linux; Android 4.4.4; GT-I9060I) AppleWebKit/537.36 (KHTML, like Gecko) Chrome/75.0.3770.101 Mobile Safari/537.36"
83.177.69.251 - - [30/Jul/2019:13:28:23 +0000] "GET /css/bootstrap.css HTTP/1.1" 200 21086 "https://www.ing-victus.hr/kuce/kuca-na-izvrsnoj-lokaciji-8698-m2?fbclid=IwAR3xGZRHCwr6Hnau9jXccN5wSw2M9mWeXfaZe5Uf6zlhZ2bv5hUBoYk29Sw" "Mozilla/5.0 (Linux; Android 4.4.4; GT-I9060I) AppleWebKit/537.36 (KHTML, like Gecko) Chrome/75.0.3770.101 Mobile Safari/537.36"
83.177.69.251 - - [30/Jul/2019:13:28:23 +0000] "GET /assets/plugins/flag/css/flag-icon.css HTTP/1.1" 200 2837 "https://www.ing-victus.hr/kuce/kuca-na-izvrsnoj-lokaciji-8698-m2?fbclid=IwAR3xGZRHCwr6Hnau9jXccN5wSw2M9mWeXfaZe5Uf6zlhZ2bv5hUBoYk29Sw" "Mozilla/5.0 (Linux; Android 4.4.4; GT-I9060I) AppleWebKit/537.36 (KHTML, like Gecko) Chrome/75.0.3770.101 Mobile Safari/537.36"
83.177.69.251 - - [30/Jul/2019:13:28:24 +0000] "GET /css/cookieconsent.min.css HTTP/1.1" 200 1209 "https://www.ing-victus.hr/kuce/kuca-na-izvrsnoj-lokaciji-8698-m2?fbclid=IwAR3xGZRHCwr6Hnau9jXccN5wSw2M9mWeXfaZe5Uf6zlhZ2bv5hUBoYk29Sw" "Mozilla/5.0 (Linux; Android 4.4.4; GT-I9060I) AppleWebKit/537.36 (KHTML, like Gecko) Chrome/75.0.3770.101 Mobile Safari/537.36"
83.177.69.251 - - [30/Jul/2019:13:28:24 +0000] "GET /css/style.css?v=9 HTTP/1.1" 200 27694 "https://www.ing-victus.hr/kuce/kuca-na-izvrsnoj-lokaciji-8698-m2?fbclid=IwAR3xGZRHCwr6Hnau9jXccN5wSw2M9mWeXfaZe5Uf6zlhZ2bv5hUBoYk29Sw" "Mozilla/5.0 (Linux; Android 4.4.4; GT-I9060I) AppleWebKit/537.36 (KHTML, like Gecko) Chrome/75.0.3770.101 Mobile Safari/537.36"
83.177.69.251 - - [30/Jul/2019:13:28:24 +0000] "GET /css/responsive.css?v=3 HTTP/1.1" 200 5283 "https://www.ing-victus.hr/kuce/kuca-na-izvrsnoj-lokaciji-8698-m2?fbclid=IwAR3xGZRHCwr6Hnau9jXccN5wSw2M9mWeXfaZe5Uf6zlhZ2bv5hUBoYk29Sw" "Mozilla/5.0 (Linux; Android 4.4.4; GT-I9060I) AppleWebKit/537.36 (KHTML, like Gecko) Chrome/75.0.3770.101 Mobile Safari/537.36"
83.177.69.251 - - [30/Jul/2019:13:28:24 +0000] "GET /css/color-themes/default-theme.css?v=3 HTTP/1.1" 200 2227 "https://www.ing-victus.hr/kuce/kuca-na-izvrsnoj-lokaciji-8698-m2?fbclid=IwAR3xGZRHCwr6Hnau9jXccN5wSw2M9mWeXfaZe5Uf6zlhZ2bv5hUBoYk29Sw" "Mozilla/5.0 (Linux; Android 4.4.4; GT-I9060I) AppleWebKit/537.36 (KHTML, like Gecko) Chrome/75.0.3770.101 Mobile Safari/537.36"
83.177.69.251 - - [30/Jul/2019:13:28:24 +0000] "GET /unitegallery/css/unite-gallery.css HTTP/1.1" 200 4825 "https://www.ing-victus.hr/kuce/kuca-na-izvrsnoj-lokaciji-8698-m2?fbclid=IwAR3xGZRHCwr6Hnau9jXccN5wSw2M9mWeXfaZe5Uf6zlhZ2bv5hUBoYk29Sw" "Mozilla/5.0 (Linux; Android 4.4.4; GT-I9060I) AppleWebKit/537.36 (KHTML, like Gecko) Chrome/75.0.3770.101 Mobile Safari/537.36"
83.177.69.251 - - [30/Jul/2019:13:28:24 +0000] "GET /images/logo-white.png HTTP/1.1" 200 1466 "https://www.ing-victus.hr/kuce/kuca-na-izvrsnoj-lokaciji-8698-m2?fbclid=IwAR3xGZRHCwr6Hnau9jXccN5wSw2M9mWeXfaZe5Uf6zlhZ2bv5hUBoYk29Sw" "Mozilla/5.0 (Linux; Android 4.4.4; GT-I9060I) AppleWebKit/537.36 (KHTML, like Gecko) Chrome/75.0.3770.101 Mobile Safari/537.36"
83.177.69.251 - - [30/Jul/2019:13:28:24 +0000] "GET /js/jquery.js HTTP/1.1" 200 33760 "https://www.ing-victus.hr/kuce/kuca-na-izvrsnoj-lokaciji-8698-m2?fbclid=IwAR3xGZRHCwr6Hnau9jXccN5wSw2M9mWeXfaZe5Uf6zlhZ2bv5hUBoYk29Sw" "Mozilla/5.0 (Linux; Android 4.4.4; GT-I9060I) AppleWebKit/537.36 (KHTML, like Gecko) Chrome/75.0.3770.101 Mobile Safari/537.36"
83.177.69.251 - - [30/Jul/2019:13:28:24 +0000] "GET /js/popper.min.js HTTP/1.1" 200 7239 "https://www.ing-victus.hr/kuce/kuca-na-izvrsnoj-lokaciji-8698-m2?fbclid=IwAR3xGZRHCwr6Hnau9jXccN5wSw2M9mWeXfaZe5Uf6zlhZ2bv5hUBoYk29Sw" "Mozilla/5.0 (Linux; Android 4.4.4; GT-I9060I) AppleWebKit/537.36 (KHTML, like Gecko) Chrome/75.0.3770.101 Mobile Safari/537.36"
83.177.69.251 - - [30/Jul/2019:13:28:24 +0000] "GET /js/bootstrap.min.js HTTP/1.1" 200 14048 "https://www.ing-victus.hr/kuce/kuca-na-izvrsnoj-lokaciji-8698-m2?fbclid=IwAR3xGZRHCwr6Hnau9jXccN5wSw2M9mWeXfaZe5Uf6zlhZ2bv5hUBoYk29Sw" "Mozilla/5.0 (Linux; Android 4.4.4; GT-I9060I) AppleWebKit/537.36 (KHTML, like Gecko) Chrome/75.0.3770.101 Mobile Safari/537.36"
83.177.69.251 - - [30/Jul/2019:13:28:25 +0000] "GET /js/jquery-ui.js HTTP/1.1" 200 125176 "https://www.ing-victus.hr/kuce/kuca-na-izvrsnoj-lokaciji-8698-m2?fbclid=IwAR3xGZRHCwr6Hnau9jXccN5wSw2M9mWeXfaZe5Uf6zlhZ2bv5hUBoYk29Sw" "Mozilla/5.0 (Linux; Android 4.4.4; GT-I9060I) AppleWebKit/537.36 (KHTML, like Gecko) Chrome/75.0.3770.101 Mobile Safari/537.36"
83.177.69.251 - - [30/Jul/2019:13:28:25 +0000] "GET /js/jquery.fancybox.js HTTP/1.1" 200 36180 "https://www.ing-victus.hr/kuce/kuca-na-izvrsnoj-lokaciji-8698-m2?fbclid=IwAR3xGZRHCwr6Hnau9jXccN5wSw2M9mWeXfaZe5Uf6zlhZ2bv5hUBoYk29Sw" "Mozilla/5.0 (Linux; Android 4.4.4; GT-I9060I) AppleWebKit/537.36 (KHTML, like Gecko) Chrome/75.0.3770.101 Mobile Safari/537.36"
83.177.69.251 - - [30/Jul/2019:13:28:25 +0000] "GET /js/owl.js HTTP/1.1" 200 18490 "https://www.ing-victus.hr/kuce/kuca-na-izvrsnoj-lokaciji-8698-m2?fbclid=IwAR3xGZRHCwr6Hnau9jXccN5wSw2M9mWeXfaZe5Uf6zlhZ2bv5hUBoYk29Sw" "Mozilla/5.0 (Linux; Android 4.4.4; GT-I9060I) AppleWebKit/537.36 (KHTML, like Gecko) Chrome/75.0.3770.101 Mobile Safari/537.36"
83.177.69.251 - - [30/Jul/2019:13:28:25 +0000] "GET /js/wow.js HTTP/1.1" 200 2209 "https://www.ing-victus.hr/kuce/kuca-na-izvrsnoj-lokaciji-8698-m2?fbclid=IwAR3xGZRHCwr6Hnau9jXccN5wSw2M9mWeXfaZe5Uf6zlhZ2bv5hUBoYk29Sw" "Mozilla/5.0 (Linux; Android 4.4.4; GT-I9060I) AppleWebKit/537.36 (KHTML, like Gecko) Chrome/75.0.3770.101 Mobile Safari/537.36"
83.177.69.251 - - [30/Jul/2019:13:28:25 +0000] "GET /js/isotope.js HTTP/1.1" 200 10182 "https://www.ing-victus.hr/kuce/kuca-na-izvrsnoj-lokaciji-8698-m2?fbclid=IwAR3xGZRHCwr6Hnau9jXccN5wSw2M9mWeXfaZe5Uf6zlhZ2bv5hUBoYk29Sw" "Mozilla/5.0 (Linux; Android 4.4.4; GT-I9060I) AppleWebKit/537.36 (KHTML, like Gecko) Chrome/75.0.3770.101 Mobile Safari/537.36"
83.177.69.251 - - [30/Jul/2019:13:28:25 +0000] "GET /js/appear.js HTTP/1.1" 200 1359 "https://www.ing-victus.hr/kuce/kuca-na-izvrsnoj-lokaciji-8698-m2?fbclid=IwAR3xGZRHCwr6Hnau9jXccN5wSw2M9mWeXfaZe5Uf6zlhZ2bv5hUBoYk29Sw" "Mozilla/5.0 (Linux; Android 4.4.4; GT-I9060I) AppleWebKit/537.36 (KHTML, like Gecko) Chrome/75.0.3770.101 Mobile Safari/537.36"
213.149.62.117 - - [30/Jul/2019:13:28:57 +0000] "GET /kuce/kuca-na-izvrsnoj-lokaciji-8698-m2 HTTP/1.1" 200 7121 "http://m.facebook.com/" "Mozilla/5.0 (Linux; Android 8.0.0; WAS-LX1 Build/HUAWEIWAS-LX1; wv) AppleWebKit/537.36 (KHTML, like Gecko) Version/4.0 Chrome/73.0.3683.90 Mobile Safari/537.36 [FB_IAB/FB4A;FBAV/215.0.0.45.98;]"
213.149.62.117 - - [30/Jul/2019:13:28:57 +0000] "GET /css/bootstrap.css HTTP/1.1" 200 21086 "https://www.ing-victus.hr/kuce/kuca-na-izvrsnoj-lokaciji-8698-m2" "Mozilla/5.0 (Linux; Android 8.0.0; WAS-LX1 Build/HUAWEIWAS-LX1; wv) AppleWebKit/537.36 (KHTML, like Gecko) Version/4.0 Chrome/73.0.3683.90 Mobile Safari/537.36 [FB_IAB/FB4A;FBAV/215.0.0.45.98;]"
213.149.62.117 - - [30/Jul/2019:13:28:57 +0000] "GET /assets/plugins/flag/css/flag-icon.css HTTP/1.1" 200 2837 "https://www.ing-victus.hr/kuce/kuca-na-izvrsnoj-lokaciji-8698-m2" "Mozilla/5.0 (Linux; Android 8.0.0; WAS-LX1 Build/HUAWEIWAS-LX1; wv) AppleWebKit/537.36 (KHTML, like Gecko) Version/4.0 Chrome/73.0.3683.90 Mobile Safari/537.36 [FB_IAB/FB4A;FBAV/215.0.0.45.98;]"
213.149.62.117 - - [30/Jul/2019:13:28:57 +0000] "GET /css/cookieconsent.min.css HTTP/1.1" 200 1209 "https://www.ing-victus.hr/kuce/kuca-na-izvrsnoj-lokaciji-8698-m2" "Mozilla/5.0 (Linux; Android 8.0.0; WAS-LX1 Build/HUAWEIWAS-LX1; wv) AppleWebKit/537.36 (KHTML, like Gecko) Version/4.0 Chrome/73.0.3683.90 Mobile Safari/537.36 [FB_IAB/FB4A;FBAV/215.0.0.45.98;]"
213.149.62.117 - - [30/Jul/2019:13:28:57 +0000] "GET /css/style.css?v=9 HTTP/1.1" 200 27694 "https://www.ing-victus.hr/kuce/kuca-na-izvrsnoj-lokaciji-8698-m2" "Mozilla/5.0 (Linux; Android 8.0.0; WAS-LX1 Build/HUAWEIWAS-LX1; wv) AppleWebKit/537.36 (KHTML, like Gecko) Version/4.0 Chrome/73.0.3683.90 Mobile Safari/537.36 [FB_IAB/FB4A;FBAV/215.0.0.45.98;]"
213.149.62.117 - - [30/Jul/2019:13:28:57 +0000] "GET /css/responsive.css?v=3 HTTP/1.1" 200 5283 "https://www.ing-victus.hr/kuce/kuca-na-izvrsnoj-lokaciji-8698-m2" "Mozilla/5.0 (Linux; Android 8.0.0; WAS-LX1 Build/HUAWEIWAS-LX1; wv) AppleWebKit/537.36 (KHTML, like Gecko) Version/4.0 Chrome/73.0.3683.90 Mobile Safari/537.36 [FB_IAB/FB4A;FBAV/215.0.0.45.98;]"
213.149.62.117 - - [30/Jul/2019:13:28:57 +0000] "GET /css/color-themes/default-theme.css?v=3 HTTP/1.1" 200 2227 "https://www.ing-victus.hr/kuce/kuca-na-izvrsnoj-lokaciji-8698-m2" "Mozilla/5.0 (Linux; Android 8.0.0; WAS-LX1 Build/HUAWEIWAS-LX1; wv) AppleWebKit/537.36 (KHTML, like Gecko) Version/4.0 Chrome/73.0.3683.90 Mobile Safari/537.36 [FB_IAB/FB4A;FBAV/215.0.0.45.98;]"
213.149.62.117 - - [30/Jul/2019:13:28:57 +0000] "GET /unitegallery/css/unite-gallery.css HTTP/1.1" 200 4825 "https://www.ing-victus.hr/kuce/kuca-na-izvrsnoj-lokaciji-8698-m2" "Mozilla/5.0 (Linux; Android 8.0.0; WAS-LX1 Build/HUAWEIWAS-LX1; wv) AppleWebKit/537.36 (KHTML, like Gecko) Version/4.0 Chrome/73.0.3683.90 Mobile Safari/537.36 [FB_IAB/FB4A;FBAV/215.0.0.45.98;]"
213.149.62.117 - - [30/Jul/2019:13:28:57 +0000] "GET /js/jquery.js HTTP/1.1" 200 33760 "https://www.ing-victus.hr/kuce/kuca-na-izvrsnoj-lokaciji-8698-m2" "Mozilla/5.0 (Linux; Android 8.0.0; WAS-LX1 Build/HUAWEIWAS-LX1; wv) AppleWebKit/537.36 (KHTML, like Gecko) Version/4.0 Chrome/73.0.3683.90 Mobile Safari/537.36 [FB_IAB/FB4A;FBAV/215.0.0.45.98;]"
213.149.62.117 - - [30/Jul/2019:13:28:57 +0000] "GET /images/logo-sticky.png HTTP/1.1" 200 1258 "https://www.ing-victus.hr/kuce/kuca-na-izvrsnoj-lokaciji-8698-m2" "Mozilla/5.0 (Linux; Android 8.0.0; WAS-LX1 Build/HUAWEIWAS-LX1; wv) AppleWebKit/537.36 (KHTML, like Gecko) Version/4.0 Chrome/73.0.3683.90 Mobile Safari/537.36 [FB_IAB/FB4A;FBAV/215.0.0.45.98;]"
213.149.62.117 - - [30/Jul/2019:13:28:57 +0000] "GET /images/logo-white.png HTTP/1.1" 200 1466 "https://www.ing-victus.hr/kuce/kuca-na-izvrsnoj-lokaciji-8698-m2" "Mozilla/5.0 (Linux; Android 8.0.0; WAS-LX1 Build/HUAWEIWAS-LX1; wv) AppleWebKit/537.36 (KHTML, like Gecko) Version/4.0 Chrome/73.0.3683.90 Mobile Safari/537.36 [FB_IAB/FB4A;FBAV/215.0.0.45.98;]"
213.149.62.117 - - [30/Jul/2019:13:28:57 +0000] "GET /js/bootstrap.min.js HTTP/1.1" 200 14048 "https://www.ing-victus.hr/kuce/kuca-na-izvrsnoj-lokaciji-8698-m2" "Mozilla/5.0 (Linux; Android 8.0.0; WAS-LX1 Build/HUAWEIWAS-LX1; wv) AppleWebKit/537.36 (KHTML, like Gecko) Version/4.0 Chrome/73.0.3683.90 Mobile Safari/537.36 [FB_IAB/FB4A;FBAV/215.0.0.45.98;]"
