213.101.248.191 - - [30/Jul/2019:13:23:52 +0000] "GET /uploads/thumbnails/225c9d0e447a33bca6874a714d42b695.jpg HTTP/1.1" 200 55165 "https://www.ing-victus.hr/kuce/kuca-na-izvrsnoj-lokaciji-8698-m2" "Mozilla/5.0 (Linux; Android 9; SM-A505FN Build/PPR1.180610.011; wv) AppleWebKit/537.36 (KHTML, like Gecko) Version/4.0 Chrome/75.0.3770.143 Mobile Safari/537.36 [FB_IAB/FB4A;FBAV/231.0.0.39.113;]"
213.101.248.191 - - [30/Jul/2019:13:23:52 +0000] "GET /uploads/thumbnails/ecd89d33c1caada0f3df65fb63c5e849.JPG HTTP/1.1" 200 26488 "https://www.ing-victus.hr/kuce/kuca-na-izvrsnoj-lokaciji-8698-m2" "Mozilla/5.0 (Linux; Android 9; SM-A505FN Build/PPR1.180610.011; wv) AppleWebKit/537.36 (KHTML, like Gecko) Version/4.0 Chrome/75.0.3770.143 Mobile Safari/537.36 [FB_IAB/FB4A;FBAV/231.0.0.39.113;]"
213.101.248.191 - - [30/Jul/2019:13:23:52 +0000] "GET /unitegallery/images/loader-white1.gif HTTP/1.1" 200 2545 "https://www.ing-victus.hr/unitegallery/css/unite-gallery.css" "Mozilla/5.0 (Linux; Android 9; SM-A505FN Build/PPR1.180610.011; wv) AppleWebKit/537.36 (KHTML, like Gecko) Version/4.0 Chrome/75.0.3770.143 Mobile Safari/537.36 [FB_IAB/FB4A;FBAV/231.0.0.39.113;]"
213.101.248.191 - - [30/Jul/2019:13:23:52 +0000] "GET /unitegallery/images/cover-grid.png HTTP/1.1" 200 933 "https://www.ing-victus.hr/unitegallery/css/unite-gallery.css" "Mozilla/5.0 (Linux; Android 9; SM-A505FN Build/PPR1.180610.011; wv) AppleWebKit/537.36 (KHTML, like Gecko) Version/4.0 Chrome/75.0.3770.143 Mobile Safari/537.36 [FB_IAB/FB4A;FBAV/231.0.0.39.113;]"
213.101.248.191 - - [30/Jul/2019:13:23:52 +0000] "GET /unitegallery/images/not_loaded.png HTTP/1.1" 200 858 "https://www.ing-victus.hr/unitegallery/css/unite-gallery.css" "Mozilla/5.0 (Linux; Android 9; SM-A505FN Build/PPR1.180610.011; wv) AppleWebKit/537.36 (KHTML, like Gecko) Version/4.0 Chrome/75.0.3770.143 Mobile Safari/537.36 [FB_IAB/FB4A;FBAV/231.0.0.39.113;]"
213.101.248.191 - - [30/Jul/2019:13:23:53 +0000] "GET /unitegallery/skins/default/button_fullscreen.png HTTP/1.1" 200 1146 "https://www.ing-victus.hr/unitegallery/css/unite-gallery.css" "Mozilla/5.0 (Linux; Android 9; SM-A505FN Build/PPR1.180610.011; wv) AppleWebKit/537.36 (KHTML, like Gecko) Version/4.0 Chrome/75.0.3770.143 Mobile Safari/537.36 [FB_IAB/FB4A;FBAV/231.0.0.39.113;]"
78.3.155.239 - - [30/Jul/2019:13:23:52 +0000] "GET /uploads/images/167405a1174ec8e47c2b3a701da1cb78.jpg HTTP/1.1" 200 180851 "https://www.ing-victus.hr/kuce/kuca-na-izvrsnoj-lokaciji-8698-m2" "Mozilla/5.0 (Linux; Android 9; EML-L29 Build/HUAWEIEML-L29; wv) AppleWebKit/537.36 (KHTML, like Gecko) Version/4.0 Chrome/75.0.3770.143 Mobile Safari/537.36 [FB_IAB/FB4A;FBAV/231.0.0.39.113;]"
213.101.248.191 - - [30/Jul/2019:13:23:53 +0000] "GET /unitegallery/images/button-close.png HTTP/1.1" 200 7155 "https://www.ing-victus.hr/unitegallery/css/unite-gallery.css" "Mozilla/5.0 (Linux; Android 9; SM-A505FN Build/PPR1.180610.011; wv) AppleWebKit/537.36 (KHTML, like Gecko) Version/4.0 Chrome/75.0.3770.143 Mobile Safari/537.36 [FB_IAB/FB4A;FBAV/231.0.0.39.113;]"
78.3.155.239 - - [30/Jul/2019:13:23:52 +0000] "GET /uploads/images/001fca0c24a31a661bcb537ad85e25c2.jpg HTTP/1.1" 200 275802 "https://www.ing-victus.hr/kuce/kuca-na-izvrsnoj-lokaciji-8698-m2" "Mozilla/5.0 (Linux; Android 9; EML-L29 Build/HUAWEIEML-L29; wv) AppleWebKit/537.36 (KHTML, like Gecko) Version/4.0 Chrome/75.0.3770.143 Mobile Safari/537.36 [FB_IAB/FB4A;FBAV/231.0.0.39.113;]"
213.101.248.191 - - [30/Jul/2019:13:23:53 +0000] "GET /unitegallery/skins/default/slider_arrow_right.png HTTP/1.1" 200 505 "https://www.ing-victus.hr/unitegallery/css/unite-gallery.css" "Mozilla/5.0 (Linux; Android 9; SM-A505FN Build/PPR1.180610.011; wv) AppleWebKit/537.36 (KHTML, like Gecko) Version/4.0 Chrome/75.0.3770.143 Mobile Safari/537.36 [FB_IAB/FB4A;FBAV/231.0.0.39.113;]"
213.101.248.191 - - [30/Jul/2019:13:23:53 +0000] "GET /unitegallery/skins/default/slider_arrow_left.png HTTP/1.1" 200 493 "https://www.ing-victus.hr/unitegallery/css/unite-gallery.css" "Mozilla/5.0 (Linux; Android 9; SM-A505FN Build/PPR1.180610.011; wv) AppleWebKit/537.36 (KHTML, like Gecko) Version/4.0 Chrome/75.0.3770.143 Mobile Safari/537.36 [FB_IAB/FB4A;FBAV/231.0.0.39.113;]"
78.3.155.239 - - [30/Jul/2019:13:23:53 +0000] "GET /uploads/images/ecd89d33c1caada0f3df65fb63c5e849.JPG HTTP/1.1" 200 54426 "https://www.ing-victus.hr/kuce/kuca-na-izvrsnoj-lokaciji-8698-m2" "Mozilla/5.0 (Linux; Android 9; EML-L29 Build/HUAWEIEML-L29; wv) AppleWebKit/537.36 (KHTML, like Gecko) Version/4.0 Chrome/75.0.3770.143 Mobile Safari/537.36 [FB_IAB/FB4A;FBAV/231.0.0.39.113;]"
213.101.248.191 - - [30/Jul/2019:13:23:53 +0000] "GET /uploads/images/167405a1174ec8e47c2b3a701da1cb78.jpg HTTP/1.1" 200 180851 "https://www.ing-victus.hr/kuce/kuca-na-izvrsnoj-lokaciji-8698-m2" "Mozilla/5.0 (Linux; Android 9; SM-A505FN Build/PPR1.180610.011; wv) AppleWebKit/537.36 (KHTML, like Gecko) Version/4.0 Chrome/75.0.3770.143 Mobile Safari/537.36 [FB_IAB/FB4A;FBAV/231.0.0.39.113;]"
77.219.134.178 - - [30/Jul/2019:13:23:53 +0000] "GET /uploads/images/8cd537622c9512aad0155bea12ac8c54.jpg HTTP/1.1" 200 283081 "https://www.ing-victus.hr/kuce/kuca-na-izvrsnoj-lokaciji-8698-m2?fbclid=IwAR3z0rPN-OEL_DmhMMdoeg_dd59GTHSstPdRnjKGskBxN0bgOrekE-Azs24" "Mozilla/5.0 (Linux; Android 7.0; HUAWEI VNS-L21) AppleWebKit/537.36 (KHTML, like Gecko) Chrome/75.0.3770.143 Mobile Safari/537.36"
213.101.248.191 - - [30/Jul/2019:13:23:52 +0000] "GET /images/background/3.jpg HTTP/1.1" 200 1208371 "https://www.ing-victus.hr/kuce/kuca-na-izvrsnoj-lokaciji-8698-m2" "Mozilla/5.0 (Linux; Android 9; SM-A505FN Build/PPR1.180610.011; wv) AppleWebKit/537.36 (KHTML, like Gecko) Version/4.0 Chrome/75.0.3770.143 Mobile Safari/537.36 [FB_IAB/FB4A;FBAV/231.0.0.39.113;]"
213.101.248.191 - - [30/Jul/2019:13:23:53 +0000] "GET /uploads/images/ecd89d33c1caada0f3df65fb63c5e849.JPG HTTP/1.1" 200 54426 "https://www.ing-victus.hr/kuce/kuca-na-izvrsnoj-lokaciji-8698-m2" "Mozilla/5.0 (Linux; Android 9; SM-A505FN Build/PPR1.180610.011; wv) AppleWebKit/537.36 (KHTML, like Gecko) Version/4.0 Chrome/75.0.3770.143 Mobile Safari/537.36 [FB_IAB/FB4A;FBAV/231.0.0.39.113;]"
213.101.248.191 - - [30/Jul/2019:13:23:53 +0000] "GET /uploads/images/001fca0c24a31a661bcb537ad85e25c2.jpg HTTP/1.1" 200 275802 "https://www.ing-victus.hr/kuce/kuca-na-izvrsnoj-lokaciji-8698-m2" "Mozilla/5.0 (Linux; Android 9; SM-A505FN Build/PPR1.180610.011; wv) AppleWebKit/537.36 (KHTML, like Gecko) Version/4.0 Chrome/75.0.3770.143 Mobile Safari/537.36 [FB_IAB/FB4A;FBAV/231.0.0.39.113;]"
78.3.155.239 - - [30/Jul/2019:13:23:53 +0000] "GET /favicon-16x16.png HTTP/1.1" 200 986 "https://www.ing-victus.hr/kuce/kuca-na-izvrsnoj-lokaciji-8698-m2" "Mozilla/5.0 (Linux; Android 9; EML-L29 Build/HUAWEIEML-L29; wv) AppleWebKit/537.36 (KHTML, like Gecko) Version/4.0 Chrome/75.0.3770.143 Mobile Safari/537.36 [FB_IAB/FB4A;FBAV/231.0.0.39.113;]"
78.3.155.239 - - [30/Jul/2019:13:23:53 +0000] "GET /favicon-32x32.png HTTP/1.1" 200 1549 "https://www.ing-victus.hr/kuce/kuca-na-izvrsnoj-lokaciji-8698-m2" "Mozilla/5.0 (Linux; Android 9; EML-L29 Build/HUAWEIEML-L29; wv) AppleWebKit/537.36 (KHTML, like Gecko) Version/4.0 Chrome/75.0.3770.143 Mobile Safari/537.36 [FB_IAB/FB4A;FBAV/231.0.0.39.113;]"
78.3.155.239 - - [30/Jul/2019:13:23:54 +0000] "GET /images/icons/map-marker.png HTTP/1.1" 200 3191 "https://www.ing-victus.hr/kuce/kuca-na-izvrsnoj-lokaciji-8698-m2" "Mozilla/5.0 (Linux; Android 9; EML-L29 Build/HUAWEIEML-L29; wv) AppleWebKit/537.36 (KHTML, like Gecko) Version/4.0 Chrome/75.0.3770.143 Mobile Safari/537.36 [FB_IAB/FB4A;FBAV/231.0.0.39.113;]"
77.219.134.178 - - [30/Jul/2019:13:23:54 +0000] "GET /uploads/images/916e617e8a3c004a757828ecf58e79c7.jpg HTTP/1.1" 200 271460 "https://www.ing-victus.hr/kuce/kuca-na-izvrsnoj-lokaciji-8698-m2?fbclid=IwAR3z0rPN-OEL_DmhMMdoeg_dd59GTHSstPdRnjKGskBxN0bgOrekE-Azs24" "Mozilla/5.0 (Linux; Android 7.0; HUAWEI VNS-L21) AppleWebKit/537.36 (KHTML, like Gecko) Chrome/75.0.3770.143 Mobile Safari/537.36"
213.101.248.191 - - [30/Jul/2019:13:23:55 +0000] "GET /favicon-32x32.png HTTP/1.1" 200 1549 "https://www.ing-victus.hr/kuce/kuca-na-izvrsnoj-lokaciji-8698-m2" "Mozilla/5.0 (Linux; Android 9; SM-A505FN Build/PPR1.180610.011; wv) AppleWebKit/537.36 (KHTML, like Gecko) Version/4.0 Chrome/75.0.3770.143 Mobile Safari/537.36 [FB_IAB/FB4A;FBAV/231.0.0.39.113;]"
213.101.248.191 - - [30/Jul/2019:13:23:55 +0000] "GET /favicon-16x16.png HTTP/1.1" 200 986 "https://www.ing-victus.hr/kuce/kuca-na-izvrsnoj-lokaciji-8698-m2" "Mozilla/5.0 (Linux; Android 9; SM-A505FN Build/PPR1.180610.011; wv) AppleWebKit/537.36 (KHTML, like Gecko) Version/4.0 Chrome/75.0.3770.143 Mobile Safari/537.36 [FB_IAB/FB4A;FBAV/231.0.0.39.113;]"
213.101.248.191 - - [30/Jul/2019:13:23:56 +0000] "GET /images/icons/map-marker.png HTTP/1.1" 200 3191 "https://www.ing-victus.hr/kuce/kuca-na-izvrsnoj-lokaciji-8698-m2" "Mozilla/5.0 (Linux; Android 9; SM-A505FN Build/PPR1.180610.011; wv) AppleWebKit/537.36 (KHTML, like Gecko) Version/4.0 Chrome/75.0.3770.143 Mobile Safari/537.36 [FB_IAB/FB4A;FBAV/231.0.0.39.113;]"
77.219.134.178 - - [30/Jul/2019:13:23:56 +0000] "GET /uploads/images/685a96f5189b55d5e47591bbede8af42.jpg HTTP/1.1" 200 335654 "https://www.ing-victus.hr/kuce/kuca-na-izvrsnoj-lokaciji-8698-m2?fbclid=IwAR3z0rPN-OEL_DmhMMdoeg_dd59GTHSstPdRnjKGskBxN0bgOrekE-Azs24" "Mozilla/5.0 (Linux; Android 7.0; HUAWEI VNS-L21) AppleWebKit/537.36 (KHTML, like Gecko) Chrome/75.0.3770.143 Mobile Safari/537.36"
77.219.134.178 - - [30/Jul/2019:13:23:57 +0000] "GET /uploads/images/47156061cbee0a6131a781274de40560.jpg HTTP/1.1" 200 408704 "https://www.ing-victus.hr/kuce/kuca-na-izvrsnoj-lokaciji-8698-m2?fbclid=IwAR3z0rPN-OEL_DmhMMdoeg_dd59GTHSstPdRnjKGskBxN0bgOrekE-Azs24" "Mozilla/5.0 (Linux; Android 7.0; HUAWEI VNS-L21) AppleWebKit/537.36 (KHTML, like Gecko) Chrome/75.0.3770.143 Mobile Safari/537.36"
77.219.134.178 - - [30/Jul/2019:13:23:58 +0000] "GET /uploads/images/75a6b0d3c849b6b6abb32bae1682b8a0.jpg HTTP/1.1" 200 398300 "https://www.ing-victus.hr/kuce/kuca-na-izvrsnoj-lokaciji-8698-m2?fbclid=IwAR3z0rPN-OEL_DmhMMdoeg_dd59GTHSstPdRnjKGskBxN0bgOrekE-Azs24" "Mozilla/5.0 (Linux; Android 7.0; HUAWEI VNS-L21) AppleWebKit/537.36 (KHTML, like Gecko) Chrome/75.0.3770.143 Mobile Safari/537.36"
77.219.134.178 - - [30/Jul/2019:13:23:59 +0000] "GET /uploads/images/225c9d0e447a33bca6874a714d42b695.jpg HTTP/1.1" 200 396930 "https://www.ing-victus.hr/kuce/kuca-na-izvrsnoj-lokaciji-8698-m2?fbclid=IwAR3z0rPN-OEL_DmhMMdoeg_dd59GTHSstPdRnjKGskBxN0bgOrekE-Azs24" "Mozilla/5.0 (Linux; Android 7.0; HUAWEI VNS-L21) AppleWebKit/537.36 (KHTML, like Gecko) Chrome/75.0.3770.143 Mobile Safari/537.36"
77.219.134.178 - - [30/Jul/2019:13:24:00 +0000] "GET /uploads/images/b6d356bd5aa8e02961ba0cadfff682ff.jpg HTTP/1.1" 200 170520 "https://www.ing-victus.hr/kuce/kuca-na-izvrsnoj-lokaciji-8698-m2?fbclid=IwAR3z0rPN-OEL_DmhMMdoeg_dd59GTHSstPdRnjKGskBxN0bgOrekE-Azs24" "Mozilla/5.0 (Linux; Android 7.0; HUAWEI VNS-L21) AppleWebKit/537.36 (KHTML, like Gecko) Chrome/75.0.3770.143 Mobile Safari/537.36"
77.219.134.178 - - [30/Jul/2019:13:24:01 +0000] "GET /uploads/images/87f257d6468f5294130d9f0158710092.jpg HTTP/1.1" 200 207760 "https://www.ing-victus.hr/kuce/kuca-na-izvrsnoj-lokaciji-8698-m2?fbclid=IwAR3z0rPN-OEL_DmhMMdoeg_dd59GTHSstPdRnjKGskBxN0bgOrekE-Azs24" "Mozilla/5.0 (Linux; Android 7.0; HUAWEI VNS-L21) AppleWebKit/537.36 (KHTML, like Gecko) Chrome/75.0.3770.143 Mobile Safari/537.36"
77.219.134.178 - - [30/Jul/2019:13:24:02 +0000] "GET /uploads/images/9749f2694d9ba5571745e3bfb6070414.jpg HTTP/1.1" 200 188709 "https://www.ing-victus.hr/kuce/kuca-na-izvrsnoj-lokaciji-8698-m2?fbclid=IwAR3z0rPN-OEL_DmhMMdoeg_dd59GTHSstPdRnjKGskBxN0bgOrekE-Azs24" "Mozilla/5.0 (Linux; Android 7.0; HUAWEI VNS-L21) AppleWebKit/537.36 (KHTML, like Gecko) Chrome/75.0.3770.143 Mobile Safari/537.36"
77.219.134.178 - - [30/Jul/2019:13:24:03 +0000] "GET /uploads/images/7466c1e7e6c553ef86519139ac5c0480.jpg HTTP/1.1" 200 143433 "https://www.ing-victus.hr/kuce/kuca-na-izvrsnoj-lokaciji-8698-m2?fbclid=IwAR3z0rPN-OEL_DmhMMdoeg_dd59GTHSstPdRnjKGskBxN0bgOrekE-Azs24" "Mozilla/5.0 (Linux; Android 7.0; HUAWEI VNS-L21) AppleWebKit/537.36 (KHTML, like Gecko) Chrome/75.0.3770.143 Mobile Safari/537.36"
90.134.88.35 - - [30/Jul/2019:13:24:03 +0000] "GET /kuce/kuca-na-izvrsnoj-lokaciji-8698-m2 HTTP/1.1" 200 7123 "http://m.facebook.com/" "Mozilla/5.0 (Linux; Android 8.0.0; SM-A520F Build/R16NW; wv) AppleWebKit/537.36 (KHTML, like Gecko) Version/4.0 Chrome/75.0.3770.143 Mobile Safari/537.36 [FB_IAB/FB4A;FBAV/231.0.0.39.113;]"
90.134.88.35 - - [30/Jul/2019:13:24:04 +0000] "GET /css/bootstrap.css HTTP/1.1" 200 21086 "https://www.ing-victus.hr/kuce/kuca-na-izvrsnoj-lokaciji-8698-m2" "Mozilla/5.0 (Linux; Android 8.0.0; SM-A520F Build/R16NW; wv) AppleWebKit/537.36 (KHTML, like Gecko) Version/4.0 Chrome/75.0.3770.143 Mobile Safari/537.36 [FB_IAB/FB4A;FBAV/231.0.0.39.113;]"
90.134.88.35 - - [30/Jul/2019:13:24:04 +0000] "GET /assets/plugins/flag/css/flag-icon.css HTTP/1.1" 200 2837 "https://www.ing-victus.hr/kuce/kuca-na-izvrsnoj-lokaciji-8698-m2" "Mozilla/5.0 (Linux; Android 8.0.0; SM-A520F Build/R16NW; wv) AppleWebKit/537.36 (KHTML, like Gecko) Version/4.0 Chrome/75.0.3770.143 Mobile Safari/537.36 [FB_IAB/FB4A;FBAV/231.0.0.39.113;]"
90.134.88.35 - - [30/Jul/2019:13:24:04 +0000] "GET /css/cookieconsent.min.css HTTP/1.1" 200 1209 "https://www.ing-victus.hr/kuce/kuca-na-izvrsnoj-lokaciji-8698-m2" "Mozilla/5.0 (Linux; Android 8.0.0; SM-A520F Build/R16NW; wv) AppleWebKit/537.36 (KHTML, like Gecko) Version/4.0 Chrome/75.0.3770.143 Mobile Safari/537.36 [FB_IAB/FB4A;FBAV/231.0.0.39.113;]"
90.134.88.35 - - [30/Jul/2019:13:24:04 +0000] "GET /css/style.css?v=9 HTTP/1.1" 200 27694 "https://www.ing-victus.hr/kuce/kuca-na-izvrsnoj-lokaciji-8698-m2" "Mozilla/5.0 (Linux; Android 8.0.0; SM-A520F Build/R16NW; wv) AppleWebKit/537.36 (KHTML, like Gecko) Version/4.0 Chrome/75.0.3770.143 Mobile Safari/537.36 [FB_IAB/FB4A;FBAV/231.0.0.39.113;]"
90.134.88.35 - - [30/Jul/2019:13:24:04 +0000] "GET /css/responsive.css?v=3 HTTP/1.1" 200 5283 "https://www.ing-victus.hr/kuce/kuca-na-izvrsnoj-lokaciji-8698-m2" "Mozilla/5.0 (Linux; Android 8.0.0; SM-A520F Build/R16NW; wv) AppleWebKit/537.36 (KHTML, like Gecko) Version/4.0 Chrome/75.0.3770.143 Mobile Safari/537.36 [FB_IAB/FB4A;FBAV/231.0.0.39.113;]"
90.134.88.35 - - [30/Jul/2019:13:24:04 +0000] "GET /css/color-themes/default-theme.css?v=3 HTTP/1.1" 200 2227 "https://www.ing-victus.hr/kuce/kuca-na-izvrsnoj-lokaciji-8698-m2" "Mozilla/5.0 (Linux; Android 8.0.0; SM-A520F Build/R16NW; wv) AppleWebKit/537.36 (KHTML, like Gecko) Version/4.0 Chrome/75.0.3770.143 Mobile Safari/537.36 [FB_IAB/FB4A;FBAV/231.0.0.39.113;]"
90.134.88.35 - - [30/Jul/2019:13:24:04 +0000] "GET /unitegallery/css/unite-gallery.css HTTP/1.1" 200 4825 "https://www.ing-victus.hr/kuce/kuca-na-izvrsnoj-lokaciji-8698-m2" "Mozilla/5.0 (Linux; Android 8.0.0; SM-A520F Build/R16NW; wv) AppleWebKit/537.36 (KHTML, like Gecko) Version/4.0 Chrome/75.0.3770.143 Mobile Safari/537.36 [FB_IAB/FB4A;FBAV/231.0.0.39.113;]"
90.134.88.35 - - [30/Jul/2019:13:24:04 +0000] "GET /js/jquery.js HTTP/1.1" 200 33760 "https://www.ing-victus.hr/kuce/kuca-na-izvrsnoj-lokaciji-8698-m2" "Mozilla/5.0 (Linux; Android 8.0.0; SM-A520F Build/R16NW; wv) AppleWebKit/537.36 (KHTML, like Gecko) Version/4.0 Chrome/75.0.3770.143 Mobile Safari/537.36 [FB_IAB/FB4A;FBAV/231.0.0.39.113;]"
90.134.88.35 - - [30/Jul/2019:13:24:04 +0000] "GET /js/bootstrap.min.js HTTP/1.1" 200 14048 "https://www.ing-victus.hr/kuce/kuca-na-izvrsnoj-lokaciji-8698-m2" "Mozilla/5.0 (Linux; Android 8.0.0; SM-A520F Build/R16NW; wv) AppleWebKit/537.36 (KHTML, like Gecko) Version/4.0 Chrome/75.0.3770.143 Mobile Safari/537.36 [FB_IAB/FB4A;FBAV/231.0.0.39.113;]"
90.134.88.35 - - [30/Jul/2019:13:24:04 +0000] "GET /js/jquery.fancybox.js HTTP/1.1" 200 36180 "https://www.ing-victus.hr/kuce/kuca-na-izvrsnoj-lokaciji-8698-m2" "Mozilla/5.0 (Linux; Android 8.0.0; SM-A520F Build/R16NW; wv) AppleWebKit/537.36 (KHTML, like Gecko) Version/4.0 Chrome/75.0.3770.143 Mobile Safari/537.36 [FB_IAB/FB4A;FBAV/231.0.0.39.113;]"
90.134.88.35 - - [30/Jul/2019:13:24:04 +0000] "GET /js/popper.min.js HTTP/1.1" 200 7239 "https://www.ing-victus.hr/kuce/kuca-na-izvrsnoj-lokaciji-8698-m2" "Mozilla/5.0 (Linux; Android 8.0.0; SM-A520F Build/R16NW; wv) AppleWebKit/537.36 (KHTML, like Gecko) Version/4.0 Chrome/75.0.3770.143 Mobile Safari/537.36 [FB_IAB/FB4A;FBAV/231.0.0.39.113;]"
90.134.88.35 - - [30/Jul/2019:13:24:04 +0000] "GET /js/jquery-ui.js HTTP/1.1" 200 125176 "https://www.ing-victus.hr/kuce/kuca-na-izvrsnoj-lokaciji-8698-m2" "Mozilla/5.0 (Linux; Android 8.0.0; SM-A520F Build/R16NW; wv) AppleWebKit/537.36 (KHTML, like Gecko) Version/4.0 Chrome/75.0.3770.143 Mobile Safari/537.36 [FB_IAB/FB4A;FBAV/231.0.0.39.113;]"
90.134.88.35 - - [30/Jul/2019:13:24:05 +0000] "GET /js/owl.js HTTP/1.1" 200 18490 "https://www.ing-victus.hr/kuce/kuca-na-izvrsnoj-lokaciji-8698-m2" "Mozilla/5.0 (Linux; Android 8.0.0; SM-A520F Build/R16NW; wv) AppleWebKit/537.36 (KHTML, like Gecko) Version/4.0 Chrome/75.0.3770.143 Mobile Safari/537.36 [FB_IAB/FB4A;FBAV/231.0.0.39.113;]"
90.134.88.35 - - [30/Jul/2019:13:24:05 +0000] "GET /css/jquery-ui.css HTTP/1.1" 200 8372 "https://www.ing-victus.hr/kuce/kuca-na-izvrsnoj-lokaciji-8698-m2" "Mozilla/5.0 (Linux; Android 8.0.0; SM-A520F Build/R16NW; wv) AppleWebKit/537.36 (KHTML, like Gecko) Version/4.0 Chrome/75.0.3770.143 Mobile Safari/537.36 [FB_IAB/FB4A;FBAV/231.0.0.39.113;]"
90.134.88.35 - - [30/Jul/2019:13:24:06 +0000] "GET /css/flaticon.css HTTP/1.1" 200 2568 "https://www.ing-victus.hr/kuce/kuca-na-izvrsnoj-lokaciji-8698-m2" "Mozilla/5.0 (Linux; Android 8.0.0; SM-A520F Build/R16NW; wv) AppleWebKit/537.36 (KHTML, like Gecko) Version/4.0 Chrome/75.0.3770.143 Mobile Safari/537.36 [FB_IAB/FB4A;FBAV/231.0.0.39.113;]"
90.134.88.35 - - [30/Jul/2019:13:24:06 +0000] "GET /css/animate.css HTTP/1.1" 200 4629 "https://www.ing-victus.hr/kuce/kuca-na-izvrsnoj-lokaciji-8698-m2" "Mozilla/5.0 (Linux; Android 8.0.0; SM-A520F Build/R16NW; wv) AppleWebKit/537.36 (KHTML, like Gecko) Version/4.0 Chrome/75.0.3770.143 Mobile Safari/537.36 [FB_IAB/FB4A;FBAV/231.0.0.39.113;]"
90.134.88.35 - - [30/Jul/2019:13:24:06 +0000] "GET /css/line-awesome.css HTTP/1.1" 200 6330 "https://www.ing-victus.hr/kuce/kuca-na-izvrsnoj-lokaciji-8698-m2" "Mozilla/5.0 (Linux; Android 8.0.0; SM-A520F Build/R16NW; wv) AppleWebKit/537.36 (KHTML, like Gecko) Version/4.0 Chrome/75.0.3770.143 Mobile Safari/537.36 [FB_IAB/FB4A;FBAV/231.0.0.39.113;]"
90.134.88.35 - - [30/Jul/2019:13:24:07 +0000] "GET /css/owl.css HTTP/1.1" 200 1159 "https://www.ing-victus.hr/kuce/kuca-na-izvrsnoj-lokaciji-8698-m2" "Mozilla/5.0 (Linux; Android 8.0.0; SM-A520F Build/R16NW; wv) AppleWebKit/537.36 (KHTML, like Gecko) Version/4.0 Chrome/75.0.3770.143 Mobile Safari/537.36 [FB_IAB/FB4A;FBAV/231.0.0.39.113;]"
90.134.88.35 - - [30/Jul/2019:13:24:08 +0000] "GET /css/jquery.fancybox.min.css HTTP/1.1" 200 3155 "https://www.ing-victus.hr/kuce/kuca-na-izvrsnoj-lokaciji-8698-m2" "Mozilla/5.0 (Linux; Android 8.0.0; SM-A520F Build/R16NW; wv) AppleWebKit/537.36 (KHTML, like Gecko) Version/4.0 Chrome/75.0.3770.143 Mobile Safari/537.36 [FB_IAB/FB4A;FBAV/231.0.0.39.113;]"
69.171.251.36 - - [30/Jul/2019:13:24:08 +0000] "GET /uploads/thumbnails/d181b76fcf616e6ccddedd3c00296ff8.jpg HTTP/1.1" 200 49249 "-" "facebookexternalhit/1.1 (+http://www.facebook.com/externalhit_uatext.php)"
90.134.88.35 - - [30/Jul/2019:13:24:09 +0000] "GET /js/wow.js HTTP/1.1" 200 2209 "https://www.ing-victus.hr/kuce/kuca-na-izvrsnoj-lokaciji-8698-m2" "Mozilla/5.0 (Linux; Android 8.0.0; SM-A520F Build/R16NW; wv) AppleWebKit/537.36 (KHTML, like Gecko) Version/4.0 Chrome/75.0.3770.143 Mobile Safari/537.36 [FB_IAB/FB4A;FBAV/231.0.0.39.113;]"
90.134.88.35 - - [30/Jul/2019:13:24:09 +0000] "GET /js/isotope.js HTTP/1.1" 200 10182 "https://www.ing-victus.hr/kuce/kuca-na-izvrsnoj-lokaciji-8698-m2" "Mozilla/5.0 (Linux; Android 8.0.0; SM-A520F Build/R16NW; wv) AppleWebKit/537.36 (KHTML, like Gecko) Version/4.0 Chrome/75.0.3770.143 Mobile Safari/537.36 [FB_IAB/FB4A;FBAV/231.0.0.39.113;]"
90.134.88.35 - - [30/Jul/2019:13:24:09 +0000] "GET /js/appear.js HTTP/1.1" 200 1359 "https://www.ing-victus.hr/kuce/kuca-na-izvrsnoj-lokaciji-8698-m2" "Mozilla/5.0 (Linux; Android 8.0.0; SM-A520F Build/R16NW; wv) AppleWebKit/537.36 (KHTML, like Gecko) Version/4.0 Chrome/75.0.3770.143 Mobile Safari/537.36 [FB_IAB/FB4A;FBAV/231.0.0.39.113;]"
90.134.88.35 - - [30/Jul/2019:13:24:09 +0000] "GET /unitegallery/themes/compact/ug-theme-compact.js HTTP/1.1" 200 2477 "https://www.ing-victus.hr/kuce/kuca-na-izvrsnoj-lokaciji-8698-m2" "Mozilla/5.0 (Linux; Android 8.0.0; SM-A520F Build/R16NW; wv) AppleWebKit/537.36 (KHTML, like Gecko) Version/4.0 Chrome/75.0.3770.143 Mobile Safari/537.36 [FB_IAB/FB4A;FBAV/231.0.0.39.113;]"
90.134.88.35 - - [30/Jul/2019:13:24:09 +0000] "GET /js/cookieconsent.min.js HTTP/1.1" 200 6849 "https://www.ing-victus.hr/kuce/kuca-na-izvrsnoj-lokaciji-8698-m2" "Mozilla/5.0 (Linux; Android 8.0.0; SM-A520F Build/R16NW; wv) AppleWebKit/537.36 (KHTML, like Gecko) Version/4.0 Chrome/75.0.3770.143 Mobile Safari/537.36 [FB_IAB/FB4A;FBAV/231.0.0.39.113;]"
173.252.95.51 - - [30/Jul/2019:13:24:09 +0000] "GET /uploads/images/8b27e048156ea46a477847f529e30b6d.jpg HTTP/1.1" 301 288 "-" "adreview/1.0"
173.252.95.10 - - [30/Jul/2019:13:24:10 +0000] "GET /uploads/images/8b27e048156ea46a477847f529e30b6d.jpg HTTP/1.1" 200 253594 "-" "adreview/1.0"
173.252.95.34 - - [30/Jul/2019:13:24:11 +0000] "GET /uploads/images/8b27e048156ea46a477847f529e30b6d.jpg HTTP/1.1" 301 288 "-" "adreview/1.0"
173.252.95.46 - - [30/Jul/2019:13:24:11 +0000] "GET /uploads/images/8b27e048156ea46a477847f529e30b6d.jpg HTTP/1.1" 200 253594 "-" "adreview/1.0"
173.252.95.46 - - [30/Jul/2019:13:24:12 +0000] "GET /uploads/images/8b27e048156ea46a477847f529e30b6d.jpg HTTP/1.1" 301 288 "-" "adreview/1.0"
90.134.88.35 - - [30/Jul/2019:13:24:13 +0000] "GET /js/script.js?v=2 HTTP/1.1" 200 3465 "https://www.ing-victus.hr/kuce/kuca-na-izvrsnoj-lokaciji-8698-m2" "Mozilla/5.0 (Linux; Android 8.0.0; SM-A520F Build/R16NW; wv) AppleWebKit/537.36 (KHTML, like Gecko) Version/4.0 Chrome/75.0.3770.143 Mobile Safari/537.36 [FB_IAB/FB4A;FBAV/231.0.0.39.113;]"
90.134.88.35 - - [30/Jul/2019:13:24:13 +0000] "GET /unitegallery/js/unitegallery.min.js HTTP/1.1" 200 66910 "https://www.ing-victus.hr/kuce/kuca-na-izvrsnoj-lokaciji-8698-m2" "Mozilla/5.0 (Linux; Android 8.0.0; SM-A520F Build/R16NW; wv) AppleWebKit/537.36 (KHTML, like Gecko) Version/4.0 Chrome/75.0.3770.143 Mobile Safari/537.36 [FB_IAB/FB4A;FBAV/231.0.0.39.113;]"
90.134.88.35 - - [30/Jul/2019:13:24:13 +0000] "GET /uploads/thumbnails/167405a1174ec8e47c2b3a701da1cb78.jpg HTTP/1.1" 200 29696 "https://www.ing-victus.hr/kuce/kuca-na-izvrsnoj-lokaciji-8698-m2" "Mozilla/5.0 (Linux; Android 8.0.0; SM-A520F Build/R16NW; wv) AppleWebKit/537.36 (KHTML, like Gecko) Version/4.0 Chrome/75.0.3770.143 Mobile Safari/537.36 [FB_IAB/FB4A;FBAV/231.0.0.39.113;]"
90.134.88.35 - - [30/Jul/2019:13:24:13 +0000] "GET /uploads/thumbnails/7ac1a16fedd89ba704b05903b0683552.jpg HTTP/1.1" 200 40398 "https://www.ing-victus.hr/kuce/kuca-na-izvrsnoj-lokaciji-8698-m2" "Mozilla/5.0 (Linux; Android 8.0.0; SM-A520F Build/R16NW; wv) AppleWebKit/537.36 (KHTML, like Gecko) Version/4.0 Chrome/75.0.3770.143 Mobile Safari/537.36 [FB_IAB/FB4A;FBAV/231.0.0.39.113;]"
90.134.88.35 - - [30/Jul/2019:13:24:13 +0000] "GET /unitegallery/js/jquery-11.0.min.js HTTP/1.1" 200 33369 "https://www.ing-victus.hr/kuce/kuca-na-izvrsnoj-lokaciji-8698-m2" "Mozilla/5.0 (Linux; Android 8.0.0; SM-A520F Build/R16NW; wv) AppleWebKit/537.36 (KHTML, like Gecko) Version/4.0 Chrome/75.0.3770.143 Mobile Safari/537.36 [FB_IAB/FB4A;FBAV/231.0.0.39.113;]"
90.134.88.35 - - [30/Jul/2019:13:24:13 +0000] "GET /uploads/thumbnails/8cd537622c9512aad0155bea12ac8c54.jpg HTTP/1.1" 200 39327 "https://www.ing-victus.hr/kuce/kuca-na-izvrsnoj-lokaciji-8698-m2" "Mozilla/5.0 (Linux; Android 8.0.0; SM-A520F Build/R16NW; wv) AppleWebKit/537.36 (KHTML, like Gecko) Version/4.0 Chrome/75.0.3770.143 Mobile Safari/537.36 [FB_IAB/FB4A;FBAV/231.0.0.39.113;]"
213.101.248.191 - - [30/Jul/2019:13:24:14 +0000] "GET /uploads/images/7ac1a16fedd89ba704b05903b0683552.jpg HTTP/1.1" 200 299816 "https://www.ing-victus.hr/kuce/kuca-na-izvrsnoj-lokaciji-8698-m2" "Mozilla/5.0 (Linux; Android 9; SM-A505FN Build/PPR1.180610.011; wv) AppleWebKit/537.36 (KHTML, like Gecko) Version/4.0 Chrome/75.0.3770.143 Mobile Safari/537.36 [FB_IAB/FB4A;FBAV/231.0.0.39.113;]"
90.134.88.35 - - [30/Jul/2019:13:24:14 +0000] "GET /uploads/thumbnails/916e617e8a3c004a757828ecf58e79c7.jpg HTTP/1.1" 200 39075 "https://www.ing-victus.hr/kuce/kuca-na-izvrsnoj-lokaciji-8698-m2" "Mozilla/5.0 (Linux; Android 8.0.0; SM-A520F Build/R16NW; wv) AppleWebKit/537.36 (KHTML, like Gecko) Version/4.0 Chrome/75.0.3770.143 Mobile Safari/537.36 [FB_IAB/FB4A;FBAV/231.0.0.39.113;]"
90.134.88.35 - - [30/Jul/2019:13:24:15 +0000] "GET /uploads/thumbnails/47156061cbee0a6131a781274de40560.jpg HTTP/1.1" 200 52326 "https://www.ing-victus.hr/kuce/kuca-na-izvrsnoj-lokaciji-8698-m2" "Mozilla/5.0 (Linux; Android 8.0.0; SM-A520F Build/R16NW; wv) AppleWebKit/537.36 (KHTML, like Gecko) Version/4.0 Chrome/75.0.3770.143 Mobile Safari/537.36 [FB_IAB/FB4A;FBAV/231.0.0.39.113;]"
90.134.88.35 - - [30/Jul/2019:13:24:16 +0000] "GET /uploads/thumbnails/001fca0c24a31a661bcb537ad85e25c2.jpg HTTP/1.1" 200 39199 "https://www.ing-victus.hr/kuce/kuca-na-izvrsnoj-lokaciji-8698-m2" "Mozilla/5.0 (Linux; Android 8.0.0; SM-A520F Build/R16NW; wv) AppleWebKit/537.36 (KHTML, like Gecko) Version/4.0 Chrome/75.0.3770.143 Mobile Safari/537.36 [FB_IAB/FB4A;FBAV/231.0.0.39.113;]"
90.134.88.35 - - [30/Jul/2019:13:24:09 +0000] "GET /images/background/16.jpg HTTP/1.1" 200 484974 "https://www.ing-victus.hr/kuce/kuca-na-izvrsnoj-lokaciji-8698-m2" "Mozilla/5.0 (Linux; Android 8.0.0; SM-A520F Build/R16NW; wv) AppleWebKit/537.36 (KHTML, like Gecko) Version/4.0 Chrome/75.0.3770.143 Mobile Safari/537.36 [FB_IAB/FB4A;FBAV/231.0.0.39.113;]"
90.134.88.35 - - [30/Jul/2019:13:24:17 +0000] "GET /uploads/thumbnails/bed5502d7b2b722a8268e1fae9d7453e.jpg HTTP/1.1" 200 38527 "https://www.ing-victus.hr/kuce/kuca-na-izvrsnoj-lokaciji-8698-m2" "Mozilla/5.0 (Linux; Android 8.0.0; SM-A520F Build/R16NW; wv) AppleWebKit/537.36 (KHTML, like Gecko) Version/4.0 Chrome/75.0.3770.143 Mobile Safari/537.36 [FB_IAB/FB4A;FBAV/231.0.0.39.113;]"
78.3.155.239 - - [30/Jul/2019:13:24:18 +0000] "GET /uploads/images/7ac1a16fedd89ba704b05903b0683552.jpg HTTP/1.1" 200 299816 "https://www.ing-victus.hr/kuce/kuca-na-izvrsnoj-lokaciji-8698-m2" "Mozilla/5.0 (Linux; Android 9; EML-L29 Build/HUAWEIEML-L29; wv) AppleWebKit/537.36 (KHTML, like Gecko) Version/4.0 Chrome/75.0.3770.143 Mobile Safari/537.36 [FB_IAB/FB4A;FBAV/231.0.0.39.113;]"
78.3.155.239 - - [30/Jul/2019:13:24:20 +0000] "GET /uploads/images/bed5502d7b2b722a8268e1fae9d7453e.jpg HTTP/1.1" 200 286123 "https://www.ing-victus.hr/kuce/kuca-na-izvrsnoj-lokaciji-8698-m2" "Mozilla/5.0 (Linux; Android 9; EML-L29 Build/HUAWEIEML-L29; wv) AppleWebKit/537.36 (KHTML, like Gecko) Version/4.0 Chrome/75.0.3770.143 Mobile Safari/537.36 [FB_IAB/FB4A;FBAV/231.0.0.39.113;]"
78.3.155.239 - - [30/Jul/2019:13:24:21 +0000] "GET /uploads/images/7742d7ff785114a4a0ed7d3d44449e83.jpg HTTP/1.1" 200 312006 "https://www.ing-victus.hr/kuce/kuca-na-izvrsnoj-lokaciji-8698-m2" "Mozilla/5.0 (Linux; Android 9; EML-L29 Build/HUAWEIEML-L29; wv) AppleWebKit/537.36 (KHTML, like Gecko) Version/4.0 Chrome/75.0.3770.143 Mobile Safari/537.36 [FB_IAB/FB4A;FBAV/231.0.0.39.113;]"
78.3.155.239 - - [30/Jul/2019:13:24:22 +0000] "GET /uploads/images/8cd537622c9512aad0155bea12ac8c54.jpg HTTP/1.1" 200 283081 "https://www.ing-victus.hr/kuce/kuca-na-izvrsnoj-lokaciji-8698-m2" "Mozilla/5.0 (Linux; Android 9; EML-L29 Build/HUAWEIEML-L29; wv) AppleWebKit/537.36 (KHTML, like Gecko) Version/4.0 Chrome/75.0.3770.143 Mobile Safari/537.36 [FB_IAB/FB4A;FBAV/231.0.0.39.113;]"
78.3.155.239 - - [30/Jul/2019:13:24:22 +0000] "GET /uploads/images/916e617e8a3c004a757828ecf58e79c7.jpg HTTP/1.1" 200 271460 "https://www.ing-victus.hr/kuce/kuca-na-izvrsnoj-lokaciji-8698-m2" "Mozilla/5.0 (Linux; Android 9; EML-L29 Build/HUAWEIEML-L29; wv) AppleWebKit/537.36 (KHTML, like Gecko) Version/4.0 Chrome/75.0.3770.143 Mobile Safari/537.36 [FB_IAB/FB4A;FBAV/231.0.0.39.113;]"
78.3.155.239 - - [30/Jul/2019:13:24:23 +0000] "GET /uploads/images/685a96f5189b55d5e47591bbede8af42.jpg HTTP/1.1" 200 335654 "https://www.ing-victus.hr/kuce/kuca-na-izvrsnoj-lokaciji-8698-m2" "Mozilla/5.0 (Linux; Android 9; EML-L29 Build/HUAWEIEML-L29; wv) AppleWebKit/537.36 (KHTML, like Gecko) Version/4.0 Chrome/75.0.3770.143 Mobile Safari/537.36 [FB_IAB/FB4A;FBAV/231.0.0.39.113;]"
78.3.155.239 - - [30/Jul/2019:13:24:24 +0000] "GET /uploads/images/47156061cbee0a6131a781274de40560.jpg HTTP/1.1" 200 408704 "https://www.ing-victus.hr/kuce/kuca-na-izvrsnoj-lokaciji-8698-m2" "Mozilla/5.0 (Linux; Android 9; EML-L29 Build/HUAWEIEML-L29; wv) AppleWebKit/537.36 (KHTML, like Gecko) Version/4.0 Chrome/75.0.3770.143 Mobile Safari/537.36 [FB_IAB/FB4A;FBAV/231.0.0.39.113;]"
78.3.155.239 - - [30/Jul/2019:13:24:25 +0000] "GET /uploads/images/75a6b0d3c849b6b6abb32bae1682b8a0.jpg HTTP/1.1" 200 398300 "https://www.ing-victus.hr/kuce/kuca-na-izvrsnoj-lokaciji-8698-m2" "Mozilla/5.0 (Linux; Android 9; EML-L29 Build/HUAWEIEML-L29; wv) AppleWebKit/537.36 (KHTML, like Gecko) Version/4.0 Chrome/75.0.3770.143 Mobile Safari/537.36 [FB_IAB/FB4A;FBAV/231.0.0.39.113;]"
78.3.155.239 - - [30/Jul/2019:13:24:26 +0000] "GET /uploads/images/225c9d0e447a33bca6874a714d42b695.jpg HTTP/1.1" 200 396930 "https://www.ing-victus.hr/kuce/kuca-na-izvrsnoj-lokaciji-8698-m2" "Mozilla/5.0 (Linux; Android 9; EML-L29 Build/HUAWEIEML-L29; wv) AppleWebKit/537.36 (KHTML, like Gecko) Version/4.0 Chrome/75.0.3770.143 Mobile Safari/537.36 [FB_IAB/FB4A;FBAV/231.0.0.39.113;]"
78.3.155.239 - - [30/Jul/2019:13:24:27 +0000] "GET /uploads/images/b6d356bd5aa8e02961ba0cadfff682ff.jpg HTTP/1.1" 200 170520 "https://www.ing-victus.hr/kuce/kuca-na-izvrsnoj-lokaciji-8698-m2" "Mozilla/5.0 (Linux; Android 9; EML-L29 Build/HUAWEIEML-L29; wv) AppleWebKit/537.36 (KHTML, like Gecko) Version/4.0 Chrome/75.0.3770.143 Mobile Safari/537.36 [FB_IAB/FB4A;FBAV/231.0.0.39.113;]"
78.3.155.239 - - [30/Jul/2019:13:24:28 +0000] "GET /uploads/images/87f257d6468f5294130d9f0158710092.jpg HTTP/1.1" 200 207760 "https://www.ing-victus.hr/kuce/kuca-na-izvrsnoj-lokaciji-8698-m2" "Mozilla/5.0 (Linux; Android 9; EML-L29 Build/HUAWEIEML-L29; wv) AppleWebKit/537.36 (KHTML, like Gecko) Version/4.0 Chrome/75.0.3770.143 Mobile Safari/537.36 [FB_IAB/FB4A;FBAV/231.0.0.39.113;]"
78.3.155.239 - - [30/Jul/2019:13:24:28 +0000] "GET /uploads/images/9749f2694d9ba5571745e3bfb6070414.jpg HTTP/1.1" 200 188709 "https://www.ing-victus.hr/kuce/kuca-na-izvrsnoj-lokaciji-8698-m2" "Mozilla/5.0 (Linux; Android 9; EML-L29 Build/HUAWEIEML-L29; wv) AppleWebKit/537.36 (KHTML, like Gecko) Version/4.0 Chrome/75.0.3770.143 Mobile Safari/537.36 [FB_IAB/FB4A;FBAV/231.0.0.39.113;]"
78.3.155.239 - - [30/Jul/2019:13:24:29 +0000] "GET /uploads/images/7466c1e7e6c553ef86519139ac5c0480.jpg HTTP/1.1" 200 143433 "https://www.ing-victus.hr/kuce/kuca-na-izvrsnoj-lokaciji-8698-m2" "Mozilla/5.0 (Linux; Android 9; EML-L29 Build/HUAWEIEML-L29; wv) AppleWebKit/537.36 (KHTML, like Gecko) Version/4.0 Chrome/75.0.3770.143 Mobile Safari/537.36 [FB_IAB/FB4A;FBAV/231.0.0.39.113;]"
78.3.155.239 - - [30/Jul/2019:13:24:31 +0000] "GET /uploads/images/ab7547c1b6bf6a10001c7b0373585514.jpg HTTP/1.1" 200 197396 "https://www.ing-victus.hr/kuce/kuca-na-izvrsnoj-lokaciji-8698-m2" "Mozilla/5.0 (Linux; Android 9; EML-L29 Build/HUAWEIEML-L29; wv) AppleWebKit/537.36 (KHTML, like Gecko) Version/4.0 Chrome/75.0.3770.143 Mobile Safari/537.36 [FB_IAB/FB4A;FBAV/231.0.0.39.113;]"
46.188.141.113 - - [30/Jul/2019:13:25:09 +0000] "GET /kuce/bistrinci-renovirana-i-namjestena-kuca-7044-m2?fbclid=IwAR0u3PQ5jusp_8LiJ24Pa94_4CLEDKpH52ou_f4Vs9wbdX09MfKloXJJg3g HTTP/1.1" 200 7064 "https://web.facebook.com/" "Mozilla/5.0 (Windows NT 10.0; Win64; x64) AppleWebKit/537.36 (KHTML, like Gecko) Chrome/64.0.3282.140 Safari/537.36 Edge/18.17763"
93.141.140.189 - - [30/Jul/2019:13:25:14 +0000] "GET /kuce/kuca-na-izvrsnoj-lokaciji-8698-m2 HTTP/1.1" 200 7124 "http://m.facebook.com/" "Mozilla/5.0 (Linux; Android 7.0; SM-G920F Build/NRD90M; wv) AppleWebKit/537.36 (KHTML, like Gecko) Version/4.0 Chrome/75.0.3770.143 Mobile Safari/537.36 [FB_IAB/FB4A;FBAV/231.0.0.39.113;]"
93.141.140.189 - - [30/Jul/2019:13:25:15 +0000] "GET /assets/plugins/flag/css/flag-icon.css HTTP/1.1" 200 2837 "https://www.ing-victus.hr/kuce/kuca-na-izvrsnoj-lokaciji-8698-m2" "Mozilla/5.0 (Linux; Android 7.0; SM-G920F Build/NRD90M; wv) AppleWebKit/537.36 (KHTML, like Gecko) Version/4.0 Chrome/75.0.3770.143 Mobile Safari/537.36 [FB_IAB/FB4A;FBAV/231.0.0.39.113;]"
93.141.140.189 - - [30/Jul/2019:13:25:15 +0000] "GET /css/bootstrap.css HTTP/1.1" 200 21086 "https://www.ing-victus.hr/kuce/kuca-na-izvrsnoj-lokaciji-8698-m2" "Mozilla/5.0 (Linux; Android 7.0; SM-G920F Build/NRD90M; wv) AppleWebKit/537.36 (KHTML, like Gecko) Version/4.0 Chrome/75.0.3770.143 Mobile Safari/537.36 [FB_IAB/FB4A;FBAV/231.0.0.39.113;]"
93.141.140.189 - - [30/Jul/2019:13:25:15 +0000] "GET /css/responsive.css?v=3 HTTP/1.1" 200 5283 "https://www.ing-victus.hr/kuce/kuca-na-izvrsnoj-lokaciji-8698-m2" "Mozilla/5.0 (Linux; Android 7.0; SM-G920F Build/NRD90M; wv) AppleWebKit/537.36 (KHTML, like Gecko) Version/4.0 Chrome/75.0.3770.143 Mobile Safari/537.36 [FB_IAB/FB4A;FBAV/231.0.0.39.113;]"
93.141.140.189 - - [30/Jul/2019:13:25:15 +0000] "GET /css/style.css?v=9 HTTP/1.1" 200 27694 "https://www.ing-victus.hr/kuce/kuca-na-izvrsnoj-lokaciji-8698-m2" "Mozilla/5.0 (Linux; Android 7.0; SM-G920F Build/NRD90M; wv) AppleWebKit/537.36 (KHTML, like Gecko) Version/4.0 Chrome/75.0.3770.143 Mobile Safari/537.36 [FB_IAB/FB4A;FBAV/231.0.0.39.113;]"
93.141.140.189 - - [30/Jul/2019:13:25:15 +0000] "GET /css/cookieconsent.min.css HTTP/1.1" 200 1209 "https://www.ing-victus.hr/kuce/kuca-na-izvrsnoj-lokaciji-8698-m2" "Mozilla/5.0 (Linux; Android 7.0; SM-G920F Build/NRD90M; wv) AppleWebKit/537.36 (KHTML, like Gecko) Version/4.0 Chrome/75.0.3770.143 Mobile Safari/537.36 [FB_IAB/FB4A;FBAV/231.0.0.39.113;]"
93.141.140.189 - - [30/Jul/2019:13:25:15 +0000] "GET /css/color-themes/default-theme.css?v=3 HTTP/1.1" 200 2227 "https://www.ing-victus.hr/kuce/kuca-na-izvrsnoj-lokaciji-8698-m2" "Mozilla/5.0 (Linux; Android 7.0; SM-G920F Build/NRD90M; wv) AppleWebKit/537.36 (KHTML, like Gecko) Version/4.0 Chrome/75.0.3770.143 Mobile Safari/537.36 [FB_IAB/FB4A;FBAV/231.0.0.39.113;]"
93.141.140.189 - - [30/Jul/2019:13:25:15 +0000] "GET /unitegallery/css/unite-gallery.css HTTP/1.1" 200 4825 "https://www.ing-victus.hr/kuce/kuca-na-izvrsnoj-lokaciji-8698-m2" "Mozilla/5.0 (Linux; Android 7.0; SM-G920F Build/NRD90M; wv) AppleWebKit/537.36 (KHTML, like Gecko) Version/4.0 Chrome/75.0.3770.143 Mobile Safari/537.36 [FB_IAB/FB4A;FBAV/231.0.0.39.113;]"
93.141.140.189 - - [30/Jul/2019:13:25:15 +0000] "GET /js/jquery.js HTTP/1.1" 200 33760 "https://www.ing-victus.hr/kuce/kuca-na-izvrsnoj-lokaciji-8698-m2" "Mozilla/5.0 (Linux; Android 7.0; SM-G920F Build/NRD90M; wv) AppleWebKit/537.36 (KHTML, like Gecko) Version/4.0 Chrome/75.0.3770.143 Mobile Safari/537.36 [FB_IAB/FB4A;FBAV/231.0.0.39.113;]"
93.141.140.189 - - [30/Jul/2019:13:25:15 +0000] "GET /images/logo-white.png HTTP/1.1" 200 1466 "https://www.ing-victus.hr/kuce/kuca-na-izvrsnoj-lokaciji-8698-m2" "Mozilla/5.0 (Linux; Android 7.0; SM-G920F Build/NRD90M; wv) AppleWebKit/537.36 (KHTML, like Gecko) Version/4.0 Chrome/75.0.3770.143 Mobile Safari/537.36 [FB_IAB/FB4A;FBAV/231.0.0.39.113;]"
93.141.140.189 - - [30/Jul/2019:13:25:15 +0000] "GET /js/popper.min.js HTTP/1.1" 200 7239 "https://www.ing-victus.hr/kuce/kuca-na-izvrsnoj-lokaciji-8698-m2" "Mozilla/5.0 (Linux; Android 7.0; SM-G920F Build/NRD90M; wv) AppleWebKit/537.36 (KHTML, like Gecko) Version/4.0 Chrome/75.0.3770.143 Mobile Safari/537.36 [FB_IAB/FB4A;FBAV/231.0.0.39.113;]"
93.141.140.189 - - [30/Jul/2019:13:25:15 +0000] "GET /js/bootstrap.min.js HTTP/1.1" 200 14048 "https://www.ing-victus.hr/kuce/kuca-na-izvrsnoj-lokaciji-8698-m2" "Mozilla/5.0 (Linux; Android 7.0; SM-G920F Build/NRD90M; wv) AppleWebKit/537.36 (KHTML, like Gecko) Version/4.0 Chrome/75.0.3770.143 Mobile Safari/537.36 [FB_IAB/FB4A;FBAV/231.0.0.39.113;]"
93.141.140.189 - - [30/Jul/2019:13:25:15 +0000] "GET /js/owl.js HTTP/1.1" 200 18490 "https://www.ing-victus.hr/kuce/kuca-na-izvrsnoj-lokaciji-8698-m2" "Mozilla/5.0 (Linux; Android 7.0; SM-G920F Build/NRD90M; wv) AppleWebKit/537.36 (KHTML, like Gecko) Version/4.0 Chrome/75.0.3770.143 Mobile Safari/537.36 [FB_IAB/FB4A;FBAV/231.0.0.39.113;]"
93.141.140.189 - - [30/Jul/2019:13:25:15 +0000] "GET /js/jquery.fancybox.js HTTP/1.1" 200 36180 "https://www.ing-victus.hr/kuce/kuca-na-izvrsnoj-lokaciji-8698-m2" "Mozilla/5.0 (Linux; Android 7.0; SM-G920F Build/NRD90M; wv) AppleWebKit/537.36 (KHTML, like Gecko) Version/4.0 Chrome/75.0.3770.143 Mobile Safari/537.36 [FB_IAB/FB4A;FBAV/231.0.0.39.113;]"
93.141.140.189 - - [30/Jul/2019:13:25:15 +0000] "GET /js/jquery-ui.js HTTP/1.1" 200 125176 "https://www.ing-victus.hr/kuce/kuca-na-izvrsnoj-lokaciji-8698-m2" "Mozilla/5.0 (Linux; Android 7.0; SM-G920F Build/NRD90M; wv) AppleWebKit/537.36 (KHTML, like Gecko) Version/4.0 Chrome/75.0.3770.143 Mobile Safari/537.36 [FB_IAB/FB4A;FBAV/231.0.0.39.113;]"
93.141.140.189 - - [30/Jul/2019:13:25:15 +0000] "GET /js/wow.js HTTP/1.1" 200 2209 "https://www.ing-victus.hr/kuce/kuca-na-izvrsnoj-lokaciji-8698-m2" "Mozilla/5.0 (Linux; Android 7.0; SM-G920F Build/NRD90M; wv) AppleWebKit/537.36 (KHTML, like Gecko) Version/4.0 Chrome/75.0.3770.143 Mobile Safari/537.36 [FB_IAB/FB4A;FBAV/231.0.0.39.113;]"
93.141.140.189 - - [30/Jul/2019:13:25:15 +0000] "GET /js/appear.js HTTP/1.1" 200 1359 "https://www.ing-victus.hr/kuce/kuca-na-izvrsnoj-lokaciji-8698-m2" "Mozilla/5.0 (Linux; Android 7.0; SM-G920F Build/NRD90M; wv) AppleWebKit/537.36 (KHTML, like Gecko) Version/4.0 Chrome/75.0.3770.143 Mobile Safari/537.36 [FB_IAB/FB4A;FBAV/231.0.0.39.113;]"
93.141.140.189 - - [30/Jul/2019:13:25:15 +0000] "GET /js/isotope.js HTTP/1.1" 200 10182 "https://www.ing-victus.hr/kuce/kuca-na-izvrsnoj-lokaciji-8698-m2" "Mozilla/5.0 (Linux; Android 7.0; SM-G920F Build/NRD90M; wv) AppleWebKit/537.36 (KHTML, like Gecko) Version/4.0 Chrome/75.0.3770.143 Mobile Safari/537.36 [FB_IAB/FB4A;FBAV/231.0.0.39.113;]"
93.141.140.189 - - [30/Jul/2019:13:25:15 +0000] "GET /js/script.js?v=2 HTTP/1.1" 200 3465 "https://www.ing-victus.hr/kuce/kuca-na-izvrsnoj-lokaciji-8698-m2" "Mozilla/5.0 (Linux; Android 7.0; SM-G920F Build/NRD90M; wv) AppleWebKit/537.36 (KHTML, like Gecko) Version/4.0 Chrome/75.0.3770.143 Mobile Safari/537.36 [FB_IAB/FB4A;FBAV/231.0.0.39.113;]"
93.141.140.189 - - [30/Jul/2019:13:25:15 +0000] "GET /js/cookieconsent.min.js HTTP/1.1" 200 6849 "https://www.ing-victus.hr/kuce/kuca-na-izvrsnoj-lokaciji-8698-m2" "Mozilla/5.0 (Linux; Android 7.0; SM-G920F Build/NRD90M; wv) AppleWebKit/537.36 (KHTML, like Gecko) Version/4.0 Chrome/75.0.3770.143 Mobile Safari/537.36 [FB_IAB/FB4A;FBAV/231.0.0.39.113;]"
93.141.140.189 - - [30/Jul/2019:13:25:15 +0000] "GET /unitegallery/themes/compact/ug-theme-compact.js HTTP/1.1" 200 2477 "https://www.ing-victus.hr/kuce/kuca-na-izvrsnoj-lokaciji-8698-m2" "Mozilla/5.0 (Linux; Android 7.0; SM-G920F Build/NRD90M; wv) AppleWebKit/537.36 (KHTML, like Gecko) Version/4.0 Chrome/75.0.3770.143 Mobile Safari/537.36 [FB_IAB/FB4A;FBAV/231.0.0.39.113;]"
93.141.140.189 - - [30/Jul/2019:13:25:15 +0000] "GET /unitegallery/js/jquery-11.0.min.js HTTP/1.1" 200 33369 "https://www.ing-victus.hr/kuce/kuca-na-izvrsnoj-lokaciji-8698-m2" "Mozilla/5.0 (Linux; Android 7.0; SM-G920F Build/NRD90M; wv) AppleWebKit/537.36 (KHTML, like Gecko) Version/4.0 Chrome/75.0.3770.143 Mobile Safari/537.36 [FB_IAB/FB4A;FBAV/231.0.0.39.113;]"
93.141.140.189 - - [30/Jul/2019:13:25:15 +0000] "GET /css/flaticon.css HTTP/1.1" 200 2568 "https://www.ing-victus.hr/kuce/kuca-na-izvrsnoj-lokaciji-8698-m2" "Mozilla/5.0 (Linux; Android 7.0; SM-G920F Build/NRD90M; wv) AppleWebKit/537.36 (KHTML, like Gecko) Version/4.0 Chrome/75.0.3770.143 Mobile Safari/537.36 [FB_IAB/FB4A;FBAV/231.0.0.39.113;]"
93.141.140.189 - - [30/Jul/2019:13:25:15 +0000] "GET /css/owl.css HTTP/1.1" 200 1159 "https://www.ing-victus.hr/kuce/kuca-na-izvrsnoj-lokaciji-8698-m2" "Mozilla/5.0 (Linux; Android 7.0; SM-G920F Build/NRD90M; wv) AppleWebKit/537.36 (KHTML, like Gecko) Version/4.0 Chrome/75.0.3770.143 Mobile Safari/537.36 [FB_IAB/FB4A;FBAV/231.0.0.39.113;]"
93.141.140.189 - - [30/Jul/2019:13:25:15 +0000] "GET /css/line-awesome.css HTTP/1.1" 200 6330 "https://www.ing-victus.hr/kuce/kuca-na-izvrsnoj-lokaciji-8698-m2" "Mozilla/5.0 (Linux; Android 7.0; SM-G920F Build/NRD90M; wv) AppleWebKit/537.36 (KHTML, like Gecko) Version/4.0 Chrome/75.0.3770.143 Mobile Safari/537.36 [FB_IAB/FB4A;FBAV/231.0.0.39.113;]"
93.141.140.189 - - [30/Jul/2019:13:25:15 +0000] "GET /css/animate.css HTTP/1.1" 200 4629 "https://www.ing-victus.hr/kuce/kuca-na-izvrsnoj-lokaciji-8698-m2" "Mozilla/5.0 (Linux; Android 7.0; SM-G920F Build/NRD90M; wv) AppleWebKit/537.36 (KHTML, like Gecko) Version/4.0 Chrome/75.0.3770.143 Mobile Safari/537.36 [FB_IAB/FB4A;FBAV/231.0.0.39.113;]"
93.141.140.189 - - [30/Jul/2019:13:25:15 +0000] "GET /css/jquery.fancybox.min.css HTTP/1.1" 200 3155 "https://www.ing-victus.hr/kuce/kuca-na-izvrsnoj-lokaciji-8698-m2" "Mozilla/5.0 (Linux; Android 7.0; SM-G920F Build/NRD90M; wv) AppleWebKit/537.36 (KHTML, like Gecko) Version/4.0 Chrome/75.0.3770.143 Mobile Safari/537.36 [FB_IAB/FB4A;FBAV/231.0.0.39.113;]"
93.141.140.189 - - [30/Jul/2019:13:25:15 +0000] "GET /css/jquery-ui.css HTTP/1.1" 200 8372 "https://www.ing-victus.hr/kuce/kuca-na-izvrsnoj-lokaciji-8698-m2" "Mozilla/5.0 (Linux; Android 7.0; SM-G920F Build/NRD90M; wv) AppleWebKit/537.36 (KHTML, like Gecko) Version/4.0 Chrome/75.0.3770.143 Mobile Safari/537.36 [FB_IAB/FB4A;FBAV/231.0.0.39.113;]"
93.141.140.189 - - [30/Jul/2019:13:25:15 +0000] "GET /assets/plugins/flag/flags/4x3/gb.svg HTTP/1.1" 200 989 "https://www.ing-victus.hr/assets/plugins/flag/css/flag-icon.css" "Mozilla/5.0 (Linux; Android 7.0; SM-G920F Build/NRD90M; wv) AppleWebKit/537.36 (KHTML, like Gecko) Version/4.0 Chrome/75.0.3770.143 Mobile Safari/537.36 [FB_IAB/FB4A;FBAV/231.0.0.39.113;]"
93.141.140.189 - - [30/Jul/2019:13:25:15 +0000] "GET /images/logo-sticky.png HTTP/1.1" 200 1258 "https://www.ing-victus.hr/kuce/kuca-na-izvrsnoj-lokaciji-8698-m2" "Mozilla/5.0 (Linux; Android 7.0; SM-G920F Build/NRD90M; wv) AppleWebKit/537.36 (KHTML, like Gecko) Version/4.0 Chrome/75.0.3770.143 Mobile Safari/537.36 [FB_IAB/FB4A;FBAV/231.0.0.39.113;]"
93.141.140.189 - - [30/Jul/2019:13:25:15 +0000] "GET /assets/plugins/flag/flags/4x3/hr.svg HTTP/1.1" 200 80697 "https://www.ing-victus.hr/assets/plugins/flag/css/flag-icon.css" "Mozilla/5.0 (Linux; Android 7.0; SM-G920F Build/NRD90M; wv) AppleWebKit/537.36 (KHTML, like Gecko) Version/4.0 Chrome/75.0.3770.143 Mobile Safari/537.36 [FB_IAB/FB4A;FBAV/231.0.0.39.113;]"
93.141.140.189 - - [30/Jul/2019:13:25:15 +0000] "GET /unitegallery/js/unitegallery.min.js HTTP/1.1" 200 66910 "https://www.ing-victus.hr/kuce/kuca-na-izvrsnoj-lokaciji-8698-m2" "Mozilla/5.0 (Linux; Android 7.0; SM-G920F Build/NRD90M; wv) AppleWebKit/537.36 (KHTML, like Gecko) Version/4.0 Chrome/75.0.3770.143 Mobile Safari/537.36 [FB_IAB/FB4A;FBAV/231.0.0.39.113;]"
93.141.140.189 - - [30/Jul/2019:13:25:15 +0000] "GET /uploads/thumbnails/167405a1174ec8e47c2b3a701da1cb78.jpg HTTP/1.1" 200 29696 "https://www.ing-victus.hr/kuce/kuca-na-izvrsnoj-lokaciji-8698-m2" "Mozilla/5.0 (Linux; Android 7.0; SM-G920F Build/NRD90M; wv) AppleWebKit/537.36 (KHTML, like Gecko) Version/4.0 Chrome/75.0.3770.143 Mobile Safari/537.36 [FB_IAB/FB4A;FBAV/231.0.0.39.113;]"
93.141.140.189 - - [30/Jul/2019:13:25:15 +0000] "GET /uploads/thumbnails/001fca0c24a31a661bcb537ad85e25c2.jpg HTTP/1.1" 200 39199 "https://www.ing-victus.hr/kuce/kuca-na-izvrsnoj-lokaciji-8698-m2" "Mozilla/5.0 (Linux; Android 7.0; SM-G920F Build/NRD90M; wv) AppleWebKit/537.36 (KHTML, like Gecko) Version/4.0 Chrome/75.0.3770.143 Mobile Safari/537.36 [FB_IAB/FB4A;FBAV/231.0.0.39.113;]"
93.141.140.189 - - [30/Jul/2019:13:25:15 +0000] "GET /uploads/thumbnails/bed5502d7b2b722a8268e1fae9d7453e.jpg HTTP/1.1" 200 38527 "https://www.ing-victus.hr/kuce/kuca-na-izvrsnoj-lokaciji-8698-m2" "Mozilla/5.0 (Linux; Android 7.0; SM-G920F Build/NRD90M; wv) AppleWebKit/537.36 (KHTML, like Gecko) Version/4.0 Chrome/75.0.3770.143 Mobile Safari/537.36 [FB_IAB/FB4A;FBAV/231.0.0.39.113;]"
93.141.140.189 - - [30/Jul/2019:13:25:15 +0000] "GET /uploads/thumbnails/7ac1a16fedd89ba704b05903b0683552.jpg HTTP/1.1" 200 40398 "https://www.ing-victus.hr/kuce/kuca-na-izvrsnoj-lokaciji-8698-m2" "Mozilla/5.0 (Linux; Android 7.0; SM-G920F Build/NRD90M; wv) AppleWebKit/537.36 (KHTML, like Gecko) Version/4.0 Chrome/75.0.3770.143 Mobile Safari/537.36 [FB_IAB/FB4A;FBAV/231.0.0.39.113;]"
93.141.140.189 - - [30/Jul/2019:13:25:15 +0000] "GET /uploads/thumbnails/7742d7ff785114a4a0ed7d3d44449e83.jpg HTTP/1.1" 200 44882 "https://www.ing-victus.hr/kuce/kuca-na-izvrsnoj-lokaciji-8698-m2" "Mozilla/5.0 (Linux; Android 7.0; SM-G920F Build/NRD90M; wv) AppleWebKit/537.36 (KHTML, like Gecko) Version/4.0 Chrome/75.0.3770.143 Mobile Safari/537.36 [FB_IAB/FB4A;FBAV/231.0.0.39.113;]"
93.141.140.189 - - [30/Jul/2019:13:25:15 +0000] "GET /uploads/thumbnails/8cd537622c9512aad0155bea12ac8c54.jpg HTTP/1.1" 200 39327 "https://www.ing-victus.hr/kuce/kuca-na-izvrsnoj-lokaciji-8698-m2" "Mozilla/5.0 (Linux; Android 7.0; SM-G920F Build/NRD90M; wv) AppleWebKit/537.36 (KHTML, like Gecko) Version/4.0 Chrome/75.0.3770.143 Mobile Safari/537.36 [FB_IAB/FB4A;FBAV/231.0.0.39.113;]"
93.141.140.189 - - [30/Jul/2019:13:25:15 +0000] "GET /uploads/thumbnails/916e617e8a3c004a757828ecf58e79c7.jpg HTTP/1.1" 200 39075 "https://www.ing-victus.hr/kuce/kuca-na-izvrsnoj-lokaciji-8698-m2" "Mozilla/5.0 (Linux; Android 7.0; SM-G920F Build/NRD90M; wv) AppleWebKit/537.36 (KHTML, like Gecko) Version/4.0 Chrome/75.0.3770.143 Mobile Safari/537.36 [FB_IAB/FB4A;FBAV/231.0.0.39.113;]"
93.141.140.189 - - [30/Jul/2019:13:25:15 +0000] "GET /fonts/line-awesome.woff2?v=1.1. HTTP/1.1" 200 45108 "https://www.ing-victus.hr/css/line-awesome.css" "Mozilla/5.0 (Linux; Android 7.0; SM-G920F Build/NRD90M; wv) AppleWebKit/537.36 (KHTML, like Gecko) Version/4.0 Chrome/75.0.3770.143 Mobile Safari/537.36 [FB_IAB/FB4A;FBAV/231.0.0.39.113;]"
93.141.140.189 - - [30/Jul/2019:13:25:15 +0000] "GET /uploads/thumbnails/685a96f5189b55d5e47591bbede8af42.jpg HTTP/1.1" 200 47527 "https://www.ing-victus.hr/kuce/kuca-na-izvrsnoj-lokaciji-8698-m2" "Mozilla/5.0 (Linux; Android 7.0; SM-G920F Build/NRD90M; wv) AppleWebKit/537.36 (KHTML, like Gecko) Version/4.0 Chrome/75.0.3770.143 Mobile Safari/537.36 [FB_IAB/FB4A;FBAV/231.0.0.39.113;]"
93.141.140.189 - - [30/Jul/2019:13:25:16 +0000] "GET /images/icons/preloader.svg?v=2 HTTP/1.1" 200 686 "https://www.ing-victus.hr/css/style.css?v=9" "Mozilla/5.0 (Linux; Android 7.0; SM-G920F Build/NRD90M; wv) AppleWebKit/537.36 (KHTML, like Gecko) Version/4.0 Chrome/75.0.3770.143 Mobile Safari/537.36 [FB_IAB/FB4A;FBAV/231.0.0.39.113;]"
93.141.140.189 - - [30/Jul/2019:13:25:15 +0000] "GET /fonts/Flaticon.woff HTTP/1.1" 200 55964 "https://www.ing-victus.hr/css/flaticon.css" "Mozilla/5.0 (Linux; Android 7.0; SM-G920F Build/NRD90M; wv) AppleWebKit/537.36 (KHTML, like Gecko) Version/4.0 Chrome/75.0.3770.143 Mobile Safari/537.36 [FB_IAB/FB4A;FBAV/231.0.0.39.113;]"
93.141.140.189 - - [30/Jul/2019:13:25:16 +0000] "GET /uploads/thumbnails/47156061cbee0a6131a781274de40560.jpg HTTP/1.1" 200 52326 "https://www.ing-victus.hr/kuce/kuca-na-izvrsnoj-lokaciji-8698-m2" "Mozilla/5.0 (Linux; Android 7.0; SM-G920F Build/NRD90M; wv) AppleWebKit/537.36 (KHTML, like Gecko) Version/4.0 Chrome/75.0.3770.143 Mobile Safari/537.36 [FB_IAB/FB4A;FBAV/231.0.0.39.113;]"
93.141.140.189 - - [30/Jul/2019:13:25:16 +0000] "GET /images/background/16.jpg HTTP/1.1" 200 484974 "https://www.ing-victus.hr/kuce/kuca-na-izvrsnoj-lokaciji-8698-m2" "Mozilla/5.0 (Linux; Android 7.0; SM-G920F Build/NRD90M; wv) AppleWebKit/537.36 (KHTML, like Gecko) Version/4.0 Chrome/75.0.3770.143 Mobile Safari/537.36 [FB_IAB/FB4A;FBAV/231.0.0.39.113;]"
93.141.140.189 - - [30/Jul/2019:13:25:16 +0000] "GET /uploads/thumbnails/75a6b0d3c849b6b6abb32bae1682b8a0.jpg HTTP/1.1" 200 59565 "https://www.ing-victus.hr/kuce/kuca-na-izvrsnoj-lokaciji-8698-m2" "Mozilla/5.0 (Linux; Android 7.0; SM-G920F Build/NRD90M; wv) AppleWebKit/537.36 (KHTML, like Gecko) Version/4.0 Chrome/75.0.3770.143 Mobile Safari/537.36 [FB_IAB/FB4A;FBAV/231.0.0.39.113;]"
93.141.140.189 - - [30/Jul/2019:13:25:16 +0000] "GET /uploads/thumbnails/b6d356bd5aa8e02961ba0cadfff682ff.jpg HTTP/1.1" 200 24530 "https://www.ing-victus.hr/kuce/kuca-na-izvrsnoj-lokaciji-8698-m2" "Mozilla/5.0 (Linux; Android 7.0; SM-G920F Build/NRD90M; wv) AppleWebKit/537.36 (KHTML, like Gecko) Version/4.0 Chrome/75.0.3770.143 Mobile Safari/537.36 [FB_IAB/FB4A;FBAV/231.0.0.39.113;]"
93.141.140.189 - - [30/Jul/2019:13:25:16 +0000] "GET /uploads/thumbnails/87f257d6468f5294130d9f0158710092.jpg HTTP/1.1" 200 31342 "https://www.ing-victus.hr/kuce/kuca-na-izvrsnoj-lokaciji-8698-m2" "Mozilla/5.0 (Linux; Android 7.0; SM-G920F Build/NRD90M; wv) AppleWebKit/537.36 (KHTML, like Gecko) Version/4.0 Chrome/75.0.3770.143 Mobile Safari/537.36 [FB_IAB/FB4A;FBAV/231.0.0.39.113;]"
93.141.140.189 - - [30/Jul/2019:13:25:16 +0000] "GET /uploads/thumbnails/225c9d0e447a33bca6874a714d42b695.jpg HTTP/1.1" 200 55165 "https://www.ing-victus.hr/kuce/kuca-na-izvrsnoj-lokaciji-8698-m2" "Mozilla/5.0 (Linux; Android 7.0; SM-G920F Build/NRD90M; wv) AppleWebKit/537.36 (KHTML, like Gecko) Version/4.0 Chrome/75.0.3770.143 Mobile Safari/537.36 [FB_IAB/FB4A;FBAV/231.0.0.39.113;]"
