216.244.66.200 - - [23/Jul/2019:00:00:04 +0000] "GET /en-us/Videos HTTP/1.1" 301 255 "-" "Mozilla/5.0 (compatible; DotBot/1.1; http://www.opensiteexplorer.org/dotbot, help@moz.com)"
66.220.149.45 - - [23/Jul/2019:00:01:49 +0000] "GET /uploads/thumbnails/b40580ffe19dbb1fdc09f37ff4bcf1ba.jpg HTTP/1.1" 200 87583 "-" "facebookexternalhit/1.1 (+http://www.facebook.com/externalhit_uatext.php)"
66.220.149.45 - - [23/Jul/2019:00:01:49 +0000] "GET /uploads/thumbnails/3fd8b0d0b5d8020e5a9306489960ca2c.JPG HTTP/1.1" 200 99162 "-" "facebookexternalhit/1.1 (+http://www.facebook.com/externalhit_uatext.php)"
66.220.149.22 - - [23/Jul/2019:00:01:49 +0000] "GET /uploads/thumbnails/a983076aec8227af3288e69d5233a0ed.JPG HTTP/1.1" 200 71056 "-" "facebookexternalhit/1.1 (+http://www.facebook.com/externalhit_uatext.php)"
66.220.149.29 - - [23/Jul/2019:00:01:49 +0000] "GET /uploads/thumbnails/001066d1c54788cf5ae8439fbb78a0b1.jpg HTTP/1.1" 200 96408 "-" "facebookexternalhit/1.1 (+http://www.facebook.com/externalhit_uatext.php)"
66.220.149.29 - - [23/Jul/2019:00:01:49 +0000] "GET /uploads/images/34d511d2e0bcebcb22ab554a8693c841.jpg HTTP/1.1" 200 224302 "-" "facebookexternalhit/1.1 (+http://www.facebook.com/externalhit_uatext.php)"
49.199.41.16 - - [23/Jul/2019:00:02:41 +0000] "HEAD /uploads/thumbnails/34d511d2e0bcebcb22ab554a8693c841@2x.jpg HTTP/1.1" 404 - "https://www.kayaktours-croatia.com/tours/dugi-otok" "Mozilla/5.0 (Linux; Android 9; SM-G965F Build/PPR1.180610.011; wv) AppleWebKit/537.36 (KHTML, like Gecko) Version/4.0 Chrome/75.0.3770.101 Mobile Safari/537.36 Instagram 102.0.0.20.117 Android (28/9; 560dpi; 1440x2792; samsung; SM-G965F; star2lte; samsungexynos9810; en_AU; 163022088)"
49.199.41.16 - - [23/Jul/2019:00:02:41 +0000] "HEAD /img/logos/logo@2x.png HTTP/1.1" 404 - "https://www.kayaktours-croatia.com/tours/dugi-otok" "Mozilla/5.0 (Linux; Android 9; SM-G965F Build/PPR1.180610.011; wv) AppleWebKit/537.36 (KHTML, like Gecko) Version/4.0 Chrome/75.0.3770.101 Mobile Safari/537.36 Instagram 102.0.0.20.117 Android (28/9; 560dpi; 1440x2792; samsung; SM-G965F; star2lte; samsungexynos9810; en_AU; 163022088)"
49.199.41.16 - - [23/Jul/2019:00:02:41 +0000] "HEAD /uploads/thumbnails/6dc3737e5e4f710c5c4ae2068185f757@2x.jpg HTTP/1.1" 404 - "https://www.kayaktours-croatia.com/tours/dugi-otok" "Mozilla/5.0 (Linux; Android 9; SM-G965F Build/PPR1.180610.011; wv) AppleWebKit/537.36 (KHTML, like Gecko) Version/4.0 Chrome/75.0.3770.101 Mobile Safari/537.36 Instagram 102.0.0.20.117 Android (28/9; 560dpi; 1440x2792; samsung; SM-G965F; star2lte; samsungexynos9810; en_AU; 163022088)"
49.199.41.16 - - [23/Jul/2019:00:02:41 +0000] "HEAD /uploads/thumbnails/ed26046453ac115f1e8fa087f4393e69@2x.jpg HTTP/1.1" 404 - "https://www.kayaktours-croatia.com/tours/dugi-otok" "Mozilla/5.0 (Linux; Android 9; SM-G965F Build/PPR1.180610.011; wv) AppleWebKit/537.36 (KHTML, like Gecko) Version/4.0 Chrome/75.0.3770.101 Mobile Safari/537.36 Instagram 102.0.0.20.117 Android (28/9; 560dpi; 1440x2792; samsung; SM-G965F; star2lte; samsungexynos9810; en_AU; 163022088)"
49.199.41.16 - - [23/Jul/2019:00:02:50 +0000] "GET /tours/dugi-otok-half-day-kayak-adventure HTTP/1.1" 200 5251 "https://www.kayaktours-croatia.com/tours/dugi-otok" "Mozilla/5.0 (Linux; Android 9; SM-G965F Build/PPR1.180610.011; wv) AppleWebKit/537.36 (KHTML, like Gecko) Version/4.0 Chrome/75.0.3770.101 Mobile Safari/537.36 Instagram 102.0.0.20.117 Android (28/9; 560dpi; 1440x2792; samsung; SM-G965F; star2lte; samsungexynos9810; en_AU; 163022088)"
49.199.41.16 - - [23/Jul/2019:00:02:51 +0000] "GET /uploads/thumbnails/5898d5eb1c2ea85dce1948d50ceaa796.jpg HTTP/1.1" 200 77595 "https://www.kayaktours-croatia.com/tours/dugi-otok-half-day-kayak-adventure" "Mozilla/5.0 (Linux; Android 9; SM-G965F Build/PPR1.180610.011; wv) AppleWebKit/537.36 (KHTML, like Gecko) Version/4.0 Chrome/75.0.3770.101 Mobile Safari/537.36 Instagram 102.0.0.20.117 Android (28/9; 560dpi; 1440x2792; samsung; SM-G965F; star2lte; samsungexynos9810; en_AU; 163022088)"
49.199.41.16 - - [23/Jul/2019:00:02:51 +0000] "GET /uploads/thumbnails/67dc6c90a49fdf2ec897f9a2f5987cdf.jpg HTTP/1.1" 200 97000 "https://www.kayaktours-croatia.com/tours/dugi-otok-half-day-kayak-adventure" "Mozilla/5.0 (Linux; Android 9; SM-G965F Build/PPR1.180610.011; wv) AppleWebKit/537.36 (KHTML, like Gecko) Version/4.0 Chrome/75.0.3770.101 Mobile Safari/537.36 Instagram 102.0.0.20.117 Android (28/9; 560dpi; 1440x2792; samsung; SM-G965F; star2lte; samsungexynos9810; en_AU; 163022088)"
49.199.41.16 - - [23/Jul/2019:00:02:51 +0000] "GET /uploads/thumbnails/b7b6cd09de4093be4d2b1a1c88bf8fa6.jpg HTTP/1.1" 200 97768 "https://www.kayaktours-croatia.com/tours/dugi-otok-half-day-kayak-adventure" "Mozilla/5.0 (Linux; Android 9; SM-G965F Build/PPR1.180610.011; wv) AppleWebKit/537.36 (KHTML, like Gecko) Version/4.0 Chrome/75.0.3770.101 Mobile Safari/537.36 Instagram 102.0.0.20.117 Android (28/9; 560dpi; 1440x2792; samsung; SM-G965F; star2lte; samsungexynos9810; en_AU; 163022088)"
49.199.41.16 - - [23/Jul/2019:00:02:51 +0000] "GET /uploads/thumbnails/c3ad18f38457b913f857f80fa315ee33.jpg HTTP/1.1" 200 38668 "https://www.kayaktours-croatia.com/tours/dugi-otok-half-day-kayak-adventure" "Mozilla/5.0 (Linux; Android 9; SM-G965F Build/PPR1.180610.011; wv) AppleWebKit/537.36 (KHTML, like Gecko) Version/4.0 Chrome/75.0.3770.101 Mobile Safari/537.36 Instagram 102.0.0.20.117 Android (28/9; 560dpi; 1440x2792; samsung; SM-G965F; star2lte; samsungexynos9810; en_AU; 163022088)"
49.199.41.16 - - [23/Jul/2019:00:02:51 +0000] "GET /uploads/thumbnails/ef7ee93844f126acab15dbad24d628f3.jpg HTTP/1.1" 200 46340 "https://www.kayaktours-croatia.com/tours/dugi-otok-half-day-kayak-adventure" "Mozilla/5.0 (Linux; Android 9; SM-G965F Build/PPR1.180610.011; wv) AppleWebKit/537.36 (KHTML, like Gecko) Version/4.0 Chrome/75.0.3770.101 Mobile Safari/537.36 Instagram 102.0.0.20.117 Android (28/9; 560dpi; 1440x2792; samsung; SM-G965F; star2lte; samsungexynos9810; en_AU; 163022088)"
49.199.41.16 - - [23/Jul/2019:00:02:51 +0000] "GET /uploads/images/ed26046453ac115f1e8fa087f4393e69.jpg HTTP/1.1" 200 325871 "https://www.kayaktours-croatia.com/tours/dugi-otok-half-day-kayak-adventure" "Mozilla/5.0 (Linux; Android 9; SM-G965F Build/PPR1.180610.011; wv) AppleWebKit/537.36 (KHTML, like Gecko) Version/4.0 Chrome/75.0.3770.101 Mobile Safari/537.36 Instagram 102.0.0.20.117 Android (28/9; 560dpi; 1440x2792; samsung; SM-G965F; star2lte; samsungexynos9810; en_AU; 163022088)"
49.199.41.16 - - [23/Jul/2019:00:02:52 +0000] "GET /uploads/thumbnails/cc4ee4b455387b92d5cb43f8fefcd83f.jpg HTTP/1.1" 200 62133 "https://www.kayaktours-croatia.com/tours/dugi-otok-half-day-kayak-adventure" "Mozilla/5.0 (Linux; Android 9; SM-G965F Build/PPR1.180610.011; wv) AppleWebKit/537.36 (KHTML, like Gecko) Version/4.0 Chrome/75.0.3770.101 Mobile Safari/537.36 Instagram 102.0.0.20.117 Android (28/9; 560dpi; 1440x2792; samsung; SM-G965F; star2lte; samsungexynos9810; en_AU; 163022088)"
49.199.41.16 - - [23/Jul/2019:00:02:52 +0000] "GET /uploads/thumbnails/ed211dd2bf38b83966c9a631f08e6209.jpg HTTP/1.1" 200 70066 "https://www.kayaktours-croatia.com/tours/dugi-otok-half-day-kayak-adventure" "Mozilla/5.0 (Linux; Android 9; SM-G965F Build/PPR1.180610.011; wv) AppleWebKit/537.36 (KHTML, like Gecko) Version/4.0 Chrome/75.0.3770.101 Mobile Safari/537.36 Instagram 102.0.0.20.117 Android (28/9; 560dpi; 1440x2792; samsung; SM-G965F; star2lte; samsungexynos9810; en_AU; 163022088)"
49.199.41.16 - - [23/Jul/2019:00:02:52 +0000] "GET /uploads/thumbnails/e2fc1a569707b2f2983a45128fd789ac.jpg HTTP/1.1" 200 95211 "https://www.kayaktours-croatia.com/tours/dugi-otok-half-day-kayak-adventure" "Mozilla/5.0 (Linux; Android 9; SM-G965F Build/PPR1.180610.011; wv) AppleWebKit/537.36 (KHTML, like Gecko) Version/4.0 Chrome/75.0.3770.101 Mobile Safari/537.36 Instagram 102.0.0.20.117 Android (28/9; 560dpi; 1440x2792; samsung; SM-G965F; star2lte; samsungexynos9810; en_AU; 163022088)"
49.199.41.16 - - [23/Jul/2019:00:02:52 +0000] "GET /uploads/thumbnails/e782c30ddff70fb4a5269cd0b4d5a658.jpg HTTP/1.1" 200 115493 "https://www.kayaktours-croatia.com/tours/dugi-otok-half-day-kayak-adventure" "Mozilla/5.0 (Linux; Android 9; SM-G965F Build/PPR1.180610.011; wv) AppleWebKit/537.36 (KHTML, like Gecko) Version/4.0 Chrome/75.0.3770.101 Mobile Safari/537.36 Instagram 102.0.0.20.117 Android (28/9; 560dpi; 1440x2792; samsung; SM-G965F; star2lte; samsungexynos9810; en_AU; 163022088)"
49.199.41.16 - - [23/Jul/2019:00:02:53 +0000] "HEAD /img/logos/logo@2x.png HTTP/1.1" 404 - "https://www.kayaktours-croatia.com/tours/dugi-otok-half-day-kayak-adventure" "Mozilla/5.0 (Linux; Android 9; SM-G965F Build/PPR1.180610.011; wv) AppleWebKit/537.36 (KHTML, like Gecko) Version/4.0 Chrome/75.0.3770.101 Mobile Safari/537.36 Instagram 102.0.0.20.117 Android (28/9; 560dpi; 1440x2792; samsung; SM-G965F; star2lte; samsungexynos9810; en_AU; 163022088)"
49.199.41.16 - - [23/Jul/2019:00:02:53 +0000] "HEAD /uploads/images/ed26046453ac115f1e8fa087f4393e69@2x.jpg HTTP/1.1" 404 - "https://www.kayaktours-croatia.com/tours/dugi-otok-half-day-kayak-adventure" "Mozilla/5.0 (Linux; Android 9; SM-G965F Build/PPR1.180610.011; wv) AppleWebKit/537.36 (KHTML, like Gecko) Version/4.0 Chrome/75.0.3770.101 Mobile Safari/537.36 Instagram 102.0.0.20.117 Android (28/9; 560dpi; 1440x2792; samsung; SM-G965F; star2lte; samsungexynos9810; en_AU; 163022088)"
49.199.41.16 - - [23/Jul/2019:00:02:53 +0000] "HEAD /uploads/thumbnails/b7b6cd09de4093be4d2b1a1c88bf8fa6@2x.jpg HTTP/1.1" 404 - "https://www.kayaktours-croatia.com/tours/dugi-otok-half-day-kayak-adventure" "Mozilla/5.0 (Linux; Android 9; SM-G965F Build/PPR1.180610.011; wv) AppleWebKit/537.36 (KHTML, like Gecko) Version/4.0 Chrome/75.0.3770.101 Mobile Safari/537.36 Instagram 102.0.0.20.117 Android (28/9; 560dpi; 1440x2792; samsung; SM-G965F; star2lte; samsungexynos9810; en_AU; 163022088)"
49.199.41.16 - - [23/Jul/2019:00:02:53 +0000] "HEAD /uploads/thumbnails/c3ad18f38457b913f857f80fa315ee33@2x.jpg HTTP/1.1" 404 - "https://www.kayaktours-croatia.com/tours/dugi-otok-half-day-kayak-adventure" "Mozilla/5.0 (Linux; Android 9; SM-G965F Build/PPR1.180610.011; wv) AppleWebKit/537.36 (KHTML, like Gecko) Version/4.0 Chrome/75.0.3770.101 Mobile Safari/537.36 Instagram 102.0.0.20.117 Android (28/9; 560dpi; 1440x2792; samsung; SM-G965F; star2lte; samsungexynos9810; en_AU; 163022088)"
49.199.41.16 - - [23/Jul/2019:00:02:53 +0000] "HEAD /uploads/thumbnails/67dc6c90a49fdf2ec897f9a2f5987cdf@2x.jpg HTTP/1.1" 404 - "https://www.kayaktours-croatia.com/tours/dugi-otok-half-day-kayak-adventure" "Mozilla/5.0 (Linux; Android 9; SM-G965F Build/PPR1.180610.011; wv) AppleWebKit/537.36 (KHTML, like Gecko) Version/4.0 Chrome/75.0.3770.101 Mobile Safari/537.36 Instagram 102.0.0.20.117 Android (28/9; 560dpi; 1440x2792; samsung; SM-G965F; star2lte; samsungexynos9810; en_AU; 163022088)"
49.199.41.16 - - [23/Jul/2019:00:02:53 +0000] "HEAD /uploads/thumbnails/5898d5eb1c2ea85dce1948d50ceaa796@2x.jpg HTTP/1.1" 404 - "https://www.kayaktours-croatia.com/tours/dugi-otok-half-day-kayak-adventure" "Mozilla/5.0 (Linux; Android 9; SM-G965F Build/PPR1.180610.011; wv) AppleWebKit/537.36 (KHTML, like Gecko) Version/4.0 Chrome/75.0.3770.101 Mobile Safari/537.36 Instagram 102.0.0.20.117 Android (28/9; 560dpi; 1440x2792; samsung; SM-G965F; star2lte; samsungexynos9810; en_AU; 163022088)"
49.199.41.16 - - [23/Jul/2019:00:02:54 +0000] "HEAD /uploads/thumbnails/ef7ee93844f126acab15dbad24d628f3@2x.jpg HTTP/1.1" 404 - "https://www.kayaktours-croatia.com/tours/dugi-otok-half-day-kayak-adventure" "Mozilla/5.0 (Linux; Android 9; SM-G965F Build/PPR1.180610.011; wv) AppleWebKit/537.36 (KHTML, like Gecko) Version/4.0 Chrome/75.0.3770.101 Mobile Safari/537.36 Instagram 102.0.0.20.117 Android (28/9; 560dpi; 1440x2792; samsung; SM-G965F; star2lte; samsungexynos9810; en_AU; 163022088)"
49.199.41.16 - - [23/Jul/2019:00:02:54 +0000] "HEAD /uploads/thumbnails/e782c30ddff70fb4a5269cd0b4d5a658@2x.jpg HTTP/1.1" 404 - "https://www.kayaktours-croatia.com/tours/dugi-otok-half-day-kayak-adventure" "Mozilla/5.0 (Linux; Android 9; SM-G965F Build/PPR1.180610.011; wv) AppleWebKit/537.36 (KHTML, like Gecko) Version/4.0 Chrome/75.0.3770.101 Mobile Safari/537.36 Instagram 102.0.0.20.117 Android (28/9; 560dpi; 1440x2792; samsung; SM-G965F; star2lte; samsungexynos9810; en_AU; 163022088)"
49.199.41.16 - - [23/Jul/2019:00:02:54 +0000] "HEAD /uploads/thumbnails/e2fc1a569707b2f2983a45128fd789ac@2x.jpg HTTP/1.1" 404 - "https://www.kayaktours-croatia.com/tours/dugi-otok-half-day-kayak-adventure" "Mozilla/5.0 (Linux; Android 9; SM-G965F Build/PPR1.180610.011; wv) AppleWebKit/537.36 (KHTML, like Gecko) Version/4.0 Chrome/75.0.3770.101 Mobile Safari/537.36 Instagram 102.0.0.20.117 Android (28/9; 560dpi; 1440x2792; samsung; SM-G965F; star2lte; samsungexynos9810; en_AU; 163022088)"
49.199.41.16 - - [23/Jul/2019:00:02:54 +0000] "HEAD /uploads/thumbnails/ed211dd2bf38b83966c9a631f08e6209@2x.jpg HTTP/1.1" 404 - "https://www.kayaktours-croatia.com/tours/dugi-otok-half-day-kayak-adventure" "Mozilla/5.0 (Linux; Android 9; SM-G965F Build/PPR1.180610.011; wv) AppleWebKit/537.36 (KHTML, like Gecko) Version/4.0 Chrome/75.0.3770.101 Mobile Safari/537.36 Instagram 102.0.0.20.117 Android (28/9; 560dpi; 1440x2792; samsung; SM-G965F; star2lte; samsungexynos9810; en_AU; 163022088)"
49.199.41.16 - - [23/Jul/2019:00:02:54 +0000] "HEAD /uploads/thumbnails/cc4ee4b455387b92d5cb43f8fefcd83f@2x.jpg HTTP/1.1" 404 - "https://www.kayaktours-croatia.com/tours/dugi-otok-half-day-kayak-adventure" "Mozilla/5.0 (Linux; Android 9; SM-G965F Build/PPR1.180610.011; wv) AppleWebKit/537.36 (KHTML, like Gecko) Version/4.0 Chrome/75.0.3770.101 Mobile Safari/537.36 Instagram 102.0.0.20.117 Android (28/9; 560dpi; 1440x2792; samsung; SM-G965F; star2lte; samsungexynos9810; en_AU; 163022088)"
49.199.41.16 - - [23/Jul/2019:00:03:49 +0000] "HEAD /img/logos/logo@2x.png HTTP/1.1" 404 - "https://www.kayaktours-croatia.com/tours/dugi-otok" "Mozilla/5.0 (Linux; Android 9; SM-G965F Build/PPR1.180610.011; wv) AppleWebKit/537.36 (KHTML, like Gecko) Version/4.0 Chrome/75.0.3770.101 Mobile Safari/537.36 Instagram 102.0.0.20.117 Android (28/9; 560dpi; 1440x2792; samsung; SM-G965F; star2lte; samsungexynos9810; en_AU; 163022088)"
49.199.41.16 - - [23/Jul/2019:00:03:49 +0000] "HEAD /uploads/thumbnails/6dc3737e5e4f710c5c4ae2068185f757@2x.jpg HTTP/1.1" 404 - "https://www.kayaktours-croatia.com/tours/dugi-otok" "Mozilla/5.0 (Linux; Android 9; SM-G965F Build/PPR1.180610.011; wv) AppleWebKit/537.36 (KHTML, like Gecko) Version/4.0 Chrome/75.0.3770.101 Mobile Safari/537.36 Instagram 102.0.0.20.117 Android (28/9; 560dpi; 1440x2792; samsung; SM-G965F; star2lte; samsungexynos9810; en_AU; 163022088)"
49.199.41.16 - - [23/Jul/2019:00:03:49 +0000] "HEAD /uploads/thumbnails/34d511d2e0bcebcb22ab554a8693c841@2x.jpg HTTP/1.1" 404 - "https://www.kayaktours-croatia.com/tours/dugi-otok" "Mozilla/5.0 (Linux; Android 9; SM-G965F Build/PPR1.180610.011; wv) AppleWebKit/537.36 (KHTML, like Gecko) Version/4.0 Chrome/75.0.3770.101 Mobile Safari/537.36 Instagram 102.0.0.20.117 Android (28/9; 560dpi; 1440x2792; samsung; SM-G965F; star2lte; samsungexynos9810; en_AU; 163022088)"
49.199.41.16 - - [23/Jul/2019:00:03:49 +0000] "HEAD /uploads/thumbnails/ed26046453ac115f1e8fa087f4393e69@2x.jpg HTTP/1.1" 404 - "https://www.kayaktours-croatia.com/tours/dugi-otok" "Mozilla/5.0 (Linux; Android 9; SM-G965F Build/PPR1.180610.011; wv) AppleWebKit/537.36 (KHTML, like Gecko) Version/4.0 Chrome/75.0.3770.101 Mobile Safari/537.36 Instagram 102.0.0.20.117 Android (28/9; 560dpi; 1440x2792; samsung; SM-G965F; star2lte; samsungexynos9810; en_AU; 163022088)"
49.199.41.16 - - [23/Jul/2019:00:03:57 +0000] "GET /tours/dugi-otok-2-day-kayak-adventure HTTP/1.1" 200 5127 "https://www.kayaktours-croatia.com/tours/dugi-otok" "Mozilla/5.0 (Linux; Android 9; SM-G965F Build/PPR1.180610.011; wv) AppleWebKit/537.36 (KHTML, like Gecko) Version/4.0 Chrome/75.0.3770.101 Mobile Safari/537.36 Instagram 102.0.0.20.117 Android (28/9; 560dpi; 1440x2792; samsung; SM-G965F; star2lte; samsungexynos9810; en_AU; 163022088)"
49.199.41.16 - - [23/Jul/2019:00:03:57 +0000] "GET /uploads/thumbnails/f08d9c8b22a84524f72dc760296f99dd.jpg HTTP/1.1" 200 61188 "https://www.kayaktours-croatia.com/tours/dugi-otok-2-day-kayak-adventure" "Mozilla/5.0 (Linux; Android 9; SM-G965F Build/PPR1.180610.011; wv) AppleWebKit/537.36 (KHTML, like Gecko) Version/4.0 Chrome/75.0.3770.101 Mobile Safari/537.36 Instagram 102.0.0.20.117 Android (28/9; 560dpi; 1440x2792; samsung; SM-G965F; star2lte; samsungexynos9810; en_AU; 163022088)"
49.199.41.16 - - [23/Jul/2019:00:03:57 +0000] "GET /uploads/thumbnails/eb1238c1f28c58502f0dc6343f68f867.jpg HTTP/1.1" 200 75311 "https://www.kayaktours-croatia.com/tours/dugi-otok-2-day-kayak-adventure" "Mozilla/5.0 (Linux; Android 9; SM-G965F Build/PPR1.180610.011; wv) AppleWebKit/537.36 (KHTML, like Gecko) Version/4.0 Chrome/75.0.3770.101 Mobile Safari/537.36 Instagram 102.0.0.20.117 Android (28/9; 560dpi; 1440x2792; samsung; SM-G965F; star2lte; samsungexynos9810; en_AU; 163022088)"
49.199.41.16 - - [23/Jul/2019:00:03:57 +0000] "GET /uploads/thumbnails/325f228348d8251220f22b2f4a293f8c.jpg HTTP/1.1" 200 90121 "https://www.kayaktours-croatia.com/tours/dugi-otok-2-day-kayak-adventure" "Mozilla/5.0 (Linux; Android 9; SM-G965F Build/PPR1.180610.011; wv) AppleWebKit/537.36 (KHTML, like Gecko) Version/4.0 Chrome/75.0.3770.101 Mobile Safari/537.36 Instagram 102.0.0.20.117 Android (28/9; 560dpi; 1440x2792; samsung; SM-G965F; star2lte; samsungexynos9810; en_AU; 163022088)"
49.199.41.16 - - [23/Jul/2019:00:03:57 +0000] "GET /uploads/images/6dc3737e5e4f710c5c4ae2068185f757.jpg HTTP/1.1" 200 245309 "https://www.kayaktours-croatia.com/tours/dugi-otok-2-day-kayak-adventure" "Mozilla/5.0 (Linux; Android 9; SM-G965F Build/PPR1.180610.011; wv) AppleWebKit/537.36 (KHTML, like Gecko) Version/4.0 Chrome/75.0.3770.101 Mobile Safari/537.36 Instagram 102.0.0.20.117 Android (28/9; 560dpi; 1440x2792; samsung; SM-G965F; star2lte; samsungexynos9810; en_AU; 163022088)"
49.199.41.16 - - [23/Jul/2019:00:03:57 +0000] "GET /uploads/thumbnails/f4e09e348e0b420f390dacfa1329e3cd.jpg HTTP/1.1" 200 72223 "https://www.kayaktours-croatia.com/tours/dugi-otok-2-day-kayak-adventure" "Mozilla/5.0 (Linux; Android 9; SM-G965F Build/PPR1.180610.011; wv) AppleWebKit/537.36 (KHTML, like Gecko) Version/4.0 Chrome/75.0.3770.101 Mobile Safari/537.36 Instagram 102.0.0.20.117 Android (28/9; 560dpi; 1440x2792; samsung; SM-G965F; star2lte; samsungexynos9810; en_AU; 163022088)"
49.199.41.16 - - [23/Jul/2019:00:03:57 +0000] "GET /uploads/thumbnails/4c6217445de8ac19e7fdebd723146e35.jpg HTTP/1.1" 200 66821 "https://www.kayaktours-croatia.com/tours/dugi-otok-2-day-kayak-adventure" "Mozilla/5.0 (Linux; Android 9; SM-G965F Build/PPR1.180610.011; wv) AppleWebKit/537.36 (KHTML, like Gecko) Version/4.0 Chrome/75.0.3770.101 Mobile Safari/537.36 Instagram 102.0.0.20.117 Android (28/9; 560dpi; 1440x2792; samsung; SM-G965F; star2lte; samsungexynos9810; en_AU; 163022088)"
49.199.41.16 - - [23/Jul/2019:00:03:58 +0000] "GET /uploads/thumbnails/748236a79bce523789b87d550d84f88a.JPG HTTP/1.1" 200 82274 "https://www.kayaktours-croatia.com/tours/dugi-otok-2-day-kayak-adventure" "Mozilla/5.0 (Linux; Android 9; SM-G965F Build/PPR1.180610.011; wv) AppleWebKit/537.36 (KHTML, like Gecko) Version/4.0 Chrome/75.0.3770.101 Mobile Safari/537.36 Instagram 102.0.0.20.117 Android (28/9; 560dpi; 1440x2792; samsung; SM-G965F; star2lte; samsungexynos9810; en_AU; 163022088)"
49.199.41.16 - - [23/Jul/2019:00:03:58 +0000] "GET /uploads/thumbnails/875c2c95f300ffe9acc6fa857317cac9.JPG HTTP/1.1" 200 44609 "https://www.kayaktours-croatia.com/tours/dugi-otok-2-day-kayak-adventure" "Mozilla/5.0 (Linux; Android 9; SM-G965F Build/PPR1.180610.011; wv) AppleWebKit/537.36 (KHTML, like Gecko) Version/4.0 Chrome/75.0.3770.101 Mobile Safari/537.36 Instagram 102.0.0.20.117 Android (28/9; 560dpi; 1440x2792; samsung; SM-G965F; star2lte; samsungexynos9810; en_AU; 163022088)"
49.199.41.16 - - [23/Jul/2019:00:03:58 +0000] "GET /uploads/thumbnails/3ea830eba2c62af38be2094b26e74e66.jpg HTTP/1.1" 200 101380 "https://www.kayaktours-croatia.com/tours/dugi-otok-2-day-kayak-adventure" "Mozilla/5.0 (Linux; Android 9; SM-G965F Build/PPR1.180610.011; wv) AppleWebKit/537.36 (KHTML, like Gecko) Version/4.0 Chrome/75.0.3770.101 Mobile Safari/537.36 Instagram 102.0.0.20.117 Android (28/9; 560dpi; 1440x2792; samsung; SM-G965F; star2lte; samsungexynos9810; en_AU; 163022088)"
49.199.41.16 - - [23/Jul/2019:00:03:58 +0000] "GET /uploads/thumbnails/c28276b208796e4914e80403d5812f78.jpg HTTP/1.1" 200 58611 "https://www.kayaktours-croatia.com/tours/dugi-otok-2-day-kayak-adventure" "Mozilla/5.0 (Linux; Android 9; SM-G965F Build/PPR1.180610.011; wv) AppleWebKit/537.36 (KHTML, like Gecko) Version/4.0 Chrome/75.0.3770.101 Mobile Safari/537.36 Instagram 102.0.0.20.117 Android (28/9; 560dpi; 1440x2792; samsung; SM-G965F; star2lte; samsungexynos9810; en_AU; 163022088)"
49.199.41.16 - - [23/Jul/2019:00:03:58 +0000] "HEAD /img/logos/logo@2x.png HTTP/1.1" 404 - "https://www.kayaktours-croatia.com/tours/dugi-otok-2-day-kayak-adventure" "Mozilla/5.0 (Linux; Android 9; SM-G965F Build/PPR1.180610.011; wv) AppleWebKit/537.36 (KHTML, like Gecko) Version/4.0 Chrome/75.0.3770.101 Mobile Safari/537.36 Instagram 102.0.0.20.117 Android (28/9; 560dpi; 1440x2792; samsung; SM-G965F; star2lte; samsungexynos9810; en_AU; 163022088)"
49.199.41.16 - - [23/Jul/2019:00:03:58 +0000] "HEAD /uploads/images/6dc3737e5e4f710c5c4ae2068185f757@2x.jpg HTTP/1.1" 404 - "https://www.kayaktours-croatia.com/tours/dugi-otok-2-day-kayak-adventure" "Mozilla/5.0 (Linux; Android 9; SM-G965F Build/PPR1.180610.011; wv) AppleWebKit/537.36 (KHTML, like Gecko) Version/4.0 Chrome/75.0.3770.101 Mobile Safari/537.36 Instagram 102.0.0.20.117 Android (28/9; 560dpi; 1440x2792; samsung; SM-G965F; star2lte; samsungexynos9810; en_AU; 163022088)"
49.199.41.16 - - [23/Jul/2019:00:03:58 +0000] "HEAD /uploads/thumbnails/325f228348d8251220f22b2f4a293f8c@2x.jpg HTTP/1.1" 404 - "https://www.kayaktours-croatia.com/tours/dugi-otok-2-day-kayak-adventure" "Mozilla/5.0 (Linux; Android 9; SM-G965F Build/PPR1.180610.011; wv) AppleWebKit/537.36 (KHTML, like Gecko) Version/4.0 Chrome/75.0.3770.101 Mobile Safari/537.36 Instagram 102.0.0.20.117 Android (28/9; 560dpi; 1440x2792; samsung; SM-G965F; star2lte; samsungexynos9810; en_AU; 163022088)"
49.199.41.16 - - [23/Jul/2019:00:03:59 +0000] "HEAD /uploads/thumbnails/eb1238c1f28c58502f0dc6343f68f867@2x.jpg HTTP/1.1" 404 - "https://www.kayaktours-croatia.com/tours/dugi-otok-2-day-kayak-adventure" "Mozilla/5.0 (Linux; Android 9; SM-G965F Build/PPR1.180610.011; wv) AppleWebKit/537.36 (KHTML, like Gecko) Version/4.0 Chrome/75.0.3770.101 Mobile Safari/537.36 Instagram 102.0.0.20.117 Android (28/9; 560dpi; 1440x2792; samsung; SM-G965F; star2lte; samsungexynos9810; en_AU; 163022088)"
49.199.41.16 - - [23/Jul/2019:00:03:59 +0000] "HEAD /uploads/thumbnails/4c6217445de8ac19e7fdebd723146e35@2x.jpg HTTP/1.1" 404 - "https://www.kayaktours-croatia.com/tours/dugi-otok-2-day-kayak-adventure" "Mozilla/5.0 (Linux; Android 9; SM-G965F Build/PPR1.180610.011; wv) AppleWebKit/537.36 (KHTML, like Gecko) Version/4.0 Chrome/75.0.3770.101 Mobile Safari/537.36 Instagram 102.0.0.20.117 Android (28/9; 560dpi; 1440x2792; samsung; SM-G965F; star2lte; samsungexynos9810; en_AU; 163022088)"
49.199.41.16 - - [23/Jul/2019:00:03:59 +0000] "HEAD /uploads/thumbnails/f08d9c8b22a84524f72dc760296f99dd@2x.jpg HTTP/1.1" 404 - "https://www.kayaktours-croatia.com/tours/dugi-otok-2-day-kayak-adventure" "Mozilla/5.0 (Linux; Android 9; SM-G965F Build/PPR1.180610.011; wv) AppleWebKit/537.36 (KHTML, like Gecko) Version/4.0 Chrome/75.0.3770.101 Mobile Safari/537.36 Instagram 102.0.0.20.117 Android (28/9; 560dpi; 1440x2792; samsung; SM-G965F; star2lte; samsungexynos9810; en_AU; 163022088)"
49.199.41.16 - - [23/Jul/2019:00:03:59 +0000] "HEAD /uploads/thumbnails/f4e09e348e0b420f390dacfa1329e3cd@2x.jpg HTTP/1.1" 404 - "https://www.kayaktours-croatia.com/tours/dugi-otok-2-day-kayak-adventure" "Mozilla/5.0 (Linux; Android 9; SM-G965F Build/PPR1.180610.011; wv) AppleWebKit/537.36 (KHTML, like Gecko) Version/4.0 Chrome/75.0.3770.101 Mobile Safari/537.36 Instagram 102.0.0.20.117 Android (28/9; 560dpi; 1440x2792; samsung; SM-G965F; star2lte; samsungexynos9810; en_AU; 163022088)"
49.199.41.16 - - [23/Jul/2019:00:03:59 +0000] "HEAD /uploads/thumbnails/748236a79bce523789b87d550d84f88a@2x.JPG HTTP/1.1" 404 - "https://www.kayaktours-croatia.com/tours/dugi-otok-2-day-kayak-adventure" "Mozilla/5.0 (Linux; Android 9; SM-G965F Build/PPR1.180610.011; wv) AppleWebKit/537.36 (KHTML, like Gecko) Version/4.0 Chrome/75.0.3770.101 Mobile Safari/537.36 Instagram 102.0.0.20.117 Android (28/9; 560dpi; 1440x2792; samsung; SM-G965F; star2lte; samsungexynos9810; en_AU; 163022088)"
49.199.41.16 - - [23/Jul/2019:00:03:59 +0000] "HEAD /uploads/thumbnails/3ea830eba2c62af38be2094b26e74e66@2x.jpg HTTP/1.1" 404 - "https://www.kayaktours-croatia.com/tours/dugi-otok-2-day-kayak-adventure" "Mozilla/5.0 (Linux; Android 9; SM-G965F Build/PPR1.180610.011; wv) AppleWebKit/537.36 (KHTML, like Gecko) Version/4.0 Chrome/75.0.3770.101 Mobile Safari/537.36 Instagram 102.0.0.20.117 Android (28/9; 560dpi; 1440x2792; samsung; SM-G965F; star2lte; samsungexynos9810; en_AU; 163022088)"
49.199.41.16 - - [23/Jul/2019:00:03:59 +0000] "HEAD /uploads/thumbnails/875c2c95f300ffe9acc6fa857317cac9@2x.JPG HTTP/1.1" 404 - "https://www.kayaktours-croatia.com/tours/dugi-otok-2-day-kayak-adventure" "Mozilla/5.0 (Linux; Android 9; SM-G965F Build/PPR1.180610.011; wv) AppleWebKit/537.36 (KHTML, like Gecko) Version/4.0 Chrome/75.0.3770.101 Mobile Safari/537.36 Instagram 102.0.0.20.117 Android (28/9; 560dpi; 1440x2792; samsung; SM-G965F; star2lte; samsungexynos9810; en_AU; 163022088)"
49.199.41.16 - - [23/Jul/2019:00:03:59 +0000] "HEAD /uploads/thumbnails/c28276b208796e4914e80403d5812f78@2x.jpg HTTP/1.1" 404 - "https://www.kayaktours-croatia.com/tours/dugi-otok-2-day-kayak-adventure" "Mozilla/5.0 (Linux; Android 9; SM-G965F Build/PPR1.180610.011; wv) AppleWebKit/537.36 (KHTML, like Gecko) Version/4.0 Chrome/75.0.3770.101 Mobile Safari/537.36 Instagram 102.0.0.20.117 Android (28/9; 560dpi; 1440x2792; samsung; SM-G965F; star2lte; samsungexynos9810; en_AU; 163022088)"
49.199.41.16 - - [23/Jul/2019:00:04:15 +0000] "HEAD /uploads/thumbnails/6dc3737e5e4f710c5c4ae2068185f757@2x.jpg HTTP/1.1" 404 - "https://www.kayaktours-croatia.com/tours/dugi-otok" "Mozilla/5.0 (Linux; Android 9; SM-G965F Build/PPR1.180610.011; wv) AppleWebKit/537.36 (KHTML, like Gecko) Version/4.0 Chrome/75.0.3770.101 Mobile Safari/537.36 Instagram 102.0.0.20.117 Android (28/9; 560dpi; 1440x2792; samsung; SM-G965F; star2lte; samsungexynos9810; en_AU; 163022088)"
49.199.41.16 - - [23/Jul/2019:00:04:15 +0000] "HEAD /img/logos/logo@2x.png HTTP/1.1" 404 - "https://www.kayaktours-croatia.com/tours/dugi-otok" "Mozilla/5.0 (Linux; Android 9; SM-G965F Build/PPR1.180610.011; wv) AppleWebKit/537.36 (KHTML, like Gecko) Version/4.0 Chrome/75.0.3770.101 Mobile Safari/537.36 Instagram 102.0.0.20.117 Android (28/9; 560dpi; 1440x2792; samsung; SM-G965F; star2lte; samsungexynos9810; en_AU; 163022088)"
49.199.41.16 - - [23/Jul/2019:00:04:15 +0000] "HEAD /uploads/thumbnails/34d511d2e0bcebcb22ab554a8693c841@2x.jpg HTTP/1.1" 404 - "https://www.kayaktours-croatia.com/tours/dugi-otok" "Mozilla/5.0 (Linux; Android 9; SM-G965F Build/PPR1.180610.011; wv) AppleWebKit/537.36 (KHTML, like Gecko) Version/4.0 Chrome/75.0.3770.101 Mobile Safari/537.36 Instagram 102.0.0.20.117 Android (28/9; 560dpi; 1440x2792; samsung; SM-G965F; star2lte; samsungexynos9810; en_AU; 163022088)"
49.199.41.16 - - [23/Jul/2019:00:04:15 +0000] "HEAD /uploads/thumbnails/ed26046453ac115f1e8fa087f4393e69@2x.jpg HTTP/1.1" 404 - "https://www.kayaktours-croatia.com/tours/dugi-otok" "Mozilla/5.0 (Linux; Android 9; SM-G965F Build/PPR1.180610.011; wv) AppleWebKit/537.36 (KHTML, like Gecko) Version/4.0 Chrome/75.0.3770.101 Mobile Safari/537.36 Instagram 102.0.0.20.117 Android (28/9; 560dpi; 1440x2792; samsung; SM-G965F; star2lte; samsungexynos9810; en_AU; 163022088)"
49.199.41.16 - - [23/Jul/2019:00:04:17 +0000] "GET /tours/dugi-otok-1-day-kayak-adventure HTTP/1.1" 200 4954 "https://www.kayaktours-croatia.com/tours/dugi-otok" "Mozilla/5.0 (Linux; Android 9; SM-G965F Build/PPR1.180610.011; wv) AppleWebKit/537.36 (KHTML, like Gecko) Version/4.0 Chrome/75.0.3770.101 Mobile Safari/537.36 Instagram 102.0.0.20.117 Android (28/9; 560dpi; 1440x2792; samsung; SM-G965F; star2lte; samsungexynos9810; en_AU; 163022088)"
49.199.41.16 - - [23/Jul/2019:00:04:20 +0000] "HEAD /img/logos/logo@2x.png HTTP/1.1" 404 - "https://www.kayaktours-croatia.com/tours/dugi-otok-1-day-kayak-adventure" "Mozilla/5.0 (Linux; Android 9; SM-G965F Build/PPR1.180610.011; wv) AppleWebKit/537.36 (KHTML, like Gecko) Version/4.0 Chrome/75.0.3770.101 Mobile Safari/537.36 Instagram 102.0.0.20.117 Android (28/9; 560dpi; 1440x2792; samsung; SM-G965F; star2lte; samsungexynos9810; en_AU; 163022088)"
49.199.41.16 - - [23/Jul/2019:00:04:20 +0000] "HEAD /uploads/thumbnails/b40580ffe19dbb1fdc09f37ff4bcf1ba@2x.jpg HTTP/1.1" 404 - "https://www.kayaktours-croatia.com/tours/dugi-otok-1-day-kayak-adventure" "Mozilla/5.0 (Linux; Android 9; SM-G965F Build/PPR1.180610.011; wv) AppleWebKit/537.36 (KHTML, like Gecko) Version/4.0 Chrome/75.0.3770.101 Mobile Safari/537.36 Instagram 102.0.0.20.117 Android (28/9; 560dpi; 1440x2792; samsung; SM-G965F; star2lte; samsungexynos9810; en_AU; 163022088)"
49.199.41.16 - - [23/Jul/2019:00:04:20 +0000] "HEAD /uploads/images/34d511d2e0bcebcb22ab554a8693c841@2x.jpg HTTP/1.1" 404 - "https://www.kayaktours-croatia.com/tours/dugi-otok-1-day-kayak-adventure" "Mozilla/5.0 (Linux; Android 9; SM-G965F Build/PPR1.180610.011; wv) AppleWebKit/537.36 (KHTML, like Gecko) Version/4.0 Chrome/75.0.3770.101 Mobile Safari/537.36 Instagram 102.0.0.20.117 Android (28/9; 560dpi; 1440x2792; samsung; SM-G965F; star2lte; samsungexynos9810; en_AU; 163022088)"
49.199.41.16 - - [23/Jul/2019:00:04:20 +0000] "HEAD /uploads/thumbnails/a983076aec8227af3288e69d5233a0ed@2x.JPG HTTP/1.1" 404 - "https://www.kayaktours-croatia.com/tours/dugi-otok-1-day-kayak-adventure" "Mozilla/5.0 (Linux; Android 9; SM-G965F Build/PPR1.180610.011; wv) AppleWebKit/537.36 (KHTML, like Gecko) Version/4.0 Chrome/75.0.3770.101 Mobile Safari/537.36 Instagram 102.0.0.20.117 Android (28/9; 560dpi; 1440x2792; samsung; SM-G965F; star2lte; samsungexynos9810; en_AU; 163022088)"
49.199.41.16 - - [23/Jul/2019:00:04:20 +0000] "HEAD /uploads/thumbnails/001066d1c54788cf5ae8439fbb78a0b1@2x.jpg HTTP/1.1" 404 - "https://www.kayaktours-croatia.com/tours/dugi-otok-1-day-kayak-adventure" "Mozilla/5.0 (Linux; Android 9; SM-G965F Build/PPR1.180610.011; wv) AppleWebKit/537.36 (KHTML, like Gecko) Version/4.0 Chrome/75.0.3770.101 Mobile Safari/537.36 Instagram 102.0.0.20.117 Android (28/9; 560dpi; 1440x2792; samsung; SM-G965F; star2lte; samsungexynos9810; en_AU; 163022088)"
49.199.41.16 - - [23/Jul/2019:00:04:20 +0000] "HEAD /uploads/thumbnails/3fd8b0d0b5d8020e5a9306489960ca2c@2x.JPG HTTP/1.1" 404 - "https://www.kayaktours-croatia.com/tours/dugi-otok-1-day-kayak-adventure" "Mozilla/5.0 (Linux; Android 9; SM-G965F Build/PPR1.180610.011; wv) AppleWebKit/537.36 (KHTML, like Gecko) Version/4.0 Chrome/75.0.3770.101 Mobile Safari/537.36 Instagram 102.0.0.20.117 Android (28/9; 560dpi; 1440x2792; samsung; SM-G965F; star2lte; samsungexynos9810; en_AU; 163022088)"
49.199.41.16 - - [23/Jul/2019:00:04:21 +0000] "HEAD /uploads/thumbnails/085ee56033b4c791a1f474d8d933be14@2x.JPG HTTP/1.1" 404 - "https://www.kayaktours-croatia.com/tours/dugi-otok-1-day-kayak-adventure" "Mozilla/5.0 (Linux; Android 9; SM-G965F Build/PPR1.180610.011; wv) AppleWebKit/537.36 (KHTML, like Gecko) Version/4.0 Chrome/75.0.3770.101 Mobile Safari/537.36 Instagram 102.0.0.20.117 Android (28/9; 560dpi; 1440x2792; samsung; SM-G965F; star2lte; samsungexynos9810; en_AU; 163022088)"
49.199.41.16 - - [23/Jul/2019:00:04:21 +0000] "HEAD /uploads/thumbnails/d0adb2cef63055d0593af9fd2b0169d3@2x.jpg HTTP/1.1" 404 - "https://www.kayaktours-croatia.com/tours/dugi-otok-1-day-kayak-adventure" "Mozilla/5.0 (Linux; Android 9; SM-G965F Build/PPR1.180610.011; wv) AppleWebKit/537.36 (KHTML, like Gecko) Version/4.0 Chrome/75.0.3770.101 Mobile Safari/537.36 Instagram 102.0.0.20.117 Android (28/9; 560dpi; 1440x2792; samsung; SM-G965F; star2lte; samsungexynos9810; en_AU; 163022088)"
49.199.41.16 - - [23/Jul/2019:00:04:21 +0000] "HEAD /uploads/thumbnails/758c88ace4a78fb04d5d836d23f53f8b@2x.JPG HTTP/1.1" 404 - "https://www.kayaktours-croatia.com/tours/dugi-otok-1-day-kayak-adventure" "Mozilla/5.0 (Linux; Android 9; SM-G965F Build/PPR1.180610.011; wv) AppleWebKit/537.36 (KHTML, like Gecko) Version/4.0 Chrome/75.0.3770.101 Mobile Safari/537.36 Instagram 102.0.0.20.117 Android (28/9; 560dpi; 1440x2792; samsung; SM-G965F; star2lte; samsungexynos9810; en_AU; 163022088)"
49.199.41.16 - - [23/Jul/2019:00:04:21 +0000] "HEAD /uploads/thumbnails/b75f239068cbf5b27e82436f4b162c08@2x.jpg HTTP/1.1" 404 - "https://www.kayaktours-croatia.com/tours/dugi-otok-1-day-kayak-adventure" "Mozilla/5.0 (Linux; Android 9; SM-G965F Build/PPR1.180610.011; wv) AppleWebKit/537.36 (KHTML, like Gecko) Version/4.0 Chrome/75.0.3770.101 Mobile Safari/537.36 Instagram 102.0.0.20.117 Android (28/9; 560dpi; 1440x2792; samsung; SM-G965F; star2lte; samsungexynos9810; en_AU; 163022088)"
49.199.41.16 - - [23/Jul/2019:00:04:21 +0000] "HEAD /uploads/thumbnails/91292dbc7b019c101b1f0fa73b5b6db1@2x.jpg HTTP/1.1" 404 - "https://www.kayaktours-croatia.com/tours/dugi-otok-1-day-kayak-adventure" "Mozilla/5.0 (Linux; Android 9; SM-G965F Build/PPR1.180610.011; wv) AppleWebKit/537.36 (KHTML, like Gecko) Version/4.0 Chrome/75.0.3770.101 Mobile Safari/537.36 Instagram 102.0.0.20.117 Android (28/9; 560dpi; 1440x2792; samsung; SM-G965F; star2lte; samsungexynos9810; en_AU; 163022088)"
23.91.70.92 - - [23/Jul/2019:00:05:25 +0000] "GET /keepalive.aspx HTTP/1.1" 301 257 "-" "WebsitePanel_Site_Check"
23.91.70.92 - - [23/Jul/2019:00:05:26 +0000] "GET /keepalive.aspx HTTP/1.1" 404 1104 "-" "WebsitePanel_Site_Check"
173.252.127.11 - - [23/Jul/2019:00:07:11 +0000] "GET /img/logos/logo.png HTTP/1.1" 200 10944 "-" "facebookexternalhit/1.1 (+http://www.facebook.com/externalhit_uatext.php)"
54.36.150.122 - - [23/Jul/2019:00:08:37 +0000] "GET /en-us/ HTTP/1.1" 301 247 "-" "Mozilla/5.0 (compatible; AhrefsBot/6.1; +http://ahrefs.com/robot/)"
66.249.69.232 - - [23/Jul/2019:00:10:42 +0000] "GET /favicon.ico HTTP/1.1" 304 - "-" "Googlebot-Image/1.0"
2.247.241.219 - - [23/Jul/2019:00:15:00 +0000] "GET /uploads/images/b40580ffe19dbb1fdc09f37ff4bcf1ba.jpg HTTP/1.1" 200 297204 "https://www.google.de/" "Mozilla/5.0 (Linux; Android 6.0.1; SM-N910F) AppleWebKit/537.36 (KHTML, like Gecko) Chrome/75.0.3770.143 Mobile Safari/537.36"
23.91.70.92 - - [23/Jul/2019:00:15:25 +0000] "GET /keepalive.aspx HTTP/1.1" 301 257 "-" "WebsitePanel_Site_Check"
23.91.70.92 - - [23/Jul/2019:00:15:26 +0000] "GET /keepalive.aspx HTTP/1.1" 404 1104 "-" "WebsitePanel_Site_Check"
23.91.70.92 - - [23/Jul/2019:00:25:25 +0000] "GET /keepalive.aspx HTTP/1.1" 301 257 "-" "WebsitePanel_Site_Check"
23.91.70.92 - - [23/Jul/2019:00:25:26 +0000] "GET /keepalive.aspx HTTP/1.1" 404 1104 "-" "WebsitePanel_Site_Check"
66.249.69.232 - - [23/Jul/2019:00:25:39 +0000] "GET /routes/dugi-otok HTTP/1.1" 301 257 "-" "Mozilla/5.0 (Linux; Android 6.0.1; Nexus 5X Build/MMB29P) AppleWebKit/537.36 (KHTML, like Gecko) Chrome/41.0.2272.96 Mobile Safari/537.36 (compatible; Googlebot/2.1; +http://www.google.com/bot.html)"
66.249.69.243 - - [23/Jul/2019:00:25:39 +0000] "GET /tours/dugi-otok HTTP/1.1" 301 258 "-" "Mozilla/5.0 (Linux; Android 6.0.1; Nexus 5X Build/MMB29P) AppleWebKit/537.36 (KHTML, like Gecko) Chrome/41.0.2272.96 Mobile Safari/537.36 (compatible; Googlebot/2.1; +http://www.google.com/bot.html)"
66.249.69.234 - - [23/Jul/2019:00:25:40 +0000] "GET /tours/dugi-otok HTTP/1.1" 200 3506 "-" "Mozilla/5.0 (Linux; Android 6.0.1; Nexus 5X Build/MMB29P) AppleWebKit/537.36 (KHTML, like Gecko) Chrome/41.0.2272.96 Mobile Safari/537.36 (compatible; Googlebot/2.1; +http://www.google.com/bot.html)"
66.249.69.232 - - [23/Jul/2019:00:25:43 +0000] "HEAD /uploads/thumbnails/ed26046453ac115f1e8fa087f4393e69@2x.jpg HTTP/1.1" 404 - "https://www.kayaktours-croatia.com/tours/dugi-otok" "Mozilla/5.0 (Linux; Android 6.0.1; Nexus 5X Build/MMB29P) AppleWebKit/537.36 (KHTML, like Gecko) Chrome/41.0.2272.96 Mobile Safari/537.36 (compatible; Googlebot/2.1; +http://www.google.com/bot.html)"
66.249.69.232 - - [23/Jul/2019:00:25:44 +0000] "HEAD /uploads/thumbnails/34d511d2e0bcebcb22ab554a8693c841@2x.jpg HTTP/1.1" 404 - "https://www.kayaktours-croatia.com/tours/dugi-otok" "Mozilla/5.0 (Linux; Android 6.0.1; Nexus 5X Build/MMB29P) AppleWebKit/537.36 (KHTML, like Gecko) Chrome/41.0.2272.96 Mobile Safari/537.36 (compatible; Googlebot/2.1; +http://www.google.com/bot.html)"
66.249.69.234 - - [23/Jul/2019:00:25:44 +0000] "HEAD /img/logos/logo@2x.png HTTP/1.1" 404 - "https://www.kayaktours-croatia.com/tours/dugi-otok" "Mozilla/5.0 (Linux; Android 6.0.1; Nexus 5X Build/MMB29P) AppleWebKit/537.36 (KHTML, like Gecko) Chrome/41.0.2272.96 Mobile Safari/537.36 (compatible; Googlebot/2.1; +http://www.google.com/bot.html)"
66.249.69.232 - - [23/Jul/2019:00:25:45 +0000] "HEAD /uploads/thumbnails/6dc3737e5e4f710c5c4ae2068185f757@2x.jpg HTTP/1.1" 404 - "https://www.kayaktours-croatia.com/tours/dugi-otok" "Mozilla/5.0 (Linux; Android 6.0.1; Nexus 5X Build/MMB29P) AppleWebKit/537.36 (KHTML, like Gecko) Chrome/41.0.2272.96 Mobile Safari/537.36 (compatible; Googlebot/2.1; +http://www.google.com/bot.html)"
159.65.24.22 - - [23/Jul/2019:00:26:45 +0000] "GET / HTTP/1.1" 301 243 "-" "Mozilla/5.0 (Windows NT 6.0) AppleWebKit/537.36 (KHTML, like Gecko) Chrome/34.0.1847.116 Safari/537.36"
159.65.24.22 - - [23/Jul/2019:00:26:46 +0000] "GET / HTTP/1.1" 200 6039 "-" "Mozilla/5.0 (Windows NT 6.0) AppleWebKit/537.36 (KHTML, like Gecko) Chrome/34.0.1847.116 Safari/537.36"
159.65.24.22 - - [23/Jul/2019:00:26:46 +0000] "GET /tours/zadar-kayak-tour HTTP/1.1" 200 4869 "-" "Mozilla/5.0 (Windows NT 6.0) AppleWebKit/537.36 (KHTML, like Gecko) Chrome/34.0.1847.116 Safari/537.36"
159.65.24.22 - - [23/Jul/2019:00:26:47 +0000] "GET /about-us HTTP/1.1" 200 3621 "-" "Mozilla/5.0 (Windows NT 6.0) AppleWebKit/537.36 (KHTML, like Gecko) Chrome/34.0.1847.116 Safari/537.36"
159.65.24.22 - - [23/Jul/2019:00:26:48 +0000] "GET /tours/dugi-otok HTTP/1.1" 200 3506 "-" "Mozilla/5.0 (Windows NT 6.0) AppleWebKit/537.36 (KHTML, like Gecko) Chrome/34.0.1847.116 Safari/537.36"
159.65.24.22 - - [23/Jul/2019:00:26:48 +0000] "GET /tailor-made HTTP/1.1" 200 3124 "-" "Mozilla/5.0 (Windows NT 6.0) AppleWebKit/537.36 (KHTML, like Gecko) Chrome/34.0.1847.116 Safari/537.36"
159.65.24.22 - - [23/Jul/2019:00:26:49 +0000] "GET /contact HTTP/1.1" 200 3649 "-" "Mozilla/5.0 (Windows NT 6.0) AppleWebKit/537.36 (KHTML, like Gecko) Chrome/34.0.1847.116 Safari/537.36"
23.91.70.92 - - [23/Jul/2019:00:35:25 +0000] "GET /keepalive.aspx HTTP/1.1" 301 257 "-" "WebsitePanel_Site_Check"
23.91.70.92 - - [23/Jul/2019:00:35:25 +0000] "GET /keepalive.aspx HTTP/1.1" 404 1104 "-" "WebsitePanel_Site_Check"
23.91.70.92 - - [23/Jul/2019:00:45:25 +0000] "GET /keepalive.aspx HTTP/1.1" 301 257 "-" "WebsitePanel_Site_Check"
23.91.70.92 - - [23/Jul/2019:00:45:26 +0000] "GET /keepalive.aspx HTTP/1.1" 404 1104 "-" "WebsitePanel_Site_Check"
77.75.79.17 - - [23/Jul/2019:00:53:12 +0000] "GET /robots.txt HTTP/1.1" 200 24 "-" "Mozilla/5.0 (compatible; SeznamBot/3.2; +http://napoveda.seznam.cz/en/seznambot-intro/)"
77.75.79.17 - - [23/Jul/2019:00:53:12 +0000] "GET /uploads/thumbnails/a2c5f8d4cbd323169a23e1e6b8dae278.jpg HTTP/1.1" 304 - "-" "Mozilla/5.0 (compatible; SeznamBot/3.2; +http://napoveda.seznam.cz/en/seznambot-intro/)"
23.91.70.92 - - [23/Jul/2019:00:55:25 +0000] "GET /keepalive.aspx HTTP/1.1" 301 257 "-" "WebsitePanel_Site_Check"
23.91.70.92 - - [23/Jul/2019:00:55:26 +0000] "GET /keepalive.aspx HTTP/1.1" 404 1104 "-" "WebsitePanel_Site_Check"
23.91.70.92 - - [23/Jul/2019:01:05:25 +0000] "GET /keepalive.aspx HTTP/1.1" 301 257 "-" "WebsitePanel_Site_Check"
23.91.70.92 - - [23/Jul/2019:01:05:26 +0000] "GET /keepalive.aspx HTTP/1.1" 404 1104 "-" "WebsitePanel_Site_Check"
66.249.69.232 - - [23/Jul/2019:01:06:43 +0000] "GET /favicon-32x32.png HTTP/1.1" 304 - "-" "Googlebot-Image/1.0"
141.8.132.11 - - [23/Jul/2019:01:12:31 +0000] "GET / HTTP/1.1" 200 6039 "-" "Mozilla/5.0 (iPhone; CPU iPhone OS 8_1 like Mac OS X) AppleWebKit/600.1.4 (KHTML, like Gecko) Version/8.0 Mobile/12B411 Safari/600.1.4 (compatible; YandexMobileBot/3.0; +http://yandex.com/bots)"
46.229.161.131 - - [23/Jul/2019:01:13:42 +0000] "GET / HTTP/1.1" 301 243 "-" "SEMrushBot"
46.229.161.131 - - [23/Jul/2019:01:13:42 +0000] "GET / HTTP/1.1" 200 6039 "http://www.kayaktours-croatia.com" "SEMrushBot"
23.91.70.92 - - [23/Jul/2019:01:15:25 +0000] "GET /keepalive.aspx HTTP/1.1" 301 257 "-" "WebsitePanel_Site_Check"
23.91.70.92 - - [23/Jul/2019:01:15:26 +0000] "GET /keepalive.aspx HTTP/1.1" 404 1104 "-" "WebsitePanel_Site_Check"
23.91.70.92 - - [23/Jul/2019:01:25:25 +0000] "GET /keepalive.aspx HTTP/1.1" 301 257 "-" "WebsitePanel_Site_Check"
23.91.70.92 - - [23/Jul/2019:01:25:26 +0000] "GET /keepalive.aspx HTTP/1.1" 404 1104 "-" "WebsitePanel_Site_Check"
23.91.70.92 - - [23/Jul/2019:01:35:25 +0000] "GET /keepalive.aspx HTTP/1.1" 301 257 "-" "WebsitePanel_Site_Check"
23.91.70.92 - - [23/Jul/2019:01:35:26 +0000] "GET /keepalive.aspx HTTP/1.1" 404 1104 "-" "WebsitePanel_Site_Check"
157.55.39.201 - - [23/Jul/2019:01:41:53 +0000] "GET /uploads/images/b40580ffe19dbb1fdc09f37ff4bcf1ba.jpg HTTP/1.1" 200 297204 "-" "Mozilla/5.0 (compatible; bingbot/2.0; +http://www.bing.com/bingbot.htm)"
23.91.70.92 - - [23/Jul/2019:01:45:25 +0000] "GET /keepalive.aspx HTTP/1.1" 301 257 "-" "WebsitePanel_Site_Check"
23.91.70.92 - - [23/Jul/2019:01:45:26 +0000] "GET /keepalive.aspx HTTP/1.1" 404 1104 "-" "WebsitePanel_Site_Check"
93.115.97.17 - - [23/Jul/2019:01:46:29 +0000] "GET /vendor/phpunit/phpunit/src/Util/PHP/eval-stdin.php HTTP/1.1" 301 293 "-" "python-requests/2.22.0"
93.115.97.17 - - [23/Jul/2019:01:46:30 +0000] "GET /vendor/phpunit/phpunit/src/Util/PHP/eval-stdin.php HTTP/1.1" 404 1104 "-" "python-requests/2.22.0"
93.115.97.17 - - [23/Jul/2019:01:46:30 +0000] "GET /vendor/phpunit/phpunit/src/Util/PHP/eval-stdin.php HTTP/1.1" 301 293 "-" "python-requests/2.22.0"
93.115.97.17 - - [23/Jul/2019:01:46:30 +0000] "GET /vendor/phpunit/phpunit/src/Util/PHP/eval-stdin.php HTTP/1.1" 404 1104 "-" "python-requests/2.22.0"
93.115.97.17 - - [23/Jul/2019:01:46:30 +0000] "GET /.env HTTP/1.1" 301 247 "-" "Mozlila/5.0 (Linux; Android 7.0; SM-G892A Bulid/NRD90M; wv) AppleWebKit/537.36 (KHTML, like Gecko) Version/4.0 Chrome/60.0.3112.107 Moblie Safari/537.36"
93.115.97.17 - - [23/Jul/2019:01:46:30 +0000] "GET /.env HTTP/1.1" 404 1104 "-" "Mozlila/5.0 (Linux; Android 7.0; SM-G892A Bulid/NRD90M; wv) AppleWebKit/537.36 (KHTML, like Gecko) Version/4.0 Chrome/60.0.3112.107 Moblie Safari/537.36"
23.91.70.92 - - [23/Jul/2019:01:55:25 +0000] "GET /keepalive.aspx HTTP/1.1" 301 257 "-" "WebsitePanel_Site_Check"
23.91.70.92 - - [23/Jul/2019:01:55:26 +0000] "GET /keepalive.aspx HTTP/1.1" 404 1104 "-" "WebsitePanel_Site_Check"
23.91.70.92 - - [23/Jul/2019:02:05:25 +0000] "GET /keepalive.aspx HTTP/1.1" 301 257 "-" "WebsitePanel_Site_Check"
23.91.70.92 - - [23/Jul/2019:02:05:26 +0000] "GET /keepalive.aspx HTTP/1.1" 404 1104 "-" "WebsitePanel_Site_Check"
216.244.66.200 - - [23/Jul/2019:02:06:13 +0000] "GET /robots.txt HTTP/1.1" 301 253 "-" "Mozilla/5.0 (compatible; DotBot/1.1; http://www.opensiteexplorer.org/dotbot, help@moz.com)"
216.244.66.200 - - [23/Jul/2019:02:06:14 +0000] "GET /robots.txt HTTP/1.1" 200 24 "-" "Mozilla/5.0 (compatible; DotBot/1.1; http://www.opensiteexplorer.org/dotbot, help@moz.com)"
77.75.76.164 - - [23/Jul/2019:02:08:58 +0000] "GET /robots.txt HTTP/1.1" 200 24 "-" "Mozilla/5.0 (compatible; SeznamBot/3.2; +http://napoveda.seznam.cz/en/seznambot-intro/)"
77.75.76.164 - - [23/Jul/2019:02:08:58 +0000] "GET /uploads/thumbnails/936b3367a262b015062ec61fbd17e110.jpg HTTP/1.1" 304 - "-" "Mozilla/5.0 (compatible; SeznamBot/3.2; +http://napoveda.seznam.cz/en/seznambot-intro/)"
23.91.70.92 - - [23/Jul/2019:02:15:25 +0000] "GET /keepalive.aspx HTTP/1.1" 301 257 "-" "WebsitePanel_Site_Check"
23.91.70.92 - - [23/Jul/2019:02:15:26 +0000] "GET /keepalive.aspx HTTP/1.1" 404 1104 "-" "WebsitePanel_Site_Check"
67.169.39.162 - - [23/Jul/2019:02:24:26 +0000] "GET /uploads/images/ed26046453ac115f1e8fa087f4393e69.jpg HTTP/1.1" 200 325871 "https://www.google.com/" "Mozilla/5.0 (Windows NT 10.0; Win64; x64) AppleWebKit/537.36 (KHTML, like Gecko) Chrome/75.0.3770.142 Safari/537.36"
23.91.70.92 - - [23/Jul/2019:02:25:25 +0000] "GET /keepalive.aspx HTTP/1.1" 301 257 "-" "WebsitePanel_Site_Check"
23.91.70.92 - - [23/Jul/2019:02:25:26 +0000] "GET /keepalive.aspx HTTP/1.1" 404 1104 "-" "WebsitePanel_Site_Check"
23.91.70.92 - - [23/Jul/2019:02:35:25 +0000] "GET /keepalive.aspx HTTP/1.1" 301 257 "-" "WebsitePanel_Site_Check"
23.91.70.92 - - [23/Jul/2019:02:35:26 +0000] "GET /keepalive.aspx HTTP/1.1" 404 1104 "-" "WebsitePanel_Site_Check"
46.229.168.161 - - [23/Jul/2019:02:42:15 +0000] "GET /robots.txt HTTP/1.1" 301 253 "-" "Mozilla/5.0 (compatible; SemrushBot/3~bl; +http://www.semrush.com/bot.html)"
46.229.168.144 - - [23/Jul/2019:02:42:15 +0000] "GET /robots.txt HTTP/1.1" 200 24 "-" "Mozilla/5.0 (compatible; SemrushBot/3~bl; +http://www.semrush.com/bot.html)"
46.229.168.162 - - [23/Jul/2019:02:42:16 +0000] "GET /gallery HTTP/1.1" 301 250 "-" "Mozilla/5.0 (compatible; SemrushBot/3~bl; +http://www.semrush.com/bot.html)"
46.229.168.162 - - [23/Jul/2019:02:42:17 +0000] "GET /gallery HTTP/1.1" 200 4313 "-" "Mozilla/5.0 (compatible; SemrushBot/3~bl; +http://www.semrush.com/bot.html)"
23.91.70.92 - - [23/Jul/2019:02:45:25 +0000] "GET /keepalive.aspx HTTP/1.1" 301 257 "-" "WebsitePanel_Site_Check"
23.91.70.92 - - [23/Jul/2019:02:45:26 +0000] "GET /keepalive.aspx HTTP/1.1" 404 1104 "-" "WebsitePanel_Site_Check"
157.55.39.41 - - [23/Jul/2019:02:50:33 +0000] "GET /robots.txt HTTP/1.1" 301 253 "-" "Mozilla/5.0 (compatible; bingbot/2.0; +http://www.bing.com/bingbot.htm)"
157.55.39.41 - - [23/Jul/2019:02:50:34 +0000] "GET /robots.txt HTTP/1.1" 200 24 "-" "Mozilla/5.0 (compatible; bingbot/2.0; +http://www.bing.com/bingbot.htm)"
207.46.13.48 - - [23/Jul/2019:02:50:40 +0000] "GET / HTTP/1.1" 301 243 "-" "Mozilla/5.0 (compatible; bingbot/2.0; +http://www.bing.com/bingbot.htm)"
23.91.70.92 - - [23/Jul/2019:02:55:25 +0000] "GET /keepalive.aspx HTTP/1.1" 301 257 "-" "WebsitePanel_Site_Check"
23.91.70.92 - - [23/Jul/2019:02:55:26 +0000] "GET /keepalive.aspx HTTP/1.1" 404 1104 "-" "WebsitePanel_Site_Check"
137.226.113.27 - - [23/Jul/2019:02:57:00 +0000] "GET / HTTP/1.1" 200 6039 "-" "Mozilla/5.0 zgrab/0.x (compatible; Researchscan/t13rl; +http://researchscan.comsys.rwth-aachen.de)"
157.55.39.75 - - [23/Jul/2019:02:58:08 +0000] "GET /uploads/images/085ee56033b4c791a1f474d8d933be14.JPG HTTP/1.1" 200 345592 "-" "Mozilla/5.0 (compatible; bingbot/2.0; +http://www.bing.com/bingbot.htm)"
23.91.70.92 - - [23/Jul/2019:03:05:25 +0000] "GET /keepalive.aspx HTTP/1.1" 301 257 "-" "WebsitePanel_Site_Check"
23.91.70.92 - - [23/Jul/2019:03:05:26 +0000] "GET /keepalive.aspx HTTP/1.1" 404 1104 "-" "WebsitePanel_Site_Check"
157.55.39.75 - - [23/Jul/2019:03:12:21 +0000] "GET /uploads/images/085ee56033b4c791a1f474d8d933be14.JPG HTTP/1.1" 200 345592 "-" "Mozilla/5.0 (compatible; bingbot/2.0; +http://www.bing.com/bingbot.htm)"
66.249.69.234 - - [23/Jul/2019:03:13:08 +0000] "GET / HTTP/1.1" 200 6039 "-" "Mozilla/5.0 (Linux; Android 6.0.1; Nexus 5X Build/MMB29P) AppleWebKit/537.36 (KHTML, like Gecko) Chrome/41.0.2272.96 Mobile Safari/537.36 (compatible; Googlebot/2.1; +http://www.google.com/bot.html)"
23.91.70.92 - - [23/Jul/2019:03:15:25 +0000] "GET /keepalive.aspx HTTP/1.1" 301 257 "-" "WebsitePanel_Site_Check"
23.91.70.92 - - [23/Jul/2019:03:15:26 +0000] "GET /keepalive.aspx HTTP/1.1" 404 1104 "-" "WebsitePanel_Site_Check"
54.36.148.193 - - [23/Jul/2019:03:15:59 +0000] "GET /img/zadar/DSC01780.JPG HTTP/1.1" 301 265 "-" "Mozilla/5.0 (compatible; AhrefsBot/6.1; +http://ahrefs.com/robot/)"
216.244.66.200 - - [23/Jul/2019:03:17:53 +0000] "GET /robots.txt HTTP/1.1" 301 253 "-" "Mozilla/5.0 (compatible; DotBot/1.1; http://www.opensiteexplorer.org/dotbot, help@moz.com)"
216.244.66.200 - - [23/Jul/2019:03:17:54 +0000] "GET /robots.txt HTTP/1.1" 200 24 "-" "Mozilla/5.0 (compatible; DotBot/1.1; http://www.opensiteexplorer.org/dotbot, help@moz.com)"
137.226.113.28 - - [23/Jul/2019:03:20:31 +0000] "GET / HTTP/1.1" 200 6039 "-" "Mozilla/5.0 zgrab/0.x (compatible; Researchscan/t12ca; +http://researchscan.comsys.rwth-aachen.de)"
23.91.70.92 - - [23/Jul/2019:03:25:25 +0000] "GET /keepalive.aspx HTTP/1.1" 301 257 "-" "WebsitePanel_Site_Check"
23.91.70.92 - - [23/Jul/2019:03:25:26 +0000] "GET /keepalive.aspx HTTP/1.1" 404 1104 "-" "WebsitePanel_Site_Check"
23.91.70.92 - - [23/Jul/2019:03:35:25 +0000] "GET /keepalive.aspx HTTP/1.1" 301 257 "-" "WebsitePanel_Site_Check"
23.91.70.92 - - [23/Jul/2019:03:35:26 +0000] "GET /keepalive.aspx HTTP/1.1" 404 1104 "-" "WebsitePanel_Site_Check"
173.252.87.35 - - [23/Jul/2019:03:37:25 +0000] "GET / HTTP/1.1" 206 6039 "-" "facebookexternalhit/1.1 (+http://www.facebook.com/externalhit_uatext.php)"
173.252.87.22 - - [23/Jul/2019:03:37:25 +0000] "GET /img/5.jpg HTTP/1.1" 200 218873 "-" "cortex/1.0"
173.252.87.38 - - [23/Jul/2019:03:37:25 +0000] "GET /img/5.jpg HTTP/1.1" 200 218873 "-" "cortex/1.0"
23.91.70.92 - - [23/Jul/2019:03:45:25 +0000] "GET /keepalive.aspx HTTP/1.1" 301 257 "-" "WebsitePanel_Site_Check"
23.91.70.92 - - [23/Jul/2019:03:45:26 +0000] "GET /keepalive.aspx HTTP/1.1" 404 1104 "-" "WebsitePanel_Site_Check"
