213.149.61.59 - - [25/Jul/2019:20:24:57 +0000] "GET /img/demos/event/slides/kvart-2019.png HTTP/1.1" 200 994782 "http://www.kvartart-zadar.com/" "Mozilla/5.0 (iPhone; CPU iPhone OS 11_4_1 like Mac OS X) AppleWebKit/605.1.15 (KHTML, like Gecko) Version/11.0 Mobile/15E148 Safari/604.1"
213.149.61.59 - - [25/Jul/2019:20:24:57 +0000] "GET /img/demos/event/about/program-2019.png HTTP/1.1" 200 1077668 "http://www.kvartart-zadar.com/" "Mozilla/5.0 (iPhone; CPU iPhone OS 11_4_1 like Mac OS X) AppleWebKit/605.1.15 (KHTML, like Gecko) Version/11.0 Mobile/15E148 Safari/604.1"
213.149.61.59 - - [25/Jul/2019:20:24:57 +0000] "GET /img/demos/event/about/mapa-kvartart-2019.png HTTP/1.1" 200 1241530 "http://www.kvartart-zadar.com/" "Mozilla/5.0 (iPhone; CPU iPhone OS 11_4_1 like Mac OS X) AppleWebKit/605.1.15 (KHTML, like Gecko) Version/11.0 Mobile/15E148 Safari/604.1"
213.149.61.59 - - [25/Jul/2019:20:25:20 +0000] "GET /img/demos/event/about/mapa-kvartart-2019.png HTTP/1.1" 200 1241530 "http://www.kvartart-zadar.com/" "Mozilla/5.0 (iPhone; CPU iPhone OS 11_4_1 like Mac OS X) AppleWebKit/605.1.15 (KHTML, like Gecko) Version/11.0 Mobile/15E148 Safari/604.1"
173.252.127.23 - - [25/Jul/2019:20:26:04 +0000] "GET /img/demos/event/about/program-2019.png HTTP/1.1" 200 1077668 "-" "facebookexternalhit/1.1 (+http://www.facebook.com/externalhit_uatext.php)"
66.249.79.225 - - [25/Jul/2019:20:27:33 +0000] "GET /novosti?page=3 HTTP/1.1" 200 3722 "-" "Mozilla/5.0 (Linux; Android 6.0.1; Nexus 5X Build/MMB29P) AppleWebKit/537.36 (KHTML, like Gecko) Chrome/41.0.2272.96 Mobile Safari/537.36 (compatible; Googlebot/2.1; +http://www.google.com/bot.html)"
180.76.15.157 - - [25/Jul/2019:20:35:06 +0000] "GET /vendor/bootstrap/js/bootstrap.min.js HTTP/1.1" 200 9833 "-" "Mozilla/5.0 (compatible; Baiduspider/2.0; +http://www.baidu.com/search/spider.html)"
46.229.168.132 - - [25/Jul/2019:20:44:29 +0000] "GET /robots.txt HTTP/1.1" 200 24 "-" "Mozilla/5.0 (compatible; SemrushBot/3~bl; +http://www.semrush.com/bot.html)"
46.229.168.132 - - [25/Jul/2019:20:44:29 +0000] "GET /novosti?page=5 HTTP/1.1" 200 3911 "-" "Mozilla/5.0 (compatible; SemrushBot/3~bl; +http://www.semrush.com/bot.html)"
213.149.61.59 - - [25/Jul/2019:20:46:04 +0000] "GET /img/demos/event/about/mapa-kvartart-2019.png HTTP/1.1" 200 1241530 "http://www.kvartart-zadar.com/" "Mozilla/5.0 (iPhone; CPU iPhone OS 11_4_1 like Mac OS X) AppleWebKit/605.1.15 (KHTML, like Gecko) Version/11.0 Mobile/15E148 Safari/604.1"
66.249.79.228 - - [25/Jul/2019:20:56:26 +0000] "GET /novosti?page=3 HTTP/1.1" 200 3722 "-" "Mozilla/5.0 (compatible; Googlebot/2.1; +http://www.google.com/bot.html)"
66.249.79.254 - - [25/Jul/2019:20:58:21 +0000] "GET /novosti/subota-na-kvartartu-sah-i-vocna-salata-u-hladu-pa-35-metara-u-vis HTTP/1.1" 200 5174 "-" "Mozilla/5.0 (Linux; Android 6.0.1; Nexus 5X Build/MMB29P) AppleWebKit/537.36 (KHTML, like Gecko) Chrome/41.0.2272.96 Mobile Safari/537.36 (compatible; Googlebot/2.1; +http://www.google.com/bot.html)"
66.249.79.252 - - [25/Jul/2019:21:06:03 +0000] "GET /novosti/gradionica-pogledajte-sjajne-ideje-za-bolji-bili-brig HTTP/1.1" 200 4395 "-" "Mozilla/5.0 (Linux; Android 6.0.1; Nexus 5X Build/MMB29P) AppleWebKit/537.36 (KHTML, like Gecko) Chrome/41.0.2272.96 Mobile Safari/537.36 (compatible; Googlebot/2.1; +http://www.google.com/bot.html)"
213.149.61.59 - - [25/Jul/2019:21:06:20 +0000] "GET /img/demos/event/about/mapa-kvartart-2019.png HTTP/1.1" 200 1241530 "http://www.kvartart-zadar.com/" "Mozilla/5.0 (iPhone; CPU iPhone OS 11_4_1 like Mac OS X) AppleWebKit/605.1.15 (KHTML, like Gecko) Version/11.0 Mobile/15E148 Safari/604.1"
95.163.255.217 - - [25/Jul/2019:21:06:24 +0000] "GET /robots.txt HTTP/1.0" 200 24 "-" "Mozilla/5.0 (compatible; Linux x86_64; Mail.RU_Bot/2.0; +http://go.mail.ru/help/robots)"
95.163.255.206 - - [25/Jul/2019:21:06:26 +0000] "GET /novosti/poezija-sansone-i-dj-radionica-u-kvartu HTTP/1.1" 200 4287 "-" "Mozilla/5.0 (compatible; Linux x86_64; Mail.RU_Bot/2.0; +http://go.mail.ru/help/robots)"
173.252.127.15 - - [25/Jul/2019:21:07:13 +0000] "GET /img/demos/event/kvart-logo.png HTTP/1.1" 200 15636 "-" "facebookexternalhit/1.1 (+http://www.facebook.com/externalhit_uatext.php)"
66.249.79.252 - - [25/Jul/2019:21:07:58 +0000] "GET /novosti/sanja-petrovski-suvremena-plesna-umjetnost-u-javnim-prostorima-ima-sasvim-novi-zivot HTTP/1.1" 200 5021 "-" "Mozilla/5.0 (compatible; Googlebot/2.1; +http://www.google.com/bot.html)"
157.55.39.8 - - [25/Jul/2019:21:09:24 +0000] "GET /novosti/gradionica-pogledajte-sjajne-ideje-za-bolji-bili-brig HTTP/1.1" 200 4395 "-" "Mozilla/5.0 (compatible; bingbot/2.0; +http://www.bing.com/bingbot.htm)"
157.55.39.8 - - [25/Jul/2019:21:09:34 +0000] "GET /css/theme.css HTTP/1.1" 200 14971 "-" "Mozilla/5.0 (compatible; bingbot/2.0; +http://www.bing.com/bingbot.htm)"
157.55.39.8 - - [25/Jul/2019:21:09:34 +0000] "GET /unitegallery/js/jquery-11.0.min.js HTTP/1.1" 200 33369 "-" "Mozilla/5.0 (compatible; bingbot/2.0; +http://www.bing.com/bingbot.htm)"
157.55.39.8 - - [25/Jul/2019:21:09:34 +0000] "GET /unitegallery/themes/compact/ug-theme-compact.js HTTP/1.1" 200 2477 "-" "Mozilla/5.0 (compatible; bingbot/2.0; +http://www.bing.com/bingbot.htm)"
157.55.39.8 - - [25/Jul/2019:21:09:35 +0000] "GET /vendor/font-awesome/css/font-awesome.min.css HTTP/1.1" 200 7054 "-" "Mozilla/5.0 (compatible; bingbot/2.0; +http://www.bing.com/bingbot.htm)"
157.55.39.8 - - [25/Jul/2019:21:09:35 +0000] "GET /vendor/isotope/jquery.isotope.min.js HTTP/1.1" 200 9704 "-" "Mozilla/5.0 (compatible; bingbot/2.0; +http://www.bing.com/bingbot.htm)"
157.55.39.8 - - [25/Jul/2019:21:09:35 +0000] "GET /vendor/jquery.easy-pie-chart/jquery.easy-pie-chart.min.js HTTP/1.1" 200 1684 "-" "Mozilla/5.0 (compatible; bingbot/2.0; +http://www.bing.com/bingbot.htm)"
157.55.39.8 - - [25/Jul/2019:21:09:36 +0000] "GET /vendor/modernizr/modernizr.min.js HTTP/1.1" 200 4522 "-" "Mozilla/5.0 (compatible; bingbot/2.0; +http://www.bing.com/bingbot.htm)"
157.55.39.8 - - [25/Jul/2019:21:09:36 +0000] "GET /vendor/simple-line-icons/css/simple-line-icons.min.css HTTP/1.1" 200 2416 "-" "Mozilla/5.0 (compatible; bingbot/2.0; +http://www.bing.com/bingbot.htm)"
207.46.13.216 - - [25/Jul/2019:21:09:41 +0000] "GET /css/theme-blog.css HTTP/1.1" 200 1471 "-" "Mozilla/5.0 (compatible; bingbot/2.0; +http://www.bing.com/bingbot.htm)"
207.46.13.216 - - [25/Jul/2019:21:09:41 +0000] "GET /js/custom.js HTTP/1.1" 200 - "-" "Mozilla/5.0 (compatible; bingbot/2.0; +http://www.bing.com/bingbot.htm)"
207.46.13.216 - - [25/Jul/2019:21:09:42 +0000] "GET /unitegallery/js/unitegallery.min.js HTTP/1.1" 200 66910 "-" "Mozilla/5.0 (compatible; bingbot/2.0; +http://www.bing.com/bingbot.htm)"
207.46.13.216 - - [25/Jul/2019:21:09:42 +0000] "GET /vendor/jquery.easing/jquery.easing.min.js HTTP/1.1" 200 1757 "-" "Mozilla/5.0 (compatible; bingbot/2.0; +http://www.bing.com/bingbot.htm)"
207.46.13.216 - - [25/Jul/2019:21:09:43 +0000] "GET /vendor/jquery.gmap/jquery.gmap.min.js HTTP/1.1" 200 1466 "-" "Mozilla/5.0 (compatible; bingbot/2.0; +http://www.bing.com/bingbot.htm)"
207.46.13.216 - - [25/Jul/2019:21:09:43 +0000] "GET /vendor/magnific-popup/jquery.magnific-popup.min.js HTTP/1.1" 200 7346 "-" "Mozilla/5.0 (compatible; bingbot/2.0; +http://www.bing.com/bingbot.htm)"
207.46.13.216 - - [25/Jul/2019:21:09:43 +0000] "GET /vendor/owl.carousel/owl.carousel.min.js HTTP/1.1" 200 10974 "-" "Mozilla/5.0 (compatible; bingbot/2.0; +http://www.bing.com/bingbot.htm)"
207.46.13.216 - - [25/Jul/2019:21:09:44 +0000] "GET /vendor/owl.carousel/assets/owl.theme.default.min.css HTTP/1.1" 200 478 "-" "Mozilla/5.0 (compatible; bingbot/2.0; +http://www.bing.com/bingbot.htm)"
157.55.39.172 - - [25/Jul/2019:21:09:52 +0000] "GET /css/demos/demo-event.css HTTP/1.1" 200 3320 "-" "Mozilla/5.0 (compatible; bingbot/2.0; +http://www.bing.com/bingbot.htm)"
157.55.39.172 - - [25/Jul/2019:21:09:53 +0000] "GET /css/skins/skin-event.css HTTP/1.1" 200 12126 "-" "Mozilla/5.0 (compatible; bingbot/2.0; +http://www.bing.com/bingbot.htm)"
157.55.39.172 - - [25/Jul/2019:21:09:53 +0000] "GET /css/theme-elements.css HTTP/1.1" 200 23317 "-" "Mozilla/5.0 (compatible; bingbot/2.0; +http://www.bing.com/bingbot.htm)"
157.55.39.172 - - [25/Jul/2019:21:09:53 +0000] "GET /css/theme-shop.css HTTP/1.1" 200 2550 "-" "Mozilla/5.0 (compatible; bingbot/2.0; +http://www.bing.com/bingbot.htm)"
157.55.39.172 - - [25/Jul/2019:21:09:54 +0000] "GET /js/theme.js HTTP/1.1" 200 11229 "-" "Mozilla/5.0 (compatible; bingbot/2.0; +http://www.bing.com/bingbot.htm)"
157.55.39.172 - - [25/Jul/2019:21:09:54 +0000] "GET /vendor/animate/animate.min.css HTTP/1.1" 200 3954 "-" "Mozilla/5.0 (compatible; bingbot/2.0; +http://www.bing.com/bingbot.htm)"
157.55.39.172 - - [25/Jul/2019:21:09:55 +0000] "GET /vendor/bootstrap/js/bootstrap.min.js HTTP/1.1" 200 9833 "-" "Mozilla/5.0 (compatible; bingbot/2.0; +http://www.bing.com/bingbot.htm)"
157.55.39.172 - - [25/Jul/2019:21:09:55 +0000] "GET /vendor/jquery-cookie/jquery-cookie.min.js HTTP/1.1" 200 775 "-" "Mozilla/5.0 (compatible; bingbot/2.0; +http://www.bing.com/bingbot.htm)"
157.55.39.172 - - [25/Jul/2019:21:09:55 +0000] "GET /vendor/jquery.appear/jquery.appear.min.js HTTP/1.1" 200 770 "-" "Mozilla/5.0 (compatible; bingbot/2.0; +http://www.bing.com/bingbot.htm)"
157.55.39.172 - - [25/Jul/2019:21:09:56 +0000] "GET /vendor/jquery.lazyload/jquery.lazyload.min.js HTTP/1.1" 200 1407 "-" "Mozilla/5.0 (compatible; bingbot/2.0; +http://www.bing.com/bingbot.htm)"
157.55.39.172 - - [25/Jul/2019:21:09:56 +0000] "GET /vendor/jquery/jquery.min.js HTTP/1.1" 200 30080 "-" "Mozilla/5.0 (compatible; bingbot/2.0; +http://www.bing.com/bingbot.htm)"
157.55.39.172 - - [25/Jul/2019:21:09:56 +0000] "GET /vendor/magnific-popup/magnific-popup.min.css HTTP/1.1" 200 1583 "-" "Mozilla/5.0 (compatible; bingbot/2.0; +http://www.bing.com/bingbot.htm)"
157.55.39.172 - - [25/Jul/2019:21:09:57 +0000] "GET /vendor/owl.carousel/assets/owl.carousel.min.css HTTP/1.1" 200 923 "-" "Mozilla/5.0 (compatible; bingbot/2.0; +http://www.bing.com/bingbot.htm)"
157.55.39.172 - - [25/Jul/2019:21:09:57 +0000] "GET /vendor/rs-plugin/css/layers.css HTTP/1.1" 200 10411 "-" "Mozilla/5.0 (compatible; bingbot/2.0; +http://www.bing.com/bingbot.htm)"
157.55.39.172 - - [25/Jul/2019:21:09:57 +0000] "GET /vendor/rs-plugin/js/jquery.themepunch.revolution.min.js HTTP/1.1" 200 57237 "-" "Mozilla/5.0 (compatible; bingbot/2.0; +http://www.bing.com/bingbot.htm)"
207.46.13.26 - - [25/Jul/2019:21:10:04 +0000] "GET /css/custom.css?v=2 HTTP/1.1" 200 113 "-" "Mozilla/5.0 (compatible; bingbot/2.0; +http://www.bing.com/bingbot.htm)"
207.46.13.26 - - [25/Jul/2019:21:10:04 +0000] "GET /js/demos/demo-event.js HTTP/1.1" 200 1241 "-" "Mozilla/5.0 (compatible; bingbot/2.0; +http://www.bing.com/bingbot.htm)"
207.46.13.26 - - [25/Jul/2019:21:10:05 +0000] "GET /js/theme.init.js HTTP/1.1" 200 1039 "-" "Mozilla/5.0 (compatible; bingbot/2.0; +http://www.bing.com/bingbot.htm)"
207.46.13.26 - - [25/Jul/2019:21:10:05 +0000] "GET /js/views/view.contact.js HTTP/1.1" 200 944 "-" "Mozilla/5.0 (compatible; bingbot/2.0; +http://www.bing.com/bingbot.htm)"
207.46.13.26 - - [25/Jul/2019:21:10:05 +0000] "GET /unitegallery/css/unite-gallery.css HTTP/1.1" 200 4825 "-" "Mozilla/5.0 (compatible; bingbot/2.0; +http://www.bing.com/bingbot.htm)"
207.46.13.26 - - [25/Jul/2019:21:10:06 +0000] "GET /vendor/bootstrap/css/bootstrap.min.css HTTP/1.1" 200 19744 "-" "Mozilla/5.0 (compatible; bingbot/2.0; +http://www.bing.com/bingbot.htm)"
207.46.13.26 - - [25/Jul/2019:21:10:06 +0000] "GET /vendor/common/common.min.js HTTP/1.1" 200 6084 "-" "Mozilla/5.0 (compatible; bingbot/2.0; +http://www.bing.com/bingbot.htm)"
207.46.13.26 - - [25/Jul/2019:21:10:06 +0000] "GET /vendor/jquery.validation/jquery.validation.min.js HTTP/1.1" 200 7584 "-" "Mozilla/5.0 (compatible; bingbot/2.0; +http://www.bing.com/bingbot.htm)"
207.46.13.26 - - [25/Jul/2019:21:10:07 +0000] "GET /vendor/rs-plugin/css/settings.css HTTP/1.1" 200 7015 "-" "Mozilla/5.0 (compatible; bingbot/2.0; +http://www.bing.com/bingbot.htm)"
207.46.13.26 - - [25/Jul/2019:21:10:07 +0000] "GET /vendor/rs-plugin/js/jquery.themepunch.tools.min.js HTTP/1.1" 200 37333 "-" "Mozilla/5.0 (compatible; bingbot/2.0; +http://www.bing.com/bingbot.htm)"
207.46.13.26 - - [25/Jul/2019:21:10:08 +0000] "GET /vendor/vide/vide.min.js HTTP/1.1" 200 1939 "-" "Mozilla/5.0 (compatible; bingbot/2.0; +http://www.bing.com/bingbot.htm)"
213.149.61.59 - - [25/Jul/2019:21:19:53 +0000] "GET /uploads/thumbnails/b94719b3233db40e18cb8defba8d340a.jpg HTTP/1.1" 200 93839 "https://www.google.com/" "Mozilla/5.0 (Macintosh; Intel Mac OS X 10.13; rv:68.0) Gecko/20100101 Firefox/68.0"
34.68.70.49 - - [25/Jul/2019:21:22:27 +0000] "GET /robots.txt HTTP/1.1" 301 248 "-" "python-requests/2.22.0"
34.68.70.49 - - [25/Jul/2019:21:22:27 +0000] "GET /robots.txt HTTP/1.1" 200 24 "-" "python-requests/2.22.0"
34.68.70.49 - - [25/Jul/2019:21:22:27 +0000] "GET / HTTP/1.1" 301 238 "-" "python-requests/2.22.0"
34.68.70.49 - - [25/Jul/2019:21:22:28 +0000] "GET / HTTP/1.1" 200 5811 "-" "python-requests/2.22.0"
207.46.13.26 - - [25/Jul/2019:21:38:15 +0000] "GET /novosti?page=3 HTTP/1.1" 200 3722 "-" "Mozilla/5.0 (compatible; bingbot/2.0; +http://www.bing.com/bingbot.htm)"
66.249.79.225 - - [25/Jul/2019:21:56:06 +0000] "GET /KvartArt_Mapa_2018.pdf HTTP/1.1" 304 - "-" "Mozilla/5.0 (Linux; Android 6.0.1; Nexus 5X Build/MMB29P) AppleWebKit/537.36 (KHTML, like Gecko) Chrome/41.0.2272.96 Mobile Safari/537.36 (compatible; Googlebot/2.1; +http://www.google.com/bot.html)"
157.55.39.8 - - [25/Jul/2019:22:10:53 +0000] "GET /vendor/font-awesome/fonts/fontawesome-webfont.svg?v=4.7.0 HTTP/1.1" 200 444379 "-" "Mozilla/5.0 (compatible; bingbot/2.0; +http://www.bing.com/bingbot.htm)"
157.55.39.8 - - [25/Jul/2019:22:10:56 +0000] "GET /vendor/font-awesome/fonts/fontawesome-webfont.ttf?v=4.7.0 HTTP/1.1" 200 165548 "-" "Mozilla/5.0 (compatible; bingbot/2.0; +http://www.bing.com/bingbot.htm)"
46.229.168.143 - - [25/Jul/2019:22:14:30 +0000] "GET /robots.txt HTTP/1.1" 200 24 "-" "Mozilla/5.0 (compatible; SemrushBot/3~bl; +http://www.semrush.com/bot.html)"
46.229.168.129 - - [25/Jul/2019:22:14:30 +0000] "GET /novosti/obavijest-izmjena-programa-za-nedjelju-11-lipnja HTTP/1.1" 200 3959 "-" "Mozilla/5.0 (compatible; SemrushBot/3~bl; +http://www.semrush.com/bot.html)"
77.75.78.166 - - [25/Jul/2019:22:18:13 +0000] "GET /robots.txt HTTP/1.1" 200 24 "-" "Mozilla/5.0 (compatible; SeznamBot/3.2; +http://napoveda.seznam.cz/en/seznambot-intro/)"
77.75.78.166 - - [25/Jul/2019:22:18:17 +0000] "GET /img/demos/event/slides/kvart-2019.png HTTP/1.1" 304 - "-" "Mozilla/5.0 (compatible; SeznamBot/3.2; +http://napoveda.seznam.cz/en/seznambot-intro/)"
77.75.78.166 - - [25/Jul/2019:22:18:19 +0000] "GET /robots.txt HTTP/1.1" 200 24 "-" "Mozilla/5.0 (compatible; SeznamBot/3.2; +http://napoveda.seznam.cz/en/seznambot-intro/)"
77.75.78.166 - - [25/Jul/2019:22:18:19 +0000] "GET / HTTP/1.1" 200 5811 "-" "Mozilla/5.0 (compatible; SeznamBot/3.2; +http://napoveda.seznam.cz/en/seznambot-intro/)"
69.171.251.12 - - [25/Jul/2019:22:20:02 +0000] "GET /uploads/thumbnails/0a19c5fe08f9ab4ee8e6e049f603ccef.jpg HTTP/1.1" 200 59194 "-" "facebookexternalhit/1.1 (+http://www.facebook.com/externalhit_uatext.php)"
31.13.103.1 - - [25/Jul/2019:22:20:02 +0000] "GET /uploads/thumbnails/db396bf3ede368fb763ee2ba4d8f09e7.jpg HTTP/1.1" 200 96730 "-" "facebookexternalhit/1.1 (+http://www.facebook.com/externalhit_uatext.php)"
69.171.251.4 - - [25/Jul/2019:22:20:03 +0000] "GET /uploads/thumbnails/c85c33e096a3e981ae434ca5f72e2a8f.png HTTP/1.1" 200 184037 "-" "facebookexternalhit/1.1 (+http://www.facebook.com/externalhit_uatext.php)"
157.55.39.172 - - [25/Jul/2019:22:20:00 +0000] "GET /Kvart_Art_Program.pdf HTTP/1.1" 200 3092433 "-" "Mozilla/5.0 (iPhone; CPU iPhone OS 7_0 like Mac OS X) AppleWebKit/537.51.1 (KHTML, like Gecko) Version/7.0 Mobile/11A465 Safari/9537.53 (compatible; bingbot/2.0; +http://www.bing.com/bingbot.htm)"
66.249.79.225 - - [25/Jul/2019:22:23:04 +0000] "GET /novosti/bili-brig-nekoc-i-sada HTTP/1.1" 200 4261 "-" "Mozilla/5.0 (Linux; Android 6.0.1; Nexus 5X Build/MMB29P) AppleWebKit/537.36 (KHTML, like Gecko) Chrome/41.0.2272.96 Mobile Safari/537.36 (compatible; Googlebot/2.1; +http://www.google.com/bot.html)"
95.163.255.238 - - [25/Jul/2019:22:24:47 +0000] "GET /robots.txt HTTP/1.0" 200 24 "-" "Mozilla/5.0 (compatible; Linux x86_64; Mail.RU_Bot/2.0; +http://go.mail.ru/help/robots)"
95.163.255.238 - - [25/Jul/2019:22:24:49 +0000] "GET /novosti/bili-brig-nekoc-i-sada HTTP/1.1" 200 4265 "-" "Mozilla/5.0 (compatible; Linux x86_64; Mail.RU_Bot/2.0; +http://go.mail.ru/help/robots)"
207.46.13.26 - - [25/Jul/2019:22:35:19 +0000] "GET /novosti?page=7 HTTP/1.1" 200 3865 "-" "Mozilla/5.0 (compatible; bingbot/2.0; +http://www.bing.com/bingbot.htm)"
207.46.13.26 - - [25/Jul/2019:22:52:32 +0000] "GET /novosti/mural-valentina-radmana-kao-uspomena-na-ovogodisnji-kvartart HTTP/1.1" 200 4123 "-" "Mozilla/5.0 (compatible; bingbot/2.0; +http://www.bing.com/bingbot.htm)"
157.55.39.8 - - [25/Jul/2019:23:08:10 +0000] "GET / HTTP/1.1" 301 238 "-" "Mozilla/5.0 (compatible; bingbot/2.0; +http://www.bing.com/bingbot.htm)"
157.55.39.8 - - [25/Jul/2019:23:28:55 +0000] "GET /novosti/circo-art-poslijepodne-u-kvartu-vratolomije-i-trening-snage HTTP/1.1" 200 4094 "-" "Mozilla/5.0 (compatible; bingbot/2.0; +http://www.bing.com/bingbot.htm)"
207.46.13.11 - - [25/Jul/2019:23:34:53 +0000] "GET /novosti/andrej-fric-prvi-zadarski-filmski-kviz-na-otvorenom-prosao-u-izuzetno-opustenoj-pozitivnoj-i-poticajnoj-atmosferi HTTP/1.1" 200 4494 "-" "Mozilla/5.0 (compatible; bingbot/2.0; +http://www.bing.com/bingbot.htm)"
46.229.168.145 - - [25/Jul/2019:23:55:14 +0000] "GET /robots.txt HTTP/1.1" 200 24 "-" "Mozilla/5.0 (compatible; SemrushBot/3~bl; +http://www.semrush.com/bot.html)"
46.229.168.163 - - [25/Jul/2019:23:55:15 +0000] "GET /novosti/mural-valentina-radmana-kao-uspomena-na-ovogodisnji-kvartart HTTP/1.1" 200 4123 "-" "Mozilla/5.0 (compatible; SemrushBot/3~bl; +http://www.semrush.com/bot.html)"
66.249.79.225 - - [25/Jul/2019:23:59:19 +0000] "GET / HTTP/1.1" 200 5808 "-" "Mozilla/5.0 (Linux; Android 6.0.1; Nexus 5X Build/MMB29P) AppleWebKit/537.36 (KHTML, like Gecko) Chrome/41.0.2272.96 Mobile Safari/537.36 (compatible; Googlebot/2.1; +http://www.google.com/bot.html)"