188.252.228.23 - - [27/Jun/2019:19:19:42 +0000] "GET /ismile/assets/flag-icon.css HTTP/1.1" 200 37528 "https://www.montis-klima.com/ponuda-klima-uredjaja-zadar/sinclair-vision-serija-ash-12biv" "Mozilla/5.0 (iPad; CPU OS 12_3_1 like Mac OS X) AppleWebKit/605.1.15 (KHTML, like Gecko) Version/12.1.1 Mobile/15E148 Safari/604.1"
188.252.228.23 - - [27/Jun/2019:19:19:42 +0000] "GET /ismile/assets/switcher/css/color1.css HTTP/1.1" 200 7358 "https://www.montis-klima.com/ponuda-klima-uredjaja-zadar/sinclair-vision-serija-ash-12biv" "Mozilla/5.0 (iPad; CPU OS 12_3_1 like Mac OS X) AppleWebKit/605.1.15 (KHTML, like Gecko) Version/12.1.1 Mobile/15E148 Safari/604.1"
188.252.228.23 - - [27/Jun/2019:19:19:42 +0000] "GET /ismile/assets/countdown/dscountdown.css HTTP/1.1" 200 7231 "https://www.montis-klima.com/ponuda-klima-uredjaja-zadar/sinclair-vision-serija-ash-12biv" "Mozilla/5.0 (iPad; CPU OS 12_3_1 like Mac OS X) AppleWebKit/605.1.15 (KHTML, like Gecko) Version/12.1.1 Mobile/15E148 Safari/604.1"
188.252.228.23 - - [27/Jun/2019:19:19:42 +0000] "GET /ismile/assets/prettyPhoto/css/prettyPhoto.css HTTP/1.1" 200 19888 "https://www.montis-klima.com/ponuda-klima-uredjaja-zadar/sinclair-vision-serija-ash-12biv" "Mozilla/5.0 (iPad; CPU OS 12_3_1 like Mac OS X) AppleWebKit/605.1.15 (KHTML, like Gecko) Version/12.1.1 Mobile/15E148 Safari/604.1"
188.252.228.23 - - [27/Jun/2019:19:19:42 +0000] "GET /ismile/css/jquery-ui.min.css HTTP/1.1" 200 3536 "https://www.montis-klima.com/ponuda-klima-uredjaja-zadar/sinclair-vision-serija-ash-12biv" "Mozilla/5.0 (iPad; CPU OS 12_3_1 like Mac OS X) AppleWebKit/605.1.15 (KHTML, like Gecko) Version/12.1.1 Mobile/15E148 Safari/604.1"
188.252.228.23 - - [27/Jun/2019:19:19:42 +0000] "GET /ismile/css/typography.css HTTP/1.1" 200 1487 "https://www.montis-klima.com/ponuda-klima-uredjaja-zadar/sinclair-vision-serija-ash-12biv" "Mozilla/5.0 (iPad; CPU OS 12_3_1 like Mac OS X) AppleWebKit/605.1.15 (KHTML, like Gecko) Version/12.1.1 Mobile/15E148 Safari/604.1"
188.252.228.23 - - [27/Jun/2019:19:19:42 +0000] "GET /ismile/css/bootstrap.min.css HTTP/1.1" 200 121260 "https://www.montis-klima.com/ponuda-klima-uredjaja-zadar/sinclair-vision-serija-ash-12biv" "Mozilla/5.0 (iPad; CPU OS 12_3_1 like Mac OS X) AppleWebKit/605.1.15 (KHTML, like Gecko) Version/12.1.1 Mobile/15E148 Safari/604.1"
188.252.228.23 - - [27/Jun/2019:19:19:42 +0000] "GET /ismile/css/responsive4.css HTTP/1.1" 200 11000 "https://www.montis-klima.com/ponuda-klima-uredjaja-zadar/sinclair-vision-serija-ash-12biv" "Mozilla/5.0 (iPad; CPU OS 12_3_1 like Mac OS X) AppleWebKit/605.1.15 (KHTML, like Gecko) Version/12.1.1 Mobile/15E148 Safari/604.1"
188.252.228.23 - - [27/Jun/2019:19:19:42 +0000] "GET /ismile/css/theme9.css HTTP/1.1" 200 101311 "https://www.montis-klima.com/ponuda-klima-uredjaja-zadar/sinclair-vision-serija-ash-12biv" "Mozilla/5.0 (iPad; CPU OS 12_3_1 like Mac OS X) AppleWebKit/605.1.15 (KHTML, like Gecko) Version/12.1.1 Mobile/15E148 Safari/604.1"
188.252.228.23 - - [27/Jun/2019:19:19:42 +0000] "GET /ismile/css/main-slider.css HTTP/1.1" 200 2276 "https://www.montis-klima.com/ponuda-klima-uredjaja-zadar/sinclair-vision-serija-ash-12biv" "Mozilla/5.0 (iPad; CPU OS 12_3_1 like Mac OS X) AppleWebKit/605.1.15 (KHTML, like Gecko) Version/12.1.1 Mobile/15E148 Safari/604.1"
188.252.228.23 - - [27/Jun/2019:19:19:42 +0000] "GET /uploads/thumbnails/e13b735bc61cb4cd657b55deda8de2ef.JPEG HTTP/1.1" 200 13033 "https://www.montis-klima.com/ponuda-klima-uredjaja-zadar/sinclair-vision-serija-ash-12biv" "Mozilla/5.0 (iPad; CPU OS 12_3_1 like Mac OS X) AppleWebKit/605.1.15 (KHTML, like Gecko) Version/12.1.1 Mobile/15E148 Safari/604.1"
188.252.228.23 - - [27/Jun/2019:19:19:42 +0000] "GET /ismile/css/animate.css HTTP/1.1" 200 68796 "https://www.montis-klima.com/ponuda-klima-uredjaja-zadar/sinclair-vision-serija-ash-12biv" "Mozilla/5.0 (iPad; CPU OS 12_3_1 like Mac OS X) AppleWebKit/605.1.15 (KHTML, like Gecko) Version/12.1.1 Mobile/15E148 Safari/604.1"
188.252.228.23 - - [27/Jun/2019:19:19:42 +0000] "GET /uploads/thumbnails/a82644c712285459eefe4f3de1fb7484.JPEG HTTP/1.1" 200 48369 "https://www.montis-klima.com/ponuda-klima-uredjaja-zadar/sinclair-vision-serija-ash-12biv" "Mozilla/5.0 (iPad; CPU OS 12_3_1 like Mac OS X) AppleWebKit/605.1.15 (KHTML, like Gecko) Version/12.1.1 Mobile/15E148 Safari/604.1"
188.252.228.23 - - [27/Jun/2019:19:19:42 +0000] "GET /ismile/css/hover-min.css HTTP/1.1" 200 104212 "https://www.montis-klima.com/ponuda-klima-uredjaja-zadar/sinclair-vision-serija-ash-12biv" "Mozilla/5.0 (iPad; CPU OS 12_3_1 like Mac OS X) AppleWebKit/605.1.15 (KHTML, like Gecko) Version/12.1.1 Mobile/15E148 Safari/604.1"
188.252.228.23 - - [27/Jun/2019:19:19:42 +0000] "GET /uploads/thumbnails/1de62c55993e066905f792b74ae56cef.jpeg HTTP/1.1" 200 14165 "https://www.montis-klima.com/ponuda-klima-uredjaja-zadar/sinclair-vision-serija-ash-12biv" "Mozilla/5.0 (iPad; CPU OS 12_3_1 like Mac OS X) AppleWebKit/605.1.15 (KHTML, like Gecko) Version/12.1.1 Mobile/15E148 Safari/604.1"
188.252.228.23 - - [27/Jun/2019:19:19:42 +0000] "GET /uploads/thumbnails/e0aa6bde3de73d158a513453d415560b.jpeg HTTP/1.1" 200 14165 "https://www.montis-klima.com/ponuda-klima-uredjaja-zadar/sinclair-vision-serija-ash-12biv" "Mozilla/5.0 (iPad; CPU OS 12_3_1 like Mac OS X) AppleWebKit/605.1.15 (KHTML, like Gecko) Version/12.1.1 Mobile/15E148 Safari/604.1"
188.252.228.23 - - [27/Jun/2019:19:19:42 +0000] "GET /uploads/thumbnails/09c065ba9079151eab581f56a7c986dd.JPEG HTTP/1.1" 200 13033 "https://www.montis-klima.com/ponuda-klima-uredjaja-zadar/sinclair-vision-serija-ash-12biv" "Mozilla/5.0 (iPad; CPU OS 12_3_1 like Mac OS X) AppleWebKit/605.1.15 (KHTML, like Gecko) Version/12.1.1 Mobile/15E148 Safari/604.1"
188.252.228.23 - - [27/Jun/2019:19:19:42 +0000] "GET /uploads/thumbnails/30900278fadc90d8d41a5eb48fe44213.JPEG HTTP/1.1" 200 13033 "https://www.montis-klima.com/ponuda-klima-uredjaja-zadar/sinclair-vision-serija-ash-12biv" "Mozilla/5.0 (iPad; CPU OS 12_3_1 like Mac OS X) AppleWebKit/605.1.15 (KHTML, like Gecko) Version/12.1.1 Mobile/15E148 Safari/604.1"
188.252.228.23 - - [27/Jun/2019:19:19:42 +0000] "GET /uploads/thumbnails/0337e1c2a539f1b6d43d9423fe8d093b.JPEG HTTP/1.1" 200 13033 "https://www.montis-klima.com/ponuda-klima-uredjaja-zadar/sinclair-vision-serija-ash-12biv" "Mozilla/5.0 (iPad; CPU OS 12_3_1 like Mac OS X) AppleWebKit/605.1.15 (KHTML, like Gecko) Version/12.1.1 Mobile/15E148 Safari/604.1"
188.252.228.23 - - [27/Jun/2019:19:19:42 +0000] "GET /ismile/images/logo_footer.png HTTP/1.1" 200 8077 "https://www.montis-klima.com/ponuda-klima-uredjaja-zadar/sinclair-vision-serija-ash-12biv" "Mozilla/5.0 (iPad; CPU OS 12_3_1 like Mac OS X) AppleWebKit/605.1.15 (KHTML, like Gecko) Version/12.1.1 Mobile/15E148 Safari/604.1"
188.252.228.23 - - [27/Jun/2019:19:19:42 +0000] "GET /ismile/images/page-header-bg.jpg HTTP/1.1" 200 6508 "https://www.montis-klima.com/ponuda-klima-uredjaja-zadar/sinclair-vision-serija-ash-12biv" "Mozilla/5.0 (iPad; CPU OS 12_3_1 like Mac OS X) AppleWebKit/605.1.15 (KHTML, like Gecko) Version/12.1.1 Mobile/15E148 Safari/604.1"
188.252.228.23 - - [27/Jun/2019:19:19:43 +0000] "GET /unitegallery/skins/default/slider_arrow_left.png HTTP/1.1" 200 493 "https://www.montis-klima.com/ponuda-klima-uredjaja-zadar/sinclair-vision-serija-ash-12biv" "Mozilla/5.0 (iPad; CPU OS 12_3_1 like Mac OS X) AppleWebKit/605.1.15 (KHTML, like Gecko) Version/12.1.1 Mobile/15E148 Safari/604.1"
188.252.228.23 - - [27/Jun/2019:19:19:43 +0000] "GET /unitegallery/images/loader-white1.gif HTTP/1.1" 200 2545 "https://www.montis-klima.com/ponuda-klima-uredjaja-zadar/sinclair-vision-serija-ash-12biv" "Mozilla/5.0 (iPad; CPU OS 12_3_1 like Mac OS X) AppleWebKit/605.1.15 (KHTML, like Gecko) Version/12.1.1 Mobile/15E148 Safari/604.1"
188.252.228.23 - - [27/Jun/2019:19:19:43 +0000] "GET /unitegallery/skins/default/slider_arrow_right.png HTTP/1.1" 200 505 "https://www.montis-klima.com/ponuda-klima-uredjaja-zadar/sinclair-vision-serija-ash-12biv" "Mozilla/5.0 (iPad; CPU OS 12_3_1 like Mac OS X) AppleWebKit/605.1.15 (KHTML, like Gecko) Version/12.1.1 Mobile/15E148 Safari/604.1"
188.252.228.23 - - [27/Jun/2019:19:19:43 +0000] "GET /unitegallery/images/loader.gif HTTP/1.1" 200 673 "https://www.montis-klima.com/ponuda-klima-uredjaja-zadar/sinclair-vision-serija-ash-12biv" "Mozilla/5.0 (iPad; CPU OS 12_3_1 like Mac OS X) AppleWebKit/605.1.15 (KHTML, like Gecko) Version/12.1.1 Mobile/15E148 Safari/604.1"
188.252.228.23 - - [27/Jun/2019:19:19:43 +0000] "GET /unitegallery/skins/default/button_fullscreen.png HTTP/1.1" 200 1146 "https://www.montis-klima.com/ponuda-klima-uredjaja-zadar/sinclair-vision-serija-ash-12biv" "Mozilla/5.0 (iPad; CPU OS 12_3_1 like Mac OS X) AppleWebKit/605.1.15 (KHTML, like Gecko) Version/12.1.1 Mobile/15E148 Safari/604.1"
188.252.228.23 - - [27/Jun/2019:19:19:43 +0000] "GET /unitegallery/images/play-button-square.png HTTP/1.1" 200 4591 "https://www.montis-klima.com/ponuda-klima-uredjaja-zadar/sinclair-vision-serija-ash-12biv" "Mozilla/5.0 (iPad; CPU OS 12_3_1 like Mac OS X) AppleWebKit/605.1.15 (KHTML, like Gecko) Version/12.1.1 Mobile/15E148 Safari/604.1"
188.252.228.23 - - [27/Jun/2019:19:19:43 +0000] "GET /unitegallery/images/loader-black1.gif HTTP/1.1" 200 5855 "https://www.montis-klima.com/ponuda-klima-uredjaja-zadar/sinclair-vision-serija-ash-12biv" "Mozilla/5.0 (iPad; CPU OS 12_3_1 like Mac OS X) AppleWebKit/605.1.15 (KHTML, like Gecko) Version/12.1.1 Mobile/15E148 Safari/604.1"
188.252.228.23 - - [27/Jun/2019:19:19:43 +0000] "GET /unitegallery/images/button-close.png HTTP/1.1" 200 7155 "https://www.montis-klima.com/ponuda-klima-uredjaja-zadar/sinclair-vision-serija-ash-12biv" "Mozilla/5.0 (iPad; CPU OS 12_3_1 like Mac OS X) AppleWebKit/605.1.15 (KHTML, like Gecko) Version/12.1.1 Mobile/15E148 Safari/604.1"
188.252.228.23 - - [27/Jun/2019:19:19:43 +0000] "GET /uploads/images/e13b735bc61cb4cd657b55deda8de2ef.JPEG HTTP/1.1" 200 13033 "https://www.montis-klima.com/ponuda-klima-uredjaja-zadar/sinclair-vision-serija-ash-12biv" "Mozilla/5.0 (iPad; CPU OS 12_3_1 like Mac OS X) AppleWebKit/605.1.15 (KHTML, like Gecko) Version/12.1.1 Mobile/15E148 Safari/604.1"
188.252.228.23 - - [27/Jun/2019:19:19:43 +0000] "GET /uploads/images/a82644c712285459eefe4f3de1fb7484.JPEG HTTP/1.1" 200 58934 "https://www.montis-klima.com/ponuda-klima-uredjaja-zadar/sinclair-vision-serija-ash-12biv" "Mozilla/5.0 (iPad; CPU OS 12_3_1 like Mac OS X) AppleWebKit/605.1.15 (KHTML, like Gecko) Version/12.1.1 Mobile/15E148 Safari/604.1"
188.252.228.23 - - [27/Jun/2019:19:19:43 +0000] "GET /favicon-32x32.png HTTP/1.1" 200 1780 "https://www.montis-klima.com/ponuda-klima-uredjaja-zadar/sinclair-vision-serija-ash-12biv" "Mozilla/5.0 (iPad; CPU OS 12_3_1 like Mac OS X) AppleWebKit/605.1.15 (KHTML, like Gecko) Version/12.1.1 Mobile/15E148 Safari/604.1"
188.252.228.23 - - [27/Jun/2019:19:19:44 +0000] "GET /favicon-16x16.png HTTP/1.1" 200 1135 "https://www.montis-klima.com/ponuda-klima-uredjaja-zadar/sinclair-vision-serija-ash-12biv" "Mozilla/5.0 (iPad; CPU OS 12_3_1 like Mac OS X) AppleWebKit/605.1.15 (KHTML, like Gecko) Version/12.1.1 Mobile/15E148 Safari/604.1"
40.77.167.176 - - [27/Jun/2019:19:21:39 +0000] "GET / HTTP/1.1" 200 26246 "-" "Mozilla/5.0 (compatible; bingbot/2.0; +http://www.bing.com/bingbot.htm)"
46.229.168.149 - - [27/Jun/2019:19:43:36 +0000] "GET /robots.txt HTTP/1.1" 200 24 "-" "Mozilla/5.0 (compatible; SemrushBot/3~bl; +http://www.semrush.com/bot.html)"
46.229.168.131 - - [27/Jun/2019:19:43:36 +0000] "GET /kontakt?id=50 HTTP/1.1" 200 14476 "-" "Mozilla/5.0 (compatible; SemrushBot/3~bl; +http://www.semrush.com/bot.html)"
216.244.66.200 - - [27/Jun/2019:19:55:21 +0000] "GET /robots.txt HTTP/1.1" 301 247 "-" "Mozilla/5.0 (compatible; DotBot/1.1; http://www.opensiteexplorer.org/dotbot, help@moz.com)"
216.244.66.200 - - [27/Jun/2019:19:55:22 +0000] "GET /robots.txt HTTP/1.1" 200 24 "-" "Mozilla/5.0 (compatible; DotBot/1.1; http://www.opensiteexplorer.org/dotbot, help@moz.com)"
66.249.66.143 - - [27/Jun/2019:20:08:07 +0000] "GET /ismile/images/3.jpg HTTP/1.1" 301 256 "-" "Googlebot-Image/1.0"
66.249.66.155 - - [27/Jun/2019:20:08:07 +0000] "GET /ismile/images/3.jpg HTTP/1.1" 200 169622 "-" "Googlebot-Image/1.0"
40.77.167.176 - - [27/Jun/2019:20:15:48 +0000] "GET /hr/ HTTP/1.1" 301 240 "-" "Mozilla/5.0 (compatible; bingbot/2.0; +http://www.bing.com/bingbot.htm)"
66.249.66.143 - - [27/Jun/2019:20:19:57 +0000] "GET /ismile/images/2.jpg HTTP/1.1" 301 256 "-" "Googlebot-Image/1.0"
66.249.66.153 - - [27/Jun/2019:20:19:57 +0000] "GET /ismile/images/2.jpg HTTP/1.1" 200 164486 "-" "Googlebot-Image/1.0"
157.55.39.7 - - [27/Jun/2019:20:33:32 +0000] "GET /hr/2017/04/05/sve-o-dizalicama-topline/ HTTP/1.1" 301 276 "-" "Mozilla/5.0 (iPhone; CPU iPhone OS 7_0 like Mac OS X) AppleWebKit/537.51.1 (KHTML, like Gecko) Version/7.0 Mobile/11A465 Safari/9537.53 (compatible; bingbot/2.0; +http://www.bing.com/bingbot.htm)"
157.55.39.7 - - [27/Jun/2019:20:33:37 +0000] "GET /hr/2017/04/05/sve-o-dizalicama-topline/ HTTP/1.1" 301 274 "-" "Mozilla/5.0 (iPhone; CPU iPhone OS 7_0 like Mac OS X) AppleWebKit/537.51.1 (KHTML, like Gecko) Version/7.0 Mobile/11A465 Safari/9537.53 (compatible; bingbot/2.0; +http://www.bing.com/bingbot.htm)"
157.55.39.7 - - [27/Jun/2019:20:33:38 +0000] "GET /hr/2017/04/05/sve-o-dizalicama-topline HTTP/1.1" 301 275 "-" "Mozilla/5.0 (iPhone; CPU iPhone OS 7_0 like Mac OS X) AppleWebKit/537.51.1 (KHTML, like Gecko) Version/7.0 Mobile/11A465 Safari/9537.53 (compatible; bingbot/2.0; +http://www.bing.com/bingbot.htm)"
157.55.39.7 - - [27/Jun/2019:20:33:39 +0000] "GET /hr/2017/04/05/sve-o-dizalicama-topline HTTP/1.1" 404 1104 "-" "Mozilla/5.0 (iPhone; CPU iPhone OS 7_0 like Mac OS X) AppleWebKit/537.51.1 (KHTML, like Gecko) Version/7.0 Mobile/11A465 Safari/9537.53 (compatible; bingbot/2.0; +http://www.bing.com/bingbot.htm)"
216.244.66.200 - - [27/Jun/2019:20:38:32 +0000] "GET /hr/author/advaia/ HTTP/1.1" 301 252 "-" "Mozilla/5.0 (compatible; DotBot/1.1; http://www.opensiteexplorer.org/dotbot, help@moz.com)"
66.249.66.155 - - [27/Jun/2019:20:40:13 +0000] "GET /ismile/media/brand-logos/mitsubishi.png HTTP/1.1" 304 - "-" "Googlebot-Image/1.0"
46.229.168.145 - - [27/Jun/2019:20:43:27 +0000] "GET /robots.txt HTTP/1.1" 200 24 "-" "Mozilla/5.0 (compatible; SemrushBot/3~bl; +http://www.semrush.com/bot.html)"
46.229.168.145 - - [27/Jun/2019:20:43:28 +0000] "GET /ponuda-klima-uredjaja-zadar/sinclair-spectrum-serija-ash-09bis HTTP/1.1" 200 27165 "-" "Mozilla/5.0 (compatible; SemrushBot/3~bl; +http://www.semrush.com/bot.html)"
66.249.66.151 - - [27/Jun/2019:20:56:40 +0000] "GET /uploads/images/73f5a2abd70b5b286d94465340cf17fc.JPEG HTTP/1.1" 304 - "-" "Googlebot-Image/1.0"
157.55.39.7 - - [27/Jun/2019:21:00:29 +0000] "GET /ponuda-klima-uredjaja-zadar/gree-amber-serija-gwh12ye-k6dna1a HTTP/1.1" 200 27021 "-" "Mozilla/5.0 (compatible; bingbot/2.0; +http://www.bing.com/bingbot.htm)"
66.249.66.151 - - [27/Jun/2019:21:08:05 +0000] "GET /ismile/media/brand-logos/vivax.png HTTP/1.1" 304 - "-" "Googlebot-Image/1.0"
66.249.66.151 - - [27/Jun/2019:21:19:11 +0000] "GET /ismile/media/brand-logos/gree.png HTTP/1.1" 304 - "-" "Googlebot-Image/1.0"
66.249.66.153 - - [27/Jun/2019:21:28:13 +0000] "GET /ismile/images/logo_footer.png HTTP/1.1" 304 - "-" "Googlebot-Image/1.0"
216.244.66.200 - - [27/Jun/2019:21:38:59 +0000] "GET /robots.txt HTTP/1.1" 301 247 "-" "Mozilla/5.0 (compatible; DotBot/1.1; http://www.opensiteexplorer.org/dotbot, help@moz.com)"
216.244.66.200 - - [27/Jun/2019:21:38:59 +0000] "GET /robots.txt HTTP/1.1" 200 24 "-" "Mozilla/5.0 (compatible; DotBot/1.1; http://www.opensiteexplorer.org/dotbot, help@moz.com)"
66.249.66.151 - - [27/Jun/2019:21:45:35 +0000] "GET /uploads/thumbnails/e8ebf3a98f4f029dd00bc47500f4890f.jpg HTTP/1.1" 304 - "-" "Googlebot-Image/1.0"
66.249.66.151 - - [27/Jun/2019:21:54:34 +0000] "GET /ismile/media/brand-logos/toshiba.png HTTP/1.1" 304 - "-" "Googlebot-Image/1.0"
66.249.66.153 - - [27/Jun/2019:21:59:05 +0000] "GET /ismile/media/brand-logos/fujitsu.png HTTP/1.1" 304 - "-" "Googlebot-Image/1.0"
207.46.13.4 - - [27/Jun/2019:22:03:09 +0000] "GET /hr/2017/03/13/vaznost-servisa-klima-uredaja HTTP/1.1" 404 1104 "-" "Mozilla/5.0 (compatible; bingbot/2.0; +http://www.bing.com/bingbot.htm)"
66.249.66.153 - - [27/Jun/2019:22:08:25 +0000] "GET /uploads/thumbnails/1fccc3429ee104c0dd122617bc7ae4a9.jpg HTTP/1.1" 304 - "-" "Googlebot-Image/1.0"
40.77.167.176 - - [27/Jun/2019:22:10:23 +0000] "GET / HTTP/1.1" 301 237 "-" "Mozilla/5.0 (compatible; bingbot/2.0; +http://www.bing.com/bingbot.htm)"
107.170.247.224 - - [27/Jun/2019:22:14:11 +0000] "GET /wp-content/plugins/nd-shortcodes/inc/settings/import-export/js/nd_options_import_settings.js HTTP/1.1" 301 329 "montis-klima.com" "Mozilla/5.1 (Windows NT 6.0; WOW64) AppleWebKit/537.37 (KHTML, like Gecko) Chrome/58.0.1145.75 Safari/537.37"
107.170.247.224 - - [27/Jun/2019:22:14:12 +0000] "GET /wp-content/plugins/nd-shortcodes/inc/settings/import-export/js/nd_options_import_settings.js HTTP/1.1" 404 1104 "montis-klima.com" "Mozilla/5.1 (Windows NT 6.0; WOW64) AppleWebKit/537.37 (KHTML, like Gecko) Chrome/58.0.1145.75 Safari/537.37"
66.249.66.155 - - [27/Jun/2019:22:18:25 +0000] "GET /ismile/media/brand-logos/korel.png HTTP/1.1" 304 - "-" "Googlebot-Image/1.0"
46.229.168.134 - - [27/Jun/2019:22:19:21 +0000] "GET /robots.txt HTTP/1.1" 200 24 "-" "Mozilla/5.0 (compatible; SemrushBot/3~bl; +http://www.semrush.com/bot.html)"
46.229.168.132 - - [27/Jun/2019:22:19:22 +0000] "GET /ponuda-klima-uredjaja-zadar/samsung-maldives-ar24msfpewqneu HTTP/1.1" 200 26622 "-" "Mozilla/5.0 (compatible; SemrushBot/3~bl; +http://www.semrush.com/bot.html)"
66.249.66.153 - - [27/Jun/2019:22:28:13 +0000] "GET /ismile/media/brand-logos/sinclair.png HTTP/1.1" 304 - "-" "Googlebot-Image/1.0"
216.244.66.200 - - [27/Jun/2019:22:30:17 +0000] "GET /robots.txt HTTP/1.1" 301 247 "-" "Mozilla/5.0 (compatible; DotBot/1.1; http://www.opensiteexplorer.org/dotbot, help@moz.com)"
216.244.66.200 - - [27/Jun/2019:22:30:18 +0000] "GET /robots.txt HTTP/1.1" 200 24 "-" "Mozilla/5.0 (compatible; DotBot/1.1; http://www.opensiteexplorer.org/dotbot, help@moz.com)"
66.249.66.155 - - [27/Jun/2019:22:38:14 +0000] "GET /ismile/media/brand-logos/lg.png HTTP/1.1" 304 - "-" "Googlebot-Image/1.0"
51.83.43.13 - - [27/Jun/2019:22:42:05 +0000] "GET / HTTP/1.1" 301 237 "-" "Mozilla/5.0 (Windows NT 10.0; Win64; x64) AppleWebKit/537.36 (KHTML, like Gecko) Chrome/63.0.3239.132 Safari/537.36"
66.249.66.153 - - [27/Jun/2019:22:48:01 +0000] "GET /uploads/thumbnails/09c065ba9079151eab581f56a7c986dd.JPEG HTTP/1.1" 304 - "-" "Googlebot-Image/1.0"
66.249.66.151 - - [27/Jun/2019:22:58:09 +0000] "GET /uploads/thumbnails/e13b735bc61cb4cd657b55deda8de2ef.JPEG HTTP/1.1" 304 - "-" "Googlebot-Image/1.0"
66.249.66.155 - - [27/Jun/2019:23:10:08 +0000] "GET /uploads/thumbnails/28aa2d9b45e7ad6d786ead3d9d480995.JPEG HTTP/1.1" 304 - "-" "Googlebot-Image/1.0"
66.249.66.153 - - [27/Jun/2019:23:20:41 +0000] "GET /ismile/media/slides/slide.jpg HTTP/1.1" 304 - "-" "Googlebot-Image/1.0"
216.244.66.200 - - [27/Jun/2019:23:20:58 +0000] "GET /robots.txt HTTP/1.1" 301 247 "-" "Mozilla/5.0 (compatible; DotBot/1.1; http://www.opensiteexplorer.org/dotbot, help@moz.com)"
216.244.66.200 - - [27/Jun/2019:23:21:00 +0000] "GET /robots.txt HTTP/1.1" 200 24 "-" "Mozilla/5.0 (compatible; DotBot/1.1; http://www.opensiteexplorer.org/dotbot, help@moz.com)"
66.249.66.155 - - [27/Jun/2019:23:29:37 +0000] "GET /ismile/media/brand-logos/daikin.png HTTP/1.1" 304 - "-" "Googlebot-Image/1.0"
46.229.168.152 - - [27/Jun/2019:23:39:05 +0000] "GET /robots.txt HTTP/1.1" 200 24 "-" "Mozilla/5.0 (compatible; SemrushBot/3~bl; +http://www.semrush.com/bot.html)"
46.229.168.129 - - [27/Jun/2019:23:39:06 +0000] "GET /kontakt?id=88 HTTP/1.1" 200 14476 "-" "Mozilla/5.0 (compatible; SemrushBot/3~bl; +http://www.semrush.com/bot.html)"
54.36.149.93 - - [27/Jun/2019:23:45:47 +0000] "GET /robots.txt HTTP/1.1" 301 247 "-" "Mozilla/5.0 (compatible; AhrefsBot/6.1; +http://ahrefs.com/robot/)"
54.36.149.93 - - [27/Jun/2019:23:45:47 +0000] "GET /robots.txt HTTP/1.1" 200 24 "-" "Mozilla/5.0 (compatible; AhrefsBot/6.1; +http://ahrefs.com/robot/)"
54.36.148.84 - - [27/Jun/2019:23:45:47 +0000] "GET /kontakt HTTP/1.1" 301 244 "-" "Mozilla/5.0 (compatible; AhrefsBot/6.1; +http://ahrefs.com/robot/)"
66.249.66.151 - - [27/Jun/2019:23:47:54 +0000] "GET /ismile/media/brand-logos/samsung.png HTTP/1.1" 304 - "-" "Googlebot-Image/1.0"
46.229.168.146 - - [27/Jun/2019:23:57:25 +0000] "GET /ponuda-klima-uredjaja-zadar/sinclair-mv-c12bi HTTP/1.1" 200 22108 "-" "Mozilla/5.0 (compatible; SemrushBot/3~bl; +http://www.semrush.com/bot.html)"