198.204.244.90 - - [01/Jul/2019:03:12:54 +0000] "GET /kontakt?id=104 HTTP/1.1" 200 3744 "-" "Mozilla/5.0 (compatible; MJ12bot/v1.4.8; http://mj12bot.com/)"
198.204.244.90 - - [01/Jul/2019:03:13:06 +0000] "GET /kontakt?id=105 HTTP/1.1" 301 251 "-" "Mozilla/5.0 (compatible; MJ12bot/v1.4.8; http://mj12bot.com/)"
198.204.244.90 - - [01/Jul/2019:03:13:16 +0000] "GET /kontakt?id=105 HTTP/1.1" 200 3745 "-" "Mozilla/5.0 (compatible; MJ12bot/v1.4.8; http://mj12bot.com/)"
198.204.244.90 - - [01/Jul/2019:03:13:23 +0000] "GET /kontakt?id=105 HTTP/1.1" 200 3746 "-" "Mozilla/5.0 (compatible; MJ12bot/v1.4.8; http://mj12bot.com/)"
198.204.244.90 - - [01/Jul/2019:03:14:13 +0000] "GET /kontakt?id=106 HTTP/1.1" 301 251 "-" "Mozilla/5.0 (compatible; MJ12bot/v1.4.8; http://mj12bot.com/)"
198.204.244.90 - - [01/Jul/2019:03:14:17 +0000] "GET /kontakt?id=106 HTTP/1.1" 200 3744 "-" "Mozilla/5.0 (compatible; MJ12bot/v1.4.8; http://mj12bot.com/)"
198.204.244.90 - - [01/Jul/2019:03:14:47 +0000] "GET /kontakt?id=106 HTTP/1.1" 200 3744 "-" "Mozilla/5.0 (compatible; MJ12bot/v1.4.8; http://mj12bot.com/)"
198.204.244.90 - - [01/Jul/2019:03:14:51 +0000] "GET /kontakt?id=107 HTTP/1.1" 301 251 "-" "Mozilla/5.0 (compatible; MJ12bot/v1.4.8; http://mj12bot.com/)"
198.204.244.90 - - [01/Jul/2019:03:14:55 +0000] "GET /kontakt?id=107 HTTP/1.1" 200 3744 "-" "Mozilla/5.0 (compatible; MJ12bot/v1.4.8; http://mj12bot.com/)"
198.204.244.90 - - [01/Jul/2019:03:14:59 +0000] "GET /kontakt?id=107 HTTP/1.1" 200 3744 "-" "Mozilla/5.0 (compatible; MJ12bot/v1.4.8; http://mj12bot.com/)"
198.204.244.90 - - [01/Jul/2019:03:15:07 +0000] "GET /kontakt?id=108 HTTP/1.1" 301 251 "-" "Mozilla/5.0 (compatible; MJ12bot/v1.4.8; http://mj12bot.com/)"
198.204.244.90 - - [01/Jul/2019:03:15:26 +0000] "GET /kontakt?id=108 HTTP/1.1" 200 3745 "-" "Mozilla/5.0 (compatible; MJ12bot/v1.4.8; http://mj12bot.com/)"
198.204.244.90 - - [01/Jul/2019:03:15:41 +0000] "GET /kontakt?id=108 HTTP/1.1" 200 3747 "-" "Mozilla/5.0 (compatible; MJ12bot/v1.4.8; http://mj12bot.com/)"
198.204.244.90 - - [01/Jul/2019:03:16:08 +0000] "GET /kontakt?id=109 HTTP/1.1" 301 251 "-" "Mozilla/5.0 (compatible; MJ12bot/v1.4.8; http://mj12bot.com/)"
198.204.244.90 - - [01/Jul/2019:03:16:15 +0000] "GET /kontakt?id=109 HTTP/1.1" 200 3746 "-" "Mozilla/5.0 (compatible; MJ12bot/v1.4.8; http://mj12bot.com/)"
198.204.244.90 - - [01/Jul/2019:03:16:22 +0000] "GET /kontakt?id=109 HTTP/1.1" 200 3746 "-" "Mozilla/5.0 (compatible; MJ12bot/v1.4.8; http://mj12bot.com/)"
198.204.244.90 - - [01/Jul/2019:03:16:26 +0000] "GET /kontakt?id=11 HTTP/1.1" 301 250 "-" "Mozilla/5.0 (compatible; MJ12bot/v1.4.8; http://mj12bot.com/)"
198.204.244.90 - - [01/Jul/2019:03:16:42 +0000] "GET /kontakt?id=11 HTTP/1.1" 200 3745 "-" "Mozilla/5.0 (compatible; MJ12bot/v1.4.8; http://mj12bot.com/)"
198.204.244.90 - - [01/Jul/2019:03:16:56 +0000] "GET /kontakt?id=11 HTTP/1.1" 200 3746 "-" "Mozilla/5.0 (compatible; MJ12bot/v1.4.8; http://mj12bot.com/)"
198.204.244.90 - - [01/Jul/2019:03:17:11 +0000] "GET /kontakt?id=110 HTTP/1.1" 301 251 "-" "Mozilla/5.0 (compatible; MJ12bot/v1.4.8; http://mj12bot.com/)"
198.204.244.90 - - [01/Jul/2019:03:18:02 +0000] "GET /kontakt?id=110 HTTP/1.1" 200 3746 "-" "Mozilla/5.0 (compatible; MJ12bot/v1.4.8; http://mj12bot.com/)"
198.204.244.90 - - [01/Jul/2019:03:18:12 +0000] "GET /kontakt?id=110 HTTP/1.1" 200 3747 "-" "Mozilla/5.0 (compatible; MJ12bot/v1.4.8; http://mj12bot.com/)"
198.204.244.90 - - [01/Jul/2019:03:18:19 +0000] "GET /kontakt?id=111 HTTP/1.1" 301 251 "-" "Mozilla/5.0 (compatible; MJ12bot/v1.4.8; http://mj12bot.com/)"
198.204.244.90 - - [01/Jul/2019:03:18:29 +0000] "GET /kontakt?id=111 HTTP/1.1" 200 3743 "-" "Mozilla/5.0 (compatible; MJ12bot/v1.4.8; http://mj12bot.com/)"
198.204.244.90 - - [01/Jul/2019:03:18:37 +0000] "GET /kontakt?id=111 HTTP/1.1" 200 3744 "-" "Mozilla/5.0 (compatible; MJ12bot/v1.4.8; http://mj12bot.com/)"
198.204.244.90 - - [01/Jul/2019:03:18:39 +0000] "GET /kontakt?id=112 HTTP/1.1" 301 251 "-" "Mozilla/5.0 (compatible; MJ12bot/v1.4.8; http://mj12bot.com/)"
198.204.244.90 - - [01/Jul/2019:03:18:43 +0000] "GET /kontakt?id=112 HTTP/1.1" 200 3745 "-" "Mozilla/5.0 (compatible; MJ12bot/v1.4.8; http://mj12bot.com/)"
198.204.244.90 - - [01/Jul/2019:03:18:56 +0000] "GET /kontakt?id=112 HTTP/1.1" 200 3747 "-" "Mozilla/5.0 (compatible; MJ12bot/v1.4.8; http://mj12bot.com/)"
198.204.244.90 - - [01/Jul/2019:03:19:11 +0000] "GET /kontakt?id=113 HTTP/1.1" 301 251 "-" "Mozilla/5.0 (compatible; MJ12bot/v1.4.8; http://mj12bot.com/)"
198.204.244.90 - - [01/Jul/2019:03:19:24 +0000] "GET /kontakt?id=113 HTTP/1.1" 200 3745 "-" "Mozilla/5.0 (compatible; MJ12bot/v1.4.8; http://mj12bot.com/)"
198.204.244.90 - - [01/Jul/2019:03:19:27 +0000] "GET /kontakt?id=113 HTTP/1.1" 200 3745 "-" "Mozilla/5.0 (compatible; MJ12bot/v1.4.8; http://mj12bot.com/)"
198.204.244.90 - - [01/Jul/2019:03:19:33 +0000] "GET /kontakt?id=12 HTTP/1.1" 301 250 "-" "Mozilla/5.0 (compatible; MJ12bot/v1.4.8; http://mj12bot.com/)"
198.204.244.90 - - [01/Jul/2019:03:19:47 +0000] "GET /kontakt?id=12 HTTP/1.1" 200 3743 "-" "Mozilla/5.0 (compatible; MJ12bot/v1.4.8; http://mj12bot.com/)"
198.204.244.90 - - [01/Jul/2019:03:20:44 +0000] "GET /kontakt?id=12 HTTP/1.1" 200 3745 "-" "Mozilla/5.0 (compatible; MJ12bot/v1.4.8; http://mj12bot.com/)"
198.204.244.90 - - [01/Jul/2019:03:20:56 +0000] "GET /kontakt?id=13 HTTP/1.1" 301 250 "-" "Mozilla/5.0 (compatible; MJ12bot/v1.4.8; http://mj12bot.com/)"
198.204.244.90 - - [01/Jul/2019:03:21:04 +0000] "GET /kontakt?id=13 HTTP/1.1" 200 3742 "-" "Mozilla/5.0 (compatible; MJ12bot/v1.4.8; http://mj12bot.com/)"
198.204.244.90 - - [01/Jul/2019:03:21:10 +0000] "GET /kontakt?id=13 HTTP/1.1" 200 3743 "-" "Mozilla/5.0 (compatible; MJ12bot/v1.4.8; http://mj12bot.com/)"
198.204.244.90 - - [01/Jul/2019:03:21:18 +0000] "GET /kontakt?id=14 HTTP/1.1" 301 250 "-" "Mozilla/5.0 (compatible; MJ12bot/v1.4.8; http://mj12bot.com/)"
198.204.244.90 - - [01/Jul/2019:03:21:27 +0000] "GET /kontakt?id=14 HTTP/1.1" 200 3742 "-" "Mozilla/5.0 (compatible; MJ12bot/v1.4.8; http://mj12bot.com/)"
198.204.244.90 - - [01/Jul/2019:03:21:31 +0000] "GET /kontakt?id=14 HTTP/1.1" 200 3742 "-" "Mozilla/5.0 (compatible; MJ12bot/v1.4.8; http://mj12bot.com/)"
198.204.244.90 - - [01/Jul/2019:03:21:37 +0000] "GET /kontakt?id=16 HTTP/1.1" 301 250 "-" "Mozilla/5.0 (compatible; MJ12bot/v1.4.8; http://mj12bot.com/)"
198.204.244.90 - - [01/Jul/2019:03:21:41 +0000] "GET /kontakt?id=16 HTTP/1.1" 200 3743 "-" "Mozilla/5.0 (compatible; MJ12bot/v1.4.8; http://mj12bot.com/)"
198.204.244.90 - - [01/Jul/2019:03:21:48 +0000] "GET /kontakt?id=16 HTTP/1.1" 200 3744 "-" "Mozilla/5.0 (compatible; MJ12bot/v1.4.8; http://mj12bot.com/)"
198.204.244.90 - - [01/Jul/2019:03:21:59 +0000] "GET /kontakt?id=17 HTTP/1.1" 301 250 "-" "Mozilla/5.0 (compatible; MJ12bot/v1.4.8; http://mj12bot.com/)"
198.204.244.90 - - [01/Jul/2019:03:22:07 +0000] "GET /kontakt?id=17 HTTP/1.1" 200 3746 "-" "Mozilla/5.0 (compatible; MJ12bot/v1.4.8; http://mj12bot.com/)"
198.204.244.90 - - [01/Jul/2019:03:22:15 +0000] "GET /kontakt?id=17 HTTP/1.1" 200 3744 "-" "Mozilla/5.0 (compatible; MJ12bot/v1.4.8; http://mj12bot.com/)"
198.204.244.90 - - [01/Jul/2019:03:22:17 +0000] "GET /kontakt?id=18 HTTP/1.1" 301 250 "-" "Mozilla/5.0 (compatible; MJ12bot/v1.4.8; http://mj12bot.com/)"
198.204.244.90 - - [01/Jul/2019:03:22:20 +0000] "GET /kontakt?id=18 HTTP/1.1" 200 3742 "-" "Mozilla/5.0 (compatible; MJ12bot/v1.4.8; http://mj12bot.com/)"
198.204.244.90 - - [01/Jul/2019:03:22:23 +0000] "GET /kontakt?id=18 HTTP/1.1" 200 3743 "-" "Mozilla/5.0 (compatible; MJ12bot/v1.4.8; http://mj12bot.com/)"
198.204.244.90 - - [01/Jul/2019:03:23:25 +0000] "GET /kontakt?id=19 HTTP/1.1" 301 250 "-" "Mozilla/5.0 (compatible; MJ12bot/v1.4.8; http://mj12bot.com/)"
198.204.244.90 - - [01/Jul/2019:03:23:35 +0000] "GET /kontakt?id=19 HTTP/1.1" 200 3744 "-" "Mozilla/5.0 (compatible; MJ12bot/v1.4.8; http://mj12bot.com/)"
198.204.244.90 - - [01/Jul/2019:03:23:40 +0000] "GET /kontakt?id=19 HTTP/1.1" 200 3743 "-" "Mozilla/5.0 (compatible; MJ12bot/v1.4.8; http://mj12bot.com/)"
198.204.244.90 - - [01/Jul/2019:03:23:55 +0000] "GET /kontakt?id=2 HTTP/1.1" 301 249 "-" "Mozilla/5.0 (compatible; MJ12bot/v1.4.8; http://mj12bot.com/)"
198.204.244.90 - - [01/Jul/2019:03:24:02 +0000] "GET /kontakt?id=2 HTTP/1.1" 200 3744 "-" "Mozilla/5.0 (compatible; MJ12bot/v1.4.8; http://mj12bot.com/)"
198.204.244.90 - - [01/Jul/2019:03:24:06 +0000] "GET /kontakt?id=2 HTTP/1.1" 200 3744 "-" "Mozilla/5.0 (compatible; MJ12bot/v1.4.8; http://mj12bot.com/)"
198.204.244.90 - - [01/Jul/2019:03:24:12 +0000] "GET /kontakt?id=20 HTTP/1.1" 301 250 "-" "Mozilla/5.0 (compatible; MJ12bot/v1.4.8; http://mj12bot.com/)"
198.204.244.90 - - [01/Jul/2019:03:24:19 +0000] "GET /kontakt?id=20 HTTP/1.1" 200 3744 "-" "Mozilla/5.0 (compatible; MJ12bot/v1.4.8; http://mj12bot.com/)"
198.204.244.90 - - [01/Jul/2019:03:24:23 +0000] "GET /kontakt?id=20 HTTP/1.1" 200 3744 "-" "Mozilla/5.0 (compatible; MJ12bot/v1.4.8; http://mj12bot.com/)"
198.204.244.90 - - [01/Jul/2019:03:24:32 +0000] "GET /kontakt?id=21 HTTP/1.1" 301 250 "-" "Mozilla/5.0 (compatible; MJ12bot/v1.4.8; http://mj12bot.com/)"
198.204.244.90 - - [01/Jul/2019:03:24:40 +0000] "GET /kontakt?id=21 HTTP/1.1" 200 3743 "-" "Mozilla/5.0 (compatible; MJ12bot/v1.4.8; http://mj12bot.com/)"
198.204.244.90 - - [01/Jul/2019:03:24:47 +0000] "GET /kontakt?id=21 HTTP/1.1" 200 3745 "-" "Mozilla/5.0 (compatible; MJ12bot/v1.4.8; http://mj12bot.com/)"
198.204.244.90 - - [01/Jul/2019:03:24:53 +0000] "GET /kontakt?id=22 HTTP/1.1" 301 250 "-" "Mozilla/5.0 (compatible; MJ12bot/v1.4.8; http://mj12bot.com/)"
198.204.244.90 - - [01/Jul/2019:03:24:58 +0000] "GET /kontakt?id=22 HTTP/1.1" 200 3745 "-" "Mozilla/5.0 (compatible; MJ12bot/v1.4.8; http://mj12bot.com/)"
198.204.244.90 - - [01/Jul/2019:03:26:44 +0000] "GET /kontakt?id=22 HTTP/1.1" 200 3745 "-" "Mozilla/5.0 (compatible; MJ12bot/v1.4.8; http://mj12bot.com/)"
198.204.244.90 - - [01/Jul/2019:03:26:47 +0000] "GET /kontakt?id=23 HTTP/1.1" 301 250 "-" "Mozilla/5.0 (compatible; MJ12bot/v1.4.8; http://mj12bot.com/)"
198.204.244.90 - - [01/Jul/2019:03:26:52 +0000] "GET /kontakt?id=23 HTTP/1.1" 200 3747 "-" "Mozilla/5.0 (compatible; MJ12bot/v1.4.8; http://mj12bot.com/)"
198.204.244.90 - - [01/Jul/2019:03:27:13 +0000] "GET /kontakt?id=23 HTTP/1.1" 200 3744 "-" "Mozilla/5.0 (compatible; MJ12bot/v1.4.8; http://mj12bot.com/)"
198.204.244.90 - - [01/Jul/2019:03:27:29 +0000] "GET /kontakt?id=24 HTTP/1.1" 301 250 "-" "Mozilla/5.0 (compatible; MJ12bot/v1.4.8; http://mj12bot.com/)"
198.204.244.90 - - [01/Jul/2019:03:27:37 +0000] "GET /kontakt?id=24 HTTP/1.1" 200 3743 "-" "Mozilla/5.0 (compatible; MJ12bot/v1.4.8; http://mj12bot.com/)"
198.204.244.90 - - [01/Jul/2019:03:27:41 +0000] "GET /kontakt?id=24 HTTP/1.1" 200 3746 "-" "Mozilla/5.0 (compatible; MJ12bot/v1.4.8; http://mj12bot.com/)"
198.204.244.90 - - [01/Jul/2019:03:27:53 +0000] "GET /kontakt?id=25 HTTP/1.1" 301 250 "-" "Mozilla/5.0 (compatible; MJ12bot/v1.4.8; http://mj12bot.com/)"
198.204.244.90 - - [01/Jul/2019:03:28:08 +0000] "GET /kontakt?id=25 HTTP/1.1" 200 3746 "-" "Mozilla/5.0 (compatible; MJ12bot/v1.4.8; http://mj12bot.com/)"
198.204.244.90 - - [01/Jul/2019:03:28:15 +0000] "GET /kontakt?id=25 HTTP/1.1" 200 3745 "-" "Mozilla/5.0 (compatible; MJ12bot/v1.4.8; http://mj12bot.com/)"
198.204.244.90 - - [01/Jul/2019:03:28:27 +0000] "GET /kontakt?id=26 HTTP/1.1" 301 250 "-" "Mozilla/5.0 (compatible; MJ12bot/v1.4.8; http://mj12bot.com/)"
198.204.244.90 - - [01/Jul/2019:03:28:37 +0000] "GET /kontakt?id=26 HTTP/1.1" 200 3745 "-" "Mozilla/5.0 (compatible; MJ12bot/v1.4.8; http://mj12bot.com/)"
144.76.119.201 - - [01/Jul/2019:03:28:43 +0000] "GET /robots.txt HTTP/1.1" 301 247 "-" "Mozilla/5.0 (compatible; MJ12bot/v1.4.8; http://mj12bot.com/)"
144.76.119.201 - - [01/Jul/2019:03:28:45 +0000] "GET /robots.txt HTTP/1.1" 200 24 "-" "Mozilla/5.0 (compatible; MJ12bot/v1.4.8; http://mj12bot.com/)"
144.76.119.201 - - [01/Jul/2019:03:28:46 +0000] "GET /hr/ HTTP/1.1" 301 240 "-" "Mozilla/5.0 (compatible; MJ12bot/v1.4.8; http://mj12bot.com/)"
198.204.244.90 - - [01/Jul/2019:03:28:47 +0000] "GET /kontakt?id=26 HTTP/1.1" 200 3745 "-" "Mozilla/5.0 (compatible; MJ12bot/v1.4.8; http://mj12bot.com/)"
144.76.119.201 - - [01/Jul/2019:03:28:48 +0000] "GET /hr/ HTTP/1.1" 301 238 "-" "Mozilla/5.0 (compatible; MJ12bot/v1.4.8; http://mj12bot.com/)"
144.76.119.201 - - [01/Jul/2019:03:28:49 +0000] "GET /robots.txt HTTP/1.1" 301 247 "-" "Mozilla/5.0 (compatible; MJ12bot/v1.4.8; http://mj12bot.com/)"
144.76.119.201 - - [01/Jul/2019:03:28:50 +0000] "GET /robots.txt HTTP/1.1" 200 24 "-" "Mozilla/5.0 (compatible; MJ12bot/v1.4.8; http://mj12bot.com/)"
144.76.119.201 - - [01/Jul/2019:03:28:51 +0000] "GET /hr HTTP/1.1" 301 239 "-" "Mozilla/5.0 (compatible; MJ12bot/v1.4.8; http://mj12bot.com/)"
144.76.119.201 - - [01/Jul/2019:03:28:55 +0000] "GET /hr HTTP/1.1" 200 26342 "-" "Mozilla/5.0 (compatible; MJ12bot/v1.4.8; http://mj12bot.com/)"
198.204.244.90 - - [01/Jul/2019:03:28:56 +0000] "GET /kontakt?id=27 HTTP/1.1" 301 250 "-" "Mozilla/5.0 (compatible; MJ12bot/v1.4.8; http://mj12bot.com/)"
144.76.119.201 - - [01/Jul/2019:03:28:57 +0000] "GET /hr/2017/03/13/vaznost-servisa-klima-uredaja/ HTTP/1.1" 301 281 "-" "Mozilla/5.0 (compatible; MJ12bot/v1.4.8; http://mj12bot.com/)"
144.76.119.201 - - [01/Jul/2019:03:29:01 +0000] "GET /hr/2017/03/13/vaznost-servisa-klima-uredaja/ HTTP/1.1" 301 279 "-" "Mozilla/5.0 (compatible; MJ12bot/v1.4.8; http://mj12bot.com/)"
144.76.119.201 - - [01/Jul/2019:03:29:03 +0000] "GET /hr/2017/03/13/vaznost-servisa-klima-uredaja HTTP/1.1" 301 280 "-" "Mozilla/5.0 (compatible; MJ12bot/v1.4.8; http://mj12bot.com/)"
198.204.244.90 - - [01/Jul/2019:03:29:04 +0000] "GET /kontakt?id=27 HTTP/1.1" 200 3746 "-" "Mozilla/5.0 (compatible; MJ12bot/v1.4.8; http://mj12bot.com/)"
198.204.244.90 - - [01/Jul/2019:03:29:11 +0000] "GET /kontakt?id=27 HTTP/1.1" 200 3744 "-" "Mozilla/5.0 (compatible; MJ12bot/v1.4.8; http://mj12bot.com/)"
144.76.119.201 - - [01/Jul/2019:03:29:12 +0000] "GET /hr/2017/03/13/vaznost-servisa-klima-uredaja HTTP/1.1" 404 1104 "-" "Mozilla/5.0 (compatible; MJ12bot/v1.4.8; http://mj12bot.com/)"
144.76.119.201 - - [01/Jul/2019:03:29:14 +0000] "GET /hr/2017/04/05/akcija-klima-uredaji-snage-35-kw-vec-od-2-75000-kn/ HTTP/1.1" 301 302 "-" "Mozilla/5.0 (compatible; MJ12bot/v1.4.8; http://mj12bot.com/)"
144.76.119.201 - - [01/Jul/2019:03:29:18 +0000] "GET /hr/2017/04/05/akcija-klima-uredaji-snage-35-kw-vec-od-2-75000-kn/ HTTP/1.1" 301 300 "-" "Mozilla/5.0 (compatible; MJ12bot/v1.4.8; http://mj12bot.com/)"
144.76.119.201 - - [01/Jul/2019:03:29:20 +0000] "GET /hr/2017/04/05/akcija-klima-uredaji-snage-35-kw-vec-od-2-75000-kn HTTP/1.1" 301 301 "-" "Mozilla/5.0 (compatible; MJ12bot/v1.4.8; http://mj12bot.com/)"
144.76.119.201 - - [01/Jul/2019:03:29:22 +0000] "GET /hr/2017/04/05/akcija-klima-uredaji-snage-35-kw-vec-od-2-75000-kn HTTP/1.1" 404 1104 "-" "Mozilla/5.0 (compatible; MJ12bot/v1.4.8; http://mj12bot.com/)"
144.76.119.201 - - [01/Jul/2019:03:29:26 +0000] "GET /hr/2017/04/05/sve-o-dizalicama-topline/ HTTP/1.1" 301 276 "-" "Mozilla/5.0 (compatible; MJ12bot/v1.4.8; http://mj12bot.com/)"
144.76.119.201 - - [01/Jul/2019:03:29:28 +0000] "GET /hr/2017/04/05/sve-o-dizalicama-topline/ HTTP/1.1" 301 274 "-" "Mozilla/5.0 (compatible; MJ12bot/v1.4.8; http://mj12bot.com/)"
144.76.119.201 - - [01/Jul/2019:03:29:31 +0000] "GET /hr/2017/04/05/sve-o-dizalicama-topline HTTP/1.1" 301 275 "-" "Mozilla/5.0 (compatible; MJ12bot/v1.4.8; http://mj12bot.com/)"
144.76.119.201 - - [01/Jul/2019:03:29:33 +0000] "GET /hr/2017/04/05/sve-o-dizalicama-topline HTTP/1.1" 404 1104 "-" "Mozilla/5.0 (compatible; MJ12bot/v1.4.8; http://mj12bot.com/)"
144.76.119.201 - - [01/Jul/2019:03:29:35 +0000] "GET /hr/author/advaia/ HTTP/1.1" 301 254 "-" "Mozilla/5.0 (compatible; MJ12bot/v1.4.8; http://mj12bot.com/)"
144.76.119.201 - - [01/Jul/2019:03:29:40 +0000] "GET /hr/author/advaia/ HTTP/1.1" 301 252 "-" "Mozilla/5.0 (compatible; MJ12bot/v1.4.8; http://mj12bot.com/)"
144.76.119.201 - - [01/Jul/2019:03:29:44 +0000] "GET /hr/author/advaia HTTP/1.1" 301 253 "-" "Mozilla/5.0 (compatible; MJ12bot/v1.4.8; http://mj12bot.com/)"
144.76.119.201 - - [01/Jul/2019:03:29:51 +0000] "GET /hr/author/advaia HTTP/1.1" 404 1104 "-" "Mozilla/5.0 (compatible; MJ12bot/v1.4.8; http://mj12bot.com/)"
144.76.119.201 - - [01/Jul/2019:03:29:53 +0000] "GET /hr/author/advaia/feed/ HTTP/1.1" 301 259 "-" "Mozilla/5.0 (compatible; MJ12bot/v1.4.8; http://mj12bot.com/)"
144.76.119.201 - - [01/Jul/2019:03:29:58 +0000] "GET /hr/author/advaia/feed/ HTTP/1.1" 301 257 "-" "Mozilla/5.0 (compatible; MJ12bot/v1.4.8; http://mj12bot.com/)"
144.76.119.201 - - [01/Jul/2019:03:30:04 +0000] "GET /hr/author/advaia/feed HTTP/1.1" 301 258 "-" "Mozilla/5.0 (compatible; MJ12bot/v1.4.8; http://mj12bot.com/)"
144.76.119.201 - - [01/Jul/2019:03:30:06 +0000] "GET /hr/author/advaia/feed HTTP/1.1" 404 1104 "-" "Mozilla/5.0 (compatible; MJ12bot/v1.4.8; http://mj12bot.com/)"
144.76.119.201 - - [01/Jul/2019:03:30:08 +0000] "GET /hr/category/novosti/feed/ HTTP/1.1" 301 262 "-" "Mozilla/5.0 (compatible; MJ12bot/v1.4.8; http://mj12bot.com/)"
144.76.119.201 - - [01/Jul/2019:03:30:10 +0000] "GET /hr/category/novosti/feed/ HTTP/1.1" 301 260 "-" "Mozilla/5.0 (compatible; MJ12bot/v1.4.8; http://mj12bot.com/)"
144.76.119.201 - - [01/Jul/2019:03:30:12 +0000] "GET /hr/category/novosti/feed HTTP/1.1" 301 261 "-" "Mozilla/5.0 (compatible; MJ12bot/v1.4.8; http://mj12bot.com/)"
144.76.119.201 - - [01/Jul/2019:03:30:14 +0000] "GET /hr/category/novosti/feed HTTP/1.1" 404 1104 "-" "Mozilla/5.0 (compatible; MJ12bot/v1.4.8; http://mj12bot.com/)"
144.76.119.201 - - [01/Jul/2019:03:30:16 +0000] "GET /hr/comments/feed/ HTTP/1.1" 301 254 "-" "Mozilla/5.0 (compatible; MJ12bot/v1.4.8; http://mj12bot.com/)"
144.76.119.201 - - [01/Jul/2019:03:30:18 +0000] "GET /hr/comments/feed/ HTTP/1.1" 301 252 "-" "Mozilla/5.0 (compatible; MJ12bot/v1.4.8; http://mj12bot.com/)"
144.76.119.201 - - [01/Jul/2019:03:30:23 +0000] "GET /hr/comments/feed HTTP/1.1" 301 253 "-" "Mozilla/5.0 (compatible; MJ12bot/v1.4.8; http://mj12bot.com/)"
144.76.119.201 - - [01/Jul/2019:03:30:26 +0000] "GET /hr/comments/feed HTTP/1.1" 404 1104 "-" "Mozilla/5.0 (compatible; MJ12bot/v1.4.8; http://mj12bot.com/)"
144.76.119.201 - - [01/Jul/2019:03:30:28 +0000] "GET /hr/feed/ HTTP/1.1" 301 245 "-" "Mozilla/5.0 (compatible; MJ12bot/v1.4.8; http://mj12bot.com/)"
144.76.119.201 - - [01/Jul/2019:03:30:30 +0000] "GET /hr/feed/ HTTP/1.1" 301 243 "-" "Mozilla/5.0 (compatible; MJ12bot/v1.4.8; http://mj12bot.com/)"
144.76.119.201 - - [01/Jul/2019:03:30:36 +0000] "GET /hr/feed HTTP/1.1" 301 244 "-" "Mozilla/5.0 (compatible; MJ12bot/v1.4.8; http://mj12bot.com/)"
144.76.119.201 - - [01/Jul/2019:03:30:38 +0000] "GET /hr/feed HTTP/1.1" 404 1104 "-" "Mozilla/5.0 (compatible; MJ12bot/v1.4.8; http://mj12bot.com/)"
144.76.119.201 - - [01/Jul/2019:03:30:41 +0000] "GET /hr/galerija/ HTTP/1.1" 301 249 "-" "Mozilla/5.0 (compatible; MJ12bot/v1.4.8; http://mj12bot.com/)"
144.76.119.201 - - [01/Jul/2019:03:30:45 +0000] "GET /hr/galerija/ HTTP/1.1" 301 247 "-" "Mozilla/5.0 (compatible; MJ12bot/v1.4.8; http://mj12bot.com/)"
144.76.119.201 - - [01/Jul/2019:03:30:49 +0000] "GET /hr/galerija HTTP/1.1" 301 248 "-" "Mozilla/5.0 (compatible; MJ12bot/v1.4.8; http://mj12bot.com/)"
144.76.119.201 - - [01/Jul/2019:03:30:51 +0000] "GET /hr/galerija HTTP/1.1" 404 1104 "-" "Mozilla/5.0 (compatible; MJ12bot/v1.4.8; http://mj12bot.com/)"
144.76.119.201 - - [01/Jul/2019:03:30:55 +0000] "GET /hr/kontakt/ HTTP/1.1" 301 248 "-" "Mozilla/5.0 (compatible; MJ12bot/v1.4.8; http://mj12bot.com/)"
144.76.119.201 - - [01/Jul/2019:03:30:57 +0000] "GET /hr/kontakt/ HTTP/1.1" 301 246 "-" "Mozilla/5.0 (compatible; MJ12bot/v1.4.8; http://mj12bot.com/)"
144.76.119.201 - - [01/Jul/2019:03:30:59 +0000] "GET /hr/kontakt HTTP/1.1" 301 247 "-" "Mozilla/5.0 (compatible; MJ12bot/v1.4.8; http://mj12bot.com/)"
198.204.244.90 - - [01/Jul/2019:03:31:04 +0000] "GET /kontakt?id=28 HTTP/1.1" 301 250 "-" "Mozilla/5.0 (compatible; MJ12bot/v1.4.8; http://mj12bot.com/)"
144.76.119.201 - - [01/Jul/2019:03:31:08 +0000] "GET /hr/kontakt HTTP/1.1" 200 3746 "-" "Mozilla/5.0 (compatible; MJ12bot/v1.4.8; http://mj12bot.com/)"
144.76.119.201 - - [01/Jul/2019:03:31:10 +0000] "GET /hr/korisnik/ HTTP/1.1" 301 249 "-" "Mozilla/5.0 (compatible; MJ12bot/v1.4.8; http://mj12bot.com/)"
198.204.244.90 - - [01/Jul/2019:03:31:10 +0000] "GET /kontakt?id=28 HTTP/1.1" 200 3744 "-" "Mozilla/5.0 (compatible; MJ12bot/v1.4.8; http://mj12bot.com/)"
144.76.119.201 - - [01/Jul/2019:03:31:13 +0000] "GET /hr/korisnik/ HTTP/1.1" 301 247 "-" "Mozilla/5.0 (compatible; MJ12bot/v1.4.8; http://mj12bot.com/)"
198.204.244.90 - - [01/Jul/2019:03:31:14 +0000] "GET /kontakt?id=28 HTTP/1.1" 200 3744 "-" "Mozilla/5.0 (compatible; MJ12bot/v1.4.8; http://mj12bot.com/)"
144.76.119.201 - - [01/Jul/2019:03:31:15 +0000] "GET /hr/korisnik HTTP/1.1" 301 248 "-" "Mozilla/5.0 (compatible; MJ12bot/v1.4.8; http://mj12bot.com/)"
144.76.119.201 - - [01/Jul/2019:03:31:17 +0000] "GET /hr/korisnik HTTP/1.1" 404 1104 "-" "Mozilla/5.0 (compatible; MJ12bot/v1.4.8; http://mj12bot.com/)"
198.204.244.90 - - [01/Jul/2019:03:31:17 +0000] "GET /kontakt?id=29 HTTP/1.1" 301 250 "-" "Mozilla/5.0 (compatible; MJ12bot/v1.4.8; http://mj12bot.com/)"
198.204.244.90 - - [01/Jul/2019:03:31:21 +0000] "GET /kontakt?id=29 HTTP/1.1" 200 3742 "-" "Mozilla/5.0 (compatible; MJ12bot/v1.4.8; http://mj12bot.com/)"
144.76.119.201 - - [01/Jul/2019:03:31:22 +0000] "GET /hr/lokacija/ HTTP/1.1" 301 249 "-" "Mozilla/5.0 (compatible; MJ12bot/v1.4.8; http://mj12bot.com/)"
144.76.119.201 - - [01/Jul/2019:03:31:24 +0000] "GET /hr/lokacija/ HTTP/1.1" 301 247 "-" "Mozilla/5.0 (compatible; MJ12bot/v1.4.8; http://mj12bot.com/)"
198.204.244.90 - - [01/Jul/2019:03:31:24 +0000] "GET /kontakt?id=29 HTTP/1.1" 200 3743 "-" "Mozilla/5.0 (compatible; MJ12bot/v1.4.8; http://mj12bot.com/)"
144.76.119.201 - - [01/Jul/2019:03:31:26 +0000] "GET /hr/lokacija HTTP/1.1" 301 248 "-" "Mozilla/5.0 (compatible; MJ12bot/v1.4.8; http://mj12bot.com/)"
198.204.244.90 - - [01/Jul/2019:03:31:29 +0000] "GET /kontakt?id=3 HTTP/1.1" 301 249 "-" "Mozilla/5.0 (compatible; MJ12bot/v1.4.8; http://mj12bot.com/)"
144.76.119.201 - - [01/Jul/2019:03:31:29 +0000] "GET /hr/lokacija HTTP/1.1" 404 1104 "-" "Mozilla/5.0 (compatible; MJ12bot/v1.4.8; http://mj12bot.com/)"
144.76.119.201 - - [01/Jul/2019:03:31:33 +0000] "GET /hr/o-nama/ HTTP/1.1" 301 247 "-" "Mozilla/5.0 (compatible; MJ12bot/v1.4.8; http://mj12bot.com/)"
144.76.119.201 - - [01/Jul/2019:03:31:35 +0000] "GET /hr/o-nama/ HTTP/1.1" 301 245 "-" "Mozilla/5.0 (compatible; MJ12bot/v1.4.8; http://mj12bot.com/)"
144.76.119.201 - - [01/Jul/2019:03:31:40 +0000] "GET /hr/o-nama HTTP/1.1" 301 246 "-" "Mozilla/5.0 (compatible; MJ12bot/v1.4.8; http://mj12bot.com/)"
144.76.119.201 - - [01/Jul/2019:03:31:42 +0000] "GET /hr/o-nama HTTP/1.1" 200 3489 "-" "Mozilla/5.0 (compatible; MJ12bot/v1.4.8; http://mj12bot.com/)"
144.76.119.201 - - [01/Jul/2019:03:31:45 +0000] "GET /robots.txt HTTP/1.1" 301 247 "-" "Mozilla/5.0 (compatible; MJ12bot/v1.4.8; http://mj12bot.com/)"
198.204.244.90 - - [01/Jul/2019:03:31:45 +0000] "GET /kontakt?id=3 HTTP/1.1" 200 3744 "-" "Mozilla/5.0 (compatible; MJ12bot/v1.4.8; http://mj12bot.com/)"
144.76.119.201 - - [01/Jul/2019:03:31:51 +0000] "GET /robots.txt HTTP/1.1" 200 24 "-" "Mozilla/5.0 (compatible; MJ12bot/v1.4.8; http://mj12bot.com/)"
144.76.119.201 - - [01/Jul/2019:03:31:53 +0000] "GET /sitemap.xml HTTP/1.1" 301 248 "-" "Mozilla/5.0 (compatible; MJ12bot/v1.4.8; http://mj12bot.com/)"
198.204.244.90 - - [01/Jul/2019:03:31:53 +0000] "GET /kontakt?id=3 HTTP/1.1" 200 3743 "-" "Mozilla/5.0 (compatible; MJ12bot/v1.4.8; http://mj12bot.com/)"
144.76.119.201 - - [01/Jul/2019:03:31:56 +0000] "GET /sitemap.xml HTTP/1.1" 200 1601 "-" "Mozilla/5.0 (compatible; MJ12bot/v1.4.8; http://mj12bot.com/)"
198.204.244.90 - - [01/Jul/2019:03:31:57 +0000] "GET /kontakt?id=30 HTTP/1.1" 301 250 "-" "Mozilla/5.0 (compatible; MJ12bot/v1.4.8; http://mj12bot.com/)"
144.76.119.201 - - [01/Jul/2019:03:31:59 +0000] "GET /hr/ HTTP/1.1" 301 240 "-" "Mozilla/5.0 (compatible; MJ12bot/v1.4.8; http://mj12bot.com/)"
144.76.119.201 - - [01/Jul/2019:03:32:01 +0000] "GET /hr/ HTTP/1.1" 301 238 "-" "Mozilla/5.0 (compatible; MJ12bot/v1.4.8; http://mj12bot.com/)"
144.76.119.201 - - [01/Jul/2019:03:32:02 +0000] "GET /hr HTTP/1.1" 301 239 "-" "Mozilla/5.0 (compatible; MJ12bot/v1.4.8; http://mj12bot.com/)"
198.204.244.90 - - [01/Jul/2019:03:32:03 +0000] "GET /kontakt?id=30 HTTP/1.1" 200 3745 "-" "Mozilla/5.0 (compatible; MJ12bot/v1.4.8; http://mj12bot.com/)"
144.76.119.201 - - [01/Jul/2019:03:32:04 +0000] "GET /hr HTTP/1.1" 200 5234 "-" "Mozilla/5.0 (compatible; MJ12bot/v1.4.8; http://mj12bot.com/)"
144.76.119.201 - - [01/Jul/2019:03:32:07 +0000] "GET /hr/ HTTP/1.1" 301 238 "-" "Mozilla/5.0 (compatible; MJ12bot/v1.4.8; http://mj12bot.com/)"
198.204.244.90 - - [01/Jul/2019:03:32:08 +0000] "GET /kontakt?id=30 HTTP/1.1" 200 3746 "-" "Mozilla/5.0 (compatible; MJ12bot/v1.4.8; http://mj12bot.com/)"
144.76.119.201 - - [01/Jul/2019:03:32:10 +0000] "GET /hr HTTP/1.1" 301 239 "-" "Mozilla/5.0 (compatible; MJ12bot/v1.4.8; http://mj12bot.com/)"
198.204.244.90 - - [01/Jul/2019:03:32:11 +0000] "GET /kontakt?id=31 HTTP/1.1" 301 250 "-" "Mozilla/5.0 (compatible; MJ12bot/v1.4.8; http://mj12bot.com/)"
144.76.119.201 - - [01/Jul/2019:03:32:11 +0000] "GET /hr HTTP/1.1" 200 5234 "-" "Mozilla/5.0 (compatible; MJ12bot/v1.4.8; http://mj12bot.com/)"
144.76.119.201 - - [01/Jul/2019:03:32:15 +0000] "GET /hr/2017/03/13/vaznost-servisa-klima-uredaja/ HTTP/1.1" 301 281 "-" "Mozilla/5.0 (compatible; MJ12bot/v1.4.8; http://mj12bot.com/)"
198.204.244.90 - - [01/Jul/2019:03:32:15 +0000] "GET /kontakt?id=31 HTTP/1.1" 200 3744 "-" "Mozilla/5.0 (compatible; MJ12bot/v1.4.8; http://mj12bot.com/)"
144.76.119.201 - - [01/Jul/2019:03:32:18 +0000] "GET /hr/2017/03/13/vaznost-servisa-klima-uredaja/ HTTP/1.1" 301 279 "-" "Mozilla/5.0 (compatible; MJ12bot/v1.4.8; http://mj12bot.com/)"
198.204.244.90 - - [01/Jul/2019:03:32:20 +0000] "GET /kontakt?id=31 HTTP/1.1" 200 3743 "-" "Mozilla/5.0 (compatible; MJ12bot/v1.4.8; http://mj12bot.com/)"
144.76.119.201 - - [01/Jul/2019:03:32:22 +0000] "GET /hr/2017/03/13/vaznost-servisa-klima-uredaja HTTP/1.1" 301 280 "-" "Mozilla/5.0 (compatible; MJ12bot/v1.4.8; http://mj12bot.com/)"
198.204.244.90 - - [01/Jul/2019:03:32:27 +0000] "GET /kontakt?id=32 HTTP/1.1" 301 250 "-" "Mozilla/5.0 (compatible; MJ12bot/v1.4.8; http://mj12bot.com/)"
144.76.119.201 - - [01/Jul/2019:03:32:28 +0000] "GET /hr/2017/03/13/vaznost-servisa-klima-uredaja HTTP/1.1" 404 1104 "-" "Mozilla/5.0 (compatible; MJ12bot/v1.4.8; http://mj12bot.com/)"
144.76.119.201 - - [01/Jul/2019:03:32:30 +0000] "GET /hr/2017/03/13/vaznost-servisa-klima-uredaja/ HTTP/1.1" 301 279 "-" "Mozilla/5.0 (compatible; MJ12bot/v1.4.8; http://mj12bot.com/)"
198.204.244.90 - - [01/Jul/2019:03:32:32 +0000] "GET /kontakt?id=32 HTTP/1.1" 200 3743 "-" "Mozilla/5.0 (compatible; MJ12bot/v1.4.8; http://mj12bot.com/)"
144.76.119.201 - - [01/Jul/2019:03:32:33 +0000] "GET /hr/2017/03/13/vaznost-servisa-klima-uredaja HTTP/1.1" 301 280 "-" "Mozilla/5.0 (compatible; MJ12bot/v1.4.8; http://mj12bot.com/)"
144.76.119.201 - - [01/Jul/2019:03:32:36 +0000] "GET /hr/2017/03/13/vaznost-servisa-klima-uredaja HTTP/1.1" 404 1104 "-" "Mozilla/5.0 (compatible; MJ12bot/v1.4.8; http://mj12bot.com/)"
144.76.119.201 - - [01/Jul/2019:03:32:38 +0000] "GET /hr/2017/04/05/akcija-klima-uredaji-snage-35-kw-vec-od-2-75000-kn/ HTTP/1.1" 301 302 "-" "Mozilla/5.0 (compatible; MJ12bot/v1.4.8; http://mj12bot.com/)"
198.204.244.90 - - [01/Jul/2019:03:32:39 +0000] "GET /kontakt?id=32 HTTP/1.1" 200 3743 "-" "Mozilla/5.0 (compatible; MJ12bot/v1.4.8; http://mj12bot.com/)"
144.76.119.201 - - [01/Jul/2019:03:32:40 +0000] "GET /hr/2017/04/05/akcija-klima-uredaji-snage-35-kw-vec-od-2-75000-kn/ HTTP/1.1" 301 300 "-" "Mozilla/5.0 (compatible; MJ12bot/v1.4.8; http://mj12bot.com/)"
198.204.244.90 - - [01/Jul/2019:03:32:44 +0000] "GET /kontakt?id=33 HTTP/1.1" 301 250 "-" "Mozilla/5.0 (compatible; MJ12bot/v1.4.8; http://mj12bot.com/)"
144.76.119.201 - - [01/Jul/2019:03:32:49 +0000] "GET /hr/2017/04/05/akcija-klima-uredaji-snage-35-kw-vec-od-2-75000-kn HTTP/1.1" 301 301 "-" "Mozilla/5.0 (compatible; MJ12bot/v1.4.8; http://mj12bot.com/)"
198.204.244.90 - - [01/Jul/2019:03:32:50 +0000] "GET /kontakt?id=33 HTTP/1.1" 200 3745 "-" "Mozilla/5.0 (compatible; MJ12bot/v1.4.8; http://mj12bot.com/)"
144.76.119.201 - - [01/Jul/2019:03:32:52 +0000] "GET /hr/2017/04/05/akcija-klima-uredaji-snage-35-kw-vec-od-2-75000-kn HTTP/1.1" 404 1104 "-" "Mozilla/5.0 (compatible; MJ12bot/v1.4.8; http://mj12bot.com/)"
144.76.119.201 - - [01/Jul/2019:03:32:55 +0000] "GET /hr/2017/04/05/akcija-klima-uredaji-snage-35-kw-vec-od-2-75000-kn/ HTTP/1.1" 301 300 "-" "Mozilla/5.0 (compatible; MJ12bot/v1.4.8; http://mj12bot.com/)"
144.76.119.201 - - [01/Jul/2019:03:33:00 +0000] "GET /hr/2017/04/05/akcija-klima-uredaji-snage-35-kw-vec-od-2-75000-kn HTTP/1.1" 301 301 "-" "Mozilla/5.0 (compatible; MJ12bot/v1.4.8; http://mj12bot.com/)"
144.76.119.201 - - [01/Jul/2019:03:33:01 +0000] "GET /hr/2017/04/05/akcija-klima-uredaji-snage-35-kw-vec-od-2-75000-kn HTTP/1.1" 404 1104 "-" "Mozilla/5.0 (compatible; MJ12bot/v1.4.8; http://mj12bot.com/)"
144.76.119.201 - - [01/Jul/2019:03:33:07 +0000] "GET /hr/2017/04/05/sve-o-dizalicama-topline/ HTTP/1.1" 301 276 "-" "Mozilla/5.0 (compatible; MJ12bot/v1.4.8; http://mj12bot.com/)"
144.76.119.201 - - [01/Jul/2019:03:33:09 +0000] "GET /hr/2017/04/05/sve-o-dizalicama-topline/ HTTP/1.1" 301 274 "-" "Mozilla/5.0 (compatible; MJ12bot/v1.4.8; http://mj12bot.com/)"
144.76.119.201 - - [01/Jul/2019:03:33:11 +0000] "GET /hr/2017/04/05/sve-o-dizalicama-topline HTTP/1.1" 301 275 "-" "Mozilla/5.0 (compatible; MJ12bot/v1.4.8; http://mj12bot.com/)"
144.76.119.201 - - [01/Jul/2019:03:33:14 +0000] "GET /hr/2017/04/05/sve-o-dizalicama-topline HTTP/1.1" 404 1104 "-" "Mozilla/5.0 (compatible; MJ12bot/v1.4.8; http://mj12bot.com/)"
144.76.119.201 - - [01/Jul/2019:03:33:17 +0000] "GET /hr/2017/04/05/sve-o-dizalicama-topline/ HTTP/1.1" 301 274 "-" "Mozilla/5.0 (compatible; MJ12bot/v1.4.8; http://mj12bot.com/)"
144.76.119.201 - - [01/Jul/2019:03:33:20 +0000] "GET /hr/2017/04/05/sve-o-dizalicama-topline HTTP/1.1" 301 275 "-" "Mozilla/5.0 (compatible; MJ12bot/v1.4.8; http://mj12bot.com/)"
144.76.119.201 - - [01/Jul/2019:03:33:23 +0000] "GET /hr/2017/04/05/sve-o-dizalicama-topline HTTP/1.1" 404 1104 "-" "Mozilla/5.0 (compatible; MJ12bot/v1.4.8; http://mj12bot.com/)"
144.76.119.201 - - [01/Jul/2019:03:33:26 +0000] "GET /hr/aktualno/imamo-rjesenje-za-najekonomicnije-grijanje-lg-therma-v HTTP/1.1" 200 5232 "-" "Mozilla/5.0 (compatible; MJ12bot/v1.4.8; http://mj12bot.com/)"
144.76.119.201 - - [01/Jul/2019:03:33:29 +0000] "GET /hr/aktualno/izradite-ekonomican-sustav-grijanja-uz-drzavnu-subvenciju HTTP/1.1" 200 5096 "-" "Mozilla/5.0 (compatible; MJ12bot/v1.4.8; http://mj12bot.com/)"
144.76.119.201 - - [01/Jul/2019:03:33:31 +0000] "GET /hr/author/advaia/ HTTP/1.1" 301 254 "-" "Mozilla/5.0 (compatible; MJ12bot/v1.4.8; http://mj12bot.com/)"
144.76.119.201 - - [01/Jul/2019:03:33:33 +0000] "GET /hr/author/advaia/ HTTP/1.1" 301 252 "-" "Mozilla/5.0 (compatible; MJ12bot/v1.4.8; http://mj12bot.com/)"
144.76.119.201 - - [01/Jul/2019:03:33:35 +0000] "GET /hr/author/advaia HTTP/1.1" 301 253 "-" "Mozilla/5.0 (compatible; MJ12bot/v1.4.8; http://mj12bot.com/)"
144.76.119.201 - - [01/Jul/2019:03:33:37 +0000] "GET /hr/author/advaia HTTP/1.1" 404 1104 "-" "Mozilla/5.0 (compatible; MJ12bot/v1.4.8; http://mj12bot.com/)"
144.76.119.201 - - [01/Jul/2019:03:33:41 +0000] "GET /hr/author/advaia/ HTTP/1.1" 301 252 "-" "Mozilla/5.0 (compatible; MJ12bot/v1.4.8; http://mj12bot.com/)"
144.76.119.201 - - [01/Jul/2019:03:33:43 +0000] "GET /hr/author/advaia HTTP/1.1" 301 253 "-" "Mozilla/5.0 (compatible; MJ12bot/v1.4.8; http://mj12bot.com/)"
144.76.119.201 - - [01/Jul/2019:03:33:46 +0000] "GET /hr/author/advaia HTTP/1.1" 404 1104 "-" "Mozilla/5.0 (compatible; MJ12bot/v1.4.8; http://mj12bot.com/)"
144.76.119.201 - - [01/Jul/2019:03:33:48 +0000] "GET /hr/author/advaia/feed/ HTTP/1.1" 301 259 "-" "Mozilla/5.0 (compatible; MJ12bot/v1.4.8; http://mj12bot.com/)"
144.76.119.201 - - [01/Jul/2019:03:33:51 +0000] "GET /hr/author/advaia/feed/ HTTP/1.1" 301 257 "-" "Mozilla/5.0 (compatible; MJ12bot/v1.4.8; http://mj12bot.com/)"
144.76.119.201 - - [01/Jul/2019:03:33:54 +0000] "GET /hr/author/advaia/feed HTTP/1.1" 301 258 "-" "Mozilla/5.0 (compatible; MJ12bot/v1.4.8; http://mj12bot.com/)"
198.204.244.90 - - [01/Jul/2019:03:33:56 +0000] "GET /kontakt?id=33 HTTP/1.1" 200 3743 "-" "Mozilla/5.0 (compatible; MJ12bot/v1.4.8; http://mj12bot.com/)"
144.76.119.201 - - [01/Jul/2019:03:33:57 +0000] "GET /hr/author/advaia/feed HTTP/1.1" 404 1104 "-" "Mozilla/5.0 (compatible; MJ12bot/v1.4.8; http://mj12bot.com/)"
198.204.244.90 - - [01/Jul/2019:03:34:02 +0000] "GET /kontakt?id=34 HTTP/1.1" 301 250 "-" "Mozilla/5.0 (compatible; MJ12bot/v1.4.8; http://mj12bot.com/)"
144.76.119.201 - - [01/Jul/2019:03:34:02 +0000] "GET /hr/author/advaia/feed/ HTTP/1.1" 301 257 "-" "Mozilla/5.0 (compatible; MJ12bot/v1.4.8; http://mj12bot.com/)"
144.76.119.201 - - [01/Jul/2019:03:34:06 +0000] "GET /hr/author/advaia/feed HTTP/1.1" 301 258 "-" "Mozilla/5.0 (compatible; MJ12bot/v1.4.8; http://mj12bot.com/)"
144.76.119.201 - - [01/Jul/2019:03:34:09 +0000] "GET /hr/author/advaia/feed HTTP/1.1" 404 1104 "-" "Mozilla/5.0 (compatible; MJ12bot/v1.4.8; http://mj12bot.com/)"
144.76.119.201 - - [01/Jul/2019:03:34:14 +0000] "GET /hr/category/novosti/feed/ HTTP/1.1" 301 262 "-" "Mozilla/5.0 (compatible; MJ12bot/v1.4.8; http://mj12bot.com/)"
198.204.244.90 - - [01/Jul/2019:03:34:15 +0000] "GET /kontakt?id=34 HTTP/1.1" 200 3743 "-" "Mozilla/5.0 (compatible; MJ12bot/v1.4.8; http://mj12bot.com/)"
144.76.119.201 - - [01/Jul/2019:03:34:16 +0000] "GET /hr/category/novosti/feed/ HTTP/1.1" 301 260 "-" "Mozilla/5.0 (compatible; MJ12bot/v1.4.8; http://mj12bot.com/)"
198.204.244.90 - - [01/Jul/2019:03:34:18 +0000] "GET /kontakt?id=34 HTTP/1.1" 200 3744 "-" "Mozilla/5.0 (compatible; MJ12bot/v1.4.8; http://mj12bot.com/)"
144.76.119.201 - - [01/Jul/2019:03:34:21 +0000] "GET /hr/category/novosti/feed HTTP/1.1" 301 261 "-" "Mozilla/5.0 (compatible; MJ12bot/v1.4.8; http://mj12bot.com/)"
144.76.119.201 - - [01/Jul/2019:03:34:22 +0000] "GET /hr/category/novosti/feed HTTP/1.1" 404 1104 "-" "Mozilla/5.0 (compatible; MJ12bot/v1.4.8; http://mj12bot.com/)"
198.204.244.90 - - [01/Jul/2019:03:34:24 +0000] "GET /kontakt?id=35 HTTP/1.1" 301 250 "-" "Mozilla/5.0 (compatible; MJ12bot/v1.4.8; http://mj12bot.com/)"
144.76.119.201 - - [01/Jul/2019:03:34:26 +0000] "GET /hr/category/novosti/feed/ HTTP/1.1" 301 260 "-" "Mozilla/5.0 (compatible; MJ12bot/v1.4.8; http://mj12bot.com/)"
144.76.119.201 - - [01/Jul/2019:03:34:27 +0000] "GET /hr/category/novosti/feed HTTP/1.1" 301 261 "-" "Mozilla/5.0 (compatible; MJ12bot/v1.4.8; http://mj12bot.com/)"
198.204.244.90 - - [01/Jul/2019:03:34:28 +0000] "GET /kontakt?id=35 HTTP/1.1" 200 3746 "-" "Mozilla/5.0 (compatible; MJ12bot/v1.4.8; http://mj12bot.com/)"
144.76.119.201 - - [01/Jul/2019:03:34:29 +0000] "GET /hr/category/novosti/feed HTTP/1.1" 404 1104 "-" "Mozilla/5.0 (compatible; MJ12bot/v1.4.8; http://mj12bot.com/)"
198.204.244.90 - - [01/Jul/2019:03:34:31 +0000] "GET /kontakt?id=35 HTTP/1.1" 200 3745 "-" "Mozilla/5.0 (compatible; MJ12bot/v1.4.8; http://mj12bot.com/)"
198.204.244.90 - - [01/Jul/2019:03:34:36 +0000] "GET /kontakt?id=36 HTTP/1.1" 301 250 "-" "Mozilla/5.0 (compatible; MJ12bot/v1.4.8; http://mj12bot.com/)"
144.76.119.201 - - [01/Jul/2019:03:34:37 +0000] "GET /hr/comments/feed/ HTTP/1.1" 301 254 "-" "Mozilla/5.0 (compatible; MJ12bot/v1.4.8; http://mj12bot.com/)"
144.76.119.201 - - [01/Jul/2019:03:34:40 +0000] "GET /hr/comments/feed/ HTTP/1.1" 301 252 "-" "Mozilla/5.0 (compatible; MJ12bot/v1.4.8; http://mj12bot.com/)"
198.204.244.90 - - [01/Jul/2019:03:34:41 +0000] "GET /kontakt?id=36 HTTP/1.1" 200 3743 "-" "Mozilla/5.0 (compatible; MJ12bot/v1.4.8; http://mj12bot.com/)"
144.76.119.201 - - [01/Jul/2019:03:34:42 +0000] "GET /hr/comments/feed HTTP/1.1" 301 253 "-" "Mozilla/5.0 (compatible; MJ12bot/v1.4.8; http://mj12bot.com/)"
144.76.119.201 - - [01/Jul/2019:03:34:44 +0000] "GET /hr/comments/feed HTTP/1.1" 404 1104 "-" "Mozilla/5.0 (compatible; MJ12bot/v1.4.8; http://mj12bot.com/)"
198.204.244.90 - - [01/Jul/2019:03:34:46 +0000] "GET /kontakt?id=36 HTTP/1.1" 200 3744 "-" "Mozilla/5.0 (compatible; MJ12bot/v1.4.8; http://mj12bot.com/)"
144.76.119.201 - - [01/Jul/2019:03:34:46 +0000] "GET /hr/comments/feed/ HTTP/1.1" 301 252 "-" "Mozilla/5.0 (compatible; MJ12bot/v1.4.8; http://mj12bot.com/)"
144.76.119.201 - - [01/Jul/2019:03:34:48 +0000] "GET /hr/comments/feed HTTP/1.1" 301 253 "-" "Mozilla/5.0 (compatible; MJ12bot/v1.4.8; http://mj12bot.com/)"
144.76.119.201 - - [01/Jul/2019:03:34:49 +0000] "GET /hr/comments/feed HTTP/1.1" 404 1104 "-" "Mozilla/5.0 (compatible; MJ12bot/v1.4.8; http://mj12bot.com/)"
198.204.244.90 - - [01/Jul/2019:03:34:50 +0000] "GET /kontakt?id=37 HTTP/1.1" 301 250 "-" "Mozilla/5.0 (compatible; MJ12bot/v1.4.8; http://mj12bot.com/)"
144.76.119.201 - - [01/Jul/2019:03:34:52 +0000] "GET /hr/feed/ HTTP/1.1" 301 245 "-" "Mozilla/5.0 (compatible; MJ12bot/v1.4.8; http://mj12bot.com/)"
144.76.119.201 - - [01/Jul/2019:03:34:54 +0000] "GET /hr/feed/ HTTP/1.1" 301 243 "-" "Mozilla/5.0 (compatible; MJ12bot/v1.4.8; http://mj12bot.com/)"
144.76.119.201 - - [01/Jul/2019:03:34:56 +0000] "GET /hr/feed HTTP/1.1" 301 244 "-" "Mozilla/5.0 (compatible; MJ12bot/v1.4.8; http://mj12bot.com/)"
198.204.244.90 - - [01/Jul/2019:03:34:57 +0000] "GET /kontakt?id=37 HTTP/1.1" 200 3745 "-" "Mozilla/5.0 (compatible; MJ12bot/v1.4.8; http://mj12bot.com/)"
144.76.119.201 - - [01/Jul/2019:03:35:00 +0000] "GET /hr/feed HTTP/1.1" 404 1104 "-" "Mozilla/5.0 (compatible; MJ12bot/v1.4.8; http://mj12bot.com/)"
198.204.244.90 - - [01/Jul/2019:03:35:01 +0000] "GET /kontakt?id=37 HTTP/1.1" 200 3744 "-" "Mozilla/5.0 (compatible; MJ12bot/v1.4.8; http://mj12bot.com/)"
144.76.119.201 - - [01/Jul/2019:03:35:02 +0000] "GET /hr/feed/ HTTP/1.1" 301 243 "-" "Mozilla/5.0 (compatible; MJ12bot/v1.4.8; http://mj12bot.com/)"
144.76.119.201 - - [01/Jul/2019:03:35:04 +0000] "GET /hr/feed HTTP/1.1" 301 244 "-" "Mozilla/5.0 (compatible; MJ12bot/v1.4.8; http://mj12bot.com/)"
144.76.119.201 - - [01/Jul/2019:03:35:07 +0000] "GET /hr/feed HTTP/1.1" 404 1104 "-" "Mozilla/5.0 (compatible; MJ12bot/v1.4.8; http://mj12bot.com/)"
198.204.244.90 - - [01/Jul/2019:03:35:07 +0000] "GET /kontakt?id=38 HTTP/1.1" 301 250 "-" "Mozilla/5.0 (compatible; MJ12bot/v1.4.8; http://mj12bot.com/)"
144.76.119.201 - - [01/Jul/2019:03:35:09 +0000] "GET /hr/galerija/ HTTP/1.1" 301 249 "-" "Mozilla/5.0 (compatible; MJ12bot/v1.4.8; http://mj12bot.com/)"
144.76.119.201 - - [01/Jul/2019:03:35:11 +0000] "GET /hr/galerija/ HTTP/1.1" 301 247 "-" "Mozilla/5.0 (compatible; MJ12bot/v1.4.8; http://mj12bot.com/)"
144.76.119.201 - - [01/Jul/2019:03:35:13 +0000] "GET /hr/galerija HTTP/1.1" 301 248 "-" "Mozilla/5.0 (compatible; MJ12bot/v1.4.8; http://mj12bot.com/)"
198.204.244.90 - - [01/Jul/2019:03:35:14 +0000] "GET /kontakt?id=38 HTTP/1.1" 200 3745 "-" "Mozilla/5.0 (compatible; MJ12bot/v1.4.8; http://mj12bot.com/)"
144.76.119.201 - - [01/Jul/2019:03:35:15 +0000] "GET /hr/galerija HTTP/1.1" 404 1104 "-" "Mozilla/5.0 (compatible; MJ12bot/v1.4.8; http://mj12bot.com/)"
144.76.119.201 - - [01/Jul/2019:03:35:17 +0000] "GET /hr/galerija/ HTTP/1.1" 301 247 "-" "Mozilla/5.0 (compatible; MJ12bot/v1.4.8; http://mj12bot.com/)"
198.204.244.90 - - [01/Jul/2019:03:35:19 +0000] "GET /kontakt?id=38 HTTP/1.1" 200 3742 "-" "Mozilla/5.0 (compatible; MJ12bot/v1.4.8; http://mj12bot.com/)"
144.76.119.201 - - [01/Jul/2019:03:35:20 +0000] "GET /hr/galerija HTTP/1.1" 301 248 "-" "Mozilla/5.0 (compatible; MJ12bot/v1.4.8; http://mj12bot.com/)"
144.76.119.201 - - [01/Jul/2019:03:35:24 +0000] "GET /hr/galerija HTTP/1.1" 404 1104 "-" "Mozilla/5.0 (compatible; MJ12bot/v1.4.8; http://mj12bot.com/)"
198.204.244.90 - - [01/Jul/2019:03:35:25 +0000] "GET /kontakt?id=39 HTTP/1.1" 301 250 "-" "Mozilla/5.0 (compatible; MJ12bot/v1.4.8; http://mj12bot.com/)"
144.76.119.201 - - [01/Jul/2019:03:35:32 +0000] "GET /hr/kontakt/ HTTP/1.1" 301 248 "-" "Mozilla/5.0 (compatible; MJ12bot/v1.4.8; http://mj12bot.com/)"
198.204.244.90 - - [01/Jul/2019:03:35:34 +0000] "GET /kontakt?id=39 HTTP/1.1" 200 3746 "-" "Mozilla/5.0 (compatible; MJ12bot/v1.4.8; http://mj12bot.com/)"
144.76.119.201 - - [01/Jul/2019:03:35:38 +0000] "GET /hr/kontakt/ HTTP/1.1" 301 246 "-" "Mozilla/5.0 (compatible; MJ12bot/v1.4.8; http://mj12bot.com/)"
144.76.119.201 - - [01/Jul/2019:03:35:40 +0000] "GET /hr/kontakt HTTP/1.1" 301 247 "-" "Mozilla/5.0 (compatible; MJ12bot/v1.4.8; http://mj12bot.com/)"
198.204.244.90 - - [01/Jul/2019:03:35:40 +0000] "GET /kontakt?id=39 HTTP/1.1" 200 3744 "-" "Mozilla/5.0 (compatible; MJ12bot/v1.4.8; http://mj12bot.com/)"
144.76.119.201 - - [01/Jul/2019:03:35:42 +0000] "GET /hr/kontakt HTTP/1.1" 200 3746 "-" "Mozilla/5.0 (compatible; MJ12bot/v1.4.8; http://mj12bot.com/)"
144.76.119.201 - - [01/Jul/2019:03:35:46 +0000] "GET /hr/kontakt/ HTTP/1.1" 301 246 "-" "Mozilla/5.0 (compatible; MJ12bot/v1.4.8; http://mj12bot.com/)"
198.204.244.90 - - [01/Jul/2019:03:35:46 +0000] "GET /kontakt?id=4 HTTP/1.1" 301 249 "-" "Mozilla/5.0 (compatible; MJ12bot/v1.4.8; http://mj12bot.com/)"
144.76.119.201 - - [01/Jul/2019:03:35:48 +0000] "GET /hr/kontakt HTTP/1.1" 301 247 "-" "Mozilla/5.0 (compatible; MJ12bot/v1.4.8; http://mj12bot.com/)"
144.76.119.201 - - [01/Jul/2019:03:35:50 +0000] "GET /hr/kontakt HTTP/1.1" 200 3747 "-" "Mozilla/5.0 (compatible; MJ12bot/v1.4.8; http://mj12bot.com/)"
144.76.119.201 - - [01/Jul/2019:03:35:52 +0000] "GET /hr/kontakt?id=102 HTTP/1.1" 301 254 "-" "Mozilla/5.0 (compatible; MJ12bot/v1.4.8; http://mj12bot.com/)"
144.76.119.201 - - [01/Jul/2019:03:35:56 +0000] "GET /hr/kontakt?id=102 HTTP/1.1" 200 3747 "-" "Mozilla/5.0 (compatible; MJ12bot/v1.4.8; http://mj12bot.com/)"
144.76.119.201 - - [01/Jul/2019:03:35:58 +0000] "GET /hr/kontakt?id=102 HTTP/1.1" 200 3746 "-" "Mozilla/5.0 (compatible; MJ12bot/v1.4.8; http://mj12bot.com/)"
144.76.119.201 - - [01/Jul/2019:03:36:01 +0000] "GET /hr/kontakt?id=103 HTTP/1.1" 301 254 "-" "Mozilla/5.0 (compatible; MJ12bot/v1.4.8; http://mj12bot.com/)"
144.76.119.201 - - [01/Jul/2019:03:36:07 +0000] "GET /hr/kontakt?id=103 HTTP/1.1" 200 3745 "-" "Mozilla/5.0 (compatible; MJ12bot/v1.4.8; http://mj12bot.com/)"
144.76.119.201 - - [01/Jul/2019:03:36:12 +0000] "GET /hr/kontakt?id=103 HTTP/1.1" 200 3745 "-" "Mozilla/5.0 (compatible; MJ12bot/v1.4.8; http://mj12bot.com/)"
144.76.119.201 - - [01/Jul/2019:03:36:15 +0000] "GET /hr/kontakt?id=104 HTTP/1.1" 301 254 "-" "Mozilla/5.0 (compatible; MJ12bot/v1.4.8; http://mj12bot.com/)"
144.76.119.201 - - [01/Jul/2019:03:36:18 +0000] "GET /hr/kontakt?id=104 HTTP/1.1" 200 3746 "-" "Mozilla/5.0 (compatible; MJ12bot/v1.4.8; http://mj12bot.com/)"
144.76.119.201 - - [01/Jul/2019:03:36:21 +0000] "GET /hr/kontakt?id=104 HTTP/1.1" 200 3746 "-" "Mozilla/5.0 (compatible; MJ12bot/v1.4.8; http://mj12bot.com/)"
144.76.119.201 - - [01/Jul/2019:03:36:25 +0000] "GET /hr/kontakt?id=106 HTTP/1.1" 301 254 "-" "Mozilla/5.0 (compatible; MJ12bot/v1.4.8; http://mj12bot.com/)"
144.76.119.201 - - [01/Jul/2019:03:36:29 +0000] "GET /hr/kontakt?id=106 HTTP/1.1" 200 3748 "-" "Mozilla/5.0 (compatible; MJ12bot/v1.4.8; http://mj12bot.com/)"
144.76.119.201 - - [01/Jul/2019:03:36:30 +0000] "GET /hr/kontakt?id=106 HTTP/1.1" 200 3749 "-" "Mozilla/5.0 (compatible; MJ12bot/v1.4.8; http://mj12bot.com/)"
144.76.119.201 - - [01/Jul/2019:03:36:33 +0000] "GET /hr/kontakt?id=107 HTTP/1.1" 301 254 "-" "Mozilla/5.0 (compatible; MJ12bot/v1.4.8; http://mj12bot.com/)"
144.76.119.201 - - [01/Jul/2019:03:36:35 +0000] "GET /hr/kontakt?id=107 HTTP/1.1" 200 3748 "-" "Mozilla/5.0 (compatible; MJ12bot/v1.4.8; http://mj12bot.com/)"
198.204.244.90 - - [01/Jul/2019:03:36:38 +0000] "GET /kontakt?id=4 HTTP/1.1" 200 3744 "-" "Mozilla/5.0 (compatible; MJ12bot/v1.4.8; http://mj12bot.com/)"
144.76.119.201 - - [01/Jul/2019:03:36:38 +0000] "GET /hr/kontakt?id=107 HTTP/1.1" 200 3746 "-" "Mozilla/5.0 (compatible; MJ12bot/v1.4.8; http://mj12bot.com/)"
144.76.119.201 - - [01/Jul/2019:03:36:42 +0000] "GET /hr/kontakt?id=108 HTTP/1.1" 301 254 "-" "Mozilla/5.0 (compatible; MJ12bot/v1.4.8; http://mj12bot.com/)"
198.204.244.90 - - [01/Jul/2019:03:36:43 +0000] "GET /kontakt?id=4 HTTP/1.1" 200 3742 "-" "Mozilla/5.0 (compatible; MJ12bot/v1.4.8; http://mj12bot.com/)"
144.76.119.201 - - [01/Jul/2019:03:36:44 +0000] "GET /hr/kontakt?id=108 HTTP/1.1" 200 3745 "-" "Mozilla/5.0 (compatible; MJ12bot/v1.4.8; http://mj12bot.com/)"
144.76.119.201 - - [01/Jul/2019:03:36:45 +0000] "GET /hr/kontakt?id=108 HTTP/1.1" 200 3745 "-" "Mozilla/5.0 (compatible; MJ12bot/v1.4.8; http://mj12bot.com/)"
144.76.119.201 - - [01/Jul/2019:03:36:48 +0000] "GET /hr/kontakt?id=109 HTTP/1.1" 301 254 "-" "Mozilla/5.0 (compatible; MJ12bot/v1.4.8; http://mj12bot.com/)"
198.204.244.90 - - [01/Jul/2019:03:36:48 +0000] "GET /kontakt?id=40 HTTP/1.1" 301 250 "-" "Mozilla/5.0 (compatible; MJ12bot/v1.4.8; http://mj12bot.com/)"
144.76.119.201 - - [01/Jul/2019:03:36:50 +0000] "GET /hr/kontakt?id=109 HTTP/1.1" 200 3748 "-" "Mozilla/5.0 (compatible; MJ12bot/v1.4.8; http://mj12bot.com/)"
198.204.244.90 - - [01/Jul/2019:03:36:52 +0000] "GET /kontakt?id=40 HTTP/1.1" 200 3744 "-" "Mozilla/5.0 (compatible; MJ12bot/v1.4.8; http://mj12bot.com/)"
144.76.119.201 - - [01/Jul/2019:03:36:52 +0000] "GET /hr/kontakt?id=109 HTTP/1.1" 200 3746 "-" "Mozilla/5.0 (compatible; MJ12bot/v1.4.8; http://mj12bot.com/)"
144.76.119.201 - - [01/Jul/2019:03:36:55 +0000] "GET /hr/kontakt?id=11 HTTP/1.1" 200 3747 "-" "Mozilla/5.0 (compatible; MJ12bot/v1.4.8; http://mj12bot.com/)"
198.204.244.90 - - [01/Jul/2019:03:36:56 +0000] "GET /kontakt?id=40 HTTP/1.1" 200 3744 "-" "Mozilla/5.0 (compatible; MJ12bot/v1.4.8; http://mj12bot.com/)"
144.76.119.201 - - [01/Jul/2019:03:36:57 +0000] "GET /hr/kontakt?id=110 HTTP/1.1" 301 254 "-" "Mozilla/5.0 (compatible; MJ12bot/v1.4.8; http://mj12bot.com/)"
144.76.119.201 - - [01/Jul/2019:03:36:59 +0000] "GET /hr/kontakt?id=110 HTTP/1.1" 200 3746 "-" "Mozilla/5.0 (compatible; MJ12bot/v1.4.8; http://mj12bot.com/)"
198.204.244.90 - - [01/Jul/2019:03:37:00 +0000] "GET /kontakt?id=41 HTTP/1.1" 301 250 "-" "Mozilla/5.0 (compatible; MJ12bot/v1.4.8; http://mj12bot.com/)"
144.76.119.201 - - [01/Jul/2019:03:37:02 +0000] "GET /hr/kontakt?id=110 HTTP/1.1" 200 3748 "-" "Mozilla/5.0 (compatible; MJ12bot/v1.4.8; http://mj12bot.com/)"
198.204.244.90 - - [01/Jul/2019:03:37:05 +0000] "GET /kontakt?id=41 HTTP/1.1" 200 3744 "-" "Mozilla/5.0 (compatible; MJ12bot/v1.4.8; http://mj12bot.com/)"
144.76.119.201 - - [01/Jul/2019:03:37:07 +0000] "GET /hr/kontakt?id=111 HTTP/1.1" 301 254 "-" "Mozilla/5.0 (compatible; MJ12bot/v1.4.8; http://mj12bot.com/)"
144.76.119.201 - - [01/Jul/2019:03:37:09 +0000] "GET /hr/kontakt?id=111 HTTP/1.1" 200 3748 "-" "Mozilla/5.0 (compatible; MJ12bot/v1.4.8; http://mj12bot.com/)"
144.76.119.201 - - [01/Jul/2019:03:37:10 +0000] "GET /hr/kontakt?id=111 HTTP/1.1" 200 3749 "-" "Mozilla/5.0 (compatible; MJ12bot/v1.4.8; http://mj12bot.com/)"
198.204.244.90 - - [01/Jul/2019:03:37:12 +0000] "GET /kontakt?id=41 HTTP/1.1" 200 3746 "-" "Mozilla/5.0 (compatible; MJ12bot/v1.4.8; http://mj12bot.com/)"
144.76.119.201 - - [01/Jul/2019:03:37:13 +0000] "GET /hr/kontakt?id=112 HTTP/1.1" 301 254 "-" "Mozilla/5.0 (compatible; MJ12bot/v1.4.8; http://mj12bot.com/)"
144.76.119.201 - - [01/Jul/2019:03:37:15 +0000] "GET /hr/kontakt?id=112 HTTP/1.1" 200 3748 "-" "Mozilla/5.0 (compatible; MJ12bot/v1.4.8; http://mj12bot.com/)"
198.204.244.90 - - [01/Jul/2019:03:37:16 +0000] "GET /kontakt?id=42 HTTP/1.1" 301 250 "-" "Mozilla/5.0 (compatible; MJ12bot/v1.4.8; http://mj12bot.com/)"
144.76.119.201 - - [01/Jul/2019:03:37:17 +0000] "GET /hr/kontakt?id=112 HTTP/1.1" 200 3746 "-" "Mozilla/5.0 (compatible; MJ12bot/v1.4.8; http://mj12bot.com/)"
144.76.119.201 - - [01/Jul/2019:03:37:20 +0000] "GET /hr/kontakt?id=113 HTTP/1.1" 301 254 "-" "Mozilla/5.0 (compatible; MJ12bot/v1.4.8; http://mj12bot.com/)"
198.204.244.90 - - [01/Jul/2019:03:37:20 +0000] "GET /kontakt?id=42 HTTP/1.1" 200 3744 "-" "Mozilla/5.0 (compatible; MJ12bot/v1.4.8; http://mj12bot.com/)"
144.76.119.201 - - [01/Jul/2019:03:37:22 +0000] "GET /hr/kontakt?id=113 HTTP/1.1" 200 3748 "-" "Mozilla/5.0 (compatible; MJ12bot/v1.4.8; http://mj12bot.com/)"
198.204.244.90 - - [01/Jul/2019:03:37:23 +0000] "GET /kontakt?id=42 HTTP/1.1" 200 3743 "-" "Mozilla/5.0 (compatible; MJ12bot/v1.4.8; http://mj12bot.com/)"
144.76.119.201 - - [01/Jul/2019:03:37:24 +0000] "GET /hr/kontakt?id=113 HTTP/1.1" 200 3748 "-" "Mozilla/5.0 (compatible; MJ12bot/v1.4.8; http://mj12bot.com/)"
198.204.244.90 - - [01/Jul/2019:03:37:26 +0000] "GET /kontakt?id=43 HTTP/1.1" 301 250 "-" "Mozilla/5.0 (compatible; MJ12bot/v1.4.8; http://mj12bot.com/)"
144.76.119.201 - - [01/Jul/2019:03:37:27 +0000] "GET /hr/kontakt?id=12 HTTP/1.1" 200 3747 "-" "Mozilla/5.0 (compatible; MJ12bot/v1.4.8; http://mj12bot.com/)"
144.76.119.201 - - [01/Jul/2019:03:37:29 +0000] "GET /hr/kontakt?id=13 HTTP/1.1" 200 3744 "-" "Mozilla/5.0 (compatible; MJ12bot/v1.4.8; http://mj12bot.com/)"
198.204.244.90 - - [01/Jul/2019:03:37:30 +0000] "GET /kontakt?id=43 HTTP/1.1" 200 3744 "-" "Mozilla/5.0 (compatible; MJ12bot/v1.4.8; http://mj12bot.com/)"
144.76.119.201 - - [01/Jul/2019:03:37:31 +0000] "GET /hr/kontakt?id=14 HTTP/1.1" 200 3749 "-" "Mozilla/5.0 (compatible; MJ12bot/v1.4.8; http://mj12bot.com/)"
144.76.119.201 - - [01/Jul/2019:03:37:32 +0000] "GET /hr/kontakt?id=15 HTTP/1.1" 301 253 "-" "Mozilla/5.0 (compatible; MJ12bot/v1.4.8; http://mj12bot.com/)"
198.204.244.90 - - [01/Jul/2019:03:37:33 +0000] "GET /kontakt?id=43 HTTP/1.1" 200 3743 "-" "Mozilla/5.0 (compatible; MJ12bot/v1.4.8; http://mj12bot.com/)"
