144.76.119.201 - - [01/Jul/2019:03:37:35 +0000] "GET /hr/kontakt?id=15 HTTP/1.1" 200 3747 "-" "Mozilla/5.0 (compatible; MJ12bot/v1.4.8; http://mj12bot.com/)"
198.204.244.90 - - [01/Jul/2019:03:37:36 +0000] "GET /kontakt?id=44 HTTP/1.1" 301 250 "-" "Mozilla/5.0 (compatible; MJ12bot/v1.4.8; http://mj12bot.com/)"
144.76.119.201 - - [01/Jul/2019:03:37:38 +0000] "GET /hr/kontakt?id=15 HTTP/1.1" 200 3749 "-" "Mozilla/5.0 (compatible; MJ12bot/v1.4.8; http://mj12bot.com/)"
198.204.244.90 - - [01/Jul/2019:03:37:39 +0000] "GET /kontakt?id=44 HTTP/1.1" 200 3744 "-" "Mozilla/5.0 (compatible; MJ12bot/v1.4.8; http://mj12bot.com/)"
144.76.119.201 - - [01/Jul/2019:03:37:41 +0000] "GET /hr/kontakt?id=16 HTTP/1.1" 301 253 "-" "Mozilla/5.0 (compatible; MJ12bot/v1.4.8; http://mj12bot.com/)"
144.76.119.201 - - [01/Jul/2019:03:37:43 +0000] "GET /hr/kontakt?id=16 HTTP/1.1" 200 3747 "-" "Mozilla/5.0 (compatible; MJ12bot/v1.4.8; http://mj12bot.com/)"
144.76.119.201 - - [01/Jul/2019:03:37:46 +0000] "GET /hr/kontakt?id=16 HTTP/1.1" 200 3747 "-" "Mozilla/5.0 (compatible; MJ12bot/v1.4.8; http://mj12bot.com/)"
198.204.244.90 - - [01/Jul/2019:03:37:47 +0000] "GET /kontakt?id=44 HTTP/1.1" 200 3745 "-" "Mozilla/5.0 (compatible; MJ12bot/v1.4.8; http://mj12bot.com/)"
144.76.119.201 - - [01/Jul/2019:03:37:49 +0000] "GET /hr/kontakt?id=17 HTTP/1.1" 301 253 "-" "Mozilla/5.0 (compatible; MJ12bot/v1.4.8; http://mj12bot.com/)"
144.76.119.201 - - [01/Jul/2019:03:37:51 +0000] "GET /hr/kontakt?id=17 HTTP/1.1" 200 3747 "-" "Mozilla/5.0 (compatible; MJ12bot/v1.4.8; http://mj12bot.com/)"
144.76.119.201 - - [01/Jul/2019:03:37:53 +0000] "GET /hr/kontakt?id=17 HTTP/1.1" 200 3745 "-" "Mozilla/5.0 (compatible; MJ12bot/v1.4.8; http://mj12bot.com/)"
198.204.244.90 - - [01/Jul/2019:03:37:55 +0000] "GET /kontakt?id=45 HTTP/1.1" 301 250 "-" "Mozilla/5.0 (compatible; MJ12bot/v1.4.8; http://mj12bot.com/)"
144.76.119.201 - - [01/Jul/2019:03:37:55 +0000] "GET /hr/kontakt?id=18 HTTP/1.1" 301 253 "-" "Mozilla/5.0 (compatible; MJ12bot/v1.4.8; http://mj12bot.com/)"
198.204.244.90 - - [01/Jul/2019:03:37:57 +0000] "GET /kontakt?id=45 HTTP/1.1" 200 3745 "-" "Mozilla/5.0 (compatible; MJ12bot/v1.4.8; http://mj12bot.com/)"
144.76.119.201 - - [01/Jul/2019:03:37:59 +0000] "GET /hr/kontakt?id=18 HTTP/1.1" 200 3747 "-" "Mozilla/5.0 (compatible; MJ12bot/v1.4.8; http://mj12bot.com/)"
198.204.244.90 - - [01/Jul/2019:03:38:01 +0000] "GET /kontakt?id=45 HTTP/1.1" 200 3744 "-" "Mozilla/5.0 (compatible; MJ12bot/v1.4.8; http://mj12bot.com/)"
144.76.119.201 - - [01/Jul/2019:03:38:02 +0000] "GET /hr/kontakt?id=18 HTTP/1.1" 200 3746 "-" "Mozilla/5.0 (compatible; MJ12bot/v1.4.8; http://mj12bot.com/)"
198.204.244.90 - - [01/Jul/2019:03:38:03 +0000] "GET /kontakt?id=46 HTTP/1.1" 301 250 "-" "Mozilla/5.0 (compatible; MJ12bot/v1.4.8; http://mj12bot.com/)"
198.204.244.90 - - [01/Jul/2019:03:38:06 +0000] "GET /kontakt?id=46 HTTP/1.1" 200 3743 "-" "Mozilla/5.0 (compatible; MJ12bot/v1.4.8; http://mj12bot.com/)"
144.76.119.201 - - [01/Jul/2019:03:38:08 +0000] "GET /hr/kontakt?id=19 HTTP/1.1" 301 253 "-" "Mozilla/5.0 (compatible; MJ12bot/v1.4.8; http://mj12bot.com/)"
198.204.244.90 - - [01/Jul/2019:03:38:08 +0000] "GET /kontakt?id=46 HTTP/1.1" 200 3743 "-" "Mozilla/5.0 (compatible; MJ12bot/v1.4.8; http://mj12bot.com/)"
144.76.119.201 - - [01/Jul/2019:03:38:11 +0000] "GET /hr/kontakt?id=19 HTTP/1.1" 200 3744 "-" "Mozilla/5.0 (compatible; MJ12bot/v1.4.8; http://mj12bot.com/)"
198.204.244.90 - - [01/Jul/2019:03:38:11 +0000] "GET /kontakt?id=47 HTTP/1.1" 301 250 "-" "Mozilla/5.0 (compatible; MJ12bot/v1.4.8; http://mj12bot.com/)"
144.76.119.201 - - [01/Jul/2019:03:38:13 +0000] "GET /hr/kontakt?id=19 HTTP/1.1" 200 3749 "-" "Mozilla/5.0 (compatible; MJ12bot/v1.4.8; http://mj12bot.com/)"
198.204.244.90 - - [01/Jul/2019:03:38:14 +0000] "GET /kontakt?id=47 HTTP/1.1" 200 3744 "-" "Mozilla/5.0 (compatible; MJ12bot/v1.4.8; http://mj12bot.com/)"
144.76.119.201 - - [01/Jul/2019:03:38:16 +0000] "GET /hr/kontakt?id=2 HTTP/1.1" 301 252 "-" "Mozilla/5.0 (compatible; MJ12bot/v1.4.8; http://mj12bot.com/)"
144.76.119.201 - - [01/Jul/2019:03:38:19 +0000] "GET /hr/kontakt?id=2 HTTP/1.1" 200 3748 "-" "Mozilla/5.0 (compatible; MJ12bot/v1.4.8; http://mj12bot.com/)"
144.76.119.201 - - [01/Jul/2019:03:38:21 +0000] "GET /hr/kontakt?id=2 HTTP/1.1" 200 3747 "-" "Mozilla/5.0 (compatible; MJ12bot/v1.4.8; http://mj12bot.com/)"
144.76.119.201 - - [01/Jul/2019:03:38:33 +0000] "GET /hr/kontakt?id=20 HTTP/1.1" 301 253 "-" "Mozilla/5.0 (compatible; MJ12bot/v1.4.8; http://mj12bot.com/)"
144.76.119.201 - - [01/Jul/2019:03:38:40 +0000] "GET /hr/kontakt?id=20 HTTP/1.1" 200 3746 "-" "Mozilla/5.0 (compatible; MJ12bot/v1.4.8; http://mj12bot.com/)"
144.76.119.201 - - [01/Jul/2019:03:38:45 +0000] "GET /hr/kontakt?id=20 HTTP/1.1" 200 3749 "-" "Mozilla/5.0 (compatible; MJ12bot/v1.4.8; http://mj12bot.com/)"
144.76.119.201 - - [01/Jul/2019:03:38:50 +0000] "GET /hr/kontakt?id=21 HTTP/1.1" 200 3745 "-" "Mozilla/5.0 (compatible; MJ12bot/v1.4.8; http://mj12bot.com/)"
144.76.119.201 - - [01/Jul/2019:03:38:53 +0000] "GET /hr/kontakt?id=22 HTTP/1.1" 200 3747 "-" "Mozilla/5.0 (compatible; MJ12bot/v1.4.8; http://mj12bot.com/)"
144.76.119.201 - - [01/Jul/2019:03:38:55 +0000] "GET /hr/kontakt?id=23 HTTP/1.1" 200 3744 "-" "Mozilla/5.0 (compatible; MJ12bot/v1.4.8; http://mj12bot.com/)"
144.76.119.201 - - [01/Jul/2019:03:38:57 +0000] "GET /hr/kontakt?id=24 HTTP/1.1" 200 3745 "-" "Mozilla/5.0 (compatible; MJ12bot/v1.4.8; http://mj12bot.com/)"
144.76.119.201 - - [01/Jul/2019:03:39:01 +0000] "GET /hr/kontakt?id=25 HTTP/1.1" 200 3745 "-" "Mozilla/5.0 (compatible; MJ12bot/v1.4.8; http://mj12bot.com/)"
198.204.244.90 - - [01/Jul/2019:03:39:15 +0000] "GET /kontakt?id=47 HTTP/1.1" 200 3745 "-" "Mozilla/5.0 (compatible; MJ12bot/v1.4.8; http://mj12bot.com/)"
144.76.119.201 - - [01/Jul/2019:03:39:15 +0000] "GET /hr/kontakt?id=26 HTTP/1.1" 200 3747 "-" "Mozilla/5.0 (compatible; MJ12bot/v1.4.8; http://mj12bot.com/)"
144.76.119.201 - - [01/Jul/2019:03:39:17 +0000] "GET /hr/kontakt?id=27 HTTP/1.1" 200 3748 "-" "Mozilla/5.0 (compatible; MJ12bot/v1.4.8; http://mj12bot.com/)"
5.9.77.102 - - [01/Jul/2019:03:39:20 +0000] "GET /robots.txt HTTP/1.1" 200 24 "-" "Mozilla/5.0 (compatible; MJ12bot/v1.4.8; http://mj12bot.com/)"
5.9.77.102 - - [01/Jul/2019:03:39:21 +0000] "GET /ponuda-klima-uredjaja-zadar/sinclair-focus-plus-serija-ash-09bif2 HTTP/1.1" 200 26769 "-" "Mozilla/5.0 (compatible; MJ12bot/v1.4.8; http://mj12bot.com/)"
144.76.119.201 - - [01/Jul/2019:03:39:22 +0000] "GET /hr/kontakt?id=28 HTTP/1.1" 200 3748 "-" "Mozilla/5.0 (compatible; MJ12bot/v1.4.8; http://mj12bot.com/)"
5.9.77.102 - - [01/Jul/2019:03:39:23 +0000] "GET /ponuda-klima-uredjaja-zadar/sinclair-focus-plus-serija-ash-13bif2 HTTP/1.1" 200 5579 "-" "Mozilla/5.0 (compatible; MJ12bot/v1.4.8; http://mj12bot.com/)"
198.204.244.90 - - [01/Jul/2019:03:39:24 +0000] "GET /kontakt?id=48 HTTP/1.1" 301 250 "-" "Mozilla/5.0 (compatible; MJ12bot/v1.4.8; http://mj12bot.com/)"
144.76.119.201 - - [01/Jul/2019:03:39:24 +0000] "GET /hr/kontakt?id=29 HTTP/1.1" 200 3746 "-" "Mozilla/5.0 (compatible; MJ12bot/v1.4.8; http://mj12bot.com/)"
5.9.77.102 - - [01/Jul/2019:03:39:24 +0000] "GET /ponuda-klima-uredjaja-zadar/sinclair-rocky-serija-ash-12air3 HTTP/1.1" 200 5424 "-" "Mozilla/5.0 (compatible; MJ12bot/v1.4.8; http://mj12bot.com/)"
5.9.77.102 - - [01/Jul/2019:03:39:26 +0000] "GET /ponuda-klima-uredjaja-zadar/sinclair-vision-serija-ash-09biv HTTP/1.1" 200 5562 "-" "Mozilla/5.0 (compatible; MJ12bot/v1.4.8; http://mj12bot.com/)"
144.76.119.201 - - [01/Jul/2019:03:39:26 +0000] "GET /hr/kontakt?id=3 HTTP/1.1" 301 252 "-" "Mozilla/5.0 (compatible; MJ12bot/v1.4.8; http://mj12bot.com/)"
5.9.77.102 - - [01/Jul/2019:03:39:28 +0000] "GET /ponuda-klima-uredjaja-zadar/sinclair-vision-serija-ash-12biv HTTP/1.1" 200 5575 "-" "Mozilla/5.0 (compatible; MJ12bot/v1.4.8; http://mj12bot.com/)"
144.76.119.201 - - [01/Jul/2019:03:39:29 +0000] "GET /hr/kontakt?id=3 HTTP/1.1" 200 3742 "-" "Mozilla/5.0 (compatible; MJ12bot/v1.4.8; http://mj12bot.com/)"
144.76.119.201 - - [01/Jul/2019:03:39:32 +0000] "GET /hr/kontakt?id=3 HTTP/1.1" 200 3745 "-" "Mozilla/5.0 (compatible; MJ12bot/v1.4.8; http://mj12bot.com/)"
144.76.119.201 - - [01/Jul/2019:03:39:35 +0000] "GET /hr/kontakt?id=30 HTTP/1.1" 200 3745 "-" "Mozilla/5.0 (compatible; MJ12bot/v1.4.8; http://mj12bot.com/)"
144.76.119.201 - - [01/Jul/2019:03:39:38 +0000] "GET /hr/kontakt?id=31 HTTP/1.1" 200 3747 "-" "Mozilla/5.0 (compatible; MJ12bot/v1.4.8; http://mj12bot.com/)"
144.76.119.201 - - [01/Jul/2019:03:39:40 +0000] "GET /hr/kontakt?id=32 HTTP/1.1" 200 3745 "-" "Mozilla/5.0 (compatible; MJ12bot/v1.4.8; http://mj12bot.com/)"
198.204.244.90 - - [01/Jul/2019:03:39:43 +0000] "GET /kontakt?id=48 HTTP/1.1" 200 3746 "-" "Mozilla/5.0 (compatible; MJ12bot/v1.4.8; http://mj12bot.com/)"
144.76.119.201 - - [01/Jul/2019:03:39:45 +0000] "GET /hr/kontakt?id=33 HTTP/1.1" 200 3747 "-" "Mozilla/5.0 (compatible; MJ12bot/v1.4.8; http://mj12bot.com/)"
198.204.244.90 - - [01/Jul/2019:03:39:48 +0000] "GET /kontakt?id=48 HTTP/1.1" 200 3743 "-" "Mozilla/5.0 (compatible; MJ12bot/v1.4.8; http://mj12bot.com/)"
144.76.119.201 - - [01/Jul/2019:03:39:50 +0000] "GET /hr/kontakt?id=34 HTTP/1.1" 200 3747 "-" "Mozilla/5.0 (compatible; MJ12bot/v1.4.8; http://mj12bot.com/)"
144.76.119.201 - - [01/Jul/2019:03:39:52 +0000] "GET /hr/kontakt?id=35 HTTP/1.1" 200 3747 "-" "Mozilla/5.0 (compatible; MJ12bot/v1.4.8; http://mj12bot.com/)"
144.76.119.201 - - [01/Jul/2019:03:39:54 +0000] "GET /hr/kontakt?id=36 HTTP/1.1" 200 3747 "-" "Mozilla/5.0 (compatible; MJ12bot/v1.4.8; http://mj12bot.com/)"
198.204.244.90 - - [01/Jul/2019:03:39:54 +0000] "GET /kontakt?id=49 HTTP/1.1" 301 250 "-" "Mozilla/5.0 (compatible; MJ12bot/v1.4.8; http://mj12bot.com/)"
144.76.119.201 - - [01/Jul/2019:03:39:56 +0000] "GET /hr/kontakt?id=37 HTTP/1.1" 200 3746 "-" "Mozilla/5.0 (compatible; MJ12bot/v1.4.8; http://mj12bot.com/)"
144.76.119.201 - - [01/Jul/2019:03:39:58 +0000] "GET /hr/kontakt?id=38 HTTP/1.1" 200 3743 "-" "Mozilla/5.0 (compatible; MJ12bot/v1.4.8; http://mj12bot.com/)"
198.204.244.90 - - [01/Jul/2019:03:39:58 +0000] "GET /kontakt?id=49 HTTP/1.1" 200 3744 "-" "Mozilla/5.0 (compatible; MJ12bot/v1.4.8; http://mj12bot.com/)"
144.76.119.201 - - [01/Jul/2019:03:40:01 +0000] "GET /hr/kontakt?id=39 HTTP/1.1" 200 3748 "-" "Mozilla/5.0 (compatible; MJ12bot/v1.4.8; http://mj12bot.com/)"
198.204.244.90 - - [01/Jul/2019:03:40:07 +0000] "GET /kontakt?id=49 HTTP/1.1" 200 3743 "-" "Mozilla/5.0 (compatible; MJ12bot/v1.4.8; http://mj12bot.com/)"
144.76.119.201 - - [01/Jul/2019:03:40:07 +0000] "GET /hr/kontakt?id=4 HTTP/1.1" 301 252 "-" "Mozilla/5.0 (compatible; MJ12bot/v1.4.8; http://mj12bot.com/)"
144.76.119.201 - - [01/Jul/2019:03:40:11 +0000] "GET /hr/kontakt?id=4 HTTP/1.1" 200 3743 "-" "Mozilla/5.0 (compatible; MJ12bot/v1.4.8; http://mj12bot.com/)"
198.204.244.90 - - [01/Jul/2019:03:40:13 +0000] "GET /kontakt?id=5 HTTP/1.1" 301 249 "-" "Mozilla/5.0 (compatible; MJ12bot/v1.4.8; http://mj12bot.com/)"
144.76.119.201 - - [01/Jul/2019:03:40:15 +0000] "GET /hr/kontakt?id=4 HTTP/1.1" 200 3743 "-" "Mozilla/5.0 (compatible; MJ12bot/v1.4.8; http://mj12bot.com/)"
198.204.244.90 - - [01/Jul/2019:03:40:17 +0000] "GET /kontakt?id=5 HTTP/1.1" 200 3743 "-" "Mozilla/5.0 (compatible; MJ12bot/v1.4.8; http://mj12bot.com/)"
144.76.119.201 - - [01/Jul/2019:03:40:18 +0000] "GET /hr/kontakt?id=40 HTTP/1.1" 200 3746 "-" "Mozilla/5.0 (compatible; MJ12bot/v1.4.8; http://mj12bot.com/)"
198.204.244.90 - - [01/Jul/2019:03:40:20 +0000] "GET /kontakt?id=5 HTTP/1.1" 200 3744 "-" "Mozilla/5.0 (compatible; MJ12bot/v1.4.8; http://mj12bot.com/)"
144.76.119.201 - - [01/Jul/2019:03:40:21 +0000] "GET /hr/kontakt?id=41 HTTP/1.1" 200 3749 "-" "Mozilla/5.0 (compatible; MJ12bot/v1.4.8; http://mj12bot.com/)"
144.76.119.201 - - [01/Jul/2019:03:40:23 +0000] "GET /hr/kontakt?id=42 HTTP/1.1" 200 3747 "-" "Mozilla/5.0 (compatible; MJ12bot/v1.4.8; http://mj12bot.com/)"
198.204.244.90 - - [01/Jul/2019:03:40:24 +0000] "GET /kontakt?id=50 HTTP/1.1" 301 250 "-" "Mozilla/5.0 (compatible; MJ12bot/v1.4.8; http://mj12bot.com/)"
144.76.119.201 - - [01/Jul/2019:03:40:25 +0000] "GET /hr/kontakt?id=43 HTTP/1.1" 200 3745 "-" "Mozilla/5.0 (compatible; MJ12bot/v1.4.8; http://mj12bot.com/)"
144.76.119.201 - - [01/Jul/2019:03:40:27 +0000] "GET /hr/kontakt?id=44 HTTP/1.1" 200 3747 "-" "Mozilla/5.0 (compatible; MJ12bot/v1.4.8; http://mj12bot.com/)"
144.76.119.201 - - [01/Jul/2019:03:40:31 +0000] "GET /hr/kontakt?id=45 HTTP/1.1" 200 3746 "-" "Mozilla/5.0 (compatible; MJ12bot/v1.4.8; http://mj12bot.com/)"
144.76.119.201 - - [01/Jul/2019:03:40:34 +0000] "GET /hr/kontakt?id=46 HTTP/1.1" 200 3746 "-" "Mozilla/5.0 (compatible; MJ12bot/v1.4.8; http://mj12bot.com/)"
144.76.119.201 - - [01/Jul/2019:03:40:36 +0000] "GET /hr/kontakt?id=47 HTTP/1.1" 200 3746 "-" "Mozilla/5.0 (compatible; MJ12bot/v1.4.8; http://mj12bot.com/)"
144.76.119.201 - - [01/Jul/2019:03:40:38 +0000] "GET /hr/kontakt?id=48 HTTP/1.1" 200 3746 "-" "Mozilla/5.0 (compatible; MJ12bot/v1.4.8; http://mj12bot.com/)"
198.204.244.90 - - [01/Jul/2019:03:40:40 +0000] "GET /kontakt?id=50 HTTP/1.1" 200 3746 "-" "Mozilla/5.0 (compatible; MJ12bot/v1.4.8; http://mj12bot.com/)"
144.76.119.201 - - [01/Jul/2019:03:40:40 +0000] "GET /hr/kontakt?id=49 HTTP/1.1" 200 3745 "-" "Mozilla/5.0 (compatible; MJ12bot/v1.4.8; http://mj12bot.com/)"
144.76.119.201 - - [01/Jul/2019:03:40:42 +0000] "GET /hr/kontakt?id=5 HTTP/1.1" 301 252 "-" "Mozilla/5.0 (compatible; MJ12bot/v1.4.8; http://mj12bot.com/)"
144.76.119.201 - - [01/Jul/2019:03:40:44 +0000] "GET /hr/kontakt?id=5 HTTP/1.1" 200 3742 "-" "Mozilla/5.0 (compatible; MJ12bot/v1.4.8; http://mj12bot.com/)"
198.204.244.90 - - [01/Jul/2019:03:40:44 +0000] "GET /kontakt?id=50 HTTP/1.1" 200 3743 "-" "Mozilla/5.0 (compatible; MJ12bot/v1.4.8; http://mj12bot.com/)"
144.76.119.201 - - [01/Jul/2019:03:40:46 +0000] "GET /hr/kontakt?id=5 HTTP/1.1" 200 3747 "-" "Mozilla/5.0 (compatible; MJ12bot/v1.4.8; http://mj12bot.com/)"
198.204.244.90 - - [01/Jul/2019:03:40:49 +0000] "GET /kontakt?id=51 HTTP/1.1" 301 250 "-" "Mozilla/5.0 (compatible; MJ12bot/v1.4.8; http://mj12bot.com/)"
144.76.119.201 - - [01/Jul/2019:03:40:50 +0000] "GET /hr/kontakt?id=50 HTTP/1.1" 200 3748 "-" "Mozilla/5.0 (compatible; MJ12bot/v1.4.8; http://mj12bot.com/)"
144.76.119.201 - - [01/Jul/2019:03:40:52 +0000] "GET /hr/kontakt?id=51 HTTP/1.1" 200 3747 "-" "Mozilla/5.0 (compatible; MJ12bot/v1.4.8; http://mj12bot.com/)"
198.204.244.90 - - [01/Jul/2019:03:40:53 +0000] "GET /kontakt?id=51 HTTP/1.1" 200 3743 "-" "Mozilla/5.0 (compatible; MJ12bot/v1.4.8; http://mj12bot.com/)"
144.76.119.201 - - [01/Jul/2019:03:40:54 +0000] "GET /hr/kontakt?id=52 HTTP/1.1" 200 3746 "-" "Mozilla/5.0 (compatible; MJ12bot/v1.4.8; http://mj12bot.com/)"
144.76.119.201 - - [01/Jul/2019:03:40:57 +0000] "GET /hr/kontakt?id=53 HTTP/1.1" 200 3747 "-" "Mozilla/5.0 (compatible; MJ12bot/v1.4.8; http://mj12bot.com/)"
198.204.244.90 - - [01/Jul/2019:03:40:57 +0000] "GET /kontakt?id=51 HTTP/1.1" 200 3745 "-" "Mozilla/5.0 (compatible; MJ12bot/v1.4.8; http://mj12bot.com/)"
144.76.119.201 - - [01/Jul/2019:03:41:00 +0000] "GET /hr/kontakt?id=54 HTTP/1.1" 200 3747 "-" "Mozilla/5.0 (compatible; MJ12bot/v1.4.8; http://mj12bot.com/)"
198.204.244.90 - - [01/Jul/2019:03:41:00 +0000] "GET /kontakt?id=52 HTTP/1.1" 301 250 "-" "Mozilla/5.0 (compatible; MJ12bot/v1.4.8; http://mj12bot.com/)"
198.204.244.90 - - [01/Jul/2019:03:41:02 +0000] "GET /kontakt?id=52 HTTP/1.1" 200 3745 "-" "Mozilla/5.0 (compatible; MJ12bot/v1.4.8; http://mj12bot.com/)"
144.76.119.201 - - [01/Jul/2019:03:41:04 +0000] "GET /hr/kontakt?id=55 HTTP/1.1" 200 3745 "-" "Mozilla/5.0 (compatible; MJ12bot/v1.4.8; http://mj12bot.com/)"
144.76.119.201 - - [01/Jul/2019:03:41:06 +0000] "GET /hr/kontakt?id=56 HTTP/1.1" 200 3746 "-" "Mozilla/5.0 (compatible; MJ12bot/v1.4.8; http://mj12bot.com/)"
198.204.244.90 - - [01/Jul/2019:03:41:07 +0000] "GET /kontakt?id=52 HTTP/1.1" 200 3745 "-" "Mozilla/5.0 (compatible; MJ12bot/v1.4.8; http://mj12bot.com/)"
144.76.119.201 - - [01/Jul/2019:03:41:08 +0000] "GET /hr/kontakt?id=57 HTTP/1.1" 200 3747 "-" "Mozilla/5.0 (compatible; MJ12bot/v1.4.8; http://mj12bot.com/)"
144.76.119.201 - - [01/Jul/2019:03:41:09 +0000] "GET /hr/kontakt?id=58 HTTP/1.1" 200 3745 "-" "Mozilla/5.0 (compatible; MJ12bot/v1.4.8; http://mj12bot.com/)"
198.204.244.90 - - [01/Jul/2019:03:41:10 +0000] "GET /kontakt?id=53 HTTP/1.1" 301 250 "-" "Mozilla/5.0 (compatible; MJ12bot/v1.4.8; http://mj12bot.com/)"
144.76.119.201 - - [01/Jul/2019:03:41:12 +0000] "GET /hr/kontakt?id=59 HTTP/1.1" 200 3746 "-" "Mozilla/5.0 (compatible; MJ12bot/v1.4.8; http://mj12bot.com/)"
198.204.244.90 - - [01/Jul/2019:03:41:13 +0000] "GET /kontakt?id=53 HTTP/1.1" 200 3741 "-" "Mozilla/5.0 (compatible; MJ12bot/v1.4.8; http://mj12bot.com/)"
198.204.244.90 - - [01/Jul/2019:03:41:17 +0000] "GET /kontakt?id=53 HTTP/1.1" 200 3743 "-" "Mozilla/5.0 (compatible; MJ12bot/v1.4.8; http://mj12bot.com/)"
144.76.119.201 - - [01/Jul/2019:03:41:18 +0000] "GET /hr/kontakt?id=6 HTTP/1.1" 301 252 "-" "Mozilla/5.0 (compatible; MJ12bot/v1.4.8; http://mj12bot.com/)"
198.204.244.90 - - [01/Jul/2019:03:41:20 +0000] "GET /kontakt?id=54 HTTP/1.1" 301 250 "-" "Mozilla/5.0 (compatible; MJ12bot/v1.4.8; http://mj12bot.com/)"
144.76.119.201 - - [01/Jul/2019:03:41:23 +0000] "GET /hr/kontakt?id=6 HTTP/1.1" 200 3746 "-" "Mozilla/5.0 (compatible; MJ12bot/v1.4.8; http://mj12bot.com/)"
198.204.244.90 - - [01/Jul/2019:03:41:24 +0000] "GET /kontakt?id=54 HTTP/1.1" 200 3744 "-" "Mozilla/5.0 (compatible; MJ12bot/v1.4.8; http://mj12bot.com/)"
144.76.119.201 - - [01/Jul/2019:03:41:25 +0000] "GET /hr/kontakt?id=6 HTTP/1.1" 200 3746 "-" "Mozilla/5.0 (compatible; MJ12bot/v1.4.8; http://mj12bot.com/)"
144.76.119.201 - - [01/Jul/2019:03:41:28 +0000] "GET /hr/kontakt?id=60 HTTP/1.1" 200 3746 "-" "Mozilla/5.0 (compatible; MJ12bot/v1.4.8; http://mj12bot.com/)"
144.76.119.201 - - [01/Jul/2019:03:41:31 +0000] "GET /hr/kontakt?id=61 HTTP/1.1" 200 3748 "-" "Mozilla/5.0 (compatible; MJ12bot/v1.4.8; http://mj12bot.com/)"
144.76.119.201 - - [01/Jul/2019:03:41:37 +0000] "GET /hr/kontakt?id=62 HTTP/1.1" 200 3748 "-" "Mozilla/5.0 (compatible; MJ12bot/v1.4.8; http://mj12bot.com/)"
144.76.119.201 - - [01/Jul/2019:03:41:39 +0000] "GET /hr/kontakt?id=63 HTTP/1.1" 200 3746 "-" "Mozilla/5.0 (compatible; MJ12bot/v1.4.8; http://mj12bot.com/)"
144.76.119.201 - - [01/Jul/2019:03:41:43 +0000] "GET /hr/kontakt?id=64 HTTP/1.1" 200 3746 "-" "Mozilla/5.0 (compatible; MJ12bot/v1.4.8; http://mj12bot.com/)"
144.76.119.201 - - [01/Jul/2019:03:41:47 +0000] "GET /hr/kontakt?id=65 HTTP/1.1" 200 3747 "-" "Mozilla/5.0 (compatible; MJ12bot/v1.4.8; http://mj12bot.com/)"
144.76.119.201 - - [01/Jul/2019:03:41:50 +0000] "GET /hr/kontakt?id=66 HTTP/1.1" 200 3746 "-" "Mozilla/5.0 (compatible; MJ12bot/v1.4.8; http://mj12bot.com/)"
144.76.119.201 - - [01/Jul/2019:03:41:54 +0000] "GET /hr/kontakt?id=67 HTTP/1.1" 200 3746 "-" "Mozilla/5.0 (compatible; MJ12bot/v1.4.8; http://mj12bot.com/)"
144.76.119.201 - - [01/Jul/2019:03:42:07 +0000] "GET /hr/kontakt?id=68 HTTP/1.1" 200 3749 "-" "Mozilla/5.0 (compatible; MJ12bot/v1.4.8; http://mj12bot.com/)"
144.76.119.201 - - [01/Jul/2019:03:42:09 +0000] "GET /hr/kontakt?id=69 HTTP/1.1" 200 3746 "-" "Mozilla/5.0 (compatible; MJ12bot/v1.4.8; http://mj12bot.com/)"
144.76.119.201 - - [01/Jul/2019:03:42:11 +0000] "GET /hr/kontakt?id=7 HTTP/1.1" 301 252 "-" "Mozilla/5.0 (compatible; MJ12bot/v1.4.8; http://mj12bot.com/)"
144.76.119.201 - - [01/Jul/2019:03:42:16 +0000] "GET /hr/kontakt?id=7 HTTP/1.1" 200 3744 "-" "Mozilla/5.0 (compatible; MJ12bot/v1.4.8; http://mj12bot.com/)"
144.76.119.201 - - [01/Jul/2019:03:42:18 +0000] "GET /hr/kontakt?id=7 HTTP/1.1" 200 3746 "-" "Mozilla/5.0 (compatible; MJ12bot/v1.4.8; http://mj12bot.com/)"
144.76.119.201 - - [01/Jul/2019:03:42:21 +0000] "GET /hr/kontakt?id=70 HTTP/1.1" 200 3747 "-" "Mozilla/5.0 (compatible; MJ12bot/v1.4.8; http://mj12bot.com/)"
144.76.119.201 - - [01/Jul/2019:03:42:27 +0000] "GET /hr/kontakt?id=71 HTTP/1.1" 301 253 "-" "Mozilla/5.0 (compatible; MJ12bot/v1.4.8; http://mj12bot.com/)"
144.76.119.201 - - [01/Jul/2019:03:42:31 +0000] "GET /hr/kontakt?id=71 HTTP/1.1" 200 3748 "-" "Mozilla/5.0 (compatible; MJ12bot/v1.4.8; http://mj12bot.com/)"
144.76.119.201 - - [01/Jul/2019:03:42:34 +0000] "GET /hr/kontakt?id=71 HTTP/1.1" 200 3748 "-" "Mozilla/5.0 (compatible; MJ12bot/v1.4.8; http://mj12bot.com/)"
144.76.119.201 - - [01/Jul/2019:03:42:45 +0000] "GET /hr/kontakt?id=72 HTTP/1.1" 301 253 "-" "Mozilla/5.0 (compatible; MJ12bot/v1.4.8; http://mj12bot.com/)"
144.76.119.201 - - [01/Jul/2019:03:42:48 +0000] "GET /hr/kontakt?id=72 HTTP/1.1" 200 3746 "-" "Mozilla/5.0 (compatible; MJ12bot/v1.4.8; http://mj12bot.com/)"
144.76.119.201 - - [01/Jul/2019:03:42:54 +0000] "GET /hr/kontakt?id=72 HTTP/1.1" 200 3746 "-" "Mozilla/5.0 (compatible; MJ12bot/v1.4.8; http://mj12bot.com/)"
144.76.119.201 - - [01/Jul/2019:03:42:58 +0000] "GET /hr/kontakt?id=73 HTTP/1.1" 301 253 "-" "Mozilla/5.0 (compatible; MJ12bot/v1.4.8; http://mj12bot.com/)"
198.204.244.90 - - [01/Jul/2019:03:43:01 +0000] "GET /kontakt?id=54 HTTP/1.1" 200 3743 "-" "Mozilla/5.0 (compatible; MJ12bot/v1.4.8; http://mj12bot.com/)"
198.204.244.90 - - [01/Jul/2019:03:43:04 +0000] "GET /kontakt?id=55 HTTP/1.1" 301 250 "-" "Mozilla/5.0 (compatible; MJ12bot/v1.4.8; http://mj12bot.com/)"
144.76.119.201 - - [01/Jul/2019:03:43:06 +0000] "GET /hr/kontakt?id=73 HTTP/1.1" 200 3748 "-" "Mozilla/5.0 (compatible; MJ12bot/v1.4.8; http://mj12bot.com/)"
144.76.119.201 - - [01/Jul/2019:03:43:08 +0000] "GET /hr/kontakt?id=73 HTTP/1.1" 200 3745 "-" "Mozilla/5.0 (compatible; MJ12bot/v1.4.8; http://mj12bot.com/)"
144.76.119.201 - - [01/Jul/2019:03:43:11 +0000] "GET /hr/kontakt?id=74 HTTP/1.1" 301 253 "-" "Mozilla/5.0 (compatible; MJ12bot/v1.4.8; http://mj12bot.com/)"
144.76.119.201 - - [01/Jul/2019:03:43:13 +0000] "GET /hr/kontakt?id=74 HTTP/1.1" 200 3746 "-" "Mozilla/5.0 (compatible; MJ12bot/v1.4.8; http://mj12bot.com/)"
198.204.244.90 - - [01/Jul/2019:03:43:13 +0000] "GET /kontakt?id=55 HTTP/1.1" 200 3743 "-" "Mozilla/5.0 (compatible; MJ12bot/v1.4.8; http://mj12bot.com/)"
198.204.244.90 - - [01/Jul/2019:03:43:17 +0000] "GET /kontakt?id=55 HTTP/1.1" 200 3744 "-" "Mozilla/5.0 (compatible; MJ12bot/v1.4.8; http://mj12bot.com/)"
198.204.244.90 - - [01/Jul/2019:03:43:20 +0000] "GET /kontakt?id=56 HTTP/1.1" 301 250 "-" "Mozilla/5.0 (compatible; MJ12bot/v1.4.8; http://mj12bot.com/)"
144.76.119.201 - - [01/Jul/2019:03:43:21 +0000] "GET /hr/kontakt?id=74 HTTP/1.1" 200 3746 "-" "Mozilla/5.0 (compatible; MJ12bot/v1.4.8; http://mj12bot.com/)"
144.76.119.201 - - [01/Jul/2019:03:43:23 +0000] "GET /hr/kontakt?id=8 HTTP/1.1" 301 252 "-" "Mozilla/5.0 (compatible; MJ12bot/v1.4.8; http://mj12bot.com/)"
198.204.244.90 - - [01/Jul/2019:03:43:23 +0000] "GET /kontakt?id=56 HTTP/1.1" 200 3746 "-" "Mozilla/5.0 (compatible; MJ12bot/v1.4.8; http://mj12bot.com/)"
144.76.119.201 - - [01/Jul/2019:03:43:26 +0000] "GET /hr/kontakt?id=8 HTTP/1.1" 200 3747 "-" "Mozilla/5.0 (compatible; MJ12bot/v1.4.8; http://mj12bot.com/)"
198.204.244.90 - - [01/Jul/2019:03:43:26 +0000] "GET /kontakt?id=56 HTTP/1.1" 200 3742 "-" "Mozilla/5.0 (compatible; MJ12bot/v1.4.8; http://mj12bot.com/)"
144.76.119.201 - - [01/Jul/2019:03:43:30 +0000] "GET /hr/kontakt?id=8 HTTP/1.1" 200 3745 "-" "Mozilla/5.0 (compatible; MJ12bot/v1.4.8; http://mj12bot.com/)"
198.204.244.90 - - [01/Jul/2019:03:43:33 +0000] "GET /kontakt?id=57 HTTP/1.1" 301 250 "-" "Mozilla/5.0 (compatible; MJ12bot/v1.4.8; http://mj12bot.com/)"
144.76.119.201 - - [01/Jul/2019:03:43:33 +0000] "GET /hr/kontakt?id=80 HTTP/1.1" 301 253 "-" "Mozilla/5.0 (compatible; MJ12bot/v1.4.8; http://mj12bot.com/)"
144.76.119.201 - - [01/Jul/2019:03:43:36 +0000] "GET /hr/kontakt?id=80 HTTP/1.1" 200 3746 "-" "Mozilla/5.0 (compatible; MJ12bot/v1.4.8; http://mj12bot.com/)"
198.204.244.90 - - [01/Jul/2019:03:43:36 +0000] "GET /kontakt?id=57 HTTP/1.1" 200 3745 "-" "Mozilla/5.0 (compatible; MJ12bot/v1.4.8; http://mj12bot.com/)"
144.76.119.201 - - [01/Jul/2019:03:43:41 +0000] "GET /hr/kontakt?id=80 HTTP/1.1" 200 3749 "-" "Mozilla/5.0 (compatible; MJ12bot/v1.4.8; http://mj12bot.com/)"
198.204.244.90 - - [01/Jul/2019:03:43:42 +0000] "GET /kontakt?id=57 HTTP/1.1" 200 3742 "-" "Mozilla/5.0 (compatible; MJ12bot/v1.4.8; http://mj12bot.com/)"
144.76.119.201 - - [01/Jul/2019:03:43:45 +0000] "GET /hr/kontakt?id=81 HTTP/1.1" 301 253 "-" "Mozilla/5.0 (compatible; MJ12bot/v1.4.8; http://mj12bot.com/)"
144.76.119.201 - - [01/Jul/2019:03:43:48 +0000] "GET /hr/kontakt?id=81 HTTP/1.1" 200 3748 "-" "Mozilla/5.0 (compatible; MJ12bot/v1.4.8; http://mj12bot.com/)"
144.76.119.201 - - [01/Jul/2019:03:43:49 +0000] "GET /hr/kontakt?id=81 HTTP/1.1" 200 3747 "-" "Mozilla/5.0 (compatible; MJ12bot/v1.4.8; http://mj12bot.com/)"
144.76.119.201 - - [01/Jul/2019:03:43:51 +0000] "GET /hr/kontakt?id=82 HTTP/1.1" 301 253 "-" "Mozilla/5.0 (compatible; MJ12bot/v1.4.8; http://mj12bot.com/)"
198.204.244.90 - - [01/Jul/2019:03:43:52 +0000] "GET /kontakt?id=58 HTTP/1.1" 301 250 "-" "Mozilla/5.0 (compatible; MJ12bot/v1.4.8; http://mj12bot.com/)"
144.76.119.201 - - [01/Jul/2019:03:43:54 +0000] "GET /hr/kontakt?id=82 HTTP/1.1" 200 3747 "-" "Mozilla/5.0 (compatible; MJ12bot/v1.4.8; http://mj12bot.com/)"
198.204.244.90 - - [01/Jul/2019:03:43:55 +0000] "GET /kontakt?id=58 HTTP/1.1" 200 3744 "-" "Mozilla/5.0 (compatible; MJ12bot/v1.4.8; http://mj12bot.com/)"
198.204.244.90 - - [01/Jul/2019:03:43:58 +0000] "GET /kontakt?id=58 HTTP/1.1" 200 3746 "-" "Mozilla/5.0 (compatible; MJ12bot/v1.4.8; http://mj12bot.com/)"
144.76.119.201 - - [01/Jul/2019:03:43:59 +0000] "GET /hr/kontakt?id=82 HTTP/1.1" 200 3748 "-" "Mozilla/5.0 (compatible; MJ12bot/v1.4.8; http://mj12bot.com/)"
144.76.119.201 - - [01/Jul/2019:03:44:01 +0000] "GET /hr/kontakt?id=83 HTTP/1.1" 301 253 "-" "Mozilla/5.0 (compatible; MJ12bot/v1.4.8; http://mj12bot.com/)"
144.76.119.201 - - [01/Jul/2019:03:44:03 +0000] "GET /hr/kontakt?id=83 HTTP/1.1" 200 3746 "-" "Mozilla/5.0 (compatible; MJ12bot/v1.4.8; http://mj12bot.com/)"
198.204.244.90 - - [01/Jul/2019:03:44:03 +0000] "GET /kontakt?id=59 HTTP/1.1" 301 250 "-" "Mozilla/5.0 (compatible; MJ12bot/v1.4.8; http://mj12bot.com/)"
144.76.119.201 - - [01/Jul/2019:03:44:05 +0000] "GET /hr/kontakt?id=83 HTTP/1.1" 200 3749 "-" "Mozilla/5.0 (compatible; MJ12bot/v1.4.8; http://mj12bot.com/)"
144.76.119.201 - - [01/Jul/2019:03:44:12 +0000] "GET /hr/kontakt?id=84 HTTP/1.1" 301 253 "-" "Mozilla/5.0 (compatible; MJ12bot/v1.4.8; http://mj12bot.com/)"
144.76.119.201 - - [01/Jul/2019:03:44:18 +0000] "GET /hr/kontakt?id=84 HTTP/1.1" 200 3746 "-" "Mozilla/5.0 (compatible; MJ12bot/v1.4.8; http://mj12bot.com/)"
198.204.244.90 - - [01/Jul/2019:03:44:22 +0000] "GET /kontakt?id=59 HTTP/1.1" 200 3744 "-" "Mozilla/5.0 (compatible; MJ12bot/v1.4.8; http://mj12bot.com/)"
144.76.119.201 - - [01/Jul/2019:03:44:23 +0000] "GET /hr/kontakt?id=84 HTTP/1.1" 200 3748 "-" "Mozilla/5.0 (compatible; MJ12bot/v1.4.8; http://mj12bot.com/)"
144.76.119.201 - - [01/Jul/2019:03:44:25 +0000] "GET /hr/kontakt?id=85 HTTP/1.1" 301 253 "-" "Mozilla/5.0 (compatible; MJ12bot/v1.4.8; http://mj12bot.com/)"
144.76.119.201 - - [01/Jul/2019:03:44:28 +0000] "GET /hr/kontakt?id=85 HTTP/1.1" 200 3747 "-" "Mozilla/5.0 (compatible; MJ12bot/v1.4.8; http://mj12bot.com/)"
144.76.119.201 - - [01/Jul/2019:03:44:30 +0000] "GET /hr/kontakt?id=85 HTTP/1.1" 200 3744 "-" "Mozilla/5.0 (compatible; MJ12bot/v1.4.8; http://mj12bot.com/)"
144.76.119.201 - - [01/Jul/2019:03:44:32 +0000] "GET /hr/kontakt?id=86 HTTP/1.1" 301 253 "-" "Mozilla/5.0 (compatible; MJ12bot/v1.4.8; http://mj12bot.com/)"
144.76.119.201 - - [01/Jul/2019:03:44:35 +0000] "GET /hr/kontakt?id=86 HTTP/1.1" 200 3747 "-" "Mozilla/5.0 (compatible; MJ12bot/v1.4.8; http://mj12bot.com/)"
198.204.244.90 - - [01/Jul/2019:03:44:36 +0000] "GET /kontakt?id=59 HTTP/1.1" 200 3744 "-" "Mozilla/5.0 (compatible; MJ12bot/v1.4.8; http://mj12bot.com/)"
144.76.119.201 - - [01/Jul/2019:03:44:37 +0000] "GET /hr/kontakt?id=86 HTTP/1.1" 200 3748 "-" "Mozilla/5.0 (compatible; MJ12bot/v1.4.8; http://mj12bot.com/)"
144.76.119.201 - - [01/Jul/2019:03:44:40 +0000] "GET /hr/kontakt?id=87 HTTP/1.1" 301 253 "-" "Mozilla/5.0 (compatible; MJ12bot/v1.4.8; http://mj12bot.com/)"
144.76.119.201 - - [01/Jul/2019:03:44:42 +0000] "GET /hr/kontakt?id=87 HTTP/1.1" 200 3747 "-" "Mozilla/5.0 (compatible; MJ12bot/v1.4.8; http://mj12bot.com/)"
144.76.119.201 - - [01/Jul/2019:03:44:46 +0000] "GET /hr/kontakt?id=87 HTTP/1.1" 200 3748 "-" "Mozilla/5.0 (compatible; MJ12bot/v1.4.8; http://mj12bot.com/)"
198.204.244.90 - - [01/Jul/2019:03:44:47 +0000] "GET /kontakt?id=6 HTTP/1.1" 301 249 "-" "Mozilla/5.0 (compatible; MJ12bot/v1.4.8; http://mj12bot.com/)"
144.76.119.201 - - [01/Jul/2019:03:44:49 +0000] "GET /hr/kontakt?id=88 HTTP/1.1" 301 253 "-" "Mozilla/5.0 (compatible; MJ12bot/v1.4.8; http://mj12bot.com/)"
144.76.119.201 - - [01/Jul/2019:03:44:52 +0000] "GET /hr/kontakt?id=88 HTTP/1.1" 200 3745 "-" "Mozilla/5.0 (compatible; MJ12bot/v1.4.8; http://mj12bot.com/)"
144.76.119.201 - - [01/Jul/2019:03:44:56 +0000] "GET /hr/kontakt?id=88 HTTP/1.1" 200 3744 "-" "Mozilla/5.0 (compatible; MJ12bot/v1.4.8; http://mj12bot.com/)"
198.204.244.90 - - [01/Jul/2019:03:44:57 +0000] "GET /kontakt?id=6 HTTP/1.1" 200 3745 "-" "Mozilla/5.0 (compatible; MJ12bot/v1.4.8; http://mj12bot.com/)"
144.76.119.201 - - [01/Jul/2019:03:44:58 +0000] "GET /hr/kontakt?id=89 HTTP/1.1" 301 253 "-" "Mozilla/5.0 (compatible; MJ12bot/v1.4.8; http://mj12bot.com/)"
198.204.244.90 - - [01/Jul/2019:03:45:00 +0000] "GET /kontakt?id=6 HTTP/1.1" 200 3744 "-" "Mozilla/5.0 (compatible; MJ12bot/v1.4.8; http://mj12bot.com/)"
144.76.119.201 - - [01/Jul/2019:03:45:01 +0000] "GET /hr/kontakt?id=89 HTTP/1.1" 200 3743 "-" "Mozilla/5.0 (compatible; MJ12bot/v1.4.8; http://mj12bot.com/)"
144.76.119.201 - - [01/Jul/2019:03:45:03 +0000] "GET /hr/kontakt?id=89 HTTP/1.1" 200 3748 "-" "Mozilla/5.0 (compatible; MJ12bot/v1.4.8; http://mj12bot.com/)"
144.76.119.201 - - [01/Jul/2019:03:45:05 +0000] "GET /hr/kontakt?id=9 HTTP/1.1" 200 3746 "-" "Mozilla/5.0 (compatible; MJ12bot/v1.4.8; http://mj12bot.com/)"
198.204.244.90 - - [01/Jul/2019:03:45:07 +0000] "GET /kontakt?id=60 HTTP/1.1" 301 250 "-" "Mozilla/5.0 (compatible; MJ12bot/v1.4.8; http://mj12bot.com/)"
144.76.119.201 - - [01/Jul/2019:03:45:07 +0000] "GET /hr/kontakt?id=90 HTTP/1.1" 301 253 "-" "Mozilla/5.0 (compatible; MJ12bot/v1.4.8; http://mj12bot.com/)"
144.76.119.201 - - [01/Jul/2019:03:45:11 +0000] "GET /hr/kontakt?id=90 HTTP/1.1" 200 3746 "-" "Mozilla/5.0 (compatible; MJ12bot/v1.4.8; http://mj12bot.com/)"
198.204.244.90 - - [01/Jul/2019:03:45:14 +0000] "GET /kontakt?id=60 HTTP/1.1" 200 3744 "-" "Mozilla/5.0 (compatible; MJ12bot/v1.4.8; http://mj12bot.com/)"
144.76.119.201 - - [01/Jul/2019:03:45:14 +0000] "GET /hr/kontakt?id=90 HTTP/1.1" 200 3746 "-" "Mozilla/5.0 (compatible; MJ12bot/v1.4.8; http://mj12bot.com/)"
144.76.119.201 - - [01/Jul/2019:03:45:17 +0000] "GET /hr/kontakt?id=91 HTTP/1.1" 301 253 "-" "Mozilla/5.0 (compatible; MJ12bot/v1.4.8; http://mj12bot.com/)"
198.204.244.90 - - [01/Jul/2019:03:45:17 +0000] "GET /kontakt?id=60 HTTP/1.1" 200 3742 "-" "Mozilla/5.0 (compatible; MJ12bot/v1.4.8; http://mj12bot.com/)"
144.76.119.201 - - [01/Jul/2019:03:45:20 +0000] "GET /hr/kontakt?id=91 HTTP/1.1" 200 3747 "-" "Mozilla/5.0 (compatible; MJ12bot/v1.4.8; http://mj12bot.com/)"
144.76.119.201 - - [01/Jul/2019:03:45:22 +0000] "GET /hr/kontakt?id=91 HTTP/1.1" 200 3748 "-" "Mozilla/5.0 (compatible; MJ12bot/v1.4.8; http://mj12bot.com/)"
198.204.244.90 - - [01/Jul/2019:03:45:22 +0000] "GET /kontakt?id=61 HTTP/1.1" 301 250 "-" "Mozilla/5.0 (compatible; MJ12bot/v1.4.8; http://mj12bot.com/)"
198.204.244.90 - - [01/Jul/2019:03:45:26 +0000] "GET /kontakt?id=61 HTTP/1.1" 200 3743 "-" "Mozilla/5.0 (compatible; MJ12bot/v1.4.8; http://mj12bot.com/)"
144.76.119.201 - - [01/Jul/2019:03:45:28 +0000] "GET /hr/kontakt?id=92 HTTP/1.1" 301 253 "-" "Mozilla/5.0 (compatible; MJ12bot/v1.4.8; http://mj12bot.com/)"
144.76.119.201 - - [01/Jul/2019:03:45:30 +0000] "GET /hr/kontakt?id=92 HTTP/1.1" 200 3748 "-" "Mozilla/5.0 (compatible; MJ12bot/v1.4.8; http://mj12bot.com/)"
198.204.244.90 - - [01/Jul/2019:03:45:31 +0000] "GET /kontakt?id=61 HTTP/1.1" 200 3744 "-" "Mozilla/5.0 (compatible; MJ12bot/v1.4.8; http://mj12bot.com/)"
144.76.119.201 - - [01/Jul/2019:03:45:32 +0000] "GET /hr/kontakt?id=92 HTTP/1.1" 200 3747 "-" "Mozilla/5.0 (compatible; MJ12bot/v1.4.8; http://mj12bot.com/)"
198.204.244.90 - - [01/Jul/2019:03:45:35 +0000] "GET /kontakt?id=62 HTTP/1.1" 301 250 "-" "Mozilla/5.0 (compatible; MJ12bot/v1.4.8; http://mj12bot.com/)"
144.76.119.201 - - [01/Jul/2019:03:45:35 +0000] "GET /hr/kontakt?id=93 HTTP/1.1" 301 253 "-" "Mozilla/5.0 (compatible; MJ12bot/v1.4.8; http://mj12bot.com/)"
144.76.119.201 - - [01/Jul/2019:03:45:37 +0000] "GET /hr/kontakt?id=93 HTTP/1.1" 200 3747 "-" "Mozilla/5.0 (compatible; MJ12bot/v1.4.8; http://mj12bot.com/)"
198.204.244.90 - - [01/Jul/2019:03:45:38 +0000] "GET /kontakt?id=62 HTTP/1.1" 200 3743 "-" "Mozilla/5.0 (compatible; MJ12bot/v1.4.8; http://mj12bot.com/)"
144.76.119.201 - - [01/Jul/2019:03:45:40 +0000] "GET /hr/kontakt?id=93 HTTP/1.1" 200 3745 "-" "Mozilla/5.0 (compatible; MJ12bot/v1.4.8; http://mj12bot.com/)"
144.76.119.201 - - [01/Jul/2019:03:45:42 +0000] "GET /hr/kontakt?id=94 HTTP/1.1" 301 253 "-" "Mozilla/5.0 (compatible; MJ12bot/v1.4.8; http://mj12bot.com/)"
144.76.119.201 - - [01/Jul/2019:03:45:45 +0000] "GET /hr/kontakt?id=94 HTTP/1.1" 200 3746 "-" "Mozilla/5.0 (compatible; MJ12bot/v1.4.8; http://mj12bot.com/)"
144.76.119.201 - - [01/Jul/2019:03:45:49 +0000] "GET /hr/kontakt?id=94 HTTP/1.1" 200 3747 "-" "Mozilla/5.0 (compatible; MJ12bot/v1.4.8; http://mj12bot.com/)"
144.76.119.201 - - [01/Jul/2019:03:45:52 +0000] "GET /hr/kontakt?id=95 HTTP/1.1" 301 253 "-" "Mozilla/5.0 (compatible; MJ12bot/v1.4.8; http://mj12bot.com/)"
198.204.244.90 - - [01/Jul/2019:03:45:53 +0000] "GET /kontakt?id=62 HTTP/1.1" 200 3745 "-" "Mozilla/5.0 (compatible; MJ12bot/v1.4.8; http://mj12bot.com/)"
144.76.119.201 - - [01/Jul/2019:03:45:56 +0000] "GET /hr/kontakt?id=95 HTTP/1.1" 200 3745 "-" "Mozilla/5.0 (compatible; MJ12bot/v1.4.8; http://mj12bot.com/)"
144.76.119.201 - - [01/Jul/2019:03:45:58 +0000] "GET /hr/kontakt?id=95 HTTP/1.1" 200 3747 "-" "Mozilla/5.0 (compatible; MJ12bot/v1.4.8; http://mj12bot.com/)"
144.76.119.201 - - [01/Jul/2019:03:46:00 +0000] "GET /hr/kontakt?id=96 HTTP/1.1" 301 253 "-" "Mozilla/5.0 (compatible; MJ12bot/v1.4.8; http://mj12bot.com/)"
144.76.119.201 - - [01/Jul/2019:03:46:05 +0000] "GET /hr/kontakt?id=96 HTTP/1.1" 200 3746 "-" "Mozilla/5.0 (compatible; MJ12bot/v1.4.8; http://mj12bot.com/)"
144.76.119.201 - - [01/Jul/2019:03:46:07 +0000] "GET /hr/kontakt?id=96 HTTP/1.1" 200 3748 "-" "Mozilla/5.0 (compatible; MJ12bot/v1.4.8; http://mj12bot.com/)"
144.76.119.201 - - [01/Jul/2019:03:46:10 +0000] "GET /hr/kontakt?id=97 HTTP/1.1" 301 253 "-" "Mozilla/5.0 (compatible; MJ12bot/v1.4.8; http://mj12bot.com/)"
144.76.119.201 - - [01/Jul/2019:03:46:17 +0000] "GET /hr/kontakt?id=97 HTTP/1.1" 200 3748 "-" "Mozilla/5.0 (compatible; MJ12bot/v1.4.8; http://mj12bot.com/)"
144.76.119.201 - - [01/Jul/2019:03:46:20 +0000] "GET /hr/kontakt?id=97 HTTP/1.1" 200 3748 "-" "Mozilla/5.0 (compatible; MJ12bot/v1.4.8; http://mj12bot.com/)"
144.76.119.201 - - [01/Jul/2019:03:46:24 +0000] "GET /hr/kontakt?id=98 HTTP/1.1" 301 253 "-" "Mozilla/5.0 (compatible; MJ12bot/v1.4.8; http://mj12bot.com/)"
198.204.244.90 - - [01/Jul/2019:03:46:25 +0000] "GET /kontakt?id=63 HTTP/1.1" 301 250 "-" "Mozilla/5.0 (compatible; MJ12bot/v1.4.8; http://mj12bot.com/)"
144.76.119.201 - - [01/Jul/2019:03:46:27 +0000] "GET /hr/kontakt?id=98 HTTP/1.1" 200 3747 "-" "Mozilla/5.0 (compatible; MJ12bot/v1.4.8; http://mj12bot.com/)"
144.76.119.201 - - [01/Jul/2019:03:46:29 +0000] "GET /hr/kontakt?id=98 HTTP/1.1" 200 3747 "-" "Mozilla/5.0 (compatible; MJ12bot/v1.4.8; http://mj12bot.com/)"
144.76.119.201 - - [01/Jul/2019:03:46:32 +0000] "GET /hr/kontakt?id=99 HTTP/1.1" 301 253 "-" "Mozilla/5.0 (compatible; MJ12bot/v1.4.8; http://mj12bot.com/)"
198.204.244.90 - - [01/Jul/2019:03:46:34 +0000] "GET /kontakt?id=63 HTTP/1.1" 200 3746 "-" "Mozilla/5.0 (compatible; MJ12bot/v1.4.8; http://mj12bot.com/)"
144.76.119.201 - - [01/Jul/2019:03:46:35 +0000] "GET /hr/kontakt?id=99 HTTP/1.1" 200 3744 "-" "Mozilla/5.0 (compatible; MJ12bot/v1.4.8; http://mj12bot.com/)"
144.76.119.201 - - [01/Jul/2019:03:46:40 +0000] "GET /hr/kontakt?id=99 HTTP/1.1" 200 3747 "-" "Mozilla/5.0 (compatible; MJ12bot/v1.4.8; http://mj12bot.com/)"
144.76.119.201 - - [01/Jul/2019:03:46:42 +0000] "GET /hr/korisnik/ HTTP/1.1" 301 249 "-" "Mozilla/5.0 (compatible; MJ12bot/v1.4.8; http://mj12bot.com/)"
144.76.119.201 - - [01/Jul/2019:03:46:47 +0000] "GET /hr/korisnik/ HTTP/1.1" 301 247 "-" "Mozilla/5.0 (compatible; MJ12bot/v1.4.8; http://mj12bot.com/)"
144.76.119.201 - - [01/Jul/2019:03:46:50 +0000] "GET /hr/korisnik HTTP/1.1" 301 248 "-" "Mozilla/5.0 (compatible; MJ12bot/v1.4.8; http://mj12bot.com/)"
144.76.119.201 - - [01/Jul/2019:03:46:52 +0000] "GET /hr/korisnik HTTP/1.1" 404 1104 "-" "Mozilla/5.0 (compatible; MJ12bot/v1.4.8; http://mj12bot.com/)"
144.76.119.201 - - [01/Jul/2019:03:46:59 +0000] "GET /hr/korisnik/ HTTP/1.1" 301 247 "-" "Mozilla/5.0 (compatible; MJ12bot/v1.4.8; http://mj12bot.com/)"
144.76.119.201 - - [01/Jul/2019:03:47:01 +0000] "GET /hr/korisnik HTTP/1.1" 301 248 "-" "Mozilla/5.0 (compatible; MJ12bot/v1.4.8; http://mj12bot.com/)"
144.76.119.201 - - [01/Jul/2019:03:47:03 +0000] "GET /hr/korisnik HTTP/1.1" 404 1104 "-" "Mozilla/5.0 (compatible; MJ12bot/v1.4.8; http://mj12bot.com/)"
144.76.119.201 - - [01/Jul/2019:03:47:06 +0000] "GET /hr/lokacija/ HTTP/1.1" 301 249 "-" "Mozilla/5.0 (compatible; MJ12bot/v1.4.8; http://mj12bot.com/)"
144.76.119.201 - - [01/Jul/2019:03:47:10 +0000] "GET /hr/lokacija/ HTTP/1.1" 301 247 "-" "Mozilla/5.0 (compatible; MJ12bot/v1.4.8; http://mj12bot.com/)"
144.76.119.201 - - [01/Jul/2019:03:47:12 +0000] "GET /hr/lokacija HTTP/1.1" 301 248 "-" "Mozilla/5.0 (compatible; MJ12bot/v1.4.8; http://mj12bot.com/)"
144.76.119.201 - - [01/Jul/2019:03:47:15 +0000] "GET /hr/lokacija HTTP/1.1" 404 1104 "-" "Mozilla/5.0 (compatible; MJ12bot/v1.4.8; http://mj12bot.com/)"
144.76.119.201 - - [01/Jul/2019:03:47:16 +0000] "GET /hr/lokacija/ HTTP/1.1" 301 247 "-" "Mozilla/5.0 (compatible; MJ12bot/v1.4.8; http://mj12bot.com/)"
144.76.119.201 - - [01/Jul/2019:03:47:19 +0000] "GET /hr/lokacija HTTP/1.1" 301 248 "-" "Mozilla/5.0 (compatible; MJ12bot/v1.4.8; http://mj12bot.com/)"
144.76.119.201 - - [01/Jul/2019:03:47:21 +0000] "GET /hr/lokacija HTTP/1.1" 404 1104 "-" "Mozilla/5.0 (compatible; MJ12bot/v1.4.8; http://mj12bot.com/)"
144.76.119.201 - - [01/Jul/2019:03:47:23 +0000] "GET /hr/o-nama/ HTTP/1.1" 301 247 "-" "Mozilla/5.0 (compatible; MJ12bot/v1.4.8; http://mj12bot.com/)"
144.76.119.201 - - [01/Jul/2019:03:47:26 +0000] "GET /hr/o-nama/ HTTP/1.1" 301 245 "-" "Mozilla/5.0 (compatible; MJ12bot/v1.4.8; http://mj12bot.com/)"
144.76.119.201 - - [01/Jul/2019:03:47:28 +0000] "GET /hr/o-nama HTTP/1.1" 301 246 "-" "Mozilla/5.0 (compatible; MJ12bot/v1.4.8; http://mj12bot.com/)"
144.76.119.201 - - [01/Jul/2019:03:47:33 +0000] "GET /hr/o-nama HTTP/1.1" 200 3489 "-" "Mozilla/5.0 (compatible; MJ12bot/v1.4.8; http://mj12bot.com/)"
144.76.119.201 - - [01/Jul/2019:03:47:35 +0000] "GET /hr/o-nama/ HTTP/1.1" 301 245 "-" "Mozilla/5.0 (compatible; MJ12bot/v1.4.8; http://mj12bot.com/)"
144.76.119.201 - - [01/Jul/2019:03:47:39 +0000] "GET /hr/o-nama HTTP/1.1" 301 246 "-" "Mozilla/5.0 (compatible; MJ12bot/v1.4.8; http://mj12bot.com/)"
144.76.119.201 - - [01/Jul/2019:03:47:41 +0000] "GET /hr/o-nama HTTP/1.1" 200 3489 "-" "Mozilla/5.0 (compatible; MJ12bot/v1.4.8; http://mj12bot.com/)"
144.76.119.201 - - [01/Jul/2019:03:47:43 +0000] "GET /hr/ponuda-klima-uredjaja-zadar HTTP/1.1" 301 267 "-" "Mozilla/5.0 (compatible; MJ12bot/v1.4.8; http://mj12bot.com/)"
144.76.119.201 - - [01/Jul/2019:03:47:46 +0000] "GET /hr/ponuda-klima-uredjaja-zadar HTTP/1.1" 200 4639 "-" "Mozilla/5.0 (compatible; MJ12bot/v1.4.8; http://mj12bot.com/)"
144.76.119.201 - - [01/Jul/2019:03:47:49 +0000] "GET /hr/ponuda-klima-uredjaja-zadar HTTP/1.1" 200 4639 "-" "Mozilla/5.0 (compatible; MJ12bot/v1.4.8; http://mj12bot.com/)"
144.76.119.201 - - [01/Jul/2019:03:47:58 +0000] "GET /hr/ponuda-klima-uredjaja-zadar/gree-amber-serija-gwh09yc-k6dna1a HTTP/1.1" 301 301 "-" "Mozilla/5.0 (compatible; MJ12bot/v1.4.8; http://mj12bot.com/)"
144.76.119.201 - - [01/Jul/2019:03:48:00 +0000] "GET /hr/ponuda-klima-uredjaja-zadar/gree-amber-serija-gwh09yc-k6dna1a HTTP/1.1" 200 5664 "-" "Mozilla/5.0 (compatible; MJ12bot/v1.4.8; http://mj12bot.com/)"
198.204.244.90 - - [01/Jul/2019:03:48:02 +0000] "GET /kontakt?id=63 HTTP/1.1" 200 3743 "-" "Mozilla/5.0 (compatible; MJ12bot/v1.4.8; http://mj12bot.com/)"
198.204.244.90 - - [01/Jul/2019:03:48:04 +0000] "GET /kontakt?id=64 HTTP/1.1" 301 250 "-" "Mozilla/5.0 (compatible; MJ12bot/v1.4.8; http://mj12bot.com/)"
144.76.119.201 - - [01/Jul/2019:03:48:04 +0000] "GET /hr/ponuda-klima-uredjaja-zadar/gree-amber-serija-gwh09yc-k6dna1a HTTP/1.1" 200 5664 "-" "Mozilla/5.0 (compatible; MJ12bot/v1.4.8; http://mj12bot.com/)"
144.76.119.201 - - [01/Jul/2019:03:48:07 +0000] "GET /hr/ponuda-klima-uredjaja-zadar/gree-amber-serija-gwh12yc-k6dna1a HTTP/1.1" 301 301 "-" "Mozilla/5.0 (compatible; MJ12bot/v1.4.8; http://mj12bot.com/)"
198.204.244.90 - - [01/Jul/2019:03:48:07 +0000] "GET /kontakt?id=64 HTTP/1.1" 200 3744 "-" "Mozilla/5.0 (compatible; MJ12bot/v1.4.8; http://mj12bot.com/)"
144.76.119.201 - - [01/Jul/2019:03:48:09 +0000] "GET /hr/ponuda-klima-uredjaja-zadar/gree-amber-serija-gwh12yc-k6dna1a HTTP/1.1" 200 5663 "-" "Mozilla/5.0 (compatible; MJ12bot/v1.4.8; http://mj12bot.com/)"
144.76.119.201 - - [01/Jul/2019:03:48:11 +0000] "GET /hr/ponuda-klima-uredjaja-zadar/gree-amber-serija-gwh12yc-k6dna1a HTTP/1.1" 200 5663 "-" "Mozilla/5.0 (compatible; MJ12bot/v1.4.8; http://mj12bot.com/)"
144.76.119.201 - - [01/Jul/2019:03:48:13 +0000] "GET /hr/ponuda-klima-uredjaja-zadar/gree-amber-serija-gwh12yd-k6dna1a HTTP/1.1" 301 301 "-" "Mozilla/5.0 (compatible; MJ12bot/v1.4.8; http://mj12bot.com/)"
144.76.119.201 - - [01/Jul/2019:03:48:18 +0000] "GET /hr/ponuda-klima-uredjaja-zadar/gree-amber-serija-gwh12yd-k6dna1a HTTP/1.1" 200 5666 "-" "Mozilla/5.0 (compatible; MJ12bot/v1.4.8; http://mj12bot.com/)"
144.76.119.201 - - [01/Jul/2019:03:48:20 +0000] "GET /hr/ponuda-klima-uredjaja-zadar/gree-amber-serija-gwh12yd-k6dna1a HTTP/1.1" 200 5666 "-" "Mozilla/5.0 (compatible; MJ12bot/v1.4.8; http://mj12bot.com/)"
198.204.244.90 - - [01/Jul/2019:03:48:23 +0000] "GET /kontakt?id=64 HTTP/1.1" 200 3745 "-" "Mozilla/5.0 (compatible; MJ12bot/v1.4.8; http://mj12bot.com/)"
144.76.119.201 - - [01/Jul/2019:03:48:24 +0000] "GET /hr/ponuda-klima-uredjaja-zadar/gree-amber-serija-gwh12ye-k6dna1a HTTP/1.1" 301 301 "-" "Mozilla/5.0 (compatible; MJ12bot/v1.4.8; http://mj12bot.com/)"
144.76.119.201 - - [01/Jul/2019:03:48:26 +0000] "GET /hr/ponuda-klima-uredjaja-zadar/gree-amber-serija-gwh12ye-k6dna1a HTTP/1.1" 200 5667 "-" "Mozilla/5.0 (compatible; MJ12bot/v1.4.8; http://mj12bot.com/)"
144.76.119.201 - - [01/Jul/2019:03:48:29 +0000] "GET /hr/ponuda-klima-uredjaja-zadar/gree-amber-serija-gwh12ye-k6dna1a HTTP/1.1" 200 5667 "-" "Mozilla/5.0 (compatible; MJ12bot/v1.4.8; http://mj12bot.com/)"
144.76.119.201 - - [01/Jul/2019:03:48:35 +0000] "GET /hr/ponuda-klima-uredjaja-zadar/gree-lomo-economical-gwh09qb-k3dnb4d HTTP/1.1" 301 304 "-" "Mozilla/5.0 (compatible; MJ12bot/v1.4.8; http://mj12bot.com/)"
144.76.119.201 - - [01/Jul/2019:03:48:37 +0000] "GET /hr/ponuda-klima-uredjaja-zadar/gree-lomo-economical-gwh09qb-k3dnb4d HTTP/1.1" 200 5385 "-" "Mozilla/5.0 (compatible; MJ12bot/v1.4.8; http://mj12bot.com/)"
198.204.244.90 - - [01/Jul/2019:03:48:39 +0000] "GET /kontakt?id=65 HTTP/1.1" 301 250 "-" "Mozilla/5.0 (compatible; MJ12bot/v1.4.8; http://mj12bot.com/)"
144.76.119.201 - - [01/Jul/2019:03:48:41 +0000] "GET /hr/ponuda-klima-uredjaja-zadar/gree-lomo-economical-gwh09qb-k3dnb4d HTTP/1.1" 200 5385 "-" "Mozilla/5.0 (compatible; MJ12bot/v1.4.8; http://mj12bot.com/)"
198.204.244.90 - - [01/Jul/2019:03:48:43 +0000] "GET /kontakt?id=65 HTTP/1.1" 200 3742 "-" "Mozilla/5.0 (compatible; MJ12bot/v1.4.8; http://mj12bot.com/)"
144.76.119.201 - - [01/Jul/2019:03:48:43 +0000] "GET /hr/ponuda-klima-uredjaja-zadar/gree-lomo-economical-gwh12qb-k3dnb4d HTTP/1.1" 301 304 "-" "Mozilla/5.0 (compatible; MJ12bot/v1.4.8; http://mj12bot.com/)"
144.76.119.201 - - [01/Jul/2019:03:48:45 +0000] "GET /hr/ponuda-klima-uredjaja-zadar/gree-lomo-economical-gwh12qb-k3dnb4d HTTP/1.1" 200 5394 "-" "Mozilla/5.0 (compatible; MJ12bot/v1.4.8; http://mj12bot.com/)"
198.204.244.90 - - [01/Jul/2019:03:48:46 +0000] "GET /kontakt?id=65 HTTP/1.1" 200 3743 "-" "Mozilla/5.0 (compatible; MJ12bot/v1.4.8; http://mj12bot.com/)"
198.204.244.90 - - [01/Jul/2019:03:48:51 +0000] "GET /kontakt?id=66 HTTP/1.1" 301 250 "-" "Mozilla/5.0 (compatible; MJ12bot/v1.4.8; http://mj12bot.com/)"
144.76.119.201 - - [01/Jul/2019:03:48:53 +0000] "GET /hr/ponuda-klima-uredjaja-zadar/gree-lomo-economical-gwh12qb-k3dnb4d HTTP/1.1" 200 5394 "-" "Mozilla/5.0 (compatible; MJ12bot/v1.4.8; http://mj12bot.com/)"
198.204.244.90 - - [01/Jul/2019:03:48:55 +0000] "GET /kontakt?id=66 HTTP/1.1" 200 3745 "-" "Mozilla/5.0 (compatible; MJ12bot/v1.4.8; http://mj12bot.com/)"
144.76.119.201 - - [01/Jul/2019:03:48:55 +0000] "GET /hr/ponuda-klima-uredjaja-zadar/gree-lomo-economical-gwh18qd-k3dnb4e HTTP/1.1" 301 304 "-" "Mozilla/5.0 (compatible; MJ12bot/v1.4.8; http://mj12bot.com/)"
144.76.119.201 - - [01/Jul/2019:03:48:57 +0000] "GET /hr/ponuda-klima-uredjaja-zadar/gree-lomo-economical-gwh18qd-k3dnb4e HTTP/1.1" 200 5400 "-" "Mozilla/5.0 (compatible; MJ12bot/v1.4.8; http://mj12bot.com/)"
198.204.244.90 - - [01/Jul/2019:03:49:02 +0000] "GET /kontakt?id=66 HTTP/1.1" 200 3742 "-" "Mozilla/5.0 (compatible; MJ12bot/v1.4.8; http://mj12bot.com/)"
144.76.119.201 - - [01/Jul/2019:03:49:10 +0000] "GET /hr/ponuda-klima-uredjaja-zadar/gree-lomo-economical-gwh18qd-k3dnb4e HTTP/1.1" 200 5400 "-" "Mozilla/5.0 (compatible; MJ12bot/v1.4.8; http://mj12bot.com/)"
144.76.119.201 - - [01/Jul/2019:03:49:13 +0000] "GET /hr/ponuda-klima-uredjaja-zadar/gree-lomo-economical-gwh24qd-k3dnb4a HTTP/1.1" 301 304 "-" "Mozilla/5.0 (compatible; MJ12bot/v1.4.8; http://mj12bot.com/)"
198.204.244.90 - - [01/Jul/2019:03:49:13 +0000] "GET /kontakt?id=67 HTTP/1.1" 301 250 "-" "Mozilla/5.0 (compatible; MJ12bot/v1.4.8; http://mj12bot.com/)"
144.76.119.201 - - [01/Jul/2019:03:49:15 +0000] "GET /hr/ponuda-klima-uredjaja-zadar/gree-lomo-economical-gwh24qd-k3dnb4a HTTP/1.1" 200 5398 "-" "Mozilla/5.0 (compatible; MJ12bot/v1.4.8; http://mj12bot.com/)"
144.76.119.201 - - [01/Jul/2019:03:49:17 +0000] "GET /hr/ponuda-klima-uredjaja-zadar/gree-lomo-economical-gwh24qd-k3dnb4a HTTP/1.1" 200 5398 "-" "Mozilla/5.0 (compatible; MJ12bot/v1.4.8; http://mj12bot.com/)"
198.204.244.90 - - [01/Jul/2019:03:49:18 +0000] "GET /kontakt?id=67 HTTP/1.1" 200 3745 "-" "Mozilla/5.0 (compatible; MJ12bot/v1.4.8; http://mj12bot.com/)"
144.76.119.201 - - [01/Jul/2019:03:49:19 +0000] "GET /hr/ponuda-klima-uredjaja-zadar/gree-lomo-regular-gwh09qb-k3dna5g HTTP/1.1" 301 301 "-" "Mozilla/5.0 (compatible; MJ12bot/v1.4.8; http://mj12bot.com/)"
144.76.119.201 - - [01/Jul/2019:03:49:22 +0000] "GET /hr/ponuda-klima-uredjaja-zadar/gree-lomo-regular-gwh09qb-k3dna5g HTTP/1.1" 200 5506 "-" "Mozilla/5.0 (compatible; MJ12bot/v1.4.8; http://mj12bot.com/)"
144.76.119.201 - - [01/Jul/2019:03:49:26 +0000] "GET /hr/ponuda-klima-uredjaja-zadar/gree-lomo-regular-gwh09qb-k3dna5g HTTP/1.1" 200 5506 "-" "Mozilla/5.0 (compatible; MJ12bot/v1.4.8; http://mj12bot.com/)"
144.76.119.201 - - [01/Jul/2019:03:49:28 +0000] "GET /hr/ponuda-klima-uredjaja-zadar/gree-lomo-regular-gwh12qc-k3dna5g HTTP/1.1" 301 301 "-" "Mozilla/5.0 (compatible; MJ12bot/v1.4.8; http://mj12bot.com/)"
144.76.119.201 - - [01/Jul/2019:03:49:30 +0000] "GET /hr/ponuda-klima-uredjaja-zadar/gree-lomo-regular-gwh12qc-k3dna5g HTTP/1.1" 200 5508 "-" "Mozilla/5.0 (compatible; MJ12bot/v1.4.8; http://mj12bot.com/)"
144.76.119.201 - - [01/Jul/2019:03:49:33 +0000] "GET /hr/ponuda-klima-uredjaja-zadar/gree-lomo-regular-gwh12qc-k3dna5g HTTP/1.1" 200 5508 "-" "Mozilla/5.0 (compatible; MJ12bot/v1.4.8; http://mj12bot.com/)"
144.76.119.201 - - [01/Jul/2019:03:49:35 +0000] "GET /hr/ponuda-klima-uredjaja-zadar/gree-lomo-regular-gwh18qd-k3dna5g HTTP/1.1" 301 301 "-" "Mozilla/5.0 (compatible; MJ12bot/v1.4.8; http://mj12bot.com/)"
198.204.244.90 - - [01/Jul/2019:03:49:36 +0000] "GET /kontakt?id=67 HTTP/1.1" 200 3742 "-" "Mozilla/5.0 (compatible; MJ12bot/v1.4.8; http://mj12bot.com/)"
144.76.119.201 - - [01/Jul/2019:03:49:37 +0000] "GET /hr/ponuda-klima-uredjaja-zadar/gree-lomo-regular-gwh18qd-k3dna5g HTTP/1.1" 200 5475 "-" "Mozilla/5.0 (compatible; MJ12bot/v1.4.8; http://mj12bot.com/)"
144.76.119.201 - - [01/Jul/2019:03:49:40 +0000] "GET /hr/ponuda-klima-uredjaja-zadar/gree-lomo-regular-gwh18qd-k3dna5g HTTP/1.1" 200 5475 "-" "Mozilla/5.0 (compatible; MJ12bot/v1.4.8; http://mj12bot.com/)"
198.204.244.90 - - [01/Jul/2019:03:49:41 +0000] "GET /kontakt?id=68 HTTP/1.1" 301 250 "-" "Mozilla/5.0 (compatible; MJ12bot/v1.4.8; http://mj12bot.com/)"
144.76.119.201 - - [01/Jul/2019:03:49:42 +0000] "GET /hr/ponuda-klima-uredjaja-zadar/gree-lomo-regular-gwh24qe-k3dna5g HTTP/1.1" 301 301 "-" "Mozilla/5.0 (compatible; MJ12bot/v1.4.8; http://mj12bot.com/)"
144.76.119.201 - - [01/Jul/2019:03:49:45 +0000] "GET /hr/ponuda-klima-uredjaja-zadar/gree-lomo-regular-gwh24qe-k3dna5g HTTP/1.1" 200 5482 "-" "Mozilla/5.0 (compatible; MJ12bot/v1.4.8; http://mj12bot.com/)"
198.204.244.90 - - [01/Jul/2019:03:49:47 +0000] "GET /kontakt?id=68 HTTP/1.1" 200 3743 "-" "Mozilla/5.0 (compatible; MJ12bot/v1.4.8; http://mj12bot.com/)"
