66.249.75.28 - - [13/Jul/2019:17:39:30 +0000] "GET /ponuda-klima-uredjaja-zadar/midea-blanc-plus-msmaau-24hrdn1-qrdogw HTTP/1.1" 301 303 "-" "Mozilla/5.0 (Linux; Android 6.0.1; Nexus 5X Build/MMB29P) AppleWebKit/537.36 (KHTML, like Gecko) Chrome/41.0.2272.96 Mobile Safari/537.36 (compatible; Googlebot/2.1; +http://www.google.com/bot.html)"
66.249.75.20 - - [13/Jul/2019:17:39:31 +0000] "GET /ponuda-klima-uredjaja-zadar/midea-blanc-plus-msmaau-24hrdn1-qrdogw HTTP/1.1" 200 5688 "-" "Mozilla/5.0 (Linux; Android 6.0.1; Nexus 5X Build/MMB29P) AppleWebKit/537.36 (KHTML, like Gecko) Chrome/41.0.2272.96 Mobile Safari/537.36 (compatible; Googlebot/2.1; +http://www.google.com/bot.html)"
66.249.75.211 - - [13/Jul/2019:18:02:56 +0000] "GET /wp-includes/class-wp-customize-section.php HTTP/1.1" 301 279 "-" "Mozilla/5.0 (Linux; Android 6.0.1; Nexus 5X Build/MMB29P) AppleWebKit/537.36 (KHTML, like Gecko) Chrome/41.0.2272.96 Mobile Safari/537.36 (compatible; Googlebot/2.1; +http://www.google.com/bot.html)"
66.249.75.21 - - [13/Jul/2019:18:02:56 +0000] "GET /wp-includes/class-wp-customize-section.php HTTP/1.1" 404 1104 "-" "Mozilla/5.0 (Linux; Android 6.0.1; Nexus 5X Build/MMB29P) AppleWebKit/537.36 (KHTML, like Gecko) Chrome/41.0.2272.96 Mobile Safari/537.36 (compatible; Googlebot/2.1; +http://www.google.com/bot.html)"
207.46.13.98 - - [13/Jul/2019:18:07:10 +0000] "GET /ponuda-klima-uredjaja-zadar/gree-amber-serija-gwh09yc-k6dna1a HTTP/1.1" 200 5662 "-" "Mozilla/5.0 (compatible; bingbot/2.0; +http://www.bing.com/bingbot.htm)"
66.249.75.207 - - [13/Jul/2019:18:08:32 +0000] "GET / HTTP/1.1" 301 237 "-" "Mozilla/5.0 (compatible; Googlebot/2.1; +http://www.google.com/bot.html)"
66.249.75.21 - - [13/Jul/2019:18:08:33 +0000] "GET / HTTP/1.1" 200 5234 "-" "Mozilla/5.0 (compatible; Googlebot/2.1; +http://www.google.com/bot.html)"
66.249.75.20 - - [13/Jul/2019:18:17:33 +0000] "GET /ponuda-klima-uredjaja-zadar/gree-lomo-regular-gwh12qc-k3dna5g HTTP/1.1" 200 5505 "-" "Mozilla/5.0 (compatible; Googlebot/2.1; +http://www.google.com/bot.html)"
66.249.75.27 - - [13/Jul/2019:18:30:56 +0000] "GET /kontakt?id=3 HTTP/1.1" 301 249 "-" "Mozilla/5.0 (Linux; Android 6.0.1; Nexus 5X Build/MMB29P) AppleWebKit/537.36 (KHTML, like Gecko) Chrome/41.0.2272.96 Mobile Safari/537.36 (compatible; Googlebot/2.1; +http://www.google.com/bot.html)"
66.249.75.19 - - [13/Jul/2019:18:30:57 +0000] "GET /kontakt?id=3 HTTP/1.1" 200 3744 "-" "Mozilla/5.0 (Linux; Android 6.0.1; Nexus 5X Build/MMB29P) AppleWebKit/537.36 (KHTML, like Gecko) Chrome/41.0.2272.96 Mobile Safari/537.36 (compatible; Googlebot/2.1; +http://www.google.com/bot.html)"
66.249.75.19 - - [13/Jul/2019:18:58:07 +0000] "GET /ponuda-klima-uredjaja-zadar/sinclair-mv-c12bi HTTP/1.1" 200 5087 "-" "Mozilla/5.0 (Linux; Android 6.0.1; Nexus 5X Build/MMB29P) AppleWebKit/537.36 (KHTML, like Gecko) Chrome/41.0.2272.96 Mobile Safari/537.36 (compatible; Googlebot/2.1; +http://www.google.com/bot.html)"
66.249.75.21 - - [13/Jul/2019:19:01:28 +0000] "GET /hr/ HTTP/1.1" 301 238 "-" "Mozilla/5.0 (Linux; Android 6.0.1; Nexus 5X Build/MMB29P) AppleWebKit/537.36 (KHTML, like Gecko) Chrome/41.0.2272.96 Mobile Safari/537.36 (compatible; Googlebot/2.1; +http://www.google.com/bot.html)"
66.249.75.29 - - [13/Jul/2019:19:01:28 +0000] "GET /hr HTTP/1.1" 301 239 "-" "Mozilla/5.0 (Linux; Android 6.0.1; Nexus 5X Build/MMB29P) AppleWebKit/537.36 (KHTML, like Gecko) Chrome/41.0.2272.96 Mobile Safari/537.36 (compatible; Googlebot/2.1; +http://www.google.com/bot.html)"
66.249.75.19 - - [13/Jul/2019:19:01:28 +0000] "GET /hr HTTP/1.1" 200 5234 "-" "Mozilla/5.0 (Linux; Android 6.0.1; Nexus 5X Build/MMB29P) AppleWebKit/537.36 (KHTML, like Gecko) Chrome/41.0.2272.96 Mobile Safari/537.36 (compatible; Googlebot/2.1; +http://www.google.com/bot.html)"
157.55.39.106 - - [13/Jul/2019:19:09:28 +0000] "GET /hr/ HTTP/1.1" 301 240 "-" "Mozilla/5.0 (compatible; bingbot/2.0; +http://www.bing.com/bingbot.htm)"
66.249.75.19 - - [13/Jul/2019:19:20:16 +0000] "GET /ponuda-klima-uredjaja-zadar/midea-mission-smart-msmbau-18hrfn1qrdogwb HTTP/1.1" 200 5753 "-" "Mozilla/5.0 (Linux; Android 6.0.1; Nexus 5X Build/MMB29P) AppleWebKit/537.36 (KHTML, like Gecko) Chrome/41.0.2272.96 Mobile Safari/537.36 (compatible; Googlebot/2.1; +http://www.google.com/bot.html)"
216.244.66.200 - - [13/Jul/2019:19:26:45 +0000] "GET /robots.txt HTTP/1.1" 301 247 "-" "Mozilla/5.0 (compatible; DotBot/1.1; http://www.opensiteexplorer.org/dotbot, help@moz.com)"
216.244.66.200 - - [13/Jul/2019:19:26:45 +0000] "GET /robots.txt HTTP/1.1" 200 24 "-" "Mozilla/5.0 (compatible; DotBot/1.1; http://www.opensiteexplorer.org/dotbot, help@moz.com)"
66.249.75.207 - - [13/Jul/2019:19:34:55 +0000] "GET /wp-includes/class-wp-customize-section.php HTTP/1.1" 301 279 "-" "Mozilla/5.0 (Linux; Android 6.0.1; Nexus 5X Build/MMB29P) AppleWebKit/537.36 (KHTML, like Gecko) Chrome/41.0.2272.96 Mobile Safari/537.36 (compatible; Googlebot/2.1; +http://www.google.com/bot.html)"
66.249.75.20 - - [13/Jul/2019:19:34:55 +0000] "GET /wp-includes/class-wp-customize-section.php HTTP/1.1" 404 1104 "-" "Mozilla/5.0 (Linux; Android 6.0.1; Nexus 5X Build/MMB29P) AppleWebKit/537.36 (KHTML, like Gecko) Chrome/41.0.2272.96 Mobile Safari/537.36 (compatible; Googlebot/2.1; +http://www.google.com/bot.html)"
94.156.102.160 - - [13/Jul/2019:19:35:51 +0000] "GET / HTTP/1.1" 301 237 "-" "Java/1.8.0_191"
66.249.75.29 - - [13/Jul/2019:19:38:40 +0000] "GET /ponuda-klima-uredjaja-zadar/mitsubishi-electric-kirgamine-fh-serija-msz-fh25va HTTP/1.1" 301 315 "-" "Mozilla/5.0 (Linux; Android 6.0.1; Nexus 5X Build/MMB29P) AppleWebKit/537.36 (KHTML, like Gecko) Chrome/41.0.2272.96 Mobile Safari/537.36 (compatible; Googlebot/2.1; +http://www.google.com/bot.html)"
66.249.75.19 - - [13/Jul/2019:19:38:41 +0000] "GET /ponuda-klima-uredjaja-zadar/mitsubishi-electric-kirgamine-fh-serija-msz-fh25va HTTP/1.1" 200 5786 "-" "Mozilla/5.0 (Linux; Android 6.0.1; Nexus 5X Build/MMB29P) AppleWebKit/537.36 (KHTML, like Gecko) Chrome/41.0.2272.96 Mobile Safari/537.36 (compatible; Googlebot/2.1; +http://www.google.com/bot.html)"
94.156.102.160 - - [13/Jul/2019:19:40:34 +0000] "GET / HTTP/1.1" 301 237 "-" "Java/1.8.0_191"
66.249.75.27 - - [13/Jul/2019:19:44:31 +0000] "GET /ponuda-klima-uredjaja-zadar/midea-blanc-msmaau-24hrdn1-qrdogw HTTP/1.1" 301 298 "-" "Mozilla/5.0 (Linux; Android 6.0.1; Nexus 5X Build/MMB29P) AppleWebKit/537.36 (KHTML, like Gecko) Chrome/41.0.2272.96 Mobile Safari/537.36 (compatible; Googlebot/2.1; +http://www.google.com/bot.html)"
66.249.75.19 - - [13/Jul/2019:19:44:32 +0000] "GET /ponuda-klima-uredjaja-zadar/midea-blanc-msmaau-24hrdn1-qrdogw HTTP/1.1" 200 5631 "-" "Mozilla/5.0 (Linux; Android 6.0.1; Nexus 5X Build/MMB29P) AppleWebKit/537.36 (KHTML, like Gecko) Chrome/41.0.2272.96 Mobile Safari/537.36 (compatible; Googlebot/2.1; +http://www.google.com/bot.html)"
66.249.75.29 - - [13/Jul/2019:19:45:22 +0000] "GET /ponuda-klima-uredjaja-zadar/mitsubishi-electric-super-inverter-msz-sf25ve HTTP/1.1" 301 310 "-" "Mozilla/5.0 (Linux; Android 6.0.1; Nexus 5X Build/MMB29P) AppleWebKit/537.36 (KHTML, like Gecko) Chrome/41.0.2272.96 Mobile Safari/537.36 (compatible; Googlebot/2.1; +http://www.google.com/bot.html)"
66.249.75.19 - - [13/Jul/2019:19:45:22 +0000] "GET /ponuda-klima-uredjaja-zadar/mitsubishi-electric-super-inverter-msz-sf25ve HTTP/1.1" 200 5468 "-" "Mozilla/5.0 (Linux; Android 6.0.1; Nexus 5X Build/MMB29P) AppleWebKit/537.36 (KHTML, like Gecko) Chrome/41.0.2272.96 Mobile Safari/537.36 (compatible; Googlebot/2.1; +http://www.google.com/bot.html)"
94.156.102.160 - - [13/Jul/2019:19:45:36 +0000] "GET / HTTP/1.1" 301 237 "-" "Java/1.8.0_191"
66.249.75.28 - - [13/Jul/2019:19:47:52 +0000] "GET /ponuda-klima-uredjaja-zadar/midea-mission-smart-msmbau-24hrfn1qrdogwb HTTP/1.1" 301 306 "-" "Mozilla/5.0 (Linux; Android 6.0.1; Nexus 5X Build/MMB29P) AppleWebKit/537.36 (KHTML, like Gecko) Chrome/41.0.2272.96 Mobile Safari/537.36 (compatible; Googlebot/2.1; +http://www.google.com/bot.html)"
66.249.75.21 - - [13/Jul/2019:19:47:53 +0000] "GET /ponuda-klima-uredjaja-zadar/midea-mission-smart-msmbau-24hrfn1qrdogwb HTTP/1.1" 200 5751 "-" "Mozilla/5.0 (Linux; Android 6.0.1; Nexus 5X Build/MMB29P) AppleWebKit/537.36 (KHTML, like Gecko) Chrome/41.0.2272.96 Mobile Safari/537.36 (compatible; Googlebot/2.1; +http://www.google.com/bot.html)"
94.156.102.160 - - [13/Jul/2019:19:50:26 +0000] "GET / HTTP/1.1" 301 237 "-" "Java/1.8.0_191"
66.249.75.20 - - [13/Jul/2019:19:57:29 +0000] "GET /aktualno/izradite-ekonomican-sustav-grijanja-uz-drzavnu-subvenciju HTTP/1.1" 200 5094 "-" "Mozilla/5.0 (Linux; Android 6.0.1; Nexus 5X Build/MMB29P) AppleWebKit/537.36 (KHTML, like Gecko) Chrome/41.0.2272.96 Mobile Safari/537.36 (compatible; Googlebot/2.1; +http://www.google.com/bot.html)"
216.244.66.200 - - [13/Jul/2019:19:58:52 +0000] "GET /hr/http/montis-klima.com/kontakt HTTP/1.1" 404 1104 "-" "Mozilla/5.0 (compatible; DotBot/1.1; http://www.opensiteexplorer.org/dotbot, help@moz.com)"
216.244.66.200 - - [13/Jul/2019:20:09:25 +0000] "GET /hr/kontakt?id=7 HTTP/1.1" 200 14511 "-" "Mozilla/5.0 (compatible; DotBot/1.1; http://www.opensiteexplorer.org/dotbot, help@moz.com)"
216.244.66.200 - - [13/Jul/2019:20:18:05 +0000] "GET /robots.txt HTTP/1.1" 301 247 "-" "Mozilla/5.0 (compatible; DotBot/1.1; http://www.opensiteexplorer.org/dotbot, help@moz.com)"
216.244.66.200 - - [13/Jul/2019:20:18:06 +0000] "GET /robots.txt HTTP/1.1" 200 24 "-" "Mozilla/5.0 (compatible; DotBot/1.1; http://www.opensiteexplorer.org/dotbot, help@moz.com)"
66.249.75.19 - - [13/Jul/2019:20:24:55 +0000] "GET /ponuda-klima-uredjaja-zadar/sinclair-rocky-serija-ash-12air3 HTTP/1.1" 200 5424 "-" "Mozilla/5.0 (Linux; Android 6.0.1; Nexus 5X Build/MMB29P) AppleWebKit/537.36 (KHTML, like Gecko) Chrome/41.0.2272.96 Mobile Safari/537.36 (compatible; Googlebot/2.1; +http://www.google.com/bot.html)"
66.249.75.28 - - [13/Jul/2019:20:31:11 +0000] "GET /hr?lang=hr HTTP/1.1" 301 247 "-" "Mozilla/5.0 (Linux; Android 6.0.1; Nexus 5X Build/MMB29P) AppleWebKit/537.36 (KHTML, like Gecko) Chrome/41.0.2272.96 Mobile Safari/537.36 (compatible; Googlebot/2.1; +http://www.google.com/bot.html)"
66.249.75.19 - - [13/Jul/2019:20:31:11 +0000] "GET /hr?lang=hr HTTP/1.1" 200 5234 "-" "Mozilla/5.0 (Linux; Android 6.0.1; Nexus 5X Build/MMB29P) AppleWebKit/537.36 (KHTML, like Gecko) Chrome/41.0.2272.96 Mobile Safari/537.36 (compatible; Googlebot/2.1; +http://www.google.com/bot.html)"
66.249.75.21 - - [13/Jul/2019:20:48:20 +0000] "GET /ponuda-klima-uredjaja-zadar/sinclair-spectrum-serija-ash-13bis HTTP/1.1" 200 5629 "-" "Mozilla/5.0 (Linux; Android 6.0.1; Nexus 5X Build/MMB29P) AppleWebKit/537.36 (KHTML, like Gecko) Chrome/41.0.2272.96 Mobile Safari/537.36 (compatible; Googlebot/2.1; +http://www.google.com/bot.html)"
66.249.75.28 - - [13/Jul/2019:20:50:00 +0000] "GET /ponuda-klima-uredjaja-zadar/midea-mission-smart-msmbau-12hrfn1qrdogwb HTTP/1.1" 301 306 "-" "Mozilla/5.0 (Linux; Android 6.0.1; Nexus 5X Build/MMB29P) AppleWebKit/537.36 (KHTML, like Gecko) Chrome/41.0.2272.96 Mobile Safari/537.36 (compatible; Googlebot/2.1; +http://www.google.com/bot.html)"
66.249.75.20 - - [13/Jul/2019:20:50:01 +0000] "GET /ponuda-klima-uredjaja-zadar/midea-mission-smart-msmbau-12hrfn1qrdogwb HTTP/1.1" 200 5767 "-" "Mozilla/5.0 (Linux; Android 6.0.1; Nexus 5X Build/MMB29P) AppleWebKit/537.36 (KHTML, like Gecko) Chrome/41.0.2272.96 Mobile Safari/537.36 (compatible; Googlebot/2.1; +http://www.google.com/bot.html)"
66.249.75.27 - - [13/Jul/2019:20:50:50 +0000] "GET / HTTP/1.1" 301 237 "-" "Mozilla/5.0 (Linux; Android 6.0.1; Nexus 5X Build/MMB29P) AppleWebKit/537.36 (KHTML, like Gecko) Chrome/41.0.2272.96 Mobile Safari/537.36 (compatible; Googlebot/2.1; +http://www.google.com/bot.html)"
66.249.75.20 - - [13/Jul/2019:20:50:50 +0000] "GET / HTTP/1.1" 200 5234 "-" "Mozilla/5.0 (Linux; Android 6.0.1; Nexus 5X Build/MMB29P) AppleWebKit/537.36 (KHTML, like Gecko) Chrome/41.0.2272.96 Mobile Safari/537.36 (compatible; Googlebot/2.1; +http://www.google.com/bot.html)"
216.244.66.200 - - [13/Jul/2019:20:59:05 +0000] "GET /hr/kontakt?id=86 HTTP/1.1" 200 14512 "-" "Mozilla/5.0 (compatible; DotBot/1.1; http://www.opensiteexplorer.org/dotbot, help@moz.com)"
66.249.75.19 - - [13/Jul/2019:21:02:07 +0000] "GET /aktualno/sve-o-dizalicama-topline HTTP/1.1" 200 4718 "-" "Mozilla/5.0 (compatible; Googlebot/2.1; +http://www.google.com/bot.html)"
66.249.75.207 - - [13/Jul/2019:21:02:58 +0000] "GET /wp-includes/class-wp-customize-section.php HTTP/1.1" 301 279 "-" "Mozilla/5.0 (Linux; Android 6.0.1; Nexus 5X Build/MMB29P) AppleWebKit/537.36 (KHTML, like Gecko) Chrome/41.0.2272.96 Mobile Safari/537.36 (compatible; Googlebot/2.1; +http://www.google.com/bot.html)"
66.249.75.19 - - [13/Jul/2019:21:02:59 +0000] "GET /wp-includes/class-wp-customize-section.php HTTP/1.1" 404 1104 "-" "Mozilla/5.0 (Linux; Android 6.0.1; Nexus 5X Build/MMB29P) AppleWebKit/537.36 (KHTML, like Gecko) Chrome/41.0.2272.96 Mobile Safari/537.36 (compatible; Googlebot/2.1; +http://www.google.com/bot.html)"
216.244.66.200 - - [13/Jul/2019:21:08:40 +0000] "GET /robots.txt HTTP/1.1" 301 247 "-" "Mozilla/5.0 (compatible; DotBot/1.1; http://www.opensiteexplorer.org/dotbot, help@moz.com)"
216.244.66.200 - - [13/Jul/2019:21:08:40 +0000] "GET /robots.txt HTTP/1.1" 200 24 "-" "Mozilla/5.0 (compatible; DotBot/1.1; http://www.opensiteexplorer.org/dotbot, help@moz.com)"
85.0.15.214 - - [13/Jul/2019:21:11:59 +0000] "GET /uploads/thumbnails/09c065ba9079151eab581f56a7c986dd.JPEG HTTP/1.1" 200 13033 "https://www.google.com/" "Mozilla/5.0 (iPhone; CPU iPhone OS 12_3_1 like Mac OS X) AppleWebKit/605.1.15 (KHTML, like Gecko) GSA/77.0.255294728 Mobile/16F203 Safari/604.1"
66.249.75.21 - - [13/Jul/2019:21:45:42 +0000] "GET /aktualno/imamo-rjesenje-za-najekonomicnije-grijanje-lg-therma-v HTTP/1.1" 200 5229 "-" "Mozilla/5.0 (Linux; Android 6.0.1; Nexus 5X Build/MMB29P) AppleWebKit/537.36 (KHTML, like Gecko) Chrome/41.0.2272.96 Mobile Safari/537.36 (compatible; Googlebot/2.1; +http://www.google.com/bot.html)"
66.249.75.28 - - [13/Jul/2019:21:54:28 +0000] "GET /ponuda-klima-uredjaja-zadar/sinclair-uni-dc-inverter-serija-asd-12ain HTTP/1.1" 301 306 "-" "Mozilla/5.0 (Linux; Android 6.0.1; Nexus 5X Build/MMB29P) AppleWebKit/537.36 (KHTML, like Gecko) Chrome/41.0.2272.96 Mobile Safari/537.36 (compatible; Googlebot/2.1; +http://www.google.com/bot.html)"
66.249.75.19 - - [13/Jul/2019:21:54:29 +0000] "GET /ponuda-klima-uredjaja-zadar/sinclair-uni-dc-inverter-serija-asd-12ain HTTP/1.1" 200 5433 "-" "Mozilla/5.0 (Linux; Android 6.0.1; Nexus 5X Build/MMB29P) AppleWebKit/537.36 (KHTML, like Gecko) Chrome/41.0.2272.96 Mobile Safari/537.36 (compatible; Googlebot/2.1; +http://www.google.com/bot.html)"
66.249.75.19 - - [13/Jul/2019:21:54:32 +0000] "GET /ismile/assets/countdown/dscountdown.css HTTP/1.1" 200 1537 "https://www.montis-klima.com/ponuda-klima-uredjaja-zadar/sinclair-uni-dc-inverter-serija-asd-12ain" "Mozilla/5.0 (Linux; Android 6.0.1; Nexus 5X Build/MMB29P) AppleWebKit/537.36 (KHTML, like Gecko) Chrome/41.0.2272.96 Mobile Safari/537.36 (compatible; Googlebot/2.1; +http://www.google.com/bot.html)"
66.249.75.27 - - [13/Jul/2019:22:00:20 +0000] "GET /ponuda-klima-uredjaja-zadar/samsung-maldives-ar24msfpewqneu HTTP/1.1" 301 296 "-" "Mozilla/5.0 (Linux; Android 6.0.1; Nexus 5X Build/MMB29P) AppleWebKit/537.36 (KHTML, like Gecko) Chrome/41.0.2272.96 Mobile Safari/537.36 (compatible; Googlebot/2.1; +http://www.google.com/bot.html)"
66.249.75.20 - - [13/Jul/2019:22:00:20 +0000] "GET /ponuda-klima-uredjaja-zadar/samsung-maldives-ar24msfpewqneu HTTP/1.1" 200 5572 "-" "Mozilla/5.0 (Linux; Android 6.0.1; Nexus 5X Build/MMB29P) AppleWebKit/537.36 (KHTML, like Gecko) Chrome/41.0.2272.96 Mobile Safari/537.36 (compatible; Googlebot/2.1; +http://www.google.com/bot.html)"
66.249.75.28 - - [13/Jul/2019:22:02:57 +0000] "GET / HTTP/1.1" 301 237 "-" "Mozilla/5.0 (compatible; Googlebot/2.1; +http://www.google.com/bot.html)"
157.55.39.52 - - [13/Jul/2019:22:05:16 +0000] "GET /ponuda-klima-uredjaja-zadar/mitsubishi-electric-super-inverter-msz-sf35ve HTTP/1.1" 200 5476 "-" "Mozilla/5.0 (compatible; bingbot/2.0; +http://www.bing.com/bingbot.htm)"
66.249.75.21 - - [13/Jul/2019:22:11:37 +0000] "GET /kontakt HTTP/1.1" 200 3744 "-" "Mozilla/5.0 (compatible; Googlebot/2.1; +http://www.google.com/bot.html)"
157.55.39.52 - - [13/Jul/2019:22:11:57 +0000] "GET /uploads/thumbnails/eaf4736fa9751b8a47c0bd9425ccb16e.JPEG HTTP/1.1" 200 14143 "-" "Mozilla/5.0 (compatible; bingbot/2.0; +http://www.bing.com/bingbot.htm)"
207.46.13.233 - - [13/Jul/2019:22:40:50 +0000] "GET /aktualno HTTP/1.1" 301 245 "-" "Mozilla/5.0 (compatible; bingbot/2.0; +http://www.bing.com/bingbot.htm)"
66.249.75.20 - - [13/Jul/2019:22:41:18 +0000] "GET /aktualno/imamo-rjesenje-za-najekonomicnije-grijanje-lg-therma-v HTTP/1.1" 200 5229 "-" "Mozilla/5.0 (compatible; Googlebot/2.1; +http://www.google.com/bot.html)"
40.77.167.120 - - [13/Jul/2019:22:48:01 +0000] "GET / HTTP/1.1" 301 237 "-" "Mozilla/5.0 (compatible; bingbot/2.0; +http://www.bing.com/bingbot.htm)"
216.244.66.200 - - [13/Jul/2019:22:49:33 +0000] "GET /robots.txt HTTP/1.1" 301 247 "-" "Mozilla/5.0 (compatible; DotBot/1.1; http://www.opensiteexplorer.org/dotbot, help@moz.com)"
216.244.66.200 - - [13/Jul/2019:22:49:34 +0000] "GET /robots.txt HTTP/1.1" 200 24 "-" "Mozilla/5.0 (compatible; DotBot/1.1; http://www.opensiteexplorer.org/dotbot, help@moz.com)"
216.244.66.200 - - [13/Jul/2019:23:12:28 +0000] "GET /hr/korisnik/ HTTP/1.1" 301 247 "-" "Mozilla/5.0 (compatible; DotBot/1.1; http://www.opensiteexplorer.org/dotbot, help@moz.com)"
216.244.66.200 - - [13/Jul/2019:23:24:33 +0000] "GET /hr/ponuda-klima-uredjaja-zadar/sinclair-uni-dc-inverter-serija-asc-18ain HTTP/1.1" 200 24337 "-" "Mozilla/5.0 (compatible; DotBot/1.1; http://www.opensiteexplorer.org/dotbot, help@moz.com)"
185.17.149.162 - - [13/Jul/2019:23:25:08 +0000] "GET /kontakt HTTP/1.0" 200 14474 "https://www.montis-klima.com/kontakt" "Mozilla/5.0 (Windows NT 6.1) AppleWebKit/537.36 (KHTML, like Gecko) Chrome/68.0.3440.106 Safari/537.36 Kinza/4.9.1"
185.17.149.162 - - [13/Jul/2019:23:25:08 +0000] "POST /mail HTTP/1.0" 200 - "https://www.montis-klima.com/kontakt" "Mozilla/5.0 (Windows NT 6.1) AppleWebKit/537.36 (KHTML, like Gecko) Chrome/68.0.3440.106 Safari/537.36 Kinza/4.9.1"
207.46.13.185 - - [13/Jul/2019:23:32:52 +0000] "GET /kontakt HTTP/1.1" 200 3743 "-" "Mozilla/5.0 (compatible; bingbot/2.0; +http://www.bing.com/bingbot.htm)"
66.249.75.29 - - [13/Jul/2019:23:43:28 +0000] "GET /kontakt?id=4 HTTP/1.1" 301 249 "-" "Mozilla/5.0 (Linux; Android 6.0.1; Nexus 5X Build/MMB29P) AppleWebKit/537.36 (KHTML, like Gecko) Chrome/41.0.2272.96 Mobile Safari/537.36 (compatible; Googlebot/2.1; +http://www.google.com/bot.html)"
66.249.75.21 - - [13/Jul/2019:23:43:29 +0000] "GET /kontakt?id=4 HTTP/1.1" 200 3745 "-" "Mozilla/5.0 (Linux; Android 6.0.1; Nexus 5X Build/MMB29P) AppleWebKit/537.36 (KHTML, like Gecko) Chrome/41.0.2272.96 Mobile Safari/537.36 (compatible; Googlebot/2.1; +http://www.google.com/bot.html)"
40.77.167.107 - - [13/Jul/2019:23:43:45 +0000] "GET /uploads/thumbnails/73f5a2abd70b5b286d94465340cf17fc.JPEG HTTP/1.1" 301 293 "-" "Mozilla/5.0 (compatible; bingbot/2.0; +http://www.bing.com/bingbot.htm)"
40.77.167.107 - - [13/Jul/2019:23:43:46 +0000] "GET /uploads/thumbnails/73f5a2abd70b5b286d94465340cf17fc.JPEG HTTP/1.1" 200 10125 "-" "Mozilla/5.0 (compatible; bingbot/2.0; +http://www.bing.com/bingbot.htm)"