213.32.63.123 - - [25/Jul/2019:00:06:50 +0000] "GET /wp-login.php HTTP/1.1" 301 244 "-" "Mozilla/5.0 (X11; Ubuntu; Linux x86_64; rv:62.0) Gecko/20100101 Firefox/62.0"
213.32.63.123 - - [25/Jul/2019:00:06:50 +0000] "GET /wp-login.php HTTP/1.1" 404 1104 "http://www.national.hr/wp-login.php" "Mozilla/5.0 (X11; Ubuntu; Linux x86_64; rv:62.0) Gecko/20100101 Firefox/62.0"
40.77.167.112 - - [25/Jul/2019:00:07:52 +0000] "GET /rooms/double-room HTTP/1.1" 200 4110 "-" "Mozilla/5.0 (compatible; bingbot/2.0; +http://www.bing.com/bingbot.htm)"
164.132.88.89 - - [25/Jul/2019:00:08:40 +0000] "GET /wp-login.php HTTP/1.1" 301 244 "-" "Mozilla/5.0 (X11; Ubuntu; Linux x86_64; rv:62.0) Gecko/20100101 Firefox/62.0"
164.132.88.89 - - [25/Jul/2019:00:08:40 +0000] "GET /wp-login.php HTTP/1.1" 404 1104 "http://www.national.hr/wp-login.php" "Mozilla/5.0 (X11; Ubuntu; Linux x86_64; rv:62.0) Gecko/20100101 Firefox/62.0"
157.55.39.46 - - [25/Jul/2019:00:15:40 +0000] "GET /img/hotel/6387201_orig.jpg HTTP/1.1" 200 407704 "-" "Mozilla/5.0 (compatible; bingbot/2.0; +http://www.bing.com/bingbot.htm)"
46.229.168.147 - - [25/Jul/2019:01:02:33 +0000] "GET /robots.txt HTTP/1.1" 200 24 "-" "Mozilla/5.0 (compatible; SemrushBot/3~bl; +http://www.semrush.com/bot.html)"
46.229.168.142 - - [25/Jul/2019:01:02:34 +0000] "GET /en/privacy-policy HTTP/1.1" 200 6770 "-" "Mozilla/5.0 (compatible; SemrushBot/3~bl; +http://www.semrush.com/bot.html)"
46.229.168.161 - - [25/Jul/2019:01:07:25 +0000] "GET /rooms/double-room-with-an-extra-bed HTTP/1.1" 200 4070 "-" "Mozilla/5.0 (compatible; SemrushBot/3~bl; +http://www.semrush.com/bot.html)"
40.77.167.41 - - [25/Jul/2019:01:11:39 +0000] "GET /en/news HTTP/1.1" 200 5609 "-" "Mozilla/5.0 (compatible; bingbot/2.0; +http://www.bing.com/bingbot.htm)"
157.55.39.46 - - [25/Jul/2019:01:12:51 +0000] "GET /uploads/images/03d1c430bcc463f908a8f77c55b05fae.jpg HTTP/1.1" 200 167786 "-" "Mozilla/5.0 (compatible; bingbot/2.0; +http://www.bing.com/bingbot.htm)"
5.255.253.35 - - [25/Jul/2019:01:17:06 +0000] "GET /robots.txt HTTP/1.1" 200 24 "-" "Mozilla/5.0 (compatible; YandexBot/3.0; +http://yandex.com/bots)"
159.69.77.47 - - [25/Jul/2019:01:17:09 +0000] "GET /.well-known/pki-validation/24AF1EA0B7F55D9981CD9A95722E68E9.txt HTTP/1.1" 301 295 "-" "COMODO DCV"
159.69.77.47 - - [25/Jul/2019:01:17:09 +0000] "GET /.well-known/pki-validation/24AF1EA0B7F55D9981CD9A95722E68E9.txt HTTP/1.1" 404 1104 "-" "COMODO DCV"
159.69.77.47 - - [25/Jul/2019:01:17:09 +0000] "GET /.well-known/pki-validation/83F8DD56CD98DA8C936898BE0FC7752B.txt HTTP/1.1" 301 295 "-" "COMODO DCV"
159.69.77.47 - - [25/Jul/2019:01:17:09 +0000] "GET /.well-known/pki-validation/83F8DD56CD98DA8C936898BE0FC7752B.txt HTTP/1.1" 404 1104 "-" "COMODO DCV"
159.69.77.47 - - [25/Jul/2019:01:17:09 +0000] "GET /.well-known/pki-validation/424B97D0339AF3A7D94BDCA81D4471F7.txt HTTP/1.1" 301 295 "-" "COMODO DCV"
159.69.77.47 - - [25/Jul/2019:01:17:09 +0000] "GET /.well-known/pki-validation/424B97D0339AF3A7D94BDCA81D4471F7.txt HTTP/1.1" 404 1104 "-" "COMODO DCV"
159.69.77.47 - - [25/Jul/2019:01:17:09 +0000] "GET /.well-known/pki-validation/58AF80A4676467FB8A0D0E073E550FE8.txt HTTP/1.1" 301 295 "-" "COMODO DCV"
159.69.77.47 - - [25/Jul/2019:01:17:09 +0000] "GET /.well-known/pki-validation/58AF80A4676467FB8A0D0E073E550FE8.txt HTTP/1.1" 404 1104 "-" "COMODO DCV"
141.8.142.88 - - [25/Jul/2019:01:17:10 +0000] "GET /en/rooms/economy-double-room HTTP/1.1" 200 4074 "-" "Mozilla/5.0 (iPhone; CPU iPhone OS 8_1 like Mac OS X) AppleWebKit/600.1.4 (KHTML, like Gecko) Version/8.0 Mobile/12B411 Safari/600.1.4 (compatible; YandexMobileBot/3.0; +http://yandex.com/bots)"
5.255.253.35 - - [25/Jul/2019:01:17:43 +0000] "GET /css/all.css HTTP/1.1" 200 112014 "https://www.national.hr/en/rooms/economy-double-room" "Mozilla/5.0 (iPhone; CPU iPhone OS 8_1 like Mac OS X) AppleWebKit/600.1.4 (KHTML, like Gecko) Version/8.0 Mobile/12B411 Safari/600.1.4 (compatible; YandexMobileBot/3.0; +http://yandex.com/bots)"
5.45.207.25 - - [25/Jul/2019:01:17:44 +0000] "GET /js/all.js HTTP/1.1" 200 198805 "https://www.national.hr/en/rooms/economy-double-room" "Mozilla/5.0 (iPhone; CPU iPhone OS 8_1 like Mac OS X) AppleWebKit/600.1.4 (KHTML, like Gecko) Version/8.0 Mobile/12B411 Safari/600.1.4 (compatible; YandexMobileBot/3.0; +http://yandex.com/bots)"
5.255.253.35 - - [25/Jul/2019:01:17:45 +0000] "GET /js/jquery.cookie.js HTTP/1.1" 200 2966 "https://www.national.hr/en/rooms/economy-double-room" "Mozilla/5.0 (iPhone; CPU iPhone OS 8_1 like Mac OS X) AppleWebKit/600.1.4 (KHTML, like Gecko) Version/8.0 Mobile/12B411 Safari/600.1.4 (compatible; YandexMobileBot/3.0; +http://yandex.com/bots)"
5.255.253.35 - - [25/Jul/2019:01:17:47 +0000] "GET /vendor/simple-line-icons/fonts/Simple-Line-Icons.woff2?v=2.4.0 HTTP/1.1" 200 30064 "https://www.national.hr/css/all.css" "Mozilla/5.0 (iPhone; CPU iPhone OS 8_1 like Mac OS X) AppleWebKit/600.1.4 (KHTML, like Gecko) Version/8.0 Mobile/12B411 Safari/600.1.4 (compatible; YandexMobileBot/3.0; +http://yandex.com/bots)"
5.255.253.35 - - [25/Jul/2019:01:17:48 +0000] "GET /vendor/font-awesome/fonts/fontawesome-webfont.woff2?v=4.7.0 HTTP/1.1" 200 77160 "https://www.national.hr/css/all.css" "Mozilla/5.0 (iPhone; CPU iPhone OS 8_1 like Mac OS X) AppleWebKit/600.1.4 (KHTML, like Gecko) Version/8.0 Mobile/12B411 Safari/600.1.4 (compatible; YandexMobileBot/3.0; +http://yandex.com/bots)"
70.68.138.144 - - [25/Jul/2019:01:27:47 +0000] "GET / HTTP/1.1" 200 7463 "https://www.google.com/" "Mozilla/5.0 (Macintosh; Intel Mac OS X 10_14_5) AppleWebKit/537.36 (KHTML, like Gecko) Chrome/75.0.3770.142 Safari/537.36"
70.68.138.144 - - [25/Jul/2019:01:27:47 +0000] "GET /img/demos/hotel/logo.png HTTP/1.1" 200 35182 "https://www.national.hr/" "Mozilla/5.0 (Macintosh; Intel Mac OS X 10_14_5) AppleWebKit/537.36 (KHTML, like Gecko) Chrome/75.0.3770.142 Safari/537.36"
70.68.138.144 - - [25/Jul/2019:01:27:48 +0000] "GET /uploads/images/8c445163a5b20b6c6ecf319345f02f95.jpg HTTP/1.1" 200 75410 "https://www.national.hr/" "Mozilla/5.0 (Macintosh; Intel Mac OS X 10_14_5) AppleWebKit/537.36 (KHTML, like Gecko) Chrome/75.0.3770.142 Safari/537.36"
70.68.138.144 - - [25/Jul/2019:01:27:47 +0000] "GET /css/all.css HTTP/1.1" 200 112014 "https://www.national.hr/" "Mozilla/5.0 (Macintosh; Intel Mac OS X 10_14_5) AppleWebKit/537.36 (KHTML, like Gecko) Chrome/75.0.3770.142 Safari/537.36"
70.68.138.144 - - [25/Jul/2019:01:27:48 +0000] "GET /uploads/images/7fc2d1450464345ae02e3075468d7d84.jpg HTTP/1.1" 200 90665 "https://www.national.hr/" "Mozilla/5.0 (Macintosh; Intel Mac OS X 10_14_5) AppleWebKit/537.36 (KHTML, like Gecko) Chrome/75.0.3770.142 Safari/537.36"
70.68.138.144 - - [25/Jul/2019:01:27:49 +0000] "GET /js/jquery.cookie.js HTTP/1.1" 200 2966 "https://www.national.hr/" "Mozilla/5.0 (Macintosh; Intel Mac OS X 10_14_5) AppleWebKit/537.36 (KHTML, like Gecko) Chrome/75.0.3770.142 Safari/537.36"
70.68.138.144 - - [25/Jul/2019:01:27:50 +0000] "GET /img/demos/hotel/gallery/gallery-1.jpg HTTP/1.1" 200 18364 "https://www.national.hr/" "Mozilla/5.0 (Macintosh; Intel Mac OS X 10_14_5) AppleWebKit/537.36 (KHTML, like Gecko) Chrome/75.0.3770.142 Safari/537.36"
70.68.138.144 - - [25/Jul/2019:01:27:50 +0000] "GET /vendor/simple-line-icons/fonts/Simple-Line-Icons.woff2?v=2.4.0 HTTP/1.1" 200 30064 "https://www.national.hr/css/all.css" "Mozilla/5.0 (Macintosh; Intel Mac OS X 10_14_5) AppleWebKit/537.36 (KHTML, like Gecko) Chrome/75.0.3770.142 Safari/537.36"
70.68.138.144 - - [25/Jul/2019:01:27:48 +0000] "GET /uploads/images/5171fc57c12b52ba5693e2efdf1b8bb8.jpg HTTP/1.1" 200 318366 "https://www.national.hr/" "Mozilla/5.0 (Macintosh; Intel Mac OS X 10_14_5) AppleWebKit/537.36 (KHTML, like Gecko) Chrome/75.0.3770.142 Safari/537.36"
70.68.138.144 - - [25/Jul/2019:01:27:52 +0000] "GET /img/demos/hotel/patterns/pattern.jpg HTTP/1.1" 200 3531 "https://www.national.hr/css/all.css" "Mozilla/5.0 (Macintosh; Intel Mac OS X 10_14_5) AppleWebKit/537.36 (KHTML, like Gecko) Chrome/75.0.3770.142 Safari/537.36"
70.68.138.144 - - [25/Jul/2019:01:27:50 +0000] "GET /vendor/font-awesome/fonts/fontawesome-webfont.woff2?v=4.7.0 HTTP/1.1" 200 77160 "https://www.national.hr/css/all.css" "Mozilla/5.0 (Macintosh; Intel Mac OS X 10_14_5) AppleWebKit/537.36 (KHTML, like Gecko) Chrome/75.0.3770.142 Safari/537.36"
70.68.138.144 - - [25/Jul/2019:01:27:53 +0000] "GET /vendor/flag/flags/4x3/gb.svg HTTP/1.1" 200 989 "https://www.national.hr/css/all.css" "Mozilla/5.0 (Macintosh; Intel Mac OS X 10_14_5) AppleWebKit/537.36 (KHTML, like Gecko) Chrome/75.0.3770.142 Safari/537.36"
70.68.138.144 - - [25/Jul/2019:01:27:53 +0000] "GET /img/demos/hotel/gallery/gallery-2.jpg HTTP/1.1" 200 9537 "https://www.national.hr/" "Mozilla/5.0 (Macintosh; Intel Mac OS X 10_14_5) AppleWebKit/537.36 (KHTML, like Gecko) Chrome/75.0.3770.142 Safari/537.36"
70.68.138.144 - - [25/Jul/2019:01:27:53 +0000] "GET /img/demos/hotel/gallery/gallery-3.jpg HTTP/1.1" 200 16588 "https://www.national.hr/" "Mozilla/5.0 (Macintosh; Intel Mac OS X 10_14_5) AppleWebKit/537.36 (KHTML, like Gecko) Chrome/75.0.3770.142 Safari/537.36"
70.68.138.144 - - [25/Jul/2019:01:27:53 +0000] "GET /img/demos/hotel/play-icon.png HTTP/1.1" 200 2559 "https://www.national.hr/" "Mozilla/5.0 (Macintosh; Intel Mac OS X 10_14_5) AppleWebKit/537.36 (KHTML, like Gecko) Chrome/75.0.3770.142 Safari/537.36"
70.68.138.144 - - [25/Jul/2019:01:27:48 +0000] "GET /uploads/images/483ce54ee782ddf2edc01706c3ad766e.jpg HTTP/1.1" 200 242423 "https://www.national.hr/" "Mozilla/5.0 (Macintosh; Intel Mac OS X 10_14_5) AppleWebKit/537.36 (KHTML, like Gecko) Chrome/75.0.3770.142 Safari/537.36"
70.68.138.144 - - [25/Jul/2019:01:27:54 +0000] "GET /uploads/thumbnails/340c06dfb22f6167dc7705fdd350551c.jpg HTTP/1.1" 200 52231 "https://www.national.hr/" "Mozilla/5.0 (Macintosh; Intel Mac OS X 10_14_5) AppleWebKit/537.36 (KHTML, like Gecko) Chrome/75.0.3770.142 Safari/537.36"
70.68.138.144 - - [25/Jul/2019:01:27:48 +0000] "GET /js/all.js HTTP/1.1" 200 198805 "https://www.national.hr/" "Mozilla/5.0 (Macintosh; Intel Mac OS X 10_14_5) AppleWebKit/537.36 (KHTML, like Gecko) Chrome/75.0.3770.142 Safari/537.36"
70.68.138.144 - - [25/Jul/2019:01:27:50 +0000] "GET /uploads/images/6f3efde49962ecb979e4d225adca5450.jpg HTTP/1.1" 200 292022 "https://www.national.hr/" "Mozilla/5.0 (Macintosh; Intel Mac OS X 10_14_5) AppleWebKit/537.36 (KHTML, like Gecko) Chrome/75.0.3770.142 Safari/537.36"
70.68.138.144 - - [25/Jul/2019:01:27:54 +0000] "GET /uploads/thumbnails/2c67b6eb0488329db46487d1dc98d07f.jpg HTTP/1.1" 200 62273 "https://www.national.hr/" "Mozilla/5.0 (Macintosh; Intel Mac OS X 10_14_5) AppleWebKit/537.36 (KHTML, like Gecko) Chrome/75.0.3770.142 Safari/537.36"
70.68.138.144 - - [25/Jul/2019:01:27:54 +0000] "GET /img/demos/hotel/logo-hotel-footer.png HTTP/1.1" 200 3378 "https://www.national.hr/" "Mozilla/5.0 (Macintosh; Intel Mac OS X 10_14_5) AppleWebKit/537.36 (KHTML, like Gecko) Chrome/75.0.3770.142 Safari/537.36"
70.68.138.144 - - [25/Jul/2019:01:27:54 +0000] "GET /uploads/thumbnails/5f7b6a433c8553b967e4c6fb4209a9f8.jpg HTTP/1.1" 200 77162 "https://www.national.hr/" "Mozilla/5.0 (Macintosh; Intel Mac OS X 10_14_5) AppleWebKit/537.36 (KHTML, like Gecko) Chrome/75.0.3770.142 Safari/537.36"
70.68.138.144 - - [25/Jul/2019:01:27:54 +0000] "GET /vendor/flag/flags/4x3/hr.svg HTTP/1.1" 200 80697 "https://www.national.hr/css/all.css" "Mozilla/5.0 (Macintosh; Intel Mac OS X 10_14_5) AppleWebKit/537.36 (KHTML, like Gecko) Chrome/75.0.3770.142 Safari/537.36"
70.68.138.144 - - [25/Jul/2019:01:27:55 +0000] "GET /img/pin.png HTTP/1.1" 200 668 "https://www.national.hr/" "Mozilla/5.0 (Macintosh; Intel Mac OS X 10_14_5) AppleWebKit/537.36 (KHTML, like Gecko) Chrome/75.0.3770.142 Safari/537.36"
70.68.138.144 - - [25/Jul/2019:01:27:55 +0000] "GET /img/demos/hotel/video-cover-bg-1.jpg HTTP/1.1" 200 102737 "https://www.national.hr/" "Mozilla/5.0 (Macintosh; Intel Mac OS X 10_14_5) AppleWebKit/537.36 (KHTML, like Gecko) Chrome/75.0.3770.142 Safari/537.36"
70.68.138.144 - - [25/Jul/2019:01:27:55 +0000] "GET /img/demos/hotel/parallax-hotel-map.png HTTP/1.1" 200 76744 "https://www.national.hr/" "Mozilla/5.0 (Macintosh; Intel Mac OS X 10_14_5) AppleWebKit/537.36 (KHTML, like Gecko) Chrome/75.0.3770.142 Safari/537.36"
70.68.138.144 - - [25/Jul/2019:01:27:55 +0000] "GET /img/demos/hotel/parallax-hotel.jpg HTTP/1.1" 200 167506 "https://www.national.hr/" "Mozilla/5.0 (Macintosh; Intel Mac OS X 10_14_5) AppleWebKit/537.36 (KHTML, like Gecko) Chrome/75.0.3770.142 Safari/537.36"
70.68.138.144 - - [25/Jul/2019:01:28:01 +0000] "GET /img/favicon.ico HTTP/1.1" 200 15086 "https://www.national.hr/" "Mozilla/5.0 (Macintosh; Intel Mac OS X 10_14_5) AppleWebKit/537.36 (KHTML, like Gecko) Chrome/75.0.3770.142 Safari/537.36"
46.229.168.144 - - [25/Jul/2019:01:31:10 +0000] "GET /hr/sobe/soba-s-dva-razdvojena-kreveta HTTP/1.1" 200 4187 "-" "Mozilla/5.0 (compatible; SemrushBot/3~bl; +http://www.semrush.com/bot.html)"
77.75.79.36 - - [25/Jul/2019:01:33:05 +0000] "GET /robots.txt HTTP/1.1" 200 24 "-" "Mozilla/5.0 (compatible; SeznamBot/3.2; +http://napoveda.seznam.cz/en/seznambot-intro/)"
77.75.79.36 - - [25/Jul/2019:01:33:06 +0000] "GET /uploads/thumbnails/c8f3aa92164902ce6f1560920d36ba31.jpg HTTP/1.1" 304 - "-" "Mozilla/5.0 (compatible; SeznamBot/3.2; +http://napoveda.seznam.cz/en/seznambot-intro/)"
157.55.39.46 - - [25/Jul/2019:01:34:21 +0000] "GET /uploads/images/89aad749e22dc99aeb19f18599deb99b.jpg HTTP/1.1" 301 283 "-" "Mozilla/5.0 (compatible; bingbot/2.0; +http://www.bing.com/bingbot.htm)"
157.55.39.46 - - [25/Jul/2019:01:34:22 +0000] "GET /uploads/images/89aad749e22dc99aeb19f18599deb99b.jpg HTTP/1.1" 200 138956 "-" "Mozilla/5.0 (compatible; bingbot/2.0; +http://www.bing.com/bingbot.htm)"
89.147.80.2 - - [25/Jul/2019:01:41:18 +0000] "GET /contact HTTP/1.0" 200 4502 "-" "Mozilla/5.0 (Windows NT 6.3; Win64; x64) AppleWebKit/537.36 (KHTML, like Gecko) Chrome/65.0.3325.181 Safari/537.36 Romash218922romash"
89.147.80.2 - - [25/Jul/2019:01:41:19 +0000] "POST /contact HTTP/1.0" 302 376 "https://www.national.hr/contact" "Mozilla/5.0 (Windows NT 6.3; Win64; x64) AppleWebKit/537.36 (KHTML, like Gecko) Chrome/65.0.3325.181 Safari/537.36 Romash218922romash"
89.147.80.2 - - [25/Jul/2019:01:41:20 +0000] "GET /thank-you HTTP/1.0" 200 3508 "https://www.national.hr/contact" "Mozilla/5.0 (Windows NT 6.3; Win64; x64) AppleWebKit/537.36 (KHTML, like Gecko) Chrome/65.0.3325.181 Safari/537.36 Romash218922romash"
66.249.79.27 - - [25/Jul/2019:01:41:21 +0000] "GET /rooms/double-room-with-an-extra-bed HTTP/1.1" 200 4070 "-" "Mozilla/5.0 (Linux; Android 6.0.1; Nexus 5X Build/MMB29P) AppleWebKit/537.36 (KHTML, like Gecko) Chrome/41.0.2272.96 Mobile Safari/537.36 (compatible; Googlebot/2.1; +http://www.google.com/bot.html)"
193.112.100.163 - - [25/Jul/2019:01:53:31 +0000] "GET /xmlrpc.php HTTP/1.1" 301 242 "-" "Mozilla/5.0 (Windows NT 6.1; WOW64; rv:45.0) Gecko/20100101 Firefox/45.0"
193.112.100.163 - - [25/Jul/2019:01:53:50 +0000] "GET /xmlrpc.php HTTP/1.1" 404 1104 "-" "Mozilla/5.0 (Windows NT 6.1; WOW64; rv:45.0) Gecko/20100101 Firefox/45.0"
207.46.13.205 - - [25/Jul/2019:01:53:51 +0000] "GET /kontakt--contact.html HTTP/1.1" 404 1104 "-" "Mozilla/5.0 (compatible; bingbot/2.0; +http://www.bing.com/bingbot.htm)"
185.245.85.230 - - [25/Jul/2019:01:57:28 +0000] "GET / HTTP/1.0" 301 232 "http://national.hr/" "Mozilla/5.0 (Windows NT 6.1; Win64; x64) AppleWebKit/537.36 (KHTML, like Gecko) Chrome/66.0.3359.170 Safari/537.36 OPR/53.0.2907.99"
185.245.85.230 - - [25/Jul/2019:01:57:28 +0000] "GET / HTTP/1.0" 200 39304 "https://www.national.hr/" "Mozilla/5.0 (Windows NT 6.1; Win64; x64) AppleWebKit/537.36 (KHTML, like Gecko) Chrome/66.0.3359.170 Safari/537.36 OPR/53.0.2907.99"
185.245.85.230 - - [25/Jul/2019:01:57:29 +0000] "GET /contact HTTP/1.0" 200 24493 "https://www.national.hr/contact" "Mozilla/5.0 (Windows NT 6.1; Win64; x64) AppleWebKit/537.36 (KHTML, like Gecko) Chrome/66.0.3359.170 Safari/537.36 OPR/53.0.2907.99"
185.245.85.230 - - [25/Jul/2019:01:57:30 +0000] "POST /contact HTTP/1.0" 302 376 "https://www.national.hr/contact" "Mozilla/5.0 (Windows NT 6.1; Win64; x64) AppleWebKit/537.36 (KHTML, like Gecko) Chrome/66.0.3359.170 Safari/537.36 OPR/53.0.2907.99"
185.245.85.230 - - [25/Jul/2019:01:57:30 +0000] "GET /thank-you HTTP/1.0" 200 20272 "https://www.national.hr/thank-you" "Mozilla/5.0 (Windows NT 6.1; Win64; x64) AppleWebKit/537.36 (KHTML, like Gecko) Chrome/66.0.3359.170 Safari/537.36 OPR/53.0.2907.99"
46.229.168.148 - - [25/Jul/2019:02:00:21 +0000] "GET /robots.txt HTTP/1.1" 200 24 "-" "Mozilla/5.0 (compatible; SemrushBot/3~bl; +http://www.semrush.com/bot.html)"
46.229.168.150 - - [25/Jul/2019:02:00:21 +0000] "GET /rooms/double-room HTTP/1.1" 200 4110 "-" "Mozilla/5.0 (compatible; SemrushBot/3~bl; +http://www.semrush.com/bot.html)"
207.46.13.205 - - [25/Jul/2019:02:07:09 +0000] "GET /uploads/images/d16c85ec2576a942241490af9d437e22.jpg HTTP/1.1" 200 92765 "-" "Mozilla/5.0 (compatible; bingbot/2.0; +http://www.bing.com/bingbot.htm)"
40.77.167.112 - - [25/Jul/2019:02:14:52 +0000] "GET /uploads/thumbnails/8747207459d6412ba3aebfbb62d70a65.jpg HTTP/1.1" 200 71320 "-" "Mozilla/5.0 (compatible; bingbot/2.0; +http://www.bing.com/bingbot.htm)"
95.158.189.118 - - [25/Jul/2019:02:17:09 +0000] "GET / HTTP/1.1" 200 7463 "-" "Mozilla/5.0 (compatible; RukiCrawler/1.0; +http://ruki.rezko.net)"
77.75.79.32 - - [25/Jul/2019:02:19:02 +0000] "GET /robots.txt HTTP/1.1" 200 24 "-" "Mozilla/5.0 (compatible; SeznamBot/3.2; +http://napoveda.seznam.cz/en/seznambot-intro/)"
77.75.79.32 - - [25/Jul/2019:02:19:02 +0000] "GET /uploads/thumbnails/2a09bfdabaefafa7b911dbe88ab7d9f8.jpg HTTP/1.1" 304 - "-" "Mozilla/5.0 (compatible; SeznamBot/3.2; +http://napoveda.seznam.cz/en/seznambot-intro/)"
54.149.74.194 - - [25/Jul/2019:02:22:12 +0000] "GET / HTTP/1.1" 301 232 "-" "Go-http-client/1.1"
54.213.38.52 - - [25/Jul/2019:02:22:34 +0000] "GET / HTTP/1.1" 301 232 "-" "Go-http-client/1.1"
54.213.38.52 - - [25/Jul/2019:02:22:35 +0000] "GET / HTTP/1.1" 200 7463 "-" "Go-http-client/1.1"
95.158.189.118 - - [25/Jul/2019:02:24:36 +0000] "GET / HTTP/1.1" 200 7463 "-" "Mozilla/5.0 (compatible; RukiCrawler/1.0; +http://ruki.rezko.net)"
5.255.253.13 - - [25/Jul/2019:02:28:56 +0000] "GET /news/welcome-to-our-new-website HTTP/1.1" 200 3763 "-" "Mozilla/5.0 (iPhone; CPU iPhone OS 8_1 like Mac OS X) AppleWebKit/600.1.4 (KHTML, like Gecko) Version/8.0 Mobile/12B411 Safari/600.1.4 (compatible; YandexMobileBot/3.0; +http://yandex.com/bots)"
95.158.189.118 - - [25/Jul/2019:02:36:35 +0000] "GET /contact HTTP/1.1" 200 4499 "-" "Mozilla/5.0 (compatible; RukiCrawler/1.0; +http://ruki.rezko.net)"
179.61.176.58 - - [25/Jul/2019:02:45:14 +0000] "GET / HTTP/1.1" 301 232 "-" "Mozilla/5.0 (Macintosh; Intel Mac OS X 10_12_5) AppleWebKit/537.36 (KHTML, like Gecko) Chrome/58.0.3029.110 Safari/537.36"
179.61.176.58 - - [25/Jul/2019:02:45:15 +0000] "GET / HTTP/1.1" 200 7463 "-" "Mozilla/5.0 (Macintosh; Intel Mac OS X 10_12_5) AppleWebKit/537.36 (KHTML, like Gecko) Chrome/58.0.3029.110 Safari/537.36"
46.229.168.142 - - [25/Jul/2019:02:58:21 +0000] "GET /robots.txt HTTP/1.1" 200 24 "-" "Mozilla/5.0 (compatible; SemrushBot/3~bl; +http://www.semrush.com/bot.html)"
46.229.168.146 - - [25/Jul/2019:02:58:22 +0000] "GET /en/contact HTTP/1.1" 200 4500 "-" "Mozilla/5.0 (compatible; SemrushBot/3~bl; +http://www.semrush.com/bot.html)"
77.75.79.54 - - [25/Jul/2019:03:00:52 +0000] "GET /robots.txt HTTP/1.1" 200 24 "-" "Mozilla/5.0 (compatible; SeznamBot/3.2; +http://napoveda.seznam.cz/en/seznambot-intro/)"
77.75.79.54 - - [25/Jul/2019:03:00:52 +0000] "GET /img/hotel/thumbs/1277440_orig.jpg HTTP/1.1" 304 - "-" "Mozilla/5.0 (compatible; SeznamBot/3.2; +http://napoveda.seznam.cz/en/seznambot-intro/)"
66.249.79.27 - - [25/Jul/2019:03:11:50 +0000] "GET /robots.txt HTTP/1.1" 200 24 "-" "Mozilla/5.0 (compatible; Googlebot/2.1; +http://www.google.com/bot.html)"
66.249.79.31 - - [25/Jul/2019:03:11:51 +0000] "GET /hr HTTP/1.1" 200 7382 "-" "Mozilla/5.0 (compatible; Googlebot/2.1; +http://www.google.com/bot.html)"
54.36.148.28 - - [25/Jul/2019:03:17:08 +0000] "GET /robots.txt HTTP/1.1" 200 24 "-" "Mozilla/5.0 (compatible; AhrefsBot/6.1; +http://ahrefs.com/robot/)"
54.36.150.89 - - [25/Jul/2019:03:17:08 +0000] "GET /img/hotel/9513390_orig.jpg HTTP/1.1" 200 327519 "-" "Mozilla/5.0 (compatible; AhrefsBot/6.1; +http://ahrefs.com/robot/)"
40.77.167.112 - - [25/Jul/2019:04:10:41 +0000] "GET /uploads/thumbnails/f01fea6613c1d0615eb94db24bda1949.jpg HTTP/1.1" 301 287 "-" "Mozilla/5.0 (compatible; bingbot/2.0; +http://www.bing.com/bingbot.htm)"
40.77.167.112 - - [25/Jul/2019:04:10:42 +0000] "GET /uploads/thumbnails/f01fea6613c1d0615eb94db24bda1949.jpg HTTP/1.1" 200 51074 "-" "Mozilla/5.0 (compatible; bingbot/2.0; +http://www.bing.com/bingbot.htm)"
157.55.39.46 - - [25/Jul/2019:04:11:06 +0000] "GET /en/book-now HTTP/1.1" 200 4479 "-" "Mozilla/5.0 (compatible; bingbot/2.0; +http://www.bing.com/bingbot.htm)"
157.55.39.46 - - [25/Jul/2019:04:11:11 +0000] "GET /robots.txt HTTP/1.1" 301 242 "-" "Mozilla/5.0 (compatible; bingbot/2.0; +http://www.bing.com/bingbot.htm)"
157.55.39.46 - - [25/Jul/2019:04:11:12 +0000] "GET /robots.txt HTTP/1.1" 200 24 "-" "Mozilla/5.0 (compatible; bingbot/2.0; +http://www.bing.com/bingbot.htm)"
40.77.188.9 - - [25/Jul/2019:04:11:25 +0000] "GET /js/jquery.cookie.js HTTP/1.1" 200 9741 "-" "Mozilla/5.0 (Windows NT 6.1; WOW64) AppleWebKit/534+ (KHTML, like Gecko) BingPreview/1.0b"
40.77.190.99 - - [25/Jul/2019:04:11:27 +0000] "GET /vendor/flag/flags/4x3/gb.svg HTTP/1.1" 200 989 "-" "Mozilla/5.0 (Windows NT 6.1; WOW64) AppleWebKit/534+ (KHTML, like Gecko) BingPreview/1.0b"
40.77.190.120 - - [25/Jul/2019:04:11:28 +0000] "GET /vendor/flag/flags/4x3/hr.svg HTTP/1.1" 200 80697 "-" "Mozilla/5.0 (Windows NT 6.1; WOW64) AppleWebKit/534+ (KHTML, like Gecko) BingPreview/1.0b"
40.77.189.87 - - [25/Jul/2019:04:11:32 +0000] "GET /vendor/simple-line-icons/fonts/Simple-Line-Icons.ttf?v=2.4.0 HTTP/1.1" 200 54056 "-" "Mozilla/5.0 (Windows NT 6.1; WOW64) AppleWebKit/534+ (KHTML, like Gecko) BingPreview/1.0b"
40.77.189.47 - - [25/Jul/2019:04:11:34 +0000] "GET /vendor/font-awesome/fonts/fontawesome-webfont.ttf?v=4.7.0 HTTP/1.1" 200 165548 "-" "Mozilla/5.0 (Windows NT 6.1; WOW64) AppleWebKit/534+ (KHTML, like Gecko) BingPreview/1.0b"
54.162.102.36 - - [25/Jul/2019:04:22:47 +0000] "GET /robots.txt HTTP/1.1" 301 242 "-" "MixnodeCache/1.8(+https://cache.mixnode.com/)"
54.162.102.36 - - [25/Jul/2019:04:22:48 +0000] "GET /robots.txt HTTP/1.1" 200 24 "-" "MixnodeCache/1.8(+https://cache.mixnode.com/)"
157.55.39.46 - - [25/Jul/2019:04:27:35 +0000] "GET /en/news/the-national-zagrebacko-zagrijavanje-za-superuho-festival-10072018-at-21-00h HTTP/1.1" 200 4331 "-" "Mozilla/5.0 (compatible; bingbot/2.0; +http://www.bing.com/bingbot.htm)"
54.162.102.36 - - [25/Jul/2019:04:29:45 +0000] "GET /ads.txt HTTP/1.1" 301 239 "-" "MixnodeCache/1.8(+https://cache.mixnode.com/)"
162.210.196.100 - - [25/Jul/2019:04:38:51 +0000] "GET /robots.txt HTTP/1.1" 301 242 "-" "Mozilla/5.0 (compatible; MJ12bot/v1.4.8; http://mj12bot.com/)"
162.210.196.100 - - [25/Jul/2019:04:38:53 +0000] "GET /robots.txt HTTP/1.1" 200 24 "-" "Mozilla/5.0 (compatible; MJ12bot/v1.4.8; http://mj12bot.com/)"
162.210.196.100 - - [25/Jul/2019:04:38:56 +0000] "GET / HTTP/1.1" 301 232 "-" "Mozilla/5.0 (compatible; MJ12bot/v1.4.8; http://mj12bot.com/)"
162.210.196.100 - - [25/Jul/2019:04:39:01 +0000] "GET / HTTP/1.1" 200 39304 "-" "Mozilla/5.0 (compatible; MJ12bot/v1.4.8; http://mj12bot.com/)"
66.249.79.27 - - [25/Jul/2019:04:50:01 +0000] "GET /news/lord-of-the-dance-0804-2000-pm-arena-zagreb HTTP/1.1" 200 4621 "-" "Mozilla/5.0 (Linux; Android 6.0.1; Nexus 5X Build/MMB29P) AppleWebKit/537.36 (KHTML, like Gecko) Chrome/41.0.2272.96 Mobile Safari/537.36 (compatible; Googlebot/2.1; +http://www.google.com/bot.html)"
66.249.79.29 - - [25/Jul/2019:04:55:47 +0000] "GET /hr/aktualno/valentinovo-u-hotelu-national-rezervacijom-sobe-za-1402-svaka-soba-osvaja-poklon-iznenadjenja HTTP/1.1" 200 4168 "-" "Mozilla/5.0 (compatible; Googlebot/2.1; +http://www.google.com/bot.html)"
157.55.39.161 - - [25/Jul/2019:05:01:52 +0000] "GET /hr/aktualno/koncert-rod-stewart-02022018-arena-zagreb-10-popusta-na-smjestaj-uz-ulaznice-za-koncert HTTP/1.1" 301 331 "-" "Mozilla/5.0 (compatible; bingbot/2.0; +http://www.bing.com/bingbot.htm)"
34.213.48.45 - - [25/Jul/2019:05:11:42 +0000] "GET / HTTP/1.1" 301 232 "-" "Mozilla/5.0 (Windows NT 10.0; Win64; x64)AppleWebKit/537.36 (KHTML, like Gecko) Chrome/66.0.3359.181 Safari/537.36"
34.213.48.45 - - [25/Jul/2019:05:11:44 +0000] "GET / HTTP/1.1" 200 7463 "-" "Mozilla/5.0 (Windows NT 10.0; Win64; x64)AppleWebKit/537.36 (KHTML, like Gecko) Chrome/66.0.3359.181 Safari/537.36"
34.213.48.45 - - [25/Jul/2019:05:11:45 +0000] "GET / HTTP/1.1" 301 232 "-" "Mozilla/5.0 (Windows NT 10.0; Win64; x64)AppleWebKit/537.36 (KHTML, like Gecko) Chrome/66.0.3359.181 Safari/537.36"
34.213.48.45 - - [25/Jul/2019:05:11:45 +0000] "GET / HTTP/1.1" 200 7463 "-" "Mozilla/5.0 (Windows NT 10.0; Win64; x64)AppleWebKit/537.36 (KHTML, like Gecko) Chrome/66.0.3359.181 Safari/537.36"
5.255.253.35 - - [25/Jul/2019:05:19:49 +0000] "GET /robots.txt HTTP/1.1" 200 24 "-" "Mozilla/5.0 (compatible; YandexBot/3.0; +http://yandex.com/bots)"
5.45.207.25 - - [25/Jul/2019:05:19:52 +0000] "GET /en/documents HTTP/1.1" 200 3339 "-" "Mozilla/5.0 (iPhone; CPU iPhone OS 8_1 like Mac OS X) AppleWebKit/600.1.4 (KHTML, like Gecko) Version/8.0 Mobile/12B411 Safari/600.1.4 (compatible; YandexMobileBot/3.0; +http://yandex.com/bots)"
5.255.253.35 - - [25/Jul/2019:05:20:31 +0000] "GET /en/documents HTTP/1.1" 200 3339 "-" "Mozilla/5.0 (iPhone; CPU iPhone OS 8_1 like Mac OS X) AppleWebKit/600.1.4 (KHTML, like Gecko) Version/8.0 Mobile/12B411 Safari/600.1.4 (compatible; YandexMobileBot/3.0; +http://yandex.com/bots)"
46.229.168.133 - - [25/Jul/2019:05:31:09 +0000] "GET /robots.txt HTTP/1.1" 301 242 "-" "Mozilla/5.0 (compatible; SemrushBot/3~bl; +http://www.semrush.com/bot.html)"
46.229.168.133 - - [25/Jul/2019:05:31:09 +0000] "GET /robots.txt HTTP/1.1" 200 24 "-" "Mozilla/5.0 (compatible; SemrushBot/3~bl; +http://www.semrush.com/bot.html)"
46.229.168.144 - - [25/Jul/2019:05:31:09 +0000] "GET /hr/aktualno/ljetni-piknik-u-zagrebu-2-do-30-kolovoza-svakog-cetvrtka-u-popodnevno-vecernjim-satima-18-23-h HTTP/1.1" 301 338 "-" "Mozilla/5.0 (compatible; SemrushBot/3~bl; +http://www.semrush.com/bot.html)"
46.229.168.144 - - [25/Jul/2019:05:31:11 +0000] "GET /hr/aktualno/ljetni-piknik-u-zagrebu-2-do-30-kolovoza-svakog-cetvrtka-u-popodnevno-vecernjim-satima-18-23-h HTTP/1.1" 200 4459 "-" "Mozilla/5.0 (compatible; SemrushBot/3~bl; +http://www.semrush.com/bot.html)"
34.74.167.16 - - [25/Jul/2019:05:42:07 +0000] "GET /robots.txt HTTP/1.0" 301 242 "-" "ZoominfoBot (zoominfobot at zoominfo dot com)"
34.74.167.16 - - [25/Jul/2019:05:42:08 +0000] "GET /robots.txt HTTP/1.1" 200 24 "-" "ZoominfoBot (zoominfobot at zoominfo dot com)"
34.74.167.16 - - [25/Jul/2019:05:42:08 +0000] "GET / HTTP/1.0" 301 232 "-" "ZoominfoBot (zoominfobot at zoominfo dot com)"
46.229.168.129 - - [25/Jul/2019:05:45:41 +0000] "GET /news HTTP/1.1" 200 5610 "-" "Mozilla/5.0 (compatible; SemrushBot/3~bl; +http://www.semrush.com/bot.html)"
34.74.167.16 - - [25/Jul/2019:05:48:19 +0000] "GET /robots.txt HTTP/1.0" 301 242 "-" "ZoominfoBot (zoominfobot at zoominfo dot com)"
34.74.167.16 - - [25/Jul/2019:05:48:20 +0000] "GET /robots.txt HTTP/1.1" 200 24 "-" "ZoominfoBot (zoominfobot at zoominfo dot com)"
34.74.167.16 - - [25/Jul/2019:05:48:20 +0000] "GET / HTTP/1.0" 301 232 "-" "ZoominfoBot (zoominfobot at zoominfo dot com)"
34.74.167.16 - - [25/Jul/2019:05:48:20 +0000] "GET /robots.txt HTTP/1.0" 200 24 "-" "ZoominfoBot (zoominfobot at zoominfo dot com)"
34.74.167.16 - - [25/Jul/2019:05:48:20 +0000] "GET / HTTP/1.0" 200 7463 "-" "ZoominfoBot (zoominfobot at zoominfo dot com)"
17.58.100.140 - - [25/Jul/2019:05:49:29 +0000] "GET /news/the-national-zagrebacko-zagrijavanje-za-superuho-festival-10072018-at-21-00h HTTP/1.1" 200 4332 "-" "Mozilla/5.0 (Macintosh; Intel Mac OS X 10_10_1) AppleWebKit/600.2.5 (KHTML, like Gecko) Version/8.0.2 Safari/600.2.5 (Applebot/0.1; +http://www.apple.com/go/applebot)"
66.249.79.29 - - [25/Jul/2019:05:53:33 +0000] "GET /hr/rezervacija HTTP/1.1" 200 4588 "-" "Mozilla/5.0 (Linux; Android 6.0.1; Nexus 5X Build/MMB29P) AppleWebKit/537.36 (KHTML, like Gecko) Chrome/41.0.2272.96 Mobile Safari/537.36 (compatible; Googlebot/2.1; +http://www.google.com/bot.html)"
46.229.168.154 - - [25/Jul/2019:05:59:21 +0000] "GET /rooms/twin-room HTTP/1.1" 200 4074 "-" "Mozilla/5.0 (compatible; SemrushBot/3~bl; +http://www.semrush.com/bot.html)"
157.55.39.161 - - [25/Jul/2019:06:06:56 +0000] "GET /uploads/thumbnails/f7d712078ed1fec8c7a53bea849d6cb8.jpg HTTP/1.1" 200 57260 "-" "Mozilla/5.0 (compatible; bingbot/2.0; +http://www.bing.com/bingbot.htm)"
66.249.79.29 - - [25/Jul/2019:06:07:01 +0000] "GET /hr/hotel HTTP/1.1" 200 5373 "-" "Mozilla/5.0 (Linux; Android 6.0.1; Nexus 5X Build/MMB29P) AppleWebKit/537.36 (KHTML, like Gecko) Chrome/41.0.2272.96 Mobile Safari/537.36 (compatible; Googlebot/2.1; +http://www.google.com/bot.html)"
157.55.39.161 - - [25/Jul/2019:06:14:28 +0000] "GET /img/hotel/thumbs/3262708_orig.jpg HTTP/1.1" 200 59457 "-" "Mozilla/5.0 (compatible; bingbot/2.0; +http://www.bing.com/bingbot.htm)"
66.249.79.3 - - [25/Jul/2019:06:18:34 +0000] "GET /robots.txt HTTP/1.1" 301 242 "-" "Mozilla/5.0 (compatible; Googlebot/2.1; +http://www.google.com/bot.html)"
66.249.79.27 - - [25/Jul/2019:06:18:34 +0000] "GET /robots.txt HTTP/1.1" 200 24 "-" "Mozilla/5.0 (compatible; Googlebot/2.1; +http://www.google.com/bot.html)"
66.249.79.28 - - [25/Jul/2019:06:18:35 +0000] "GET / HTTP/1.1" 301 232 "-" "Mozilla/5.0 (Linux; Android 6.0.1; Nexus 5X Build/MMB29P) AppleWebKit/537.36 (KHTML, like Gecko) Chrome/41.0.2272.96 Mobile Safari/537.36 (compatible; Googlebot/2.1; +http://www.google.com/bot.html)"
35.157.32.153 - - [25/Jul/2019:06:25:37 +0000] "GET / HTTP/1.1" 301 232 "-" "Mozilla/5.0 (Windows NT 6.1; Win64; x64; Trident/7.0; rv:11.0) like Gecko"
35.157.32.153 - - [25/Jul/2019:06:25:37 +0000] "GET / HTTP/1.1" 200 39304 "-" "Mozilla/5.0 (Windows NT 6.1; Win64; x64; Trident/7.0; rv:11.0) like Gecko"
91.194.243.10 - - [25/Jul/2019:06:25:37 +0000] "GET / HTTP/1.1" 301 232 "http://iportal/companyLife/HRcorner/Pages/Business-travel.aspx" "Mozilla/5.0 (Windows NT 6.1; Win64; x64; Trident/7.0; rv:11.0) like Gecko"
91.194.243.10 - - [25/Jul/2019:06:25:38 +0000] "GET / HTTP/1.1" 200 7463 "http://iportal/companyLife/HRcorner/Pages/Business-travel.aspx" "Mozilla/5.0 (Windows NT 6.1; Win64; x64; Trident/7.0; rv:11.0) like Gecko"
91.194.243.10 - - [25/Jul/2019:06:25:38 +0000] "GET /img/demos/hotel/logo.png HTTP/1.1" 200 35182 "https://www.national.hr/" "Mozilla/5.0 (Windows NT 6.1; Win64; x64; Trident/7.0; rv:11.0) like Gecko"
91.194.243.10 - - [25/Jul/2019:06:25:38 +0000] "GET /css/all.css HTTP/1.1" 200 112014 "https://www.national.hr/" "Mozilla/5.0 (Windows NT 6.1; Win64; x64; Trident/7.0; rv:11.0) like Gecko"
91.194.243.10 - - [25/Jul/2019:06:25:38 +0000] "GET /img/demos/hotel/gallery/gallery-3.jpg HTTP/1.1" 200 16588 "https://www.national.hr/" "Mozilla/5.0 (Windows NT 6.1; Win64; x64; Trident/7.0; rv:11.0) like Gecko"
91.194.243.10 - - [25/Jul/2019:06:25:38 +0000] "GET /uploads/images/8c445163a5b20b6c6ecf319345f02f95.jpg HTTP/1.1" 200 75410 "https://www.national.hr/" "Mozilla/5.0 (Windows NT 6.1; Win64; x64; Trident/7.0; rv:11.0) like Gecko"
91.194.243.10 - - [25/Jul/2019:06:25:38 +0000] "GET /uploads/images/7fc2d1450464345ae02e3075468d7d84.jpg HTTP/1.1" 200 90665 "https://www.national.hr/" "Mozilla/5.0 (Windows NT 6.1; Win64; x64; Trident/7.0; rv:11.0) like Gecko"
91.194.243.10 - - [25/Jul/2019:06:25:38 +0000] "GET /uploads/images/6f3efde49962ecb979e4d225adca5450.jpg HTTP/1.1" 200 292022 "https://www.national.hr/" "Mozilla/5.0 (Windows NT 6.1; Win64; x64; Trident/7.0; rv:11.0) like Gecko"
91.194.243.10 - - [25/Jul/2019:06:25:38 +0000] "GET /uploads/images/5171fc57c12b52ba5693e2efdf1b8bb8.jpg HTTP/1.1" 200 318366 "https://www.national.hr/" "Mozilla/5.0 (Windows NT 6.1; Win64; x64; Trident/7.0; rv:11.0) like Gecko"
91.194.243.10 - - [25/Jul/2019:06:25:38 +0000] "GET /img/demos/hotel/gallery/gallery-1.jpg HTTP/1.1" 200 18364 "https://www.national.hr/" "Mozilla/5.0 (Windows NT 6.1; Win64; x64; Trident/7.0; rv:11.0) like Gecko"
91.194.243.10 - - [25/Jul/2019:06:25:38 +0000] "GET /uploads/thumbnails/340c06dfb22f6167dc7705fdd350551c.jpg HTTP/1.1" 200 52231 "https://www.national.hr/" "Mozilla/5.0 (Windows NT 6.1; Win64; x64; Trident/7.0; rv:11.0) like Gecko"
91.194.243.10 - - [25/Jul/2019:06:25:38 +0000] "GET /img/demos/hotel/play-icon.png HTTP/1.1" 200 2559 "https://www.national.hr/" "Mozilla/5.0 (Windows NT 6.1; Win64; x64; Trident/7.0; rv:11.0) like Gecko"
91.194.243.10 - - [25/Jul/2019:06:25:38 +0000] "GET /img/demos/hotel/gallery/gallery-2.jpg HTTP/1.1" 200 9537 "https://www.national.hr/" "Mozilla/5.0 (Windows NT 6.1; Win64; x64; Trident/7.0; rv:11.0) like Gecko"
91.194.243.10 - - [25/Jul/2019:06:25:38 +0000] "GET /js/jquery.cookie.js HTTP/1.1" 200 2966 "https://www.national.hr/" "Mozilla/5.0 (Windows NT 6.1; Win64; x64; Trident/7.0; rv:11.0) like Gecko"
91.194.243.10 - - [25/Jul/2019:06:25:38 +0000] "GET /js/all.js HTTP/1.1" 200 198805 "https://www.national.hr/" "Mozilla/5.0 (Windows NT 6.1; Win64; x64; Trident/7.0; rv:11.0) like Gecko"
91.194.243.10 - - [25/Jul/2019:06:25:38 +0000] "GET /uploads/images/483ce54ee782ddf2edc01706c3ad766e.jpg HTTP/1.1" 200 242423 "https://www.national.hr/" "Mozilla/5.0 (Windows NT 6.1; Win64; x64; Trident/7.0; rv:11.0) like Gecko"
91.194.243.10 - - [25/Jul/2019:06:25:39 +0000] "GET /img/demos/hotel/patterns/pattern.jpg HTTP/1.1" 200 3531 "https://www.national.hr/" "Mozilla/5.0 (Windows NT 6.1; Win64; x64; Trident/7.0; rv:11.0) like Gecko"
91.194.243.10 - - [25/Jul/2019:06:25:39 +0000] "GET /uploads/thumbnails/2c67b6eb0488329db46487d1dc98d07f.jpg HTTP/1.1" 200 62273 "https://www.national.hr/" "Mozilla/5.0 (Windows NT 6.1; Win64; x64; Trident/7.0; rv:11.0) like Gecko"
91.194.243.10 - - [25/Jul/2019:06:25:38 +0000] "GET /uploads/thumbnails/5f7b6a433c8553b967e4c6fb4209a9f8.jpg HTTP/1.1" 200 77162 "https://www.national.hr/" "Mozilla/5.0 (Windows NT 6.1; Win64; x64; Trident/7.0; rv:11.0) like Gecko"
91.194.243.10 - - [25/Jul/2019:06:25:39 +0000] "GET /vendor/simple-line-icons/fonts/Simple-Line-Icons.eot?v=2.4.0 HTTP/1.1" 200 54266 "https://www.national.hr/" "Mozilla/5.0 (Windows NT 6.1; Win64; x64; Trident/7.0; rv:11.0) like Gecko"
91.194.243.10 - - [25/Jul/2019:06:25:39 +0000] "GET /img/demos/hotel/video-cover-bg-1.jpg HTTP/1.1" 200 102737 "https://www.national.hr/" "Mozilla/5.0 (Windows NT 6.1; Win64; x64; Trident/7.0; rv:11.0) like Gecko"
91.194.243.10 - - [25/Jul/2019:06:25:39 +0000] "GET /img/demos/hotel/logo-hotel-footer.png HTTP/1.1" 200 3378 "https://www.national.hr/" "Mozilla/5.0 (Windows NT 6.1; Win64; x64; Trident/7.0; rv:11.0) like Gecko"
91.194.243.10 - - [25/Jul/2019:06:25:39 +0000] "GET /vendor/font-awesome/fonts/fontawesome-webfont.eot? HTTP/1.1" 200 165742 "https://www.national.hr/" "Mozilla/5.0 (Windows NT 6.1; Win64; x64; Trident/7.0; rv:11.0) like Gecko"
91.194.243.10 - - [25/Jul/2019:06:25:39 +0000] "GET /vendor/flag/flags/4x3/gb.svg HTTP/1.1" 200 989 "https://www.national.hr/" "Mozilla/5.0 (Windows NT 6.1; Win64; x64; Trident/7.0; rv:11.0) like Gecko"
91.194.243.10 - - [25/Jul/2019:06:25:39 +0000] "GET /vendor/flag/flags/4x3/hr.svg HTTP/1.1" 200 80697 "https://www.national.hr/" "Mozilla/5.0 (Windows NT 6.1; Win64; x64; Trident/7.0; rv:11.0) like Gecko"
91.194.243.10 - - [25/Jul/2019:06:25:40 +0000] "GET /img/demos/hotel/parallax-hotel-map.png HTTP/1.1" 200 76744 "https://www.national.hr/" "Mozilla/5.0 (Windows NT 6.1; Win64; x64; Trident/7.0; rv:11.0) like Gecko"
91.194.243.10 - - [25/Jul/2019:06:25:40 +0000] "GET /img/pin.png HTTP/1.1" 200 668 "https://www.national.hr/" "Mozilla/5.0 (Windows NT 6.1; Win64; x64; Trident/7.0; rv:11.0) like Gecko"
91.194.243.10 - - [25/Jul/2019:06:25:40 +0000] "GET /img/demos/hotel/parallax-hotel.jpg HTTP/1.1" 200 167506 "https://www.national.hr/" "Mozilla/5.0 (Windows NT 6.1; Win64; x64; Trident/7.0; rv:11.0) like Gecko"
91.194.243.10 - - [25/Jul/2019:06:25:41 +0000] "GET /img/favicon.ico HTTP/1.1" 200 15086 "-" "Mozilla/5.0 (Windows NT 6.1; Win64; x64; Trident/7.0; rv:11.0) like Gecko"
91.194.243.10 - - [25/Jul/2019:06:26:39 +0000] "GET /rooms HTTP/1.1" 200 4214 "https://www.national.hr/" "Mozilla/5.0 (Windows NT 6.1; Win64; x64; Trident/7.0; rv:11.0) like Gecko"
91.194.243.10 - - [25/Jul/2019:06:26:39 +0000] "GET /uploads/thumbnails/f125cd41427d7dda3bed18b5c7b3837f.jpg HTTP/1.1" 200 39654 "https://www.national.hr/rooms" "Mozilla/5.0 (Windows NT 6.1; Win64; x64; Trident/7.0; rv:11.0) like Gecko"
91.194.243.10 - - [25/Jul/2019:06:26:39 +0000] "GET /uploads/thumbnails/aa39d423c5d63c3b6952010631b975fc.jpg HTTP/1.1" 200 49760 "https://www.national.hr/rooms" "Mozilla/5.0 (Windows NT 6.1; Win64; x64; Trident/7.0; rv:11.0) like Gecko"
91.194.243.10 - - [25/Jul/2019:06:26:39 +0000] "GET /uploads/thumbnails/03d1c430bcc463f908a8f77c55b05fae.jpg HTTP/1.1" 200 47173 "https://www.national.hr/rooms" "Mozilla/5.0 (Windows NT 6.1; Win64; x64; Trident/7.0; rv:11.0) like Gecko"
91.194.243.10 - - [25/Jul/2019:06:26:39 +0000] "GET /uploads/thumbnails/bab51afaaa78f93592fe6de6b5b4dae5.jpg HTTP/1.1" 200 48605 "https://www.national.hr/rooms" "Mozilla/5.0 (Windows NT 6.1; Win64; x64; Trident/7.0; rv:11.0) like Gecko"
91.194.243.10 - - [25/Jul/2019:06:26:39 +0000] "GET /uploads/thumbnails/7b775c2320ed1d591b1999fdd875af2c.jpg HTTP/1.1" 200 54168 "https://www.national.hr/rooms" "Mozilla/5.0 (Windows NT 6.1; Win64; x64; Trident/7.0; rv:11.0) like Gecko"
91.194.243.10 - - [25/Jul/2019:06:26:39 +0000] "GET /uploads/thumbnails/f01fea6613c1d0615eb94db24bda1949.jpg HTTP/1.1" 200 51074 "https://www.national.hr/rooms" "Mozilla/5.0 (Windows NT 6.1; Win64; x64; Trident/7.0; rv:11.0) like Gecko"
157.55.39.161 - - [25/Jul/2019:06:30:41 +0000] "GET /rooms/double-room-with-an-extra-bed HTTP/1.1" 200 4070 "-" "Mozilla/5.0 (compatible; bingbot/2.0; +http://www.bing.com/bingbot.htm)"
66.249.79.31 - - [25/Jul/2019:06:35:54 +0000] "GET / HTTP/1.1" 200 7463 "-" "Mozilla/5.0 (compatible; Googlebot/2.1; +http://www.google.com/bot.html)"
95.216.96.245 - - [25/Jul/2019:06:45:07 +0000] "GET /robots.txt HTTP/1.1" 301 242 "-" "Mozilla/5.0 (compatible; SEOkicks; +https://www.seokicks.de/robot.html)"
95.216.96.245 - - [25/Jul/2019:06:45:08 +0000] "GET / HTTP/1.1" 301 232 "-" "Mozilla/5.0 (compatible; SEOkicks; +https://www.seokicks.de/robot.html)"
157.55.39.161 - - [25/Jul/2019:06:55:11 +0000] "GET /uploads/images/176a29c187560b13e83ebea5dd579973.jpg HTTP/1.1" 301 283 "-" "Mozilla/5.0 (compatible; bingbot/2.0; +http://www.bing.com/bingbot.htm)"
157.55.39.161 - - [25/Jul/2019:06:55:12 +0000] "GET /uploads/images/176a29c187560b13e83ebea5dd579973.jpg HTTP/1.1" 200 141745 "-" "Mozilla/5.0 (compatible; bingbot/2.0; +http://www.bing.com/bingbot.htm)"
66.249.79.27 - - [25/Jul/2019:07:02:51 +0000] "GET / HTTP/1.1" 200 7463 "-" "Mozilla/5.0 (Linux; Android 6.0.1; Nexus 5X Build/MMB29P) AppleWebKit/537.36 (KHTML, like Gecko) Chrome/41.0.2272.96 Mobile Safari/537.36 (compatible; Googlebot/2.1; +http://www.google.com/bot.html)"
46.229.168.144 - - [25/Jul/2019:07:07:59 +0000] "GET /robots.txt HTTP/1.1" 200 24 "-" "Mozilla/5.0 (compatible; SemrushBot/3~bl; +http://www.semrush.com/bot.html)"
46.229.168.143 - - [25/Jul/2019:07:08:00 +0000] "GET /en/rooms/economy-double-room HTTP/1.1" 200 4074 "-" "Mozilla/5.0 (compatible; SemrushBot/3~bl; +http://www.semrush.com/bot.html)"
5.43.122.207 - - [25/Jul/2019:07:08:43 +0000] "GET / HTTP/1.1" 301 232 "http://m.facebook.com/" "Mozilla/5.0 (Linux; Android 7.0; SM-G925F Build/NRD90M; wv) AppleWebKit/537.36 (KHTML, like Gecko) Version/4.0 Chrome/75.0.3770.143 Mobile Safari/537.36 [FB_IAB/FB4A;FBAV/230.0.0.36.117;]"
5.43.122.207 - - [25/Jul/2019:07:08:43 +0000] "GET / HTTP/1.1" 200 7463 "http://m.facebook.com/" "Mozilla/5.0 (Linux; Android 7.0; SM-G925F Build/NRD90M; wv) AppleWebKit/537.36 (KHTML, like Gecko) Version/4.0 Chrome/75.0.3770.143 Mobile Safari/537.36 [FB_IAB/FB4A;FBAV/230.0.0.36.117;]"
5.43.122.207 - - [25/Jul/2019:07:08:43 +0000] "GET /img/demos/hotel/logo.png HTTP/1.1" 200 35182 "https://www.national.hr/" "Mozilla/5.0 (Linux; Android 7.0; SM-G925F Build/NRD90M; wv) AppleWebKit/537.36 (KHTML, like Gecko) Version/4.0 Chrome/75.0.3770.143 Mobile Safari/537.36 [FB_IAB/FB4A;FBAV/230.0.0.36.117;]"
5.43.122.207 - - [25/Jul/2019:07:08:43 +0000] "GET /uploads/images/8c445163a5b20b6c6ecf319345f02f95.jpg HTTP/1.1" 200 75410 "https://www.national.hr/" "Mozilla/5.0 (Linux; Android 7.0; SM-G925F Build/NRD90M; wv) AppleWebKit/537.36 (KHTML, like Gecko) Version/4.0 Chrome/75.0.3770.143 Mobile Safari/537.36 [FB_IAB/FB4A;FBAV/230.0.0.36.117;]"
5.43.122.207 - - [25/Jul/2019:07:08:43 +0000] "GET /css/all.css HTTP/1.1" 200 112014 "https://www.national.hr/" "Mozilla/5.0 (Linux; Android 7.0; SM-G925F Build/NRD90M; wv) AppleWebKit/537.36 (KHTML, like Gecko) Version/4.0 Chrome/75.0.3770.143 Mobile Safari/537.36 [FB_IAB/FB4A;FBAV/230.0.0.36.117;]"
5.43.122.207 - - [25/Jul/2019:07:08:44 +0000] "GET /js/jquery.cookie.js HTTP/1.1" 200 2966 "https://www.national.hr/" "Mozilla/5.0 (Linux; Android 7.0; SM-G925F Build/NRD90M; wv) AppleWebKit/537.36 (KHTML, like Gecko) Version/4.0 Chrome/75.0.3770.143 Mobile Safari/537.36 [FB_IAB/FB4A;FBAV/230.0.0.36.117;]"
5.43.122.207 - - [25/Jul/2019:07:08:44 +0000] "GET /vendor/simple-line-icons/fonts/Simple-Line-Icons.woff2?v=2.4.0 HTTP/1.1" 200 30064 "https://www.national.hr/css/all.css" "Mozilla/5.0 (Linux; Android 7.0; SM-G925F Build/NRD90M; wv) AppleWebKit/537.36 (KHTML, like Gecko) Version/4.0 Chrome/75.0.3770.143 Mobile Safari/537.36 [FB_IAB/FB4A;FBAV/230.0.0.36.117;]"
5.43.122.207 - - [25/Jul/2019:07:08:44 +0000] "GET /js/all.js HTTP/1.1" 200 198805 "https://www.national.hr/" "Mozilla/5.0 (Linux; Android 7.0; SM-G925F Build/NRD90M; wv) AppleWebKit/537.36 (KHTML, like Gecko) Version/4.0 Chrome/75.0.3770.143 Mobile Safari/537.36 [FB_IAB/FB4A;FBAV/230.0.0.36.117;]"
5.43.122.207 - - [25/Jul/2019:07:08:44 +0000] "GET /vendor/font-awesome/fonts/fontawesome-webfont.woff2?v=4.7.0 HTTP/1.1" 200 77160 "https://www.national.hr/css/all.css" "Mozilla/5.0 (Linux; Android 7.0; SM-G925F Build/NRD90M; wv) AppleWebKit/537.36 (KHTML, like Gecko) Version/4.0 Chrome/75.0.3770.143 Mobile Safari/537.36 [FB_IAB/FB4A;FBAV/230.0.0.36.117;]"
5.43.122.207 - - [25/Jul/2019:07:08:44 +0000] "GET /uploads/images/7fc2d1450464345ae02e3075468d7d84.jpg HTTP/1.1" 200 90665 "https://www.national.hr/" "Mozilla/5.0 (Linux; Android 7.0; SM-G925F Build/NRD90M; wv) AppleWebKit/537.36 (KHTML, like Gecko) Version/4.0 Chrome/75.0.3770.143 Mobile Safari/537.36 [FB_IAB/FB4A;FBAV/230.0.0.36.117;]"
5.43.122.207 - - [25/Jul/2019:07:08:44 +0000] "GET /img/demos/hotel/patterns/pattern.jpg HTTP/1.1" 200 3531 "https://www.national.hr/css/all.css" "Mozilla/5.0 (Linux; Android 7.0; SM-G925F Build/NRD90M; wv) AppleWebKit/537.36 (KHTML, like Gecko) Version/4.0 Chrome/75.0.3770.143 Mobile Safari/537.36 [FB_IAB/FB4A;FBAV/230.0.0.36.117;]"
5.43.122.207 - - [25/Jul/2019:07:08:44 +0000] "GET /img/demos/hotel/gallery/gallery-1.jpg HTTP/1.1" 200 18364 "https://www.national.hr/" "Mozilla/5.0 (Linux; Android 7.0; SM-G925F Build/NRD90M; wv) AppleWebKit/537.36 (KHTML, like Gecko) Version/4.0 Chrome/75.0.3770.143 Mobile Safari/537.36 [FB_IAB/FB4A;FBAV/230.0.0.36.117;]"
5.43.122.207 - - [25/Jul/2019:07:08:44 +0000] "GET /img/demos/hotel/gallery/gallery-2.jpg HTTP/1.1" 200 9537 "https://www.national.hr/" "Mozilla/5.0 (Linux; Android 7.0; SM-G925F Build/NRD90M; wv) AppleWebKit/537.36 (KHTML, like Gecko) Version/4.0 Chrome/75.0.3770.143 Mobile Safari/537.36 [FB_IAB/FB4A;FBAV/230.0.0.36.117;]"
5.43.122.207 - - [25/Jul/2019:07:08:44 +0000] "GET /img/demos/hotel/play-icon.png HTTP/1.1" 200 2559 "https://www.national.hr/" "Mozilla/5.0 (Linux; Android 7.0; SM-G925F Build/NRD90M; wv) AppleWebKit/537.36 (KHTML, like Gecko) Version/4.0 Chrome/75.0.3770.143 Mobile Safari/537.36 [FB_IAB/FB4A;FBAV/230.0.0.36.117;]"
5.43.122.207 - - [25/Jul/2019:07:08:44 +0000] "GET /uploads/images/483ce54ee782ddf2edc01706c3ad766e.jpg HTTP/1.1" 200 242423 "https://www.national.hr/" "Mozilla/5.0 (Linux; Android 7.0; SM-G925F Build/NRD90M; wv) AppleWebKit/537.36 (KHTML, like Gecko) Version/4.0 Chrome/75.0.3770.143 Mobile Safari/537.36 [FB_IAB/FB4A;FBAV/230.0.0.36.117;]"
5.43.122.207 - - [25/Jul/2019:07:08:44 +0000] "GET /uploads/images/5171fc57c12b52ba5693e2efdf1b8bb8.jpg HTTP/1.1" 200 318366 "https://www.national.hr/" "Mozilla/5.0 (Linux; Android 7.0; SM-G925F Build/NRD90M; wv) AppleWebKit/537.36 (KHTML, like Gecko) Version/4.0 Chrome/75.0.3770.143 Mobile Safari/537.36 [FB_IAB/FB4A;FBAV/230.0.0.36.117;]"
5.43.122.207 - - [25/Jul/2019:07:08:45 +0000] "GET /img/demos/hotel/gallery/gallery-3.jpg HTTP/1.1" 200 16588 "https://www.national.hr/" "Mozilla/5.0 (Linux; Android 7.0; SM-G925F Build/NRD90M; wv) AppleWebKit/537.36 (KHTML, like Gecko) Version/4.0 Chrome/75.0.3770.143 Mobile Safari/537.36 [FB_IAB/FB4A;FBAV/230.0.0.36.117;]"
5.43.122.207 - - [25/Jul/2019:07:08:45 +0000] "GET /uploads/thumbnails/340c06dfb22f6167dc7705fdd350551c.jpg HTTP/1.1" 200 52231 "https://www.national.hr/" "Mozilla/5.0 (Linux; Android 7.0; SM-G925F Build/NRD90M; wv) AppleWebKit/537.36 (KHTML, like Gecko) Version/4.0 Chrome/75.0.3770.143 Mobile Safari/537.36 [FB_IAB/FB4A;FBAV/230.0.0.36.117;]"
5.43.122.207 - - [25/Jul/2019:07:08:45 +0000] "GET /uploads/thumbnails/2c67b6eb0488329db46487d1dc98d07f.jpg HTTP/1.1" 200 62273 "https://www.national.hr/" "Mozilla/5.0 (Linux; Android 7.0; SM-G925F Build/NRD90M; wv) AppleWebKit/537.36 (KHTML, like Gecko) Version/4.0 Chrome/75.0.3770.143 Mobile Safari/537.36 [FB_IAB/FB4A;FBAV/230.0.0.36.117;]"
5.43.122.207 - - [25/Jul/2019:07:08:45 +0000] "GET /img/demos/hotel/logo-hotel-footer.png HTTP/1.1" 200 3378 "https://www.national.hr/" "Mozilla/5.0 (Linux; Android 7.0; SM-G925F Build/NRD90M; wv) AppleWebKit/537.36 (KHTML, like Gecko) Version/4.0 Chrome/75.0.3770.143 Mobile Safari/537.36 [FB_IAB/FB4A;FBAV/230.0.0.36.117;]"
5.43.122.207 - - [25/Jul/2019:07:08:44 +0000] "GET /uploads/images/6f3efde49962ecb979e4d225adca5450.jpg HTTP/1.1" 200 292022 "https://www.national.hr/" "Mozilla/5.0 (Linux; Android 7.0; SM-G925F Build/NRD90M; wv) AppleWebKit/537.36 (KHTML, like Gecko) Version/4.0 Chrome/75.0.3770.143 Mobile Safari/537.36 [FB_IAB/FB4A;FBAV/230.0.0.36.117;]"
5.43.122.207 - - [25/Jul/2019:07:08:45 +0000] "GET /uploads/thumbnails/5f7b6a433c8553b967e4c6fb4209a9f8.jpg HTTP/1.1" 200 77162 "https://www.national.hr/" "Mozilla/5.0 (Linux; Android 7.0; SM-G925F Build/NRD90M; wv) AppleWebKit/537.36 (KHTML, like Gecko) Version/4.0 Chrome/75.0.3770.143 Mobile Safari/537.36 [FB_IAB/FB4A;FBAV/230.0.0.36.117;]"
5.43.122.207 - - [25/Jul/2019:07:08:45 +0000] "GET /img/demos/hotel/video-cover-bg-1.jpg HTTP/1.1" 200 102737 "https://www.national.hr/" "Mozilla/5.0 (Linux; Android 7.0; SM-G925F Build/NRD90M; wv) AppleWebKit/537.36 (KHTML, like Gecko) Version/4.0 Chrome/75.0.3770.143 Mobile Safari/537.36 [FB_IAB/FB4A;FBAV/230.0.0.36.117;]"
5.43.122.207 - - [25/Jul/2019:07:08:45 +0000] "GET /img/demos/hotel/parallax-hotel-map.png HTTP/1.1" 200 76744 "https://www.national.hr/" "Mozilla/5.0 (Linux; Android 7.0; SM-G925F Build/NRD90M; wv) AppleWebKit/537.36 (KHTML, like Gecko) Version/4.0 Chrome/75.0.3770.143 Mobile Safari/537.36 [FB_IAB/FB4A;FBAV/230.0.0.36.117;]"
5.43.122.207 - - [25/Jul/2019:07:08:45 +0000] "GET /img/demos/hotel/parallax-hotel.jpg HTTP/1.1" 200 167506 "https://www.national.hr/" "Mozilla/5.0 (Linux; Android 7.0; SM-G925F Build/NRD90M; wv) AppleWebKit/537.36 (KHTML, like Gecko) Version/4.0 Chrome/75.0.3770.143 Mobile Safari/537.36 [FB_IAB/FB4A;FBAV/230.0.0.36.117;]"
5.43.122.207 - - [25/Jul/2019:07:08:46 +0000] "GET /img/pin.png HTTP/1.1" 200 668 "https://www.national.hr/" "Mozilla/5.0 (Linux; Android 7.0; SM-G925F Build/NRD90M; wv) AppleWebKit/537.36 (KHTML, like Gecko) Version/4.0 Chrome/75.0.3770.143 Mobile Safari/537.36 [FB_IAB/FB4A;FBAV/230.0.0.36.117;]"
5.43.122.207 - - [25/Jul/2019:07:08:47 +0000] "GET /img/favicon.ico HTTP/1.1" 200 15086 "https://www.national.hr/" "Mozilla/5.0 (Linux; Android 7.0; SM-G925F Build/NRD90M; wv) AppleWebKit/537.36 (KHTML, like Gecko) Version/4.0 Chrome/75.0.3770.143 Mobile Safari/537.36 [FB_IAB/FB4A;FBAV/230.0.0.36.117;]"
157.55.39.198 - - [25/Jul/2019:07:10:28 +0000] "GET /img/hotel/1277440_orig.jpg HTTP/1.1" 200 348859 "-" "Mozilla/5.0 (compatible; bingbot/2.0; +http://www.bing.com/bingbot.htm)"
157.55.39.210 - - [25/Jul/2019:07:14:32 +0000] "GET /uploads/images/87951a68645f30a6614a36641331a7c3.jpg HTTP/1.1" 200 34661 "-" "Mozilla/5.0 (compatible; bingbot/2.0; +http://www.bing.com/bingbot.htm)"
95.216.96.245 - - [25/Jul/2019:07:28:46 +0000] "GET /robots.txt HTTP/1.1" 200 24 "http://www.national.hr/robots.txt" "Mozilla/5.0 (compatible; SEOkicks; +https://www.seokicks.de/robot.html)"
95.216.96.245 - - [25/Jul/2019:07:28:48 +0000] "GET / HTTP/1.1" 200 7463 "http://www.national.hr/" "Mozilla/5.0 (compatible; SEOkicks; +https://www.seokicks.de/robot.html)"
95.216.96.245 - - [25/Jul/2019:07:28:49 +0000] "GET /hotel HTTP/1.1" 200 5125 "https://www.national.hr/" "Mozilla/5.0 (compatible; SEOkicks; +https://www.seokicks.de/robot.html)"
95.216.96.245 - - [25/Jul/2019:07:28:50 +0000] "GET /rooms HTTP/1.1" 200 4214 "https://www.national.hr/" "Mozilla/5.0 (compatible; SEOkicks; +https://www.seokicks.de/robot.html)"
95.216.96.245 - - [25/Jul/2019:07:28:51 +0000] "GET /news HTTP/1.1" 200 5610 "https://www.national.hr/" "Mozilla/5.0 (compatible; SEOkicks; +https://www.seokicks.de/robot.html)"
95.216.96.245 - - [25/Jul/2019:07:28:53 +0000] "GET /contact HTTP/1.1" 200 4500 "https://www.national.hr/" "Mozilla/5.0 (compatible; SEOkicks; +https://www.seokicks.de/robot.html)"
