157.55.39.17 - - [05/Aug/2019:00:04:30 +0000] "GET /robots.txt HTTP/1.1" 200 24 "-" "Mozilla/5.0 (compatible; bingbot/2.0; +http://www.bing.com/bingbot.htm)"
157.55.39.17 - - [05/Aug/2019:00:04:31 +0000] "GET /robots.txt HTTP/1.1" 200 24 "-" "Mozilla/5.0 (compatible; bingbot/2.0; +http://www.bing.com/bingbot.htm)"
207.46.13.110 - - [05/Aug/2019:00:04:36 +0000] "GET /rooms HTTP/1.1" 200 4217 "-" "Mozilla/5.0 (compatible; bingbot/2.0; +http://www.bing.com/bingbot.htm)"
216.244.66.248 - - [05/Aug/2019:00:08:27 +0000] "GET /robots.txt HTTP/1.1" 301 242 "-" "Mozilla/5.0 (compatible; DotBot/1.1; http://www.opensiteexplorer.org/dotbot, help@moz.com)"
216.244.66.248 - - [05/Aug/2019:00:08:29 +0000] "GET /robots.txt HTTP/1.1" 200 24 "-" "Mozilla/5.0 (compatible; DotBot/1.1; http://www.opensiteexplorer.org/dotbot, help@moz.com)"
157.55.39.85 - - [05/Aug/2019:00:14:06 +0000] "GET /news/events-in-week-from-3110-0511 HTTP/1.1" 301 266 "-" "Mozilla/5.0 (compatible; bingbot/2.0; +http://www.bing.com/bingbot.htm)"
101.88.79.198 - - [05/Aug/2019:00:14:58 +0000] "GET /contact HTTP/1.1" 200 4501 "https://cn.bing.com/proactive/home?cc=CN&setlang=zh-Hans-CN" "Mozilla/5.0 (Windows NT 10.0; Win64; x64; Cortana 1.11.6.17763; 10.0.0.0.17763.615) AppleWebKit/537.36 (KHTML, like Gecko) Chrome/64.0.3282.140 Safari/537.36 Edge/18.17763"
101.88.79.198 - - [05/Aug/2019:00:15:36 +0000] "GET /contact HTTP/1.1" 200 4501 "https://cn.bing.com/proactive/home?cc=CN&setlang=zh-Hans-CN" "Mozilla/5.0 (Windows NT 10.0; Win64; x64; Cortana 1.11.6.17763; 10.0.0.0.17763.615) AppleWebKit/537.36 (KHTML, like Gecko) Chrome/64.0.3282.140 Safari/537.36 Edge/18.17763"
77.75.79.101 - - [05/Aug/2019:00:16:57 +0000] "GET /robots.txt HTTP/1.1" 200 24 "-" "Mozilla/5.0 (compatible; SeznamBot/3.2; +http://napoveda.seznam.cz/en/seznambot-intro/)"
77.75.79.101 - - [05/Aug/2019:00:16:58 +0000] "GET /hr/pravila-privatnosti HTTP/1.1" 200 6966 "-" "Mozilla/5.0 (compatible; SeznamBot/3.2; +http://napoveda.seznam.cz/en/seznambot-intro/)"
220.181.108.121 - - [05/Aug/2019:00:19:22 +0000] "GET / HTTP/1.1" 200 39304 "-" "Mozilla/5.0 (compatible; Baiduspider/2.0; +http://www.baidu.com/search/spider.html)"
111.206.198.44 - - [05/Aug/2019:00:19:24 +0000] "GET /uploads/thumbnails/2c67b6eb0488329db46487d1dc98d07f.jpg HTTP/1.1" 200 62273 "https://www.national.hr/" "Mozilla/5.0 (compatible; Baiduspider-render/2.0; +http://www.baidu.com/search/spider.html)"
216.244.66.248 - - [05/Aug/2019:00:23:33 +0000] "GET /hr/aktualno/10-popusta-na-smjestaj-uz-predocenje-ulaznice-za-ehf-euro-utakmice-u-zagrebu HTTP/1.1" 200 20676 "-" "Mozilla/5.0 (compatible; DotBot/1.1; http://www.opensiteexplorer.org/dotbot, help@moz.com)"
157.55.39.85 - - [05/Aug/2019:00:26:21 +0000] "GET /vendor/simple-line-icons/fonts/Simple-Line-Icons.svg?v=2.4.0 HTTP/1.1" 200 239045 "-" "Mozilla/5.0 (compatible; bingbot/2.0; +http://www.bing.com/bingbot.htm)"
157.55.39.85 - - [05/Aug/2019:00:26:22 +0000] "GET /vendor/simple-line-icons/fonts/Simple-Line-Icons.ttf?v=2.4.0 HTTP/1.1" 200 54056 "-" "Mozilla/5.0 (compatible; bingbot/2.0; +http://www.bing.com/bingbot.htm)"
157.55.39.166 - - [05/Aug/2019:00:26:25 +0000] "GET /img/demos/hotel/patterns/pattern.jpg HTTP/1.1" 200 3531 "-" "Mozilla/5.0 (compatible; bingbot/2.0; +http://www.bing.com/bingbot.htm)"
157.55.39.166 - - [05/Aug/2019:00:26:25 +0000] "GET /js/jquery.cookie.js HTTP/1.1" 200 2966 "-" "Mozilla/5.0 (compatible; bingbot/2.0; +http://www.bing.com/bingbot.htm)"
40.77.167.165 - - [05/Aug/2019:00:26:30 +0000] "GET /img/demos/hotel/logo.png HTTP/1.1" 200 35182 "-" "Mozilla/5.0 (compatible; bingbot/2.0; +http://www.bing.com/bingbot.htm)"
40.77.167.165 - - [05/Aug/2019:00:26:30 +0000] "GET /vendor/flag/flags/4x3/hr.svg HTTP/1.1" 200 80697 "-" "Mozilla/5.0 (compatible; bingbot/2.0; +http://www.bing.com/bingbot.htm)"
40.77.167.165 - - [05/Aug/2019:00:26:31 +0000] "GET /vendor/font-awesome/fonts/fontawesome-webfont.svg?v=4.7.0 HTTP/1.1" 200 444379 "-" "Mozilla/5.0 (compatible; bingbot/2.0; +http://www.bing.com/bingbot.htm)"
40.77.167.165 - - [05/Aug/2019:00:26:32 +0000] "GET /vendor/font-awesome/fonts/fontawesome-webfont.ttf?v=4.7.0 HTTP/1.1" 200 165548 "-" "Mozilla/5.0 (compatible; bingbot/2.0; +http://www.bing.com/bingbot.htm)"
207.46.13.110 - - [05/Aug/2019:00:26:43 +0000] "GET /uploads/images/89aad749e22dc99aeb19f18599deb99b.jpg HTTP/1.1" 200 138956 "-" "Mozilla/5.0 (compatible; bingbot/2.0; +http://www.bing.com/bingbot.htm)"
207.46.13.110 - - [05/Aug/2019:00:26:47 +0000] "GET /uploads/images/f01fea6613c1d0615eb94db24bda1949.jpg HTTP/1.1" 200 178715 "-" "Mozilla/5.0 (compatible; bingbot/2.0; +http://www.bing.com/bingbot.htm)"
207.46.13.110 - - [05/Aug/2019:00:26:51 +0000] "GET /vendor/flag/flags/4x3/gb.svg HTTP/1.1" 200 989 "-" "Mozilla/5.0 (compatible; bingbot/2.0; +http://www.bing.com/bingbot.htm)"
66.249.64.166 - - [05/Aug/2019:00:31:37 +0000] "GET /robots.txt HTTP/1.1" 301 242 "-" "Mozilla/5.0 (compatible; Googlebot/2.1; +http://www.google.com/bot.html)"
66.249.64.191 - - [05/Aug/2019:00:31:38 +0000] "GET /robots.txt HTTP/1.1" 200 24 "-" "Mozilla/5.0 (compatible; Googlebot/2.1; +http://www.google.com/bot.html)"
66.249.64.163 - - [05/Aug/2019:00:31:38 +0000] "GET /?view=full HTTP/1.1" 301 242 "-" "Mozilla/5.0 (Linux; Android 6.0.1; Nexus 5X Build/MMB29P) AppleWebKit/537.36 (KHTML, like Gecko) Chrome/41.0.2272.96 Mobile Safari/537.36 (compatible; Googlebot/2.1; +http://www.google.com/bot.html)"
66.249.64.187 - - [05/Aug/2019:00:31:39 +0000] "GET /?view=full HTTP/1.1" 200 7463 "-" "Mozilla/5.0 (Linux; Android 6.0.1; Nexus 5X Build/MMB29P) AppleWebKit/537.36 (KHTML, like Gecko) Chrome/41.0.2272.96 Mobile Safari/537.36 (compatible; Googlebot/2.1; +http://www.google.com/bot.html)"
66.249.64.190 - - [05/Aug/2019:00:33:03 +0000] "GET /robots.txt HTTP/1.1" 301 242 "-" "Mozilla/5.0 (compatible; Googlebot/2.1; +http://www.google.com/bot.html)"
66.249.64.188 - - [05/Aug/2019:00:33:03 +0000] "GET /en HTTP/1.1" 301 234 "-" "Mozilla/5.0 (Linux; Android 6.0.1; Nexus 5X Build/MMB29P) AppleWebKit/537.36 (KHTML, like Gecko) Chrome/41.0.2272.96 Mobile Safari/537.36 (compatible; Googlebot/2.1; +http://www.google.com/bot.html)"
66.249.64.187 - - [05/Aug/2019:00:33:03 +0000] "GET /en HTTP/1.1" 200 7462 "-" "Mozilla/5.0 (Linux; Android 6.0.1; Nexus 5X Build/MMB29P) AppleWebKit/537.36 (KHTML, like Gecko) Chrome/41.0.2272.96 Mobile Safari/537.36 (compatible; Googlebot/2.1; +http://www.google.com/bot.html)"
207.46.13.110 - - [05/Aug/2019:00:39:41 +0000] "GET /hr/aktualno/gastro-music-fest-park-zrinjevac-18-27052018 HTTP/1.1" 200 4450 "-" "Mozilla/5.0 (compatible; bingbot/2.0; +http://www.bing.com/bingbot.htm)"
46.229.168.133 - - [05/Aug/2019:00:57:17 +0000] "GET /robots.txt HTTP/1.1" 200 24 "-" "Mozilla/5.0 (compatible; SemrushBot/3~bl; +http://www.semrush.com/bot.html)"
46.229.168.150 - - [05/Aug/2019:00:57:17 +0000] "GET /news?page=1 HTTP/1.1" 200 5610 "-" "Mozilla/5.0 (compatible; SemrushBot/3~bl; +http://www.semrush.com/bot.html)"
66.249.64.191 - - [05/Aug/2019:01:06:10 +0000] "GET /news/valentines-day-in-the-hotel-national-reservation-of-a-room-for-1402-every-room-gets-surprise-gift HTTP/1.1" 200 4063 "-" "Mozilla/5.0 (Linux; Android 6.0.1; Nexus 5X Build/MMB29P) AppleWebKit/537.36 (KHTML, like Gecko) Chrome/41.0.2272.96 Mobile Safari/537.36 (compatible; Googlebot/2.1; +http://www.google.com/bot.html)"
207.46.13.110 - - [05/Aug/2019:01:08:09 +0000] "GET /rooms/twin-room HTTP/1.1" 301 247 "-" "Mozilla/5.0 (compatible; bingbot/2.0; +http://www.bing.com/bingbot.htm)"
157.55.39.85 - - [05/Aug/2019:01:15:03 +0000] "GET /rooms/double-room HTTP/1.1" 301 249 "-" "Mozilla/5.0 (compatible; bingbot/2.0; +http://www.bing.com/bingbot.htm)"
157.55.39.85 - - [05/Aug/2019:01:15:27 +0000] "GET /book-now HTTP/1.1" 301 240 "-" "Mozilla/5.0 (compatible; bingbot/2.0; +http://www.bing.com/bingbot.htm)"
159.69.77.47 - - [05/Aug/2019:01:17:07 +0000] "GET /.well-known/pki-validation/C71D1E0B7D1B127F33453464ABE65D1F.txt HTTP/1.1" 301 295 "-" "COMODO DCV"
159.69.77.47 - - [05/Aug/2019:01:17:07 +0000] "GET /.well-known/pki-validation/C71D1E0B7D1B127F33453464ABE65D1F.txt HTTP/1.1" 404 1104 "-" "COMODO DCV"
159.69.77.47 - - [05/Aug/2019:01:17:07 +0000] "GET /.well-known/pki-validation/CE81E15CF3442B9989910482145C4DFF.txt HTTP/1.1" 301 295 "-" "COMODO DCV"
159.69.77.47 - - [05/Aug/2019:01:17:07 +0000] "GET /.well-known/pki-validation/CE81E15CF3442B9989910482145C4DFF.txt HTTP/1.1" 404 1104 "-" "COMODO DCV"
159.69.77.47 - - [05/Aug/2019:01:17:07 +0000] "GET /.well-known/pki-validation/E1A38CC6D641C764097879D39D7F66FA.txt HTTP/1.1" 301 295 "-" "COMODO DCV"
159.69.77.47 - - [05/Aug/2019:01:17:07 +0000] "GET /.well-known/pki-validation/E1A38CC6D641C764097879D39D7F66FA.txt HTTP/1.1" 404 1104 "-" "COMODO DCV"
159.69.77.47 - - [05/Aug/2019:01:17:07 +0000] "GET /.well-known/pki-validation/42AAE344A0D34194FFA8E8CF3038461E.txt HTTP/1.1" 301 295 "-" "COMODO DCV"
159.69.77.47 - - [05/Aug/2019:01:17:08 +0000] "GET /.well-known/pki-validation/42AAE344A0D34194FFA8E8CF3038461E.txt HTTP/1.1" 404 1104 "-" "COMODO DCV"
77.75.76.160 - - [05/Aug/2019:01:19:52 +0000] "GET /robots.txt HTTP/1.1" 200 24 "-" "Mozilla/5.0 (compatible; SeznamBot/3.2; +http://napoveda.seznam.cz/en/seznambot-intro/)"
77.75.76.160 - - [05/Aug/2019:01:19:53 +0000] "GET /book-now HTTP/1.1" 200 4482 "-" "Mozilla/5.0 (compatible; SeznamBot/3.2; +http://napoveda.seznam.cz/en/seznambot-intro/)"
207.46.13.110 - - [05/Aug/2019:01:26:00 +0000] "GET /hr/aktualno/koncert-bryana-adamsa-09112017-arena-zagreb HTTP/1.1" 500 25358 "-" "Mozilla/5.0 (compatible; bingbot/2.0; +http://www.bing.com/bingbot.htm)"
66.249.64.187 - - [05/Aug/2019:01:26:20 +0000] "GET / HTTP/1.1" 200 7463 "-" "Mozilla/5.0 (compatible; Googlebot/2.1; +http://www.google.com/bot.html)"
207.46.13.110 - - [05/Aug/2019:01:42:30 +0000] "GET /hr/aktualno/gastro-music-fest-park-zrinjevac-18-27052018 HTTP/1.1" 301 288 "-" "Mozilla/5.0 (compatible; bingbot/2.0; +http://www.bing.com/bingbot.htm)"
207.46.13.167 - - [05/Aug/2019:01:42:37 +0000] "GET /hr/sobe/dvokrevetna-soba-s-pomocnim-krevetom HTTP/1.1" 301 276 "-" "Mozilla/5.0 (compatible; bingbot/2.0; +http://www.bing.com/bingbot.htm)"
66.249.137.50 - - [05/Aug/2019:01:43:04 +0000] "GET / HTTP/1.1" 301 232 "-" "Go-http-client/1.1"
207.46.13.167 - - [05/Aug/2019:01:51:53 +0000] "GET /news/gastro-music-fest-park-zrinjevac-18-27052018 HTTP/1.1" 200 4220 "-" "Mozilla/5.0 (compatible; bingbot/2.0; +http://www.bing.com/bingbot.htm)"
204.8.137.141 - - [05/Aug/2019:02:11:35 +0000] "GET /en/book-now?start_date=06.08.2019.&end_date=07.08.2019.&persons=2 HTTP/1.1" 301 305 "-" "Mozilla/5.0 (Windows NT 6.2; WOW64; rv:54.0) Gecko/20100101 Firefox/54.0"
204.8.137.141 - - [05/Aug/2019:02:11:55 +0000] "GET /en/book-now?start_date=06.08.2019.&end_date=07.08.2019.&persons=2 HTTP/1.1" 301 305 "-" "Mozilla/5.0 (Windows NT 6.2; WOW64; rv:54.0) Gecko/20100101 Firefox/54.0"
204.8.137.141 - - [05/Aug/2019:02:11:55 +0000] "GET /en/book-now?start_date=06.08.2019.&end_date=07.08.2019.&persons=2 HTTP/1.1" 200 4441 "-" "Mozilla/5.0 (Windows NT 6.2; WOW64; rv:54.0) Gecko/20100101 Firefox/54.0"
204.8.137.141 - - [05/Aug/2019:02:11:55 +0000] "GET /css/all.css HTTP/1.1" 200 112014 "https://www.national.hr/en/book-now?start_date=06.08.2019.&end_date=07.08.2019.&persons=2" "Mozilla/5.0 (Windows NT 6.2; WOW64; rv:54.0) Gecko/20100101 Firefox/54.0"
204.8.137.141 - - [05/Aug/2019:02:11:56 +0000] "GET /js/jquery.cookie.js HTTP/1.1" 200 2966 "https://www.national.hr/en/book-now?start_date=06.08.2019.&end_date=07.08.2019.&persons=2" "Mozilla/5.0 (Windows NT 6.2; WOW64; rv:54.0) Gecko/20100101 Firefox/54.0"
204.8.137.141 - - [05/Aug/2019:02:11:56 +0000] "GET /vendor/flag/flags/4x3/gb.svg HTTP/1.1" 200 989 "https://www.national.hr/css/all.css" "Mozilla/5.0 (Windows NT 6.2; WOW64; rv:54.0) Gecko/20100101 Firefox/54.0"
204.8.137.141 - - [05/Aug/2019:02:11:56 +0000] "GET /js/all.js HTTP/1.1" 200 198805 "https://www.national.hr/en/book-now?start_date=06.08.2019.&end_date=07.08.2019.&persons=2" "Mozilla/5.0 (Windows NT 6.2; WOW64; rv:54.0) Gecko/20100101 Firefox/54.0"
204.8.137.141 - - [05/Aug/2019:02:11:56 +0000] "GET /vendor/simple-line-icons/fonts/Simple-Line-Icons.ttf?v=2.4.0 HTTP/1.1" 200 54056 "https://www.national.hr/css/all.css" "Mozilla/5.0 (Windows NT 6.2; WOW64; rv:54.0) Gecko/20100101 Firefox/54.0"
204.8.137.141 - - [05/Aug/2019:02:11:56 +0000] "GET /vendor/font-awesome/fonts/fontawesome-webfont.woff?v=4.7.0 HTTP/1.1" 200 98024 "https://www.national.hr/css/all.css" "Mozilla/5.0 (Windows NT 6.2; WOW64; rv:54.0) Gecko/20100101 Firefox/54.0"
204.8.137.141 - - [05/Aug/2019:02:11:56 +0000] "GET /vendor/flag/flags/4x3/hr.svg HTTP/1.1" 200 80697 "https://www.national.hr/css/all.css" "Mozilla/5.0 (Windows NT 6.2; WOW64; rv:54.0) Gecko/20100101 Firefox/54.0"
54.87.212.159 - - [05/Aug/2019:02:11:57 +0000] "GET /img/demos/hotel/logo.png HTTP/1.1" 200 35182 "https://www.national.hr/en/book-now?start_date=06.08.2019.&end_date=07.08.2019.&persons=2" "Mozilla/5.0 (Windows NT 6.2; WOW64; rv:54.0) Gecko/20100101 Firefox/54.0"
54.87.212.159 - - [05/Aug/2019:02:11:57 +0000] "GET /uploads/thumbnails/f125cd41427d7dda3bed18b5c7b3837f.jpg HTTP/1.1" 200 39654 "https://www.national.hr/en/book-now?start_date=06.08.2019.&end_date=07.08.2019.&persons=2" "Mozilla/5.0 (Windows NT 6.2; WOW64; rv:54.0) Gecko/20100101 Firefox/54.0"
54.87.212.159 - - [05/Aug/2019:02:11:57 +0000] "GET /uploads/thumbnails/aa39d423c5d63c3b6952010631b975fc.jpg HTTP/1.1" 200 49760 "https://www.national.hr/en/book-now?start_date=06.08.2019.&end_date=07.08.2019.&persons=2" "Mozilla/5.0 (Windows NT 6.2; WOW64; rv:54.0) Gecko/20100101 Firefox/54.0"
54.87.212.159 - - [05/Aug/2019:02:11:57 +0000] "GET /uploads/thumbnails/bab51afaaa78f93592fe6de6b5b4dae5.jpg HTTP/1.1" 200 48605 "https://www.national.hr/en/book-now?start_date=06.08.2019.&end_date=07.08.2019.&persons=2" "Mozilla/5.0 (Windows NT 6.2; WOW64; rv:54.0) Gecko/20100101 Firefox/54.0"
54.87.212.159 - - [05/Aug/2019:02:11:57 +0000] "GET /uploads/thumbnails/7b775c2320ed1d591b1999fdd875af2c.jpg HTTP/1.1" 200 54168 "https://www.national.hr/en/book-now?start_date=06.08.2019.&end_date=07.08.2019.&persons=2" "Mozilla/5.0 (Windows NT 6.2; WOW64; rv:54.0) Gecko/20100101 Firefox/54.0"
54.87.212.159 - - [05/Aug/2019:02:11:57 +0000] "GET /uploads/thumbnails/f01fea6613c1d0615eb94db24bda1949.jpg HTTP/1.1" 200 51074 "https://www.national.hr/en/book-now?start_date=06.08.2019.&end_date=07.08.2019.&persons=2" "Mozilla/5.0 (Windows NT 6.2; WOW64; rv:54.0) Gecko/20100101 Firefox/54.0"
54.87.212.159 - - [05/Aug/2019:02:11:57 +0000] "GET /img/demos/hotel/logo-hotel-footer.png HTTP/1.1" 200 3378 "https://www.national.hr/en/book-now?start_date=06.08.2019.&end_date=07.08.2019.&persons=2" "Mozilla/5.0 (Windows NT 6.2; WOW64; rv:54.0) Gecko/20100101 Firefox/54.0"
54.87.212.159 - - [05/Aug/2019:02:11:57 +0000] "GET /img/demos/hotel/patterns/pattern.jpg HTTP/1.1" 200 3531 "https://www.national.hr/css/all.css" "Mozilla/5.0 (Windows NT 6.2; WOW64; rv:54.0) Gecko/20100101 Firefox/54.0"
207.46.13.167 - - [05/Aug/2019:02:23:54 +0000] "GET /rooms/deluxe-apartment-with-balcony HTTP/1.1" 301 267 "-" "Mozilla/5.0 (compatible; bingbot/2.0; +http://www.bing.com/bingbot.htm)"
207.46.13.167 - - [05/Aug/2019:02:41:08 +0000] "GET /hr HTTP/1.1" 200 7382 "-" "Mozilla/5.0 (compatible; bingbot/2.0; +http://www.bing.com/bingbot.htm)"
207.46.13.114 - - [05/Aug/2019:03:04:03 +0000] "GET /rooms/double-room-with-an-extra-bed HTTP/1.1" 200 4074 "-" "Mozilla/5.0 (compatible; bingbot/2.0; +http://www.bing.com/bingbot.htm)"
18.237.121.28 - - [05/Aug/2019:03:05:06 +0000] "GET / HTTP/1.1" 301 232 "-" "Mozilla/5.0 (Windows NT 10.0; Win64; x64)AppleWebKit/537.36 (KHTML, like Gecko) Chrome/66.0.3359.181 Safari/537.36"
18.237.121.28 - - [05/Aug/2019:03:05:07 +0000] "GET / HTTP/1.1" 200 7463 "-" "Mozilla/5.0 (Windows NT 10.0; Win64; x64)AppleWebKit/537.36 (KHTML, like Gecko) Chrome/66.0.3359.181 Safari/537.36"
18.237.121.28 - - [05/Aug/2019:03:05:08 +0000] "GET / HTTP/1.1" 301 232 "-" "Mozilla/5.0 (Windows NT 10.0; Win64; x64)AppleWebKit/537.36 (KHTML, like Gecko) Chrome/66.0.3359.181 Safari/537.36"
18.237.121.28 - - [05/Aug/2019:03:05:09 +0000] "GET / HTTP/1.1" 200 7463 "-" "Mozilla/5.0 (Windows NT 10.0; Win64; x64)AppleWebKit/537.36 (KHTML, like Gecko) Chrome/66.0.3359.181 Safari/537.36"
66.249.64.191 - - [05/Aug/2019:03:11:27 +0000] "GET /news/caro-emerald-is-in-zagreb-within-her-current-emerald-island-tour-10-discount-on-accommodation-upon-presentation-of-tickets HTTP/1.1" 200 4179 "-" "Mozilla/5.0 (Linux; Android 6.0.1; Nexus 5X Build/MMB29P) AppleWebKit/537.36 (KHTML, like Gecko) Chrome/41.0.2272.96 Mobile Safari/537.36 (compatible; Googlebot/2.1; +http://www.google.com/bot.html)"
5.255.253.35 - - [05/Aug/2019:03:17:41 +0000] "GET /robots.txt HTTP/1.1" 301 242 "-" "Mozilla/5.0 (compatible; YandexBot/3.0; +http://yandex.com/bots)"
5.45.207.25 - - [05/Aug/2019:03:17:41 +0000] "GET /robots.txt HTTP/1.1" 200 24 "-" "Mozilla/5.0 (compatible; YandexBot/3.0; +http://yandex.com/bots)"
5.255.253.35 - - [05/Aug/2019:03:17:41 +0000] "GET /robots.txt HTTP/1.1" 301 242 "-" "Mozilla/5.0 (compatible; YandexBot/3.0; +http://yandex.com/bots)"
5.255.253.35 - - [05/Aug/2019:03:17:41 +0000] "GET /robots.txt HTTP/1.1" 200 24 "-" "Mozilla/5.0 (compatible; YandexBot/3.0; +http://yandex.com/bots)"
5.45.207.25 - - [05/Aug/2019:03:17:42 +0000] "GET /robots.txt HTTP/1.1" 200 24 "-" "Mozilla/5.0 (compatible; YandexBot/3.0; +http://yandex.com/bots)"
5.255.253.35 - - [05/Aug/2019:03:17:45 +0000] "GET / HTTP/1.1" 301 232 "-" "Mozilla/5.0 (compatible; YandexBot/3.0; +http://yandex.com/bots)"
5.255.253.35 - - [05/Aug/2019:03:17:45 +0000] "GET / HTTP/1.1" 200 7463 "-" "Mozilla/5.0 (compatible; YandexBot/3.0; +http://yandex.com/bots)"
5.45.207.25 - - [05/Aug/2019:03:17:45 +0000] "GET / HTTP/1.1" 301 232 "-" "Mozilla/5.0 (compatible; YandexBot/3.0; +http://yandex.com/bots)"
157.55.39.142 - - [05/Aug/2019:03:18:20 +0000] "GET /hr/aktualno/koncert-andrea-bocelli-u-areni-ostvarujete-10-popusta-na-smjestaj-ukoliko-predocite-ulaznice-za-event HTTP/1.1" 301 345 "-" "Mozilla/5.0 (compatible; bingbot/2.0; +http://www.bing.com/bingbot.htm)"
46.229.168.136 - - [05/Aug/2019:03:20:03 +0000] "GET /robots.txt HTTP/1.1" 200 24 "-" "Mozilla/5.0 (compatible; SemrushBot/3~bl; +http://www.semrush.com/bot.html)"
46.229.168.129 - - [05/Aug/2019:03:20:03 +0000] "GET /hr/sobe/jednokrevetna-soba HTTP/1.1" 200 4173 "-" "Mozilla/5.0 (compatible; SemrushBot/3~bl; +http://www.semrush.com/bot.html)"
207.46.13.114 - - [05/Aug/2019:03:26:16 +0000] "GET /rooms/economy-double-room HTTP/1.1" 301 257 "-" "Mozilla/5.0 (compatible; bingbot/2.0; +http://www.bing.com/bingbot.htm)"
66.249.64.187 - - [05/Aug/2019:03:28:44 +0000] "GET /news/10-discount-on-accommodation-with-ehf-euro-ticket-for-games-in-zagreb HTTP/1.1" 200 3700 "-" "Mozilla/5.0 (Linux; Android 6.0.1; Nexus 5X Build/MMB29P) AppleWebKit/537.36 (KHTML, like Gecko) Chrome/41.0.2272.96 Mobile Safari/537.36 (compatible; Googlebot/2.1; +http://www.google.com/bot.html)"
165.25.168.112 - - [05/Aug/2019:03:41:10 +0000] "GET /en/book-now?start_date=12.08.2019.&end_date=13.08.2019.&persons=2 HTTP/1.1" 301 305 "-" "Mozilla/5.0 (Windows NT 6.3; WOW64) AppleWebKit/537.36 (KHTML, like Gecko) Chrome/63.0.3228.44 Safari/537.36"
165.25.168.112 - - [05/Aug/2019:03:41:11 +0000] "GET /en/book-now?start_date=12.08.2019.&end_date=13.08.2019.&persons=2 HTTP/1.1" 200 4443 "-" "Mozilla/5.0 (Windows NT 6.3; WOW64) AppleWebKit/537.36 (KHTML, like Gecko) Chrome/63.0.3228.44 Safari/537.36"
165.25.168.112 - - [05/Aug/2019:03:41:12 +0000] "GET /css/all.css HTTP/1.1" 200 112014 "https://www.national.hr/en/book-now?start_date=12.08.2019.&end_date=13.08.2019.&persons=2" "Mozilla/5.0 (Windows NT 6.3; WOW64) AppleWebKit/537.36 (KHTML, like Gecko) Chrome/63.0.3228.44 Safari/537.36"
165.25.168.112 - - [05/Aug/2019:03:41:12 +0000] "GET /js/jquery.cookie.js HTTP/1.1" 200 2966 "https://www.national.hr/en/book-now?start_date=12.08.2019.&end_date=13.08.2019.&persons=2" "Mozilla/5.0 (Windows NT 6.3; WOW64) AppleWebKit/537.36 (KHTML, like Gecko) Chrome/63.0.3228.44 Safari/537.36"
3.84.176.123 - - [05/Aug/2019:03:41:12 +0000] "GET /img/demos/hotel/logo.png HTTP/1.1" 200 35182 "https://www.national.hr/en/book-now?start_date=12.08.2019.&end_date=13.08.2019.&persons=2" "Mozilla/5.0 (Windows NT 6.3; WOW64) AppleWebKit/537.36 (KHTML, like Gecko) Chrome/63.0.3228.44 Safari/537.36"
165.25.168.112 - - [05/Aug/2019:03:41:13 +0000] "GET /vendor/flag/flags/4x3/gb.svg HTTP/1.1" 200 989 "https://www.national.hr/css/all.css" "Mozilla/5.0 (Windows NT 6.3; WOW64) AppleWebKit/537.36 (KHTML, like Gecko) Chrome/63.0.3228.44 Safari/537.36"
165.25.168.112 - - [05/Aug/2019:03:41:12 +0000] "GET /js/all.js HTTP/1.1" 200 198805 "https://www.national.hr/en/book-now?start_date=12.08.2019.&end_date=13.08.2019.&persons=2" "Mozilla/5.0 (Windows NT 6.3; WOW64) AppleWebKit/537.36 (KHTML, like Gecko) Chrome/63.0.3228.44 Safari/537.36"
3.84.176.123 - - [05/Aug/2019:03:41:13 +0000] "GET /uploads/thumbnails/aa39d423c5d63c3b6952010631b975fc.jpg HTTP/1.1" 200 49760 "https://www.national.hr/en/book-now?start_date=12.08.2019.&end_date=13.08.2019.&persons=2" "Mozilla/5.0 (Windows NT 6.3; WOW64) AppleWebKit/537.36 (KHTML, like Gecko) Chrome/63.0.3228.44 Safari/537.36"
3.84.176.123 - - [05/Aug/2019:03:41:13 +0000] "GET /uploads/thumbnails/f125cd41427d7dda3bed18b5c7b3837f.jpg HTTP/1.1" 200 39654 "https://www.national.hr/en/book-now?start_date=12.08.2019.&end_date=13.08.2019.&persons=2" "Mozilla/5.0 (Windows NT 6.3; WOW64) AppleWebKit/537.36 (KHTML, like Gecko) Chrome/63.0.3228.44 Safari/537.36"
165.25.168.112 - - [05/Aug/2019:03:41:13 +0000] "GET /vendor/simple-line-icons/fonts/Simple-Line-Icons.ttf?v=2.4.0 HTTP/1.1" 200 54056 "https://www.national.hr/css/all.css" "Mozilla/5.0 (Windows NT 6.3; WOW64) AppleWebKit/537.36 (KHTML, like Gecko) Chrome/63.0.3228.44 Safari/537.36"
3.84.176.123 - - [05/Aug/2019:03:41:13 +0000] "GET /uploads/thumbnails/bab51afaaa78f93592fe6de6b5b4dae5.jpg HTTP/1.1" 200 48605 "https://www.national.hr/en/book-now?start_date=12.08.2019.&end_date=13.08.2019.&persons=2" "Mozilla/5.0 (Windows NT 6.3; WOW64) AppleWebKit/537.36 (KHTML, like Gecko) Chrome/63.0.3228.44 Safari/537.36"
165.25.168.112 - - [05/Aug/2019:03:41:13 +0000] "GET /vendor/flag/flags/4x3/hr.svg HTTP/1.1" 200 80697 "https://www.national.hr/css/all.css" "Mozilla/5.0 (Windows NT 6.3; WOW64) AppleWebKit/537.36 (KHTML, like Gecko) Chrome/63.0.3228.44 Safari/537.36"
165.25.168.112 - - [05/Aug/2019:03:41:13 +0000] "GET /vendor/font-awesome/fonts/fontawesome-webfont.woff?v=4.7.0 HTTP/1.1" 200 98024 "https://www.national.hr/css/all.css" "Mozilla/5.0 (Windows NT 6.3; WOW64) AppleWebKit/537.36 (KHTML, like Gecko) Chrome/63.0.3228.44 Safari/537.36"
3.84.176.123 - - [05/Aug/2019:03:41:13 +0000] "GET /uploads/thumbnails/f01fea6613c1d0615eb94db24bda1949.jpg HTTP/1.1" 200 51074 "https://www.national.hr/en/book-now?start_date=12.08.2019.&end_date=13.08.2019.&persons=2" "Mozilla/5.0 (Windows NT 6.3; WOW64) AppleWebKit/537.36 (KHTML, like Gecko) Chrome/63.0.3228.44 Safari/537.36"
3.84.176.123 - - [05/Aug/2019:03:41:13 +0000] "GET /img/demos/hotel/logo-hotel-footer.png HTTP/1.1" 200 3378 "https://www.national.hr/en/book-now?start_date=12.08.2019.&end_date=13.08.2019.&persons=2" "Mozilla/5.0 (Windows NT 6.3; WOW64) AppleWebKit/537.36 (KHTML, like Gecko) Chrome/63.0.3228.44 Safari/537.36"
3.84.176.123 - - [05/Aug/2019:03:41:13 +0000] "GET /uploads/thumbnails/7b775c2320ed1d591b1999fdd875af2c.jpg HTTP/1.1" 200 54168 "https://www.national.hr/en/book-now?start_date=12.08.2019.&end_date=13.08.2019.&persons=2" "Mozilla/5.0 (Windows NT 6.3; WOW64) AppleWebKit/537.36 (KHTML, like Gecko) Chrome/63.0.3228.44 Safari/537.36"
3.84.176.123 - - [05/Aug/2019:03:41:14 +0000] "GET /img/demos/hotel/patterns/pattern.jpg HTTP/1.1" 200 3531 "https://www.national.hr/css/all.css" "Mozilla/5.0 (Windows NT 6.3; WOW64) AppleWebKit/537.36 (KHTML, like Gecko) Chrome/63.0.3228.44 Safari/537.36"
207.46.13.114 - - [05/Aug/2019:03:43:48 +0000] "GET /rooms/twin-room HTTP/1.1" 200 4074 "-" "Mozilla/5.0 (compatible; bingbot/2.0; +http://www.bing.com/bingbot.htm)"
66.249.64.191 - - [05/Aug/2019:03:46:00 +0000] "GET /hr HTTP/1.1" 200 7382 "-" "Mozilla/5.0 (compatible; Googlebot/2.1; +http://www.google.com/bot.html)"
185.6.9.216 - - [05/Aug/2019:03:53:29 +0000] "GET /robots.txt HTTP/1.1" 301 242 "-" "(info@domaincrawler.com; http://www.domaincrawler.com/national.hr)"
185.6.9.216 - - [05/Aug/2019:03:53:29 +0000] "GET /robots.txt HTTP/1.1" 200 24 "-" "(info@domaincrawler.com; http://www.domaincrawler.com/national.hr)"
185.6.9.216 - - [05/Aug/2019:03:53:31 +0000] "GET / HTTP/1.1" 301 232 "-" "(info@domaincrawler.com; http://www.domaincrawler.com/national.hr)"
185.6.9.216 - - [05/Aug/2019:03:53:31 +0000] "GET / HTTP/1.1" 200 39304 "-" "(info@domaincrawler.com; http://www.domaincrawler.com/national.hr)"
185.6.9.216 - - [05/Aug/2019:03:53:35 +0000] "GET /hotel HTTP/1.1" 200 34157 "-" "(info@domaincrawler.com; http://www.domaincrawler.com/national.hr)"
185.6.9.216 - - [05/Aug/2019:03:53:37 +0000] "GET /news/summer-picknic-in-zagreb-2nd-to-30th-august-every-thursday-in-the-afternoon-evening-18-23h HTTP/1.1" 200 21682 "-" "(info@domaincrawler.com; http://www.domaincrawler.com/national.hr)"
185.6.9.216 - - [05/Aug/2019:03:53:40 +0000] "GET /news/the-national-zagrebacko-zagrijavanje-za-superuho-festival-10072018-at-21-00h HTTP/1.1" 200 21873 "-" "(info@domaincrawler.com; http://www.domaincrawler.com/national.hr)"
185.6.9.216 - - [05/Aug/2019:03:53:42 +0000] "GET /news HTTP/1.1" 200 27625 "-" "(info@domaincrawler.com; http://www.domaincrawler.com/national.hr)"
185.6.9.216 - - [05/Aug/2019:03:53:44 +0000] "GET /rooms HTTP/1.1" 200 26272 "-" "(info@domaincrawler.com; http://www.domaincrawler.com/national.hr)"
185.6.9.216 - - [05/Aug/2019:03:53:46 +0000] "GET /privacy-policy HTTP/1.1" 200 29544 "-" "(info@domaincrawler.com; http://www.domaincrawler.com/national.hr)"
185.6.9.216 - - [05/Aug/2019:03:53:48 +0000] "GET /en HTTP/1.1" 200 39370 "-" "(info@domaincrawler.com; http://www.domaincrawler.com/national.hr)"
185.6.9.216 - - [05/Aug/2019:03:53:50 +0000] "GET /documents HTTP/1.1" 200 19314 "-" "(info@domaincrawler.com; http://www.domaincrawler.com/national.hr)"
185.6.9.216 - - [05/Aug/2019:03:53:55 +0000] "GET /contact HTTP/1.1" 200 24493 "-" "(info@domaincrawler.com; http://www.domaincrawler.com/national.hr)"
185.6.9.216 - - [05/Aug/2019:03:53:58 +0000] "GET /news/valentines-week-in-hotel-national-from-1102-1702 HTTP/1.1" 200 20550 "-" "(info@domaincrawler.com; http://www.domaincrawler.com/national.hr)"
185.6.9.216 - - [05/Aug/2019:03:54:00 +0000] "GET /hr HTTP/1.1" 200 38831 "-" "(info@domaincrawler.com; http://www.domaincrawler.com/national.hr)"
185.6.9.216 - - [05/Aug/2019:03:54:02 +0000] "GET /book-now HTTP/1.1" 200 27285 "-" "(info@domaincrawler.com; http://www.domaincrawler.com/national.hr)"
185.6.9.216 - - [05/Aug/2019:03:54:06 +0000] "GET /news/gastro-music-fest-park-zrinjevac-18-27052018 HTTP/1.1" 200 21334 "-" "(info@domaincrawler.com; http://www.domaincrawler.com/national.hr)"
185.6.9.216 - - [05/Aug/2019:03:54:08 +0000] "GET /news/events-in-may-in-zagreb HTTP/1.1" 200 22320 "-" "(info@domaincrawler.com; http://www.domaincrawler.com/national.hr)"
185.6.9.216 - - [05/Aug/2019:03:54:09 +0000] "GET /news?page=2 HTTP/1.1" 200 27559 "-" "(info@domaincrawler.com; http://www.domaincrawler.com/national.hr)"
185.6.9.216 - - [05/Aug/2019:03:54:14 +0000] "GET /news/festival-of-sweets-slatki-gusti-from-1706-2706-park-zrinjevac HTTP/1.1" 200 21378 "-" "(info@domaincrawler.com; http://www.domaincrawler.com/national.hr)"
185.6.9.216 - - [05/Aug/2019:03:54:16 +0000] "GET /news?page=3 HTTP/1.1" 200 26099 "-" "(info@domaincrawler.com; http://www.domaincrawler.com/national.hr)"
185.6.9.216 - - [05/Aug/2019:03:54:19 +0000] "GET /news?page=4 HTTP/1.1" 200 21136 "-" "(info@domaincrawler.com; http://www.domaincrawler.com/national.hr)"
185.6.9.216 - - [05/Aug/2019:03:54:20 +0000] "GET /rooms/economy-double-room HTTP/1.1" 200 21668 "-" "(info@domaincrawler.com; http://www.domaincrawler.com/national.hr)"
185.6.9.216 - - [05/Aug/2019:03:54:23 +0000] "GET /rooms/double-room HTTP/1.1" 200 21950 "-" "(info@domaincrawler.com; http://www.domaincrawler.com/national.hr)"
185.6.9.216 - - [05/Aug/2019:03:54:24 +0000] "GET /rooms/twin-room HTTP/1.1" 200 21625 "-" "(info@domaincrawler.com; http://www.domaincrawler.com/national.hr)"
185.6.9.216 - - [05/Aug/2019:03:54:26 +0000] "GET /rooms/double-room-with-an-extra-bed HTTP/1.1" 200 21710 "-" "(info@domaincrawler.com; http://www.domaincrawler.com/national.hr)"
185.6.9.216 - - [05/Aug/2019:03:54:32 +0000] "GET /rooms/deluxe-apartment-with-balcony HTTP/1.1" 200 21905 "-" "(info@domaincrawler.com; http://www.domaincrawler.com/national.hr)"
185.6.9.216 - - [05/Aug/2019:03:54:34 +0000] "GET /rooms/single-room HTTP/1.1" 200 21608 "-" "(info@domaincrawler.com; http://www.domaincrawler.com/national.hr)"
185.6.9.216 - - [05/Aug/2019:03:54:36 +0000] "GET /en/rooms HTTP/1.1" 200 26371 "-" "(info@domaincrawler.com; http://www.domaincrawler.com/national.hr)"
185.6.9.216 - - [05/Aug/2019:03:54:38 +0000] "GET /en/news HTTP/1.1" 200 27700 "-" "(info@domaincrawler.com; http://www.domaincrawler.com/national.hr)"
185.6.9.216 - - [05/Aug/2019:03:54:42 +0000] "GET /en/news/the-national-zagrebacko-zagrijavanje-za-superuho-festival-10072018-at-21-00h HTTP/1.1" 200 21918 "-" "(info@domaincrawler.com; http://www.domaincrawler.com/national.hr)"
185.6.9.216 - - [05/Aug/2019:03:54:44 +0000] "GET /en/news/summer-picknic-in-zagreb-2nd-to-30th-august-every-thursday-in-the-afternoon-evening-18-23h HTTP/1.1" 200 21727 "-" "(info@domaincrawler.com; http://www.domaincrawler.com/national.hr)"
185.6.9.216 - - [05/Aug/2019:03:54:46 +0000] "GET /en/contact HTTP/1.1" 200 24541 "-" "(info@domaincrawler.com; http://www.domaincrawler.com/national.hr)"
185.6.9.216 - - [05/Aug/2019:03:54:49 +0000] "GET /en/privacy-policy HTTP/1.1" 200 29589 "-" "(info@domaincrawler.com; http://www.domaincrawler.com/national.hr)"
185.6.9.216 - - [05/Aug/2019:03:54:51 +0000] "GET /en/hotel HTTP/1.1" 200 34202 "-" "(info@domaincrawler.com; http://www.domaincrawler.com/national.hr)"
185.6.9.216 - - [05/Aug/2019:03:54:53 +0000] "GET /en/book-now HTTP/1.1" 200 27336 "-" "(info@domaincrawler.com; http://www.domaincrawler.com/national.hr)"
185.6.9.216 - - [05/Aug/2019:03:54:55 +0000] "GET /en/documents HTTP/1.1" 200 19359 "-" "(info@domaincrawler.com; http://www.domaincrawler.com/national.hr)"
185.6.9.216 - - [05/Aug/2019:03:54:57 +0000] "GET /en/news/valentines-week-in-hotel-national-from-1102-1702 HTTP/1.1" 200 20595 "-" "(info@domaincrawler.com; http://www.domaincrawler.com/national.hr)"
185.6.9.216 - - [05/Aug/2019:03:55:00 +0000] "GET /hr/hotel HTTP/1.1" 200 34583 "-" "(info@domaincrawler.com; http://www.domaincrawler.com/national.hr)"
185.6.9.216 - - [05/Aug/2019:03:55:02 +0000] "GET /hr/rezervacija HTTP/1.1" 200 27545 "-" "(info@domaincrawler.com; http://www.domaincrawler.com/national.hr)"
185.6.9.216 - - [05/Aug/2019:03:55:05 +0000] "GET /hr/aktualno/noc-muzeja-u-zagrebu HTTP/1.1" 200 20889 "-" "(info@domaincrawler.com; http://www.domaincrawler.com/national.hr)"
185.6.9.216 - - [05/Aug/2019:03:55:08 +0000] "GET /hr/pravila-privatnosti HTTP/1.1" 200 30335 "-" "(info@domaincrawler.com; http://www.domaincrawler.com/national.hr)"
185.6.9.216 - - [05/Aug/2019:03:55:10 +0000] "GET /hr/obrasci HTTP/1.1" 200 19433 "-" "(info@domaincrawler.com; http://www.domaincrawler.com/national.hr)"
185.6.9.216 - - [05/Aug/2019:03:55:12 +0000] "GET /hr/sobe HTTP/1.1" 200 26683 "-" "(info@domaincrawler.com; http://www.domaincrawler.com/national.hr)"
185.6.9.216 - - [05/Aug/2019:03:55:14 +0000] "GET /hr/aktualno/15-zagrebdox HTTP/1.1" 200 28513 "-" "(info@domaincrawler.com; http://www.domaincrawler.com/national.hr)"
185.6.9.216 - - [05/Aug/2019:03:55:16 +0000] "GET /hr/aktualno HTTP/1.1" 200 27405 "-" "(info@domaincrawler.com; http://www.domaincrawler.com/national.hr)"
185.6.9.216 - - [05/Aug/2019:03:55:18 +0000] "GET /hr/aktualno/valentinovo-u-hotelu-national HTTP/1.1" 200 20642 "-" "(info@domaincrawler.com; http://www.domaincrawler.com/national.hr)"
185.6.9.216 - - [05/Aug/2019:03:55:20 +0000] "GET /hr/kontakt HTTP/1.1" 200 24641 "-" "(info@domaincrawler.com; http://www.domaincrawler.com/national.hr)"
185.6.9.216 - - [05/Aug/2019:03:55:27 +0000] "GET /news/caro-emerald-is-in-zagreb-within-her-current-emerald-island-tour-10-discount-on-accommodation-upon-presentation-of-tickets HTTP/1.1" 200 21630 "-" "(info@domaincrawler.com; http://www.domaincrawler.com/national.hr)"
185.6.9.216 - - [05/Aug/2019:03:55:29 +0000] "GET /news/valentines-day-in-the-hotel-national-every-reservation-for-1402-gets-surprise-gift HTTP/1.1" 200 21061 "-" "(info@domaincrawler.com; http://www.domaincrawler.com/national.hr)"
185.6.9.216 - - [05/Aug/2019:03:55:33 +0000] "GET /news/concert-andrea-bocelli-in-arena-10-discount-on-accommodation-upon-presentation-tickets-for-event HTTP/1.1" 200 22648 "-" "(info@domaincrawler.com; http://www.domaincrawler.com/national.hr)"
185.6.9.216 - - [05/Aug/2019:03:55:35 +0000] "GET /news?page=1 HTTP/1.1" 200 27625 "-" "(info@domaincrawler.com; http://www.domaincrawler.com/national.hr)"
185.6.9.216 - - [05/Aug/2019:03:55:38 +0000] "GET /news/lord-of-the-dance-0804-2000-pm-arena-zagreb HTTP/1.1" 200 22181 "-" "(info@domaincrawler.com; http://www.domaincrawler.com/national.hr)"
185.6.9.216 - - [05/Aug/2019:03:55:39 +0000] "GET /news/the-festival-of-light-zagreb-2018-15032018-18032018 HTTP/1.1" 200 21042 "-" "(info@domaincrawler.com; http://www.domaincrawler.com/national.hr)"
185.6.9.216 - - [05/Aug/2019:03:55:42 +0000] "GET /news/valentines-day-in-the-hotel-national-reservation-of-a-room-for-1402-every-room-gets-surprise-gift HTTP/1.1" 200 21105 "-" "(info@domaincrawler.com; http://www.domaincrawler.com/national.hr)"
185.6.9.216 - - [05/Aug/2019:03:55:46 +0000] "GET /news/concert-rod-stewart-02022018-arena-zagreb-10-discount-on-accommodation-with-tickets-for-concert HTTP/1.1" 200 21991 "-" "(info@domaincrawler.com; http://www.domaincrawler.com/national.hr)"
185.6.9.216 - - [05/Aug/2019:03:55:50 +0000] "GET /news/moscow-circus-on-the-ice-19012018-lisinski-hall HTTP/1.1" 200 21123 "-" "(info@domaincrawler.com; http://www.domaincrawler.com/national.hr)"
185.6.9.216 - - [05/Aug/2019:03:55:54 +0000] "GET /news/best-wishes-to-all-of-you-from-our-small-team HTTP/1.1" 200 20278 "-" "(info@domaincrawler.com; http://www.domaincrawler.com/national.hr)"
185.6.9.216 - - [05/Aug/2019:03:55:55 +0000] "GET /news/10-discount-on-accommodation-with-ehf-euro-ticket-for-games-in-zagreb HTTP/1.1" 200 20476 "-" "(info@domaincrawler.com; http://www.domaincrawler.com/national.hr)"
185.6.9.216 - - [05/Aug/2019:03:55:57 +0000] "GET /news/ehf-euro-croatia-2018-12012018-28012018 HTTP/1.1" 200 20586 "-" "(info@domaincrawler.com; http://www.domaincrawler.com/national.hr)"
185.6.9.216 - - [05/Aug/2019:03:56:00 +0000] "GET /news/things-to-do-and-see-in-zagreb HTTP/1.1" 200 26115 "-" "(info@domaincrawler.com; http://www.domaincrawler.com/national.hr)"
185.6.9.216 - - [05/Aug/2019:03:56:03 +0000] "GET /news/summer-on-stross HTTP/1.1" 200 21200 "-" "(info@domaincrawler.com; http://www.domaincrawler.com/national.hr)"
185.6.9.216 - - [05/Aug/2019:03:56:06 +0000] "GET /news/welcome-to-our-new-website HTTP/1.1" 500 22462 "-" "(info@domaincrawler.com; http://www.domaincrawler.com/national.hr)"
66.249.64.191 - - [05/Aug/2019:04:11:56 +0000] "GET /hr/aktualno/noc-muzeja-u-zagrebu HTTP/1.1" 200 4000 "-" "Mozilla/5.0 (Linux; Android 6.0.1; Nexus 5X Build/MMB29P) AppleWebKit/537.36 (KHTML, like Gecko) Chrome/41.0.2272.96 Mobile Safari/537.36 (compatible; Googlebot/2.1; +http://www.google.com/bot.html)"
66.249.64.187 - - [05/Aug/2019:04:29:12 +0000] "GET /rooms HTTP/1.1" 200 4217 "-" "Mozilla/5.0 (Linux; Android 6.0.1; Nexus 5X Build/MMB29P) AppleWebKit/537.36 (KHTML, like Gecko) Chrome/41.0.2272.96 Mobile Safari/537.36 (compatible; Googlebot/2.1; +http://www.google.com/bot.html)"
46.229.168.137 - - [05/Aug/2019:04:50:22 +0000] "GET /robots.txt HTTP/1.1" 200 24 "-" "Mozilla/5.0 (compatible; SemrushBot/6~bl; +http://www.semrush.com/bot.html)"
46.229.168.136 - - [05/Aug/2019:04:50:23 +0000] "GET /hr/aktualno/the-national-zagrebacko-zagrijavanje-za-superuho-festival-10072018-u-2100h HTTP/1.1" 200 4530 "-" "Mozilla/5.0 (compatible; SemrushBot/3~bl; +http://www.semrush.com/bot.html)"
104.238.3.181 - - [05/Aug/2019:04:52:20 +0000] "GET /en/book-now?start_date=04.09.2019.&end_date=05.09.2019.&persons=2 HTTP/1.1" 301 305 "-" "Mozilla/5.0 (Windows NT 6.2; Win64; x64) AppleWebKit/537.36 (KHTML, like Gecko) Chrome/64.0.3279.97 Safari/537.36"
104.238.3.181 - - [05/Aug/2019:04:52:20 +0000] "GET /en/book-now?start_date=04.09.2019.&end_date=05.09.2019.&persons=2 HTTP/1.1" 200 4424 "-" "Mozilla/5.0 (Windows NT 6.2; Win64; x64) AppleWebKit/537.36 (KHTML, like Gecko) Chrome/64.0.3279.97 Safari/537.36"
104.238.3.181 - - [05/Aug/2019:04:52:21 +0000] "GET /css/all.css HTTP/1.1" 200 112014 "https://www.national.hr/en/book-now?start_date=04.09.2019.&end_date=05.09.2019.&persons=2" "Mozilla/5.0 (Windows NT 6.2; Win64; x64) AppleWebKit/537.36 (KHTML, like Gecko) Chrome/64.0.3279.97 Safari/537.36"
100.26.10.41 - - [05/Aug/2019:04:52:22 +0000] "GET /img/demos/hotel/logo.png HTTP/1.1" 200 35182 "https://www.national.hr/en/book-now?start_date=04.09.2019.&end_date=05.09.2019.&persons=2" "Mozilla/5.0 (Windows NT 6.2; Win64; x64) AppleWebKit/537.36 (KHTML, like Gecko) Chrome/64.0.3279.97 Safari/537.36"
104.238.3.181 - - [05/Aug/2019:04:52:22 +0000] "GET /js/jquery.cookie.js HTTP/1.1" 200 2966 "https://www.national.hr/en/book-now?start_date=04.09.2019.&end_date=05.09.2019.&persons=2" "Mozilla/5.0 (Windows NT 6.2; Win64; x64) AppleWebKit/537.36 (KHTML, like Gecko) Chrome/64.0.3279.97 Safari/537.36"
100.26.10.41 - - [05/Aug/2019:04:52:22 +0000] "GET /uploads/thumbnails/f125cd41427d7dda3bed18b5c7b3837f.jpg HTTP/1.1" 200 39654 "https://www.national.hr/en/book-now?start_date=04.09.2019.&end_date=05.09.2019.&persons=2" "Mozilla/5.0 (Windows NT 6.2; Win64; x64) AppleWebKit/537.36 (KHTML, like Gecko) Chrome/64.0.3279.97 Safari/537.36"
100.26.10.41 - - [05/Aug/2019:04:52:22 +0000] "GET /uploads/thumbnails/7b775c2320ed1d591b1999fdd875af2c.jpg HTTP/1.1" 200 54168 "https://www.national.hr/en/book-now?start_date=04.09.2019.&end_date=05.09.2019.&persons=2" "Mozilla/5.0 (Windows NT 6.2; Win64; x64) AppleWebKit/537.36 (KHTML, like Gecko) Chrome/64.0.3279.97 Safari/537.36"
100.26.10.41 - - [05/Aug/2019:04:52:22 +0000] "GET /uploads/thumbnails/aa39d423c5d63c3b6952010631b975fc.jpg HTTP/1.1" 200 49760 "https://www.national.hr/en/book-now?start_date=04.09.2019.&end_date=05.09.2019.&persons=2" "Mozilla/5.0 (Windows NT 6.2; Win64; x64) AppleWebKit/537.36 (KHTML, like Gecko) Chrome/64.0.3279.97 Safari/537.36"
100.26.10.41 - - [05/Aug/2019:04:52:22 +0000] "GET /uploads/thumbnails/f01fea6613c1d0615eb94db24bda1949.jpg HTTP/1.1" 200 51074 "https://www.national.hr/en/book-now?start_date=04.09.2019.&end_date=05.09.2019.&persons=2" "Mozilla/5.0 (Windows NT 6.2; Win64; x64) AppleWebKit/537.36 (KHTML, like Gecko) Chrome/64.0.3279.97 Safari/537.36"
100.26.10.41 - - [05/Aug/2019:04:52:22 +0000] "GET /uploads/thumbnails/bab51afaaa78f93592fe6de6b5b4dae5.jpg HTTP/1.1" 200 48605 "https://www.national.hr/en/book-now?start_date=04.09.2019.&end_date=05.09.2019.&persons=2" "Mozilla/5.0 (Windows NT 6.2; Win64; x64) AppleWebKit/537.36 (KHTML, like Gecko) Chrome/64.0.3279.97 Safari/537.36"
104.238.3.181 - - [05/Aug/2019:04:52:22 +0000] "GET /vendor/flag/flags/4x3/gb.svg HTTP/1.1" 200 989 "https://www.national.hr/css/all.css" "Mozilla/5.0 (Windows NT 6.2; Win64; x64) AppleWebKit/537.36 (KHTML, like Gecko) Chrome/64.0.3279.97 Safari/537.36"
100.26.10.41 - - [05/Aug/2019:04:52:22 +0000] "GET /img/demos/hotel/logo-hotel-footer.png HTTP/1.1" 200 3378 "https://www.national.hr/en/book-now?start_date=04.09.2019.&end_date=05.09.2019.&persons=2" "Mozilla/5.0 (Windows NT 6.2; Win64; x64) AppleWebKit/537.36 (KHTML, like Gecko) Chrome/64.0.3279.97 Safari/537.36"
104.238.3.181 - - [05/Aug/2019:04:52:22 +0000] "GET /vendor/simple-line-icons/fonts/Simple-Line-Icons.ttf?v=2.4.0 HTTP/1.1" 200 54056 "https://www.national.hr/css/all.css" "Mozilla/5.0 (Windows NT 6.2; Win64; x64) AppleWebKit/537.36 (KHTML, like Gecko) Chrome/64.0.3279.97 Safari/537.36"
100.26.10.41 - - [05/Aug/2019:04:52:22 +0000] "GET /img/demos/hotel/patterns/pattern.jpg HTTP/1.1" 200 3531 "https://www.national.hr/css/all.css" "Mozilla/5.0 (Windows NT 6.2; Win64; x64) AppleWebKit/537.36 (KHTML, like Gecko) Chrome/64.0.3279.97 Safari/537.36"
104.238.3.181 - - [05/Aug/2019:04:52:22 +0000] "GET /vendor/flag/flags/4x3/hr.svg HTTP/1.1" 200 80697 "https://www.national.hr/css/all.css" "Mozilla/5.0 (Windows NT 6.2; Win64; x64) AppleWebKit/537.36 (KHTML, like Gecko) Chrome/64.0.3279.97 Safari/537.36"
104.238.3.181 - - [05/Aug/2019:04:52:22 +0000] "GET /vendor/font-awesome/fonts/fontawesome-webfont.woff?v=4.7.0 HTTP/1.1" 200 98024 "https://www.national.hr/css/all.css" "Mozilla/5.0 (Windows NT 6.2; Win64; x64) AppleWebKit/537.36 (KHTML, like Gecko) Chrome/64.0.3279.97 Safari/537.36"
104.238.3.181 - - [05/Aug/2019:04:52:22 +0000] "GET /js/all.js HTTP/1.1" 200 198805 "https://www.national.hr/en/book-now?start_date=04.09.2019.&end_date=05.09.2019.&persons=2" "Mozilla/5.0 (Windows NT 6.2; Win64; x64) AppleWebKit/537.36 (KHTML, like Gecko) Chrome/64.0.3279.97 Safari/537.36"
213.186.4.78 - - [05/Aug/2019:04:57:31 +0000] "GET /news/summer-on-stross HTTP/1.1" 301 253 "-" "Mediatoolkitbot (complaints@mediatoolkit.com)"
213.186.4.78 - - [05/Aug/2019:04:57:32 +0000] "GET /news/summer-on-stross HTTP/1.1" 200 4168 "-" "Mediatoolkitbot (complaints@mediatoolkit.com)"
46.229.168.136 - - [05/Aug/2019:04:59:44 +0000] "GET /hr/aktualno/koncert-andrea-bocelli-u-areni-ostvarujete-10-popusta-na-smjestaj-ukoliko-predocite-ulaznice-za-event HTTP/1.1" 301 345 "-" "Mozilla/5.0 (compatible; SemrushBot/3~bl; +http://www.semrush.com/bot.html)"
46.229.168.135 - - [05/Aug/2019:04:59:46 +0000] "GET /hr/aktualno/koncert-andrea-bocelli-u-areni-ostvarujete-10-popusta-na-smjestaj-ukoliko-predocite-ulaznice-za-event HTTP/1.1" 200 5054 "-" "Mozilla/5.0 (compatible; SemrushBot/3~bl; +http://www.semrush.com/bot.html)"
199.102.235.140 - - [05/Aug/2019:05:00:14 +0000] "GET / HTTP/1.1" 301 232 "-" "Mozilla/5.0 (Windows NT 6.1) AppleWebKit/537.36 (KHTML, like Gecko) Chrome/73.0.3683.86 Safari/537.36"
199.102.235.140 - - [05/Aug/2019:05:00:15 +0000] "GET / HTTP/1.1" 200 39304 "-" "Mozilla/5.0 (Windows NT 6.1) AppleWebKit/537.36 (KHTML, like Gecko) Chrome/73.0.3683.86 Safari/537.36"
199.102.235.140 - - [05/Aug/2019:05:00:15 +0000] "GET / HTTP/1.1" 301 232 "-" "Mozilla/5.0 (Windows NT 6.1; rv:64.0) Gecko/20100101 Firefox/64.0"
199.102.235.140 - - [05/Aug/2019:05:00:15 +0000] "GET / HTTP/1.1" 200 39304 "-" "Mozilla/5.0 (Windows NT 6.1; rv:64.0) Gecko/20100101 Firefox/64.0"
46.229.168.148 - - [05/Aug/2019:05:00:35 +0000] "GET /hr/aktualno/noc-muzeja-u-zagrebu HTTP/1.1" 200 4000 "-" "Mozilla/5.0 (compatible; SemrushBot/3~bl; +http://www.semrush.com/bot.html)"
157.55.39.85 - - [05/Aug/2019:05:03:52 +0000] "GET /hotel HTTP/1.1" 301 237 "-" "Mozilla/5.0 (compatible; bingbot/2.0; +http://www.bing.com/bingbot.htm)"
95.216.96.170 - - [05/Aug/2019:05:08:37 +0000] "GET /robots.txt HTTP/1.1" 301 242 "-" "Mozilla/5.0 (compatible; SEOkicks; +https://www.seokicks.de/robot.html)"
95.216.96.170 - - [05/Aug/2019:05:08:38 +0000] "GET / HTTP/1.1" 301 232 "-" "Mozilla/5.0 (compatible; SEOkicks; +https://www.seokicks.de/robot.html)"
157.55.39.142 - - [05/Aug/2019:05:09:33 +0000] "GET /hr/aktualno/advent-u-zagrebu-od-02122017-07012018 HTTP/1.1" 301 281 "-" "Mozilla/5.0 (iPhone; CPU iPhone OS 7_0 like Mac OS X) AppleWebKit/537.51.1 (KHTML, like Gecko) Version/7.0 Mobile/11A465 Safari/9537.53 (compatible; bingbot/2.0; +http://www.bing.com/bingbot.htm)"
157.55.39.142 - - [05/Aug/2019:05:09:34 +0000] "GET /hr/aktualno/advent-u-zagrebu-od-02122017-07012018 HTTP/1.1" 500 25358 "-" "Mozilla/5.0 (iPhone; CPU iPhone OS 7_0 like Mac OS X) AppleWebKit/537.51.1 (KHTML, like Gecko) Version/7.0 Mobile/11A465 Safari/9537.53 (compatible; bingbot/2.0; +http://www.bing.com/bingbot.htm)"
40.77.167.222 - - [05/Aug/2019:05:12:52 +0000] "GET /en/news/caro-emerald-is-in-zagreb-within-her-current-emerald-island-tour-10-discount-on-accommodation-upon-presentation-of-tickets HTTP/1.1" 200 4178 "-" "Mozilla/5.0 (compatible; bingbot/2.0; +http://www.bing.com/bingbot.htm)"
93.138.252.12 - - [05/Aug/2019:05:22:50 +0000] "GET / HTTP/1.1" 301 232 "https://l.instagram.com/" "Mozilla/5.0 (Linux; Android 9; SM-A505FN Build/PPR1.180610.011; wv) AppleWebKit/537.36 (KHTML, like Gecko) Version/4.0 Chrome/76.0.3809.89 Mobile Safari/537.36 Instagram 104.0.0.21.118 Android (28/9; 420dpi; 1080x2218; samsung; SM-A505FN; a50; exynos9610; hr_HR; 165031108)"
93.138.252.12 - - [05/Aug/2019:05:22:51 +0000] "GET / HTTP/1.1" 200 7463 "https://l.instagram.com/" "Mozilla/5.0 (Linux; Android 9; SM-A505FN Build/PPR1.180610.011; wv) AppleWebKit/537.36 (KHTML, like Gecko) Version/4.0 Chrome/76.0.3809.89 Mobile Safari/537.36 Instagram 104.0.0.21.118 Android (28/9; 420dpi; 1080x2218; samsung; SM-A505FN; a50; exynos9610; hr_HR; 165031108)"
93.138.252.12 - - [05/Aug/2019:05:22:51 +0000] "GET /img/demos/hotel/logo.png HTTP/1.1" 200 35182 "https://www.national.hr/" "Mozilla/5.0 (Linux; Android 9; SM-A505FN Build/PPR1.180610.011; wv) AppleWebKit/537.36 (KHTML, like Gecko) Version/4.0 Chrome/76.0.3809.89 Mobile Safari/537.36 Instagram 104.0.0.21.118 Android (28/9; 420dpi; 1080x2218; samsung; SM-A505FN; a50; exynos9610; hr_HR; 165031108)"
93.138.252.12 - - [05/Aug/2019:05:22:51 +0000] "GET /uploads/images/8c445163a5b20b6c6ecf319345f02f95.jpg HTTP/1.1" 200 75410 "https://www.national.hr/" "Mozilla/5.0 (Linux; Android 9; SM-A505FN Build/PPR1.180610.011; wv) AppleWebKit/537.36 (KHTML, like Gecko) Version/4.0 Chrome/76.0.3809.89 Mobile Safari/537.36 Instagram 104.0.0.21.118 Android (28/9; 420dpi; 1080x2218; samsung; SM-A505FN; a50; exynos9610; hr_HR; 165031108)"
93.138.252.12 - - [05/Aug/2019:05:22:51 +0000] "GET /css/all.css HTTP/1.1" 200 112014 "https://www.national.hr/" "Mozilla/5.0 (Linux; Android 9; SM-A505FN Build/PPR1.180610.011; wv) AppleWebKit/537.36 (KHTML, like Gecko) Version/4.0 Chrome/76.0.3809.89 Mobile Safari/537.36 Instagram 104.0.0.21.118 Android (28/9; 420dpi; 1080x2218; samsung; SM-A505FN; a50; exynos9610; hr_HR; 165031108)"
93.138.252.12 - - [05/Aug/2019:05:22:51 +0000] "GET /js/jquery.cookie.js HTTP/1.1" 200 2966 "https://www.national.hr/" "Mozilla/5.0 (Linux; Android 9; SM-A505FN Build/PPR1.180610.011; wv) AppleWebKit/537.36 (KHTML, like Gecko) Version/4.0 Chrome/76.0.3809.89 Mobile Safari/537.36 Instagram 104.0.0.21.118 Android (28/9; 420dpi; 1080x2218; samsung; SM-A505FN; a50; exynos9610; hr_HR; 165031108)"
93.138.252.12 - - [05/Aug/2019:05:22:51 +0000] "GET /js/all.js HTTP/1.1" 200 198805 "https://www.national.hr/" "Mozilla/5.0 (Linux; Android 9; SM-A505FN Build/PPR1.180610.011; wv) AppleWebKit/537.36 (KHTML, like Gecko) Version/4.0 Chrome/76.0.3809.89 Mobile Safari/537.36 Instagram 104.0.0.21.118 Android (28/9; 420dpi; 1080x2218; samsung; SM-A505FN; a50; exynos9610; hr_HR; 165031108)"
93.138.252.12 - - [05/Aug/2019:05:22:51 +0000] "GET /vendor/font-awesome/fonts/fontawesome-webfont.woff2?v=4.7.0 HTTP/1.1" 200 77160 "https://www.national.hr/css/all.css" "Mozilla/5.0 (Linux; Android 9; SM-A505FN Build/PPR1.180610.011; wv) AppleWebKit/537.36 (KHTML, like Gecko) Version/4.0 Chrome/76.0.3809.89 Mobile Safari/537.36 Instagram 104.0.0.21.118 Android (28/9; 420dpi; 1080x2218; samsung; SM-A505FN; a50; exynos9610; hr_HR; 165031108)"
93.138.252.12 - - [05/Aug/2019:05:22:51 +0000] "GET /uploads/images/7fc2d1450464345ae02e3075468d7d84.jpg HTTP/1.1" 200 90665 "https://www.national.hr/" "Mozilla/5.0 (Linux; Android 9; SM-A505FN Build/PPR1.180610.011; wv) AppleWebKit/537.36 (KHTML, like Gecko) Version/4.0 Chrome/76.0.3809.89 Mobile Safari/537.36 Instagram 104.0.0.21.118 Android (28/9; 420dpi; 1080x2218; samsung; SM-A505FN; a50; exynos9610; hr_HR; 165031108)"
93.138.252.12 - - [05/Aug/2019:05:22:51 +0000] "GET /uploads/images/5171fc57c12b52ba5693e2efdf1b8bb8.jpg HTTP/1.1" 200 318366 "https://www.national.hr/" "Mozilla/5.0 (Linux; Android 9; SM-A505FN Build/PPR1.180610.011; wv) AppleWebKit/537.36 (KHTML, like Gecko) Version/4.0 Chrome/76.0.3809.89 Mobile Safari/537.36 Instagram 104.0.0.21.118 Android (28/9; 420dpi; 1080x2218; samsung; SM-A505FN; a50; exynos9610; hr_HR; 165031108)"
93.138.252.12 - - [05/Aug/2019:05:22:51 +0000] "GET /uploads/images/483ce54ee782ddf2edc01706c3ad766e.jpg HTTP/1.1" 200 242423 "https://www.national.hr/" "Mozilla/5.0 (Linux; Android 9; SM-A505FN Build/PPR1.180610.011; wv) AppleWebKit/537.36 (KHTML, like Gecko) Version/4.0 Chrome/76.0.3809.89 Mobile Safari/537.36 Instagram 104.0.0.21.118 Android (28/9; 420dpi; 1080x2218; samsung; SM-A505FN; a50; exynos9610; hr_HR; 165031108)"
93.138.252.12 - - [05/Aug/2019:05:22:52 +0000] "GET /vendor/simple-line-icons/fonts/Simple-Line-Icons.woff2?v=2.4.0 HTTP/1.1" 200 30064 "https://www.national.hr/css/all.css" "Mozilla/5.0 (Linux; Android 9; SM-A505FN Build/PPR1.180610.011; wv) AppleWebKit/537.36 (KHTML, like Gecko) Version/4.0 Chrome/76.0.3809.89 Mobile Safari/537.36 Instagram 104.0.0.21.118 Android (28/9; 420dpi; 1080x2218; samsung; SM-A505FN; a50; exynos9610; hr_HR; 165031108)"
