46.229.168.144 - - [07/Aug/2019:00:10:06 +0000] "GET /hr/aktualno/blagdanska-cestitka-hotela-national HTTP/1.1" 200 3750 "-" "Mozilla/5.0 (compatible; SemrushBot/3~bl; +http://www.semrush.com/bot.html)"
207.46.13.69 - - [07/Aug/2019:00:24:00 +0000] "GET /news/15-zff-zagreb-film-festival-11112017-19112017 HTTP/1.1" 301 282 "-" "Mozilla/5.0 (iPhone; CPU iPhone OS 7_0 like Mac OS X) AppleWebKit/537.51.1 (KHTML, like Gecko) Version/7.0 Mobile/11A465 Safari/9537.53 (compatible; bingbot/2.0; +http://www.bing.com/bingbot.htm)"
157.55.39.37 - - [07/Aug/2019:00:24:01 +0000] "GET /robots.txt HTTP/1.1" 200 24 "-" "Mozilla/5.0 (compatible; bingbot/2.0; +http://www.bing.com/bingbot.htm)"
207.46.13.69 - - [07/Aug/2019:00:24:02 +0000] "GET /news/15-zff-zagreb-film-festival-11112017-19112017 HTTP/1.1" 500 25358 "-" "Mozilla/5.0 (iPhone; CPU iPhone OS 7_0 like Mac OS X) AppleWebKit/537.51.1 (KHTML, like Gecko) Version/7.0 Mobile/11A465 Safari/9537.53 (compatible; bingbot/2.0; +http://www.bing.com/bingbot.htm)"
157.55.39.37 - - [07/Aug/2019:00:24:02 +0000] "GET /robots.txt HTTP/1.1" 200 24 "-" "Mozilla/5.0 (compatible; bingbot/2.0; +http://www.bing.com/bingbot.htm)"
207.46.13.131 - - [07/Aug/2019:00:28:41 +0000] "GET /hr/aktualno/festival-svjetla-zagreb-2018-15032018-18032018 HTTP/1.1" 200 4084 "-" "Mozilla/5.0 (compatible; bingbot/2.0; +http://www.bing.com/bingbot.htm)"
66.249.79.211 - - [07/Aug/2019:00:45:32 +0000] "GET /js/jquery.simpleWeather.min.js HTTP/1.1" 200 1378 "https://www.national.hr/hr/sobe" "Mozilla/5.0 (Linux; Android 6.0.1; Nexus 5X Build/MMB29P) AppleWebKit/537.36 (KHTML, like Gecko) Chrome/41.0.2272.96 Mobile Safari/537.36 (compatible; Googlebot/2.1; +http://www.google.com/bot.html)"
66.249.79.211 - - [07/Aug/2019:00:45:33 +0000] "GET /css/weather.css?v=3 HTTP/1.1" 200 572 "https://www.national.hr/hr/sobe" "Mozilla/5.0 (Linux; Android 6.0.1; Nexus 5X Build/MMB29P) AppleWebKit/537.36 (KHTML, like Gecko) Chrome/41.0.2272.96 Mobile Safari/537.36 (compatible; Googlebot/2.1; +http://www.google.com/bot.html)"
40.77.167.173 - - [07/Aug/2019:01:13:56 +0000] "GET /news/the-dire-straits-experience-in-zagreb HTTP/1.1" 301 274 "-" "Mozilla/5.0 (iPhone; CPU iPhone OS 7_0 like Mac OS X) AppleWebKit/537.51.1 (KHTML, like Gecko) Version/7.0 Mobile/11A465 Safari/9537.53 (compatible; bingbot/2.0; +http://www.bing.com/bingbot.htm)"
40.77.167.173 - - [07/Aug/2019:01:13:57 +0000] "GET /news/the-dire-straits-experience-in-zagreb HTTP/1.1" 500 25358 "-" "Mozilla/5.0 (iPhone; CPU iPhone OS 7_0 like Mac OS X) AppleWebKit/537.51.1 (KHTML, like Gecko) Version/7.0 Mobile/11A465 Safari/9537.53 (compatible; bingbot/2.0; +http://www.bing.com/bingbot.htm)"
159.69.77.47 - - [07/Aug/2019:01:16:53 +0000] "GET /.well-known/pki-validation/923352E7ED3FCA49300F032CDC72BE1C.txt HTTP/1.1" 301 295 "-" "COMODO DCV"
159.69.77.47 - - [07/Aug/2019:01:16:53 +0000] "GET /.well-known/pki-validation/923352E7ED3FCA49300F032CDC72BE1C.txt HTTP/1.1" 404 1104 "-" "COMODO DCV"
159.69.77.47 - - [07/Aug/2019:01:16:53 +0000] "GET /.well-known/pki-validation/0D053E1A00F7B93CFABB5531475A5A23.txt HTTP/1.1" 301 295 "-" "COMODO DCV"
159.69.77.47 - - [07/Aug/2019:01:16:53 +0000] "GET /.well-known/pki-validation/0D053E1A00F7B93CFABB5531475A5A23.txt HTTP/1.1" 404 1104 "-" "COMODO DCV"
159.69.77.47 - - [07/Aug/2019:01:16:53 +0000] "GET /.well-known/pki-validation/F4F56FBF59B255442FF58BD316F2885E.txt HTTP/1.1" 301 295 "-" "COMODO DCV"
159.69.77.47 - - [07/Aug/2019:01:16:53 +0000] "GET /.well-known/pki-validation/F4F56FBF59B255442FF58BD316F2885E.txt HTTP/1.1" 404 1104 "-" "COMODO DCV"
159.69.77.47 - - [07/Aug/2019:01:16:53 +0000] "GET /.well-known/pki-validation/58D83768B295D84694D8B069D31AEEB9.txt HTTP/1.1" 301 295 "-" "COMODO DCV"
159.69.77.47 - - [07/Aug/2019:01:16:53 +0000] "GET /.well-known/pki-validation/58D83768B295D84694D8B069D31AEEB9.txt HTTP/1.1" 404 1104 "-" "COMODO DCV"
54.36.148.135 - - [07/Aug/2019:01:38:03 +0000] "GET /hr/aktualno/summer-on-stross HTTP/1.1" 200 4248 "-" "Mozilla/5.0 (compatible; AhrefsBot/6.1; +http://ahrefs.com/robot/)"
46.229.168.143 - - [07/Aug/2019:01:54:38 +0000] "GET /robots.txt HTTP/1.1" 301 242 "-" "Mozilla/5.0 (compatible; SemrushBot/3~bl; +http://www.semrush.com/bot.html)"
46.229.168.138 - - [07/Aug/2019:01:54:39 +0000] "GET /robots.txt HTTP/1.1" 200 24 "-" "Mozilla/5.0 (compatible; SemrushBot/3~bl; +http://www.semrush.com/bot.html)"
46.229.168.141 - - [07/Aug/2019:01:54:39 +0000] "GET /en/rooms/single-room HTTP/1.1" 301 252 "-" "Mozilla/5.0 (compatible; SemrushBot/3~bl; +http://www.semrush.com/bot.html)"
46.229.168.140 - - [07/Aug/2019:01:54:40 +0000] "GET /en/rooms/single-room HTTP/1.1" 200 4054 "-" "Mozilla/5.0 (compatible; SemrushBot/3~bl; +http://www.semrush.com/bot.html)"
104.250.197.241 - - [07/Aug/2019:02:03:41 +0000] "GET /en/book-now?start_date=08.08.2019.&end_date=09.08.2019.&persons=2 HTTP/1.1" 301 305 "-" "Mozilla/5.0 (Windows NT 6.2; rv:57.0) Gecko/20100101 Firefox/57.0"
104.250.197.241 - - [07/Aug/2019:02:03:42 +0000] "GET /en/book-now?start_date=08.08.2019.&end_date=09.08.2019.&persons=2 HTTP/1.1" 200 4441 "-" "Mozilla/5.0 (Windows NT 6.2; rv:57.0) Gecko/20100101 Firefox/57.0"
104.250.197.241 - - [07/Aug/2019:02:03:43 +0000] "GET /css/all.css HTTP/1.1" 200 112014 "https://www.national.hr/en/book-now?start_date=08.08.2019.&end_date=09.08.2019.&persons=2" "Mozilla/5.0 (Windows NT 6.2; rv:57.0) Gecko/20100101 Firefox/57.0"
100.26.249.222 - - [07/Aug/2019:02:03:43 +0000] "GET /img/demos/hotel/logo.png HTTP/1.1" 200 35182 "https://www.national.hr/en/book-now?start_date=08.08.2019.&end_date=09.08.2019.&persons=2" "Mozilla/5.0 (Windows NT 6.2; rv:57.0) Gecko/20100101 Firefox/57.0"
104.250.197.241 - - [07/Aug/2019:02:03:43 +0000] "GET /js/jquery.cookie.js HTTP/1.1" 200 2966 "https://www.national.hr/en/book-now?start_date=08.08.2019.&end_date=09.08.2019.&persons=2" "Mozilla/5.0 (Windows NT 6.2; rv:57.0) Gecko/20100101 Firefox/57.0"
100.26.249.222 - - [07/Aug/2019:02:03:43 +0000] "GET /uploads/thumbnails/f125cd41427d7dda3bed18b5c7b3837f.jpg HTTP/1.1" 200 39654 "https://www.national.hr/en/book-now?start_date=08.08.2019.&end_date=09.08.2019.&persons=2" "Mozilla/5.0 (Windows NT 6.2; rv:57.0) Gecko/20100101 Firefox/57.0"
100.26.249.222 - - [07/Aug/2019:02:03:43 +0000] "GET /uploads/thumbnails/f01fea6613c1d0615eb94db24bda1949.jpg HTTP/1.1" 200 51074 "https://www.national.hr/en/book-now?start_date=08.08.2019.&end_date=09.08.2019.&persons=2" "Mozilla/5.0 (Windows NT 6.2; rv:57.0) Gecko/20100101 Firefox/57.0"
100.26.249.222 - - [07/Aug/2019:02:03:43 +0000] "GET /uploads/thumbnails/bab51afaaa78f93592fe6de6b5b4dae5.jpg HTTP/1.1" 200 48605 "https://www.national.hr/en/book-now?start_date=08.08.2019.&end_date=09.08.2019.&persons=2" "Mozilla/5.0 (Windows NT 6.2; rv:57.0) Gecko/20100101 Firefox/57.0"
100.26.249.222 - - [07/Aug/2019:02:03:43 +0000] "GET /uploads/thumbnails/7b775c2320ed1d591b1999fdd875af2c.jpg HTTP/1.1" 200 54168 "https://www.national.hr/en/book-now?start_date=08.08.2019.&end_date=09.08.2019.&persons=2" "Mozilla/5.0 (Windows NT 6.2; rv:57.0) Gecko/20100101 Firefox/57.0"
100.26.249.222 - - [07/Aug/2019:02:03:43 +0000] "GET /uploads/thumbnails/aa39d423c5d63c3b6952010631b975fc.jpg HTTP/1.1" 200 49760 "https://www.national.hr/en/book-now?start_date=08.08.2019.&end_date=09.08.2019.&persons=2" "Mozilla/5.0 (Windows NT 6.2; rv:57.0) Gecko/20100101 Firefox/57.0"
104.250.197.241 - - [07/Aug/2019:02:03:44 +0000] "GET /vendor/flag/flags/4x3/gb.svg HTTP/1.1" 200 989 "https://www.national.hr/css/all.css" "Mozilla/5.0 (Windows NT 6.2; rv:57.0) Gecko/20100101 Firefox/57.0"
100.26.249.222 - - [07/Aug/2019:02:03:44 +0000] "GET /img/demos/hotel/logo-hotel-footer.png HTTP/1.1" 200 3378 "https://www.national.hr/en/book-now?start_date=08.08.2019.&end_date=09.08.2019.&persons=2" "Mozilla/5.0 (Windows NT 6.2; rv:57.0) Gecko/20100101 Firefox/57.0"
100.26.249.222 - - [07/Aug/2019:02:03:44 +0000] "GET /img/demos/hotel/patterns/pattern.jpg HTTP/1.1" 200 3531 "https://www.national.hr/css/all.css" "Mozilla/5.0 (Windows NT 6.2; rv:57.0) Gecko/20100101 Firefox/57.0"
104.250.197.241 - - [07/Aug/2019:02:03:43 +0000] "GET /js/all.js HTTP/1.1" 200 198805 "https://www.national.hr/en/book-now?start_date=08.08.2019.&end_date=09.08.2019.&persons=2" "Mozilla/5.0 (Windows NT 6.2; rv:57.0) Gecko/20100101 Firefox/57.0"
104.250.197.241 - - [07/Aug/2019:02:03:44 +0000] "GET /vendor/simple-line-icons/fonts/Simple-Line-Icons.ttf?v=2.4.0 HTTP/1.1" 200 54056 "https://www.national.hr/css/all.css" "Mozilla/5.0 (Windows NT 6.2; rv:57.0) Gecko/20100101 Firefox/57.0"
104.250.197.241 - - [07/Aug/2019:02:03:44 +0000] "GET /vendor/flag/flags/4x3/hr.svg HTTP/1.1" 200 80697 "https://www.national.hr/css/all.css" "Mozilla/5.0 (Windows NT 6.2; rv:57.0) Gecko/20100101 Firefox/57.0"
104.250.197.241 - - [07/Aug/2019:02:03:44 +0000] "GET /vendor/font-awesome/fonts/fontawesome-webfont.woff?v=4.7.0 HTTP/1.1" 200 98024 "https://www.national.hr/css/all.css" "Mozilla/5.0 (Windows NT 6.2; rv:57.0) Gecko/20100101 Firefox/57.0"
46.229.168.129 - - [07/Aug/2019:02:12:14 +0000] "GET /hr/aktualno/koncert-andrea-bocelli-u-areni-ostvarujete-10-popusta-na-smjestaj-ukoliko-predocite-ulaznice-za-event HTTP/1.1" 200 5054 "-" "Mozilla/5.0 (compatible; SemrushBot/3~bl; +http://www.semrush.com/bot.html)"
54.245.72.28 - - [07/Aug/2019:02:43:36 +0000] "GET / HTTP/1.1" 301 232 "-" "Mozilla/5.0 (Windows NT 10.0; Win64; x64)AppleWebKit/537.36 (KHTML, like Gecko) Chrome/66.0.3359.181 Safari/537.36"
54.245.72.28 - - [07/Aug/2019:02:43:38 +0000] "GET / HTTP/1.1" 200 7463 "-" "Mozilla/5.0 (Windows NT 10.0; Win64; x64)AppleWebKit/537.36 (KHTML, like Gecko) Chrome/66.0.3359.181 Safari/537.36"
54.245.72.28 - - [07/Aug/2019:02:43:38 +0000] "GET / HTTP/1.1" 301 232 "-" "Mozilla/5.0 (Windows NT 10.0; Win64; x64)AppleWebKit/537.36 (KHTML, like Gecko) Chrome/66.0.3359.181 Safari/537.36"
54.245.72.28 - - [07/Aug/2019:02:43:39 +0000] "GET / HTTP/1.1" 200 7463 "-" "Mozilla/5.0 (Windows NT 10.0; Win64; x64)AppleWebKit/537.36 (KHTML, like Gecko) Chrome/66.0.3359.181 Safari/537.36"
157.55.39.159 - - [07/Aug/2019:02:53:20 +0000] "GET /en/rooms/single-room HTTP/1.1" 200 4054 "-" "Mozilla/5.0 (compatible; bingbot/2.0; +http://www.bing.com/bingbot.htm)"
66.249.83.26 - - [07/Aug/2019:02:56:23 +0000] "GET /hr HTTP/1.1" 200 7382 "-" "Mozilla/5.0 (Linux; Android 4.2.1; en-us; Nexus 5 Build/JOP40D) AppleWebKit/535.19 (KHTML, like Gecko; googleweblight) Chrome/38.0.1025.166 Mobile Safari/535.19"
66.249.83.26 - - [07/Aug/2019:02:56:24 +0000] "GET /uploads/thumbnails/30b9c8c6105eb5c9e0b77067894b6418.jpg HTTP/1.1" 200 27351 "https://www.national.hr/hr" "Mozilla/5.0 (Linux; Android 4.2.1; en-us; Nexus 5 Build/JOP40D) AppleWebKit/535.19 (KHTML, like Gecko; googleweblight) Chrome/38.0.1025.166 Mobile Safari/535.19"
66.249.83.28 - - [07/Aug/2019:02:56:24 +0000] "GET /img/demos/hotel/gallery/gallery-2.jpg HTTP/1.1" 200 9537 "https://www.national.hr/hr" "Mozilla/5.0 (Linux; Android 4.2.1; en-us; Nexus 5 Build/JOP40D) AppleWebKit/535.19 (KHTML, like Gecko; googleweblight) Chrome/38.0.1025.166 Mobile Safari/535.19"
66.249.83.28 - - [07/Aug/2019:02:56:24 +0000] "GET /img/demos/hotel/logo.png HTTP/1.1" 200 35182 "https://www.national.hr/hr" "Mozilla/5.0 (Linux; Android 4.2.1; en-us; Nexus 5 Build/JOP40D) AppleWebKit/535.19 (KHTML, like Gecko; googleweblight) Chrome/38.0.1025.166 Mobile Safari/535.19"
66.249.83.30 - - [07/Aug/2019:02:56:24 +0000] "GET /img/demos/hotel/logo-hotel-footer.png HTTP/1.1" 200 3378 "https://www.national.hr/hr" "Mozilla/5.0 (Linux; Android 4.2.1; en-us; Nexus 5 Build/JOP40D) AppleWebKit/535.19 (KHTML, like Gecko; googleweblight) Chrome/38.0.1025.166 Mobile Safari/535.19"
66.249.83.28 - - [07/Aug/2019:02:56:24 +0000] "GET /img/demos/hotel/gallery/gallery-3.jpg HTTP/1.1" 200 16588 "https://www.national.hr/hr" "Mozilla/5.0 (Linux; Android 4.2.1; en-us; Nexus 5 Build/JOP40D) AppleWebKit/535.19 (KHTML, like Gecko; googleweblight) Chrome/38.0.1025.166 Mobile Safari/535.19"
66.249.83.28 - - [07/Aug/2019:02:56:23 +0000] "GET /uploads/thumbnails/340c06dfb22f6167dc7705fdd350551c.jpg HTTP/1.1" 200 52231 "https://www.national.hr/hr" "Mozilla/5.0 (Linux; Android 4.2.1; en-us; Nexus 5 Build/JOP40D) AppleWebKit/535.19 (KHTML, like Gecko; googleweblight) Chrome/38.0.1025.166 Mobile Safari/535.19"
66.249.83.26 - - [07/Aug/2019:02:56:23 +0000] "GET /uploads/images/7fc2d1450464345ae02e3075468d7d84.jpg HTTP/1.1" 200 90665 "https://www.national.hr/hr" "Mozilla/5.0 (Linux; Android 4.2.1; en-us; Nexus 5 Build/JOP40D) AppleWebKit/535.19 (KHTML, like Gecko; googleweblight) Chrome/38.0.1025.166 Mobile Safari/535.19"
66.249.83.28 - - [07/Aug/2019:02:56:24 +0000] "GET /uploads/images/8c445163a5b20b6c6ecf319345f02f95.jpg HTTP/1.1" 200 75410 "https://www.national.hr/hr" "Mozilla/5.0 (Linux; Android 4.2.1; en-us; Nexus 5 Build/JOP40D) AppleWebKit/535.19 (KHTML, like Gecko; googleweblight) Chrome/38.0.1025.166 Mobile Safari/535.19"
66.249.83.26 - - [07/Aug/2019:02:56:24 +0000] "GET /css/all.css HTTP/1.1" 200 112014 "https://www.national.hr/hr" "Mozilla/5.0 (Linux; Android 4.2.1; en-us; Nexus 5 Build/JOP40D) AppleWebKit/535.19 (KHTML, like Gecko; googleweblight) Chrome/38.0.1025.166 Mobile Safari/535.19"
66.249.83.28 - - [07/Aug/2019:02:56:24 +0000] "GET /js/jquery.cookie.js HTTP/1.1" 200 2966 "https://www.national.hr/hr" "Mozilla/5.0 (Linux; Android 4.2.1; en-us; Nexus 5 Build/JOP40D) AppleWebKit/535.19 (KHTML, like Gecko; googleweblight) Chrome/38.0.1025.166 Mobile Safari/535.19"
66.249.83.28 - - [07/Aug/2019:02:56:24 +0000] "GET /img/demos/hotel/gallery/gallery-1.jpg HTTP/1.1" 200 18364 "https://www.national.hr/hr" "Mozilla/5.0 (Linux; Android 4.2.1; en-us; Nexus 5 Build/JOP40D) AppleWebKit/535.19 (KHTML, like Gecko; googleweblight) Chrome/38.0.1025.166 Mobile Safari/535.19"
66.249.83.28 - - [07/Aug/2019:02:56:24 +0000] "GET /uploads/images/483ce54ee782ddf2edc01706c3ad766e.jpg HTTP/1.1" 200 242423 "https://www.national.hr/hr" "Mozilla/5.0 (Linux; Android 4.2.1; en-us; Nexus 5 Build/JOP40D) AppleWebKit/535.19 (KHTML, like Gecko; googleweblight) Chrome/38.0.1025.166 Mobile Safari/535.19"
66.249.83.30 - - [07/Aug/2019:02:56:24 +0000] "GET /uploads/thumbnails/49d2fdc14aeb93df8ee8d20c9909576f.jpg HTTP/1.1" 200 119193 "https://www.national.hr/hr" "Mozilla/5.0 (Linux; Android 4.2.1; en-us; Nexus 5 Build/JOP40D) AppleWebKit/535.19 (KHTML, like Gecko; googleweblight) Chrome/38.0.1025.166 Mobile Safari/535.19"
66.249.88.126 - - [07/Aug/2019:02:56:24 +0000] "GET /img/demos/hotel/play-icon.png HTTP/1.1" 200 2559 "https://www.national.hr/hr" "Mozilla/5.0 (Linux; Android 4.2.1; en-us; Nexus 5 Build/JOP40D) AppleWebKit/535.19 (KHTML, like Gecko; googleweblight) Chrome/38.0.1025.166 Mobile Safari/535.19"
66.249.83.30 - - [07/Aug/2019:02:56:24 +0000] "GET /img/demos/hotel/patterns/pattern.jpg HTTP/1.1" 200 3531 "https://www.national.hr/css/all.css" "Mozilla/5.0 (Linux; Android 4.2.1; en-us; Nexus 5 Build/JOP40D) AppleWebKit/535.19 (KHTML, like Gecko; googleweblight) Chrome/38.0.1025.166 Mobile Safari/535.19"
66.249.83.30 - - [07/Aug/2019:02:56:24 +0000] "GET /uploads/images/6f3efde49962ecb979e4d225adca5450.jpg HTTP/1.1" 200 292022 "https://www.national.hr/hr" "Mozilla/5.0 (Linux; Android 4.2.1; en-us; Nexus 5 Build/JOP40D) AppleWebKit/535.19 (KHTML, like Gecko; googleweblight) Chrome/38.0.1025.166 Mobile Safari/535.19"
66.249.88.122 - - [07/Aug/2019:02:56:24 +0000] "GET /js/all.js HTTP/1.1" 200 198805 "https://www.national.hr/hr" "Mozilla/5.0 (Linux; Android 4.2.1; en-us; Nexus 5 Build/JOP40D) AppleWebKit/535.19 (KHTML, like Gecko; googleweblight) Chrome/38.0.1025.166 Mobile Safari/535.19"
66.249.88.124 - - [07/Aug/2019:02:56:24 +0000] "GET /img/demos/hotel/video-cover-bg-1.jpg HTTP/1.1" 200 102737 "https://www.national.hr/hr" "Mozilla/5.0 (Linux; Android 4.2.1; en-us; Nexus 5 Build/JOP40D) AppleWebKit/535.19 (KHTML, like Gecko; googleweblight) Chrome/38.0.1025.166 Mobile Safari/535.19"
66.249.83.30 - - [07/Aug/2019:02:56:24 +0000] "GET /uploads/images/5171fc57c12b52ba5693e2efdf1b8bb8.jpg HTTP/1.1" 200 318366 "https://www.national.hr/hr" "Mozilla/5.0 (Linux; Android 4.2.1; en-us; Nexus 5 Build/JOP40D) AppleWebKit/535.19 (KHTML, like Gecko; googleweblight) Chrome/38.0.1025.166 Mobile Safari/535.19"
66.249.83.30 - - [07/Aug/2019:02:56:25 +0000] "GET /img/demos/hotel/parallax-hotel-map.png HTTP/1.1" 200 76744 "https://www.national.hr/hr" "Mozilla/5.0 (Linux; Android 4.2.1; en-us; Nexus 5 Build/JOP40D) AppleWebKit/535.19 (KHTML, like Gecko; googleweblight) Chrome/38.0.1025.166 Mobile Safari/535.19"
66.249.83.28 - - [07/Aug/2019:02:56:25 +0000] "GET /img/demos/hotel/parallax-hotel.jpg HTTP/1.1" 200 167506 "https://www.national.hr/hr" "Mozilla/5.0 (Linux; Android 4.2.1; en-us; Nexus 5 Build/JOP40D) AppleWebKit/535.19 (KHTML, like Gecko; googleweblight) Chrome/38.0.1025.166 Mobile Safari/535.19"
66.249.83.26 - - [07/Aug/2019:02:56:26 +0000] "GET /img/pin.png HTTP/1.1" 200 668 "https://www.national.hr/hr" "Mozilla/5.0 (Linux; Android 4.2.1; en-us; Nexus 5 Build/JOP40D) AppleWebKit/535.19 (KHTML, like Gecko; googleweblight) Chrome/38.0.1025.166 Mobile Safari/535.19"
90.132.169.45 - - [07/Aug/2019:02:56:26 +0000] "GET /hr HTTP/1.1" 200 7382 "-" "Mozilla/5.0 (Linux; Android 8.1.0; meanIT_X1 Build/O11019) AppleWebKit/537.36 (KHTML, like Gecko) Chrome/76.0.3809.89 Mobile Safari/537.36"
90.132.169.45 - - [07/Aug/2019:02:56:27 +0000] "GET /css/all.css HTTP/1.1" 200 112014 "https://www.national.hr/hr" "Mozilla/5.0 (Linux; Android 8.1.0; meanIT_X1 Build/O11019) AppleWebKit/537.36 (KHTML, like Gecko) Chrome/76.0.3809.89 Mobile Safari/537.36"
90.132.169.45 - - [07/Aug/2019:02:56:27 +0000] "GET /img/demos/hotel/logo.png HTTP/1.1" 200 35182 "https://www.national.hr/hr" "Mozilla/5.0 (Linux; Android 8.1.0; meanIT_X1 Build/O11019) AppleWebKit/537.36 (KHTML, like Gecko) Chrome/76.0.3809.89 Mobile Safari/537.36"
90.132.169.45 - - [07/Aug/2019:02:56:27 +0000] "GET /uploads/images/8c445163a5b20b6c6ecf319345f02f95.jpg HTTP/1.1" 200 75410 "https://www.national.hr/hr" "Mozilla/5.0 (Linux; Android 8.1.0; meanIT_X1 Build/O11019) AppleWebKit/537.36 (KHTML, like Gecko) Chrome/76.0.3809.89 Mobile Safari/537.36"
90.132.169.45 - - [07/Aug/2019:02:56:27 +0000] "GET /js/all.js HTTP/1.1" 200 198805 "https://www.national.hr/hr" "Mozilla/5.0 (Linux; Android 8.1.0; meanIT_X1 Build/O11019) AppleWebKit/537.36 (KHTML, like Gecko) Chrome/76.0.3809.89 Mobile Safari/537.36"
90.132.169.45 - - [07/Aug/2019:02:56:27 +0000] "GET /js/jquery.cookie.js HTTP/1.1" 200 2966 "https://www.national.hr/hr" "Mozilla/5.0 (Linux; Android 8.1.0; meanIT_X1 Build/O11019) AppleWebKit/537.36 (KHTML, like Gecko) Chrome/76.0.3809.89 Mobile Safari/537.36"
90.132.169.45 - - [07/Aug/2019:02:56:27 +0000] "GET /uploads/images/7fc2d1450464345ae02e3075468d7d84.jpg HTTP/1.1" 200 90665 "https://www.national.hr/hr" "Mozilla/5.0 (Linux; Android 8.1.0; meanIT_X1 Build/O11019) AppleWebKit/537.36 (KHTML, like Gecko) Chrome/76.0.3809.89 Mobile Safari/537.36"
90.132.169.45 - - [07/Aug/2019:02:56:27 +0000] "GET /vendor/font-awesome/fonts/fontawesome-webfont.woff2?v=4.7.0 HTTP/1.1" 200 77160 "https://www.national.hr/css/all.css" "Mozilla/5.0 (Linux; Android 8.1.0; meanIT_X1 Build/O11019) AppleWebKit/537.36 (KHTML, like Gecko) Chrome/76.0.3809.89 Mobile Safari/537.36"
90.132.169.45 - - [07/Aug/2019:02:56:27 +0000] "GET /uploads/images/5171fc57c12b52ba5693e2efdf1b8bb8.jpg HTTP/1.1" 200 318366 "https://www.national.hr/hr" "Mozilla/5.0 (Linux; Android 8.1.0; meanIT_X1 Build/O11019) AppleWebKit/537.36 (KHTML, like Gecko) Chrome/76.0.3809.89 Mobile Safari/537.36"
90.132.169.45 - - [07/Aug/2019:02:56:27 +0000] "GET /uploads/images/483ce54ee782ddf2edc01706c3ad766e.jpg HTTP/1.1" 200 242423 "https://www.national.hr/hr" "Mozilla/5.0 (Linux; Android 8.1.0; meanIT_X1 Build/O11019) AppleWebKit/537.36 (KHTML, like Gecko) Chrome/76.0.3809.89 Mobile Safari/537.36"
90.132.169.45 - - [07/Aug/2019:02:56:27 +0000] "GET /uploads/images/6f3efde49962ecb979e4d225adca5450.jpg HTTP/1.1" 200 292022 "https://www.national.hr/hr" "Mozilla/5.0 (Linux; Android 8.1.0; meanIT_X1 Build/O11019) AppleWebKit/537.36 (KHTML, like Gecko) Chrome/76.0.3809.89 Mobile Safari/537.36"
90.132.169.45 - - [07/Aug/2019:02:56:28 +0000] "GET /img/demos/hotel/gallery/gallery-1.jpg HTTP/1.1" 200 18364 "https://www.national.hr/hr" "Mozilla/5.0 (Linux; Android 8.1.0; meanIT_X1 Build/O11019) AppleWebKit/537.36 (KHTML, like Gecko) Chrome/76.0.3809.89 Mobile Safari/537.36"
90.132.169.45 - - [07/Aug/2019:02:56:28 +0000] "GET /img/demos/hotel/gallery/gallery-2.jpg HTTP/1.1" 200 9537 "https://www.national.hr/hr" "Mozilla/5.0 (Linux; Android 8.1.0; meanIT_X1 Build/O11019) AppleWebKit/537.36 (KHTML, like Gecko) Chrome/76.0.3809.89 Mobile Safari/537.36"
90.132.169.45 - - [07/Aug/2019:02:56:28 +0000] "GET /vendor/simple-line-icons/fonts/Simple-Line-Icons.woff2?v=2.4.0 HTTP/1.1" 200 30064 "https://www.national.hr/css/all.css" "Mozilla/5.0 (Linux; Android 8.1.0; meanIT_X1 Build/O11019) AppleWebKit/537.36 (KHTML, like Gecko) Chrome/76.0.3809.89 Mobile Safari/537.36"
90.132.169.45 - - [07/Aug/2019:02:56:28 +0000] "GET /img/demos/hotel/play-icon.png HTTP/1.1" 200 2559 "https://www.national.hr/hr" "Mozilla/5.0 (Linux; Android 8.1.0; meanIT_X1 Build/O11019) AppleWebKit/537.36 (KHTML, like Gecko) Chrome/76.0.3809.89 Mobile Safari/537.36"
90.132.169.45 - - [07/Aug/2019:02:56:28 +0000] "GET /img/demos/hotel/gallery/gallery-3.jpg HTTP/1.1" 200 16588 "https://www.national.hr/hr" "Mozilla/5.0 (Linux; Android 8.1.0; meanIT_X1 Build/O11019) AppleWebKit/537.36 (KHTML, like Gecko) Chrome/76.0.3809.89 Mobile Safari/537.36"
90.132.169.45 - - [07/Aug/2019:02:56:28 +0000] "GET /uploads/thumbnails/30b9c8c6105eb5c9e0b77067894b6418.jpg HTTP/1.1" 200 27351 "https://www.national.hr/hr" "Mozilla/5.0 (Linux; Android 8.1.0; meanIT_X1 Build/O11019) AppleWebKit/537.36 (KHTML, like Gecko) Chrome/76.0.3809.89 Mobile Safari/537.36"
90.132.169.45 - - [07/Aug/2019:02:56:28 +0000] "GET /img/demos/hotel/patterns/pattern.jpg HTTP/1.1" 200 3531 "https://www.national.hr/css/all.css" "Mozilla/5.0 (Linux; Android 8.1.0; meanIT_X1 Build/O11019) AppleWebKit/537.36 (KHTML, like Gecko) Chrome/76.0.3809.89 Mobile Safari/537.36"
90.132.169.45 - - [07/Aug/2019:02:56:28 +0000] "GET /uploads/thumbnails/49d2fdc14aeb93df8ee8d20c9909576f.jpg HTTP/1.1" 200 119193 "https://www.national.hr/hr" "Mozilla/5.0 (Linux; Android 8.1.0; meanIT_X1 Build/O11019) AppleWebKit/537.36 (KHTML, like Gecko) Chrome/76.0.3809.89 Mobile Safari/537.36"
66.102.9.58 - - [07/Aug/2019:02:56:28 +0000] "GET /hr HTTP/1.1" 200 7382 "-" "Mozilla/5.0 (X11; Linux x86_64) AppleWebKit/537.36 (KHTML, like Gecko) Chrome/41.0.2272.118 Safari/537.36 (compatible; Google-Read-Aloud; +https://support.google.com/webmasters/answer/1061943)"
66.102.9.62 - - [07/Aug/2019:02:56:28 +0000] "GET /hr HTTP/1.1" 200 7382 "-" "Mozilla/5.0 (X11; Linux x86_64) AppleWebKit/537.36 (KHTML, like Gecko) Chrome/41.0.2272.118 Safari/537.36 (compatible; Google-Read-Aloud; +https://support.google.com/webmasters/answer/1061943)"
90.132.169.45 - - [07/Aug/2019:02:56:28 +0000] "GET /img/demos/hotel/logo-hotel-footer.png HTTP/1.1" 200 3378 "https://www.national.hr/hr" "Mozilla/5.0 (Linux; Android 8.1.0; meanIT_X1 Build/O11019) AppleWebKit/537.36 (KHTML, like Gecko) Chrome/76.0.3809.89 Mobile Safari/537.36"
90.132.169.45 - - [07/Aug/2019:02:56:28 +0000] "GET /uploads/thumbnails/340c06dfb22f6167dc7705fdd350551c.jpg HTTP/1.1" 200 52231 "https://www.national.hr/hr" "Mozilla/5.0 (Linux; Android 8.1.0; meanIT_X1 Build/O11019) AppleWebKit/537.36 (KHTML, like Gecko) Chrome/76.0.3809.89 Mobile Safari/537.36"
66.102.9.60 - - [07/Aug/2019:02:56:28 +0000] "GET /js/jquery.cookie.js HTTP/1.1" 200 2966 "https://www.national.hr/hr" "Mozilla/5.0 (X11; Linux x86_64) AppleWebKit/537.36 (KHTML, like Gecko) Chrome/41.0.2272.118 Safari/537.36 (compatible; Google-Read-Aloud; +https://support.google.com/webmasters/answer/1061943)"
66.102.9.58 - - [07/Aug/2019:02:56:28 +0000] "GET /css/all.css HTTP/1.1" 200 112014 "https://www.national.hr/hr" "Mozilla/5.0 (X11; Linux x86_64) AppleWebKit/537.36 (KHTML, like Gecko) Chrome/41.0.2272.118 Safari/537.36 (compatible; Google-Read-Aloud; +https://support.google.com/webmasters/answer/1061943)"
90.132.169.45 - - [07/Aug/2019:02:56:28 +0000] "GET /img/demos/hotel/video-cover-bg-1.jpg HTTP/1.1" 200 102737 "https://www.national.hr/hr" "Mozilla/5.0 (Linux; Android 8.1.0; meanIT_X1 Build/O11019) AppleWebKit/537.36 (KHTML, like Gecko) Chrome/76.0.3809.89 Mobile Safari/537.36"
66.102.9.58 - - [07/Aug/2019:02:56:28 +0000] "GET /css/all.css HTTP/1.1" 200 112014 "https://www.national.hr/hr" "Mozilla/5.0 (X11; Linux x86_64) AppleWebKit/537.36 (KHTML, like Gecko) Chrome/41.0.2272.118 Safari/537.36 (compatible; Google-Read-Aloud; +https://support.google.com/webmasters/answer/1061943)"
66.102.9.62 - - [07/Aug/2019:02:56:28 +0000] "GET /js/all.js HTTP/1.1" 200 198805 "https://www.national.hr/hr" "Mozilla/5.0 (X11; Linux x86_64) AppleWebKit/537.36 (KHTML, like Gecko) Chrome/41.0.2272.118 Safari/537.36 (compatible; Google-Read-Aloud; +https://support.google.com/webmasters/answer/1061943)"
66.249.83.28 - - [07/Aug/2019:02:56:29 +0000] "GET /hr/hotel HTTP/1.1" 200 5373 "-" "Mozilla/5.0 (Linux; Android 4.2.1; en-us; Nexus 5 Build/JOP40D) AppleWebKit/535.19 (KHTML, like Gecko; googleweblight) Chrome/38.0.1025.166 Mobile Safari/535.19"
66.249.83.26 - - [07/Aug/2019:02:56:29 +0000] "GET /hr/rezervacija HTTP/1.1" 200 4587 "-" "Mozilla/5.0 (Linux; Android 4.2.1; en-us; Nexus 5 Build/JOP40D) AppleWebKit/535.19 (KHTML, like Gecko; googleweblight) Chrome/38.0.1025.166 Mobile Safari/535.19"
66.249.83.26 - - [07/Aug/2019:02:56:29 +0000] "GET /hr/aktualno/noc-muzeja-u-zagrebu HTTP/1.1" 200 4000 "-" "Mozilla/5.0 (Linux; Android 4.2.1; en-us; Nexus 5 Build/JOP40D) AppleWebKit/535.19 (KHTML, like Gecko; googleweblight) Chrome/38.0.1025.166 Mobile Safari/535.19"
66.102.9.58 - - [07/Aug/2019:02:56:29 +0000] "GET /vendor/simple-line-icons/fonts/Simple-Line-Icons.woff2?v=2.4.0 HTTP/1.1" 200 30064 "https://www.national.hr/css/all.css" "Mozilla/5.0 (X11; Linux x86_64) AppleWebKit/537.36 (KHTML, like Gecko) Chrome/41.0.2272.118 Safari/537.36 (compatible; Google-Read-Aloud; +https://support.google.com/webmasters/answer/1061943)"
66.102.9.60 - - [07/Aug/2019:02:56:29 +0000] "GET /vendor/font-awesome/fonts/fontawesome-webfont.woff2?v=4.7.0 HTTP/1.1" 200 77160 "https://www.national.hr/css/all.css" "Mozilla/5.0 (X11; Linux x86_64) AppleWebKit/537.36 (KHTML, like Gecko) Chrome/41.0.2272.118 Safari/537.36 (compatible; Google-Read-Aloud; +https://support.google.com/webmasters/answer/1061943)"
66.249.83.28 - - [07/Aug/2019:02:56:29 +0000] "GET /img/hotel/thumbs/6650179_orig.jpg HTTP/1.1" 200 67691 "https://www.national.hr/hr/hotel" "Mozilla/5.0 (Linux; Android 4.2.1; en-us; Nexus 5 Build/JOP40D) AppleWebKit/535.19 (KHTML, like Gecko; googleweblight) Chrome/38.0.1025.166 Mobile Safari/535.19"
66.249.83.30 - - [07/Aug/2019:02:56:29 +0000] "GET /img/hotel/thumbs/1173309_orig.jpg HTTP/1.1" 200 71134 "https://www.national.hr/hr/hotel" "Mozilla/5.0 (Linux; Android 4.2.1; en-us; Nexus 5 Build/JOP40D) AppleWebKit/535.19 (KHTML, like Gecko; googleweblight) Chrome/38.0.1025.166 Mobile Safari/535.19"
66.249.83.26 - - [07/Aug/2019:02:56:29 +0000] "GET /img/hotel/thumbs/7520460_orig.jpg HTTP/1.1" 200 73805 "https://www.national.hr/hr/hotel" "Mozilla/5.0 (Linux; Android 4.2.1; en-us; Nexus 5 Build/JOP40D) AppleWebKit/535.19 (KHTML, like Gecko; googleweblight) Chrome/38.0.1025.166 Mobile Safari/535.19"
66.249.83.26 - - [07/Aug/2019:02:56:29 +0000] "GET /img/hotel/thumbs/4189339_orig.jpg HTTP/1.1" 200 85178 "https://www.national.hr/hr/hotel" "Mozilla/5.0 (Linux; Android 4.2.1; en-us; Nexus 5 Build/JOP40D) AppleWebKit/535.19 (KHTML, like Gecko; googleweblight) Chrome/38.0.1025.166 Mobile Safari/535.19"
66.249.83.26 - - [07/Aug/2019:02:56:29 +0000] "GET /img/hotel/thumbs/7752922_orig.jpg HTTP/1.1" 200 74853 "https://www.national.hr/hr/hotel" "Mozilla/5.0 (Linux; Android 4.2.1; en-us; Nexus 5 Build/JOP40D) AppleWebKit/535.19 (KHTML, like Gecko; googleweblight) Chrome/38.0.1025.166 Mobile Safari/535.19"
66.249.83.26 - - [07/Aug/2019:02:56:29 +0000] "GET /img/hotel/thumbs/1277440_orig.jpg HTTP/1.1" 200 64074 "https://www.national.hr/hr/hotel" "Mozilla/5.0 (Linux; Android 4.2.1; en-us; Nexus 5 Build/JOP40D) AppleWebKit/535.19 (KHTML, like Gecko; googleweblight) Chrome/38.0.1025.166 Mobile Safari/535.19"
66.249.83.26 - - [07/Aug/2019:02:56:29 +0000] "GET /img/hotel/thumbs/77617_orig.jpg HTTP/1.1" 200 54362 "https://www.national.hr/hr/hotel" "Mozilla/5.0 (Linux; Android 4.2.1; en-us; Nexus 5 Build/JOP40D) AppleWebKit/535.19 (KHTML, like Gecko; googleweblight) Chrome/38.0.1025.166 Mobile Safari/535.19"
66.249.83.30 - - [07/Aug/2019:02:56:29 +0000] "GET /img/hotel/thumbs/8181388_orig.jpg HTTP/1.1" 200 79751 "https://www.national.hr/hr/hotel" "Mozilla/5.0 (Linux; Android 4.2.1; en-us; Nexus 5 Build/JOP40D) AppleWebKit/535.19 (KHTML, like Gecko; googleweblight) Chrome/38.0.1025.166 Mobile Safari/535.19"
66.249.83.30 - - [07/Aug/2019:02:56:29 +0000] "GET /uploads/thumbnails/03d1c430bcc463f908a8f77c55b05fae.jpg HTTP/1.1" 200 47173 "https://www.national.hr/hr/rezervacija" "Mozilla/5.0 (Linux; Android 4.2.1; en-us; Nexus 5 Build/JOP40D) AppleWebKit/535.19 (KHTML, like Gecko; googleweblight) Chrome/38.0.1025.166 Mobile Safari/535.19"
66.249.83.30 - - [07/Aug/2019:02:56:29 +0000] "GET /img/hotel/thumbs/1695089_orig.jpg HTTP/1.1" 200 78777 "https://www.national.hr/hr/hotel" "Mozilla/5.0 (Linux; Android 4.2.1; en-us; Nexus 5 Build/JOP40D) AppleWebKit/535.19 (KHTML, like Gecko; googleweblight) Chrome/38.0.1025.166 Mobile Safari/535.19"
66.249.83.30 - - [07/Aug/2019:02:56:29 +0000] "GET /img/hotel/thumbs/4766966_orig.jpg HTTP/1.1" 200 44476 "https://www.national.hr/hr/hotel" "Mozilla/5.0 (Linux; Android 4.2.1; en-us; Nexus 5 Build/JOP40D) AppleWebKit/535.19 (KHTML, like Gecko; googleweblight) Chrome/38.0.1025.166 Mobile Safari/535.19"
66.249.83.28 - - [07/Aug/2019:02:56:29 +0000] "GET /uploads/thumbnails/f01fea6613c1d0615eb94db24bda1949.jpg HTTP/1.1" 200 51074 "https://www.national.hr/hr/rezervacija" "Mozilla/5.0 (Linux; Android 4.2.1; en-us; Nexus 5 Build/JOP40D) AppleWebKit/535.19 (KHTML, like Gecko; googleweblight) Chrome/38.0.1025.166 Mobile Safari/535.19"
66.249.83.28 - - [07/Aug/2019:02:56:29 +0000] "GET /img/hotel/thumbs/3665904_orig.jpg HTTP/1.1" 200 49617 "https://www.national.hr/hr/hotel" "Mozilla/5.0 (Linux; Android 4.2.1; en-us; Nexus 5 Build/JOP40D) AppleWebKit/535.19 (KHTML, like Gecko; googleweblight) Chrome/38.0.1025.166 Mobile Safari/535.19"
66.249.83.28 - - [07/Aug/2019:02:56:30 +0000] "GET /img/hotel/thumbs/2821116_orig.jpg HTTP/1.1" 200 55022 "https://www.national.hr/hr/hotel" "Mozilla/5.0 (Linux; Android 4.2.1; en-us; Nexus 5 Build/JOP40D) AppleWebKit/535.19 (KHTML, like Gecko; googleweblight) Chrome/38.0.1025.166 Mobile Safari/535.19"
66.249.88.124 - - [07/Aug/2019:02:56:30 +0000] "GET /img/hotel/thumbs/3658834_orig.jpg HTTP/1.1" 200 66419 "https://www.national.hr/hr/hotel" "Mozilla/5.0 (Linux; Android 4.2.1; en-us; Nexus 5 Build/JOP40D) AppleWebKit/535.19 (KHTML, like Gecko; googleweblight) Chrome/38.0.1025.166 Mobile Safari/535.19"
66.249.83.28 - - [07/Aug/2019:02:56:30 +0000] "GET /img/hotel/thumbs/1271103_orig.jpg HTTP/1.1" 200 67290 "https://www.national.hr/hr/hotel" "Mozilla/5.0 (Linux; Android 4.2.1; en-us; Nexus 5 Build/JOP40D) AppleWebKit/535.19 (KHTML, like Gecko; googleweblight) Chrome/38.0.1025.166 Mobile Safari/535.19"
66.249.83.26 - - [07/Aug/2019:02:56:30 +0000] "GET /img/hotel/thumbs/3444404_orig.jpg HTTP/1.1" 200 65054 "https://www.national.hr/hr/hotel" "Mozilla/5.0 (Linux; Android 4.2.1; en-us; Nexus 5 Build/JOP40D) AppleWebKit/535.19 (KHTML, like Gecko; googleweblight) Chrome/38.0.1025.166 Mobile Safari/535.19"
66.249.83.28 - - [07/Aug/2019:02:56:30 +0000] "GET /img/hotel/thumbs/3262708_orig.jpg HTTP/1.1" 200 59457 "https://www.national.hr/hr/hotel" "Mozilla/5.0 (Linux; Android 4.2.1; en-us; Nexus 5 Build/JOP40D) AppleWebKit/535.19 (KHTML, like Gecko; googleweblight) Chrome/38.0.1025.166 Mobile Safari/535.19"
66.249.88.124 - - [07/Aug/2019:02:56:30 +0000] "GET /uploads/thumbnails/aa39d423c5d63c3b6952010631b975fc.jpg HTTP/1.1" 200 49760 "https://www.national.hr/hr/rezervacija" "Mozilla/5.0 (Linux; Android 4.2.1; en-us; Nexus 5 Build/JOP40D) AppleWebKit/535.19 (KHTML, like Gecko; googleweblight) Chrome/38.0.1025.166 Mobile Safari/535.19"
66.249.88.126 - - [07/Aug/2019:02:56:30 +0000] "GET /uploads/thumbnails/bab51afaaa78f93592fe6de6b5b4dae5.jpg HTTP/1.1" 200 48605 "https://www.national.hr/hr/rezervacija" "Mozilla/5.0 (Linux; Android 4.2.1; en-us; Nexus 5 Build/JOP40D) AppleWebKit/535.19 (KHTML, like Gecko; googleweblight) Chrome/38.0.1025.166 Mobile Safari/535.19"
66.249.88.124 - - [07/Aug/2019:02:56:30 +0000] "GET /uploads/thumbnails/7b775c2320ed1d591b1999fdd875af2c.jpg HTTP/1.1" 200 54168 "https://www.national.hr/hr/rezervacija" "Mozilla/5.0 (Linux; Android 4.2.1; en-us; Nexus 5 Build/JOP40D) AppleWebKit/535.19 (KHTML, like Gecko; googleweblight) Chrome/38.0.1025.166 Mobile Safari/535.19"
66.249.88.126 - - [07/Aug/2019:02:56:30 +0000] "GET /img/hotel/thumbs/9301597_orig.jpg HTTP/1.1" 200 40532 "https://www.national.hr/hr/hotel" "Mozilla/5.0 (Linux; Android 4.2.1; en-us; Nexus 5 Build/JOP40D) AppleWebKit/535.19 (KHTML, like Gecko; googleweblight) Chrome/38.0.1025.166 Mobile Safari/535.19"
66.249.83.26 - - [07/Aug/2019:02:56:30 +0000] "GET /img/hotel/thumbs/336977_orig.jpg HTTP/1.1" 200 96329 "https://www.national.hr/hr/hotel" "Mozilla/5.0 (Linux; Android 4.2.1; en-us; Nexus 5 Build/JOP40D) AppleWebKit/535.19 (KHTML, like Gecko; googleweblight) Chrome/38.0.1025.166 Mobile Safari/535.19"
66.249.83.26 - - [07/Aug/2019:02:56:30 +0000] "GET /img/hotel/thumbs/285944_orig.jpg HTTP/1.1" 200 104114 "https://www.national.hr/hr/hotel" "Mozilla/5.0 (Linux; Android 4.2.1; en-us; Nexus 5 Build/JOP40D) AppleWebKit/535.19 (KHTML, like Gecko; googleweblight) Chrome/38.0.1025.166 Mobile Safari/535.19"
66.249.83.30 - - [07/Aug/2019:02:56:30 +0000] "GET /img/hotel/thumbs/7010766_orig.jpg HTTP/1.1" 200 74147 "https://www.national.hr/hr/hotel" "Mozilla/5.0 (Linux; Android 4.2.1; en-us; Nexus 5 Build/JOP40D) AppleWebKit/535.19 (KHTML, like Gecko; googleweblight) Chrome/38.0.1025.166 Mobile Safari/535.19"
66.102.9.60 - - [07/Aug/2019:02:56:30 +0000] "GET /vendor/simple-line-icons/fonts/Simple-Line-Icons.woff2?v=2.4.0 HTTP/1.1" 200 30064 "https://www.national.hr/css/all.css" "Mozilla/5.0 (X11; Linux x86_64) AppleWebKit/537.36 (KHTML, like Gecko) Chrome/41.0.2272.118 Safari/537.36 (compatible; Google-Read-Aloud; +https://support.google.com/webmasters/answer/1061943)"
66.249.83.28 - - [07/Aug/2019:02:56:30 +0000] "GET /img/hotel/thumbs/9502115_orig.jpg HTTP/1.1" 200 84850 "https://www.national.hr/hr/hotel" "Mozilla/5.0 (Linux; Android 4.2.1; en-us; Nexus 5 Build/JOP40D) AppleWebKit/535.19 (KHTML, like Gecko; googleweblight) Chrome/38.0.1025.166 Mobile Safari/535.19"
66.102.9.60 - - [07/Aug/2019:02:56:30 +0000] "GET /vendor/font-awesome/fonts/fontawesome-webfont.woff2?v=4.7.0 HTTP/1.1" 200 77160 "https://www.national.hr/css/all.css" "Mozilla/5.0 (X11; Linux x86_64) AppleWebKit/537.36 (KHTML, like Gecko) Chrome/41.0.2272.118 Safari/537.36 (compatible; Google-Read-Aloud; +https://support.google.com/webmasters/answer/1061943)"
66.249.83.30 - - [07/Aug/2019:02:56:30 +0000] "GET /uploads/images/30b9c8c6105eb5c9e0b77067894b6418.jpg HTTP/1.1" 200 23778 "https://www.national.hr/hr/aktualno/noc-muzeja-u-zagrebu" "Mozilla/5.0 (Linux; Android 4.2.1; en-us; Nexus 5 Build/JOP40D) AppleWebKit/535.19 (KHTML, like Gecko; googleweblight) Chrome/38.0.1025.166 Mobile Safari/535.19"
66.249.88.122 - - [07/Aug/2019:02:56:30 +0000] "GET /img/hotel/thumbs/9513390_orig.jpg HTTP/1.1" 200 52862 "https://www.national.hr/hr/hotel" "Mozilla/5.0 (Linux; Android 4.2.1; en-us; Nexus 5 Build/JOP40D) AppleWebKit/535.19 (KHTML, like Gecko; googleweblight) Chrome/38.0.1025.166 Mobile Safari/535.19"
66.249.83.30 - - [07/Aug/2019:02:56:30 +0000] "GET /img/hotel/thumbs/8397709_orig.jpg HTTP/1.1" 200 71792 "https://www.national.hr/hr/hotel" "Mozilla/5.0 (Linux; Android 4.2.1; en-us; Nexus 5 Build/JOP40D) AppleWebKit/535.19 (KHTML, like Gecko; googleweblight) Chrome/38.0.1025.166 Mobile Safari/535.19"
66.249.88.126 - - [07/Aug/2019:02:56:30 +0000] "GET /uploads/thumbnails/f125cd41427d7dda3bed18b5c7b3837f.jpg HTTP/1.1" 200 39654 "https://www.national.hr/hr/rezervacija" "Mozilla/5.0 (Linux; Android 4.2.1; en-us; Nexus 5 Build/JOP40D) AppleWebKit/535.19 (KHTML, like Gecko; googleweblight) Chrome/38.0.1025.166 Mobile Safari/535.19"
66.249.88.124 - - [07/Aug/2019:02:56:30 +0000] "GET /img/hotel/thumbs/6387201_orig.jpg HTTP/1.1" 200 72568 "https://www.national.hr/hr/hotel" "Mozilla/5.0 (Linux; Android 4.2.1; en-us; Nexus 5 Build/JOP40D) AppleWebKit/535.19 (KHTML, like Gecko; googleweblight) Chrome/38.0.1025.166 Mobile Safari/535.19"
90.132.169.45 - - [07/Aug/2019:02:56:33 +0000] "GET /img/demos/hotel/parallax-hotel-map.png HTTP/1.1" 200 76744 "https://www.national.hr/hr" "Mozilla/5.0 (Linux; Android 8.1.0; meanIT_X1 Build/O11019) AppleWebKit/537.36 (KHTML, like Gecko) Chrome/76.0.3809.89 Mobile Safari/537.36"
90.132.169.45 - - [07/Aug/2019:02:56:33 +0000] "GET /img/demos/hotel/parallax-hotel.jpg HTTP/1.1" 200 167506 "https://www.national.hr/hr" "Mozilla/5.0 (Linux; Android 8.1.0; meanIT_X1 Build/O11019) AppleWebKit/537.36 (KHTML, like Gecko) Chrome/76.0.3809.89 Mobile Safari/537.36"
90.132.169.45 - - [07/Aug/2019:02:56:36 +0000] "GET /img/pin.png HTTP/1.1" 200 668 "https://www.national.hr/hr" "Mozilla/5.0 (Linux; Android 8.1.0; meanIT_X1 Build/O11019) AppleWebKit/537.36 (KHTML, like Gecko) Chrome/76.0.3809.89 Mobile Safari/537.36"
90.132.169.45 - - [07/Aug/2019:02:56:37 +0000] "GET /img/favicon.ico HTTP/1.1" 200 15086 "https://www.national.hr/hr" "Mozilla/5.0 (Linux; Android 8.1.0; meanIT_X1 Build/O11019) AppleWebKit/537.36 (KHTML, like Gecko) Chrome/76.0.3809.89 Mobile Safari/537.36"
90.132.169.45 - - [07/Aug/2019:02:56:48 +0000] "GET /hr/hotel HTTP/1.1" 200 5373 "https://www.national.hr/hr" "Mozilla/5.0 (Linux; Android 8.1.0; meanIT_X1 Build/O11019) AppleWebKit/537.36 (KHTML, like Gecko) Chrome/76.0.3809.89 Mobile Safari/537.36"
66.249.83.30 - - [07/Aug/2019:02:56:48 +0000] "HEAD /hr/hotel HTTP/1.1" 200 - "-" "Mozilla/5.0 (Linux; Android 4.2.1; en-us; Nexus 5 Build/JOP40D) AppleWebKit/535.19 (KHTML, like Gecko; googleweblight) Chrome/38.0.1025.166 Mobile Safari/535.19"
90.132.169.45 - - [07/Aug/2019:02:56:48 +0000] "GET /img/hotel/thumbs/1173309_orig.jpg HTTP/1.1" 200 71134 "https://www.national.hr/hr/hotel" "Mozilla/5.0 (Linux; Android 8.1.0; meanIT_X1 Build/O11019) AppleWebKit/537.36 (KHTML, like Gecko) Chrome/76.0.3809.89 Mobile Safari/537.36"
90.132.169.45 - - [07/Aug/2019:02:56:48 +0000] "GET /img/hotel/thumbs/1271103_orig.jpg HTTP/1.1" 200 67290 "https://www.national.hr/hr/hotel" "Mozilla/5.0 (Linux; Android 8.1.0; meanIT_X1 Build/O11019) AppleWebKit/537.36 (KHTML, like Gecko) Chrome/76.0.3809.89 Mobile Safari/537.36"
66.249.83.28 - - [07/Aug/2019:02:56:48 +0000] "GET /img/hotel/1173309_orig.jpg HTTP/1.1" 200 407949 "-" "Mozilla/5.0 (Linux; Android 4.2.1; en-us; Nexus 5 Build/JOP40D) AppleWebKit/535.19 (KHTML, like Gecko; googleweblight) Chrome/38.0.1025.166 Mobile Safari/535.19"
66.249.83.30 - - [07/Aug/2019:02:56:48 +0000] "GET /img/hotel/9513390_orig.jpg HTTP/1.1" 200 327519 "-" "Mozilla/5.0 (Linux; Android 4.2.1; en-us; Nexus 5 Build/JOP40D) AppleWebKit/535.19 (KHTML, like Gecko; googleweblight) Chrome/38.0.1025.166 Mobile Safari/535.19"
66.249.83.28 - - [07/Aug/2019:02:56:48 +0000] "GET /img/hotel/9502115_orig.jpg HTTP/1.1" 200 501599 "-" "Mozilla/5.0 (Linux; Android 4.2.1; en-us; Nexus 5 Build/JOP40D) AppleWebKit/535.19 (KHTML, like Gecko; googleweblight) Chrome/38.0.1025.166 Mobile Safari/535.19"
90.132.169.45 - - [07/Aug/2019:02:56:49 +0000] "GET /img/hotel/thumbs/1277440_orig.jpg HTTP/1.1" 200 64074 "https://www.national.hr/hr/hotel" "Mozilla/5.0 (Linux; Android 8.1.0; meanIT_X1 Build/O11019) AppleWebKit/537.36 (KHTML, like Gecko) Chrome/76.0.3809.89 Mobile Safari/537.36"
90.132.169.45 - - [07/Aug/2019:02:56:49 +0000] "GET /img/hotel/thumbs/1695089_orig.jpg HTTP/1.1" 200 78777 "https://www.national.hr/hr/hotel" "Mozilla/5.0 (Linux; Android 8.1.0; meanIT_X1 Build/O11019) AppleWebKit/537.36 (KHTML, like Gecko) Chrome/76.0.3809.89 Mobile Safari/537.36"
90.132.169.45 - - [07/Aug/2019:02:56:49 +0000] "GET /img/hotel/thumbs/2821116_orig.jpg HTTP/1.1" 200 55022 "https://www.national.hr/hr/hotel" "Mozilla/5.0 (Linux; Android 8.1.0; meanIT_X1 Build/O11019) AppleWebKit/537.36 (KHTML, like Gecko) Chrome/76.0.3809.89 Mobile Safari/537.36"
90.132.169.45 - - [07/Aug/2019:02:56:49 +0000] "GET /img/hotel/thumbs/3262708_orig.jpg HTTP/1.1" 200 59457 "https://www.national.hr/hr/hotel" "Mozilla/5.0 (Linux; Android 8.1.0; meanIT_X1 Build/O11019) AppleWebKit/537.36 (KHTML, like Gecko) Chrome/76.0.3809.89 Mobile Safari/537.36"
90.132.169.45 - - [07/Aug/2019:02:56:49 +0000] "GET /img/hotel/thumbs/285944_orig.jpg HTTP/1.1" 200 104114 "https://www.national.hr/hr/hotel" "Mozilla/5.0 (Linux; Android 8.1.0; meanIT_X1 Build/O11019) AppleWebKit/537.36 (KHTML, like Gecko) Chrome/76.0.3809.89 Mobile Safari/537.36"
90.132.169.45 - - [07/Aug/2019:02:56:49 +0000] "GET /img/hotel/thumbs/336977_orig.jpg HTTP/1.1" 200 96329 "https://www.national.hr/hr/hotel" "Mozilla/5.0 (Linux; Android 8.1.0; meanIT_X1 Build/O11019) AppleWebKit/537.36 (KHTML, like Gecko) Chrome/76.0.3809.89 Mobile Safari/537.36"
90.132.169.45 - - [07/Aug/2019:02:56:49 +0000] "GET /img/hotel/thumbs/3444404_orig.jpg HTTP/1.1" 200 65054 "https://www.national.hr/hr/hotel" "Mozilla/5.0 (Linux; Android 8.1.0; meanIT_X1 Build/O11019) AppleWebKit/537.36 (KHTML, like Gecko) Chrome/76.0.3809.89 Mobile Safari/537.36"
90.132.169.45 - - [07/Aug/2019:02:56:49 +0000] "GET /img/hotel/thumbs/3658834_orig.jpg HTTP/1.1" 200 66419 "https://www.national.hr/hr/hotel" "Mozilla/5.0 (Linux; Android 8.1.0; meanIT_X1 Build/O11019) AppleWebKit/537.36 (KHTML, like Gecko) Chrome/76.0.3809.89 Mobile Safari/537.36"
90.132.169.45 - - [07/Aug/2019:02:56:49 +0000] "GET /img/hotel/thumbs/3665904_orig.jpg HTTP/1.1" 200 49617 "https://www.national.hr/hr/hotel" "Mozilla/5.0 (Linux; Android 8.1.0; meanIT_X1 Build/O11019) AppleWebKit/537.36 (KHTML, like Gecko) Chrome/76.0.3809.89 Mobile Safari/537.36"
90.132.169.45 - - [07/Aug/2019:02:56:49 +0000] "GET /img/hotel/thumbs/4766966_orig.jpg HTTP/1.1" 200 44476 "https://www.national.hr/hr/hotel" "Mozilla/5.0 (Linux; Android 8.1.0; meanIT_X1 Build/O11019) AppleWebKit/537.36 (KHTML, like Gecko) Chrome/76.0.3809.89 Mobile Safari/537.36"
90.132.169.45 - - [07/Aug/2019:02:56:49 +0000] "GET /img/hotel/thumbs/6387201_orig.jpg HTTP/1.1" 200 72568 "https://www.national.hr/hr/hotel" "Mozilla/5.0 (Linux; Android 8.1.0; meanIT_X1 Build/O11019) AppleWebKit/537.36 (KHTML, like Gecko) Chrome/76.0.3809.89 Mobile Safari/537.36"
90.132.169.45 - - [07/Aug/2019:02:56:49 +0000] "GET /img/hotel/thumbs/4189339_orig.jpg HTTP/1.1" 200 85178 "https://www.national.hr/hr/hotel" "Mozilla/5.0 (Linux; Android 8.1.0; meanIT_X1 Build/O11019) AppleWebKit/537.36 (KHTML, like Gecko) Chrome/76.0.3809.89 Mobile Safari/537.36"
90.132.169.45 - - [07/Aug/2019:02:56:49 +0000] "GET /img/hotel/thumbs/6650179_orig.jpg HTTP/1.1" 200 67691 "https://www.national.hr/hr/hotel" "Mozilla/5.0 (Linux; Android 8.1.0; meanIT_X1 Build/O11019) AppleWebKit/537.36 (KHTML, like Gecko) Chrome/76.0.3809.89 Mobile Safari/537.36"
90.132.169.45 - - [07/Aug/2019:02:56:49 +0000] "GET /img/hotel/thumbs/7010766_orig.jpg HTTP/1.1" 200 74147 "https://www.national.hr/hr/hotel" "Mozilla/5.0 (Linux; Android 8.1.0; meanIT_X1 Build/O11019) AppleWebKit/537.36 (KHTML, like Gecko) Chrome/76.0.3809.89 Mobile Safari/537.36"
90.132.169.45 - - [07/Aug/2019:02:56:49 +0000] "GET /img/hotel/thumbs/7520460_orig.jpg HTTP/1.1" 200 73805 "https://www.national.hr/hr/hotel" "Mozilla/5.0 (Linux; Android 8.1.0; meanIT_X1 Build/O11019) AppleWebKit/537.36 (KHTML, like Gecko) Chrome/76.0.3809.89 Mobile Safari/537.36"
90.132.169.45 - - [07/Aug/2019:02:56:49 +0000] "GET /img/hotel/thumbs/7752922_orig.jpg HTTP/1.1" 200 74853 "https://www.national.hr/hr/hotel" "Mozilla/5.0 (Linux; Android 8.1.0; meanIT_X1 Build/O11019) AppleWebKit/537.36 (KHTML, like Gecko) Chrome/76.0.3809.89 Mobile Safari/537.36"
90.132.169.45 - - [07/Aug/2019:02:56:49 +0000] "GET /img/hotel/thumbs/77617_orig.jpg HTTP/1.1" 200 54362 "https://www.national.hr/hr/hotel" "Mozilla/5.0 (Linux; Android 8.1.0; meanIT_X1 Build/O11019) AppleWebKit/537.36 (KHTML, like Gecko) Chrome/76.0.3809.89 Mobile Safari/537.36"
90.132.169.45 - - [07/Aug/2019:02:56:49 +0000] "GET /img/hotel/thumbs/8181388_orig.jpg HTTP/1.1" 200 79751 "https://www.national.hr/hr/hotel" "Mozilla/5.0 (Linux; Android 8.1.0; meanIT_X1 Build/O11019) AppleWebKit/537.36 (KHTML, like Gecko) Chrome/76.0.3809.89 Mobile Safari/537.36"
90.132.169.45 - - [07/Aug/2019:02:56:50 +0000] "GET /img/hotel/thumbs/8397709_orig.jpg HTTP/1.1" 200 71792 "https://www.national.hr/hr/hotel" "Mozilla/5.0 (Linux; Android 8.1.0; meanIT_X1 Build/O11019) AppleWebKit/537.36 (KHTML, like Gecko) Chrome/76.0.3809.89 Mobile Safari/537.36"
90.132.169.45 - - [07/Aug/2019:02:56:50 +0000] "GET /img/hotel/thumbs/9301597_orig.jpg HTTP/1.1" 200 40532 "https://www.national.hr/hr/hotel" "Mozilla/5.0 (Linux; Android 8.1.0; meanIT_X1 Build/O11019) AppleWebKit/537.36 (KHTML, like Gecko) Chrome/76.0.3809.89 Mobile Safari/537.36"
90.132.169.45 - - [07/Aug/2019:02:56:50 +0000] "GET /img/hotel/thumbs/9513390_orig.jpg HTTP/1.1" 200 52862 "https://www.national.hr/hr/hotel" "Mozilla/5.0 (Linux; Android 8.1.0; meanIT_X1 Build/O11019) AppleWebKit/537.36 (KHTML, like Gecko) Chrome/76.0.3809.89 Mobile Safari/537.36"
90.132.169.45 - - [07/Aug/2019:02:56:50 +0000] "GET /img/hotel/thumbs/9502115_orig.jpg HTTP/1.1" 200 84850 "https://www.national.hr/hr/hotel" "Mozilla/5.0 (Linux; Android 8.1.0; meanIT_X1 Build/O11019) AppleWebKit/537.36 (KHTML, like Gecko) Chrome/76.0.3809.89 Mobile Safari/537.36"
66.102.9.58 - - [07/Aug/2019:02:56:50 +0000] "GET /hr/hotel HTTP/1.1" 200 5373 "-" "Mozilla/5.0 (X11; Linux x86_64) AppleWebKit/537.36 (KHTML, like Gecko) Chrome/41.0.2272.118 Safari/537.36 (compatible; Google-Read-Aloud; +https://support.google.com/webmasters/answer/1061943)"
66.102.9.62 - - [07/Aug/2019:02:56:50 +0000] "GET /hr/hotel HTTP/1.1" 200 5373 "-" "Mozilla/5.0 (X11; Linux x86_64) AppleWebKit/537.36 (KHTML, like Gecko) Chrome/41.0.2272.118 Safari/537.36 (compatible; Google-Read-Aloud; +https://support.google.com/webmasters/answer/1061943)"
66.102.9.58 - - [07/Aug/2019:02:56:50 +0000] "GET /js/jquery.cookie.js HTTP/1.1" 200 2966 "https://www.national.hr/hr/hotel" "Mozilla/5.0 (X11; Linux x86_64) AppleWebKit/537.36 (KHTML, like Gecko) Chrome/41.0.2272.118 Safari/537.36 (compatible; Google-Read-Aloud; +https://support.google.com/webmasters/answer/1061943)"
66.102.9.62 - - [07/Aug/2019:02:56:50 +0000] "GET /js/all.js HTTP/1.1" 200 198805 "https://www.national.hr/hr/hotel" "Mozilla/5.0 (X11; Linux x86_64) AppleWebKit/537.36 (KHTML, like Gecko) Chrome/41.0.2272.118 Safari/537.36 (compatible; Google-Read-Aloud; +https://support.google.com/webmasters/answer/1061943)"
90.132.169.45 - - [07/Aug/2019:02:58:40 +0000] "GET / HTTP/1.1" 200 7463 "-" "Mozilla/5.0 (Linux; Android 8.1.0; meanIT_X1 Build/O11019) AppleWebKit/537.36 (KHTML, like Gecko) Chrome/76.0.3809.89 Mobile Safari/537.36"
66.249.83.30 - - [07/Aug/2019:02:58:40 +0000] "GET / HTTP/1.1" 200 7463 "-" "Mozilla/5.0 (Linux; Android 4.2.1; en-us; Nexus 5 Build/JOP40D) AppleWebKit/535.19 (KHTML, like Gecko; googleweblight) Chrome/38.0.1025.166 Mobile Safari/535.19"
90.132.169.45 - - [07/Aug/2019:02:58:40 +0000] "GET /uploads/thumbnails/2c67b6eb0488329db46487d1dc98d07f.jpg HTTP/1.1" 200 62273 "https://www.national.hr/" "Mozilla/5.0 (Linux; Android 8.1.0; meanIT_X1 Build/O11019) AppleWebKit/537.36 (KHTML, like Gecko) Chrome/76.0.3809.89 Mobile Safari/537.36"
90.132.169.45 - - [07/Aug/2019:02:58:40 +0000] "GET /uploads/thumbnails/5f7b6a433c8553b967e4c6fb4209a9f8.jpg HTTP/1.1" 200 77162 "https://www.national.hr/" "Mozilla/5.0 (Linux; Android 8.1.0; meanIT_X1 Build/O11019) AppleWebKit/537.36 (KHTML, like Gecko) Chrome/76.0.3809.89 Mobile Safari/537.36"
66.249.83.26 - - [07/Aug/2019:02:58:41 +0000] "GET /uploads/thumbnails/2c67b6eb0488329db46487d1dc98d07f.jpg HTTP/1.1" 200 62273 "https://www.national.hr/" "Mozilla/5.0 (Linux; Android 4.2.1; en-us; Nexus 5 Build/JOP40D) AppleWebKit/535.19 (KHTML, like Gecko; googleweblight) Chrome/38.0.1025.166 Mobile Safari/535.19"
66.249.83.28 - - [07/Aug/2019:02:58:41 +0000] "GET /uploads/thumbnails/5f7b6a433c8553b967e4c6fb4209a9f8.jpg HTTP/1.1" 200 77162 "https://www.national.hr/" "Mozilla/5.0 (Linux; Android 4.2.1; en-us; Nexus 5 Build/JOP40D) AppleWebKit/535.19 (KHTML, like Gecko; googleweblight) Chrome/38.0.1025.166 Mobile Safari/535.19"
66.249.83.28 - - [07/Aug/2019:02:58:43 +0000] "GET /news/summer-picknic-in-zagreb-2nd-to-30th-august-every-thursday-in-the-afternoon-evening-18-23h HTTP/1.1" 200 4326 "-" "Mozilla/5.0 (Linux; Android 4.2.1; en-us; Nexus 5 Build/JOP40D) AppleWebKit/535.19 (KHTML, like Gecko; googleweblight) Chrome/38.0.1025.166 Mobile Safari/535.19"
66.249.83.28 - - [07/Aug/2019:02:58:44 +0000] "GET /hotel HTTP/1.1" 200 5125 "-" "Mozilla/5.0 (Linux; Android 4.2.1; en-us; Nexus 5 Build/JOP40D) AppleWebKit/535.19 (KHTML, like Gecko; googleweblight) Chrome/38.0.1025.166 Mobile Safari/535.19"
66.249.83.30 - - [07/Aug/2019:02:58:44 +0000] "GET /book-now HTTP/1.1" 200 4484 "-" "Mozilla/5.0 (Linux; Android 4.2.1; en-us; Nexus 5 Build/JOP40D) AppleWebKit/535.19 (KHTML, like Gecko; googleweblight) Chrome/38.0.1025.166 Mobile Safari/535.19"
