77.75.76.168 - - [15/Aug/2019:00:07:56 +0000] "GET /robots.txt HTTP/1.1" 200 24 "-" "Mozilla/5.0 (compatible; SeznamBot/3.2; +http://napoveda.seznam.cz/en/seznambot-intro/)"
77.75.76.168 - - [15/Aug/2019:00:07:57 +0000] "GET /en/news/summer-picknic-in-zagreb-2nd-to-30th-august-every-thursday-in-the-afternoon-evening-18-23h HTTP/1.1" 200 4229 "-" "Mozilla/5.0 (compatible; SeznamBot/3.2; +http://napoveda.seznam.cz/en/seznambot-intro/)"
34.204.200.241 - - [15/Aug/2019:00:30:15 +0000] "GET /robots.txt HTTP/1.1" 200 24 "-" "CCBot/2.0 (https://commoncrawl.org/faq/)"
34.204.200.241 - - [15/Aug/2019:00:30:15 +0000] "GET /privacy-policy HTTP/1.1" 200 6671 "-" "CCBot/2.0 (https://commoncrawl.org/faq/)"
5.255.253.35 - - [15/Aug/2019:00:38:33 +0000] "GET /robots.txt HTTP/1.1" 301 242 "-" "Mozilla/5.0 (compatible; YandexBot/3.0; +http://yandex.com/bots)"
5.255.253.35 - - [15/Aug/2019:00:38:33 +0000] "GET /robots.txt HTTP/1.1" 301 242 "-" "Mozilla/5.0 (compatible; YandexBot/3.0; +http://yandex.com/bots)"
5.255.253.35 - - [15/Aug/2019:00:38:33 +0000] "GET /robots.txt HTTP/1.1" 200 24 "-" "Mozilla/5.0 (compatible; YandexBot/3.0; +http://yandex.com/bots)"
5.45.207.25 - - [15/Aug/2019:00:38:34 +0000] "GET /robots.txt HTTP/1.1" 200 24 "-" "Mozilla/5.0 (compatible; YandexBot/3.0; +http://yandex.com/bots)"
5.45.207.25 - - [15/Aug/2019:00:38:34 +0000] "GET /robots.txt HTTP/1.1" 200 24 "-" "Mozilla/5.0 (compatible; YandexBot/3.0; +http://yandex.com/bots)"
5.255.253.35 - - [15/Aug/2019:00:38:37 +0000] "GET / HTTP/1.1" 301 232 "-" "Mozilla/5.0 (compatible; YandexBot/3.0; +http://yandex.com/bots)"
5.45.207.25 - - [15/Aug/2019:00:38:37 +0000] "GET / HTTP/1.1" 200 6854 "-" "Mozilla/5.0 (compatible; YandexBot/3.0; +http://yandex.com/bots)"
5.255.253.35 - - [15/Aug/2019:00:38:37 +0000] "GET / HTTP/1.1" 301 232 "-" "Mozilla/5.0 (compatible; YandexBot/3.0; +http://yandex.com/bots)"
188.246.73.246 - - [15/Aug/2019:00:47:31 +0000] "GET / HTTP/1.1" 200 6854 "https://www.google.com/" "Mozilla/5.0 (Linux; Android 9; HMA-L29) AppleWebKit/537.36 (KHTML, like Gecko) Chrome/74.0.3729.136 Mobile Safari/537.36"
188.246.73.246 - - [15/Aug/2019:00:47:31 +0000] "GET /css/all.css?v=2 HTTP/1.1" 200 112031 "https://www.national.hr/" "Mozilla/5.0 (Linux; Android 9; HMA-L29) AppleWebKit/537.36 (KHTML, like Gecko) Chrome/74.0.3729.136 Mobile Safari/537.36"
188.246.73.246 - - [15/Aug/2019:00:47:31 +0000] "GET /js/all.js HTTP/1.1" 200 198805 "https://www.national.hr/" "Mozilla/5.0 (Linux; Android 9; HMA-L29) AppleWebKit/537.36 (KHTML, like Gecko) Chrome/74.0.3729.136 Mobile Safari/537.36"
188.246.73.246 - - [15/Aug/2019:00:47:31 +0000] "GET /uploads/images/7fc2d1450464345ae02e3075468d7d84.jpg HTTP/1.1" 200 90665 "https://www.national.hr/" "Mozilla/5.0 (Linux; Android 9; HMA-L29) AppleWebKit/537.36 (KHTML, like Gecko) Chrome/74.0.3729.136 Mobile Safari/537.36"
188.246.73.246 - - [15/Aug/2019:00:47:32 +0000] "GET /vendor/font-awesome/fonts/fontawesome-webfont.woff2?v=4.7.0 HTTP/1.1" 200 77160 "https://www.national.hr/css/all.css?v=2" "Mozilla/5.0 (Linux; Android 9; HMA-L29) AppleWebKit/537.36 (KHTML, like Gecko) Chrome/74.0.3729.136 Mobile Safari/537.36"
188.246.73.246 - - [15/Aug/2019:00:47:35 +0000] "GET /uploads/thumbnails/5f7b6a433c8553b967e4c6fb4209a9f8.jpg HTTP/1.1" 200 77162 "https://www.national.hr/" "Mozilla/5.0 (Linux; Android 9; HMA-L29) AppleWebKit/537.36 (KHTML, like Gecko) Chrome/74.0.3729.136 Mobile Safari/537.36"
188.246.73.246 - - [15/Aug/2019:00:47:36 +0000] "GET /img/demos/hotel/video-cover-bg-1.jpg HTTP/1.1" 200 102737 "https://www.national.hr/" "Mozilla/5.0 (Linux; Android 9; HMA-L29) AppleWebKit/537.36 (KHTML, like Gecko) Chrome/74.0.3729.136 Mobile Safari/537.36"
188.246.73.246 - - [15/Aug/2019:00:47:32 +0000] "GET /uploads/images/5171fc57c12b52ba5693e2efdf1b8bb8.jpg HTTP/1.1" 200 318366 "https://www.national.hr/" "Mozilla/5.0 (Linux; Android 9; HMA-L29) AppleWebKit/537.36 (KHTML, like Gecko) Chrome/74.0.3729.136 Mobile Safari/537.36"
188.246.73.246 - - [15/Aug/2019:00:47:33 +0000] "GET /uploads/images/6f3efde49962ecb979e4d225adca5450.jpg HTTP/1.1" 200 292022 "https://www.national.hr/" "Mozilla/5.0 (Linux; Android 9; HMA-L29) AppleWebKit/537.36 (KHTML, like Gecko) Chrome/74.0.3729.136 Mobile Safari/537.36"
188.246.73.246 - - [15/Aug/2019:00:47:32 +0000] "GET /uploads/images/483ce54ee782ddf2edc01706c3ad766e.jpg HTTP/1.1" 200 242423 "https://www.national.hr/" "Mozilla/5.0 (Linux; Android 9; HMA-L29) AppleWebKit/537.36 (KHTML, like Gecko) Chrome/74.0.3729.136 Mobile Safari/537.36"
188.246.73.246 - - [15/Aug/2019:00:47:37 +0000] "GET /img/demos/hotel/parallax-hotel.jpg HTTP/1.1" 200 167506 "https://www.national.hr/" "Mozilla/5.0 (Linux; Android 9; HMA-L29) AppleWebKit/537.36 (KHTML, like Gecko) Chrome/74.0.3729.136 Mobile Safari/537.36"
188.246.73.246 - - [15/Aug/2019:00:47:45 +0000] "GET /vendor/flag/flags/4x3/gb.svg HTTP/1.1" 200 989 "https://www.national.hr/css/all.css?v=2" "Mozilla/5.0 (Linux; Android 9; HMA-L29) AppleWebKit/537.36 (KHTML, like Gecko) Chrome/74.0.3729.136 Mobile Safari/537.36"
188.246.73.246 - - [15/Aug/2019:00:47:53 +0000] "GET /contact HTTP/1.1" 200 3921 "https://www.national.hr/" "Mozilla/5.0 (Linux; Android 9; HMA-L29) AppleWebKit/537.36 (KHTML, like Gecko) Chrome/74.0.3729.136 Mobile Safari/537.36"
207.46.13.211 - - [15/Aug/2019:00:55:40 +0000] "GET /img/hotel/285944_orig.jpg HTTP/1.1" 200 549694 "-" "Mozilla/5.0 (compatible; bingbot/2.0; +http://www.bing.com/bingbot.htm)"
77.75.77.62 - - [15/Aug/2019:01:02:48 +0000] "GET /robots.txt HTTP/1.1" 200 24 "-" "Mozilla/5.0 (compatible; SeznamBot/3.2; +http://napoveda.seznam.cz/en/seznambot-intro/)"
77.75.77.62 - - [15/Aug/2019:01:02:48 +0000] "GET /uploads/images/9381b856be35373121ceaea7a4aab182.jpg HTTP/1.1" 304 - "-" "Mozilla/5.0 (compatible; SeznamBot/3.2; +http://napoveda.seznam.cz/en/seznambot-intro/)"
157.55.39.178 - - [15/Aug/2019:01:03:57 +0000] "GET /hr/sobe/dvokrevetna-soba-s-pomocnim-krevetom HTTP/1.1" 500 4485 "-" "Mozilla/5.0 (compatible; bingbot/2.0; +http://www.bing.com/bingbot.htm)"
159.69.77.47 - - [15/Aug/2019:01:17:11 +0000] "GET /.well-known/pki-validation/03ADB6889B13C134F3B3F376B5B71166.txt HTTP/1.1" 301 295 "-" "COMODO DCV"
159.69.77.47 - - [15/Aug/2019:01:17:11 +0000] "GET /.well-known/pki-validation/03ADB6889B13C134F3B3F376B5B71166.txt HTTP/1.1" 404 1104 "-" "COMODO DCV"
159.69.77.47 - - [15/Aug/2019:01:17:11 +0000] "GET /.well-known/pki-validation/D96AED33401B7B53166919A7AB75F052.txt HTTP/1.1" 301 295 "-" "COMODO DCV"
159.69.77.47 - - [15/Aug/2019:01:17:11 +0000] "GET /.well-known/pki-validation/D96AED33401B7B53166919A7AB75F052.txt HTTP/1.1" 404 1104 "-" "COMODO DCV"
159.69.77.47 - - [15/Aug/2019:01:17:11 +0000] "GET /.well-known/pki-validation/ACE8468C386E8624C8DCF637D56B9A7E.txt HTTP/1.1" 301 295 "-" "COMODO DCV"
159.69.77.47 - - [15/Aug/2019:01:17:11 +0000] "GET /.well-known/pki-validation/ACE8468C386E8624C8DCF637D56B9A7E.txt HTTP/1.1" 404 1104 "-" "COMODO DCV"
159.69.77.47 - - [15/Aug/2019:01:17:11 +0000] "GET /.well-known/pki-validation/AFA22AECD0B9042B83918CEC78CF1EDD.txt HTTP/1.1" 301 295 "-" "COMODO DCV"
159.69.77.47 - - [15/Aug/2019:01:17:11 +0000] "GET /.well-known/pki-validation/AFA22AECD0B9042B83918CEC78CF1EDD.txt HTTP/1.1" 404 1104 "-" "COMODO DCV"
157.55.39.12 - - [15/Aug/2019:01:31:29 +0000] "GET /uploads/thumbnails/8d1afa9f47eab1caf6f13398344e8299.jpg HTTP/1.1" 301 287 "-" "Mozilla/5.0 (compatible; bingbot/2.0; +http://www.bing.com/bingbot.htm)"
157.55.39.12 - - [15/Aug/2019:01:31:31 +0000] "GET /uploads/thumbnails/8d1afa9f47eab1caf6f13398344e8299.jpg HTTP/1.1" 200 52576 "-" "Mozilla/5.0 (compatible; bingbot/2.0; +http://www.bing.com/bingbot.htm)"
157.55.39.178 - - [15/Aug/2019:01:36:32 +0000] "GET /hr/sobe HTTP/1.1" 301 239 "-" "Mozilla/5.0 (compatible; bingbot/2.0; +http://www.bing.com/bingbot.htm)"
34.204.200.241 - - [15/Aug/2019:01:38:07 +0000] "GET /documents HTTP/1.1" 200 3245 "-" "CCBot/2.0 (https://commoncrawl.org/faq/)"
52.240.159.47 - - [15/Aug/2019:01:42:46 +0000] "GET /robots.txt HTTP/1.1" 200 24 "-" "Mozilla/5.0 (compatible; bingbot/2.0; +http://www.bing.com/bingbot.htm)"
52.240.159.47 - - [15/Aug/2019:01:42:46 +0000] "GET /robots.txt HTTP/1.1" 200 24 "-" "Mozilla/5.0 (compatible; bingbot/2.0; +http://www.bing.com/bingbot.htm)"
52.162.161.148 - - [15/Aug/2019:01:42:49 +0000] "GET /hr/sobe HTTP/1.1" 200 4737 "-" "Mozilla/5.0 (compatible; bingbot/2.0; +http://www.bing.com/bingbot.htm)"
38.131.159.227 - - [15/Aug/2019:01:44:15 +0000] "GET / HTTP/1.1" 301 232 "-" "Go-http-client/1.1"
66.249.138.112 - - [15/Aug/2019:01:58:56 +0000] "GET / HTTP/1.1" 301 232 "-" "Go-http-client/1.1"
181.214.186.39 - - [15/Aug/2019:01:58:59 +0000] "GET / HTTP/1.1" 200 6854 "-" "Go-http-client/1.1"
54.36.148.200 - - [15/Aug/2019:02:00:07 +0000] "GET /robots.txt HTTP/1.1" 301 242 "-" "Mozilla/5.0 (compatible; AhrefsBot/6.1; +http://ahrefs.com/robot/)"
54.36.148.200 - - [15/Aug/2019:02:00:07 +0000] "GET /robots.txt HTTP/1.1" 200 24 "-" "Mozilla/5.0 (compatible; AhrefsBot/6.1; +http://ahrefs.com/robot/)"
104.250.193.39 - - [15/Aug/2019:02:00:58 +0000] "GET /en/book-now?start_date=16.08.2019.&end_date=17.08.2019.&persons=2 HTTP/1.1" 301 305 "-" "Mozilla/5.0 (Windows NT 6.3) AppleWebKit/537.36 (KHTML, like Gecko) Chrome/62.0.3196.12 Safari/537.36"
104.250.193.39 - - [15/Aug/2019:02:00:59 +0000] "GET /en/book-now?start_date=16.08.2019.&end_date=17.08.2019.&persons=2 HTTP/1.1" 200 4717 "-" "Mozilla/5.0 (Windows NT 6.3) AppleWebKit/537.36 (KHTML, like Gecko) Chrome/62.0.3196.12 Safari/537.36"
104.250.193.39 - - [15/Aug/2019:02:00:59 +0000] "GET /css/all.css?v=2 HTTP/1.1" 200 112031 "https://www.national.hr/en/book-now?start_date=16.08.2019.&end_date=17.08.2019.&persons=2" "Mozilla/5.0 (Windows NT 6.3) AppleWebKit/537.36 (KHTML, like Gecko) Chrome/62.0.3196.12 Safari/537.36"
54.236.166.114 - - [15/Aug/2019:02:01:00 +0000] "GET /img/demos/hotel/logo.png HTTP/1.1" 200 35182 "https://www.national.hr/en/book-now?start_date=16.08.2019.&end_date=17.08.2019.&persons=2" "Mozilla/5.0 (Windows NT 6.3) AppleWebKit/537.36 (KHTML, like Gecko) Chrome/62.0.3196.12 Safari/537.36"
104.250.193.39 - - [15/Aug/2019:02:01:00 +0000] "GET /js/jquery.cookie.js HTTP/1.1" 200 2966 "https://www.national.hr/en/book-now?start_date=16.08.2019.&end_date=17.08.2019.&persons=2" "Mozilla/5.0 (Windows NT 6.3) AppleWebKit/537.36 (KHTML, like Gecko) Chrome/62.0.3196.12 Safari/537.36"
104.250.193.39 - - [15/Aug/2019:02:01:00 +0000] "GET /js/all.js HTTP/1.1" 200 198805 "https://www.national.hr/en/book-now?start_date=16.08.2019.&end_date=17.08.2019.&persons=2" "Mozilla/5.0 (Windows NT 6.3) AppleWebKit/537.36 (KHTML, like Gecko) Chrome/62.0.3196.12 Safari/537.36"
54.236.166.114 - - [15/Aug/2019:02:01:01 +0000] "GET /uploads/thumbnails/981425a45401f30363a3cd0048fe066a.jpg HTTP/1.1" 200 32216 "https://www.national.hr/en/book-now?start_date=16.08.2019.&end_date=17.08.2019.&persons=2" "Mozilla/5.0 (Windows NT 6.3) AppleWebKit/537.36 (KHTML, like Gecko) Chrome/62.0.3196.12 Safari/537.36"
54.236.166.114 - - [15/Aug/2019:02:01:01 +0000] "GET /uploads/thumbnails/aa39d423c5d63c3b6952010631b975fc.jpg HTTP/1.1" 200 49760 "https://www.national.hr/en/book-now?start_date=16.08.2019.&end_date=17.08.2019.&persons=2" "Mozilla/5.0 (Windows NT 6.3) AppleWebKit/537.36 (KHTML, like Gecko) Chrome/62.0.3196.12 Safari/537.36"
54.236.166.114 - - [15/Aug/2019:02:01:01 +0000] "GET /uploads/thumbnails/7b775c2320ed1d591b1999fdd875af2c.jpg HTTP/1.1" 200 54168 "https://www.national.hr/en/book-now?start_date=16.08.2019.&end_date=17.08.2019.&persons=2" "Mozilla/5.0 (Windows NT 6.3) AppleWebKit/537.36 (KHTML, like Gecko) Chrome/62.0.3196.12 Safari/537.36"
104.250.193.39 - - [15/Aug/2019:02:01:02 +0000] "GET /vendor/flag/flags/4x3/gb.svg HTTP/1.1" 200 989 "https://www.national.hr/css/all.css?v=2" "Mozilla/5.0 (Windows NT 6.3) AppleWebKit/537.36 (KHTML, like Gecko) Chrome/62.0.3196.12 Safari/537.36"
54.236.166.114 - - [15/Aug/2019:02:01:02 +0000] "GET /uploads/thumbnails/8e6f8799bbe0982d5e777307976546fb.jpg HTTP/1.1" 200 36643 "https://www.national.hr/en/book-now?start_date=16.08.2019.&end_date=17.08.2019.&persons=2" "Mozilla/5.0 (Windows NT 6.3) AppleWebKit/537.36 (KHTML, like Gecko) Chrome/62.0.3196.12 Safari/537.36"
54.236.166.114 - - [15/Aug/2019:02:01:02 +0000] "GET /uploads/thumbnails/bab51afaaa78f93592fe6de6b5b4dae5.jpg HTTP/1.1" 200 48605 "https://www.national.hr/en/book-now?start_date=16.08.2019.&end_date=17.08.2019.&persons=2" "Mozilla/5.0 (Windows NT 6.3) AppleWebKit/537.36 (KHTML, like Gecko) Chrome/62.0.3196.12 Safari/537.36"
54.236.166.114 - - [15/Aug/2019:02:01:02 +0000] "GET /uploads/thumbnails/f01fea6613c1d0615eb94db24bda1949.jpg HTTP/1.1" 200 51074 "https://www.national.hr/en/book-now?start_date=16.08.2019.&end_date=17.08.2019.&persons=2" "Mozilla/5.0 (Windows NT 6.3) AppleWebKit/537.36 (KHTML, like Gecko) Chrome/62.0.3196.12 Safari/537.36"
104.250.193.39 - - [15/Aug/2019:02:01:02 +0000] "GET /vendor/simple-line-icons/fonts/Simple-Line-Icons.ttf?v=2.4.0 HTTP/1.1" 200 54056 "https://www.national.hr/css/all.css?v=2" "Mozilla/5.0 (Windows NT 6.3) AppleWebKit/537.36 (KHTML, like Gecko) Chrome/62.0.3196.12 Safari/537.36"
104.250.193.39 - - [15/Aug/2019:02:01:02 +0000] "GET /vendor/font-awesome/fonts/fontawesome-webfont.woff?v=4.7.0 HTTP/1.1" 200 98024 "https://www.national.hr/css/all.css?v=2" "Mozilla/5.0 (Windows NT 6.3) AppleWebKit/537.36 (KHTML, like Gecko) Chrome/62.0.3196.12 Safari/537.36"
104.250.193.39 - - [15/Aug/2019:02:01:02 +0000] "GET /vendor/flag/flags/4x3/hr.svg HTTP/1.1" 200 80697 "https://www.national.hr/css/all.css?v=2" "Mozilla/5.0 (Windows NT 6.3) AppleWebKit/537.36 (KHTML, like Gecko) Chrome/62.0.3196.12 Safari/537.36"
54.236.166.114 - - [15/Aug/2019:02:01:02 +0000] "GET /uploads/thumbnails/dc925deb428c906da547101d15f17349.jpg HTTP/1.1" 200 34709 "https://www.national.hr/en/book-now?start_date=16.08.2019.&end_date=17.08.2019.&persons=2" "Mozilla/5.0 (Windows NT 6.3) AppleWebKit/537.36 (KHTML, like Gecko) Chrome/62.0.3196.12 Safari/537.36"
54.236.166.114 - - [15/Aug/2019:02:01:02 +0000] "GET /uploads/thumbnails/5a6bea3e09cb91f49a3fffa735e57a0e.jpg HTTP/1.1" 200 34458 "https://www.national.hr/en/book-now?start_date=16.08.2019.&end_date=17.08.2019.&persons=2" "Mozilla/5.0 (Windows NT 6.3) AppleWebKit/537.36 (KHTML, like Gecko) Chrome/62.0.3196.12 Safari/537.36"
54.236.166.114 - - [15/Aug/2019:02:01:02 +0000] "GET /uploads/thumbnails/267847a9e165ba5dcddabf87626a900b.jpg HTTP/1.1" 200 37990 "https://www.national.hr/en/book-now?start_date=16.08.2019.&end_date=17.08.2019.&persons=2" "Mozilla/5.0 (Windows NT 6.3) AppleWebKit/537.36 (KHTML, like Gecko) Chrome/62.0.3196.12 Safari/537.36"
54.236.166.114 - - [15/Aug/2019:02:01:03 +0000] "GET /img/demos/hotel/logo-hotel-footer.png HTTP/1.1" 200 3378 "https://www.national.hr/en/book-now?start_date=16.08.2019.&end_date=17.08.2019.&persons=2" "Mozilla/5.0 (Windows NT 6.3) AppleWebKit/537.36 (KHTML, like Gecko) Chrome/62.0.3196.12 Safari/537.36"
54.236.166.114 - - [15/Aug/2019:02:01:02 +0000] "GET /uploads/thumbnails/f125cd41427d7dda3bed18b5c7b3837f.jpg HTTP/1.1" 200 39654 "https://www.national.hr/en/book-now?start_date=16.08.2019.&end_date=17.08.2019.&persons=2" "Mozilla/5.0 (Windows NT 6.3) AppleWebKit/537.36 (KHTML, like Gecko) Chrome/62.0.3196.12 Safari/537.36"
54.236.166.114 - - [15/Aug/2019:02:01:03 +0000] "GET /img/demos/hotel/patterns/pattern.jpg HTTP/1.1" 200 3531 "https://www.national.hr/css/all.css?v=2" "Mozilla/5.0 (Windows NT 6.3) AppleWebKit/537.36 (KHTML, like Gecko) Chrome/62.0.3196.12 Safari/537.36"
77.75.78.170 - - [15/Aug/2019:02:16:54 +0000] "GET /robots.txt HTTP/1.1" 200 24 "-" "Mozilla/5.0 (compatible; SeznamBot/3.2; +http://napoveda.seznam.cz/en/seznambot-intro/)"
77.75.78.170 - - [15/Aug/2019:02:16:55 +0000] "GET /uploads/images/5f7b6a433c8553b967e4c6fb4209a9f8.jpg HTTP/1.1" 304 - "-" "Mozilla/5.0 (compatible; SeznamBot/3.2; +http://napoveda.seznam.cz/en/seznambot-intro/)"
66.249.64.166 - - [15/Aug/2019:02:18:38 +0000] "GET / HTTP/1.1" 301 232 "-" "Mozilla/5.0 (compatible; Googlebot/2.1; +http://www.google.com/bot.html)"
66.249.64.189 - - [15/Aug/2019:02:18:39 +0000] "GET / HTTP/1.1" 200 6854 "-" "Mozilla/5.0 (compatible; Googlebot/2.1; +http://www.google.com/bot.html)"
66.249.64.189 - - [15/Aug/2019:02:22:26 +0000] "GET /favicon.ico HTTP/1.1" 404 1104 "-" "Googlebot-Image/1.0"
46.229.168.134 - - [15/Aug/2019:02:23:55 +0000] "GET /robots.txt HTTP/1.1" 200 24 "-" "Mozilla/5.0 (compatible; SemrushBot/3~bl; +http://www.semrush.com/bot.html)"
46.229.168.152 - - [15/Aug/2019:02:23:55 +0000] "GET /news/ehf-euro-croatia-2018-12012018-28012018 HTTP/1.1" 200 3680 "-" "Mozilla/5.0 (compatible; SemrushBot/3~bl; +http://www.semrush.com/bot.html)"
35.183.135.158 - - [15/Aug/2019:02:39:53 +0000] "HEAD / HTTP/1.1" 301 - "-" "CheckMarkNetwork/1.0 (+http://www.checkmarknetwork.com/spider.html)"
35.183.135.158 - - [15/Aug/2019:02:39:57 +0000] "HEAD / HTTP/1.1" 200 - "-" "CheckMarkNetwork/1.0 (+http://www.checkmarknetwork.com/spider.html)"
35.183.135.158 - - [15/Aug/2019:02:40:00 +0000] "GET /robots.txt HTTP/1.1" 200 24 "-" "CheckMarkNetwork/1.0 (+http://www.checkmarknetwork.com/spider.html)"
35.183.135.158 - - [15/Aug/2019:02:40:03 +0000] "GET / HTTP/1.1" 200 6854 "-" "CheckMarkNetwork/1.0 (+http://www.checkmarknetwork.com/spider.html)"
35.183.135.158 - - [15/Aug/2019:02:40:10 +0000] "GET /js/all.js HTTP/1.1" 200 198805 "https://www.national.hr/" "CheckMarkNetwork/1.0 (+http://www.checkmarknetwork.com/spider.html)"
35.183.135.158 - - [15/Aug/2019:02:40:29 +0000] "GET /js/jquery.cookie.js HTTP/1.1" 200 2966 "https://www.national.hr/" "CheckMarkNetwork/1.0 (+http://www.checkmarknetwork.com/spider.html)"
35.183.135.158 - - [15/Aug/2019:02:40:34 +0000] "GET /uploads/images/8c445163a5b20b6c6ecf319345f02f95.jpg HTTP/1.1" 200 75410 "https://www.national.hr/" "Mozilla/5.0 (Windows NT 6.1; Win64; x64; rv:60.0) Gecko/20100101 Firefox/60.0"
35.183.135.158 - - [15/Aug/2019:02:40:34 +0000] "GET /uploads/images/7fc2d1450464345ae02e3075468d7d84.jpg HTTP/1.1" 200 90665 "https://www.national.hr/" "Mozilla/5.0 (Windows NT 6.1; Win64; x64; rv:60.0) Gecko/20100101 Firefox/60.0"
35.183.135.158 - - [15/Aug/2019:02:40:35 +0000] "GET /uploads/images/6f3efde49962ecb979e4d225adca5450.jpg HTTP/1.1" 200 292022 "https://www.national.hr/" "Mozilla/5.0 (Windows NT 6.1; Win64; x64; rv:60.0) Gecko/20100101 Firefox/60.0"
35.183.135.158 - - [15/Aug/2019:02:40:36 +0000] "GET /css/all.css?v=2 HTTP/1.1" 200 112031 "-" "CheckMarkNetwork/1.0 (+http://www.checkmarknetwork.com/spider.html)"
35.183.135.158 - - [15/Aug/2019:02:40:41 +0000] "GET /js/all.js HTTP/1.1" 200 198805 "-" "CheckMarkNetwork/1.0 (+http://www.checkmarknetwork.com/spider.html)"
35.183.135.158 - - [15/Aug/2019:02:40:42 +0000] "GET /js/jquery.cookie.js HTTP/1.1" 200 2966 "-" "CheckMarkNetwork/1.0 (+http://www.checkmarknetwork.com/spider.html)"
104.196.57.178 - - [15/Aug/2019:03:02:27 +0000] "GET /robots.txt HTTP/1.0" 200 24 "-" "ZoominfoBot (zoominfobot at zoominfo dot com)"
104.196.57.178 - - [15/Aug/2019:03:02:27 +0000] "GET /hotel HTTP/1.0" 200 5075 "-" "ZoominfoBot (zoominfobot at zoominfo dot com)"
104.196.57.178 - - [15/Aug/2019:03:02:29 +0000] "GET /privacy-policy HTTP/1.0" 200 6671 "-" "ZoominfoBot (zoominfobot at zoominfo dot com)"
104.250.197.31 - - [15/Aug/2019:03:04:44 +0000] "GET /en/book-now?start_date=22.08.2019.&end_date=23.08.2019.&persons=2 HTTP/1.1" 301 305 "-" "Mozilla/5.0 (Windows NT 10.0; Win64; x64) AppleWebKit/537.36 (KHTML, like Gecko) Chrome/62.0.3190.64 Safari/537.36"
104.250.197.31 - - [15/Aug/2019:03:04:45 +0000] "GET /en/book-now?start_date=22.08.2019.&end_date=23.08.2019.&persons=2 HTTP/1.1" 200 4713 "-" "Mozilla/5.0 (Windows NT 10.0; Win64; x64) AppleWebKit/537.36 (KHTML, like Gecko) Chrome/62.0.3190.64 Safari/537.36"
104.250.197.31 - - [15/Aug/2019:03:04:45 +0000] "GET /css/all.css?v=2 HTTP/1.1" 200 112031 "https://www.national.hr/en/book-now?start_date=22.08.2019.&end_date=23.08.2019.&persons=2" "Mozilla/5.0 (Windows NT 10.0; Win64; x64) AppleWebKit/537.36 (KHTML, like Gecko) Chrome/62.0.3190.64 Safari/537.36"
52.3.252.6 - - [15/Aug/2019:03:04:46 +0000] "GET /img/demos/hotel/logo.png HTTP/1.1" 200 35182 "https://www.national.hr/en/book-now?start_date=22.08.2019.&end_date=23.08.2019.&persons=2" "Mozilla/5.0 (Windows NT 10.0; Win64; x64) AppleWebKit/537.36 (KHTML, like Gecko) Chrome/62.0.3190.64 Safari/537.36"
52.3.252.6 - - [15/Aug/2019:03:04:46 +0000] "GET /uploads/thumbnails/981425a45401f30363a3cd0048fe066a.jpg HTTP/1.1" 200 32216 "https://www.national.hr/en/book-now?start_date=22.08.2019.&end_date=23.08.2019.&persons=2" "Mozilla/5.0 (Windows NT 10.0; Win64; x64) AppleWebKit/537.36 (KHTML, like Gecko) Chrome/62.0.3190.64 Safari/537.36"
104.250.197.31 - - [15/Aug/2019:03:04:46 +0000] "GET /js/jquery.cookie.js HTTP/1.1" 200 2966 "https://www.national.hr/en/book-now?start_date=22.08.2019.&end_date=23.08.2019.&persons=2" "Mozilla/5.0 (Windows NT 10.0; Win64; x64) AppleWebKit/537.36 (KHTML, like Gecko) Chrome/62.0.3190.64 Safari/537.36"
52.3.252.6 - - [15/Aug/2019:03:04:46 +0000] "GET /uploads/thumbnails/8e6f8799bbe0982d5e777307976546fb.jpg HTTP/1.1" 200 36643 "https://www.national.hr/en/book-now?start_date=22.08.2019.&end_date=23.08.2019.&persons=2" "Mozilla/5.0 (Windows NT 10.0; Win64; x64) AppleWebKit/537.36 (KHTML, like Gecko) Chrome/62.0.3190.64 Safari/537.36"
52.3.252.6 - - [15/Aug/2019:03:04:46 +0000] "GET /uploads/thumbnails/5a6bea3e09cb91f49a3fffa735e57a0e.jpg HTTP/1.1" 200 34458 "https://www.national.hr/en/book-now?start_date=22.08.2019.&end_date=23.08.2019.&persons=2" "Mozilla/5.0 (Windows NT 10.0; Win64; x64) AppleWebKit/537.36 (KHTML, like Gecko) Chrome/62.0.3190.64 Safari/537.36"
52.3.252.6 - - [15/Aug/2019:03:04:46 +0000] "GET /uploads/thumbnails/dc925deb428c906da547101d15f17349.jpg HTTP/1.1" 200 34709 "https://www.national.hr/en/book-now?start_date=22.08.2019.&end_date=23.08.2019.&persons=2" "Mozilla/5.0 (Windows NT 10.0; Win64; x64) AppleWebKit/537.36 (KHTML, like Gecko) Chrome/62.0.3190.64 Safari/537.36"
52.3.252.6 - - [15/Aug/2019:03:04:46 +0000] "GET /uploads/thumbnails/aa39d423c5d63c3b6952010631b975fc.jpg HTTP/1.1" 200 49760 "https://www.national.hr/en/book-now?start_date=22.08.2019.&end_date=23.08.2019.&persons=2" "Mozilla/5.0 (Windows NT 10.0; Win64; x64) AppleWebKit/537.36 (KHTML, like Gecko) Chrome/62.0.3190.64 Safari/537.36"
104.250.197.31 - - [15/Aug/2019:03:04:46 +0000] "GET /vendor/flag/flags/4x3/gb.svg HTTP/1.1" 200 989 "https://www.national.hr/css/all.css?v=2" "Mozilla/5.0 (Windows NT 10.0; Win64; x64) AppleWebKit/537.36 (KHTML, like Gecko) Chrome/62.0.3190.64 Safari/537.36"
52.3.252.6 - - [15/Aug/2019:03:04:46 +0000] "GET /uploads/thumbnails/7b775c2320ed1d591b1999fdd875af2c.jpg HTTP/1.1" 200 54168 "https://www.national.hr/en/book-now?start_date=22.08.2019.&end_date=23.08.2019.&persons=2" "Mozilla/5.0 (Windows NT 10.0; Win64; x64) AppleWebKit/537.36 (KHTML, like Gecko) Chrome/62.0.3190.64 Safari/537.36"
104.250.197.31 - - [15/Aug/2019:03:04:46 +0000] "GET /js/all.js HTTP/1.1" 200 198805 "https://www.national.hr/en/book-now?start_date=22.08.2019.&end_date=23.08.2019.&persons=2" "Mozilla/5.0 (Windows NT 10.0; Win64; x64) AppleWebKit/537.36 (KHTML, like Gecko) Chrome/62.0.3190.64 Safari/537.36"
104.250.197.31 - - [15/Aug/2019:03:04:47 +0000] "GET /vendor/simple-line-icons/fonts/Simple-Line-Icons.ttf?v=2.4.0 HTTP/1.1" 200 54056 "https://www.national.hr/css/all.css?v=2" "Mozilla/5.0 (Windows NT 10.0; Win64; x64) AppleWebKit/537.36 (KHTML, like Gecko) Chrome/62.0.3190.64 Safari/537.36"
104.250.197.31 - - [15/Aug/2019:03:04:47 +0000] "GET /vendor/font-awesome/fonts/fontawesome-webfont.woff?v=4.7.0 HTTP/1.1" 200 98024 "https://www.national.hr/css/all.css?v=2" "Mozilla/5.0 (Windows NT 10.0; Win64; x64) AppleWebKit/537.36 (KHTML, like Gecko) Chrome/62.0.3190.64 Safari/537.36"
52.3.252.6 - - [15/Aug/2019:03:04:47 +0000] "GET /uploads/thumbnails/f01fea6613c1d0615eb94db24bda1949.jpg HTTP/1.1" 200 51074 "https://www.national.hr/en/book-now?start_date=22.08.2019.&end_date=23.08.2019.&persons=2" "Mozilla/5.0 (Windows NT 10.0; Win64; x64) AppleWebKit/537.36 (KHTML, like Gecko) Chrome/62.0.3190.64 Safari/537.36"
52.3.252.6 - - [15/Aug/2019:03:04:47 +0000] "GET /uploads/thumbnails/bab51afaaa78f93592fe6de6b5b4dae5.jpg HTTP/1.1" 200 48605 "https://www.national.hr/en/book-now?start_date=22.08.2019.&end_date=23.08.2019.&persons=2" "Mozilla/5.0 (Windows NT 10.0; Win64; x64) AppleWebKit/537.36 (KHTML, like Gecko) Chrome/62.0.3190.64 Safari/537.36"
104.250.197.31 - - [15/Aug/2019:03:04:47 +0000] "GET /vendor/flag/flags/4x3/hr.svg HTTP/1.1" 200 80697 "https://www.national.hr/css/all.css?v=2" "Mozilla/5.0 (Windows NT 10.0; Win64; x64) AppleWebKit/537.36 (KHTML, like Gecko) Chrome/62.0.3190.64 Safari/537.36"
52.3.252.6 - - [15/Aug/2019:03:04:48 +0000] "GET /img/demos/hotel/logo-hotel-footer.png HTTP/1.1" 200 3378 "https://www.national.hr/en/book-now?start_date=22.08.2019.&end_date=23.08.2019.&persons=2" "Mozilla/5.0 (Windows NT 10.0; Win64; x64) AppleWebKit/537.36 (KHTML, like Gecko) Chrome/62.0.3190.64 Safari/537.36"
52.3.252.6 - - [15/Aug/2019:03:04:48 +0000] "GET /uploads/thumbnails/f125cd41427d7dda3bed18b5c7b3837f.jpg HTTP/1.1" 200 39654 "https://www.national.hr/en/book-now?start_date=22.08.2019.&end_date=23.08.2019.&persons=2" "Mozilla/5.0 (Windows NT 10.0; Win64; x64) AppleWebKit/537.36 (KHTML, like Gecko) Chrome/62.0.3190.64 Safari/537.36"
52.3.252.6 - - [15/Aug/2019:03:04:48 +0000] "GET /img/demos/hotel/patterns/pattern.jpg HTTP/1.1" 200 3531 "https://www.national.hr/css/all.css?v=2" "Mozilla/5.0 (Windows NT 10.0; Win64; x64) AppleWebKit/537.36 (KHTML, like Gecko) Chrome/62.0.3190.64 Safari/537.36"
52.3.252.6 - - [15/Aug/2019:03:04:48 +0000] "GET /uploads/thumbnails/267847a9e165ba5dcddabf87626a900b.jpg HTTP/1.1" 200 37990 "https://www.national.hr/en/book-now?start_date=22.08.2019.&end_date=23.08.2019.&persons=2" "Mozilla/5.0 (Windows NT 10.0; Win64; x64) AppleWebKit/537.36 (KHTML, like Gecko) Chrome/62.0.3190.64 Safari/537.36"
104.196.57.178 - - [15/Aug/2019:03:05:40 +0000] "GET /documents HTTP/1.0" 200 3245 "-" "ZoominfoBot (zoominfobot at zoominfo dot com)"
46.229.168.142 - - [15/Aug/2019:03:11:39 +0000] "GET /robots.txt HTTP/1.1" 200 24 "-" "Mozilla/5.0 (compatible; SemrushBot/3~bl; +http://www.semrush.com/bot.html)"
46.229.168.139 - - [15/Aug/2019:03:11:40 +0000] "GET /en/news/valentines-day-in-the-hotel-national-every-reservation-for-1402-gets-surprise-gift HTTP/1.1" 200 3949 "-" "Mozilla/5.0 (compatible; SemrushBot/3~bl; +http://www.semrush.com/bot.html)"
157.55.39.12 - - [15/Aug/2019:03:13:09 +0000] "GET /book-now HTTP/1.1" 301 240 "-" "Mozilla/5.0 (compatible; bingbot/2.0; +http://www.bing.com/bingbot.htm)"
104.196.57.178 - - [15/Aug/2019:03:14:35 +0000] "GET /news/the-national-zagrebacko-zagrijavanje-za-superuho-festival-10072018-at-21-00h HTTP/1.0" 200 4235 "-" "ZoominfoBot (zoominfobot at zoominfo dot com)"
104.196.57.178 - - [15/Aug/2019:03:17:22 +0000] "GET /news HTTP/1.0" 200 5518 "-" "ZoominfoBot (zoominfobot at zoominfo dot com)"
104.196.57.178 - - [15/Aug/2019:03:18:34 +0000] "GET /news/valentines-week-in-hotel-national-from-1102-1702 HTTP/1.0" 200 3580 "-" "ZoominfoBot (zoominfobot at zoominfo dot com)"
157.55.39.178 - - [15/Aug/2019:03:19:02 +0000] "GET /news/the-dire-straits-experience-in-zagreb HTTP/1.1" 301 274 "-" "Mozilla/5.0 (iPhone; CPU iPhone OS 7_0 like Mac OS X) AppleWebKit/537.51.1 (KHTML, like Gecko) Version/7.0 Mobile/11A465 Safari/9537.53 (compatible; bingbot/2.0; +http://www.bing.com/bingbot.htm)"
157.55.39.178 - - [15/Aug/2019:03:19:03 +0000] "GET /news/the-dire-straits-experience-in-zagreb HTTP/1.1" 500 4485 "-" "Mozilla/5.0 (iPhone; CPU iPhone OS 7_0 like Mac OS X) AppleWebKit/537.51.1 (KHTML, like Gecko) Version/7.0 Mobile/11A465 Safari/9537.53 (compatible; bingbot/2.0; +http://www.bing.com/bingbot.htm)"
104.196.57.178 - - [15/Aug/2019:03:22:02 +0000] "GET /rooms HTTP/1.0" 200 4633 "-" "ZoominfoBot (zoominfobot at zoominfo dot com)"
104.196.57.178 - - [15/Aug/2019:03:23:48 +0000] "GET /book-now HTTP/1.0" 200 4795 "-" "ZoominfoBot (zoominfobot at zoominfo dot com)"
104.196.57.178 - - [15/Aug/2019:03:25:08 +0000] "GET /news/summer-picknic-in-zagreb-2nd-to-30th-august-every-thursday-in-the-afternoon-evening-18-23h HTTP/1.0" 200 4231 "-" "ZoominfoBot (zoominfobot at zoominfo dot com)"
104.196.57.178 - - [15/Aug/2019:03:25:55 +0000] "GET /hr HTTP/1.0" 200 6774 "-" "ZoominfoBot (zoominfobot at zoominfo dot com)"
104.196.57.178 - - [15/Aug/2019:03:28:18 +0000] "GET /en HTTP/1.0" 200 6853 "-" "ZoominfoBot (zoominfobot at zoominfo dot com)"
104.196.57.178 - - [15/Aug/2019:03:28:33 +0000] "GET /contact HTTP/1.0" 200 3921 "-" "ZoominfoBot (zoominfobot at zoominfo dot com)"
46.229.168.151 - - [15/Aug/2019:03:41:11 +0000] "GET /news HTTP/1.1" 200 5518 "-" "Mozilla/5.0 (compatible; SemrushBot/3~bl; +http://www.semrush.com/bot.html)"
157.55.39.245 - - [15/Aug/2019:03:42:05 +0000] "GET /news/advent-in-zagreb-from-02122017-07012018 HTTP/1.1" 301 276 "-" "Mozilla/5.0 (compatible; bingbot/2.0; +http://www.bing.com/bingbot.htm)"
162.210.196.100 - - [15/Aug/2019:03:46:06 +0000] "GET /robots.txt HTTP/1.1" 301 242 "-" "Mozilla/5.0 (compatible; MJ12bot/v1.4.8; http://mj12bot.com/)"
162.210.196.100 - - [15/Aug/2019:03:46:08 +0000] "GET /robots.txt HTTP/1.1" 200 24 "-" "Mozilla/5.0 (compatible; MJ12bot/v1.4.8; http://mj12bot.com/)"
162.210.196.100 - - [15/Aug/2019:03:46:12 +0000] "GET / HTTP/1.1" 301 232 "-" "Mozilla/5.0 (compatible; MJ12bot/v1.4.8; http://mj12bot.com/)"
162.210.196.100 - - [15/Aug/2019:03:46:18 +0000] "GET / HTTP/1.1" 200 6854 "-" "Mozilla/5.0 (compatible; MJ12bot/v1.4.8; http://mj12bot.com/)"
157.55.39.245 - - [15/Aug/2019:03:52:12 +0000] "GET /rooms/deluxe-apartment-with-balcony HTTP/1.1" 301 267 "-" "Mozilla/5.0 (compatible; bingbot/2.0; +http://www.bing.com/bingbot.htm)"
46.229.168.134 - - [15/Aug/2019:03:54:55 +0000] "GET /robots.txt HTTP/1.1" 200 24 "-" "Mozilla/5.0 (compatible; SemrushBot/3~bl; +http://www.semrush.com/bot.html)"
46.229.168.149 - - [15/Aug/2019:03:54:56 +0000] "GET /en/rooms/economy-double-room HTTP/1.1" 500 4485 "-" "Mozilla/5.0 (compatible; SemrushBot/3~bl; +http://www.semrush.com/bot.html)"
188.32.106.42 - - [15/Aug/2019:04:01:19 +0000] "GET /hotel HTTP/1.1" 200 5075 "https://yandex.ru/clck/jsredir?from=yandex.ru%3Bsearch%3Bweb%3B%3B&text=&etext=4143.Sr99FBb_V6GRCnfbug1gqQt3EoHyzLJEw-4MfLHWlxP-iPHhJEYi9TSi1Y7TQleg.6a99b72be2912b1e3a15aa1b4a9bcff3e8f612c2&uuid=&state=_BLhILn4SxNIvvL0W45KSic66uCIg23qh8iRG98qeIXmeppkgUc0YD4hgzqAYr5iuWBiLZQy-rY&data=UlNrNmk5WktYejY4cHFySjRXSWhXT1pZbkE5YURWeGhrU2oySXNlQ2R5SkNtTDcwdmMtYm9TLV9BNFRUSFNNeXhlNFBpUEV5bGF0Y0VJX0hTUDFjeFJmelN4MXBKdGtoWTNyVDVraG81NTA&b64e=2&sign=ce5021d363d606187c7f4340c6900332&keyno=0&cst=AiuY0DBWFJ7IXge4WdYJQSaYtyyri96FPHdLQE-qFtM_OpT8M9fQnMzoHJBLcymwUc91hkmJAffuo0LxgoFxBaMubBLEjnCuGr81RCnL0dYPqd-1WOogCvZGdA4_hZTqAo-1Pox7QsIfOXKeNQTCBQ&ref=orjY4mGPRjk5boDnW0uvlrrd71vZw9kp5uQozpMtKCW8s5kfnNkNj-SWghniMhI5u6xlXAiHO-EU3nCRtS7iqC89b8VX6laWhQqzj5Y5as-wDKBnCMuszQ&l10n=ru&cts=1565836522591&mc=5.00209437646" "Mozilla/5.0 (compatible; MSIE 10.0; Windows NT 6.1; Trident/6.0; Touch; ASU2JS)"
188.32.106.42 - - [15/Aug/2019:04:01:19 +0000] "GET /js/jquery.cookie.js HTTP/1.1" 200 2966 "https://www.national.hr/hotel" "Mozilla/5.0 (compatible; MSIE 10.0; Windows NT 6.1; Trident/6.0; Touch; ASU2JS)"
188.32.106.42 - - [15/Aug/2019:04:01:19 +0000] "GET /css/all.css?v=2 HTTP/1.1" 200 112031 "https://www.national.hr/hotel" "Mozilla/5.0 (compatible; MSIE 10.0; Windows NT 6.1; Trident/6.0; Touch; ASU2JS)"
188.32.106.42 - - [15/Aug/2019:04:01:19 +0000] "GET /js/all.js HTTP/1.1" 200 198805 "https://www.national.hr/hotel" "Mozilla/5.0 (compatible; MSIE 10.0; Windows NT 6.1; Trident/6.0; Touch; ASU2JS)"
188.32.106.42 - - [15/Aug/2019:04:01:19 +0000] "GET /vendor/simple-line-icons/fonts/Simple-Line-Icons.eot?v=2.4.0 HTTP/1.1" 200 54266 "https://www.national.hr/hotel" "Mozilla/5.0 (compatible; MSIE 10.0; Windows NT 6.1; Trident/6.0; Touch; ASU2JS)"
188.32.106.42 - - [15/Aug/2019:04:01:19 +0000] "GET /vendor/font-awesome/fonts/fontawesome-webfont.eot? HTTP/1.1" 200 165742 "https://www.national.hr/hotel" "Mozilla/5.0 (compatible; MSIE 10.0; Windows NT 6.1; Trident/6.0; Touch; ASU2JS)"
188.32.106.42 - - [15/Aug/2019:04:01:20 +0000] "GET /vendor/simple-line-icons/fonts/Simple-Line-Icons.ttf?v=2.4.0 HTTP/1.1" 200 54056 "https://www.national.hr/hotel" "Mozilla/5.0 (compatible; MSIE 10.0; Windows NT 6.1; Trident/6.0; Touch; ASU2JS)"
188.32.106.42 - - [15/Aug/2019:04:01:20 +0000] "GET /vendor/font-awesome/fonts/fontawesome-webfont.woff?v=4.7.0 HTTP/1.1" 200 98024 "https://www.national.hr/hotel" "Mozilla/5.0 (compatible; MSIE 10.0; Windows NT 6.1; Trident/6.0; Touch; ASU2JS)"
188.32.106.42 - - [15/Aug/2019:04:01:21 +0000] "GET /vendor/simple-line-icons/fonts/Simple-Line-Icons.woff?v=2.4.0 HTTP/1.1" 200 81332 "https://www.national.hr/hotel" "Mozilla/5.0 (compatible; MSIE 10.0; Windows NT 6.1; Trident/6.0; Touch; ASU2JS)"
188.32.106.42 - - [15/Aug/2019:04:01:21 +0000] "GET /vendor/font-awesome/fonts/fontawesome-webfont.ttf?v=4.7.0 HTTP/1.1" 200 165548 "https://www.national.hr/hotel" "Mozilla/5.0 (compatible; MSIE 10.0; Windows NT 6.1; Trident/6.0; Touch; ASU2JS)"
46.229.168.138 - - [15/Aug/2019:04:07:27 +0000] "GET /hr/aktualno/gastro-music-fest-park-zrinjevac-18-27052018 HTTP/1.1" 301 288 "-" "Mozilla/5.0 (compatible; SemrushBot/3~bl; +http://www.semrush.com/bot.html)"
46.229.168.137 - - [15/Aug/2019:04:07:29 +0000] "GET /hr/aktualno/gastro-music-fest-park-zrinjevac-18-27052018 HTTP/1.1" 200 4352 "-" "Mozilla/5.0 (compatible; SemrushBot/6~bl; +http://www.semrush.com/bot.html)"
157.55.39.178 - - [15/Aug/2019:04:16:01 +0000] "GET /hr/rezervacija HTTP/1.1" 301 246 "-" "Mozilla/5.0 (compatible; bingbot/2.0; +http://www.bing.com/bingbot.htm)"
158.222.125.33 - - [15/Aug/2019:04:17:22 +0000] "GET /en/book-now?start_date=14.09.2019.&end_date=15.09.2019.&persons=2 HTTP/1.1" 301 305 "-" "Mozilla/5.0 (Windows NT 6.1; rv:55.0) Gecko/20100101 Firefox/55.0"
158.222.125.33 - - [15/Aug/2019:04:17:23 +0000] "GET /en/book-now?start_date=14.09.2019.&end_date=15.09.2019.&persons=2 HTTP/1.1" 200 4671 "-" "Mozilla/5.0 (Windows NT 6.1; rv:55.0) Gecko/20100101 Firefox/55.0"
158.222.125.33 - - [15/Aug/2019:04:17:23 +0000] "GET /css/all.css?v=2 HTTP/1.1" 200 112031 "https://www.national.hr/en/book-now?start_date=14.09.2019.&end_date=15.09.2019.&persons=2" "Mozilla/5.0 (Windows NT 6.1; rv:55.0) Gecko/20100101 Firefox/55.0"
54.234.98.100 - - [15/Aug/2019:04:17:24 +0000] "GET /img/demos/hotel/logo.png HTTP/1.1" 200 35182 "https://www.national.hr/en/book-now?start_date=14.09.2019.&end_date=15.09.2019.&persons=2" "Mozilla/5.0 (Windows NT 6.1; rv:55.0) Gecko/20100101 Firefox/55.0"
158.222.125.33 - - [15/Aug/2019:04:17:24 +0000] "GET /js/jquery.cookie.js HTTP/1.1" 200 2966 "https://www.national.hr/en/book-now?start_date=14.09.2019.&end_date=15.09.2019.&persons=2" "Mozilla/5.0 (Windows NT 6.1; rv:55.0) Gecko/20100101 Firefox/55.0"
54.234.98.100 - - [15/Aug/2019:04:17:24 +0000] "GET /uploads/thumbnails/f01fea6613c1d0615eb94db24bda1949.jpg HTTP/1.1" 200 51074 "https://www.national.hr/en/book-now?start_date=14.09.2019.&end_date=15.09.2019.&persons=2" "Mozilla/5.0 (Windows NT 6.1; rv:55.0) Gecko/20100101 Firefox/55.0"
54.234.98.100 - - [15/Aug/2019:04:17:24 +0000] "GET /uploads/thumbnails/7b775c2320ed1d591b1999fdd875af2c.jpg HTTP/1.1" 200 54168 "https://www.national.hr/en/book-now?start_date=14.09.2019.&end_date=15.09.2019.&persons=2" "Mozilla/5.0 (Windows NT 6.1; rv:55.0) Gecko/20100101 Firefox/55.0"
54.234.98.100 - - [15/Aug/2019:04:17:24 +0000] "GET /uploads/thumbnails/f125cd41427d7dda3bed18b5c7b3837f.jpg HTTP/1.1" 200 39654 "https://www.national.hr/en/book-now?start_date=14.09.2019.&end_date=15.09.2019.&persons=2" "Mozilla/5.0 (Windows NT 6.1; rv:55.0) Gecko/20100101 Firefox/55.0"
54.234.98.100 - - [15/Aug/2019:04:17:24 +0000] "GET /uploads/thumbnails/aa39d423c5d63c3b6952010631b975fc.jpg HTTP/1.1" 200 49760 "https://www.national.hr/en/book-now?start_date=14.09.2019.&end_date=15.09.2019.&persons=2" "Mozilla/5.0 (Windows NT 6.1; rv:55.0) Gecko/20100101 Firefox/55.0"
158.222.125.33 - - [15/Aug/2019:04:17:24 +0000] "GET /js/all.js HTTP/1.1" 200 198805 "https://www.national.hr/en/book-now?start_date=14.09.2019.&end_date=15.09.2019.&persons=2" "Mozilla/5.0 (Windows NT 6.1; rv:55.0) Gecko/20100101 Firefox/55.0"
54.234.98.100 - - [15/Aug/2019:04:17:24 +0000] "GET /uploads/thumbnails/bab51afaaa78f93592fe6de6b5b4dae5.jpg HTTP/1.1" 200 48605 "https://www.national.hr/en/book-now?start_date=14.09.2019.&end_date=15.09.2019.&persons=2" "Mozilla/5.0 (Windows NT 6.1; rv:55.0) Gecko/20100101 Firefox/55.0"
158.222.125.33 - - [15/Aug/2019:04:17:24 +0000] "GET /vendor/flag/flags/4x3/gb.svg HTTP/1.1" 200 989 "https://www.national.hr/css/all.css?v=2" "Mozilla/5.0 (Windows NT 6.1; rv:55.0) Gecko/20100101 Firefox/55.0"
54.234.98.100 - - [15/Aug/2019:04:17:24 +0000] "GET /uploads/thumbnails/267847a9e165ba5dcddabf87626a900b.jpg HTTP/1.1" 200 37990 "https://www.national.hr/en/book-now?start_date=14.09.2019.&end_date=15.09.2019.&persons=2" "Mozilla/5.0 (Windows NT 6.1; rv:55.0) Gecko/20100101 Firefox/55.0"
158.222.125.33 - - [15/Aug/2019:04:17:25 +0000] "GET /vendor/simple-line-icons/fonts/Simple-Line-Icons.ttf?v=2.4.0 HTTP/1.1" 200 54056 "https://www.national.hr/css/all.css?v=2" "Mozilla/5.0 (Windows NT 6.1; rv:55.0) Gecko/20100101 Firefox/55.0"
158.222.125.33 - - [15/Aug/2019:04:17:24 +0000] "GET /vendor/flag/flags/4x3/hr.svg HTTP/1.1" 200 80697 "https://www.national.hr/css/all.css?v=2" "Mozilla/5.0 (Windows NT 6.1; rv:55.0) Gecko/20100101 Firefox/55.0"
54.234.98.100 - - [15/Aug/2019:04:17:25 +0000] "GET /uploads/thumbnails/981425a45401f30363a3cd0048fe066a.jpg HTTP/1.1" 200 32216 "https://www.national.hr/en/book-now?start_date=14.09.2019.&end_date=15.09.2019.&persons=2" "Mozilla/5.0 (Windows NT 6.1; rv:55.0) Gecko/20100101 Firefox/55.0"
54.234.98.100 - - [15/Aug/2019:04:17:25 +0000] "GET /uploads/thumbnails/5a6bea3e09cb91f49a3fffa735e57a0e.jpg HTTP/1.1" 200 34458 "https://www.national.hr/en/book-now?start_date=14.09.2019.&end_date=15.09.2019.&persons=2" "Mozilla/5.0 (Windows NT 6.1; rv:55.0) Gecko/20100101 Firefox/55.0"
54.234.98.100 - - [15/Aug/2019:04:17:25 +0000] "GET /uploads/thumbnails/8e6f8799bbe0982d5e777307976546fb.jpg HTTP/1.1" 200 36643 "https://www.national.hr/en/book-now?start_date=14.09.2019.&end_date=15.09.2019.&persons=2" "Mozilla/5.0 (Windows NT 6.1; rv:55.0) Gecko/20100101 Firefox/55.0"
54.234.98.100 - - [15/Aug/2019:04:17:25 +0000] "GET /uploads/thumbnails/dc925deb428c906da547101d15f17349.jpg HTTP/1.1" 200 34709 "https://www.national.hr/en/book-now?start_date=14.09.2019.&end_date=15.09.2019.&persons=2" "Mozilla/5.0 (Windows NT 6.1; rv:55.0) Gecko/20100101 Firefox/55.0"
54.234.98.100 - - [15/Aug/2019:04:17:26 +0000] "GET /img/demos/hotel/logo-hotel-footer.png HTTP/1.1" 200 3378 "https://www.national.hr/en/book-now?start_date=14.09.2019.&end_date=15.09.2019.&persons=2" "Mozilla/5.0 (Windows NT 6.1; rv:55.0) Gecko/20100101 Firefox/55.0"
54.234.98.100 - - [15/Aug/2019:04:17:26 +0000] "GET /img/demos/hotel/patterns/pattern.jpg HTTP/1.1" 200 3531 "https://www.national.hr/css/all.css?v=2" "Mozilla/5.0 (Windows NT 6.1; rv:55.0) Gecko/20100101 Firefox/55.0"
158.222.125.33 - - [15/Aug/2019:04:17:25 +0000] "GET /vendor/font-awesome/fonts/fontawesome-webfont.woff?v=4.7.0 HTTP/1.1" 200 98024 "https://www.national.hr/css/all.css?v=2" "Mozilla/5.0 (Windows NT 6.1; rv:55.0) Gecko/20100101 Firefox/55.0"
207.46.13.64 - - [15/Aug/2019:04:21:49 +0000] "GET /hr/aktualno?page=3 HTTP/1.1" 200 4814 "-" "Mozilla/5.0 (compatible; bingbot/2.0; +http://www.bing.com/bingbot.htm)"
40.77.190.185 - - [15/Aug/2019:04:21:56 +0000] "GET /js/jquery.cookie.js HTTP/1.1" 200 9741 "-" "Mozilla/5.0 (Windows NT 6.1; WOW64) AppleWebKit/534+ (KHTML, like Gecko) BingPreview/1.0b"
40.77.188.98 - - [15/Aug/2019:04:21:57 +0000] "GET /vendor/flag/flags/4x3/hr.svg HTTP/1.1" 200 80697 "-" "Mozilla/5.0 (Windows NT 6.1; WOW64) AppleWebKit/534+ (KHTML, like Gecko) BingPreview/1.0b"
40.77.189.100 - - [15/Aug/2019:04:21:58 +0000] "GET /vendor/flag/flags/4x3/gb.svg HTTP/1.1" 200 989 "-" "Mozilla/5.0 (Windows NT 6.1; WOW64) AppleWebKit/534+ (KHTML, like Gecko) BingPreview/1.0b"
40.77.188.98 - - [15/Aug/2019:04:22:00 +0000] "GET /vendor/simple-line-icons/fonts/Simple-Line-Icons.ttf?v=2.4.0 HTTP/1.1" 200 54056 "-" "Mozilla/5.0 (Windows NT 6.1; WOW64) AppleWebKit/534+ (KHTML, like Gecko) BingPreview/1.0b"
40.77.190.44 - - [15/Aug/2019:04:22:01 +0000] "GET /vendor/font-awesome/fonts/fontawesome-webfont.ttf?v=4.7.0 HTTP/1.1" 200 165548 "-" "Mozilla/5.0 (Windows NT 6.1; WOW64) AppleWebKit/534+ (KHTML, like Gecko) BingPreview/1.0b"
157.55.39.178 - - [15/Aug/2019:04:23:47 +0000] "GET /rooms/twin-room HTTP/1.1" 301 247 "-" "Mozilla/5.0 (compatible; bingbot/2.0; +http://www.bing.com/bingbot.htm)"
40.77.167.66 - - [15/Aug/2019:04:23:52 +0000] "GET /img/hotel/6387201_orig.jpg HTTP/1.1" 200 407704 "-" "Mozilla/5.0 (compatible; bingbot/2.0; +http://www.bing.com/bingbot.htm)"
34.204.200.241 - - [15/Aug/2019:04:25:38 +0000] "GET /news/the-national-zagrebacko-zagrijavanje-za-superuho-festival-10072018-at-21-00h HTTP/1.1" 200 4235 "-" "CCBot/2.0 (https://commoncrawl.org/faq/)"
157.55.39.142 - - [15/Aug/2019:04:26:14 +0000] "GET /news/free-breakfast-offer-from-1711-21112017 HTTP/1.1" 301 276 "-" "Mozilla/5.0 (compatible; bingbot/2.0; +http://www.bing.com/bingbot.htm)"
104.239.2.30 - - [15/Aug/2019:04:39:15 +0000] "GET /en/book-now?start_date=14.09.2019.&end_date=15.09.2019.&persons=2 HTTP/1.1" 301 305 "-" "Mozilla/5.0 (Windows NT 6.1; WOW64) AppleWebKit/537.36 (KHTML, like Gecko) Chrome/63.0.3220.5 Safari/537.36"
104.239.2.30 - - [15/Aug/2019:04:39:16 +0000] "GET /en/book-now?start_date=14.09.2019.&end_date=15.09.2019.&persons=2 HTTP/1.1" 200 4671 "-" "Mozilla/5.0 (Windows NT 6.1; WOW64) AppleWebKit/537.36 (KHTML, like Gecko) Chrome/63.0.3220.5 Safari/537.36"
104.239.2.30 - - [15/Aug/2019:04:39:16 +0000] "GET /css/all.css?v=2 HTTP/1.1" 200 112031 "https://www.national.hr/en/book-now?start_date=14.09.2019.&end_date=15.09.2019.&persons=2" "Mozilla/5.0 (Windows NT 6.1; WOW64) AppleWebKit/537.36 (KHTML, like Gecko) Chrome/63.0.3220.5 Safari/537.36"
54.90.61.181 - - [15/Aug/2019:04:39:17 +0000] "GET /img/demos/hotel/logo.png HTTP/1.1" 200 35182 "https://www.national.hr/en/book-now?start_date=14.09.2019.&end_date=15.09.2019.&persons=2" "Mozilla/5.0 (Windows NT 6.1; WOW64) AppleWebKit/537.36 (KHTML, like Gecko) Chrome/63.0.3220.5 Safari/537.36"
104.239.2.30 - - [15/Aug/2019:04:39:17 +0000] "GET /js/jquery.cookie.js HTTP/1.1" 200 2966 "https://www.national.hr/en/book-now?start_date=14.09.2019.&end_date=15.09.2019.&persons=2" "Mozilla/5.0 (Windows NT 6.1; WOW64) AppleWebKit/537.36 (KHTML, like Gecko) Chrome/63.0.3220.5 Safari/537.36"
54.90.61.181 - - [15/Aug/2019:04:39:17 +0000] "GET /uploads/thumbnails/f125cd41427d7dda3bed18b5c7b3837f.jpg HTTP/1.1" 200 39654 "https://www.national.hr/en/book-now?start_date=14.09.2019.&end_date=15.09.2019.&persons=2" "Mozilla/5.0 (Windows NT 6.1; WOW64) AppleWebKit/537.36 (KHTML, like Gecko) Chrome/63.0.3220.5 Safari/537.36"
54.90.61.181 - - [15/Aug/2019:04:39:17 +0000] "GET /uploads/thumbnails/aa39d423c5d63c3b6952010631b975fc.jpg HTTP/1.1" 200 49760 "https://www.national.hr/en/book-now?start_date=14.09.2019.&end_date=15.09.2019.&persons=2" "Mozilla/5.0 (Windows NT 6.1; WOW64) AppleWebKit/537.36 (KHTML, like Gecko) Chrome/63.0.3220.5 Safari/537.36"
54.90.61.181 - - [15/Aug/2019:04:39:17 +0000] "GET /uploads/thumbnails/f01fea6613c1d0615eb94db24bda1949.jpg HTTP/1.1" 200 51074 "https://www.national.hr/en/book-now?start_date=14.09.2019.&end_date=15.09.2019.&persons=2" "Mozilla/5.0 (Windows NT 6.1; WOW64) AppleWebKit/537.36 (KHTML, like Gecko) Chrome/63.0.3220.5 Safari/537.36"
54.90.61.181 - - [15/Aug/2019:04:39:17 +0000] "GET /uploads/thumbnails/7b775c2320ed1d591b1999fdd875af2c.jpg HTTP/1.1" 200 54168 "https://www.national.hr/en/book-now?start_date=14.09.2019.&end_date=15.09.2019.&persons=2" "Mozilla/5.0 (Windows NT 6.1; WOW64) AppleWebKit/537.36 (KHTML, like Gecko) Chrome/63.0.3220.5 Safari/537.36"
54.90.61.181 - - [15/Aug/2019:04:39:17 +0000] "GET /uploads/thumbnails/bab51afaaa78f93592fe6de6b5b4dae5.jpg HTTP/1.1" 200 48605 "https://www.national.hr/en/book-now?start_date=14.09.2019.&end_date=15.09.2019.&persons=2" "Mozilla/5.0 (Windows NT 6.1; WOW64) AppleWebKit/537.36 (KHTML, like Gecko) Chrome/63.0.3220.5 Safari/537.36"
54.90.61.181 - - [15/Aug/2019:04:39:18 +0000] "GET /uploads/thumbnails/267847a9e165ba5dcddabf87626a900b.jpg HTTP/1.1" 200 37990 "https://www.national.hr/en/book-now?start_date=14.09.2019.&end_date=15.09.2019.&persons=2" "Mozilla/5.0 (Windows NT 6.1; WOW64) AppleWebKit/537.36 (KHTML, like Gecko) Chrome/63.0.3220.5 Safari/537.36"
104.239.2.30 - - [15/Aug/2019:04:39:17 +0000] "GET /js/all.js HTTP/1.1" 200 198805 "https://www.national.hr/en/book-now?start_date=14.09.2019.&end_date=15.09.2019.&persons=2" "Mozilla/5.0 (Windows NT 6.1; WOW64) AppleWebKit/537.36 (KHTML, like Gecko) Chrome/63.0.3220.5 Safari/537.36"
104.239.2.30 - - [15/Aug/2019:04:39:18 +0000] "GET /vendor/flag/flags/4x3/gb.svg HTTP/1.1" 200 989 "https://www.national.hr/css/all.css?v=2" "Mozilla/5.0 (Windows NT 6.1; WOW64) AppleWebKit/537.36 (KHTML, like Gecko) Chrome/63.0.3220.5 Safari/537.36"
104.239.2.30 - - [15/Aug/2019:04:39:18 +0000] "GET /vendor/simple-line-icons/fonts/Simple-Line-Icons.ttf?v=2.4.0 HTTP/1.1" 200 54056 "https://www.national.hr/css/all.css?v=2" "Mozilla/5.0 (Windows NT 6.1; WOW64) AppleWebKit/537.36 (KHTML, like Gecko) Chrome/63.0.3220.5 Safari/537.36"
104.239.2.30 - - [15/Aug/2019:04:39:18 +0000] "GET /vendor/font-awesome/fonts/fontawesome-webfont.woff?v=4.7.0 HTTP/1.1" 200 98024 "https://www.national.hr/css/all.css?v=2" "Mozilla/5.0 (Windows NT 6.1; WOW64) AppleWebKit/537.36 (KHTML, like Gecko) Chrome/63.0.3220.5 Safari/537.36"
54.90.61.181 - - [15/Aug/2019:04:39:19 +0000] "GET /uploads/thumbnails/8e6f8799bbe0982d5e777307976546fb.jpg HTTP/1.1" 200 36643 "https://www.national.hr/en/book-now?start_date=14.09.2019.&end_date=15.09.2019.&persons=2" "Mozilla/5.0 (Windows NT 6.1; WOW64) AppleWebKit/537.36 (KHTML, like Gecko) Chrome/63.0.3220.5 Safari/537.36"
54.90.61.181 - - [15/Aug/2019:04:39:19 +0000] "GET /uploads/thumbnails/5a6bea3e09cb91f49a3fffa735e57a0e.jpg HTTP/1.1" 200 34458 "https://www.national.hr/en/book-now?start_date=14.09.2019.&end_date=15.09.2019.&persons=2" "Mozilla/5.0 (Windows NT 6.1; WOW64) AppleWebKit/537.36 (KHTML, like Gecko) Chrome/63.0.3220.5 Safari/537.36"
54.90.61.181 - - [15/Aug/2019:04:39:19 +0000] "GET /uploads/thumbnails/dc925deb428c906da547101d15f17349.jpg HTTP/1.1" 200 34709 "https://www.national.hr/en/book-now?start_date=14.09.2019.&end_date=15.09.2019.&persons=2" "Mozilla/5.0 (Windows NT 6.1; WOW64) AppleWebKit/537.36 (KHTML, like Gecko) Chrome/63.0.3220.5 Safari/537.36"
54.90.61.181 - - [15/Aug/2019:04:39:19 +0000] "GET /uploads/thumbnails/981425a45401f30363a3cd0048fe066a.jpg HTTP/1.1" 200 32216 "https://www.national.hr/en/book-now?start_date=14.09.2019.&end_date=15.09.2019.&persons=2" "Mozilla/5.0 (Windows NT 6.1; WOW64) AppleWebKit/537.36 (KHTML, like Gecko) Chrome/63.0.3220.5 Safari/537.36"
54.90.61.181 - - [15/Aug/2019:04:39:19 +0000] "GET /img/demos/hotel/logo-hotel-footer.png HTTP/1.1" 200 3378 "https://www.national.hr/en/book-now?start_date=14.09.2019.&end_date=15.09.2019.&persons=2" "Mozilla/5.0 (Windows NT 6.1; WOW64) AppleWebKit/537.36 (KHTML, like Gecko) Chrome/63.0.3220.5 Safari/537.36"
54.90.61.181 - - [15/Aug/2019:04:39:19 +0000] "GET /img/demos/hotel/patterns/pattern.jpg HTTP/1.1" 200 3531 "https://www.national.hr/css/all.css?v=2" "Mozilla/5.0 (Windows NT 6.1; WOW64) AppleWebKit/537.36 (KHTML, like Gecko) Chrome/63.0.3220.5 Safari/537.36"
104.239.2.30 - - [15/Aug/2019:04:39:19 +0000] "GET /vendor/flag/flags/4x3/hr.svg HTTP/1.1" 200 80697 "https://www.national.hr/css/all.css?v=2" "Mozilla/5.0 (Windows NT 6.1; WOW64) AppleWebKit/537.36 (KHTML, like Gecko) Chrome/63.0.3220.5 Safari/537.36"
84.85.0.114 - - [15/Aug/2019:04:50:13 +0000] "GET /contact HTTP/1.1" 200 3921 "https://www.national.hr/" "Mozilla/5.0 (iPad; CPU OS 12_2 like Mac OS X) AppleWebKit/605.1.15 (KHTML, like Gecko) Version/12.1 Mobile/15E148 Safari/604.1"
84.85.0.114 - - [15/Aug/2019:04:50:14 +0000] "GET /img/demos/hotel/logo-hotel-footer.png HTTP/1.1" 200 3378 "https://www.national.hr/contact" "Mozilla/5.0 (iPad; CPU OS 12_2 like Mac OS X) AppleWebKit/605.1.15 (KHTML, like Gecko) Version/12.1 Mobile/15E148 Safari/604.1"
84.85.0.114 - - [15/Aug/2019:04:50:14 +0000] "GET /img/demos/hotel/patterns/pattern.jpg HTTP/1.1" 200 3531 "https://www.national.hr/contact" "Mozilla/5.0 (iPad; CPU OS 12_2 like Mac OS X) AppleWebKit/605.1.15 (KHTML, like Gecko) Version/12.1 Mobile/15E148 Safari/604.1"
173.252.127.7 - - [15/Aug/2019:04:59:39 +0000] "GET / HTTP/1.1" 301 232 "-" "facebookexternalhit/1.1 (+http://www.facebook.com/externalhit_uatext.php)"
173.252.127.7 - - [15/Aug/2019:04:59:40 +0000] "GET / HTTP/1.1" 206 6854 "-" "facebookexternalhit/1.1 (+http://www.facebook.com/externalhit_uatext.php)"
77.75.77.36 - - [15/Aug/2019:05:05:31 +0000] "GET /robots.txt HTTP/1.1" 200 24 "-" "Mozilla/5.0 (compatible; SeznamBot/3.2; +http://napoveda.seznam.cz/en/seznambot-intro/)"
77.75.77.36 - - [15/Aug/2019:05:05:32 +0000] "GET /en/news?page=2 HTTP/1.1" 200 5243 "-" "Mozilla/5.0 (compatible; SeznamBot/3.2; +http://napoveda.seznam.cz/en/seznambot-intro/)"
104.238.2.71 - - [15/Aug/2019:05:12:15 +0000] "GET /en/book-now?start_date=14.09.2019.&end_date=15.09.2019.&persons=2 HTTP/1.1" 301 305 "-" "Mozilla/5.0 (Windows NT 10.0; rv:54.0) Gecko/20100101 Firefox/54.0"
