185.206.225.59 - - [20/Aug/2019:00:00:51 +0000] "GET /uploads/images/cb9a35ef68866083c2c505861c91d421.jpg HTTP/1.0" 200 40772 "http://domain.com" "Mozilla/5.0 (Windows NT 6.1; WOW64; Trident/7.0; rv:11.0) like Gecko"
34.219.190.82 - - [20/Aug/2019:00:29:33 +0000] "GET / HTTP/1.1" 301 232 "-" "Go-http-client/1.1"
40.77.167.150 - - [20/Aug/2019:00:30:11 +0000] "GET /hr/aktualno/dobrodosli-na-nasu-novu-web-stranicu HTTP/1.1" 200 3795 "-" "Mozilla/5.0 (compatible; bingbot/2.0; +http://www.bing.com/bingbot.htm)"
40.77.190.51 - - [20/Aug/2019:00:30:18 +0000] "GET /vendor/flag/flags/4x3/gb.svg HTTP/1.1" 200 989 "https://www.national.hr/hr/aktualno/dobrodosli-na-nasu-novu-web-stranicu" "Mozilla/5.0 (Windows NT 6.1; WOW64) AppleWebKit/534+ (KHTML, like Gecko) BingPreview/1.0b"
40.77.190.51 - - [20/Aug/2019:00:30:18 +0000] "GET /vendor/flag/flags/4x3/hr.svg HTTP/1.1" 200 80697 "https://www.national.hr/hr/aktualno/dobrodosli-na-nasu-novu-web-stranicu" "Mozilla/5.0 (Windows NT 6.1; WOW64) AppleWebKit/534+ (KHTML, like Gecko) BingPreview/1.0b"
40.77.190.51 - - [20/Aug/2019:00:30:18 +0000] "GET /js/all.js?v=2 HTTP/1.1" 200 198825 "https://www.national.hr/hr/aktualno/dobrodosli-na-nasu-novu-web-stranicu" "Mozilla/5.0 (Windows NT 6.1; WOW64) AppleWebKit/534+ (KHTML, like Gecko) BingPreview/1.0b"
40.77.190.51 - - [20/Aug/2019:00:30:18 +0000] "GET /vendor/font-awesome/fonts/fontawesome-webfont.ttf?v=4.7.0 HTTP/1.1" 200 165548 "https://www.national.hr/hr/aktualno/dobrodosli-na-nasu-novu-web-stranicu" "Mozilla/5.0 (Windows NT 6.1; WOW64) AppleWebKit/534+ (KHTML, like Gecko) BingPreview/1.0b"
40.77.190.51 - - [20/Aug/2019:00:30:23 +0000] "GET /js/jquery.cookie.js HTTP/1.1" 200 2966 "https://www.national.hr/hr/aktualno/dobrodosli-na-nasu-novu-web-stranicu" "Mozilla/5.0 (Windows NT 6.1; WOW64) AppleWebKit/534+ (KHTML, like Gecko) BingPreview/1.0b"
157.55.39.119 - - [20/Aug/2019:00:48:02 +0000] "GET /img/hotel/thumbs/3658834_orig.jpg HTTP/1.1" 200 66419 "-" "Mozilla/5.0 (compatible; bingbot/2.0; +http://www.bing.com/bingbot.htm)"
54.69.103.255 - - [20/Aug/2019:01:12:18 +0000] "GET / HTTP/1.1" 301 232 "-" "Mozilla/5.0 (Windows NT 10.0; Win64; x64)AppleWebKit/537.36 (KHTML, like Gecko) Chrome/66.0.3359.181 Safari/537.36"
54.69.103.255 - - [20/Aug/2019:01:12:19 +0000] "GET / HTTP/1.1" 200 6860 "-" "Mozilla/5.0 (Windows NT 10.0; Win64; x64)AppleWebKit/537.36 (KHTML, like Gecko) Chrome/66.0.3359.181 Safari/537.36"
54.69.103.255 - - [20/Aug/2019:01:12:20 +0000] "GET / HTTP/1.1" 301 232 "-" "Mozilla/5.0 (Windows NT 10.0; Win64; x64)AppleWebKit/537.36 (KHTML, like Gecko) Chrome/66.0.3359.181 Safari/537.36"
54.69.103.255 - - [20/Aug/2019:01:12:21 +0000] "GET / HTTP/1.1" 200 6860 "-" "Mozilla/5.0 (Windows NT 10.0; Win64; x64)AppleWebKit/537.36 (KHTML, like Gecko) Chrome/66.0.3359.181 Safari/537.36"
46.229.168.142 - - [20/Aug/2019:01:14:16 +0000] "GET /robots.txt HTTP/1.1" 200 24 "-" "Mozilla/5.0 (compatible; SemrushBot/3~bl; +http://www.semrush.com/bot.html)"
46.229.168.129 - - [20/Aug/2019:01:14:17 +0000] "GET /en/news/valentines-day-in-the-hotel-national-reservation-of-a-room-for-1402-every-room-gets-surprise-gift HTTP/1.1" 200 3969 "-" "Mozilla/5.0 (compatible; SemrushBot/3~bl; +http://www.semrush.com/bot.html)"
159.69.77.47 - - [20/Aug/2019:01:17:15 +0000] "GET /.well-known/pki-validation/69E72FAF2C01EDD44035956089D0308C.txt HTTP/1.1" 301 295 "-" "COMODO DCV"
159.69.77.47 - - [20/Aug/2019:01:17:15 +0000] "GET /.well-known/pki-validation/69E72FAF2C01EDD44035956089D0308C.txt HTTP/1.1" 404 1104 "-" "COMODO DCV"
159.69.77.47 - - [20/Aug/2019:01:17:15 +0000] "GET /.well-known/pki-validation/0AB68CB5A3B0623E05DAD55418C45306.txt HTTP/1.1" 301 295 "-" "COMODO DCV"
159.69.77.47 - - [20/Aug/2019:01:17:16 +0000] "GET /.well-known/pki-validation/0AB68CB5A3B0623E05DAD55418C45306.txt HTTP/1.1" 404 1104 "-" "COMODO DCV"
159.69.77.47 - - [20/Aug/2019:01:17:16 +0000] "GET /.well-known/pki-validation/7CD0557D25F655F8D663CBF9072526CE.txt HTTP/1.1" 301 295 "-" "COMODO DCV"
159.69.77.47 - - [20/Aug/2019:01:17:16 +0000] "GET /.well-known/pki-validation/7CD0557D25F655F8D663CBF9072526CE.txt HTTP/1.1" 404 1104 "-" "COMODO DCV"
159.69.77.47 - - [20/Aug/2019:01:17:16 +0000] "GET /.well-known/pki-validation/9013C26E32483A16FB3BDFC72A6D6B0B.txt HTTP/1.1" 301 295 "-" "COMODO DCV"
159.69.77.47 - - [20/Aug/2019:01:17:16 +0000] "GET /.well-known/pki-validation/9013C26E32483A16FB3BDFC72A6D6B0B.txt HTTP/1.1" 404 1104 "-" "COMODO DCV"
35.185.12.219 - - [20/Aug/2019:01:17:31 +0000] "GET /robots.txt HTTP/1.0" 200 24 "-" "ZoominfoBot (zoominfobot at zoominfo dot com)"
35.185.12.219 - - [20/Aug/2019:01:17:31 +0000] "GET /hotel HTTP/1.0" 200 5081 "-" "ZoominfoBot (zoominfobot at zoominfo dot com)"
35.185.12.219 - - [20/Aug/2019:01:17:33 +0000] "GET /privacy-policy HTTP/1.0" 200 6677 "-" "ZoominfoBot (zoominfobot at zoominfo dot com)"
35.185.12.219 - - [20/Aug/2019:01:20:14 +0000] "GET /documents HTTP/1.0" 200 3250 "-" "ZoominfoBot (zoominfobot at zoominfo dot com)"
66.249.64.160 - - [20/Aug/2019:01:26:36 +0000] "GET / HTTP/1.1" 301 232 "-" "Mozilla/5.0 (Linux; Android 6.0.1; Nexus 5X Build/MMB29P) AppleWebKit/537.36 (KHTML, like Gecko) Chrome/41.0.2272.96 Mobile Safari/537.36 (compatible; Googlebot/2.1; +http://www.google.com/bot.html)"
66.249.64.191 - - [20/Aug/2019:01:26:37 +0000] "GET / HTTP/1.1" 200 6860 "-" "Mozilla/5.0 (Linux; Android 6.0.1; Nexus 5X Build/MMB29P) AppleWebKit/537.36 (KHTML, like Gecko) Chrome/41.0.2272.96 Mobile Safari/537.36 (compatible; Googlebot/2.1; +http://www.google.com/bot.html)"
66.249.64.187 - - [20/Aug/2019:01:26:42 +0000] "GET /css/all.css?v=3 HTTP/1.1" 200 112023 "https://www.national.hr/" "Mozilla/5.0 (Linux; Android 6.0.1; Nexus 5X Build/MMB29P) AppleWebKit/537.36 (KHTML, like Gecko) Chrome/41.0.2272.96 Mobile Safari/537.36 (compatible; Googlebot/2.1; +http://www.google.com/bot.html)"
66.249.64.189 - - [20/Aug/2019:01:26:43 +0000] "GET /js/all.js?v=2 HTTP/1.1" 200 198825 "https://www.national.hr/" "Mozilla/5.0 (Linux; Android 6.0.1; Nexus 5X Build/MMB29P) AppleWebKit/537.36 (KHTML, like Gecko) Chrome/41.0.2272.96 Mobile Safari/537.36 (compatible; Googlebot/2.1; +http://www.google.com/bot.html)"
35.185.12.219 - - [20/Aug/2019:01:27:55 +0000] "GET /news/the-national-zagrebacko-zagrijavanje-za-superuho-festival-10072018-at-21-00h HTTP/1.0" 200 4240 "-" "ZoominfoBot (zoominfobot at zoominfo dot com)"
35.185.12.219 - - [20/Aug/2019:01:30:55 +0000] "GET /news HTTP/1.0" 200 5523 "-" "ZoominfoBot (zoominfobot at zoominfo dot com)"
35.185.12.219 - - [20/Aug/2019:01:32:04 +0000] "GET /news/valentines-week-in-hotel-national-from-1102-1702 HTTP/1.0" 200 3586 "-" "ZoominfoBot (zoominfobot at zoominfo dot com)"
66.249.64.191 - - [20/Aug/2019:01:34:36 +0000] "GET / HTTP/1.1" 200 6860 "-" "Mozilla/5.0 (compatible; Googlebot/2.1; +http://www.google.com/bot.html)"
66.249.64.189 - - [20/Aug/2019:01:34:40 +0000] "GET /css/all.css?v=3 HTTP/1.1" 200 112023 "https://www.national.hr/" "Mozilla/5.0 AppleWebKit/537.36 (KHTML, like Gecko; compatible; Googlebot/2.1; +http://www.google.com/bot.html) Safari/537.36"
66.249.64.189 - - [20/Aug/2019:01:34:40 +0000] "GET /js/all.js?v=2 HTTP/1.1" 200 198825 "https://www.national.hr/" "Mozilla/5.0 AppleWebKit/537.36 (KHTML, like Gecko; compatible; Googlebot/2.1; +http://www.google.com/bot.html) Safari/537.36"
35.185.12.219 - - [20/Aug/2019:01:35:18 +0000] "GET /rooms HTTP/1.0" 200 4648 "-" "ZoominfoBot (zoominfobot at zoominfo dot com)"
54.36.148.194 - - [20/Aug/2019:01:36:38 +0000] "GET /book-now HTTP/1.1" 301 240 "-" "Mozilla/5.0 (compatible; AhrefsBot/6.1; +http://ahrefs.com/robot/)"
35.185.12.219 - - [20/Aug/2019:01:37:08 +0000] "GET /book-now HTTP/1.0" 200 4806 "-" "ZoominfoBot (zoominfobot at zoominfo dot com)"
35.185.12.219 - - [20/Aug/2019:01:38:38 +0000] "GET /news/summer-picknic-in-zagreb-2nd-to-30th-august-every-thursday-in-the-afternoon-evening-18-23h HTTP/1.0" 200 4236 "-" "ZoominfoBot (zoominfobot at zoominfo dot com)"
185.150.232.66 - - [20/Aug/2019:01:38:40 +0000] "GET / HTTP/1.1" 200 6860 "-" "Mozilla/5.0 (iPhone; CPU iPhone OS 12_3_1 like Mac OS X) AppleWebKit/605.1.15 (KHTML, like Gecko) Version/12.1.1 Mobile/15E148 Safari/604.1"
35.185.12.219 - - [20/Aug/2019:01:39:31 +0000] "GET /hr HTTP/1.0" 200 6780 "-" "ZoominfoBot (zoominfobot at zoominfo dot com)"
35.185.12.219 - - [20/Aug/2019:01:42:13 +0000] "GET /en HTTP/1.0" 200 6860 "-" "ZoominfoBot (zoominfobot at zoominfo dot com)"
35.185.12.219 - - [20/Aug/2019:01:42:27 +0000] "GET /contact HTTP/1.0" 200 3924 "-" "ZoominfoBot (zoominfobot at zoominfo dot com)"
104.239.2.166 - - [20/Aug/2019:02:01:30 +0000] "GET /en/book-now?start_date=21.08.2019.&end_date=22.08.2019.&persons=2 HTTP/1.1" 301 305 "-" "Mozilla/5.0 (Windows NT 6.1) AppleWebKit/537.36 (KHTML, like Gecko) Chrome/59.0.3091.59 Safari/537.36"
104.239.2.166 - - [20/Aug/2019:02:01:30 +0000] "GET /en/book-now?start_date=21.08.2019.&end_date=22.08.2019.&persons=2 HTTP/1.1" 200 4722 "-" "Mozilla/5.0 (Windows NT 6.1) AppleWebKit/537.36 (KHTML, like Gecko) Chrome/59.0.3091.59 Safari/537.36"
104.239.2.166 - - [20/Aug/2019:02:01:31 +0000] "GET /css/all.css?v=3 HTTP/1.1" 200 112023 "https://www.national.hr/en/book-now?start_date=21.08.2019.&end_date=22.08.2019.&persons=2" "Mozilla/5.0 (Windows NT 6.1) AppleWebKit/537.36 (KHTML, like Gecko) Chrome/59.0.3091.59 Safari/537.36"
54.197.44.31 - - [20/Aug/2019:02:01:32 +0000] "GET /img/demos/hotel/logo.png HTTP/1.1" 200 35182 "https://www.national.hr/en/book-now?start_date=21.08.2019.&end_date=22.08.2019.&persons=2" "Mozilla/5.0 (Windows NT 6.1) AppleWebKit/537.36 (KHTML, like Gecko) Chrome/59.0.3091.59 Safari/537.36"
54.197.44.31 - - [20/Aug/2019:02:01:32 +0000] "GET /uploads/thumbnails/981425a45401f30363a3cd0048fe066a.jpg HTTP/1.1" 200 32216 "https://www.national.hr/en/book-now?start_date=21.08.2019.&end_date=22.08.2019.&persons=2" "Mozilla/5.0 (Windows NT 6.1) AppleWebKit/537.36 (KHTML, like Gecko) Chrome/59.0.3091.59 Safari/537.36"
104.239.2.166 - - [20/Aug/2019:02:01:32 +0000] "GET /js/jquery.cookie.js HTTP/1.1" 200 2966 "https://www.national.hr/en/book-now?start_date=21.08.2019.&end_date=22.08.2019.&persons=2" "Mozilla/5.0 (Windows NT 6.1) AppleWebKit/537.36 (KHTML, like Gecko) Chrome/59.0.3091.59 Safari/537.36"
54.197.44.31 - - [20/Aug/2019:02:01:32 +0000] "GET /uploads/thumbnails/5a6bea3e09cb91f49a3fffa735e57a0e.jpg HTTP/1.1" 200 34458 "https://www.national.hr/en/book-now?start_date=21.08.2019.&end_date=22.08.2019.&persons=2" "Mozilla/5.0 (Windows NT 6.1) AppleWebKit/537.36 (KHTML, like Gecko) Chrome/59.0.3091.59 Safari/537.36"
54.197.44.31 - - [20/Aug/2019:02:01:32 +0000] "GET /uploads/thumbnails/8e6f8799bbe0982d5e777307976546fb.jpg HTTP/1.1" 200 36643 "https://www.national.hr/en/book-now?start_date=21.08.2019.&end_date=22.08.2019.&persons=2" "Mozilla/5.0 (Windows NT 6.1) AppleWebKit/537.36 (KHTML, like Gecko) Chrome/59.0.3091.59 Safari/537.36"
54.197.44.31 - - [20/Aug/2019:02:01:32 +0000] "GET /uploads/thumbnails/dc925deb428c906da547101d15f17349.jpg HTTP/1.1" 200 34709 "https://www.national.hr/en/book-now?start_date=21.08.2019.&end_date=22.08.2019.&persons=2" "Mozilla/5.0 (Windows NT 6.1) AppleWebKit/537.36 (KHTML, like Gecko) Chrome/59.0.3091.59 Safari/537.36"
54.197.44.31 - - [20/Aug/2019:02:01:32 +0000] "GET /uploads/thumbnails/aa39d423c5d63c3b6952010631b975fc.jpg HTTP/1.1" 200 49760 "https://www.national.hr/en/book-now?start_date=21.08.2019.&end_date=22.08.2019.&persons=2" "Mozilla/5.0 (Windows NT 6.1) AppleWebKit/537.36 (KHTML, like Gecko) Chrome/59.0.3091.59 Safari/537.36"
104.239.2.166 - - [20/Aug/2019:02:01:32 +0000] "GET /vendor/flag/flags/4x3/gb.svg HTTP/1.1" 200 989 "https://www.national.hr/css/all.css?v=3" "Mozilla/5.0 (Windows NT 6.1) AppleWebKit/537.36 (KHTML, like Gecko) Chrome/59.0.3091.59 Safari/537.36"
104.239.2.166 - - [20/Aug/2019:02:01:32 +0000] "GET /vendor/simple-line-icons/fonts/Simple-Line-Icons.ttf?v=2.4.0 HTTP/1.1" 200 54056 "https://www.national.hr/css/all.css?v=3" "Mozilla/5.0 (Windows NT 6.1) AppleWebKit/537.36 (KHTML, like Gecko) Chrome/59.0.3091.59 Safari/537.36"
54.197.44.31 - - [20/Aug/2019:02:01:32 +0000] "GET /uploads/thumbnails/7b775c2320ed1d591b1999fdd875af2c.jpg HTTP/1.1" 200 54168 "https://www.national.hr/en/book-now?start_date=21.08.2019.&end_date=22.08.2019.&persons=2" "Mozilla/5.0 (Windows NT 6.1) AppleWebKit/537.36 (KHTML, like Gecko) Chrome/59.0.3091.59 Safari/537.36"
104.239.2.166 - - [20/Aug/2019:02:01:32 +0000] "GET /vendor/flag/flags/4x3/hr.svg HTTP/1.1" 200 80697 "https://www.national.hr/css/all.css?v=3" "Mozilla/5.0 (Windows NT 6.1) AppleWebKit/537.36 (KHTML, like Gecko) Chrome/59.0.3091.59 Safari/537.36"
104.239.2.166 - - [20/Aug/2019:02:01:32 +0000] "GET /vendor/font-awesome/fonts/fontawesome-webfont.woff?v=4.7.0 HTTP/1.1" 200 98024 "https://www.national.hr/css/all.css?v=3" "Mozilla/5.0 (Windows NT 6.1) AppleWebKit/537.36 (KHTML, like Gecko) Chrome/59.0.3091.59 Safari/537.36"
54.197.44.31 - - [20/Aug/2019:02:01:32 +0000] "GET /uploads/thumbnails/bab51afaaa78f93592fe6de6b5b4dae5.jpg HTTP/1.1" 200 48605 "https://www.national.hr/en/book-now?start_date=21.08.2019.&end_date=22.08.2019.&persons=2" "Mozilla/5.0 (Windows NT 6.1) AppleWebKit/537.36 (KHTML, like Gecko) Chrome/59.0.3091.59 Safari/537.36"
54.197.44.31 - - [20/Aug/2019:02:01:32 +0000] "GET /uploads/thumbnails/f01fea6613c1d0615eb94db24bda1949.jpg HTTP/1.1" 200 51074 "https://www.national.hr/en/book-now?start_date=21.08.2019.&end_date=22.08.2019.&persons=2" "Mozilla/5.0 (Windows NT 6.1) AppleWebKit/537.36 (KHTML, like Gecko) Chrome/59.0.3091.59 Safari/537.36"
54.197.44.31 - - [20/Aug/2019:02:01:32 +0000] "GET /uploads/thumbnails/267847a9e165ba5dcddabf87626a900b.jpg HTTP/1.1" 200 37990 "https://www.national.hr/en/book-now?start_date=21.08.2019.&end_date=22.08.2019.&persons=2" "Mozilla/5.0 (Windows NT 6.1) AppleWebKit/537.36 (KHTML, like Gecko) Chrome/59.0.3091.59 Safari/537.36"
54.197.44.31 - - [20/Aug/2019:02:01:32 +0000] "GET /img/demos/hotel/logo-hotel-footer.png HTTP/1.1" 200 3378 "https://www.national.hr/en/book-now?start_date=21.08.2019.&end_date=22.08.2019.&persons=2" "Mozilla/5.0 (Windows NT 6.1) AppleWebKit/537.36 (KHTML, like Gecko) Chrome/59.0.3091.59 Safari/537.36"
54.197.44.31 - - [20/Aug/2019:02:01:32 +0000] "GET /uploads/thumbnails/f125cd41427d7dda3bed18b5c7b3837f.jpg HTTP/1.1" 200 39654 "https://www.national.hr/en/book-now?start_date=21.08.2019.&end_date=22.08.2019.&persons=2" "Mozilla/5.0 (Windows NT 6.1) AppleWebKit/537.36 (KHTML, like Gecko) Chrome/59.0.3091.59 Safari/537.36"
104.239.2.166 - - [20/Aug/2019:02:01:32 +0000] "GET /js/all.js?v=2 HTTP/1.1" 200 198825 "https://www.national.hr/en/book-now?start_date=21.08.2019.&end_date=22.08.2019.&persons=2" "Mozilla/5.0 (Windows NT 6.1) AppleWebKit/537.36 (KHTML, like Gecko) Chrome/59.0.3091.59 Safari/537.36"
54.197.44.31 - - [20/Aug/2019:02:01:33 +0000] "GET /img/demos/hotel/patterns/pattern.jpg HTTP/1.1" 200 3531 "https://www.national.hr/css/all.css?v=3" "Mozilla/5.0 (Windows NT 6.1) AppleWebKit/537.36 (KHTML, like Gecko) Chrome/59.0.3091.59 Safari/537.36"
40.77.167.0 - - [20/Aug/2019:02:09:34 +0000] "GET /hr/sobe/dvokrevetna-soba HTTP/1.1" 500 4485 "-" "Mozilla/5.0 (compatible; bingbot/2.0; +http://www.bing.com/bingbot.htm)"
157.55.39.119 - - [20/Aug/2019:02:12:18 +0000] "GET /news/advent-in-zagreb-from-02122017-07012018 HTTP/1.1" 500 4485 "-" "Mozilla/5.0 (compatible; bingbot/2.0; +http://www.bing.com/bingbot.htm)"
46.229.168.154 - - [20/Aug/2019:02:18:18 +0000] "GET /robots.txt HTTP/1.1" 200 24 "-" "Mozilla/5.0 (compatible; SemrushBot/3~bl; +http://www.semrush.com/bot.html)"
46.229.168.151 - - [20/Aug/2019:02:18:18 +0000] "GET /news/valentines-week-in-hotel-national-from-1102-1702 HTTP/1.1" 200 3586 "-" "Mozilla/5.0 (compatible; SemrushBot/3~bl; +http://www.semrush.com/bot.html)"
66.249.64.163 - - [20/Aug/2019:02:38:36 +0000] "GET / HTTP/1.1" 301 232 "-" "Mozilla/5.0 (Linux; Android 6.0.1; Nexus 5X Build/MMB29P) AppleWebKit/537.36 (KHTML, like Gecko) Chrome/41.0.2272.96 Mobile Safari/537.36 (compatible; Googlebot/2.1; +http://www.google.com/bot.html)"
66.249.64.187 - - [20/Aug/2019:02:38:37 +0000] "GET / HTTP/1.1" 200 6860 "-" "Mozilla/5.0 (Linux; Android 6.0.1; Nexus 5X Build/MMB29P) AppleWebKit/537.36 (KHTML, like Gecko) Chrome/41.0.2272.96 Mobile Safari/537.36 (compatible; Googlebot/2.1; +http://www.google.com/bot.html)"
66.249.64.191 - - [20/Aug/2019:02:38:38 +0000] "GET /css/all.css?v=3 HTTP/1.1" 200 112023 "https://www.national.hr/" "Mozilla/5.0 (Linux; Android 6.0.1; Nexus 5X Build/MMB29P) AppleWebKit/537.36 (KHTML, like Gecko) Chrome/41.0.2272.96 Mobile Safari/537.36 (compatible; Googlebot/2.1; +http://www.google.com/bot.html)"
66.249.64.191 - - [20/Aug/2019:02:38:39 +0000] "GET /js/all.js?v=2 HTTP/1.1" 200 198825 "https://www.national.hr/" "Mozilla/5.0 (Linux; Android 6.0.1; Nexus 5X Build/MMB29P) AppleWebKit/537.36 (KHTML, like Gecko) Chrome/41.0.2272.96 Mobile Safari/537.36 (compatible; Googlebot/2.1; +http://www.google.com/bot.html)"
66.249.64.189 - - [20/Aug/2019:02:38:43 +0000] "GET /favicon.ico HTTP/1.1" 404 1104 "-" "Googlebot-Image/1.0"
40.77.167.104 - - [20/Aug/2019:02:39:13 +0000] "GET /uploads/images/c8f3aa92164902ce6f1560920d36ba31.jpg HTTP/1.1" 200 135633 "-" "Mozilla/5.0 (compatible; bingbot/2.0; +http://www.bing.com/bingbot.htm)"
157.55.39.182 - - [20/Aug/2019:02:42:18 +0000] "GET /hotel HTTP/1.1" 301 237 "-" "Mozilla/5.0 (compatible; bingbot/2.0; +http://www.bing.com/bingbot.htm)"
46.229.168.162 - - [20/Aug/2019:03:06:43 +0000] "GET /robots.txt HTTP/1.1" 200 24 "-" "Mozilla/5.0 (compatible; SemrushBot/3~bl; +http://www.semrush.com/bot.html)"
46.229.168.148 - - [20/Aug/2019:03:06:44 +0000] "GET /rooms/depadanse-national-plus-single-room HTTP/1.1" 200 3831 "-" "Mozilla/5.0 (compatible; SemrushBot/3~bl; +http://www.semrush.com/bot.html)"
104.233.2.99 - - [20/Aug/2019:03:12:33 +0000] "GET /en/book-now?start_date=27.08.2019.&end_date=28.08.2019.&persons=2 HTTP/1.1" 301 305 "-" "Mozilla/5.0 (Windows NT 6.2; WOW64; rv:57.0) Gecko/20100101 Firefox/57.0"
104.233.2.99 - - [20/Aug/2019:03:12:34 +0000] "GET /en/book-now?start_date=27.08.2019.&end_date=28.08.2019.&persons=2 HTTP/1.1" 200 4724 "-" "Mozilla/5.0 (Windows NT 6.2; WOW64; rv:57.0) Gecko/20100101 Firefox/57.0"
104.233.2.99 - - [20/Aug/2019:03:12:34 +0000] "GET /css/all.css?v=3 HTTP/1.1" 200 112023 "https://www.national.hr/en/book-now?start_date=27.08.2019.&end_date=28.08.2019.&persons=2" "Mozilla/5.0 (Windows NT 6.2; WOW64; rv:57.0) Gecko/20100101 Firefox/57.0"
54.144.198.99 - - [20/Aug/2019:03:12:35 +0000] "GET /img/demos/hotel/logo.png HTTP/1.1" 200 35182 "https://www.national.hr/en/book-now?start_date=27.08.2019.&end_date=28.08.2019.&persons=2" "Mozilla/5.0 (Windows NT 6.2; WOW64; rv:57.0) Gecko/20100101 Firefox/57.0"
104.233.2.99 - - [20/Aug/2019:03:12:35 +0000] "GET /js/jquery.cookie.js HTTP/1.1" 200 2966 "https://www.national.hr/en/book-now?start_date=27.08.2019.&end_date=28.08.2019.&persons=2" "Mozilla/5.0 (Windows NT 6.2; WOW64; rv:57.0) Gecko/20100101 Firefox/57.0"
54.144.198.99 - - [20/Aug/2019:03:12:35 +0000] "GET /uploads/thumbnails/981425a45401f30363a3cd0048fe066a.jpg HTTP/1.1" 200 32216 "https://www.national.hr/en/book-now?start_date=27.08.2019.&end_date=28.08.2019.&persons=2" "Mozilla/5.0 (Windows NT 6.2; WOW64; rv:57.0) Gecko/20100101 Firefox/57.0"
54.144.198.99 - - [20/Aug/2019:03:12:35 +0000] "GET /uploads/thumbnails/dc925deb428c906da547101d15f17349.jpg HTTP/1.1" 200 34709 "https://www.national.hr/en/book-now?start_date=27.08.2019.&end_date=28.08.2019.&persons=2" "Mozilla/5.0 (Windows NT 6.2; WOW64; rv:57.0) Gecko/20100101 Firefox/57.0"
54.144.198.99 - - [20/Aug/2019:03:12:35 +0000] "GET /uploads/thumbnails/8e6f8799bbe0982d5e777307976546fb.jpg HTTP/1.1" 200 36643 "https://www.national.hr/en/book-now?start_date=27.08.2019.&end_date=28.08.2019.&persons=2" "Mozilla/5.0 (Windows NT 6.2; WOW64; rv:57.0) Gecko/20100101 Firefox/57.0"
54.144.198.99 - - [20/Aug/2019:03:12:35 +0000] "GET /uploads/thumbnails/5a6bea3e09cb91f49a3fffa735e57a0e.jpg HTTP/1.1" 200 34458 "https://www.national.hr/en/book-now?start_date=27.08.2019.&end_date=28.08.2019.&persons=2" "Mozilla/5.0 (Windows NT 6.2; WOW64; rv:57.0) Gecko/20100101 Firefox/57.0"
54.144.198.99 - - [20/Aug/2019:03:12:35 +0000] "GET /uploads/thumbnails/aa39d423c5d63c3b6952010631b975fc.jpg HTTP/1.1" 200 49760 "https://www.national.hr/en/book-now?start_date=27.08.2019.&end_date=28.08.2019.&persons=2" "Mozilla/5.0 (Windows NT 6.2; WOW64; rv:57.0) Gecko/20100101 Firefox/57.0"
104.233.2.99 - - [20/Aug/2019:03:12:35 +0000] "GET /vendor/flag/flags/4x3/gb.svg HTTP/1.1" 200 989 "https://www.national.hr/css/all.css?v=3" "Mozilla/5.0 (Windows NT 6.2; WOW64; rv:57.0) Gecko/20100101 Firefox/57.0"
54.144.198.99 - - [20/Aug/2019:03:12:36 +0000] "GET /uploads/thumbnails/7b775c2320ed1d591b1999fdd875af2c.jpg HTTP/1.1" 200 54168 "https://www.national.hr/en/book-now?start_date=27.08.2019.&end_date=28.08.2019.&persons=2" "Mozilla/5.0 (Windows NT 6.2; WOW64; rv:57.0) Gecko/20100101 Firefox/57.0"
54.144.198.99 - - [20/Aug/2019:03:12:36 +0000] "GET /uploads/thumbnails/f125cd41427d7dda3bed18b5c7b3837f.jpg HTTP/1.1" 200 39654 "https://www.national.hr/en/book-now?start_date=27.08.2019.&end_date=28.08.2019.&persons=2" "Mozilla/5.0 (Windows NT 6.2; WOW64; rv:57.0) Gecko/20100101 Firefox/57.0"
104.233.2.99 - - [20/Aug/2019:03:12:35 +0000] "GET /js/all.js?v=2 HTTP/1.1" 200 198825 "https://www.national.hr/en/book-now?start_date=27.08.2019.&end_date=28.08.2019.&persons=2" "Mozilla/5.0 (Windows NT 6.2; WOW64; rv:57.0) Gecko/20100101 Firefox/57.0"
104.233.2.99 - - [20/Aug/2019:03:12:36 +0000] "GET /vendor/flag/flags/4x3/hr.svg HTTP/1.1" 200 80697 "https://www.national.hr/css/all.css?v=3" "Mozilla/5.0 (Windows NT 6.2; WOW64; rv:57.0) Gecko/20100101 Firefox/57.0"
54.144.198.99 - - [20/Aug/2019:03:12:36 +0000] "GET /uploads/thumbnails/bab51afaaa78f93592fe6de6b5b4dae5.jpg HTTP/1.1" 200 48605 "https://www.national.hr/en/book-now?start_date=27.08.2019.&end_date=28.08.2019.&persons=2" "Mozilla/5.0 (Windows NT 6.2; WOW64; rv:57.0) Gecko/20100101 Firefox/57.0"
104.233.2.99 - - [20/Aug/2019:03:12:36 +0000] "GET /vendor/simple-line-icons/fonts/Simple-Line-Icons.ttf?v=2.4.0 HTTP/1.1" 200 54056 "https://www.national.hr/css/all.css?v=3" "Mozilla/5.0 (Windows NT 6.2; WOW64; rv:57.0) Gecko/20100101 Firefox/57.0"
54.144.198.99 - - [20/Aug/2019:03:12:36 +0000] "GET /uploads/thumbnails/f01fea6613c1d0615eb94db24bda1949.jpg HTTP/1.1" 200 51074 "https://www.national.hr/en/book-now?start_date=27.08.2019.&end_date=28.08.2019.&persons=2" "Mozilla/5.0 (Windows NT 6.2; WOW64; rv:57.0) Gecko/20100101 Firefox/57.0"
104.233.2.99 - - [20/Aug/2019:03:12:36 +0000] "GET /vendor/font-awesome/fonts/fontawesome-webfont.woff?v=4.7.0 HTTP/1.1" 200 98024 "https://www.national.hr/css/all.css?v=3" "Mozilla/5.0 (Windows NT 6.2; WOW64; rv:57.0) Gecko/20100101 Firefox/57.0"
54.144.198.99 - - [20/Aug/2019:03:12:36 +0000] "GET /img/demos/hotel/logo-hotel-footer.png HTTP/1.1" 200 3378 "https://www.national.hr/en/book-now?start_date=27.08.2019.&end_date=28.08.2019.&persons=2" "Mozilla/5.0 (Windows NT 6.2; WOW64; rv:57.0) Gecko/20100101 Firefox/57.0"
54.144.198.99 - - [20/Aug/2019:03:12:36 +0000] "GET /uploads/thumbnails/267847a9e165ba5dcddabf87626a900b.jpg HTTP/1.1" 200 37990 "https://www.national.hr/en/book-now?start_date=27.08.2019.&end_date=28.08.2019.&persons=2" "Mozilla/5.0 (Windows NT 6.2; WOW64; rv:57.0) Gecko/20100101 Firefox/57.0"
54.144.198.99 - - [20/Aug/2019:03:12:36 +0000] "GET /img/demos/hotel/patterns/pattern.jpg HTTP/1.1" 200 3531 "https://www.national.hr/css/all.css?v=3" "Mozilla/5.0 (Windows NT 6.2; WOW64; rv:57.0) Gecko/20100101 Firefox/57.0"
207.46.13.242 - - [20/Aug/2019:03:25:06 +0000] "GET /en/book-now HTTP/1.1" 301 243 "-" "Mozilla/5.0 (compatible; bingbot/2.0; +http://www.bing.com/bingbot.htm)"
54.36.150.97 - - [20/Aug/2019:03:26:19 +0000] "GET /hr/aktualno/blagdanska-cestitka-hotela-national HTTP/1.1" 200 3656 "-" "Mozilla/5.0 (compatible; AhrefsBot/6.1; +http://ahrefs.com/robot/)"
46.118.159.4 - - [20/Aug/2019:03:36:00 +0000] "GET /thank-you HTTP/1.0" 301 241 "http://www.national.hr/thank-you" "Mozilla/5.0 (Windows NT 10.0; Win64; x64) AppleWebKit/537.36 (KHTML, like Gecko) Chrome/67.0.3396.99 Safari/537.36"
46.118.159.4 - - [20/Aug/2019:03:36:00 +0000] "GET /thank-you HTTP/1.0" 200 19896 "https://www.national.hr/thank-you" "Mozilla/5.0 (Windows NT 10.0; Win64; x64) AppleWebKit/537.36 (KHTML, like Gecko) Chrome/67.0.3396.99 Safari/537.36"
5.255.253.35 - - [20/Aug/2019:03:39:17 +0000] "GET /robots.txt HTTP/1.1" 301 242 "-" "Mozilla/5.0 (compatible; YandexBot/3.0; +http://yandex.com/bots)"
5.45.207.25 - - [20/Aug/2019:03:39:17 +0000] "GET /robots.txt HTTP/1.1" 301 242 "-" "Mozilla/5.0 (compatible; YandexBot/3.0; +http://yandex.com/bots)"
5.255.253.35 - - [20/Aug/2019:03:39:17 +0000] "GET /robots.txt HTTP/1.1" 200 24 "-" "Mozilla/5.0 (compatible; YandexBot/3.0; +http://yandex.com/bots)"
5.45.207.25 - - [20/Aug/2019:03:39:17 +0000] "GET /robots.txt HTTP/1.1" 200 24 "-" "Mozilla/5.0 (compatible; YandexBot/3.0; +http://yandex.com/bots)"
141.8.142.88 - - [20/Aug/2019:03:39:18 +0000] "GET /robots.txt HTTP/1.1" 200 24 "-" "Mozilla/5.0 (compatible; YandexBot/3.0; +http://yandex.com/bots)"
5.255.253.35 - - [20/Aug/2019:03:39:21 +0000] "GET / HTTP/1.1" 301 232 "-" "Mozilla/5.0 (compatible; YandexBot/3.0; +http://yandex.com/bots)"
5.255.253.35 - - [20/Aug/2019:03:39:21 +0000] "GET / HTTP/1.1" 301 232 "-" "Mozilla/5.0 (compatible; YandexBot/3.0; +http://yandex.com/bots)"
5.45.207.25 - - [20/Aug/2019:03:39:21 +0000] "GET / HTTP/1.1" 200 6860 "-" "Mozilla/5.0 (compatible; YandexBot/3.0; +http://yandex.com/bots)"
54.162.102.36 - - [20/Aug/2019:03:41:52 +0000] "GET /robots.txt HTTP/1.1" 301 242 "-" "MixnodeCache/1.8(+https://cache.mixnode.com/)"
54.162.102.36 - - [20/Aug/2019:03:41:52 +0000] "GET /robots.txt HTTP/1.1" 200 24 "-" "MixnodeCache/1.8(+https://cache.mixnode.com/)"
54.162.102.36 - - [20/Aug/2019:03:52:46 +0000] "GET /ads.txt HTTP/1.1" 301 239 "-" "MixnodeCache/1.8(+https://cache.mixnode.com/)"
207.46.13.242 - - [20/Aug/2019:03:58:43 +0000] "GET /hotel HTTP/1.1" 200 5081 "-" "Mozilla/5.0 (compatible; bingbot/2.0; +http://www.bing.com/bingbot.htm)"
207.46.13.242 - - [20/Aug/2019:04:01:23 +0000] "GET /en/news/summer-on-stross HTTP/1.1" 301 256 "-" "Mozilla/5.0 (compatible; bingbot/2.0; +http://www.bing.com/bingbot.htm)"
46.229.168.134 - - [20/Aug/2019:04:03:19 +0000] "GET /robots.txt HTTP/1.1" 200 24 "-" "Mozilla/5.0 (compatible; SemrushBot/3~bl; +http://www.semrush.com/bot.html)"
46.229.168.148 - - [20/Aug/2019:04:03:20 +0000] "GET /en/news/moscow-circus-on-the-ice-19012018-lisinski-hall HTTP/1.1" 200 4037 "-" "Mozilla/5.0 (compatible; SemrushBot/3~bl; +http://www.semrush.com/bot.html)"
188.68.48.243 - - [20/Aug/2019:04:05:06 +0000] "GET / HTTP/1.1" 301 232 "-" "Mozilla/5.0 (Windows NT 10.0; Win64; x64) AppleWebKit/537.36 (KHTML, like Gecko) Chrome/58.0.3029.110 Safari/537.36"
157.55.39.181 - - [20/Aug/2019:04:11:22 +0000] "GET /contact HTTP/1.1" 200 3925 "-" "Mozilla/5.0 (compatible; bingbot/2.0; +http://www.bing.com/bingbot.htm)"
40.77.188.32 - - [20/Aug/2019:04:11:26 +0000] "GET /vendor/flag/flags/4x3/gb.svg HTTP/1.1" 200 989 "https://www.national.hr/contact" "Mozilla/5.0 (Windows NT 6.1; WOW64) AppleWebKit/534+ (KHTML, like Gecko) BingPreview/1.0b"
40.77.188.32 - - [20/Aug/2019:04:11:26 +0000] "GET /vendor/font-awesome/fonts/fontawesome-webfont.ttf?v=4.7.0 HTTP/1.1" 200 165548 "https://www.national.hr/contact" "Mozilla/5.0 (Windows NT 6.1; WOW64) AppleWebKit/534+ (KHTML, like Gecko) BingPreview/1.0b"
54.36.148.229 - - [20/Aug/2019:04:17:54 +0000] "GET /hr/aktualno HTTP/1.1" 200 5498 "-" "Mozilla/5.0 (compatible; AhrefsBot/6.1; +http://ahrefs.com/robot/)"
65.155.30.101 - - [20/Aug/2019:04:20:50 +0000] "GET / HTTP/1.1" 301 232 "-" "Mozilla/4.0 (compatible; MSIE 8.0; Windows NT 6.1; WOW64; Trident/4.0; SLCC2; .NET CLR 2.0.50727; .NET CLR 3.5.30729; .NET CLR 3.0.30729; Media Center PC 6.0; .NET4.0C; .NET4.0E; InfoPath.2)"
65.155.30.101 - - [20/Aug/2019:04:20:51 +0000] "GET / HTTP/1.1" 200 6860 "-" "Mozilla/4.0 (compatible; MSIE 8.0; Windows NT 6.1; WOW64; Trident/4.0; SLCC2; .NET CLR 2.0.50727; .NET CLR 3.5.30729; .NET CLR 3.0.30729; Media Center PC 6.0; .NET4.0C; .NET4.0E; InfoPath.2)"
65.155.30.101 - - [20/Aug/2019:04:20:52 +0000] "GET /img/demos/hotel/logo.png HTTP/1.1" 200 35182 "-" "Mozilla/4.0 (compatible; MSIE 8.0; Windows NT 6.1; WOW64; Trident/4.0; SLCC2; .NET CLR 2.0.50727; .NET CLR 3.5.30729; .NET CLR 3.0.30729; Media Center PC 6.0; .NET4.0C; .NET4.0E; InfoPath.2)"
65.155.30.101 - - [20/Aug/2019:04:20:52 +0000] "GET /css/all.css?v=3 HTTP/1.1" 200 112023 "-" "Mozilla/4.0 (compatible; MSIE 8.0; Windows NT 6.1; WOW64; Trident/4.0; SLCC2; .NET CLR 2.0.50727; .NET CLR 3.5.30729; .NET CLR 3.0.30729; Media Center PC 6.0; .NET4.0C; .NET4.0E; InfoPath.2)"
65.155.30.101 - - [20/Aug/2019:04:20:52 +0000] "GET /js/all.js?v=2 HTTP/1.1" 200 198825 "-" "Mozilla/4.0 (compatible; MSIE 8.0; Windows NT 6.1; WOW64; Trident/4.0; SLCC2; .NET CLR 2.0.50727; .NET CLR 3.5.30729; .NET CLR 3.0.30729; Media Center PC 6.0; .NET4.0C; .NET4.0E; InfoPath.2)"
65.155.30.101 - - [20/Aug/2019:04:20:53 +0000] "GET /vendor/simple-line-icons/fonts/Simple-Line-Icons.woff2?v=2.4.0 HTTP/1.1" 200 30064 "-" "Mozilla/4.0 (compatible; MSIE 8.0; Windows NT 6.1; WOW64; Trident/4.0; SLCC2; .NET CLR 2.0.50727; .NET CLR 3.5.30729; .NET CLR 3.0.30729; Media Center PC 6.0; .NET4.0C; .NET4.0E; InfoPath.2)"
65.155.30.101 - - [20/Aug/2019:04:20:53 +0000] "GET /js/jquery.cookie.js HTTP/1.1" 200 2966 "-" "Mozilla/4.0 (compatible; MSIE 8.0; Windows NT 6.1; WOW64; Trident/4.0; SLCC2; .NET CLR 2.0.50727; .NET CLR 3.5.30729; .NET CLR 3.0.30729; Media Center PC 6.0; .NET4.0C; .NET4.0E; InfoPath.2)"
65.155.30.101 - - [20/Aug/2019:04:20:53 +0000] "GET /vendor/font-awesome/fonts/fontawesome-webfont.woff2?v=4.7.0 HTTP/1.1" 200 77160 "-" "Mozilla/4.0 (compatible; MSIE 8.0; Windows NT 6.1; WOW64; Trident/4.0; SLCC2; .NET CLR 2.0.50727; .NET CLR 3.5.30729; .NET CLR 3.0.30729; Media Center PC 6.0; .NET4.0C; .NET4.0E; InfoPath.2)"
65.155.30.101 - - [20/Aug/2019:04:20:53 +0000] "GET /uploads/images/8c445163a5b20b6c6ecf319345f02f95.jpg HTTP/1.1" 200 75410 "-" "Mozilla/4.0 (compatible; MSIE 8.0; Windows NT 6.1; WOW64; Trident/4.0; SLCC2; .NET CLR 2.0.50727; .NET CLR 3.5.30729; .NET CLR 3.0.30729; Media Center PC 6.0; .NET4.0C; .NET4.0E; InfoPath.2)"
65.155.30.101 - - [20/Aug/2019:04:20:53 +0000] "GET /uploads/images/7fc2d1450464345ae02e3075468d7d84.jpg HTTP/1.1" 200 90665 "-" "Mozilla/4.0 (compatible; MSIE 8.0; Windows NT 6.1; WOW64; Trident/4.0; SLCC2; .NET CLR 2.0.50727; .NET CLR 3.5.30729; .NET CLR 3.0.30729; Media Center PC 6.0; .NET4.0C; .NET4.0E; InfoPath.2)"
65.155.30.101 - - [20/Aug/2019:04:20:53 +0000] "GET /img/demos/hotel/patterns/pattern.jpg HTTP/1.1" 200 3531 "-" "Mozilla/4.0 (compatible; MSIE 8.0; Windows NT 6.1; WOW64; Trident/4.0; SLCC2; .NET CLR 2.0.50727; .NET CLR 3.5.30729; .NET CLR 3.0.30729; Media Center PC 6.0; .NET4.0C; .NET4.0E; InfoPath.2)"
65.155.30.101 - - [20/Aug/2019:04:20:53 +0000] "GET /img/demos/hotel/gallery/gallery-1.jpg HTTP/1.1" 200 18364 "-" "Mozilla/4.0 (compatible; MSIE 8.0; Windows NT 6.1; WOW64; Trident/4.0; SLCC2; .NET CLR 2.0.50727; .NET CLR 3.5.30729; .NET CLR 3.0.30729; Media Center PC 6.0; .NET4.0C; .NET4.0E; InfoPath.2)"
65.155.30.101 - - [20/Aug/2019:04:20:54 +0000] "GET /img/demos/hotel/gallery/gallery-2.jpg HTTP/1.1" 200 9537 "-" "Mozilla/4.0 (compatible; MSIE 8.0; Windows NT 6.1; WOW64; Trident/4.0; SLCC2; .NET CLR 2.0.50727; .NET CLR 3.5.30729; .NET CLR 3.0.30729; Media Center PC 6.0; .NET4.0C; .NET4.0E; InfoPath.2)"
65.155.30.101 - - [20/Aug/2019:04:20:54 +0000] "GET /img/demos/hotel/gallery/gallery-3.jpg HTTP/1.1" 200 16588 "-" "Mozilla/4.0 (compatible; MSIE 8.0; Windows NT 6.1; WOW64; Trident/4.0; SLCC2; .NET CLR 2.0.50727; .NET CLR 3.5.30729; .NET CLR 3.0.30729; Media Center PC 6.0; .NET4.0C; .NET4.0E; InfoPath.2)"
65.155.30.101 - - [20/Aug/2019:04:20:53 +0000] "GET /uploads/images/6f3efde49962ecb979e4d225adca5450.jpg HTTP/1.1" 200 292022 "-" "Mozilla/4.0 (compatible; MSIE 8.0; Windows NT 6.1; WOW64; Trident/4.0; SLCC2; .NET CLR 2.0.50727; .NET CLR 3.5.30729; .NET CLR 3.0.30729; Media Center PC 6.0; .NET4.0C; .NET4.0E; InfoPath.2)"
65.155.30.101 - - [20/Aug/2019:04:20:53 +0000] "GET /uploads/images/5171fc57c12b52ba5693e2efdf1b8bb8.jpg HTTP/1.1" 200 318366 "-" "Mozilla/4.0 (compatible; MSIE 8.0; Windows NT 6.1; WOW64; Trident/4.0; SLCC2; .NET CLR 2.0.50727; .NET CLR 3.5.30729; .NET CLR 3.0.30729; Media Center PC 6.0; .NET4.0C; .NET4.0E; InfoPath.2)"
65.155.30.101 - - [20/Aug/2019:04:20:53 +0000] "GET /uploads/images/483ce54ee782ddf2edc01706c3ad766e.jpg HTTP/1.1" 200 242423 "-" "Mozilla/4.0 (compatible; MSIE 8.0; Windows NT 6.1; WOW64; Trident/4.0; SLCC2; .NET CLR 2.0.50727; .NET CLR 3.5.30729; .NET CLR 3.0.30729; Media Center PC 6.0; .NET4.0C; .NET4.0E; InfoPath.2)"
65.155.30.101 - - [20/Aug/2019:04:20:54 +0000] "GET /img/demos/hotel/play-icon.png HTTP/1.1" 200 2559 "-" "Mozilla/4.0 (compatible; MSIE 8.0; Windows NT 6.1; WOW64; Trident/4.0; SLCC2; .NET CLR 2.0.50727; .NET CLR 3.5.30729; .NET CLR 3.0.30729; Media Center PC 6.0; .NET4.0C; .NET4.0E; InfoPath.2)"
65.155.30.101 - - [20/Aug/2019:04:20:54 +0000] "GET /uploads/thumbnails/340c06dfb22f6167dc7705fdd350551c.jpg HTTP/1.1" 200 52231 "-" "Mozilla/4.0 (compatible; MSIE 8.0; Windows NT 6.1; WOW64; Trident/4.0; SLCC2; .NET CLR 2.0.50727; .NET CLR 3.5.30729; .NET CLR 3.0.30729; Media Center PC 6.0; .NET4.0C; .NET4.0E; InfoPath.2)"
65.155.30.101 - - [20/Aug/2019:04:20:54 +0000] "GET /uploads/thumbnails/2c67b6eb0488329db46487d1dc98d07f.jpg HTTP/1.1" 200 62273 "-" "Mozilla/4.0 (compatible; MSIE 8.0; Windows NT 6.1; WOW64; Trident/4.0; SLCC2; .NET CLR 2.0.50727; .NET CLR 3.5.30729; .NET CLR 3.0.30729; Media Center PC 6.0; .NET4.0C; .NET4.0E; InfoPath.2)"
65.155.30.101 - - [20/Aug/2019:04:20:55 +0000] "GET /img/demos/hotel/logo-hotel-footer.png HTTP/1.1" 200 3378 "-" "Mozilla/4.0 (compatible; MSIE 8.0; Windows NT 6.1; WOW64; Trident/4.0; SLCC2; .NET CLR 2.0.50727; .NET CLR 3.5.30729; .NET CLR 3.0.30729; Media Center PC 6.0; .NET4.0C; .NET4.0E; InfoPath.2)"
65.155.30.101 - - [20/Aug/2019:04:20:55 +0000] "GET /uploads/thumbnails/5f7b6a433c8553b967e4c6fb4209a9f8.jpg HTTP/1.1" 200 77162 "-" "Mozilla/4.0 (compatible; MSIE 8.0; Windows NT 6.1; WOW64; Trident/4.0; SLCC2; .NET CLR 2.0.50727; .NET CLR 3.5.30729; .NET CLR 3.0.30729; Media Center PC 6.0; .NET4.0C; .NET4.0E; InfoPath.2)"
65.155.30.101 - - [20/Aug/2019:04:20:55 +0000] "GET /img/demos/hotel/video-cover-bg-1.jpg HTTP/1.1" 200 102737 "-" "Mozilla/4.0 (compatible; MSIE 8.0; Windows NT 6.1; WOW64; Trident/4.0; SLCC2; .NET CLR 2.0.50727; .NET CLR 3.5.30729; .NET CLR 3.0.30729; Media Center PC 6.0; .NET4.0C; .NET4.0E; InfoPath.2)"
65.155.30.101 - - [20/Aug/2019:04:20:55 +0000] "GET /img/demos/hotel/parallax-hotel-map.png HTTP/1.1" 200 76744 "-" "Mozilla/4.0 (compatible; MSIE 8.0; Windows NT 6.1; WOW64; Trident/4.0; SLCC2; .NET CLR 2.0.50727; .NET CLR 3.5.30729; .NET CLR 3.0.30729; Media Center PC 6.0; .NET4.0C; .NET4.0E; InfoPath.2)"
65.155.30.101 - - [20/Aug/2019:04:20:55 +0000] "GET /img/demos/hotel/parallax-hotel.jpg HTTP/1.1" 200 167506 "-" "Mozilla/4.0 (compatible; MSIE 8.0; Windows NT 6.1; WOW64; Trident/4.0; SLCC2; .NET CLR 2.0.50727; .NET CLR 3.5.30729; .NET CLR 3.0.30729; Media Center PC 6.0; .NET4.0C; .NET4.0E; InfoPath.2)"
162.245.87.148 - - [20/Aug/2019:04:34:24 +0000] "GET /en/book-now?start_date=19.09.2019.&end_date=20.09.2019.&persons=2 HTTP/1.1" 301 305 "-" "Mozilla/5.0 (Windows NT 6.3; WOW64) AppleWebKit/537.36 (KHTML, like Gecko) Chrome/64.0.3250.22 Safari/537.36"
162.245.87.148 - - [20/Aug/2019:04:34:25 +0000] "GET /en/book-now?start_date=19.09.2019.&end_date=20.09.2019.&persons=2 HTTP/1.1" 200 4676 "-" "Mozilla/5.0 (Windows NT 6.3; WOW64) AppleWebKit/537.36 (KHTML, like Gecko) Chrome/64.0.3250.22 Safari/537.36"
162.245.87.148 - - [20/Aug/2019:04:34:25 +0000] "GET /css/all.css?v=3 HTTP/1.1" 200 112023 "https://www.national.hr/en/book-now?start_date=19.09.2019.&end_date=20.09.2019.&persons=2" "Mozilla/5.0 (Windows NT 6.3; WOW64) AppleWebKit/537.36 (KHTML, like Gecko) Chrome/64.0.3250.22 Safari/537.36"
162.245.87.148 - - [20/Aug/2019:04:34:26 +0000] "GET /js/jquery.cookie.js HTTP/1.1" 200 2966 "https://www.national.hr/en/book-now?start_date=19.09.2019.&end_date=20.09.2019.&persons=2" "Mozilla/5.0 (Windows NT 6.3; WOW64) AppleWebKit/537.36 (KHTML, like Gecko) Chrome/64.0.3250.22 Safari/537.36"
100.27.12.155 - - [20/Aug/2019:04:34:26 +0000] "GET /img/demos/hotel/logo.png HTTP/1.1" 200 35182 "https://www.national.hr/en/book-now?start_date=19.09.2019.&end_date=20.09.2019.&persons=2" "Mozilla/5.0 (Windows NT 6.3; WOW64) AppleWebKit/537.36 (KHTML, like Gecko) Chrome/64.0.3250.22 Safari/537.36"
162.245.87.148 - - [20/Aug/2019:04:34:26 +0000] "GET /vendor/flag/flags/4x3/gb.svg HTTP/1.1" 200 989 "https://www.national.hr/css/all.css?v=3" "Mozilla/5.0 (Windows NT 6.3; WOW64) AppleWebKit/537.36 (KHTML, like Gecko) Chrome/64.0.3250.22 Safari/537.36"
162.245.87.148 - - [20/Aug/2019:04:34:26 +0000] "GET /vendor/simple-line-icons/fonts/Simple-Line-Icons.ttf?v=2.4.0 HTTP/1.1" 200 54056 "https://www.national.hr/css/all.css?v=3" "Mozilla/5.0 (Windows NT 6.3; WOW64) AppleWebKit/537.36 (KHTML, like Gecko) Chrome/64.0.3250.22 Safari/537.36"
100.27.12.155 - - [20/Aug/2019:04:34:26 +0000] "GET /uploads/thumbnails/aa39d423c5d63c3b6952010631b975fc.jpg HTTP/1.1" 200 49760 "https://www.national.hr/en/book-now?start_date=19.09.2019.&end_date=20.09.2019.&persons=2" "Mozilla/5.0 (Windows NT 6.3; WOW64) AppleWebKit/537.36 (KHTML, like Gecko) Chrome/64.0.3250.22 Safari/537.36"
100.27.12.155 - - [20/Aug/2019:04:34:26 +0000] "GET /uploads/thumbnails/bab51afaaa78f93592fe6de6b5b4dae5.jpg HTTP/1.1" 200 48605 "https://www.national.hr/en/book-now?start_date=19.09.2019.&end_date=20.09.2019.&persons=2" "Mozilla/5.0 (Windows NT 6.3; WOW64) AppleWebKit/537.36 (KHTML, like Gecko) Chrome/64.0.3250.22 Safari/537.36"
162.245.87.148 - - [20/Aug/2019:04:34:26 +0000] "GET /vendor/flag/flags/4x3/hr.svg HTTP/1.1" 200 80697 "https://www.national.hr/css/all.css?v=3" "Mozilla/5.0 (Windows NT 6.3; WOW64) AppleWebKit/537.36 (KHTML, like Gecko) Chrome/64.0.3250.22 Safari/537.36"
162.245.87.148 - - [20/Aug/2019:04:34:26 +0000] "GET /js/all.js?v=2 HTTP/1.1" 200 198825 "https://www.national.hr/en/book-now?start_date=19.09.2019.&end_date=20.09.2019.&persons=2" "Mozilla/5.0 (Windows NT 6.3; WOW64) AppleWebKit/537.36 (KHTML, like Gecko) Chrome/64.0.3250.22 Safari/537.36"
162.245.87.148 - - [20/Aug/2019:04:34:26 +0000] "GET /vendor/font-awesome/fonts/fontawesome-webfont.woff?v=4.7.0 HTTP/1.1" 200 98024 "https://www.national.hr/css/all.css?v=3" "Mozilla/5.0 (Windows NT 6.3; WOW64) AppleWebKit/537.36 (KHTML, like Gecko) Chrome/64.0.3250.22 Safari/537.36"
100.27.12.155 - - [20/Aug/2019:04:34:26 +0000] "GET /uploads/thumbnails/f01fea6613c1d0615eb94db24bda1949.jpg HTTP/1.1" 200 51074 "https://www.national.hr/en/book-now?start_date=19.09.2019.&end_date=20.09.2019.&persons=2" "Mozilla/5.0 (Windows NT 6.3; WOW64) AppleWebKit/537.36 (KHTML, like Gecko) Chrome/64.0.3250.22 Safari/537.36"
100.27.12.155 - - [20/Aug/2019:04:34:26 +0000] "GET /uploads/thumbnails/7b775c2320ed1d591b1999fdd875af2c.jpg HTTP/1.1" 200 54168 "https://www.national.hr/en/book-now?start_date=19.09.2019.&end_date=20.09.2019.&persons=2" "Mozilla/5.0 (Windows NT 6.3; WOW64) AppleWebKit/537.36 (KHTML, like Gecko) Chrome/64.0.3250.22 Safari/537.36"
100.27.12.155 - - [20/Aug/2019:04:34:26 +0000] "GET /uploads/thumbnails/f125cd41427d7dda3bed18b5c7b3837f.jpg HTTP/1.1" 200 39654 "https://www.national.hr/en/book-now?start_date=19.09.2019.&end_date=20.09.2019.&persons=2" "Mozilla/5.0 (Windows NT 6.3; WOW64) AppleWebKit/537.36 (KHTML, like Gecko) Chrome/64.0.3250.22 Safari/537.36"
100.27.12.155 - - [20/Aug/2019:04:34:26 +0000] "GET /uploads/thumbnails/267847a9e165ba5dcddabf87626a900b.jpg HTTP/1.1" 200 37990 "https://www.national.hr/en/book-now?start_date=19.09.2019.&end_date=20.09.2019.&persons=2" "Mozilla/5.0 (Windows NT 6.3; WOW64) AppleWebKit/537.36 (KHTML, like Gecko) Chrome/64.0.3250.22 Safari/537.36"
100.27.12.155 - - [20/Aug/2019:04:34:27 +0000] "GET /uploads/thumbnails/981425a45401f30363a3cd0048fe066a.jpg HTTP/1.1" 200 32216 "https://www.national.hr/en/book-now?start_date=19.09.2019.&end_date=20.09.2019.&persons=2" "Mozilla/5.0 (Windows NT 6.3; WOW64) AppleWebKit/537.36 (KHTML, like Gecko) Chrome/64.0.3250.22 Safari/537.36"
100.27.12.155 - - [20/Aug/2019:04:34:27 +0000] "GET /uploads/thumbnails/8e6f8799bbe0982d5e777307976546fb.jpg HTTP/1.1" 200 36643 "https://www.national.hr/en/book-now?start_date=19.09.2019.&end_date=20.09.2019.&persons=2" "Mozilla/5.0 (Windows NT 6.3; WOW64) AppleWebKit/537.36 (KHTML, like Gecko) Chrome/64.0.3250.22 Safari/537.36"
100.27.12.155 - - [20/Aug/2019:04:34:27 +0000] "GET /img/demos/hotel/patterns/pattern.jpg HTTP/1.1" 200 3531 "https://www.national.hr/css/all.css?v=3" "Mozilla/5.0 (Windows NT 6.3; WOW64) AppleWebKit/537.36 (KHTML, like Gecko) Chrome/64.0.3250.22 Safari/537.36"
100.27.12.155 - - [20/Aug/2019:04:34:27 +0000] "GET /uploads/thumbnails/5a6bea3e09cb91f49a3fffa735e57a0e.jpg HTTP/1.1" 200 34458 "https://www.national.hr/en/book-now?start_date=19.09.2019.&end_date=20.09.2019.&persons=2" "Mozilla/5.0 (Windows NT 6.3; WOW64) AppleWebKit/537.36 (KHTML, like Gecko) Chrome/64.0.3250.22 Safari/537.36"
100.27.12.155 - - [20/Aug/2019:04:34:27 +0000] "GET /img/demos/hotel/logo-hotel-footer.png HTTP/1.1" 200 3378 "https://www.national.hr/en/book-now?start_date=19.09.2019.&end_date=20.09.2019.&persons=2" "Mozilla/5.0 (Windows NT 6.3; WOW64) AppleWebKit/537.36 (KHTML, like Gecko) Chrome/64.0.3250.22 Safari/537.36"
100.27.12.155 - - [20/Aug/2019:04:34:27 +0000] "GET /uploads/thumbnails/dc925deb428c906da547101d15f17349.jpg HTTP/1.1" 200 34709 "https://www.national.hr/en/book-now?start_date=19.09.2019.&end_date=20.09.2019.&persons=2" "Mozilla/5.0 (Windows NT 6.3; WOW64) AppleWebKit/537.36 (KHTML, like Gecko) Chrome/64.0.3250.22 Safari/537.36"
157.55.39.181 - - [20/Aug/2019:04:47:43 +0000] "GET /hr/aktualno?page=1 HTTP/1.1" 200 5498 "-" "Mozilla/5.0 (compatible; bingbot/2.0; +http://www.bing.com/bingbot.htm)"
104.250.197.230 - - [20/Aug/2019:04:55:12 +0000] "GET /en/book-now?start_date=19.09.2019.&end_date=20.09.2019.&persons=2 HTTP/1.1" 301 305 "-" "Mozilla/5.0 (Windows NT 10.0; WOW64; rv:54.0) Gecko/20100101 Firefox/54.0"
104.250.197.230 - - [20/Aug/2019:04:55:12 +0000] "GET /en/book-now?start_date=19.09.2019.&end_date=20.09.2019.&persons=2 HTTP/1.1" 200 4677 "-" "Mozilla/5.0 (Windows NT 10.0; WOW64; rv:54.0) Gecko/20100101 Firefox/54.0"
104.250.197.230 - - [20/Aug/2019:04:55:13 +0000] "GET /css/all.css?v=3 HTTP/1.1" 200 112023 "https://www.national.hr/en/book-now?start_date=19.09.2019.&end_date=20.09.2019.&persons=2" "Mozilla/5.0 (Windows NT 10.0; WOW64; rv:54.0) Gecko/20100101 Firefox/54.0"
54.89.29.86 - - [20/Aug/2019:04:55:13 +0000] "GET /img/demos/hotel/logo.png HTTP/1.1" 200 35182 "https://www.national.hr/en/book-now?start_date=19.09.2019.&end_date=20.09.2019.&persons=2" "Mozilla/5.0 (Windows NT 10.0; WOW64; rv:54.0) Gecko/20100101 Firefox/54.0"
54.89.29.86 - - [20/Aug/2019:04:55:14 +0000] "GET /img/demos/hotel/patterns/pattern.jpg HTTP/1.1" 200 3531 "https://www.national.hr/css/all.css?v=3" "Mozilla/5.0 (Windows NT 10.0; WOW64; rv:54.0) Gecko/20100101 Firefox/54.0"
104.250.197.230 - - [20/Aug/2019:04:55:14 +0000] "GET /js/jquery.cookie.js HTTP/1.1" 200 2966 "https://www.national.hr/en/book-now?start_date=19.09.2019.&end_date=20.09.2019.&persons=2" "Mozilla/5.0 (Windows NT 10.0; WOW64; rv:54.0) Gecko/20100101 Firefox/54.0"
54.89.29.86 - - [20/Aug/2019:04:55:14 +0000] "GET /uploads/thumbnails/f01fea6613c1d0615eb94db24bda1949.jpg HTTP/1.1" 200 51074 "https://www.national.hr/en/book-now?start_date=19.09.2019.&end_date=20.09.2019.&persons=2" "Mozilla/5.0 (Windows NT 10.0; WOW64; rv:54.0) Gecko/20100101 Firefox/54.0"
54.89.29.86 - - [20/Aug/2019:04:55:14 +0000] "GET /uploads/thumbnails/f125cd41427d7dda3bed18b5c7b3837f.jpg HTTP/1.1" 200 39654 "https://www.national.hr/en/book-now?start_date=19.09.2019.&end_date=20.09.2019.&persons=2" "Mozilla/5.0 (Windows NT 10.0; WOW64; rv:54.0) Gecko/20100101 Firefox/54.0"
54.89.29.86 - - [20/Aug/2019:04:55:14 +0000] "GET /uploads/thumbnails/7b775c2320ed1d591b1999fdd875af2c.jpg HTTP/1.1" 200 54168 "https://www.national.hr/en/book-now?start_date=19.09.2019.&end_date=20.09.2019.&persons=2" "Mozilla/5.0 (Windows NT 10.0; WOW64; rv:54.0) Gecko/20100101 Firefox/54.0"
54.89.29.86 - - [20/Aug/2019:04:55:14 +0000] "GET /uploads/thumbnails/aa39d423c5d63c3b6952010631b975fc.jpg HTTP/1.1" 200 49760 "https://www.national.hr/en/book-now?start_date=19.09.2019.&end_date=20.09.2019.&persons=2" "Mozilla/5.0 (Windows NT 10.0; WOW64; rv:54.0) Gecko/20100101 Firefox/54.0"
54.89.29.86 - - [20/Aug/2019:04:55:14 +0000] "GET /uploads/thumbnails/bab51afaaa78f93592fe6de6b5b4dae5.jpg HTTP/1.1" 200 48605 "https://www.national.hr/en/book-now?start_date=19.09.2019.&end_date=20.09.2019.&persons=2" "Mozilla/5.0 (Windows NT 10.0; WOW64; rv:54.0) Gecko/20100101 Firefox/54.0"
104.250.197.230 - - [20/Aug/2019:04:55:14 +0000] "GET /js/all.js?v=2 HTTP/1.1" 200 198825 "https://www.national.hr/en/book-now?start_date=19.09.2019.&end_date=20.09.2019.&persons=2" "Mozilla/5.0 (Windows NT 10.0; WOW64; rv:54.0) Gecko/20100101 Firefox/54.0"
104.250.197.230 - - [20/Aug/2019:04:55:14 +0000] "GET /vendor/flag/flags/4x3/gb.svg HTTP/1.1" 200 989 "https://www.national.hr/css/all.css?v=3" "Mozilla/5.0 (Windows NT 10.0; WOW64; rv:54.0) Gecko/20100101 Firefox/54.0"
54.89.29.86 - - [20/Aug/2019:04:55:14 +0000] "GET /uploads/thumbnails/267847a9e165ba5dcddabf87626a900b.jpg HTTP/1.1" 200 37990 "https://www.national.hr/en/book-now?start_date=19.09.2019.&end_date=20.09.2019.&persons=2" "Mozilla/5.0 (Windows NT 10.0; WOW64; rv:54.0) Gecko/20100101 Firefox/54.0"
104.250.197.230 - - [20/Aug/2019:04:55:14 +0000] "GET /vendor/simple-line-icons/fonts/Simple-Line-Icons.ttf?v=2.4.0 HTTP/1.1" 200 54056 "https://www.national.hr/css/all.css?v=3" "Mozilla/5.0 (Windows NT 10.0; WOW64; rv:54.0) Gecko/20100101 Firefox/54.0"
54.89.29.86 - - [20/Aug/2019:04:55:14 +0000] "GET /uploads/thumbnails/8e6f8799bbe0982d5e777307976546fb.jpg HTTP/1.1" 200 36643 "https://www.national.hr/en/book-now?start_date=19.09.2019.&end_date=20.09.2019.&persons=2" "Mozilla/5.0 (Windows NT 10.0; WOW64; rv:54.0) Gecko/20100101 Firefox/54.0"
104.250.197.230 - - [20/Aug/2019:04:55:14 +0000] "GET /vendor/font-awesome/fonts/fontawesome-webfont.woff?v=4.7.0 HTTP/1.1" 200 98024 "https://www.national.hr/css/all.css?v=3" "Mozilla/5.0 (Windows NT 10.0; WOW64; rv:54.0) Gecko/20100101 Firefox/54.0"
104.250.197.230 - - [20/Aug/2019:04:55:14 +0000] "GET /vendor/flag/flags/4x3/hr.svg HTTP/1.1" 200 80697 "https://www.national.hr/css/all.css?v=3" "Mozilla/5.0 (Windows NT 10.0; WOW64; rv:54.0) Gecko/20100101 Firefox/54.0"
54.89.29.86 - - [20/Aug/2019:04:55:15 +0000] "GET /uploads/thumbnails/981425a45401f30363a3cd0048fe066a.jpg HTTP/1.1" 200 32216 "https://www.national.hr/en/book-now?start_date=19.09.2019.&end_date=20.09.2019.&persons=2" "Mozilla/5.0 (Windows NT 10.0; WOW64; rv:54.0) Gecko/20100101 Firefox/54.0"
54.89.29.86 - - [20/Aug/2019:04:55:15 +0000] "GET /img/demos/hotel/logo-hotel-footer.png HTTP/1.1" 200 3378 "https://www.national.hr/en/book-now?start_date=19.09.2019.&end_date=20.09.2019.&persons=2" "Mozilla/5.0 (Windows NT 10.0; WOW64; rv:54.0) Gecko/20100101 Firefox/54.0"
54.89.29.86 - - [20/Aug/2019:04:55:15 +0000] "GET /uploads/thumbnails/dc925deb428c906da547101d15f17349.jpg HTTP/1.1" 200 34709 "https://www.national.hr/en/book-now?start_date=19.09.2019.&end_date=20.09.2019.&persons=2" "Mozilla/5.0 (Windows NT 10.0; WOW64; rv:54.0) Gecko/20100101 Firefox/54.0"
54.89.29.86 - - [20/Aug/2019:04:55:15 +0000] "GET /uploads/thumbnails/5a6bea3e09cb91f49a3fffa735e57a0e.jpg HTTP/1.1" 200 34458 "https://www.national.hr/en/book-now?start_date=19.09.2019.&end_date=20.09.2019.&persons=2" "Mozilla/5.0 (Windows NT 10.0; WOW64; rv:54.0) Gecko/20100101 Firefox/54.0"
54.36.149.69 - - [20/Aug/2019:04:59:12 +0000] "GET /en/news/valentines-day-in-the-hotel-national-reservation-of-a-room-for-1402-every-room-gets-surprise-gift HTTP/1.1" 301 337 "-" "Mozilla/5.0 (compatible; AhrefsBot/6.1; +http://ahrefs.com/robot/)"
173.252.127.23 - - [20/Aug/2019:05:04:20 +0000] "GET /?fbclid=IwAR0pQYKquxeuCR_EokCQd6umRd32iTLkEPq3GUgVE4hNjI77t-j7xbsb0LA HTTP/1.1" 301 301 "-" "Mozilla/5.0 (Windows NT 6.1; Win64; x64) AppleWebKit/537.36 (KHTML, like Gecko) Chrome/40.0.2214.85 Safari/537.36"
173.252.127.30 - - [20/Aug/2019:05:04:22 +0000] "GET /?fbclid=IwAR0pQYKquxeuCR_EokCQd6umRd32iTLkEPq3GUgVE4hNjI77t-j7xbsb0LA HTTP/1.1" 200 6860 "-" "Mozilla/5.0 (Windows NT 6.1; Win64; x64) AppleWebKit/537.36 (KHTML, like Gecko) Chrome/40.0.2214.85 Safari/537.36"
173.252.127.20 - - [20/Aug/2019:05:04:23 +0000] "GET /img/demos/hotel/logo.png HTTP/1.1" 200 35182 "-" "Mozilla/5.0 (Windows NT 6.1; Win64; x64) AppleWebKit/537.36 (KHTML, like Gecko) Chrome/40.0.2214.85 Safari/537.36"
173.252.127.43 - - [20/Aug/2019:05:04:23 +0000] "GET /css/all.css?v=3 HTTP/1.1" 200 112023 "-" "Mozilla/5.0 (Windows NT 6.1; Win64; x64) AppleWebKit/537.36 (KHTML, like Gecko) Chrome/40.0.2214.85 Safari/537.36"
173.252.127.27 - - [20/Aug/2019:05:04:24 +0000] "GET /js/jquery.cookie.js HTTP/1.1" 200 2966 "-" "Mozilla/5.0 (Windows NT 6.1; Win64; x64) AppleWebKit/537.36 (KHTML, like Gecko) Chrome/40.0.2214.85 Safari/537.36"
173.252.127.32 - - [20/Aug/2019:05:04:24 +0000] "GET /uploads/images/8c445163a5b20b6c6ecf319345f02f95.jpg HTTP/1.1" 200 75410 "-" "Mozilla/5.0 (Windows NT 6.1; Win64; x64) AppleWebKit/537.36 (KHTML, like Gecko) Chrome/40.0.2214.85 Safari/537.36"
