17.58.96.130 - - [22/Aug/2019:00:00:23 +0000] "GET /robots.txt HTTP/1.1" 301 242 "-" "Mozilla/5.0 (Macintosh; Intel Mac OS X 10_10_1) AppleWebKit/600.2.5 (KHTML, like Gecko) Version/8.0.2 Safari/600.2.5 (Applebot/0.1; +http://www.apple.com/go/applebot)"
17.58.100.140 - - [22/Aug/2019:00:00:24 +0000] "GET / HTTP/1.1" 301 232 "-" "Mozilla/5.0 (Macintosh; Intel Mac OS X 10_10_1) AppleWebKit/600.2.5 (KHTML, like Gecko) Version/8.0.2 Safari/600.2.5 (Applebot/0.1; +http://www.apple.com/go/applebot)"
17.58.100.140 - - [22/Aug/2019:00:00:26 +0000] "GET / HTTP/1.1" 200 6860 "-" "Mozilla/5.0 (Macintosh; Intel Mac OS X 10_10_1) AppleWebKit/600.2.5 (KHTML, like Gecko) Version/8.0.2 Safari/600.2.5 (Applebot/0.1; +http://www.apple.com/go/applebot)"
64.246.165.150 - - [22/Aug/2019:00:21:15 +0000] "GET /robots.txt HTTP/1.0" 301 242 "-" "Mozilla/5.0 (Macintosh; Intel Mac OS X 10.10; rv:59.0) Gecko/20100101 Firefox/59.0"
64.246.165.150 - - [22/Aug/2019:00:21:15 +0000] "GET / HTTP/1.1" 301 232 "-" "Mozilla/5.0 (Macintosh; Intel Mac OS X 10.10; rv:59.0) Gecko/20100101 Firefox/59.0"
64.246.165.150 - - [22/Aug/2019:00:21:16 +0000] "GET / HTTP/1.1" 200 6860 "-" "Mozilla/5.0 (Macintosh; Intel Mac OS X 10.10; rv:59.0) Gecko/20100101 Firefox/59.0"
54.214.214.4 - - [22/Aug/2019:00:27:36 +0000] "GET / HTTP/1.1" 301 232 "-" "Go-http-client/1.1"
46.229.168.142 - - [22/Aug/2019:00:30:33 +0000] "GET /robots.txt HTTP/1.1" 301 242 "-" "Mozilla/5.0 (compatible; SemrushBot/6~bl; +http://www.semrush.com/bot.html)"
46.229.168.135 - - [22/Aug/2019:00:30:33 +0000] "GET /robots.txt HTTP/1.1" 200 24 "-" "Mozilla/5.0 (compatible; SemrushBot/6~bl; +http://www.semrush.com/bot.html)"
46.229.168.135 - - [22/Aug/2019:00:30:33 +0000] "GET /en/hotel HTTP/1.1" 301 240 "-" "Mozilla/5.0 (compatible; SemrushBot/6~bl; +http://www.semrush.com/bot.html)"
46.229.168.145 - - [22/Aug/2019:00:30:35 +0000] "GET /en/hotel HTTP/1.1" 200 5079 "-" "Mozilla/5.0 (compatible; SemrushBot/6~bl; +http://www.semrush.com/bot.html)"
77.75.79.36 - - [22/Aug/2019:00:33:51 +0000] "GET /robots.txt HTTP/1.1" 200 24 "-" "Mozilla/5.0 (compatible; SeznamBot/3.2; +http://napoveda.seznam.cz/en/seznambot-intro/)"
77.75.79.36 - - [22/Aug/2019:00:33:51 +0000] "GET /uploads/images/c8f3aa92164902ce6f1560920d36ba31.jpg HTTP/1.1" 304 - "-" "Mozilla/5.0 (compatible; SeznamBot/3.2; +http://napoveda.seznam.cz/en/seznambot-intro/)"
54.36.149.106 - - [22/Aug/2019:00:37:06 +0000] "GET /hr/sobe/jednokrevetna-soba HTTP/1.1" 500 4485 "-" "Mozilla/5.0 (compatible; AhrefsBot/6.1; +http://ahrefs.com/robot/)"
46.118.159.4 - - [22/Aug/2019:00:46:22 +0000] "GET /thank-you HTTP/1.0" 301 241 "http://www.national.hr/thank-you" "Mozilla/5.0 (Windows NT 6.1; Win64; x64) AppleWebKit/537.36 (KHTML, like Gecko) Chrome/67.0.3396.87 Safari/537.36"
46.118.159.4 - - [22/Aug/2019:00:46:22 +0000] "GET /thank-you HTTP/1.0" 200 19896 "https://www.national.hr/thank-you" "Mozilla/5.0 (Windows NT 6.1; Win64; x64) AppleWebKit/537.36 (KHTML, like Gecko) Chrome/67.0.3396.87 Safari/537.36"
157.55.39.4 - - [22/Aug/2019:00:55:56 +0000] "GET /hr/sobe HTTP/1.1" 301 239 "-" "Mozilla/5.0 (compatible; bingbot/2.0; +http://www.bing.com/bingbot.htm)"
54.36.149.19 - - [22/Aug/2019:01:00:27 +0000] "GET /news?page=4 HTTP/1.1" 200 3821 "-" "Mozilla/5.0 (compatible; AhrefsBot/6.1; +http://ahrefs.com/robot/)"
54.36.148.250 - - [22/Aug/2019:01:11:05 +0000] "GET /news/moscow-circus-on-the-ice-19012018-lisinski-hall HTTP/1.1" 301 284 "-" "Mozilla/5.0 (compatible; AhrefsBot/6.1; +http://ahrefs.com/robot/)"
157.55.39.73 - - [22/Aug/2019:01:14:44 +0000] "GET /img/hotel/thumbs/6650179_orig.jpg HTTP/1.1" 200 67691 "-" "Mozilla/5.0 (compatible; bingbot/2.0; +http://www.bing.com/bingbot.htm)"
54.189.1.42 - - [22/Aug/2019:01:14:51 +0000] "GET / HTTP/1.1" 301 232 "-" "Mozilla/5.0 (Windows NT 10.0; Win64; x64)AppleWebKit/537.36 (KHTML, like Gecko) Chrome/66.0.3359.181 Safari/537.36"
54.189.1.42 - - [22/Aug/2019:01:14:52 +0000] "GET / HTTP/1.1" 200 6860 "-" "Mozilla/5.0 (Windows NT 10.0; Win64; x64)AppleWebKit/537.36 (KHTML, like Gecko) Chrome/66.0.3359.181 Safari/537.36"
54.189.1.42 - - [22/Aug/2019:01:14:53 +0000] "GET / HTTP/1.1" 301 232 "-" "Mozilla/5.0 (Windows NT 10.0; Win64; x64)AppleWebKit/537.36 (KHTML, like Gecko) Chrome/66.0.3359.181 Safari/537.36"
54.189.1.42 - - [22/Aug/2019:01:14:53 +0000] "GET / HTTP/1.1" 200 6860 "-" "Mozilla/5.0 (Windows NT 10.0; Win64; x64)AppleWebKit/537.36 (KHTML, like Gecko) Chrome/66.0.3359.181 Safari/537.36"
159.69.77.47 - - [22/Aug/2019:01:17:10 +0000] "GET /.well-known/pki-validation/79A2E1B2A7A9D75EFC2D9EF6DDB91E0E.txt HTTP/1.1" 301 295 "-" "COMODO DCV"
159.69.77.47 - - [22/Aug/2019:01:17:10 +0000] "GET /.well-known/pki-validation/79A2E1B2A7A9D75EFC2D9EF6DDB91E0E.txt HTTP/1.1" 404 1104 "-" "COMODO DCV"
159.69.77.47 - - [22/Aug/2019:01:17:10 +0000] "GET /.well-known/pki-validation/4680E4E96FD3A324884F828FB65260D9.txt HTTP/1.1" 301 295 "-" "COMODO DCV"
159.69.77.47 - - [22/Aug/2019:01:17:10 +0000] "GET /.well-known/pki-validation/4680E4E96FD3A324884F828FB65260D9.txt HTTP/1.1" 404 1104 "-" "COMODO DCV"
159.69.77.47 - - [22/Aug/2019:01:17:10 +0000] "GET /.well-known/pki-validation/CB8B5D70F1925503F0B5B3830401D38F.txt HTTP/1.1" 301 295 "-" "COMODO DCV"
159.69.77.47 - - [22/Aug/2019:01:17:10 +0000] "GET /.well-known/pki-validation/CB8B5D70F1925503F0B5B3830401D38F.txt HTTP/1.1" 404 1104 "-" "COMODO DCV"
159.69.77.47 - - [22/Aug/2019:01:17:10 +0000] "GET /.well-known/pki-validation/5864136DD50E682496871AAC9B8E6A04.txt HTTP/1.1" 301 295 "-" "COMODO DCV"
159.69.77.47 - - [22/Aug/2019:01:17:10 +0000] "GET /.well-known/pki-validation/5864136DD50E682496871AAC9B8E6A04.txt HTTP/1.1" 404 1104 "-" "COMODO DCV"
77.75.78.162 - - [22/Aug/2019:01:18:19 +0000] "GET /robots.txt HTTP/1.1" 200 24 "-" "Mozilla/5.0 (compatible; SeznamBot/3.2; +http://napoveda.seznam.cz/en/seznambot-intro/)"
77.75.78.162 - - [22/Aug/2019:01:18:20 +0000] "GET /uploads/thumbnails/e4e10d2a133ea00001f12bc209e02cc4.jpg HTTP/1.1" 304 - "-" "Mozilla/5.0 (compatible; SeznamBot/3.2; +http://napoveda.seznam.cz/en/seznambot-intro/)"
46.229.168.143 - - [22/Aug/2019:01:22:53 +0000] "GET /robots.txt HTTP/1.1" 200 24 "-" "Mozilla/5.0 (compatible; SemrushBot/6~bl; +http://www.semrush.com/bot.html)"
46.229.168.154 - - [22/Aug/2019:01:22:53 +0000] "GET /hr/aktualno/valentinovo-u-hotelu-national-rezervacijom-sobe-za-1402-svaka-soba-osvaja-poklon-iznenadjenja HTTP/1.1" 200 4076 "-" "Mozilla/5.0 (compatible; SemrushBot/6~bl; +http://www.semrush.com/bot.html)"
157.55.39.4 - - [22/Aug/2019:01:26:08 +0000] "GET /news/caro-emerald-is-in-zagreb-within-her-current-emerald-island-tour-10-discount-on-accommodation-upon-presentation-of-tickets HTTP/1.1" 200 4090 "-" "Mozilla/5.0 (compatible; bingbot/2.0; +http://www.bing.com/bingbot.htm)"
157.55.39.82 - - [22/Aug/2019:01:36:42 +0000] "GET /news/lord-of-the-dance-0804-2000-pm-arena-zagreb HTTP/1.1" 200 4529 "-" "Mozilla/5.0 (compatible; bingbot/2.0; +http://www.bing.com/bingbot.htm)"
54.36.150.150 - - [22/Aug/2019:01:49:06 +0000] "GET /img/hotel/1271103_orig.jpg HTTP/1.1" 404 1104 "-" "Mozilla/5.0 (compatible; AhrefsBot/6.1; +http://ahrefs.com/robot/)"
157.55.39.82 - - [22/Aug/2019:01:50:24 +0000] "GET /hr/aktualno HTTP/1.1" 301 243 "-" "Mozilla/5.0 (compatible; bingbot/2.0; +http://www.bing.com/bingbot.htm)"
46.229.168.132 - - [22/Aug/2019:01:53:39 +0000] "GET /robots.txt HTTP/1.1" 200 24 "-" "Mozilla/5.0 (compatible; SemrushBot/6~bl; +http://www.semrush.com/bot.html)"
46.229.168.135 - - [22/Aug/2019:01:53:40 +0000] "GET /en/news/best-wishes-to-all-of-you-from-our-small-team HTTP/1.1" 200 3601 "-" "Mozilla/5.0 (compatible; SemrushBot/6~bl; +http://www.semrush.com/bot.html)"
46.229.168.162 - - [22/Aug/2019:01:58:28 +0000] "GET / HTTP/1.1" 301 232 "-" "Mozilla/5.0 (compatible; SemrushBot/6~bl; +http://www.semrush.com/bot.html)"
46.229.168.135 - - [22/Aug/2019:01:58:30 +0000] "GET / HTTP/1.1" 200 6860 "-" "Mozilla/5.0 (compatible; SemrushBot/6~bl; +http://www.semrush.com/bot.html)"
207.46.13.104 - - [22/Aug/2019:02:02:31 +0000] "GET /news?page=3 HTTP/1.1" 200 4871 "-" "Mozilla/5.0 (compatible; bingbot/2.0; +http://www.bing.com/bingbot.htm)"
66.249.79.31 - - [22/Aug/2019:02:02:34 +0000] "GET / HTTP/1.1" 200 6860 "-" "Mozilla/5.0 (Linux; Android 6.0.1; Nexus 5X Build/MMB29P) AppleWebKit/537.36 (KHTML, like Gecko) Chrome/41.0.2272.96 Mobile Safari/537.36 (compatible; Googlebot/2.1; +http://www.google.com/bot.html)"
66.249.79.27 - - [22/Aug/2019:02:02:40 +0000] "GET /favicon.ico HTTP/1.1" 404 1104 "-" "Googlebot-Image/1.0"
157.55.39.82 - - [22/Aug/2019:02:03:25 +0000] "GET /en/rooms/single-room HTTP/1.1" 500 4485 "-" "Mozilla/5.0 (compatible; bingbot/2.0; +http://www.bing.com/bingbot.htm)"
157.55.39.82 - - [22/Aug/2019:02:05:08 +0000] "GET / HTTP/1.1" 301 232 "-" "Mozilla/5.0 (compatible; bingbot/2.0; +http://www.bing.com/bingbot.htm)"
157.55.39.4 - - [22/Aug/2019:02:09:35 +0000] "GET /hr HTTP/1.1" 301 234 "-" "Mozilla/5.0 (compatible; bingbot/2.0; +http://www.bing.com/bingbot.htm)"
77.75.78.167 - - [22/Aug/2019:02:16:20 +0000] "GET /robots.txt HTTP/1.1" 200 24 "-" "Mozilla/5.0 (compatible; SeznamBot/3.2; +http://napoveda.seznam.cz/en/seznambot-intro/)"
77.75.78.167 - - [22/Aug/2019:02:16:21 +0000] "GET /img/hotel/1277440_orig.jpg HTTP/1.1" 304 - "-" "Mozilla/5.0 (compatible; SeznamBot/3.2; +http://napoveda.seznam.cz/en/seznambot-intro/)"
54.36.149.30 - - [22/Aug/2019:02:25:52 +0000] "GET /hr/aktualno/moskovski-cirkus-na-ledu-19012018 HTTP/1.1" 301 277 "-" "Mozilla/5.0 (compatible; AhrefsBot/6.1; +http://ahrefs.com/robot/)"
157.55.39.4 - - [22/Aug/2019:02:33:26 +0000] "GET /hr/sobe/dvokrevetna-soba-s-pomocnim-krevetom HTTP/1.1" 500 4485 "-" "Mozilla/5.0 (compatible; bingbot/2.0; +http://www.bing.com/bingbot.htm)"
34.74.241.114 - - [22/Aug/2019:02:40:14 +0000] "GET /robots.txt HTTP/1.0" 200 24 "-" "ZoominfoBot (zoominfobot at zoominfo dot com)"
34.74.241.114 - - [22/Aug/2019:02:40:14 +0000] "GET /hotel HTTP/1.0" 200 5081 "-" "ZoominfoBot (zoominfobot at zoominfo dot com)"
34.74.241.114 - - [22/Aug/2019:02:40:15 +0000] "GET /privacy-policy HTTP/1.0" 200 6677 "-" "ZoominfoBot (zoominfobot at zoominfo dot com)"
165.25.168.69 - - [22/Aug/2019:02:41:49 +0000] "GET /en/book-now?start_date=23.08.2019.&end_date=24.08.2019.&persons=2 HTTP/1.1" 301 305 "-" "Mozilla/5.0 (Windows NT 6.2; Win64; x64) AppleWebKit/537.36 (KHTML, like Gecko) Chrome/59.0.3110.35 Safari/537.36"
165.25.168.69 - - [22/Aug/2019:02:41:50 +0000] "GET /en/book-now?start_date=23.08.2019.&end_date=24.08.2019.&persons=2 HTTP/1.1" 200 4720 "-" "Mozilla/5.0 (Windows NT 6.2; Win64; x64) AppleWebKit/537.36 (KHTML, like Gecko) Chrome/59.0.3110.35 Safari/537.36"
165.25.168.69 - - [22/Aug/2019:02:41:51 +0000] "GET /css/all.css?v=3 HTTP/1.1" 200 112023 "https://www.national.hr/en/book-now?start_date=23.08.2019.&end_date=24.08.2019.&persons=2" "Mozilla/5.0 (Windows NT 6.2; Win64; x64) AppleWebKit/537.36 (KHTML, like Gecko) Chrome/59.0.3110.35 Safari/537.36"
165.25.168.69 - - [22/Aug/2019:02:41:51 +0000] "GET /js/jquery.cookie.js HTTP/1.1" 200 2966 "https://www.national.hr/en/book-now?start_date=23.08.2019.&end_date=24.08.2019.&persons=2" "Mozilla/5.0 (Windows NT 6.2; Win64; x64) AppleWebKit/537.36 (KHTML, like Gecko) Chrome/59.0.3110.35 Safari/537.36"
34.239.254.192 - - [22/Aug/2019:02:41:51 +0000] "GET /img/demos/hotel/logo.png HTTP/1.1" 200 35182 "https://www.national.hr/en/book-now?start_date=23.08.2019.&end_date=24.08.2019.&persons=2" "Mozilla/5.0 (Windows NT 6.2; Win64; x64) AppleWebKit/537.36 (KHTML, like Gecko) Chrome/59.0.3110.35 Safari/537.36"
165.25.168.69 - - [22/Aug/2019:02:41:51 +0000] "GET /vendor/flag/flags/4x3/gb.svg HTTP/1.1" 200 989 "https://www.national.hr/css/all.css?v=3" "Mozilla/5.0 (Windows NT 6.2; Win64; x64) AppleWebKit/537.36 (KHTML, like Gecko) Chrome/59.0.3110.35 Safari/537.36"
34.239.254.192 - - [22/Aug/2019:02:41:52 +0000] "GET /uploads/thumbnails/981425a45401f30363a3cd0048fe066a.jpg HTTP/1.1" 200 32216 "https://www.national.hr/en/book-now?start_date=23.08.2019.&end_date=24.08.2019.&persons=2" "Mozilla/5.0 (Windows NT 6.2; Win64; x64) AppleWebKit/537.36 (KHTML, like Gecko) Chrome/59.0.3110.35 Safari/537.36"
165.25.168.69 - - [22/Aug/2019:02:41:51 +0000] "GET /vendor/simple-line-icons/fonts/Simple-Line-Icons.ttf?v=2.4.0 HTTP/1.1" 200 54056 "https://www.national.hr/css/all.css?v=3" "Mozilla/5.0 (Windows NT 6.2; Win64; x64) AppleWebKit/537.36 (KHTML, like Gecko) Chrome/59.0.3110.35 Safari/537.36"
165.25.168.69 - - [22/Aug/2019:02:41:51 +0000] "GET /js/all.js?v=2 HTTP/1.1" 200 198825 "https://www.national.hr/en/book-now?start_date=23.08.2019.&end_date=24.08.2019.&persons=2" "Mozilla/5.0 (Windows NT 6.2; Win64; x64) AppleWebKit/537.36 (KHTML, like Gecko) Chrome/59.0.3110.35 Safari/537.36"
34.239.254.192 - - [22/Aug/2019:02:41:52 +0000] "GET /uploads/thumbnails/dc925deb428c906da547101d15f17349.jpg HTTP/1.1" 200 34709 "https://www.national.hr/en/book-now?start_date=23.08.2019.&end_date=24.08.2019.&persons=2" "Mozilla/5.0 (Windows NT 6.2; Win64; x64) AppleWebKit/537.36 (KHTML, like Gecko) Chrome/59.0.3110.35 Safari/537.36"
165.25.168.69 - - [22/Aug/2019:02:41:51 +0000] "GET /vendor/font-awesome/fonts/fontawesome-webfont.woff?v=4.7.0 HTTP/1.1" 200 98024 "https://www.national.hr/css/all.css?v=3" "Mozilla/5.0 (Windows NT 6.2; Win64; x64) AppleWebKit/537.36 (KHTML, like Gecko) Chrome/59.0.3110.35 Safari/537.36"
34.239.254.192 - - [22/Aug/2019:02:41:52 +0000] "GET /uploads/thumbnails/aa39d423c5d63c3b6952010631b975fc.jpg HTTP/1.1" 200 49760 "https://www.national.hr/en/book-now?start_date=23.08.2019.&end_date=24.08.2019.&persons=2" "Mozilla/5.0 (Windows NT 6.2; Win64; x64) AppleWebKit/537.36 (KHTML, like Gecko) Chrome/59.0.3110.35 Safari/537.36"
165.25.168.69 - - [22/Aug/2019:02:41:51 +0000] "GET /vendor/flag/flags/4x3/hr.svg HTTP/1.1" 200 80697 "https://www.national.hr/css/all.css?v=3" "Mozilla/5.0 (Windows NT 6.2; Win64; x64) AppleWebKit/537.36 (KHTML, like Gecko) Chrome/59.0.3110.35 Safari/537.36"
34.239.254.192 - - [22/Aug/2019:02:41:52 +0000] "GET /uploads/thumbnails/8e6f8799bbe0982d5e777307976546fb.jpg HTTP/1.1" 200 36643 "https://www.national.hr/en/book-now?start_date=23.08.2019.&end_date=24.08.2019.&persons=2" "Mozilla/5.0 (Windows NT 6.2; Win64; x64) AppleWebKit/537.36 (KHTML, like Gecko) Chrome/59.0.3110.35 Safari/537.36"
34.239.254.192 - - [22/Aug/2019:02:41:52 +0000] "GET /uploads/thumbnails/5a6bea3e09cb91f49a3fffa735e57a0e.jpg HTTP/1.1" 200 34458 "https://www.national.hr/en/book-now?start_date=23.08.2019.&end_date=24.08.2019.&persons=2" "Mozilla/5.0 (Windows NT 6.2; Win64; x64) AppleWebKit/537.36 (KHTML, like Gecko) Chrome/59.0.3110.35 Safari/537.36"
34.239.254.192 - - [22/Aug/2019:02:41:52 +0000] "GET /uploads/thumbnails/7b775c2320ed1d591b1999fdd875af2c.jpg HTTP/1.1" 200 54168 "https://www.national.hr/en/book-now?start_date=23.08.2019.&end_date=24.08.2019.&persons=2" "Mozilla/5.0 (Windows NT 6.2; Win64; x64) AppleWebKit/537.36 (KHTML, like Gecko) Chrome/59.0.3110.35 Safari/537.36"
34.239.254.192 - - [22/Aug/2019:02:41:53 +0000] "GET /uploads/thumbnails/f01fea6613c1d0615eb94db24bda1949.jpg HTTP/1.1" 200 51074 "https://www.national.hr/en/book-now?start_date=23.08.2019.&end_date=24.08.2019.&persons=2" "Mozilla/5.0 (Windows NT 6.2; Win64; x64) AppleWebKit/537.36 (KHTML, like Gecko) Chrome/59.0.3110.35 Safari/537.36"
34.239.254.192 - - [22/Aug/2019:02:41:53 +0000] "GET /uploads/thumbnails/bab51afaaa78f93592fe6de6b5b4dae5.jpg HTTP/1.1" 200 48605 "https://www.national.hr/en/book-now?start_date=23.08.2019.&end_date=24.08.2019.&persons=2" "Mozilla/5.0 (Windows NT 6.2; Win64; x64) AppleWebKit/537.36 (KHTML, like Gecko) Chrome/59.0.3110.35 Safari/537.36"
34.239.254.192 - - [22/Aug/2019:02:41:53 +0000] "GET /uploads/thumbnails/267847a9e165ba5dcddabf87626a900b.jpg HTTP/1.1" 200 37990 "https://www.national.hr/en/book-now?start_date=23.08.2019.&end_date=24.08.2019.&persons=2" "Mozilla/5.0 (Windows NT 6.2; Win64; x64) AppleWebKit/537.36 (KHTML, like Gecko) Chrome/59.0.3110.35 Safari/537.36"
34.239.254.192 - - [22/Aug/2019:02:41:53 +0000] "GET /img/demos/hotel/patterns/pattern.jpg HTTP/1.1" 200 3531 "https://www.national.hr/css/all.css?v=3" "Mozilla/5.0 (Windows NT 6.2; Win64; x64) AppleWebKit/537.36 (KHTML, like Gecko) Chrome/59.0.3110.35 Safari/537.36"
34.239.254.192 - - [22/Aug/2019:02:41:53 +0000] "GET /img/demos/hotel/logo-hotel-footer.png HTTP/1.1" 200 3378 "https://www.national.hr/en/book-now?start_date=23.08.2019.&end_date=24.08.2019.&persons=2" "Mozilla/5.0 (Windows NT 6.2; Win64; x64) AppleWebKit/537.36 (KHTML, like Gecko) Chrome/59.0.3110.35 Safari/537.36"
34.239.254.192 - - [22/Aug/2019:02:41:53 +0000] "GET /uploads/thumbnails/f125cd41427d7dda3bed18b5c7b3837f.jpg HTTP/1.1" 200 39654 "https://www.national.hr/en/book-now?start_date=23.08.2019.&end_date=24.08.2019.&persons=2" "Mozilla/5.0 (Windows NT 6.2; Win64; x64) AppleWebKit/537.36 (KHTML, like Gecko) Chrome/59.0.3110.35 Safari/537.36"
34.74.241.114 - - [22/Aug/2019:02:43:40 +0000] "GET /documents HTTP/1.0" 200 3250 "-" "ZoominfoBot (zoominfobot at zoominfo dot com)"
157.55.39.82 - - [22/Aug/2019:02:50:47 +0000] "GET /uploads/images/7b775c2320ed1d591b1999fdd875af2c.jpg HTTP/1.1" 200 201467 "-" "Mozilla/5.0 (compatible; bingbot/2.0; +http://www.bing.com/bingbot.htm)"
157.55.39.230 - - [22/Aug/2019:02:51:20 +0000] "GET /uploads/images/06b65a4c940d323b5cee06e2ce9a3327.jpg HTTP/1.1" 200 119650 "-" "Mozilla/5.0 (compatible; bingbot/2.0; +http://www.bing.com/bingbot.htm)"
207.46.13.104 - - [22/Aug/2019:02:51:58 +0000] "GET /uploads/thumbnails/8d1afa9f47eab1caf6f13398344e8299.jpg HTTP/1.1" 301 287 "-" "Mozilla/5.0 (compatible; bingbot/2.0; +http://www.bing.com/bingbot.htm)"
207.46.13.104 - - [22/Aug/2019:02:52:01 +0000] "GET /uploads/thumbnails/8d1afa9f47eab1caf6f13398344e8299.jpg HTTP/1.1" 200 52576 "-" "Mozilla/5.0 (compatible; bingbot/2.0; +http://www.bing.com/bingbot.htm)"
34.74.241.114 - - [22/Aug/2019:02:54:36 +0000] "GET /news/the-national-zagrebacko-zagrijavanje-za-superuho-festival-10072018-at-21-00h HTTP/1.0" 200 4240 "-" "ZoominfoBot (zoominfobot at zoominfo dot com)"
34.74.241.114 - - [22/Aug/2019:02:58:00 +0000] "GET /news HTTP/1.0" 200 5523 "-" "ZoominfoBot (zoominfobot at zoominfo dot com)"
34.74.241.114 - - [22/Aug/2019:02:59:37 +0000] "GET /news/valentines-week-in-hotel-national-from-1102-1702 HTTP/1.0" 200 3586 "-" "ZoominfoBot (zoominfobot at zoominfo dot com)"
220.181.108.121 - - [22/Aug/2019:03:02:17 +0000] "GET /news/the-national-zagrebacko-zagrijavanje-za-superuho-festival-10072018-at-21-00h HTTP/1.1" 200 21625 "-" "Mozilla/5.0 (compatible; Baiduspider/2.0; +http://www.baidu.com/search/spider.html)"
34.74.241.114 - - [22/Aug/2019:03:02:52 +0000] "GET /rooms HTTP/1.0" 200 4648 "-" "ZoominfoBot (zoominfobot at zoominfo dot com)"
34.74.241.114 - - [22/Aug/2019:03:04:47 +0000] "GET /book-now HTTP/1.0" 200 4805 "-" "ZoominfoBot (zoominfobot at zoominfo dot com)"
66.249.79.27 - - [22/Aug/2019:03:06:08 +0000] "GET /favicon.ico HTTP/1.1" 404 1104 "-" "Googlebot-Image/1.0"
34.74.241.114 - - [22/Aug/2019:03:06:13 +0000] "GET /news/summer-picknic-in-zagreb-2nd-to-30th-august-every-thursday-in-the-afternoon-evening-18-23h HTTP/1.0" 200 4236 "-" "ZoominfoBot (zoominfobot at zoominfo dot com)"
34.74.241.114 - - [22/Aug/2019:03:06:58 +0000] "GET /hr HTTP/1.0" 200 6780 "-" "ZoominfoBot (zoominfobot at zoominfo dot com)"
46.229.168.138 - - [22/Aug/2019:03:07:18 +0000] "GET /robots.txt HTTP/1.1" 301 242 "-" "Mozilla/5.0 (compatible; SemrushBot/6~bl; +http://www.semrush.com/bot.html)"
46.229.168.137 - - [22/Aug/2019:03:07:19 +0000] "GET /robots.txt HTTP/1.1" 200 24 "-" "Mozilla/5.0 (compatible; SemrushBot/6~bl; +http://www.semrush.com/bot.html)"
46.229.168.163 - - [22/Aug/2019:03:07:19 +0000] "GET / HTTP/1.1" 301 232 "-" "Mozilla/5.0 (compatible; SemrushBot/6~bl; +http://www.semrush.com/bot.html)"
46.229.168.141 - - [22/Aug/2019:03:07:21 +0000] "GET /robots.txt HTTP/1.1" 200 24 "-" "Mozilla/5.0 (compatible; SemrushBot/6~bl; +http://www.semrush.com/bot.html)"
46.229.168.141 - - [22/Aug/2019:03:07:22 +0000] "GET / HTTP/1.1" 200 6860 "-" "Mozilla/5.0 (compatible; SemrushBot/6~bl; +http://www.semrush.com/bot.html)"
34.74.241.114 - - [22/Aug/2019:03:09:14 +0000] "GET /en HTTP/1.0" 200 6860 "-" "ZoominfoBot (zoominfobot at zoominfo dot com)"
34.74.241.114 - - [22/Aug/2019:03:09:27 +0000] "GET /contact HTTP/1.0" 200 3925 "-" "ZoominfoBot (zoominfobot at zoominfo dot com)"
157.55.39.82 - - [22/Aug/2019:03:14:48 +0000] "GET /news/valentines-week-in-hotel-national-from-1102-1702 HTTP/1.1" 200 3586 "-" "Mozilla/5.0 (compatible; bingbot/2.0; +http://www.bing.com/bingbot.htm)"
38.99.62.94 - - [22/Aug/2019:03:18:10 +0000] "GET / HTTP/1.1" 301 232 "-" "Mozilla/5.0 (compatible; evc-batch/2.0)"
38.99.62.94 - - [22/Aug/2019:03:18:10 +0000] "GET / HTTP/1.1" 200 6860 "https://national.hr/" "Mozilla/5.0 (compatible; evc-batch/2.0)"
104.171.149.242 - - [22/Aug/2019:03:19:36 +0000] "GET /en/book-now?start_date=29.08.2019.&end_date=30.08.2019.&persons=2 HTTP/1.1" 301 305 "-" "Mozilla/5.0 (Windows NT 6.1; Win64; x64; rv:54.0) Gecko/20100101 Firefox/54.0"
104.171.149.242 - - [22/Aug/2019:03:19:36 +0000] "GET /en/book-now?start_date=29.08.2019.&end_date=30.08.2019.&persons=2 HTTP/1.1" 200 4721 "-" "Mozilla/5.0 (Windows NT 6.1; Win64; x64; rv:54.0) Gecko/20100101 Firefox/54.0"
104.171.149.242 - - [22/Aug/2019:03:19:37 +0000] "GET /css/all.css?v=3 HTTP/1.1" 200 112023 "https://www.national.hr/en/book-now?start_date=29.08.2019.&end_date=30.08.2019.&persons=2" "Mozilla/5.0 (Windows NT 6.1; Win64; x64; rv:54.0) Gecko/20100101 Firefox/54.0"
18.210.13.235 - - [22/Aug/2019:03:19:37 +0000] "GET /img/demos/hotel/logo.png HTTP/1.1" 200 35182 "https://www.national.hr/en/book-now?start_date=29.08.2019.&end_date=30.08.2019.&persons=2" "Mozilla/5.0 (Windows NT 6.1; Win64; x64; rv:54.0) Gecko/20100101 Firefox/54.0"
104.171.149.242 - - [22/Aug/2019:03:19:37 +0000] "GET /js/jquery.cookie.js HTTP/1.1" 200 2966 "https://www.national.hr/en/book-now?start_date=29.08.2019.&end_date=30.08.2019.&persons=2" "Mozilla/5.0 (Windows NT 6.1; Win64; x64; rv:54.0) Gecko/20100101 Firefox/54.0"
18.210.13.235 - - [22/Aug/2019:03:19:37 +0000] "GET /uploads/thumbnails/981425a45401f30363a3cd0048fe066a.jpg HTTP/1.1" 200 32216 "https://www.national.hr/en/book-now?start_date=29.08.2019.&end_date=30.08.2019.&persons=2" "Mozilla/5.0 (Windows NT 6.1; Win64; x64; rv:54.0) Gecko/20100101 Firefox/54.0"
104.171.149.242 - - [22/Aug/2019:03:19:37 +0000] "GET /vendor/flag/flags/4x3/gb.svg HTTP/1.1" 200 989 "https://www.national.hr/css/all.css?v=3" "Mozilla/5.0 (Windows NT 6.1; Win64; x64; rv:54.0) Gecko/20100101 Firefox/54.0"
18.210.13.235 - - [22/Aug/2019:03:19:37 +0000] "GET /uploads/thumbnails/aa39d423c5d63c3b6952010631b975fc.jpg HTTP/1.1" 200 49760 "https://www.national.hr/en/book-now?start_date=29.08.2019.&end_date=30.08.2019.&persons=2" "Mozilla/5.0 (Windows NT 6.1; Win64; x64; rv:54.0) Gecko/20100101 Firefox/54.0"
18.210.13.235 - - [22/Aug/2019:03:19:37 +0000] "GET /uploads/thumbnails/8e6f8799bbe0982d5e777307976546fb.jpg HTTP/1.1" 200 36643 "https://www.national.hr/en/book-now?start_date=29.08.2019.&end_date=30.08.2019.&persons=2" "Mozilla/5.0 (Windows NT 6.1; Win64; x64; rv:54.0) Gecko/20100101 Firefox/54.0"
18.210.13.235 - - [22/Aug/2019:03:19:37 +0000] "GET /uploads/thumbnails/dc925deb428c906da547101d15f17349.jpg HTTP/1.1" 200 34709 "https://www.national.hr/en/book-now?start_date=29.08.2019.&end_date=30.08.2019.&persons=2" "Mozilla/5.0 (Windows NT 6.1; Win64; x64; rv:54.0) Gecko/20100101 Firefox/54.0"
18.210.13.235 - - [22/Aug/2019:03:19:37 +0000] "GET /uploads/thumbnails/5a6bea3e09cb91f49a3fffa735e57a0e.jpg HTTP/1.1" 200 34458 "https://www.national.hr/en/book-now?start_date=29.08.2019.&end_date=30.08.2019.&persons=2" "Mozilla/5.0 (Windows NT 6.1; Win64; x64; rv:54.0) Gecko/20100101 Firefox/54.0"
104.171.149.242 - - [22/Aug/2019:03:19:37 +0000] "GET /vendor/simple-line-icons/fonts/Simple-Line-Icons.ttf?v=2.4.0 HTTP/1.1" 200 54056 "https://www.national.hr/css/all.css?v=3" "Mozilla/5.0 (Windows NT 6.1; Win64; x64; rv:54.0) Gecko/20100101 Firefox/54.0"
104.171.149.242 - - [22/Aug/2019:03:19:37 +0000] "GET /vendor/font-awesome/fonts/fontawesome-webfont.woff?v=4.7.0 HTTP/1.1" 200 98024 "https://www.national.hr/css/all.css?v=3" "Mozilla/5.0 (Windows NT 6.1; Win64; x64; rv:54.0) Gecko/20100101 Firefox/54.0"
104.171.149.242 - - [22/Aug/2019:03:19:37 +0000] "GET /js/all.js?v=2 HTTP/1.1" 200 198825 "https://www.national.hr/en/book-now?start_date=29.08.2019.&end_date=30.08.2019.&persons=2" "Mozilla/5.0 (Windows NT 6.1; Win64; x64; rv:54.0) Gecko/20100101 Firefox/54.0"
18.210.13.235 - - [22/Aug/2019:03:19:37 +0000] "GET /uploads/thumbnails/7b775c2320ed1d591b1999fdd875af2c.jpg HTTP/1.1" 200 54168 "https://www.national.hr/en/book-now?start_date=29.08.2019.&end_date=30.08.2019.&persons=2" "Mozilla/5.0 (Windows NT 6.1; Win64; x64; rv:54.0) Gecko/20100101 Firefox/54.0"
104.171.149.242 - - [22/Aug/2019:03:19:37 +0000] "GET /vendor/flag/flags/4x3/hr.svg HTTP/1.1" 200 80697 "https://www.national.hr/css/all.css?v=3" "Mozilla/5.0 (Windows NT 6.1; Win64; x64; rv:54.0) Gecko/20100101 Firefox/54.0"
18.210.13.235 - - [22/Aug/2019:03:19:38 +0000] "GET /uploads/thumbnails/f01fea6613c1d0615eb94db24bda1949.jpg HTTP/1.1" 200 51074 "https://www.national.hr/en/book-now?start_date=29.08.2019.&end_date=30.08.2019.&persons=2" "Mozilla/5.0 (Windows NT 6.1; Win64; x64; rv:54.0) Gecko/20100101 Firefox/54.0"
18.210.13.235 - - [22/Aug/2019:03:19:38 +0000] "GET /uploads/thumbnails/bab51afaaa78f93592fe6de6b5b4dae5.jpg HTTP/1.1" 200 48605 "https://www.national.hr/en/book-now?start_date=29.08.2019.&end_date=30.08.2019.&persons=2" "Mozilla/5.0 (Windows NT 6.1; Win64; x64; rv:54.0) Gecko/20100101 Firefox/54.0"
18.210.13.235 - - [22/Aug/2019:03:19:38 +0000] "GET /uploads/thumbnails/267847a9e165ba5dcddabf87626a900b.jpg HTTP/1.1" 200 37990 "https://www.national.hr/en/book-now?start_date=29.08.2019.&end_date=30.08.2019.&persons=2" "Mozilla/5.0 (Windows NT 6.1; Win64; x64; rv:54.0) Gecko/20100101 Firefox/54.0"
18.210.13.235 - - [22/Aug/2019:03:19:38 +0000] "GET /img/demos/hotel/logo-hotel-footer.png HTTP/1.1" 200 3378 "https://www.national.hr/en/book-now?start_date=29.08.2019.&end_date=30.08.2019.&persons=2" "Mozilla/5.0 (Windows NT 6.1; Win64; x64; rv:54.0) Gecko/20100101 Firefox/54.0"
18.210.13.235 - - [22/Aug/2019:03:19:38 +0000] "GET /uploads/thumbnails/f125cd41427d7dda3bed18b5c7b3837f.jpg HTTP/1.1" 200 39654 "https://www.national.hr/en/book-now?start_date=29.08.2019.&end_date=30.08.2019.&persons=2" "Mozilla/5.0 (Windows NT 6.1; Win64; x64; rv:54.0) Gecko/20100101 Firefox/54.0"
18.210.13.235 - - [22/Aug/2019:03:19:38 +0000] "GET /img/demos/hotel/patterns/pattern.jpg HTTP/1.1" 200 3531 "https://www.national.hr/css/all.css?v=3" "Mozilla/5.0 (Windows NT 6.1; Win64; x64; rv:54.0) Gecko/20100101 Firefox/54.0"
157.55.39.4 - - [22/Aug/2019:03:41:10 +0000] "GET /uploads/images/f01fea6613c1d0615eb94db24bda1949.jpg HTTP/1.1" 200 178715 "-" "Mozilla/5.0 (compatible; bingbot/2.0; +http://www.bing.com/bingbot.htm)"
157.55.39.82 - - [22/Aug/2019:03:44:51 +0000] "GET /news/sportfest-2017-zagreb-05th-08th-of-october HTTP/1.1" 301 279 "-" "Mozilla/5.0 (compatible; bingbot/2.0; +http://www.bing.com/bingbot.htm)"
54.36.148.246 - - [22/Aug/2019:03:47:23 +0000] "GET /robots.txt HTTP/1.1" 301 242 "-" "Mozilla/5.0 (compatible; AhrefsBot/6.1; +http://ahrefs.com/robot/)"
54.36.148.246 - - [22/Aug/2019:03:47:24 +0000] "GET /robots.txt HTTP/1.1" 200 24 "-" "Mozilla/5.0 (compatible; AhrefsBot/6.1; +http://ahrefs.com/robot/)"
54.36.148.36 - - [22/Aug/2019:03:47:24 +0000] "GET / HTTP/1.1" 301 232 "-" "Mozilla/5.0 (compatible; AhrefsBot/6.1; +http://ahrefs.com/robot/)"
157.55.39.82 - - [22/Aug/2019:03:56:20 +0000] "GET /img/hotel/9513390_orig.jpg HTTP/1.1" 404 1104 "-" "Mozilla/5.0 (compatible; bingbot/2.0; +http://www.bing.com/bingbot.htm)"
157.55.39.4 - - [22/Aug/2019:03:59:39 +0000] "GET /img/hotel/7752922_orig.jpg HTTP/1.1" 200 412127 "-" "Mozilla/5.0 (compatible; bingbot/2.0; +http://www.bing.com/bingbot.htm)"
188.68.48.243 - - [22/Aug/2019:04:09:25 +0000] "GET / HTTP/1.1" 301 232 "-" "Mozilla/5.0 (Windows NT 10.0; Win64; x64) AppleWebKit/537.36 (KHTML, like Gecko) Chrome/58.0.3029.110 Safari/537.36"
157.55.39.4 - - [22/Aug/2019:04:13:02 +0000] "GET /img/hotel/thumbs/6387201_orig.jpg HTTP/1.1" 200 72568 "-" "Mozilla/5.0 (compatible; bingbot/2.0; +http://www.bing.com/bingbot.htm)"
157.55.39.4 - - [22/Aug/2019:04:13:25 +0000] "GET /rooms/double-room-with-an-extra-bed HTTP/1.1" 500 4485 "-" "Mozilla/5.0 (compatible; bingbot/2.0; +http://www.bing.com/bingbot.htm)"
188.165.218.34 - - [22/Aug/2019:04:17:12 +0000] "GET / HTTP/1.1" 301 232 "-" "Mozilla/5.0 (Windows; U; Windows NT 5.1; en-US; rv:x.x.x) Gecko/20041107 Firefox/x.x"
188.165.218.34 - - [22/Aug/2019:04:17:31 +0000] "GET / HTTP/1.1" 200 36530 "-" "Mozilla/5.0 (Windows; U; Windows NT 5.1; en-US; rv:x.x.x) Gecko/20041107 Firefox/x.x"
38.131.155.213 - - [22/Aug/2019:04:18:54 +0000] "GET / HTTP/1.1" 301 232 "-" "Mozilla/5.0 (Macintosh; Intel Mac OS X 10_12_5) AppleWebKit/537.36 (KHTML, like Gecko) Chrome/58.0.3029.110 Safari/537.36"
38.131.155.213 - - [22/Aug/2019:04:18:55 +0000] "GET / HTTP/1.1" 200 6860 "-" "Mozilla/5.0 (Macintosh; Intel Mac OS X 10_12_5) AppleWebKit/537.36 (KHTML, like Gecko) Chrome/58.0.3029.110 Safari/537.36"
157.55.39.4 - - [22/Aug/2019:04:25:14 +0000] "GET /uploads/images/f01fea6613c1d0615eb94db24bda1949.jpg HTTP/1.1" 200 178715 "-" "Mozilla/5.0 (compatible; bingbot/2.0; +http://www.bing.com/bingbot.htm)"
202.75.86.175 - - [22/Aug/2019:04:29:12 +0000] "GET / HTTP/1.1" 301 232 "https://www.google.com.hk/" "Mozilla/5.0 (Windows NT 6.1; Win64; x64) AppleWebKit/537.36 (KHTML, like Gecko) Chrome/76.0.3809.100 Safari/537.36"
202.75.86.175 - - [22/Aug/2019:04:29:16 +0000] "GET / HTTP/1.1" 200 6860 "https://www.google.com.hk/" "Mozilla/5.0 (Windows NT 6.1; Win64; x64) AppleWebKit/537.36 (KHTML, like Gecko) Chrome/76.0.3809.100 Safari/537.36"
202.75.86.175 - - [22/Aug/2019:04:29:17 +0000] "GET /img/demos/hotel/logo.png HTTP/1.1" 200 35182 "https://www.national.hr/" "Mozilla/5.0 (Windows NT 6.1; Win64; x64) AppleWebKit/537.36 (KHTML, like Gecko) Chrome/76.0.3809.100 Safari/537.36"
202.75.86.175 - - [22/Aug/2019:04:29:17 +0000] "GET /uploads/images/8c445163a5b20b6c6ecf319345f02f95.jpg HTTP/1.1" 200 75410 "https://www.national.hr/" "Mozilla/5.0 (Windows NT 6.1; Win64; x64) AppleWebKit/537.36 (KHTML, like Gecko) Chrome/76.0.3809.100 Safari/537.36"
202.75.86.175 - - [22/Aug/2019:04:29:17 +0000] "GET /css/all.css?v=3 HTTP/1.1" 200 112023 "https://www.national.hr/" "Mozilla/5.0 (Windows NT 6.1; Win64; x64) AppleWebKit/537.36 (KHTML, like Gecko) Chrome/76.0.3809.100 Safari/537.36"
202.75.86.175 - - [22/Aug/2019:04:29:18 +0000] "GET /vendor/flag/flags/4x3/gb.svg HTTP/1.1" 200 989 "https://www.national.hr/css/all.css?v=3" "Mozilla/5.0 (Windows NT 6.1; Win64; x64) AppleWebKit/537.36 (KHTML, like Gecko) Chrome/76.0.3809.100 Safari/537.36"
202.75.86.175 - - [22/Aug/2019:04:29:18 +0000] "GET /vendor/simple-line-icons/fonts/Simple-Line-Icons.woff2?v=2.4.0 HTTP/1.1" 200 30064 "https://www.national.hr/css/all.css?v=3" "Mozilla/5.0 (Windows NT 6.1; Win64; x64) AppleWebKit/537.36 (KHTML, like Gecko) Chrome/76.0.3809.100 Safari/537.36"
202.75.86.175 - - [22/Aug/2019:04:29:18 +0000] "GET /js/jquery.cookie.js HTTP/1.1" 200 2966 "https://www.national.hr/" "Mozilla/5.0 (Windows NT 6.1; Win64; x64) AppleWebKit/537.36 (KHTML, like Gecko) Chrome/76.0.3809.100 Safari/537.36"
202.75.86.175 - - [22/Aug/2019:04:29:18 +0000] "GET /img/demos/hotel/patterns/pattern.jpg HTTP/1.1" 200 3531 "https://www.national.hr/css/all.css?v=3" "Mozilla/5.0 (Windows NT 6.1; Win64; x64) AppleWebKit/537.36 (KHTML, like Gecko) Chrome/76.0.3809.100 Safari/537.36"
202.75.86.175 - - [22/Aug/2019:04:29:18 +0000] "GET /vendor/font-awesome/fonts/fontawesome-webfont.woff2?v=4.7.0 HTTP/1.1" 200 77160 "https://www.national.hr/css/all.css?v=3" "Mozilla/5.0 (Windows NT 6.1; Win64; x64) AppleWebKit/537.36 (KHTML, like Gecko) Chrome/76.0.3809.100 Safari/537.36"
202.75.86.175 - - [22/Aug/2019:04:29:18 +0000] "GET /js/all.js?v=2 HTTP/1.1" 200 198825 "https://www.national.hr/" "Mozilla/5.0 (Windows NT 6.1; Win64; x64) AppleWebKit/537.36 (KHTML, like Gecko) Chrome/76.0.3809.100 Safari/537.36"
202.75.86.175 - - [22/Aug/2019:04:29:19 +0000] "GET /uploads/images/7fc2d1450464345ae02e3075468d7d84.jpg HTTP/1.1" 200 90665 "https://www.national.hr/" "Mozilla/5.0 (Windows NT 6.1; Win64; x64) AppleWebKit/537.36 (KHTML, like Gecko) Chrome/76.0.3809.100 Safari/537.36"
202.75.86.175 - - [22/Aug/2019:04:29:19 +0000] "GET /img/demos/hotel/gallery/gallery-1.jpg HTTP/1.1" 200 18364 "https://www.national.hr/" "Mozilla/5.0 (Windows NT 6.1; Win64; x64) AppleWebKit/537.36 (KHTML, like Gecko) Chrome/76.0.3809.100 Safari/537.36"
202.75.86.175 - - [22/Aug/2019:04:29:19 +0000] "GET /img/demos/hotel/gallery/gallery-2.jpg HTTP/1.1" 200 9537 "https://www.national.hr/" "Mozilla/5.0 (Windows NT 6.1; Win64; x64) AppleWebKit/537.36 (KHTML, like Gecko) Chrome/76.0.3809.100 Safari/537.36"
202.75.86.175 - - [22/Aug/2019:04:29:20 +0000] "GET /img/demos/hotel/gallery/gallery-3.jpg HTTP/1.1" 200 16588 "https://www.national.hr/" "Mozilla/5.0 (Windows NT 6.1; Win64; x64) AppleWebKit/537.36 (KHTML, like Gecko) Chrome/76.0.3809.100 Safari/537.36"
202.75.86.175 - - [22/Aug/2019:04:29:19 +0000] "GET /uploads/images/483ce54ee782ddf2edc01706c3ad766e.jpg HTTP/1.1" 200 242423 "https://www.national.hr/" "Mozilla/5.0 (Windows NT 6.1; Win64; x64) AppleWebKit/537.36 (KHTML, like Gecko) Chrome/76.0.3809.100 Safari/537.36"
202.75.86.175 - - [22/Aug/2019:04:29:19 +0000] "GET /uploads/images/5171fc57c12b52ba5693e2efdf1b8bb8.jpg HTTP/1.1" 200 318366 "https://www.national.hr/" "Mozilla/5.0 (Windows NT 6.1; Win64; x64) AppleWebKit/537.36 (KHTML, like Gecko) Chrome/76.0.3809.100 Safari/537.36"
202.75.86.175 - - [22/Aug/2019:04:29:20 +0000] "GET /img/demos/hotel/play-icon.png HTTP/1.1" 200 2559 "https://www.national.hr/" "Mozilla/5.0 (Windows NT 6.1; Win64; x64) AppleWebKit/537.36 (KHTML, like Gecko) Chrome/76.0.3809.100 Safari/537.36"
202.75.86.175 - - [22/Aug/2019:04:29:19 +0000] "GET /uploads/images/6f3efde49962ecb979e4d225adca5450.jpg HTTP/1.1" 200 292022 "https://www.national.hr/" "Mozilla/5.0 (Windows NT 6.1; Win64; x64) AppleWebKit/537.36 (KHTML, like Gecko) Chrome/76.0.3809.100 Safari/537.36"
202.75.86.175 - - [22/Aug/2019:04:29:20 +0000] "GET /uploads/thumbnails/340c06dfb22f6167dc7705fdd350551c.jpg HTTP/1.1" 200 52231 "https://www.national.hr/" "Mozilla/5.0 (Windows NT 6.1; Win64; x64) AppleWebKit/537.36 (KHTML, like Gecko) Chrome/76.0.3809.100 Safari/537.36"
202.75.86.175 - - [22/Aug/2019:04:29:21 +0000] "GET /img/demos/hotel/logo-hotel-footer.png HTTP/1.1" 200 3378 "https://www.national.hr/" "Mozilla/5.0 (Windows NT 6.1; Win64; x64) AppleWebKit/537.36 (KHTML, like Gecko) Chrome/76.0.3809.100 Safari/537.36"
202.75.86.175 - - [22/Aug/2019:04:29:21 +0000] "GET /uploads/thumbnails/2c67b6eb0488329db46487d1dc98d07f.jpg HTTP/1.1" 200 62273 "https://www.national.hr/" "Mozilla/5.0 (Windows NT 6.1; Win64; x64) AppleWebKit/537.36 (KHTML, like Gecko) Chrome/76.0.3809.100 Safari/537.36"
202.75.86.175 - - [22/Aug/2019:04:29:21 +0000] "GET /uploads/thumbnails/5f7b6a433c8553b967e4c6fb4209a9f8.jpg HTTP/1.1" 200 77162 "https://www.national.hr/" "Mozilla/5.0 (Windows NT 6.1; Win64; x64) AppleWebKit/537.36 (KHTML, like Gecko) Chrome/76.0.3809.100 Safari/537.36"
202.75.86.175 - - [22/Aug/2019:04:29:21 +0000] "GET /vendor/flag/flags/4x3/hr.svg HTTP/1.1" 200 80697 "https://www.national.hr/css/all.css?v=3" "Mozilla/5.0 (Windows NT 6.1; Win64; x64) AppleWebKit/537.36 (KHTML, like Gecko) Chrome/76.0.3809.100 Safari/537.36"
202.75.86.175 - - [22/Aug/2019:04:29:21 +0000] "GET /img/demos/hotel/video-cover-bg-1.jpg HTTP/1.1" 200 102737 "https://www.national.hr/" "Mozilla/5.0 (Windows NT 6.1; Win64; x64) AppleWebKit/537.36 (KHTML, like Gecko) Chrome/76.0.3809.100 Safari/537.36"
202.75.86.175 - - [22/Aug/2019:04:29:21 +0000] "GET /img/demos/hotel/parallax-hotel-map.png HTTP/1.1" 200 76744 "https://www.national.hr/" "Mozilla/5.0 (Windows NT 6.1; Win64; x64) AppleWebKit/537.36 (KHTML, like Gecko) Chrome/76.0.3809.100 Safari/537.36"
202.75.86.175 - - [22/Aug/2019:04:29:21 +0000] "GET /img/demos/hotel/parallax-hotel.jpg HTTP/1.1" 200 167506 "https://www.national.hr/" "Mozilla/5.0 (Windows NT 6.1; Win64; x64) AppleWebKit/537.36 (KHTML, like Gecko) Chrome/76.0.3809.100 Safari/537.36"
202.75.86.175 - - [22/Aug/2019:04:29:23 +0000] "GET /img/favicon.ico HTTP/1.1" 200 15086 "https://www.national.hr/" "Mozilla/5.0 (Windows NT 6.1; Win64; x64) AppleWebKit/537.36 (KHTML, like Gecko) Chrome/76.0.3809.100 Safari/537.36"
202.75.86.175 - - [22/Aug/2019:04:30:24 +0000] "GET /book-now?start_date=30.12.2019.&end_date=31.12.2019.&persons=2 HTTP/1.1" 200 4707 "https://www.national.hr/" "Mozilla/5.0 (Windows NT 6.1; Win64; x64) AppleWebKit/537.36 (KHTML, like Gecko) Chrome/76.0.3809.100 Safari/537.36"
202.75.86.175 - - [22/Aug/2019:04:30:24 +0000] "GET /uploads/thumbnails/8e6f8799bbe0982d5e777307976546fb.jpg HTTP/1.1" 200 36643 "https://www.national.hr/book-now?start_date=30.12.2019.&end_date=31.12.2019.&persons=2" "Mozilla/5.0 (Windows NT 6.1; Win64; x64) AppleWebKit/537.36 (KHTML, like Gecko) Chrome/76.0.3809.100 Safari/537.36"
202.75.86.175 - - [22/Aug/2019:04:30:24 +0000] "GET /uploads/thumbnails/981425a45401f30363a3cd0048fe066a.jpg HTTP/1.1" 200 32216 "https://www.national.hr/book-now?start_date=30.12.2019.&end_date=31.12.2019.&persons=2" "Mozilla/5.0 (Windows NT 6.1; Win64; x64) AppleWebKit/537.36 (KHTML, like Gecko) Chrome/76.0.3809.100 Safari/537.36"
202.75.86.175 - - [22/Aug/2019:04:30:24 +0000] "GET /uploads/thumbnails/267847a9e165ba5dcddabf87626a900b.jpg HTTP/1.1" 200 37990 "https://www.national.hr/book-now?start_date=30.12.2019.&end_date=31.12.2019.&persons=2" "Mozilla/5.0 (Windows NT 6.1; Win64; x64) AppleWebKit/537.36 (KHTML, like Gecko) Chrome/76.0.3809.100 Safari/537.36"
202.75.86.175 - - [22/Aug/2019:04:30:24 +0000] "GET /uploads/thumbnails/dc925deb428c906da547101d15f17349.jpg HTTP/1.1" 200 34709 "https://www.national.hr/book-now?start_date=30.12.2019.&end_date=31.12.2019.&persons=2" "Mozilla/5.0 (Windows NT 6.1; Win64; x64) AppleWebKit/537.36 (KHTML, like Gecko) Chrome/76.0.3809.100 Safari/537.36"
202.75.86.175 - - [22/Aug/2019:04:30:24 +0000] "GET /uploads/thumbnails/5a6bea3e09cb91f49a3fffa735e57a0e.jpg HTTP/1.1" 200 34458 "https://www.national.hr/book-now?start_date=30.12.2019.&end_date=31.12.2019.&persons=2" "Mozilla/5.0 (Windows NT 6.1; Win64; x64) AppleWebKit/537.36 (KHTML, like Gecko) Chrome/76.0.3809.100 Safari/537.36"
202.75.86.175 - - [22/Aug/2019:04:30:24 +0000] "GET /uploads/thumbnails/aa39d423c5d63c3b6952010631b975fc.jpg HTTP/1.1" 200 49760 "https://www.national.hr/book-now?start_date=30.12.2019.&end_date=31.12.2019.&persons=2" "Mozilla/5.0 (Windows NT 6.1; Win64; x64) AppleWebKit/537.36 (KHTML, like Gecko) Chrome/76.0.3809.100 Safari/537.36"
202.75.86.175 - - [22/Aug/2019:04:30:25 +0000] "GET /uploads/thumbnails/7b775c2320ed1d591b1999fdd875af2c.jpg HTTP/1.1" 200 54168 "https://www.national.hr/book-now?start_date=30.12.2019.&end_date=31.12.2019.&persons=2" "Mozilla/5.0 (Windows NT 6.1; Win64; x64) AppleWebKit/537.36 (KHTML, like Gecko) Chrome/76.0.3809.100 Safari/537.36"
202.75.86.175 - - [22/Aug/2019:04:30:25 +0000] "GET /uploads/thumbnails/bab51afaaa78f93592fe6de6b5b4dae5.jpg HTTP/1.1" 200 48605 "https://www.national.hr/book-now?start_date=30.12.2019.&end_date=31.12.2019.&persons=2" "Mozilla/5.0 (Windows NT 6.1; Win64; x64) AppleWebKit/537.36 (KHTML, like Gecko) Chrome/76.0.3809.100 Safari/537.36"
202.75.86.175 - - [22/Aug/2019:04:30:25 +0000] "GET /uploads/thumbnails/f01fea6613c1d0615eb94db24bda1949.jpg HTTP/1.1" 200 51074 "https://www.national.hr/book-now?start_date=30.12.2019.&end_date=31.12.2019.&persons=2" "Mozilla/5.0 (Windows NT 6.1; Win64; x64) AppleWebKit/537.36 (KHTML, like Gecko) Chrome/76.0.3809.100 Safari/537.36"
202.75.86.175 - - [22/Aug/2019:04:30:25 +0000] "GET /uploads/thumbnails/f125cd41427d7dda3bed18b5c7b3837f.jpg HTTP/1.1" 200 39654 "https://www.national.hr/book-now?start_date=30.12.2019.&end_date=31.12.2019.&persons=2" "Mozilla/5.0 (Windows NT 6.1; Win64; x64) AppleWebKit/537.36 (KHTML, like Gecko) Chrome/76.0.3809.100 Safari/537.36"
46.229.168.162 - - [22/Aug/2019:04:31:56 +0000] "GET /robots.txt HTTP/1.1" 301 242 "-" "Mozilla/5.0 (compatible; SemrushBot/6~bl; +http://www.semrush.com/bot.html)"
46.229.168.146 - - [22/Aug/2019:04:31:56 +0000] "GET /robots.txt HTTP/1.1" 200 24 "-" "Mozilla/5.0 (compatible; SemrushBot/6~bl; +http://www.semrush.com/bot.html)"
46.229.168.148 - - [22/Aug/2019:04:31:57 +0000] "GET /hr/sobe/deluxe-apartman-s-balkonom HTTP/1.1" 301 266 "-" "Mozilla/5.0 (compatible; SemrushBot/6~bl; +http://www.semrush.com/bot.html)"
46.229.168.150 - - [22/Aug/2019:04:31:58 +0000] "GET /hr/sobe/deluxe-apartman-s-balkonom HTTP/1.1" 500 4485 "-" "Mozilla/5.0 (compatible; SemrushBot/6~bl; +http://www.semrush.com/bot.html)"
202.75.86.175 - - [22/Aug/2019:04:33:01 +0000] "POST /book-now HTTP/1.1" 302 376 "https://www.national.hr/book-now?start_date=30.12.2019.&end_date=31.12.2019.&persons=2" "Mozilla/5.0 (Windows NT 6.1; Win64; x64) AppleWebKit/537.36 (KHTML, like Gecko) Chrome/76.0.3809.100 Safari/537.36"
202.75.86.175 - - [22/Aug/2019:04:33:01 +0000] "GET /thank-you HTTP/1.1" 200 3417 "https://www.national.hr/book-now?start_date=30.12.2019.&end_date=31.12.2019.&persons=2" "Mozilla/5.0 (Windows NT 6.1; Win64; x64) AppleWebKit/537.36 (KHTML, like Gecko) Chrome/76.0.3809.100 Safari/537.36"
46.118.159.4 - - [22/Aug/2019:04:33:39 +0000] "GET /thank-you HTTP/1.0" 301 241 "http://www.national.hr/thank-you" "Mozilla/5.0 (Windows NT 10.0; Win64; x64) AppleWebKit/537.36 (KHTML, like Gecko) Chrome/67.0.3396.99 Safari/537.36"
46.118.159.4 - - [22/Aug/2019:04:33:39 +0000] "GET /thank-you HTTP/1.0" 200 19896 "https://www.national.hr/thank-you" "Mozilla/5.0 (Windows NT 10.0; Win64; x64) AppleWebKit/537.36 (KHTML, like Gecko) Chrome/67.0.3396.99 Safari/537.36"
104.238.3.60 - - [22/Aug/2019:04:54:44 +0000] "GET /en/book-now?start_date=21.09.2019.&end_date=22.09.2019.&persons=2 HTTP/1.1" 301 305 "-" "Mozilla/5.0 (Windows NT 6.3; rv:56.0) Gecko/20100101 Firefox/56.0"
104.238.3.60 - - [22/Aug/2019:04:54:45 +0000] "GET /en/book-now?start_date=21.09.2019.&end_date=22.09.2019.&persons=2 HTTP/1.1" 200 4679 "-" "Mozilla/5.0 (Windows NT 6.3; rv:56.0) Gecko/20100101 Firefox/56.0"
104.238.3.60 - - [22/Aug/2019:04:54:46 +0000] "GET /css/all.css?v=3 HTTP/1.1" 200 112023 "https://www.national.hr/en/book-now?start_date=21.09.2019.&end_date=22.09.2019.&persons=2" "Mozilla/5.0 (Windows NT 6.3; rv:56.0) Gecko/20100101 Firefox/56.0"
54.160.115.15 - - [22/Aug/2019:04:54:46 +0000] "GET /img/demos/hotel/logo.png HTTP/1.1" 200 35182 "https://www.national.hr/en/book-now?start_date=21.09.2019.&end_date=22.09.2019.&persons=2" "Mozilla/5.0 (Windows NT 6.3; rv:56.0) Gecko/20100101 Firefox/56.0"
104.238.3.60 - - [22/Aug/2019:04:54:46 +0000] "GET /js/jquery.cookie.js HTTP/1.1" 200 2966 "https://www.national.hr/en/book-now?start_date=21.09.2019.&end_date=22.09.2019.&persons=2" "Mozilla/5.0 (Windows NT 6.3; rv:56.0) Gecko/20100101 Firefox/56.0"
54.160.115.15 - - [22/Aug/2019:04:54:46 +0000] "GET /uploads/thumbnails/f125cd41427d7dda3bed18b5c7b3837f.jpg HTTP/1.1" 200 39654 "https://www.national.hr/en/book-now?start_date=21.09.2019.&end_date=22.09.2019.&persons=2" "Mozilla/5.0 (Windows NT 6.3; rv:56.0) Gecko/20100101 Firefox/56.0"
54.160.115.15 - - [22/Aug/2019:04:54:46 +0000] "GET /uploads/thumbnails/bab51afaaa78f93592fe6de6b5b4dae5.jpg HTTP/1.1" 200 48605 "https://www.national.hr/en/book-now?start_date=21.09.2019.&end_date=22.09.2019.&persons=2" "Mozilla/5.0 (Windows NT 6.3; rv:56.0) Gecko/20100101 Firefox/56.0"
54.160.115.15 - - [22/Aug/2019:04:54:46 +0000] "GET /uploads/thumbnails/7b775c2320ed1d591b1999fdd875af2c.jpg HTTP/1.1" 200 54168 "https://www.national.hr/en/book-now?start_date=21.09.2019.&end_date=22.09.2019.&persons=2" "Mozilla/5.0 (Windows NT 6.3; rv:56.0) Gecko/20100101 Firefox/56.0"
54.160.115.15 - - [22/Aug/2019:04:54:46 +0000] "GET /uploads/thumbnails/aa39d423c5d63c3b6952010631b975fc.jpg HTTP/1.1" 200 49760 "https://www.national.hr/en/book-now?start_date=21.09.2019.&end_date=22.09.2019.&persons=2" "Mozilla/5.0 (Windows NT 6.3; rv:56.0) Gecko/20100101 Firefox/56.0"
54.160.115.15 - - [22/Aug/2019:04:54:47 +0000] "GET /uploads/thumbnails/f01fea6613c1d0615eb94db24bda1949.jpg HTTP/1.1" 200 51074 "https://www.national.hr/en/book-now?start_date=21.09.2019.&end_date=22.09.2019.&persons=2" "Mozilla/5.0 (Windows NT 6.3; rv:56.0) Gecko/20100101 Firefox/56.0"
104.238.3.60 - - [22/Aug/2019:04:54:47 +0000] "GET /vendor/flag/flags/4x3/gb.svg HTTP/1.1" 200 989 "https://www.national.hr/css/all.css?v=3" "Mozilla/5.0 (Windows NT 6.3; rv:56.0) Gecko/20100101 Firefox/56.0"
104.238.3.60 - - [22/Aug/2019:04:54:47 +0000] "GET /vendor/simple-line-icons/fonts/Simple-Line-Icons.ttf?v=2.4.0 HTTP/1.1" 200 54056 "https://www.national.hr/css/all.css?v=3" "Mozilla/5.0 (Windows NT 6.3; rv:56.0) Gecko/20100101 Firefox/56.0"
104.238.3.60 - - [22/Aug/2019:04:54:47 +0000] "GET /vendor/flag/flags/4x3/hr.svg HTTP/1.1" 200 80697 "https://www.national.hr/css/all.css?v=3" "Mozilla/5.0 (Windows NT 6.3; rv:56.0) Gecko/20100101 Firefox/56.0"
54.160.115.15 - - [22/Aug/2019:04:54:47 +0000] "GET /uploads/thumbnails/981425a45401f30363a3cd0048fe066a.jpg HTTP/1.1" 200 32216 "https://www.national.hr/en/book-now?start_date=21.09.2019.&end_date=22.09.2019.&persons=2" "Mozilla/5.0 (Windows NT 6.3; rv:56.0) Gecko/20100101 Firefox/56.0"
54.160.115.15 - - [22/Aug/2019:04:54:47 +0000] "GET /uploads/thumbnails/267847a9e165ba5dcddabf87626a900b.jpg HTTP/1.1" 200 37990 "https://www.national.hr/en/book-now?start_date=21.09.2019.&end_date=22.09.2019.&persons=2" "Mozilla/5.0 (Windows NT 6.3; rv:56.0) Gecko/20100101 Firefox/56.0"
104.238.3.60 - - [22/Aug/2019:04:54:46 +0000] "GET /js/all.js?v=2 HTTP/1.1" 200 198825 "https://www.national.hr/en/book-now?start_date=21.09.2019.&end_date=22.09.2019.&persons=2" "Mozilla/5.0 (Windows NT 6.3; rv:56.0) Gecko/20100101 Firefox/56.0"
54.160.115.15 - - [22/Aug/2019:04:54:47 +0000] "GET /img/demos/hotel/logo-hotel-footer.png HTTP/1.1" 200 3378 "https://www.national.hr/en/book-now?start_date=21.09.2019.&end_date=22.09.2019.&persons=2" "Mozilla/5.0 (Windows NT 6.3; rv:56.0) Gecko/20100101 Firefox/56.0"
54.160.115.15 - - [22/Aug/2019:04:54:47 +0000] "GET /uploads/thumbnails/dc925deb428c906da547101d15f17349.jpg HTTP/1.1" 200 34709 "https://www.national.hr/en/book-now?start_date=21.09.2019.&end_date=22.09.2019.&persons=2" "Mozilla/5.0 (Windows NT 6.3; rv:56.0) Gecko/20100101 Firefox/56.0"
104.238.3.60 - - [22/Aug/2019:04:54:47 +0000] "GET /vendor/font-awesome/fonts/fontawesome-webfont.woff?v=4.7.0 HTTP/1.1" 200 98024 "https://www.national.hr/css/all.css?v=3" "Mozilla/5.0 (Windows NT 6.3; rv:56.0) Gecko/20100101 Firefox/56.0"
54.160.115.15 - - [22/Aug/2019:04:54:47 +0000] "GET /uploads/thumbnails/5a6bea3e09cb91f49a3fffa735e57a0e.jpg HTTP/1.1" 200 34458 "https://www.national.hr/en/book-now?start_date=21.09.2019.&end_date=22.09.2019.&persons=2" "Mozilla/5.0 (Windows NT 6.3; rv:56.0) Gecko/20100101 Firefox/56.0"
54.160.115.15 - - [22/Aug/2019:04:54:47 +0000] "GET /uploads/thumbnails/8e6f8799bbe0982d5e777307976546fb.jpg HTTP/1.1" 200 36643 "https://www.national.hr/en/book-now?start_date=21.09.2019.&end_date=22.09.2019.&persons=2" "Mozilla/5.0 (Windows NT 6.3; rv:56.0) Gecko/20100101 Firefox/56.0"
54.160.115.15 - - [22/Aug/2019:04:54:48 +0000] "GET /img/demos/hotel/patterns/pattern.jpg HTTP/1.1" 200 3531 "https://www.national.hr/css/all.css?v=3" "Mozilla/5.0 (Windows NT 6.3; rv:56.0) Gecko/20100101 Firefox/56.0"
104.171.149.211 - - [22/Aug/2019:05:18:35 +0000] "GET /en/book-now?start_date=21.09.2019.&end_date=22.09.2019.&persons=2 HTTP/1.1" 301 305 "-" "Mozilla/5.0 (Windows NT 6.3; rv:58.0) Gecko/20100101 Firefox/58.0"
104.171.149.211 - - [22/Aug/2019:05:18:35 +0000] "GET /en/book-now?start_date=21.09.2019.&end_date=22.09.2019.&persons=2 HTTP/1.1" 200 4675 "-" "Mozilla/5.0 (Windows NT 6.3; rv:58.0) Gecko/20100101 Firefox/58.0"
104.171.149.211 - - [22/Aug/2019:05:18:36 +0000] "GET /css/all.css?v=3 HTTP/1.1" 200 112023 "https://www.national.hr/en/book-now?start_date=21.09.2019.&end_date=22.09.2019.&persons=2" "Mozilla/5.0 (Windows NT 6.3; rv:58.0) Gecko/20100101 Firefox/58.0"
100.27.10.239 - - [22/Aug/2019:05:18:36 +0000] "GET /img/demos/hotel/logo.png HTTP/1.1" 200 35182 "https://www.national.hr/en/book-now?start_date=21.09.2019.&end_date=22.09.2019.&persons=2" "Mozilla/5.0 (Windows NT 6.3; rv:58.0) Gecko/20100101 Firefox/58.0"
104.171.149.211 - - [22/Aug/2019:05:18:36 +0000] "GET /js/jquery.cookie.js HTTP/1.1" 200 2966 "https://www.national.hr/en/book-now?start_date=21.09.2019.&end_date=22.09.2019.&persons=2" "Mozilla/5.0 (Windows NT 6.3; rv:58.0) Gecko/20100101 Firefox/58.0"
100.27.10.239 - - [22/Aug/2019:05:18:36 +0000] "GET /uploads/thumbnails/aa39d423c5d63c3b6952010631b975fc.jpg HTTP/1.1" 200 49760 "https://www.national.hr/en/book-now?start_date=21.09.2019.&end_date=22.09.2019.&persons=2" "Mozilla/5.0 (Windows NT 6.3; rv:58.0) Gecko/20100101 Firefox/58.0"
100.27.10.239 - - [22/Aug/2019:05:18:36 +0000] "GET /uploads/thumbnails/bab51afaaa78f93592fe6de6b5b4dae5.jpg HTTP/1.1" 200 48605 "https://www.national.hr/en/book-now?start_date=21.09.2019.&end_date=22.09.2019.&persons=2" "Mozilla/5.0 (Windows NT 6.3; rv:58.0) Gecko/20100101 Firefox/58.0"
100.27.10.239 - - [22/Aug/2019:05:18:36 +0000] "GET /uploads/thumbnails/7b775c2320ed1d591b1999fdd875af2c.jpg HTTP/1.1" 200 54168 "https://www.national.hr/en/book-now?start_date=21.09.2019.&end_date=22.09.2019.&persons=2" "Mozilla/5.0 (Windows NT 6.3; rv:58.0) Gecko/20100101 Firefox/58.0"
