93.138.4.132 - - [25/Aug/2019:17:51:14 +0000] "GET /vendor/simple-line-icons/fonts/Simple-Line-Icons.woff2?v=2.4.0 HTTP/1.1" 200 30064 "https://www.national.hr/" "Mozilla/5.0 (iPhone; CPU iPhone OS 12_4 like Mac OS X) AppleWebKit/605.1.15 (KHTML, like Gecko) Mobile/15E148 Instagram 107.0.0.9.119 (iPhone7,2; iOS 12_4; hr_HR; hr-HR; scale=2.00; 750x1334; 167752007)"
93.138.4.132 - - [25/Aug/2019:17:51:14 +0000] "GET /vendor/font-awesome/fonts/fontawesome-webfont.woff2?v=4.7.0 HTTP/1.1" 200 77160 "https://www.national.hr/" "Mozilla/5.0 (iPhone; CPU iPhone OS 12_4 like Mac OS X) AppleWebKit/605.1.15 (KHTML, like Gecko) Mobile/15E148 Instagram 107.0.0.9.119 (iPhone7,2; iOS 12_4; hr_HR; hr-HR; scale=2.00; 750x1334; 167752007)"
93.138.4.132 - - [25/Aug/2019:17:51:15 +0000] "GET /img/demos/hotel/parallax-hotel-map.png HTTP/1.1" 200 76744 "https://www.national.hr/" "Mozilla/5.0 (iPhone; CPU iPhone OS 12_4 like Mac OS X) AppleWebKit/605.1.15 (KHTML, like Gecko) Mobile/15E148 Instagram 107.0.0.9.119 (iPhone7,2; iOS 12_4; hr_HR; hr-HR; scale=2.00; 750x1334; 167752007)"
93.138.4.132 - - [25/Aug/2019:17:51:15 +0000] "GET /img/demos/hotel/parallax-hotel.jpg HTTP/1.1" 200 167506 "https://www.national.hr/" "Mozilla/5.0 (iPhone; CPU iPhone OS 12_4 like Mac OS X) AppleWebKit/605.1.15 (KHTML, like Gecko) Mobile/15E148 Instagram 107.0.0.9.119 (iPhone7,2; iOS 12_4; hr_HR; hr-HR; scale=2.00; 750x1334; 167752007)"
60.191.38.77 - - [25/Aug/2019:18:23:41 +0000] "GET / HTTP/1.1" 200 36530 "-" "Mozilla/5.0 (Macintosh; Intel Mac OS X 10.11; rv:47.0) Gecko/20100101 Firefox/47.0"
66.249.64.187 - - [25/Aug/2019:18:31:01 +0000] "GET /hr HTTP/1.1" 200 6780 "-" "Mozilla/5.0 (compatible; Googlebot/2.1; +http://www.google.com/bot.html)"
35.227.63.219 - - [25/Aug/2019:18:42:40 +0000] "GET /robots.txt HTTP/1.0" 301 242 "-" "ZoominfoBot (zoominfobot at zoominfo dot com)"
35.227.63.219 - - [25/Aug/2019:18:42:41 +0000] "GET /robots.txt HTTP/1.1" 200 24 "-" "ZoominfoBot (zoominfobot at zoominfo dot com)"
35.227.63.219 - - [25/Aug/2019:18:42:41 +0000] "GET / HTTP/1.0" 301 232 "-" "ZoominfoBot (zoominfobot at zoominfo dot com)"
40.77.167.156 - - [25/Aug/2019:18:46:54 +0000] "GET /hr/sobe/hotel-national-dvokrevetna-soba-s-pomocnim-krevetom HTTP/1.1" 200 4115 "-" "Mozilla/5.0 (compatible; bingbot/2.0; +http://www.bing.com/bingbot.htm)"
35.227.63.219 - - [25/Aug/2019:18:48:58 +0000] "GET /robots.txt HTTP/1.0" 301 242 "-" "ZoominfoBot (zoominfobot at zoominfo dot com)"
35.227.63.219 - - [25/Aug/2019:18:48:58 +0000] "GET /robots.txt HTTP/1.1" 200 24 "-" "ZoominfoBot (zoominfobot at zoominfo dot com)"
35.227.63.219 - - [25/Aug/2019:18:48:58 +0000] "GET / HTTP/1.0" 301 232 "-" "ZoominfoBot (zoominfobot at zoominfo dot com)"
35.227.63.219 - - [25/Aug/2019:18:48:59 +0000] "GET /robots.txt HTTP/1.0" 200 24 "-" "ZoominfoBot (zoominfobot at zoominfo dot com)"
35.227.63.219 - - [25/Aug/2019:18:48:59 +0000] "GET / HTTP/1.0" 200 6860 "-" "ZoominfoBot (zoominfobot at zoominfo dot com)"
66.249.76.159 - - [25/Aug/2019:19:04:57 +0000] "GET /favicon.ico HTTP/1.1" 404 1104 "-" "Googlebot-Image/1.0"
35.237.6.60 - - [25/Aug/2019:19:15:07 +0000] "GET / HTTP/1.1" 301 232 "-" "Mozilla/5.0 (X11; U; Linux i686; en-US; rv:1.4) Gecko/20030624"
35.237.6.60 - - [25/Aug/2019:19:15:08 +0000] "GET / HTTP/1.1" 200 6860 "-" "Mozilla/5.0 (X11; U; Linux i686; en-US; rv:1.4) Gecko/20030624"
35.237.6.60 - - [25/Aug/2019:19:15:08 +0000] "GET / HTTP/1.1" 301 232 "-" "Mozilla/5.0 (X11; U; Linux i686; en-US; rv:1.4) Gecko/20030624"
35.237.6.60 - - [25/Aug/2019:19:15:08 +0000] "GET / HTTP/1.1" 200 6860 "-" "Mozilla/5.0 (X11; U; Linux i686; en-US; rv:1.4) Gecko/20030624"
95.163.255.203 - - [25/Aug/2019:19:17:56 +0000] "GET /robots.txt HTTP/1.0" 200 24 "-" "Mozilla/5.0 (compatible; Linux x86_64; Mail.RU_Bot/2.0; +http://go.mail.ru/help/robots)"
95.163.255.225 - - [25/Aug/2019:19:17:58 +0000] "GET /hr/obrasci HTTP/1.1" 200 3327 "-" "Mozilla/5.0 (compatible; Linux x86_64; Mail.RU_Bot/2.0; +http://go.mail.ru/help/robots)"
95.168.121.28 - - [25/Aug/2019:19:45:31 +0000] "GET /hr HTTP/1.1" 200 6780 "https://www.google.com/" "Mozilla/5.0 (Linux; U; Android 8.1.0; en-US; BV9500 Build/O11019) AppleWebKit/537.36 (KHTML, like Gecko) Version/4.0 Chrome/57.0.2987.108 UCBrowser/12.13.0.1207 Mobile Safari/537.36"
95.168.121.28 - - [25/Aug/2019:19:45:45 +0000] "GET /hr/sobe HTTP/1.1" 200 4746 "https://www.national.hr/hr" "Mozilla/5.0 (Linux; U; Android 8.1.0; en-US; BV9500 Build/O11019) AppleWebKit/537.36 (KHTML, like Gecko) Version/4.0 Chrome/57.0.2987.108 UCBrowser/12.13.0.1207 Mobile Safari/537.36"
95.168.121.28 - - [25/Aug/2019:19:45:56 +0000] "GET /hr/sobe/hotel-national-deluxe-apartman-s-balkonom HTTP/1.1" 200 4138 "https://www.national.hr/hr/sobe" "Mozilla/5.0 (Linux; U; Android 8.1.0; en-US; BV9500 Build/O11019) AppleWebKit/537.36 (KHTML, like Gecko) Version/4.0 Chrome/57.0.2987.108 UCBrowser/12.13.0.1207 Mobile Safari/537.36"
107.21.1.8 - - [25/Aug/2019:19:47:57 +0000] "GET / HTTP/1.1" 301 232 "http://www.national.hr/" "Mozilla/5.0 (compatible; DuckDuckGo-Favicons-Bot/1.0; +http://duckduckgo.com)"
107.21.1.8 - - [25/Aug/2019:19:47:58 +0000] "GET / HTTP/1.1" 200 6860 "https://www.national.hr/" "Mozilla/5.0 (compatible; DuckDuckGo-Favicons-Bot/1.0; +http://duckduckgo.com)"
107.21.1.8 - - [25/Aug/2019:19:47:58 +0000] "GET /img/favicon.ico HTTP/1.1" 200 15086 "https://www.national.hr/img/favicon.ico" "Mozilla/5.0 (compatible; DuckDuckGo-Favicons-Bot/1.0; +http://duckduckgo.com)"
207.46.13.37 - - [25/Aug/2019:19:49:50 +0000] "GET /uploads/images/b34589398309ca3348385141500e55b2.jpg HTTP/1.1" 301 283 "-" "Mozilla/5.0 (compatible; bingbot/2.0; +http://www.bing.com/bingbot.htm)"
207.46.13.37 - - [25/Aug/2019:19:49:51 +0000] "GET /uploads/images/b34589398309ca3348385141500e55b2.jpg HTTP/1.1" 200 173895 "-" "Mozilla/5.0 (compatible; bingbot/2.0; +http://www.bing.com/bingbot.htm)"
207.46.13.184 - - [25/Aug/2019:19:50:28 +0000] "GET /uploads/images/6f3efde49962ecb979e4d225adca5450.jpg HTTP/1.1" 200 292022 "-" "Mozilla/5.0 (compatible; bingbot/2.0; +http://www.bing.com/bingbot.htm)"
207.46.13.167 - - [25/Aug/2019:19:50:56 +0000] "GET /rooms/double-room HTTP/1.1" 500 4485 "-" "Mozilla/5.0 (compatible; bingbot/2.0; +http://www.bing.com/bingbot.htm)"
18.206.15.215 - - [25/Aug/2019:19:53:51 +0000] "GET /robots.txt HTTP/1.1" 200 24 "-" "CCBot/2.0 (https://commoncrawl.org/faq/)"
18.206.15.215 - - [25/Aug/2019:19:53:51 +0000] "GET /rooms/depadanse-national-plus-single-room HTTP/1.1" 200 3830 "-" "CCBot/2.0 (https://commoncrawl.org/faq/)"
18.206.15.215 - - [25/Aug/2019:19:53:59 +0000] "GET /rooms/depadanse-national-plus-double-room-economy-with-double-bed HTTP/1.1" 200 3831 "-" "CCBot/2.0 (https://commoncrawl.org/faq/)"
18.206.15.215 - - [25/Aug/2019:19:54:03 +0000] "GET /rooms/hotel-national-double-room HTTP/1.1" 200 4031 "-" "CCBot/2.0 (https://commoncrawl.org/faq/)"
18.206.15.215 - - [25/Aug/2019:19:55:51 +0000] "GET /rooms/hotel-national-twin-room HTTP/1.1" 200 3995 "-" "CCBot/2.0 (https://commoncrawl.org/faq/)"
23.100.232.233 - - [25/Aug/2019:19:55:55 +0000] "GET / HTTP/1.1" 200 6860 "http://www.bing.com/search?q=hotel+national+zagreb&form=MSNH14&sc=8-4&sp=-1&qs=n&sk=" "Mozilla/5.0 (compatible; MSIE 9.0; Windows NT 6.1; Trident/5.0; Trident/5.0)"
23.100.232.233 - - [25/Aug/2019:19:55:56 +0000] "GET /img/demos/hotel/logo.png HTTP/1.1" 200 35182 "https://www.national.hr/" "Mozilla/5.0 (compatible; MSIE 9.0; Windows NT 6.1; Trident/5.0; Trident/5.0)"
23.100.232.233 - - [25/Aug/2019:19:55:56 +0000] "GET /css/all.css?v=3 HTTP/1.1" 200 112023 "https://www.national.hr/" "Mozilla/5.0 (compatible; MSIE 9.0; Windows NT 6.1; Trident/5.0; Trident/5.0)"
23.100.232.233 - - [25/Aug/2019:19:55:57 +0000] "GET /uploads/images/8c445163a5b20b6c6ecf319345f02f95.jpg HTTP/1.1" 200 75410 "https://www.national.hr/" "Mozilla/5.0 (compatible; MSIE 9.0; Windows NT 6.1; Trident/5.0; Trident/5.0)"
23.100.232.233 - - [25/Aug/2019:19:55:57 +0000] "GET /uploads/images/7fc2d1450464345ae02e3075468d7d84.jpg HTTP/1.1" 200 90665 "https://www.national.hr/" "Mozilla/5.0 (compatible; MSIE 9.0; Windows NT 6.1; Trident/5.0; Trident/5.0)"
23.100.232.233 - - [25/Aug/2019:19:55:58 +0000] "GET /uploads/images/483ce54ee782ddf2edc01706c3ad766e.jpg HTTP/1.1" 200 242423 "https://www.national.hr/" "Mozilla/5.0 (compatible; MSIE 9.0; Windows NT 6.1; Trident/5.0; Trident/5.0)"
23.100.232.233 - - [25/Aug/2019:19:55:58 +0000] "GET /uploads/images/6f3efde49962ecb979e4d225adca5450.jpg HTTP/1.1" 200 292022 "https://www.national.hr/" "Mozilla/5.0 (compatible; MSIE 9.0; Windows NT 6.1; Trident/5.0; Trident/5.0)"
23.100.232.233 - - [25/Aug/2019:19:55:59 +0000] "GET /img/demos/hotel/gallery/gallery-3.jpg HTTP/1.1" 200 16588 "https://www.national.hr/" "Mozilla/5.0 (compatible; MSIE 9.0; Windows NT 6.1; Trident/5.0; Trident/5.0)"
23.100.232.233 - - [25/Aug/2019:19:55:59 +0000] "GET /img/demos/hotel/gallery/gallery-2.jpg HTTP/1.1" 200 9537 "https://www.national.hr/" "Mozilla/5.0 (compatible; MSIE 9.0; Windows NT 6.1; Trident/5.0; Trident/5.0)"
23.100.232.233 - - [25/Aug/2019:19:56:00 +0000] "GET /img/demos/hotel/play-icon.png HTTP/1.1" 200 2559 "https://www.national.hr/" "Mozilla/5.0 (compatible; MSIE 9.0; Windows NT 6.1; Trident/5.0; Trident/5.0)"
23.100.232.233 - - [25/Aug/2019:19:56:00 +0000] "GET /uploads/thumbnails/340c06dfb22f6167dc7705fdd350551c.jpg HTTP/1.1" 200 52231 "https://www.national.hr/" "Mozilla/5.0 (compatible; MSIE 9.0; Windows NT 6.1; Trident/5.0; Trident/5.0)"
23.100.232.233 - - [25/Aug/2019:19:56:02 +0000] "GET /img/demos/hotel/logo-hotel-footer.png HTTP/1.1" 200 3378 "https://www.national.hr/" "Mozilla/5.0 (compatible; MSIE 9.0; Windows NT 6.1; Trident/5.0; Trident/5.0)"
23.100.232.233 - - [25/Aug/2019:19:56:02 +0000] "GET /uploads/thumbnails/5f7b6a433c8553b967e4c6fb4209a9f8.jpg HTTP/1.1" 200 77162 "https://www.national.hr/" "Mozilla/5.0 (compatible; MSIE 9.0; Windows NT 6.1; Trident/5.0; Trident/5.0)"
23.100.232.233 - - [25/Aug/2019:19:56:02 +0000] "GET /js/jquery.cookie.js HTTP/1.1" 200 2966 "https://www.national.hr/" "Mozilla/5.0 (compatible; MSIE 9.0; Windows NT 6.1; Trident/5.0; Trident/5.0)"
23.100.232.233 - - [25/Aug/2019:19:56:02 +0000] "GET /img/demos/hotel/video-cover-bg-1.jpg HTTP/1.1" 200 102737 "https://www.national.hr/" "Mozilla/5.0 (compatible; MSIE 9.0; Windows NT 6.1; Trident/5.0; Trident/5.0)"
23.100.232.233 - - [25/Aug/2019:19:56:03 +0000] "GET /uploads/thumbnails/2c67b6eb0488329db46487d1dc98d07f.jpg HTTP/1.1" 200 62273 "https://www.national.hr/" "Mozilla/5.0 (compatible; MSIE 9.0; Windows NT 6.1; Trident/5.0; Trident/5.0)"
23.100.232.233 - - [25/Aug/2019:19:56:03 +0000] "GET /uploads/images/5171fc57c12b52ba5693e2efdf1b8bb8.jpg HTTP/1.1" 200 318366 "https://www.national.hr/" "Mozilla/5.0 (compatible; MSIE 9.0; Windows NT 6.1; Trident/5.0; Trident/5.0)"
23.100.232.233 - - [25/Aug/2019:19:56:04 +0000] "GET /img/demos/hotel/gallery/gallery-1.jpg HTTP/1.1" 200 18364 "https://www.national.hr/" "Mozilla/5.0 (compatible; MSIE 9.0; Windows NT 6.1; Trident/5.0; Trident/5.0)"
23.100.232.233 - - [25/Aug/2019:19:56:04 +0000] "GET /js/all.js?v=2 HTTP/1.1" 200 198825 "https://www.national.hr/" "Mozilla/5.0 (compatible; MSIE 9.0; Windows NT 6.1; Trident/5.0; Trident/5.0)"
23.100.232.233 - - [25/Aug/2019:19:56:06 +0000] "GET /img/demos/hotel/parallax-hotel-map.png HTTP/1.1" 200 76744 "https://www.national.hr/" "Mozilla/5.0 (compatible; MSIE 9.0; Windows NT 6.1; Trident/5.0; Trident/5.0)"
23.100.232.233 - - [25/Aug/2019:19:56:06 +0000] "GET /img/demos/hotel/parallax-hotel.jpg HTTP/1.1" 200 167506 "https://www.national.hr/" "Mozilla/5.0 (compatible; MSIE 9.0; Windows NT 6.1; Trident/5.0; Trident/5.0)"
46.118.159.4 - - [25/Aug/2019:20:00:12 +0000] "GET /thank-you HTTP/1.0" 301 241 "http://www.national.hr/thank-you" "Mozilla/5.0 (Windows NT 6.1) AppleWebKit/537.36 (KHTML, like Gecko) Chrome/68.0.3440.106 Safari/537.36"
46.118.159.4 - - [25/Aug/2019:20:00:13 +0000] "GET /thank-you HTTP/1.0" 200 19896 "https://www.national.hr/thank-you" "Mozilla/5.0 (Windows NT 6.1) AppleWebKit/537.36 (KHTML, like Gecko) Chrome/68.0.3440.106 Safari/537.36"
188.252.217.162 - - [25/Aug/2019:20:05:28 +0000] "GET /wp-login.php HTTP/1.1" 301 244 "-" "Mozilla/5.0 (Windows NT 6.1; WOW64; rv:40.0) Gecko/20100101 Firefox/40.1"
188.252.217.162 - - [25/Aug/2019:20:05:28 +0000] "GET /wp-login.php HTTP/1.1" 404 1104 "-" "Mozilla/5.0 (Windows NT 6.1; WOW64; rv:40.0) Gecko/20100101 Firefox/40.1"
188.252.217.162 - - [25/Aug/2019:20:05:28 +0000] "GET / HTTP/1.1" 301 232 "-" "Mozilla/5.0 (Windows NT 6.1; WOW64; rv:40.0) Gecko/20100101 Firefox/40.1"
188.252.217.162 - - [25/Aug/2019:20:05:28 +0000] "GET / HTTP/1.1" 200 36530 "-" "Mozilla/5.0 (Windows NT 6.1; WOW64; rv:40.0) Gecko/20100101 Firefox/40.1"
54.36.149.78 - - [25/Aug/2019:20:05:32 +0000] "GET / HTTP/1.1" 301 232 "-" "Mozilla/5.0 (compatible; AhrefsBot/6.1; +http://ahrefs.com/robot/)"
18.206.15.215 - - [25/Aug/2019:20:13:32 +0000] "GET /rooms/depadanse-national-plus-apartment HTTP/1.1" 200 3900 "-" "CCBot/2.0 (https://commoncrawl.org/faq/)"
103.215.218.206 - - [25/Aug/2019:20:16:12 +0000] "GET /book-now HTTP/1.0" 200 33048 "-" "Mozilla/5.0 (Windows NT 10.0; Win64; x64) AppleWebKit/537.36 (KHTML, like Gecko) Chrome/71.0.3578.98 Safari/537.36"
18.206.15.215 - - [25/Aug/2019:20:18:38 +0000] "GET /rooms/hotel-national-double-room-with-an-extra-bed HTTP/1.1" 200 3991 "-" "CCBot/2.0 (https://commoncrawl.org/faq/)"
46.229.168.145 - - [25/Aug/2019:20:33:11 +0000] "GET /robots.txt HTTP/1.1" 200 24 "-" "Mozilla/5.0 (compatible; SemrushBot/6~bl; +http://www.semrush.com/bot.html)"
46.229.168.145 - - [25/Aug/2019:20:33:12 +0000] "GET /news/things-to-do-and-see-in-zagreb HTTP/1.1" 200 6184 "-" "Mozilla/5.0 (compatible; SemrushBot/6~bl; +http://www.semrush.com/bot.html)"
18.206.15.215 - - [25/Aug/2019:20:36:17 +0000] "GET /book-now HTTP/1.1" 200 4800 "-" "CCBot/2.0 (https://commoncrawl.org/faq/)"
46.229.168.136 - - [25/Aug/2019:20:39:20 +0000] "GET /en/rooms/depadanse-national-plus-apartment HTTP/1.1" 200 3901 "-" "Mozilla/5.0 (compatible; SemrushBot/6~bl; +http://www.semrush.com/bot.html)"
18.206.15.215 - - [25/Aug/2019:20:43:43 +0000] "GET /rooms/depadanse-national-plus-double-room-with-double-bed HTTP/1.1" 200 3888 "-" "CCBot/2.0 (https://commoncrawl.org/faq/)"
35.237.113.97 - - [25/Aug/2019:20:46:13 +0000] "GET /robots.txt HTTP/1.0" 200 24 "-" "ZoominfoBot (zoominfobot at zoominfo dot com)"
35.237.113.97 - - [25/Aug/2019:20:46:13 +0000] "GET /hotel HTTP/1.0" 200 5081 "-" "ZoominfoBot (zoominfobot at zoominfo dot com)"
18.206.15.215 - - [25/Aug/2019:20:46:13 +0000] "GET /rooms/hotel-national-single-room HTTP/1.1" 200 3974 "-" "CCBot/2.0 (https://commoncrawl.org/faq/)"
35.237.113.97 - - [25/Aug/2019:20:46:14 +0000] "GET /privacy-policy HTTP/1.0" 200 6677 "-" "ZoominfoBot (zoominfobot at zoominfo dot com)"
18.206.15.215 - - [25/Aug/2019:20:46:18 +0000] "GET /rooms/depadanse-national-plus-double-room-with-extra-bed HTTP/1.1" 200 3833 "-" "CCBot/2.0 (https://commoncrawl.org/faq/)"
35.237.113.97 - - [25/Aug/2019:20:48:52 +0000] "GET /documents HTTP/1.0" 200 3250 "-" "ZoominfoBot (zoominfobot at zoominfo dot com)"
18.206.15.215 - - [25/Aug/2019:20:55:03 +0000] "GET /rooms/depadanse-national-plus-economy-room-with-double-bed-and-extra-bed HTTP/1.1" 200 3841 "-" "CCBot/2.0 (https://commoncrawl.org/faq/)"
18.206.15.215 - - [25/Aug/2019:20:56:24 +0000] "GET /rooms/hotel-national-economy-double-room HTTP/1.1" 200 3997 "-" "CCBot/2.0 (https://commoncrawl.org/faq/)"
35.237.113.97 - - [25/Aug/2019:20:57:57 +0000] "GET /news/the-national-zagrebacko-zagrijavanje-za-superuho-festival-10072018-at-21-00h HTTP/1.0" 200 4240 "-" "ZoominfoBot (zoominfobot at zoominfo dot com)"
35.237.113.97 - - [25/Aug/2019:21:00:49 +0000] "GET /news HTTP/1.0" 200 5523 "-" "ZoominfoBot (zoominfobot at zoominfo dot com)"
35.237.113.97 - - [25/Aug/2019:21:02:12 +0000] "GET /news/valentines-week-in-hotel-national-from-1102-1702 HTTP/1.0" 200 3586 "-" "ZoominfoBot (zoominfobot at zoominfo dot com)"
66.249.76.159 - - [25/Aug/2019:21:02:13 +0000] "GET /uploads/images/74e5acd9171dcd379d153b3ecf796447.jpg HTTP/1.1" 304 - "-" "Googlebot-Image/1.0"
35.237.113.97 - - [25/Aug/2019:21:05:37 +0000] "GET /rooms HTTP/1.0" 200 4642 "-" "ZoominfoBot (zoominfobot at zoominfo dot com)"
18.206.15.215 - - [25/Aug/2019:21:05:46 +0000] "GET /rooms/hotel-national-deluxe-apartment-with-balcony HTTP/1.1" 200 4022 "-" "CCBot/2.0 (https://commoncrawl.org/faq/)"
18.206.15.215 - - [25/Aug/2019:21:06:07 +0000] "GET /contact HTTP/1.1" 200 3922 "-" "CCBot/2.0 (https://commoncrawl.org/faq/)"
35.237.113.97 - - [25/Aug/2019:21:07:45 +0000] "GET /book-now HTTP/1.0" 200 4802 "-" "ZoominfoBot (zoominfobot at zoominfo dot com)"
18.206.15.215 - - [25/Aug/2019:21:08:37 +0000] "GET /rooms HTTP/1.1" 200 4642 "-" "CCBot/2.0 (https://commoncrawl.org/faq/)"
35.237.113.97 - - [25/Aug/2019:21:09:11 +0000] "GET /news/summer-picknic-in-zagreb-2nd-to-30th-august-every-thursday-in-the-afternoon-evening-18-23h HTTP/1.0" 200 4236 "-" "ZoominfoBot (zoominfobot at zoominfo dot com)"
35.237.113.97 - - [25/Aug/2019:21:10:05 +0000] "GET /hr HTTP/1.0" 200 6780 "-" "ZoominfoBot (zoominfobot at zoominfo dot com)"
77.75.79.62 - - [25/Aug/2019:21:11:12 +0000] "GET /robots.txt HTTP/1.1" 200 24 "-" "Mozilla/5.0 (compatible; SeznamBot/3.2; +http://napoveda.seznam.cz/en/seznambot-intro/)"
77.75.79.62 - - [25/Aug/2019:21:11:12 +0000] "GET /img/hotel/8181388_orig.jpg HTTP/1.1" 304 - "-" "Mozilla/5.0 (compatible; SeznamBot/3.2; +http://napoveda.seznam.cz/en/seznambot-intro/)"
78.16.201.178 - - [25/Aug/2019:21:12:35 +0000] "GET /img/apple-touch-icon.png HTTP/1.1" 200 7831 "-" "Mozilla/5.0 (iPhone; CPU iPhone OS 12_3_1 like Mac OS X) AppleWebKit/605.1.15 (KHTML, like Gecko) FxiOS/18.2b15817 Mobile/15E148 Safari/605.1.15"
78.16.201.178 - - [25/Aug/2019:21:12:35 +0000] "GET /img/apple-touch-icon.png HTTP/1.1" 200 7831 "-" "Mozilla/5.0 (iPhone; CPU iPhone OS 12_3_1 like Mac OS X) AppleWebKit/605.1.15 (KHTML, like Gecko) FxiOS/18.2b15817 Mobile/15E148 Safari/605.1.15"
35.237.113.97 - - [25/Aug/2019:21:12:39 +0000] "GET /en HTTP/1.0" 200 6860 "-" "ZoominfoBot (zoominfobot at zoominfo dot com)"
35.237.113.97 - - [25/Aug/2019:21:12:51 +0000] "GET /contact HTTP/1.0" 200 3925 "-" "ZoominfoBot (zoominfobot at zoominfo dot com)"
207.46.13.52 - - [25/Aug/2019:21:13:37 +0000] "GET /hr/sobe/soba-s-dva-razdvojena-kreveta HTTP/1.1" 500 4485 "-" "Mozilla/5.0 (compatible; bingbot/2.0; +http://www.bing.com/bingbot.htm)"
31.217.27.67 - - [25/Aug/2019:21:22:35 +0000] "GET / HTTP/1.1" 301 232 "https://l.instagram.com/" "Mozilla/5.0 (Linux; Android 9; CLT-L29 Build/HUAWEICLT-L29; wv) AppleWebKit/537.36 (KHTML, like Gecko) Version/4.0 Chrome/74.0.3729.157 Mobile Safari/537.36 Instagram 92.0.0.15.114 Android (28/9; 480dpi; 1080x2037; HUAWEI; CLT-L29; HWCLT; kirin970; hr_HR; 153386780)"
31.217.27.67 - - [25/Aug/2019:21:22:36 +0000] "GET / HTTP/1.1" 200 6860 "https://l.instagram.com/" "Mozilla/5.0 (Linux; Android 9; CLT-L29 Build/HUAWEICLT-L29; wv) AppleWebKit/537.36 (KHTML, like Gecko) Version/4.0 Chrome/74.0.3729.157 Mobile Safari/537.36 Instagram 92.0.0.15.114 Android (28/9; 480dpi; 1080x2037; HUAWEI; CLT-L29; HWCLT; kirin970; hr_HR; 153386780)"
31.217.27.67 - - [25/Aug/2019:21:22:36 +0000] "GET /img/demos/hotel/logo.png HTTP/1.1" 200 35182 "https://www.national.hr/" "Mozilla/5.0 (Linux; Android 9; CLT-L29 Build/HUAWEICLT-L29; wv) AppleWebKit/537.36 (KHTML, like Gecko) Version/4.0 Chrome/74.0.3729.157 Mobile Safari/537.36 Instagram 92.0.0.15.114 Android (28/9; 480dpi; 1080x2037; HUAWEI; CLT-L29; HWCLT; kirin970; hr_HR; 153386780)"
31.217.27.67 - - [25/Aug/2019:21:22:36 +0000] "GET /uploads/images/8c445163a5b20b6c6ecf319345f02f95.jpg HTTP/1.1" 200 75410 "https://www.national.hr/" "Mozilla/5.0 (Linux; Android 9; CLT-L29 Build/HUAWEICLT-L29; wv) AppleWebKit/537.36 (KHTML, like Gecko) Version/4.0 Chrome/74.0.3729.157 Mobile Safari/537.36 Instagram 92.0.0.15.114 Android (28/9; 480dpi; 1080x2037; HUAWEI; CLT-L29; HWCLT; kirin970; hr_HR; 153386780)"
31.217.27.67 - - [25/Aug/2019:21:22:36 +0000] "GET /css/all.css?v=3 HTTP/1.1" 200 112023 "https://www.national.hr/" "Mozilla/5.0 (Linux; Android 9; CLT-L29 Build/HUAWEICLT-L29; wv) AppleWebKit/537.36 (KHTML, like Gecko) Version/4.0 Chrome/74.0.3729.157 Mobile Safari/537.36 Instagram 92.0.0.15.114 Android (28/9; 480dpi; 1080x2037; HUAWEI; CLT-L29; HWCLT; kirin970; hr_HR; 153386780)"
31.217.27.67 - - [25/Aug/2019:21:22:36 +0000] "GET /js/jquery.cookie.js HTTP/1.1" 200 2966 "https://www.national.hr/" "Mozilla/5.0 (Linux; Android 9; CLT-L29 Build/HUAWEICLT-L29; wv) AppleWebKit/537.36 (KHTML, like Gecko) Version/4.0 Chrome/74.0.3729.157 Mobile Safari/537.36 Instagram 92.0.0.15.114 Android (28/9; 480dpi; 1080x2037; HUAWEI; CLT-L29; HWCLT; kirin970; hr_HR; 153386780)"
31.217.27.67 - - [25/Aug/2019:21:22:36 +0000] "GET /js/all.js?v=2 HTTP/1.1" 200 198825 "https://www.national.hr/" "Mozilla/5.0 (Linux; Android 9; CLT-L29 Build/HUAWEICLT-L29; wv) AppleWebKit/537.36 (KHTML, like Gecko) Version/4.0 Chrome/74.0.3729.157 Mobile Safari/537.36 Instagram 92.0.0.15.114 Android (28/9; 480dpi; 1080x2037; HUAWEI; CLT-L29; HWCLT; kirin970; hr_HR; 153386780)"
31.217.27.67 - - [25/Aug/2019:21:22:36 +0000] "GET /vendor/simple-line-icons/fonts/Simple-Line-Icons.woff2?v=2.4.0 HTTP/1.1" 200 30064 "https://www.national.hr/css/all.css?v=3" "Mozilla/5.0 (Linux; Android 9; CLT-L29 Build/HUAWEICLT-L29; wv) AppleWebKit/537.36 (KHTML, like Gecko) Version/4.0 Chrome/74.0.3729.157 Mobile Safari/537.36 Instagram 92.0.0.15.114 Android (28/9; 480dpi; 1080x2037; HUAWEI; CLT-L29; HWCLT; kirin970; hr_HR; 153386780)"
31.217.27.67 - - [25/Aug/2019:21:22:36 +0000] "GET /img/demos/hotel/patterns/pattern.jpg HTTP/1.1" 200 3531 "https://www.national.hr/css/all.css?v=3" "Mozilla/5.0 (Linux; Android 9; CLT-L29 Build/HUAWEICLT-L29; wv) AppleWebKit/537.36 (KHTML, like Gecko) Version/4.0 Chrome/74.0.3729.157 Mobile Safari/537.36 Instagram 92.0.0.15.114 Android (28/9; 480dpi; 1080x2037; HUAWEI; CLT-L29; HWCLT; kirin970; hr_HR; 153386780)"
31.217.27.67 - - [25/Aug/2019:21:22:36 +0000] "GET /vendor/font-awesome/fonts/fontawesome-webfont.woff2?v=4.7.0 HTTP/1.1" 200 77160 "https://www.national.hr/css/all.css?v=3" "Mozilla/5.0 (Linux; Android 9; CLT-L29 Build/HUAWEICLT-L29; wv) AppleWebKit/537.36 (KHTML, like Gecko) Version/4.0 Chrome/74.0.3729.157 Mobile Safari/537.36 Instagram 92.0.0.15.114 Android (28/9; 480dpi; 1080x2037; HUAWEI; CLT-L29; HWCLT; kirin970; hr_HR; 153386780)"
31.217.27.67 - - [25/Aug/2019:21:22:36 +0000] "GET /uploads/images/7fc2d1450464345ae02e3075468d7d84.jpg HTTP/1.1" 200 90665 "https://www.national.hr/" "Mozilla/5.0 (Linux; Android 9; CLT-L29 Build/HUAWEICLT-L29; wv) AppleWebKit/537.36 (KHTML, like Gecko) Version/4.0 Chrome/74.0.3729.157 Mobile Safari/537.36 Instagram 92.0.0.15.114 Android (28/9; 480dpi; 1080x2037; HUAWEI; CLT-L29; HWCLT; kirin970; hr_HR; 153386780)"
31.217.27.67 - - [25/Aug/2019:21:22:36 +0000] "GET /uploads/images/5171fc57c12b52ba5693e2efdf1b8bb8.jpg HTTP/1.1" 200 318366 "https://www.national.hr/" "Mozilla/5.0 (Linux; Android 9; CLT-L29 Build/HUAWEICLT-L29; wv) AppleWebKit/537.36 (KHTML, like Gecko) Version/4.0 Chrome/74.0.3729.157 Mobile Safari/537.36 Instagram 92.0.0.15.114 Android (28/9; 480dpi; 1080x2037; HUAWEI; CLT-L29; HWCLT; kirin970; hr_HR; 153386780)"
31.217.27.67 - - [25/Aug/2019:21:22:36 +0000] "GET /uploads/images/483ce54ee782ddf2edc01706c3ad766e.jpg HTTP/1.1" 200 242423 "https://www.national.hr/" "Mozilla/5.0 (Linux; Android 9; CLT-L29 Build/HUAWEICLT-L29; wv) AppleWebKit/537.36 (KHTML, like Gecko) Version/4.0 Chrome/74.0.3729.157 Mobile Safari/537.36 Instagram 92.0.0.15.114 Android (28/9; 480dpi; 1080x2037; HUAWEI; CLT-L29; HWCLT; kirin970; hr_HR; 153386780)"
31.217.27.67 - - [25/Aug/2019:21:22:36 +0000] "GET /img/demos/hotel/gallery/gallery-1.jpg HTTP/1.1" 200 18364 "https://www.national.hr/" "Mozilla/5.0 (Linux; Android 9; CLT-L29 Build/HUAWEICLT-L29; wv) AppleWebKit/537.36 (KHTML, like Gecko) Version/4.0 Chrome/74.0.3729.157 Mobile Safari/537.36 Instagram 92.0.0.15.114 Android (28/9; 480dpi; 1080x2037; HUAWEI; CLT-L29; HWCLT; kirin970; hr_HR; 153386780)"
31.217.27.67 - - [25/Aug/2019:21:22:36 +0000] "GET /img/demos/hotel/gallery/gallery-2.jpg HTTP/1.1" 200 9537 "https://www.national.hr/" "Mozilla/5.0 (Linux; Android 9; CLT-L29 Build/HUAWEICLT-L29; wv) AppleWebKit/537.36 (KHTML, like Gecko) Version/4.0 Chrome/74.0.3729.157 Mobile Safari/537.36 Instagram 92.0.0.15.114 Android (28/9; 480dpi; 1080x2037; HUAWEI; CLT-L29; HWCLT; kirin970; hr_HR; 153386780)"
31.217.27.67 - - [25/Aug/2019:21:22:37 +0000] "GET /img/demos/hotel/gallery/gallery-3.jpg HTTP/1.1" 200 16588 "https://www.national.hr/" "Mozilla/5.0 (Linux; Android 9; CLT-L29 Build/HUAWEICLT-L29; wv) AppleWebKit/537.36 (KHTML, like Gecko) Version/4.0 Chrome/74.0.3729.157 Mobile Safari/537.36 Instagram 92.0.0.15.114 Android (28/9; 480dpi; 1080x2037; HUAWEI; CLT-L29; HWCLT; kirin970; hr_HR; 153386780)"
31.217.27.67 - - [25/Aug/2019:21:22:36 +0000] "GET /uploads/images/6f3efde49962ecb979e4d225adca5450.jpg HTTP/1.1" 200 292022 "https://www.national.hr/" "Mozilla/5.0 (Linux; Android 9; CLT-L29 Build/HUAWEICLT-L29; wv) AppleWebKit/537.36 (KHTML, like Gecko) Version/4.0 Chrome/74.0.3729.157 Mobile Safari/537.36 Instagram 92.0.0.15.114 Android (28/9; 480dpi; 1080x2037; HUAWEI; CLT-L29; HWCLT; kirin970; hr_HR; 153386780)"
31.217.27.67 - - [25/Aug/2019:21:22:37 +0000] "GET /img/demos/hotel/play-icon.png HTTP/1.1" 200 2559 "https://www.national.hr/" "Mozilla/5.0 (Linux; Android 9; CLT-L29 Build/HUAWEICLT-L29; wv) AppleWebKit/537.36 (KHTML, like Gecko) Version/4.0 Chrome/74.0.3729.157 Mobile Safari/537.36 Instagram 92.0.0.15.114 Android (28/9; 480dpi; 1080x2037; HUAWEI; CLT-L29; HWCLT; kirin970; hr_HR; 153386780)"
31.217.27.67 - - [25/Aug/2019:21:22:37 +0000] "GET /uploads/thumbnails/340c06dfb22f6167dc7705fdd350551c.jpg HTTP/1.1" 200 52231 "https://www.national.hr/" "Mozilla/5.0 (Linux; Android 9; CLT-L29 Build/HUAWEICLT-L29; wv) AppleWebKit/537.36 (KHTML, like Gecko) Version/4.0 Chrome/74.0.3729.157 Mobile Safari/537.36 Instagram 92.0.0.15.114 Android (28/9; 480dpi; 1080x2037; HUAWEI; CLT-L29; HWCLT; kirin970; hr_HR; 153386780)"
31.217.27.67 - - [25/Aug/2019:21:22:37 +0000] "GET /uploads/thumbnails/2c67b6eb0488329db46487d1dc98d07f.jpg HTTP/1.1" 200 62273 "https://www.national.hr/" "Mozilla/5.0 (Linux; Android 9; CLT-L29 Build/HUAWEICLT-L29; wv) AppleWebKit/537.36 (KHTML, like Gecko) Version/4.0 Chrome/74.0.3729.157 Mobile Safari/537.36 Instagram 92.0.0.15.114 Android (28/9; 480dpi; 1080x2037; HUAWEI; CLT-L29; HWCLT; kirin970; hr_HR; 153386780)"
31.217.27.67 - - [25/Aug/2019:21:22:37 +0000] "GET /uploads/thumbnails/5f7b6a433c8553b967e4c6fb4209a9f8.jpg HTTP/1.1" 200 77162 "https://www.national.hr/" "Mozilla/5.0 (Linux; Android 9; CLT-L29 Build/HUAWEICLT-L29; wv) AppleWebKit/537.36 (KHTML, like Gecko) Version/4.0 Chrome/74.0.3729.157 Mobile Safari/537.36 Instagram 92.0.0.15.114 Android (28/9; 480dpi; 1080x2037; HUAWEI; CLT-L29; HWCLT; kirin970; hr_HR; 153386780)"
31.217.27.67 - - [25/Aug/2019:21:22:37 +0000] "GET /img/demos/hotel/logo-hotel-footer.png HTTP/1.1" 200 3378 "https://www.national.hr/" "Mozilla/5.0 (Linux; Android 9; CLT-L29 Build/HUAWEICLT-L29; wv) AppleWebKit/537.36 (KHTML, like Gecko) Version/4.0 Chrome/74.0.3729.157 Mobile Safari/537.36 Instagram 92.0.0.15.114 Android (28/9; 480dpi; 1080x2037; HUAWEI; CLT-L29; HWCLT; kirin970; hr_HR; 153386780)"
31.217.27.67 - - [25/Aug/2019:21:22:37 +0000] "GET /img/demos/hotel/video-cover-bg-1.jpg HTTP/1.1" 200 102737 "https://www.national.hr/" "Mozilla/5.0 (Linux; Android 9; CLT-L29 Build/HUAWEICLT-L29; wv) AppleWebKit/537.36 (KHTML, like Gecko) Version/4.0 Chrome/74.0.3729.157 Mobile Safari/537.36 Instagram 92.0.0.15.114 Android (28/9; 480dpi; 1080x2037; HUAWEI; CLT-L29; HWCLT; kirin970; hr_HR; 153386780)"
31.217.27.67 - - [25/Aug/2019:21:22:37 +0000] "GET /img/demos/hotel/parallax-hotel.jpg HTTP/1.1" 200 167506 "https://www.national.hr/" "Mozilla/5.0 (Linux; Android 9; CLT-L29 Build/HUAWEICLT-L29; wv) AppleWebKit/537.36 (KHTML, like Gecko) Version/4.0 Chrome/74.0.3729.157 Mobile Safari/537.36 Instagram 92.0.0.15.114 Android (28/9; 480dpi; 1080x2037; HUAWEI; CLT-L29; HWCLT; kirin970; hr_HR; 153386780)"
31.217.27.67 - - [25/Aug/2019:21:22:38 +0000] "GET /img/demos/hotel/parallax-hotel-map.png HTTP/1.1" 200 76744 "https://www.national.hr/" "Mozilla/5.0 (Linux; Android 9; CLT-L29 Build/HUAWEICLT-L29; wv) AppleWebKit/537.36 (KHTML, like Gecko) Version/4.0 Chrome/74.0.3729.157 Mobile Safari/537.36 Instagram 92.0.0.15.114 Android (28/9; 480dpi; 1080x2037; HUAWEI; CLT-L29; HWCLT; kirin970; hr_HR; 153386780)"
31.217.27.67 - - [25/Aug/2019:21:22:38 +0000] "GET /img/favicon.ico HTTP/1.1" 200 15086 "https://www.national.hr/" "Mozilla/5.0 (Linux; Android 9; CLT-L29 Build/HUAWEICLT-L29; wv) AppleWebKit/537.36 (KHTML, like Gecko) Version/4.0 Chrome/74.0.3729.157 Mobile Safari/537.36 Instagram 92.0.0.15.114 Android (28/9; 480dpi; 1080x2037; HUAWEI; CLT-L29; HWCLT; kirin970; hr_HR; 153386780)"
31.217.27.67 - - [25/Aug/2019:21:23:38 +0000] "GET /vendor/flag/flags/4x3/gb.svg HTTP/1.1" 200 989 "https://www.national.hr/css/all.css?v=3" "Mozilla/5.0 (Linux; Android 9; CLT-L29 Build/HUAWEICLT-L29; wv) AppleWebKit/537.36 (KHTML, like Gecko) Version/4.0 Chrome/74.0.3729.157 Mobile Safari/537.36 Instagram 92.0.0.15.114 Android (28/9; 480dpi; 1080x2037; HUAWEI; CLT-L29; HWCLT; kirin970; hr_HR; 153386780)"
31.217.27.67 - - [25/Aug/2019:21:23:41 +0000] "GET /rooms HTTP/1.1" 200 4642 "https://www.national.hr/" "Mozilla/5.0 (Linux; Android 9; CLT-L29 Build/HUAWEICLT-L29; wv) AppleWebKit/537.36 (KHTML, like Gecko) Version/4.0 Chrome/74.0.3729.157 Mobile Safari/537.36 Instagram 92.0.0.15.114 Android (28/9; 480dpi; 1080x2037; HUAWEI; CLT-L29; HWCLT; kirin970; hr_HR; 153386780)"
31.217.27.67 - - [25/Aug/2019:21:23:42 +0000] "GET /uploads/thumbnails/f125cd41427d7dda3bed18b5c7b3837f.jpg HTTP/1.1" 200 39654 "https://www.national.hr/rooms" "Mozilla/5.0 (Linux; Android 9; CLT-L29 Build/HUAWEICLT-L29; wv) AppleWebKit/537.36 (KHTML, like Gecko) Version/4.0 Chrome/74.0.3729.157 Mobile Safari/537.36 Instagram 92.0.0.15.114 Android (28/9; 480dpi; 1080x2037; HUAWEI; CLT-L29; HWCLT; kirin970; hr_HR; 153386780)"
31.217.27.67 - - [25/Aug/2019:21:23:42 +0000] "GET /uploads/thumbnails/f01fea6613c1d0615eb94db24bda1949.jpg HTTP/1.1" 200 51074 "https://www.national.hr/rooms" "Mozilla/5.0 (Linux; Android 9; CLT-L29 Build/HUAWEICLT-L29; wv) AppleWebKit/537.36 (KHTML, like Gecko) Version/4.0 Chrome/74.0.3729.157 Mobile Safari/537.36 Instagram 92.0.0.15.114 Android (28/9; 480dpi; 1080x2037; HUAWEI; CLT-L29; HWCLT; kirin970; hr_HR; 153386780)"
31.217.27.67 - - [25/Aug/2019:21:23:42 +0000] "GET /uploads/thumbnails/bab51afaaa78f93592fe6de6b5b4dae5.jpg HTTP/1.1" 200 48605 "https://www.national.hr/rooms" "Mozilla/5.0 (Linux; Android 9; CLT-L29 Build/HUAWEICLT-L29; wv) AppleWebKit/537.36 (KHTML, like Gecko) Version/4.0 Chrome/74.0.3729.157 Mobile Safari/537.36 Instagram 92.0.0.15.114 Android (28/9; 480dpi; 1080x2037; HUAWEI; CLT-L29; HWCLT; kirin970; hr_HR; 153386780)"
31.217.27.67 - - [25/Aug/2019:21:23:42 +0000] "GET /uploads/thumbnails/aa39d423c5d63c3b6952010631b975fc.jpg HTTP/1.1" 200 49760 "https://www.national.hr/rooms" "Mozilla/5.0 (Linux; Android 9; CLT-L29 Build/HUAWEICLT-L29; wv) AppleWebKit/537.36 (KHTML, like Gecko) Version/4.0 Chrome/74.0.3729.157 Mobile Safari/537.36 Instagram 92.0.0.15.114 Android (28/9; 480dpi; 1080x2037; HUAWEI; CLT-L29; HWCLT; kirin970; hr_HR; 153386780)"
31.217.27.67 - - [25/Aug/2019:21:23:42 +0000] "GET /uploads/thumbnails/7b775c2320ed1d591b1999fdd875af2c.jpg HTTP/1.1" 200 54168 "https://www.national.hr/rooms" "Mozilla/5.0 (Linux; Android 9; CLT-L29 Build/HUAWEICLT-L29; wv) AppleWebKit/537.36 (KHTML, like Gecko) Version/4.0 Chrome/74.0.3729.157 Mobile Safari/537.36 Instagram 92.0.0.15.114 Android (28/9; 480dpi; 1080x2037; HUAWEI; CLT-L29; HWCLT; kirin970; hr_HR; 153386780)"
31.217.27.67 - - [25/Aug/2019:21:23:42 +0000] "GET /uploads/thumbnails/03d1c430bcc463f908a8f77c55b05fae.jpg HTTP/1.1" 200 47173 "https://www.national.hr/rooms" "Mozilla/5.0 (Linux; Android 9; CLT-L29 Build/HUAWEICLT-L29; wv) AppleWebKit/537.36 (KHTML, like Gecko) Version/4.0 Chrome/74.0.3729.157 Mobile Safari/537.36 Instagram 92.0.0.15.114 Android (28/9; 480dpi; 1080x2037; HUAWEI; CLT-L29; HWCLT; kirin970; hr_HR; 153386780)"
31.217.27.67 - - [25/Aug/2019:21:23:42 +0000] "GET /uploads/thumbnails/267847a9e165ba5dcddabf87626a900b.jpg HTTP/1.1" 200 37990 "https://www.national.hr/rooms" "Mozilla/5.0 (Linux; Android 9; CLT-L29 Build/HUAWEICLT-L29; wv) AppleWebKit/537.36 (KHTML, like Gecko) Version/4.0 Chrome/74.0.3729.157 Mobile Safari/537.36 Instagram 92.0.0.15.114 Android (28/9; 480dpi; 1080x2037; HUAWEI; CLT-L29; HWCLT; kirin970; hr_HR; 153386780)"
31.217.27.67 - - [25/Aug/2019:21:23:42 +0000] "GET /uploads/thumbnails/8e6f8799bbe0982d5e777307976546fb.jpg HTTP/1.1" 200 36643 "https://www.national.hr/rooms" "Mozilla/5.0 (Linux; Android 9; CLT-L29 Build/HUAWEICLT-L29; wv) AppleWebKit/537.36 (KHTML, like Gecko) Version/4.0 Chrome/74.0.3729.157 Mobile Safari/537.36 Instagram 92.0.0.15.114 Android (28/9; 480dpi; 1080x2037; HUAWEI; CLT-L29; HWCLT; kirin970; hr_HR; 153386780)"
31.217.27.67 - - [25/Aug/2019:21:23:42 +0000] "GET /uploads/thumbnails/dc925deb428c906da547101d15f17349.jpg HTTP/1.1" 200 34709 "https://www.national.hr/rooms" "Mozilla/5.0 (Linux; Android 9; CLT-L29 Build/HUAWEICLT-L29; wv) AppleWebKit/537.36 (KHTML, like Gecko) Version/4.0 Chrome/74.0.3729.157 Mobile Safari/537.36 Instagram 92.0.0.15.114 Android (28/9; 480dpi; 1080x2037; HUAWEI; CLT-L29; HWCLT; kirin970; hr_HR; 153386780)"
31.217.27.67 - - [25/Aug/2019:21:23:42 +0000] "GET /uploads/thumbnails/775e8dd83ad5f6fd0a0125d2390109ae.jpg HTTP/1.1" 200 34926 "https://www.national.hr/rooms" "Mozilla/5.0 (Linux; Android 9; CLT-L29 Build/HUAWEICLT-L29; wv) AppleWebKit/537.36 (KHTML, like Gecko) Version/4.0 Chrome/74.0.3729.157 Mobile Safari/537.36 Instagram 92.0.0.15.114 Android (28/9; 480dpi; 1080x2037; HUAWEI; CLT-L29; HWCLT; kirin970; hr_HR; 153386780)"
31.217.27.67 - - [25/Aug/2019:21:23:42 +0000] "GET /uploads/thumbnails/981425a45401f30363a3cd0048fe066a.jpg HTTP/1.1" 200 32216 "https://www.national.hr/rooms" "Mozilla/5.0 (Linux; Android 9; CLT-L29 Build/HUAWEICLT-L29; wv) AppleWebKit/537.36 (KHTML, like Gecko) Version/4.0 Chrome/74.0.3729.157 Mobile Safari/537.36 Instagram 92.0.0.15.114 Android (28/9; 480dpi; 1080x2037; HUAWEI; CLT-L29; HWCLT; kirin970; hr_HR; 153386780)"
31.217.27.67 - - [25/Aug/2019:21:23:42 +0000] "GET /uploads/thumbnails/5a6bea3e09cb91f49a3fffa735e57a0e.jpg HTTP/1.1" 200 34458 "https://www.national.hr/rooms" "Mozilla/5.0 (Linux; Android 9; CLT-L29 Build/HUAWEICLT-L29; wv) AppleWebKit/537.36 (KHTML, like Gecko) Version/4.0 Chrome/74.0.3729.157 Mobile Safari/537.36 Instagram 92.0.0.15.114 Android (28/9; 480dpi; 1080x2037; HUAWEI; CLT-L29; HWCLT; kirin970; hr_HR; 153386780)"
93.143.24.223 - - [25/Aug/2019:21:25:46 +0000] "GET /hr HTTP/1.1" 200 6780 "https://www.google.com/" "Mozilla/5.0 (Linux; Android 6.0; UMI_MAX Build/MRA58K; wv) AppleWebKit/537.36 (KHTML, like Gecko) Version/4.0 Chrome/74.0.3729.157 Mobile Safari/537.36"
93.143.24.223 - - [25/Aug/2019:21:25:47 +0000] "GET /css/all.css?v=3 HTTP/1.1" 200 112023 "https://www.national.hr/hr" "Mozilla/5.0 (Linux; Android 6.0; UMI_MAX Build/MRA58K; wv) AppleWebKit/537.36 (KHTML, like Gecko) Version/4.0 Chrome/74.0.3729.157 Mobile Safari/537.36"
93.143.24.223 - - [25/Aug/2019:21:25:47 +0000] "GET /img/demos/hotel/logo.png HTTP/1.1" 200 35182 "https://www.national.hr/hr" "Mozilla/5.0 (Linux; Android 6.0; UMI_MAX Build/MRA58K; wv) AppleWebKit/537.36 (KHTML, like Gecko) Version/4.0 Chrome/74.0.3729.157 Mobile Safari/537.36"
93.143.24.223 - - [25/Aug/2019:21:25:47 +0000] "GET /uploads/images/8c445163a5b20b6c6ecf319345f02f95.jpg HTTP/1.1" 200 75410 "https://www.national.hr/hr" "Mozilla/5.0 (Linux; Android 6.0; UMI_MAX Build/MRA58K; wv) AppleWebKit/537.36 (KHTML, like Gecko) Version/4.0 Chrome/74.0.3729.157 Mobile Safari/537.36"
93.143.24.223 - - [25/Aug/2019:21:25:47 +0000] "GET /js/all.js?v=2 HTTP/1.1" 200 198825 "https://www.national.hr/hr" "Mozilla/5.0 (Linux; Android 6.0; UMI_MAX Build/MRA58K; wv) AppleWebKit/537.36 (KHTML, like Gecko) Version/4.0 Chrome/74.0.3729.157 Mobile Safari/537.36"
93.143.24.223 - - [25/Aug/2019:21:25:47 +0000] "GET /js/jquery.cookie.js HTTP/1.1" 200 2966 "https://www.national.hr/hr" "Mozilla/5.0 (Linux; Android 6.0; UMI_MAX Build/MRA58K; wv) AppleWebKit/537.36 (KHTML, like Gecko) Version/4.0 Chrome/74.0.3729.157 Mobile Safari/537.36"
93.143.24.223 - - [25/Aug/2019:21:25:47 +0000] "GET /uploads/images/7fc2d1450464345ae02e3075468d7d84.jpg HTTP/1.1" 200 90665 "https://www.national.hr/hr" "Mozilla/5.0 (Linux; Android 6.0; UMI_MAX Build/MRA58K; wv) AppleWebKit/537.36 (KHTML, like Gecko) Version/4.0 Chrome/74.0.3729.157 Mobile Safari/537.36"
93.143.24.223 - - [25/Aug/2019:21:25:47 +0000] "GET /uploads/images/5171fc57c12b52ba5693e2efdf1b8bb8.jpg HTTP/1.1" 200 318366 "https://www.national.hr/hr" "Mozilla/5.0 (Linux; Android 6.0; UMI_MAX Build/MRA58K; wv) AppleWebKit/537.36 (KHTML, like Gecko) Version/4.0 Chrome/74.0.3729.157 Mobile Safari/537.36"
93.143.24.223 - - [25/Aug/2019:21:25:47 +0000] "GET /uploads/images/483ce54ee782ddf2edc01706c3ad766e.jpg HTTP/1.1" 200 242423 "https://www.national.hr/hr" "Mozilla/5.0 (Linux; Android 6.0; UMI_MAX Build/MRA58K; wv) AppleWebKit/537.36 (KHTML, like Gecko) Version/4.0 Chrome/74.0.3729.157 Mobile Safari/537.36"
93.143.24.223 - - [25/Aug/2019:21:25:47 +0000] "GET /vendor/font-awesome/fonts/fontawesome-webfont.woff2?v=4.7.0 HTTP/1.1" 200 77160 "https://www.national.hr/css/all.css?v=3" "Mozilla/5.0 (Linux; Android 6.0; UMI_MAX Build/MRA58K; wv) AppleWebKit/537.36 (KHTML, like Gecko) Version/4.0 Chrome/74.0.3729.157 Mobile Safari/537.36"
93.143.24.223 - - [25/Aug/2019:21:25:47 +0000] "GET /uploads/images/6f3efde49962ecb979e4d225adca5450.jpg HTTP/1.1" 200 292022 "https://www.national.hr/hr" "Mozilla/5.0 (Linux; Android 6.0; UMI_MAX Build/MRA58K; wv) AppleWebKit/537.36 (KHTML, like Gecko) Version/4.0 Chrome/74.0.3729.157 Mobile Safari/537.36"
93.143.24.223 - - [25/Aug/2019:21:25:47 +0000] "GET /vendor/simple-line-icons/fonts/Simple-Line-Icons.woff2?v=2.4.0 HTTP/1.1" 200 30064 "https://www.national.hr/css/all.css?v=3" "Mozilla/5.0 (Linux; Android 6.0; UMI_MAX Build/MRA58K; wv) AppleWebKit/537.36 (KHTML, like Gecko) Version/4.0 Chrome/74.0.3729.157 Mobile Safari/537.36"
93.143.24.223 - - [25/Aug/2019:21:25:47 +0000] "GET /img/demos/hotel/patterns/pattern.jpg HTTP/1.1" 200 3531 "https://www.national.hr/css/all.css?v=3" "Mozilla/5.0 (Linux; Android 6.0; UMI_MAX Build/MRA58K; wv) AppleWebKit/537.36 (KHTML, like Gecko) Version/4.0 Chrome/74.0.3729.157 Mobile Safari/537.36"
93.143.24.223 - - [25/Aug/2019:21:25:47 +0000] "GET /img/demos/hotel/gallery/gallery-1.jpg HTTP/1.1" 200 18364 "https://www.national.hr/hr" "Mozilla/5.0 (Linux; Android 6.0; UMI_MAX Build/MRA58K; wv) AppleWebKit/537.36 (KHTML, like Gecko) Version/4.0 Chrome/74.0.3729.157 Mobile Safari/537.36"
93.143.24.223 - - [25/Aug/2019:21:25:47 +0000] "GET /img/demos/hotel/gallery/gallery-2.jpg HTTP/1.1" 200 9537 "https://www.national.hr/hr" "Mozilla/5.0 (Linux; Android 6.0; UMI_MAX Build/MRA58K; wv) AppleWebKit/537.36 (KHTML, like Gecko) Version/4.0 Chrome/74.0.3729.157 Mobile Safari/537.36"
93.143.24.223 - - [25/Aug/2019:21:25:48 +0000] "GET /img/demos/hotel/gallery/gallery-3.jpg HTTP/1.1" 200 16588 "https://www.national.hr/hr" "Mozilla/5.0 (Linux; Android 6.0; UMI_MAX Build/MRA58K; wv) AppleWebKit/537.36 (KHTML, like Gecko) Version/4.0 Chrome/74.0.3729.157 Mobile Safari/537.36"
93.143.24.223 - - [25/Aug/2019:21:25:48 +0000] "GET /img/demos/hotel/play-icon.png HTTP/1.1" 200 2559 "https://www.national.hr/hr" "Mozilla/5.0 (Linux; Android 6.0; UMI_MAX Build/MRA58K; wv) AppleWebKit/537.36 (KHTML, like Gecko) Version/4.0 Chrome/74.0.3729.157 Mobile Safari/537.36"
93.143.24.223 - - [25/Aug/2019:21:25:48 +0000] "GET /uploads/thumbnails/30b9c8c6105eb5c9e0b77067894b6418.jpg HTTP/1.1" 200 27351 "https://www.national.hr/hr" "Mozilla/5.0 (Linux; Android 6.0; UMI_MAX Build/MRA58K; wv) AppleWebKit/537.36 (KHTML, like Gecko) Version/4.0 Chrome/74.0.3729.157 Mobile Safari/537.36"
93.143.24.223 - - [25/Aug/2019:21:25:48 +0000] "GET /uploads/thumbnails/49d2fdc14aeb93df8ee8d20c9909576f.jpg HTTP/1.1" 200 119193 "https://www.national.hr/hr" "Mozilla/5.0 (Linux; Android 6.0; UMI_MAX Build/MRA58K; wv) AppleWebKit/537.36 (KHTML, like Gecko) Version/4.0 Chrome/74.0.3729.157 Mobile Safari/537.36"
93.143.24.223 - - [25/Aug/2019:21:25:48 +0000] "GET /uploads/thumbnails/340c06dfb22f6167dc7705fdd350551c.jpg HTTP/1.1" 200 52231 "https://www.national.hr/hr" "Mozilla/5.0 (Linux; Android 6.0; UMI_MAX Build/MRA58K; wv) AppleWebKit/537.36 (KHTML, like Gecko) Version/4.0 Chrome/74.0.3729.157 Mobile Safari/537.36"
93.143.24.223 - - [25/Aug/2019:21:25:48 +0000] "GET /img/demos/hotel/logo-hotel-footer.png HTTP/1.1" 200 3378 "https://www.national.hr/hr" "Mozilla/5.0 (Linux; Android 6.0; UMI_MAX Build/MRA58K; wv) AppleWebKit/537.36 (KHTML, like Gecko) Version/4.0 Chrome/74.0.3729.157 Mobile Safari/537.36"
93.143.24.223 - - [25/Aug/2019:21:25:48 +0000] "GET /img/demos/hotel/video-cover-bg-1.jpg HTTP/1.1" 200 102737 "https://www.national.hr/hr" "Mozilla/5.0 (Linux; Android 6.0; UMI_MAX Build/MRA58K; wv) AppleWebKit/537.36 (KHTML, like Gecko) Version/4.0 Chrome/74.0.3729.157 Mobile Safari/537.36"
93.143.24.223 - - [25/Aug/2019:21:25:50 +0000] "GET /img/demos/hotel/parallax-hotel-map.png HTTP/1.1" 200 76744 "https://www.national.hr/hr" "Mozilla/5.0 (Linux; Android 6.0; UMI_MAX Build/MRA58K; wv) AppleWebKit/537.36 (KHTML, like Gecko) Version/4.0 Chrome/74.0.3729.157 Mobile Safari/537.36"
93.143.24.223 - - [25/Aug/2019:21:25:50 +0000] "GET /img/demos/hotel/parallax-hotel.jpg HTTP/1.1" 200 167506 "https://www.national.hr/hr" "Mozilla/5.0 (Linux; Android 6.0; UMI_MAX Build/MRA58K; wv) AppleWebKit/537.36 (KHTML, like Gecko) Version/4.0 Chrome/74.0.3729.157 Mobile Safari/537.36"
93.143.24.223 - - [25/Aug/2019:21:25:52 +0000] "GET /img/apple-touch-icon.png HTTP/1.1" 200 7831 "-" "Mozilla/5.0 (Linux; Android 6.0; UMI_MAX Build/MRA58K; wv) AppleWebKit/537.36 (KHTML, like Gecko) Version/4.0 Chrome/74.0.3729.157 Mobile Safari/537.36"
93.143.24.223 - - [25/Aug/2019:21:25:53 +0000] "GET /img/favicon.ico HTTP/1.1" 200 15086 "https://www.national.hr/hr" "Mozilla/5.0 (Linux; Android 6.0; UMI_MAX Build/MRA58K; wv) AppleWebKit/537.36 (KHTML, like Gecko) Version/4.0 Chrome/74.0.3729.157 Mobile Safari/537.36"
165.227.234.129 - - [25/Aug/2019:21:35:11 +0000] "GET / HTTP/1.1" 301 232 "-" "Mozilla/5.0 (X11; Linux i686; rv:44.0) Gecko/20100101 Firefox/44.0"
165.227.234.129 - - [25/Aug/2019:21:35:12 +0000] "GET / HTTP/1.1" 200 6860 "-" "Mozilla/5.0 (X11; Linux i686; rv:44.0) Gecko/20100101 Firefox/44.0"
156.209.40.33 - - [25/Aug/2019:21:40:30 +0000] "GET / HTTP/1.1" 301 232 "http://national.hr/" "Mozilla/4.0 (compatible; MSIE 6.0; Windows NT 5.1; SV1)"
156.209.40.33 - - [25/Aug/2019:21:40:32 +0000] "GET / HTTP/1.1" 200 6860 "https://www.national.hr/" "Mozilla/4.0 (compatible; MSIE 6.0; Windows NT 5.1; SV1)"
66.249.76.130 - - [25/Aug/2019:21:40:48 +0000] "GET /news/valentines-day-in-the-hotel-national-reservation-of-a-room-for-1402-every-room-gets-surprise-gift HTTP/1.1" 301 334 "-" "Mozilla/5.0 (Linux; Android 6.0.1; Nexus 5X Build/MMB29P) AppleWebKit/537.36 (KHTML, like Gecko) Chrome/41.0.2272.96 Mobile Safari/537.36 (compatible; Googlebot/2.1; +http://www.google.com/bot.html)"
66.249.76.159 - - [25/Aug/2019:21:40:49 +0000] "GET /news/valentines-day-in-the-hotel-national-reservation-of-a-room-for-1402-every-room-gets-surprise-gift HTTP/1.1" 200 3970 "-" "Mozilla/5.0 (Linux; Android 6.0.1; Nexus 5X Build/MMB29P) AppleWebKit/537.36 (KHTML, like Gecko) Chrome/41.0.2272.96 Mobile Safari/537.36 (compatible; Googlebot/2.1; +http://www.google.com/bot.html)"
66.249.76.158 - - [25/Aug/2019:21:40:53 +0000] "GET /news/valentines-day-in-the-hotel-national-reservation-of-a-room-for-1402-every-room-gets-surprise-gift HTTP/1.1" 301 334 "-" "Mozilla/5.0 (compatible; Googlebot/2.1; +http://www.google.com/bot.html)"
66.249.76.155 - - [25/Aug/2019:21:40:53 +0000] "GET /news/valentines-day-in-the-hotel-national-reservation-of-a-room-for-1402-every-room-gets-surprise-gift HTTP/1.1" 200 3970 "-" "Mozilla/5.0 (compatible; Googlebot/2.1; +http://www.google.com/bot.html)"
207.46.13.88 - - [25/Aug/2019:22:01:27 +0000] "GET /news/15-zff-zagreb-film-festival-11112017-19112017 HTTP/1.1" 301 282 "-" "Mozilla/5.0 (compatible; bingbot/2.0; +http://www.bing.com/bingbot.htm)"
54.162.102.36 - - [25/Aug/2019:22:11:29 +0000] "GET /robots.txt HTTP/1.1" 301 242 "-" "MixnodeCache/1.8(+https://cache.mixnode.com/)"
54.162.102.36 - - [25/Aug/2019:22:11:30 +0000] "GET /robots.txt HTTP/1.1" 200 24 "-" "MixnodeCache/1.8(+https://cache.mixnode.com/)"
54.162.102.36 - - [25/Aug/2019:22:11:30 +0000] "GET /ads.txt HTTP/1.1" 301 239 "-" "MixnodeCache/1.8(+https://cache.mixnode.com/)"
46.229.168.145 - - [25/Aug/2019:22:11:41 +0000] "GET /robots.txt HTTP/1.1" 301 242 "-" "Mozilla/5.0 (compatible; SemrushBot/6~bl; +http://www.semrush.com/bot.html)"
46.229.168.134 - - [25/Aug/2019:22:11:41 +0000] "GET /robots.txt HTTP/1.1" 200 24 "-" "Mozilla/5.0 (compatible; SemrushBot/6~bl; +http://www.semrush.com/bot.html)"
46.229.168.129 - - [25/Aug/2019:22:11:42 +0000] "GET /hr/aktualno/the-national-zagrebacko-zagrijavanje-za-superuho-festival-10072018-u-2100h HTTP/1.1" 301 318 "-" "Mozilla/5.0 (compatible; SemrushBot/6~bl; +http://www.semrush.com/bot.html)"
46.229.168.129 - - [25/Aug/2019:22:11:43 +0000] "GET /hr/aktualno/the-national-zagrebacko-zagrijavanje-za-superuho-festival-10072018-u-2100h HTTP/1.1" 200 4439 "-" "Mozilla/5.0 (compatible; SemrushBot/6~bl; +http://www.semrush.com/bot.html)"
46.229.168.137 - - [25/Aug/2019:22:14:22 +0000] "GET /rooms/single-room HTTP/1.1" 301 249 "-" "Mozilla/5.0 (compatible; SemrushBot/6~bl; +http://www.semrush.com/bot.html)"
46.229.168.130 - - [25/Aug/2019:22:14:24 +0000] "GET /rooms/single-room HTTP/1.1" 500 4485 "-" "Mozilla/5.0 (compatible; SemrushBot/6~bl; +http://www.semrush.com/bot.html)"
77.75.79.101 - - [25/Aug/2019:22:24:27 +0000] "GET /robots.txt HTTP/1.1" 200 24 "-" "Mozilla/5.0 (compatible; SeznamBot/3.2; +http://napoveda.seznam.cz/en/seznambot-intro/)"
77.75.79.101 - - [25/Aug/2019:22:24:27 +0000] "GET / HTTP/1.1" 200 6860 "-" "Mozilla/5.0 (compatible; SeznamBot/3.2; +http://napoveda.seznam.cz/en/seznambot-intro/)"
54.36.149.53 - - [25/Aug/2019:22:25:20 +0000] "GET /en/rooms/economy-double-room HTTP/1.1" 500 4485 "-" "Mozilla/5.0 (compatible; AhrefsBot/6.1; +http://ahrefs.com/robot/)"
67.222.38.61 - - [25/Aug/2019:22:50:31 +0000] "GET /.well-known/acme-challenge/02VM-_0PQ13YSHV087E8HWVX7L64EC6O HTTP/1.1" 404 257 "-" "Cpanel-HTTP-Client/1.0"
67.222.38.61 - - [25/Aug/2019:22:50:32 +0000] "GET /.well-known/acme-challenge/AIGDHC5CTW_33-ILMVI3Q31K96KA5MA9 HTTP/1.1" 404 257 "-" "Cpanel-HTTP-Client/1.0"
35.200.2.105 - - [25/Aug/2019:22:58:50 +0000] "GET /.env HTTP/1.1" 301 236 "-" "Florienzh/1.0"
77.75.79.32 - - [25/Aug/2019:22:58:51 +0000] "GET /robots.txt HTTP/1.1" 200 24 "-" "Mozilla/5.0 (compatible; SeznamBot/3.2; +http://napoveda.seznam.cz/en/seznambot-intro/)"
77.75.79.32 - - [25/Aug/2019:22:58:52 +0000] "GET /news/festival-of-sweets-slatki-gusti-from-1706-2706-park-zrinjevac HTTP/1.1" 200 4128 "-" "Mozilla/5.0 (compatible; SeznamBot/3.2; +http://napoveda.seznam.cz/en/seznambot-intro/)"
35.200.2.105 - - [25/Aug/2019:22:58:52 +0000] "GET /.env HTTP/1.1" 404 1104 "-" "Florienzh/1.0"
157.55.39.167 - - [25/Aug/2019:23:01:03 +0000] "GET /rooms/double-room-with-an-extra-bed HTTP/1.1" 500 4485 "-" "Mozilla/5.0 (compatible; bingbot/2.0; +http://www.bing.com/bingbot.htm)"
91.242.162.65 - - [25/Aug/2019:23:13:50 +0000] "GET /robots.txt HTTP/1.1" 200 24 "-" "Mozilla/5.0 (compatible; Qwantify/2.4w; +https://www.qwant.com/)/2.4w"
91.242.162.65 - - [25/Aug/2019:23:13:51 +0000] "GET /news?page=1 HTTP/1.1" 200 5523 "-" "Mozilla/5.0 (compatible; Qwantify/2.4w; +https://www.qwant.com/)/2.4w"
23.100.232.233 - - [25/Aug/2019:23:16:37 +0000] "GET / HTTP/1.1" 200 6860 "http://www.bing.com/search?q=hotel+national+zagreb&form=MSNH14&sc=8-4&sp=-1&qs=n&sk=" "Mozilla/5.0 (compatible; MSIE 9.0; Windows NT 6.0; Trident/5.0; Trident/5.0)"
23.100.232.233 - - [25/Aug/2019:23:16:37 +0000] "GET /img/demos/hotel/logo.png HTTP/1.1" 200 35182 "https://www.national.hr/" "Mozilla/5.0 (compatible; MSIE 9.0; Windows NT 6.0; Trident/5.0; Trident/5.0)"
23.100.232.233 - - [25/Aug/2019:23:16:37 +0000] "GET /css/all.css?v=3 HTTP/1.1" 200 112023 "https://www.national.hr/" "Mozilla/5.0 (compatible; MSIE 9.0; Windows NT 6.0; Trident/5.0; Trident/5.0)"
23.100.232.233 - - [25/Aug/2019:23:16:38 +0000] "GET /uploads/images/8c445163a5b20b6c6ecf319345f02f95.jpg HTTP/1.1" 200 75410 "https://www.national.hr/" "Mozilla/5.0 (compatible; MSIE 9.0; Windows NT 6.0; Trident/5.0; Trident/5.0)"
23.100.232.233 - - [25/Aug/2019:23:16:38 +0000] "GET /uploads/images/7fc2d1450464345ae02e3075468d7d84.jpg HTTP/1.1" 200 90665 "https://www.national.hr/" "Mozilla/5.0 (compatible; MSIE 9.0; Windows NT 6.0; Trident/5.0; Trident/5.0)"
23.100.232.233 - - [25/Aug/2019:23:16:39 +0000] "GET /uploads/images/5171fc57c12b52ba5693e2efdf1b8bb8.jpg HTTP/1.1" 200 318366 "https://www.national.hr/" "Mozilla/5.0 (compatible; MSIE 9.0; Windows NT 6.0; Trident/5.0; Trident/5.0)"
23.100.232.233 - - [25/Aug/2019:23:16:39 +0000] "GET /uploads/images/483ce54ee782ddf2edc01706c3ad766e.jpg HTTP/1.1" 200 242423 "https://www.national.hr/" "Mozilla/5.0 (compatible; MSIE 9.0; Windows NT 6.0; Trident/5.0; Trident/5.0)"
