93.140.126.226 - - [09/Jul/2019:12:31:12 +0000] "GET /css/all.css?v=6 HTTP/1.1" 200 48625 "https://www.octopustransferscroatia.com/destinations" "Mozilla/5.0 (Linux; Android 9; Mi A2 Lite) AppleWebKit/537.36 (KHTML, like Gecko) Chrome/75.0.3770.101 Mobile Safari/537.36"
85.255.234.10 - - [09/Jul/2019:12:31:12 +0000] "GET /images/minibus.png HTTP/1.1" 200 66935 "https://www.octopustransferscroatia.com/" "Mozilla/5.0 (iPhone; CPU iPhone OS 12_3_1 like Mac OS X) AppleWebKit/605.1.15 (KHTML, like Gecko) Version/12.1.1 Mobile/15E148 Safari/604.1"
85.255.234.10 - - [09/Jul/2019:12:31:12 +0000] "GET /images/bus.png HTTP/1.1" 200 111224 "https://www.octopustransferscroatia.com/" "Mozilla/5.0 (iPhone; CPU iPhone OS 12_3_1 like Mac OS X) AppleWebKit/605.1.15 (KHTML, like Gecko) Version/12.1.1 Mobile/15E148 Safari/604.1"
93.140.126.226 - - [09/Jul/2019:12:31:12 +0000] "GET /js/all.js?v=20 HTTP/1.1" 200 220450 "https://www.octopustransferscroatia.com/destinations" "Mozilla/5.0 (Linux; Android 9; Mi A2 Lite) AppleWebKit/537.36 (KHTML, like Gecko) Chrome/75.0.3770.101 Mobile Safari/537.36"
85.255.234.10 - - [09/Jul/2019:12:31:13 +0000] "GET /css/images/ui-bg_flat_75_ffffff_40x100.png HTTP/1.1" 200 178 "https://www.octopustransferscroatia.com/" "Mozilla/5.0 (iPhone; CPU iPhone OS 12_3_1 like Mac OS X) AppleWebKit/605.1.15 (KHTML, like Gecko) Version/12.1.1 Mobile/15E148 Safari/604.1"
93.140.126.226 - - [09/Jul/2019:12:31:13 +0000] "GET /uploads/thumbnails/40afcdc7cf199432b63ab37de8149ee0.jpg HTTP/1.1" 200 93199 "https://www.octopustransferscroatia.com/destinations" "Mozilla/5.0 (Linux; Android 9; Mi A2 Lite) AppleWebKit/537.36 (KHTML, like Gecko) Chrome/75.0.3770.101 Mobile Safari/537.36"
93.140.126.226 - - [09/Jul/2019:12:31:13 +0000] "GET /uploads/thumbnails/ebefa42346103163e2f166d5a824e90f.jpg HTTP/1.1" 200 80348 "https://www.octopustransferscroatia.com/destinations" "Mozilla/5.0 (Linux; Android 9; Mi A2 Lite) AppleWebKit/537.36 (KHTML, like Gecko) Chrome/75.0.3770.101 Mobile Safari/537.36"
93.140.126.226 - - [09/Jul/2019:12:31:13 +0000] "GET /images/uploads/img2.jpg HTTP/1.1" 200 57469 "https://www.octopustransferscroatia.com/destinations" "Mozilla/5.0 (Linux; Android 9; Mi A2 Lite) AppleWebKit/537.36 (KHTML, like Gecko) Chrome/75.0.3770.101 Mobile Safari/537.36"
93.140.126.226 - - [09/Jul/2019:12:31:13 +0000] "GET /uploads/thumbnails/d9096a7dc4dd1a41be3dcbb421536ce9.jpg HTTP/1.1" 200 108605 "https://www.octopustransferscroatia.com/destinations" "Mozilla/5.0 (Linux; Android 9; Mi A2 Lite) AppleWebKit/537.36 (KHTML, like Gecko) Chrome/75.0.3770.101 Mobile Safari/537.36"
85.255.234.10 - - [09/Jul/2019:12:31:13 +0000] "GET /images/backgrounds/plitvice.jpg HTTP/1.1" 200 376840 "https://www.octopustransferscroatia.com/" "Mozilla/5.0 (iPhone; CPU iPhone OS 12_3_1 like Mac OS X) AppleWebKit/605.1.15 (KHTML, like Gecko) Version/12.1.1 Mobile/15E148 Safari/604.1"
85.255.234.10 - - [09/Jul/2019:12:31:13 +0000] "GET /images/backgrounds/krka.jpg HTTP/1.1" 200 279601 "https://www.octopustransferscroatia.com/" "Mozilla/5.0 (iPhone; CPU iPhone OS 12_3_1 like Mac OS X) AppleWebKit/605.1.15 (KHTML, like Gecko) Version/12.1.1 Mobile/15E148 Safari/604.1"
85.255.234.10 - - [09/Jul/2019:12:31:13 +0000] "GET /images/backgrounds/split.jpg HTTP/1.1" 200 209419 "https://www.octopustransferscroatia.com/" "Mozilla/5.0 (iPhone; CPU iPhone OS 12_3_1 like Mac OS X) AppleWebKit/605.1.15 (KHTML, like Gecko) Version/12.1.1 Mobile/15E148 Safari/604.1"
93.140.126.226 - - [09/Jul/2019:12:31:13 +0000] "GET /uploads/thumbnails/85833107b07d0d7238660373d2da47ce.jpg HTTP/1.1" 200 90828 "https://www.octopustransferscroatia.com/destinations" "Mozilla/5.0 (Linux; Android 9; Mi A2 Lite) AppleWebKit/537.36 (KHTML, like Gecko) Chrome/75.0.3770.101 Mobile Safari/537.36"
93.140.126.226 - - [09/Jul/2019:12:31:13 +0000] "GET /fonts/fonts/themeenergy.woff2 HTTP/1.1" 200 357352 "https://www.octopustransferscroatia.com/css/all.css?v=6" "Mozilla/5.0 (Linux; Android 9; Mi A2 Lite) AppleWebKit/537.36 (KHTML, like Gecko) Chrome/75.0.3770.101 Mobile Safari/537.36"
93.140.126.226 - - [09/Jul/2019:12:31:13 +0000] "GET /uploads/thumbnails/be292a55128a46b6a8cc6437026a9245.jpg HTTP/1.1" 200 71829 "https://www.octopustransferscroatia.com/destinations" "Mozilla/5.0 (Linux; Android 9; Mi A2 Lite) AppleWebKit/537.36 (KHTML, like Gecko) Chrome/75.0.3770.101 Mobile Safari/537.36"
93.140.126.226 - - [09/Jul/2019:12:31:13 +0000] "GET /uploads/thumbnails/f5bf98ea1485b8181e3c13ab3311188f.jpg HTTP/1.1" 200 78280 "https://www.octopustransferscroatia.com/destinations" "Mozilla/5.0 (Linux; Android 9; Mi A2 Lite) AppleWebKit/537.36 (KHTML, like Gecko) Chrome/75.0.3770.101 Mobile Safari/537.36"
93.140.126.226 - - [09/Jul/2019:12:31:13 +0000] "GET /uploads/thumbnails/cef1d075cf8fec218a10322b1b032bdf.jpg HTTP/1.1" 200 82400 "https://www.octopustransferscroatia.com/destinations" "Mozilla/5.0 (Linux; Android 9; Mi A2 Lite) AppleWebKit/537.36 (KHTML, like Gecko) Chrome/75.0.3770.101 Mobile Safari/537.36"
93.140.126.226 - - [09/Jul/2019:12:31:13 +0000] "GET /uploads/thumbnails/3898895c954cc378be1e560eb488cbb7.png HTTP/1.1" 200 334230 "https://www.octopustransferscroatia.com/destinations" "Mozilla/5.0 (Linux; Android 9; Mi A2 Lite) AppleWebKit/537.36 (KHTML, like Gecko) Chrome/75.0.3770.101 Mobile Safari/537.36"
93.140.126.226 - - [09/Jul/2019:12:31:13 +0000] "GET /uploads/thumbnails/39e64e57bdae724e7096cdab4a1df87a.jpg HTTP/1.1" 200 95677 "https://www.octopustransferscroatia.com/destinations" "Mozilla/5.0 (Linux; Android 9; Mi A2 Lite) AppleWebKit/537.36 (KHTML, like Gecko) Chrome/75.0.3770.101 Mobile Safari/537.36"
93.140.126.226 - - [09/Jul/2019:12:31:13 +0000] "GET /uploads/thumbnails/17eca338251d8dd554d90963f714c873.png HTTP/1.1" 200 335419 "https://www.octopustransferscroatia.com/destinations" "Mozilla/5.0 (Linux; Android 9; Mi A2 Lite) AppleWebKit/537.36 (KHTML, like Gecko) Chrome/75.0.3770.101 Mobile Safari/537.36"
93.140.126.226 - - [09/Jul/2019:12:31:13 +0000] "GET /uploads/thumbnails/d1387274c76b56dee32d07c88330037e.png HTTP/1.1" 200 321316 "https://www.octopustransferscroatia.com/destinations" "Mozilla/5.0 (Linux; Android 9; Mi A2 Lite) AppleWebKit/537.36 (KHTML, like Gecko) Chrome/75.0.3770.101 Mobile Safari/537.36"
93.140.126.226 - - [09/Jul/2019:12:31:14 +0000] "GET /uploads/thumbnails/cb56286816cf7146e6627563c215bcb8.jpg HTTP/1.1" 200 120113 "https://www.octopustransferscroatia.com/destinations" "Mozilla/5.0 (Linux; Android 9; Mi A2 Lite) AppleWebKit/537.36 (KHTML, like Gecko) Chrome/75.0.3770.101 Mobile Safari/537.36"
85.255.234.10 - - [09/Jul/2019:12:31:14 +0000] "GET /favicon-32x32.png HTTP/1.1" 200 1372 "https://www.octopustransferscroatia.com/" "Mozilla/5.0 (iPhone; CPU iPhone OS 12_3_1 like Mac OS X) AppleWebKit/605.1.15 (KHTML, like Gecko) Version/12.1.1 Mobile/15E148 Safari/604.1"
93.140.126.226 - - [09/Jul/2019:12:31:14 +0000] "GET /uploads/thumbnails/0feb691a69b5bc679e00074d591148e8.png HTTP/1.1" 200 285489 "https://www.octopustransferscroatia.com/destinations" "Mozilla/5.0 (Linux; Android 9; Mi A2 Lite) AppleWebKit/537.36 (KHTML, like Gecko) Chrome/75.0.3770.101 Mobile Safari/537.36"
85.255.234.10 - - [09/Jul/2019:12:31:14 +0000] "GET /favicon-16x16.png HTTP/1.1" 200 885 "https://www.octopustransferscroatia.com/" "Mozilla/5.0 (iPhone; CPU iPhone OS 12_3_1 like Mac OS X) AppleWebKit/605.1.15 (KHTML, like Gecko) Version/12.1.1 Mobile/15E148 Safari/604.1"
85.255.234.10 - - [09/Jul/2019:12:31:14 +0000] "GET /images/favicon.ico HTTP/1.1" 200 894 "https://www.octopustransferscroatia.com/" "Mozilla/5.0 (iPhone; CPU iPhone OS 12_3_1 like Mac OS X) AppleWebKit/605.1.15 (KHTML, like Gecko) Version/12.1.1 Mobile/15E148 Safari/604.1"
93.140.126.226 - - [09/Jul/2019:12:31:14 +0000] "GET /uploads/thumbnails/1f8b189768e71c0592ee18da3e20b0c3.png HTTP/1.1" 200 303661 "https://www.octopustransferscroatia.com/destinations" "Mozilla/5.0 (Linux; Android 9; Mi A2 Lite) AppleWebKit/537.36 (KHTML, like Gecko) Chrome/75.0.3770.101 Mobile Safari/537.36"
93.140.126.226 - - [09/Jul/2019:12:31:14 +0000] "GET /uploads/thumbnails/d41df011737861fc32f0315f86e67822.jpeg HTTP/1.1" 200 51992 "https://www.octopustransferscroatia.com/destinations" "Mozilla/5.0 (Linux; Android 9; Mi A2 Lite) AppleWebKit/537.36 (KHTML, like Gecko) Chrome/75.0.3770.101 Mobile Safari/537.36"
93.140.126.226 - - [09/Jul/2019:12:31:14 +0000] "GET /uploads/thumbnails/b75204554d4dc7491782e38510179940.jpg HTTP/1.1" 200 74633 "https://www.octopustransferscroatia.com/destinations" "Mozilla/5.0 (Linux; Android 9; Mi A2 Lite) AppleWebKit/537.36 (KHTML, like Gecko) Chrome/75.0.3770.101 Mobile Safari/537.36"
93.140.126.226 - - [09/Jul/2019:12:31:14 +0000] "GET /uploads/thumbnails/7ee2c5ba8bd64c6b773372a0cf80b4a5.jpg HTTP/1.1" 200 94061 "https://www.octopustransferscroatia.com/destinations" "Mozilla/5.0 (Linux; Android 9; Mi A2 Lite) AppleWebKit/537.36 (KHTML, like Gecko) Chrome/75.0.3770.101 Mobile Safari/537.36"
93.140.126.226 - - [09/Jul/2019:12:31:14 +0000] "GET /uploads/thumbnails/dac9c01b6702b84f682148797ed8f5c0.jpeg HTTP/1.1" 200 57674 "https://www.octopustransferscroatia.com/destinations" "Mozilla/5.0 (Linux; Android 9; Mi A2 Lite) AppleWebKit/537.36 (KHTML, like Gecko) Chrome/75.0.3770.101 Mobile Safari/537.36"
93.140.126.226 - - [09/Jul/2019:12:31:14 +0000] "GET /uploads/thumbnails/da241d10bb24972df36e092c61818944.jpg HTTP/1.1" 200 62127 "https://www.octopustransferscroatia.com/destinations" "Mozilla/5.0 (Linux; Android 9; Mi A2 Lite) AppleWebKit/537.36 (KHTML, like Gecko) Chrome/75.0.3770.101 Mobile Safari/537.36"
93.140.126.226 - - [09/Jul/2019:12:31:14 +0000] "GET /uploads/thumbnails/ae1976c068ce36db4f614dd103dc1fae.jpg HTTP/1.1" 200 98905 "https://www.octopustransferscroatia.com/destinations" "Mozilla/5.0 (Linux; Android 9; Mi A2 Lite) AppleWebKit/537.36 (KHTML, like Gecko) Chrome/75.0.3770.101 Mobile Safari/537.36"
93.140.126.226 - - [09/Jul/2019:12:31:14 +0000] "GET /uploads/thumbnails/16be0dcade9b31119e4b974cb323d262.jpeg HTTP/1.1" 200 57755 "https://www.octopustransferscroatia.com/destinations" "Mozilla/5.0 (Linux; Android 9; Mi A2 Lite) AppleWebKit/537.36 (KHTML, like Gecko) Chrome/75.0.3770.101 Mobile Safari/537.36"
93.140.126.226 - - [09/Jul/2019:12:31:14 +0000] "GET /uploads/thumbnails/e4a8f6ceb3c2766f37ec9bdc7ea60d41.jpg HTTP/1.1" 200 93199 "https://www.octopustransferscroatia.com/destinations" "Mozilla/5.0 (Linux; Android 9; Mi A2 Lite) AppleWebKit/537.36 (KHTML, like Gecko) Chrome/75.0.3770.101 Mobile Safari/537.36"
93.140.126.226 - - [09/Jul/2019:12:31:15 +0000] "GET /uploads/thumbnails/60fca30505f2bc226535a1aa16adf388.jpg HTTP/1.1" 200 44555 "https://www.octopustransferscroatia.com/destinations" "Mozilla/5.0 (Linux; Android 9; Mi A2 Lite) AppleWebKit/537.36 (KHTML, like Gecko) Chrome/75.0.3770.101 Mobile Safari/537.36"
93.140.126.226 - - [09/Jul/2019:12:31:15 +0000] "GET /uploads/thumbnails/e111d2464146695591b50a0fbb9a5cf1.jpg HTTP/1.1" 200 120113 "https://www.octopustransferscroatia.com/destinations" "Mozilla/5.0 (Linux; Android 9; Mi A2 Lite) AppleWebKit/537.36 (KHTML, like Gecko) Chrome/75.0.3770.101 Mobile Safari/537.36"
93.140.126.226 - - [09/Jul/2019:12:31:15 +0000] "GET /uploads/thumbnails/184a6e05bf3fbd1aacb29d323545e320.jpg HTTP/1.1" 200 74633 "https://www.octopustransferscroatia.com/destinations" "Mozilla/5.0 (Linux; Android 9; Mi A2 Lite) AppleWebKit/537.36 (KHTML, like Gecko) Chrome/75.0.3770.101 Mobile Safari/537.36"
93.140.126.226 - - [09/Jul/2019:12:31:15 +0000] "GET /uploads/thumbnails/fc5ece208cea1b5909eee234f40e1f52.png HTTP/1.1" 200 28062 "https://www.octopustransferscroatia.com/destinations" "Mozilla/5.0 (Linux; Android 9; Mi A2 Lite) AppleWebKit/537.36 (KHTML, like Gecko) Chrome/75.0.3770.101 Mobile Safari/537.36"
93.140.126.226 - - [09/Jul/2019:12:31:15 +0000] "GET /uploads/thumbnails/7ad4afa4b0b7cc75db823e59e3e32382.jpg HTTP/1.1" 200 62127 "https://www.octopustransferscroatia.com/destinations" "Mozilla/5.0 (Linux; Android 9; Mi A2 Lite) AppleWebKit/537.36 (KHTML, like Gecko) Chrome/75.0.3770.101 Mobile Safari/537.36"
93.140.126.226 - - [09/Jul/2019:12:31:15 +0000] "GET /uploads/thumbnails/ae8b8124ebcbf574cbb058642cbf1215.jpg HTTP/1.1" 200 74633 "https://www.octopustransferscroatia.com/destinations" "Mozilla/5.0 (Linux; Android 9; Mi A2 Lite) AppleWebKit/537.36 (KHTML, like Gecko) Chrome/75.0.3770.101 Mobile Safari/537.36"
93.140.126.226 - - [09/Jul/2019:12:31:15 +0000] "GET /uploads/thumbnails/3115acb5189a17d22e330c89056c8cc9.jpg HTTP/1.1" 200 76932 "https://www.octopustransferscroatia.com/destinations" "Mozilla/5.0 (Linux; Android 9; Mi A2 Lite) AppleWebKit/537.36 (KHTML, like Gecko) Chrome/75.0.3770.101 Mobile Safari/537.36"
93.140.126.226 - - [09/Jul/2019:12:31:15 +0000] "GET /uploads/thumbnails/1d459983bcf4cd2fb4f82c5ea4a1aa2a.jpg HTTP/1.1" 200 79642 "https://www.octopustransferscroatia.com/destinations" "Mozilla/5.0 (Linux; Android 9; Mi A2 Lite) AppleWebKit/537.36 (KHTML, like Gecko) Chrome/75.0.3770.101 Mobile Safari/537.36"
93.140.126.226 - - [09/Jul/2019:12:31:15 +0000] "GET /uploads/thumbnails/9c11b9e7989401c6bd08ec8bc3c92aec.jpg HTTP/1.1" 200 86604 "https://www.octopustransferscroatia.com/destinations" "Mozilla/5.0 (Linux; Android 9; Mi A2 Lite) AppleWebKit/537.36 (KHTML, like Gecko) Chrome/75.0.3770.101 Mobile Safari/537.36"
93.140.126.226 - - [09/Jul/2019:12:31:15 +0000] "GET /uploads/thumbnails/a8821e6e579076cdb5595b45afe1d10a.jpg HTTP/1.1" 200 101232 "https://www.octopustransferscroatia.com/destinations" "Mozilla/5.0 (Linux; Android 9; Mi A2 Lite) AppleWebKit/537.36 (KHTML, like Gecko) Chrome/75.0.3770.101 Mobile Safari/537.36"
93.140.126.226 - - [09/Jul/2019:12:31:15 +0000] "GET /uploads/thumbnails/87adc80239fe48179798be97cc5bbde4.jpg HTTP/1.1" 200 98905 "https://www.octopustransferscroatia.com/destinations" "Mozilla/5.0 (Linux; Android 9; Mi A2 Lite) AppleWebKit/537.36 (KHTML, like Gecko) Chrome/75.0.3770.101 Mobile Safari/537.36"
93.140.126.226 - - [09/Jul/2019:12:31:15 +0000] "GET /uploads/thumbnails/51a9d69bc8411bd2fb80acbaa269bf39.jpg HTTP/1.1" 200 130754 "https://www.octopustransferscroatia.com/destinations" "Mozilla/5.0 (Linux; Android 9; Mi A2 Lite) AppleWebKit/537.36 (KHTML, like Gecko) Chrome/75.0.3770.101 Mobile Safari/537.36"
93.140.126.226 - - [09/Jul/2019:12:31:15 +0000] "GET /uploads/thumbnails/8cf7b58a42636b2e0bede32de66e2a42.jpg HTTP/1.1" 200 130754 "https://www.octopustransferscroatia.com/destinations" "Mozilla/5.0 (Linux; Android 9; Mi A2 Lite) AppleWebKit/537.36 (KHTML, like Gecko) Chrome/75.0.3770.101 Mobile Safari/537.36"
93.140.126.226 - - [09/Jul/2019:12:31:15 +0000] "GET /uploads/thumbnails/4f99992453f6be2e9441854c97b6e2ed.jpg HTTP/1.1" 200 99967 "https://www.octopustransferscroatia.com/destinations" "Mozilla/5.0 (Linux; Android 9; Mi A2 Lite) AppleWebKit/537.36 (KHTML, like Gecko) Chrome/75.0.3770.101 Mobile Safari/537.36"
93.140.126.226 - - [09/Jul/2019:12:31:15 +0000] "GET /uploads/thumbnails/c826c61c76bcea7bc4f37c2afd329a19.jpg HTTP/1.1" 200 118702 "https://www.octopustransferscroatia.com/destinations" "Mozilla/5.0 (Linux; Android 9; Mi A2 Lite) AppleWebKit/537.36 (KHTML, like Gecko) Chrome/75.0.3770.101 Mobile Safari/537.36"
93.140.126.226 - - [09/Jul/2019:12:31:16 +0000] "GET /uploads/thumbnails/fc3f83da87c5ac31e3619f8872a86cbc.jpg HTTP/1.1" 200 91742 "https://www.octopustransferscroatia.com/destinations" "Mozilla/5.0 (Linux; Android 9; Mi A2 Lite) AppleWebKit/537.36 (KHTML, like Gecko) Chrome/75.0.3770.101 Mobile Safari/537.36"
93.140.126.226 - - [09/Jul/2019:12:31:16 +0000] "GET /uploads/thumbnails/352bccd0590671b84a9036cbdad98025.jpg HTTP/1.1" 200 76960 "https://www.octopustransferscroatia.com/destinations" "Mozilla/5.0 (Linux; Android 9; Mi A2 Lite) AppleWebKit/537.36 (KHTML, like Gecko) Chrome/75.0.3770.101 Mobile Safari/537.36"
93.140.126.226 - - [09/Jul/2019:12:31:16 +0000] "GET /uploads/thumbnails/503f844b3588f0473ad499331237b181.jpg HTTP/1.1" 200 82400 "https://www.octopustransferscroatia.com/destinations" "Mozilla/5.0 (Linux; Android 9; Mi A2 Lite) AppleWebKit/537.36 (KHTML, like Gecko) Chrome/75.0.3770.101 Mobile Safari/537.36"
93.140.126.226 - - [09/Jul/2019:12:31:16 +0000] "GET /uploads/thumbnails/0f00af27d9de2a84d9ea8c130149fbf6.JPG HTTP/1.1" 200 62878 "https://www.octopustransferscroatia.com/destinations" "Mozilla/5.0 (Linux; Android 9; Mi A2 Lite) AppleWebKit/537.36 (KHTML, like Gecko) Chrome/75.0.3770.101 Mobile Safari/537.36"
93.140.126.226 - - [09/Jul/2019:12:31:16 +0000] "GET /uploads/thumbnails/a7151849f96944b3fff7bec2efba1d51.jpg HTTP/1.1" 200 82400 "https://www.octopustransferscroatia.com/destinations" "Mozilla/5.0 (Linux; Android 9; Mi A2 Lite) AppleWebKit/537.36 (KHTML, like Gecko) Chrome/75.0.3770.101 Mobile Safari/537.36"
93.140.126.226 - - [09/Jul/2019:12:31:16 +0000] "GET /uploads/thumbnails/080b5558f890fa8684eee7b9313057c8.jpg HTTP/1.1" 200 62127 "https://www.octopustransferscroatia.com/destinations" "Mozilla/5.0 (Linux; Android 9; Mi A2 Lite) AppleWebKit/537.36 (KHTML, like Gecko) Chrome/75.0.3770.101 Mobile Safari/537.36"
93.140.126.226 - - [09/Jul/2019:12:31:16 +0000] "GET /uploads/thumbnails/33ce9f82f036a95e5c0b1cb41023dff9.jpeg HTTP/1.1" 200 78259 "https://www.octopustransferscroatia.com/destinations" "Mozilla/5.0 (Linux; Android 9; Mi A2 Lite) AppleWebKit/537.36 (KHTML, like Gecko) Chrome/75.0.3770.101 Mobile Safari/537.36"
93.140.126.226 - - [09/Jul/2019:12:31:16 +0000] "GET /uploads/thumbnails/21ab41c710af4aa33eafc6a4fc4f1256.jpg HTTP/1.1" 200 82400 "https://www.octopustransferscroatia.com/destinations" "Mozilla/5.0 (Linux; Android 9; Mi A2 Lite) AppleWebKit/537.36 (KHTML, like Gecko) Chrome/75.0.3770.101 Mobile Safari/537.36"
93.140.126.226 - - [09/Jul/2019:12:31:16 +0000] "GET /uploads/thumbnails/f98e2eb8a21c3f94e37ca646434e2438.jpg HTTP/1.1" 200 82400 "https://www.octopustransferscroatia.com/destinations" "Mozilla/5.0 (Linux; Android 9; Mi A2 Lite) AppleWebKit/537.36 (KHTML, like Gecko) Chrome/75.0.3770.101 Mobile Safari/537.36"
93.140.126.226 - - [09/Jul/2019:12:31:16 +0000] "GET /uploads/thumbnails/051713cb35ce51c29d68f1f742c870b9.jpg HTTP/1.1" 200 62437 "https://www.octopustransferscroatia.com/destinations" "Mozilla/5.0 (Linux; Android 9; Mi A2 Lite) AppleWebKit/537.36 (KHTML, like Gecko) Chrome/75.0.3770.101 Mobile Safari/537.36"
93.140.126.226 - - [09/Jul/2019:12:31:16 +0000] "GET /uploads/thumbnails/0c5176a397a7fe340c8647707bfe5d51.jpg HTTP/1.1" 200 64896 "https://www.octopustransferscroatia.com/destinations" "Mozilla/5.0 (Linux; Android 9; Mi A2 Lite) AppleWebKit/537.36 (KHTML, like Gecko) Chrome/75.0.3770.101 Mobile Safari/537.36"
93.140.126.226 - - [09/Jul/2019:12:31:16 +0000] "GET /uploads/thumbnails/09183c16d9730cfb7039cfd8a3700d1f.jpg HTTP/1.1" 200 52621 "https://www.octopustransferscroatia.com/destinations" "Mozilla/5.0 (Linux; Android 9; Mi A2 Lite) AppleWebKit/537.36 (KHTML, like Gecko) Chrome/75.0.3770.101 Mobile Safari/537.36"
93.140.126.226 - - [09/Jul/2019:12:31:16 +0000] "GET /uploads/thumbnails/b8b7fdd05ea7747d80135c2cf9ee07f1.png HTTP/1.1" 200 389689 "https://www.octopustransferscroatia.com/destinations" "Mozilla/5.0 (Linux; Android 9; Mi A2 Lite) AppleWebKit/537.36 (KHTML, like Gecko) Chrome/75.0.3770.101 Mobile Safari/537.36"
93.140.126.226 - - [09/Jul/2019:12:31:16 +0000] "GET /uploads/thumbnails/06853ccec339fb81dd734560954bb3a6.jpg HTTP/1.1" 200 82400 "https://www.octopustransferscroatia.com/destinations" "Mozilla/5.0 (Linux; Android 9; Mi A2 Lite) AppleWebKit/537.36 (KHTML, like Gecko) Chrome/75.0.3770.101 Mobile Safari/537.36"
93.140.126.226 - - [09/Jul/2019:12:31:16 +0000] "GET /uploads/thumbnails/4580675165162275f449e396846538cc.jpg HTTP/1.1" 200 55089 "https://www.octopustransferscroatia.com/destinations" "Mozilla/5.0 (Linux; Android 9; Mi A2 Lite) AppleWebKit/537.36 (KHTML, like Gecko) Chrome/75.0.3770.101 Mobile Safari/537.36"
93.140.126.226 - - [09/Jul/2019:12:31:16 +0000] "GET /uploads/thumbnails/295f0504226457a4e431d8414cc8e326.jpg HTTP/1.1" 200 62127 "https://www.octopustransferscroatia.com/destinations" "Mozilla/5.0 (Linux; Android 9; Mi A2 Lite) AppleWebKit/537.36 (KHTML, like Gecko) Chrome/75.0.3770.101 Mobile Safari/537.36"
93.140.126.226 - - [09/Jul/2019:12:31:17 +0000] "GET /uploads/thumbnails/e06dfed491b86ba842e4f789d6a4011f.jpg HTTP/1.1" 200 77218 "https://www.octopustransferscroatia.com/destinations" "Mozilla/5.0 (Linux; Android 9; Mi A2 Lite) AppleWebKit/537.36 (KHTML, like Gecko) Chrome/75.0.3770.101 Mobile Safari/537.36"
93.140.126.226 - - [09/Jul/2019:12:31:17 +0000] "GET /uploads/thumbnails/1b7b9beb8ad5f5d8d7cb6bf7df26f022.jpg HTTP/1.1" 200 121190 "https://www.octopustransferscroatia.com/destinations" "Mozilla/5.0 (Linux; Android 9; Mi A2 Lite) AppleWebKit/537.36 (KHTML, like Gecko) Chrome/75.0.3770.101 Mobile Safari/537.36"
93.140.126.226 - - [09/Jul/2019:12:31:17 +0000] "GET /uploads/thumbnails/3fd666047bfe06c44d90f6c154620f6d.JPG HTTP/1.1" 200 55138 "https://www.octopustransferscroatia.com/destinations" "Mozilla/5.0 (Linux; Android 9; Mi A2 Lite) AppleWebKit/537.36 (KHTML, like Gecko) Chrome/75.0.3770.101 Mobile Safari/537.36"
93.140.126.226 - - [09/Jul/2019:12:31:18 +0000] "GET /uploads/thumbnails/055002825f4d87d13c8d74ae8d1d5083.jpeg HTTP/1.1" 200 89550 "https://www.octopustransferscroatia.com/destinations" "Mozilla/5.0 (Linux; Android 9; Mi A2 Lite) AppleWebKit/537.36 (KHTML, like Gecko) Chrome/75.0.3770.101 Mobile Safari/537.36"
93.140.126.226 - - [09/Jul/2019:12:31:18 +0000] "GET /uploads/thumbnails/6779cb7f2cab1b6eee8d7f725633fc9a.jpg HTTP/1.1" 200 82400 "https://www.octopustransferscroatia.com/destinations" "Mozilla/5.0 (Linux; Android 9; Mi A2 Lite) AppleWebKit/537.36 (KHTML, like Gecko) Chrome/75.0.3770.101 Mobile Safari/537.36"
93.140.126.226 - - [09/Jul/2019:12:31:18 +0000] "GET /uploads/thumbnails/2972e19a6ef39adb75030d696e86e33a.jpg HTTP/1.1" 200 113795 "https://www.octopustransferscroatia.com/destinations" "Mozilla/5.0 (Linux; Android 9; Mi A2 Lite) AppleWebKit/537.36 (KHTML, like Gecko) Chrome/75.0.3770.101 Mobile Safari/537.36"
93.140.126.226 - - [09/Jul/2019:12:31:18 +0000] "GET /uploads/thumbnails/6d28e8eda10ff129a8b0b2374143d686.jpg HTTP/1.1" 200 79642 "https://www.octopustransferscroatia.com/destinations" "Mozilla/5.0 (Linux; Android 9; Mi A2 Lite) AppleWebKit/537.36 (KHTML, like Gecko) Chrome/75.0.3770.101 Mobile Safari/537.36"
93.140.126.226 - - [09/Jul/2019:12:31:18 +0000] "GET /uploads/thumbnails/93a11c9fd3082077ceea83411edfe967.jpg HTTP/1.1" 200 92840 "https://www.octopustransferscroatia.com/destinations" "Mozilla/5.0 (Linux; Android 9; Mi A2 Lite) AppleWebKit/537.36 (KHTML, like Gecko) Chrome/75.0.3770.101 Mobile Safari/537.36"
93.140.126.226 - - [09/Jul/2019:12:31:19 +0000] "GET /uploads/thumbnails/36ff593f6a1bce2121cb29e10ae5e82f.jpg HTTP/1.1" 200 75912 "https://www.octopustransferscroatia.com/destinations" "Mozilla/5.0 (Linux; Android 9; Mi A2 Lite) AppleWebKit/537.36 (KHTML, like Gecko) Chrome/75.0.3770.101 Mobile Safari/537.36"
93.140.126.226 - - [09/Jul/2019:12:31:19 +0000] "GET /uploads/thumbnails/1ea6e1c758ea6c2f5e0713d7c916f759.jpg HTTP/1.1" 200 46706 "https://www.octopustransferscroatia.com/destinations" "Mozilla/5.0 (Linux; Android 9; Mi A2 Lite) AppleWebKit/537.36 (KHTML, like Gecko) Chrome/75.0.3770.101 Mobile Safari/537.36"
93.140.126.226 - - [09/Jul/2019:12:31:19 +0000] "GET /uploads/thumbnails/3e108a86ca8e94f8403ce56e3d6c89aa.jpg HTTP/1.1" 200 89777 "https://www.octopustransferscroatia.com/destinations" "Mozilla/5.0 (Linux; Android 9; Mi A2 Lite) AppleWebKit/537.36 (KHTML, like Gecko) Chrome/75.0.3770.101 Mobile Safari/537.36"
85.255.234.10 - - [09/Jul/2019:12:31:20 +0000] "POST /startlocation HTTP/1.1" 200 846 "https://www.octopustransferscroatia.com/" "Mozilla/5.0 (iPhone; CPU iPhone OS 12_3_1 like Mac OS X) AppleWebKit/605.1.15 (KHTML, like Gecko) Version/12.1.1 Mobile/15E148 Safari/604.1"
93.140.126.226 - - [09/Jul/2019:12:31:20 +0000] "GET /favicon-32x32.png HTTP/1.1" 200 1372 "https://www.octopustransferscroatia.com/destinations" "Mozilla/5.0 (Linux; Android 9; Mi A2 Lite) AppleWebKit/537.36 (KHTML, like Gecko) Chrome/75.0.3770.101 Mobile Safari/537.36"
93.140.126.226 - - [09/Jul/2019:12:31:20 +0000] "GET /apple-touch-icon.png HTTP/1.1" 200 2510 "https://www.octopustransferscroatia.com/destinations" "Mozilla/5.0 (Linux; Android 9; Mi A2 Lite) AppleWebKit/537.36 (KHTML, like Gecko) Chrome/75.0.3770.101 Mobile Safari/537.36"
93.140.126.226 - - [09/Jul/2019:12:31:20 +0000] "GET /manifest.json HTTP/1.1" 200 264 "https://www.octopustransferscroatia.com/destinations" "Mozilla/5.0 (Linux; Android 9; Mi A2 Lite) AppleWebKit/537.36 (KHTML, like Gecko) Chrome/75.0.3770.101 Mobile Safari/537.36"
85.255.234.10 - - [09/Jul/2019:12:31:21 +0000] "POST /startlocation HTTP/1.1" 200 105 "https://www.octopustransferscroatia.com/" "Mozilla/5.0 (iPhone; CPU iPhone OS 12_3_1 like Mac OS X) AppleWebKit/605.1.15 (KHTML, like Gecko) Version/12.1.1 Mobile/15E148 Safari/604.1"
93.140.126.226 - - [09/Jul/2019:12:31:26 +0000] "GET /destinations HTTP/1.1" 200 6551 "https://www.octopustransferscroatia.com/destinations" "Mozilla/5.0 (Linux; Android 9; Mi A2 Lite) AppleWebKit/537.36 (KHTML, like Gecko) Chrome/75.0.3770.101 Mobile Safari/537.36"
85.255.234.10 - - [09/Jul/2019:12:31:28 +0000] "POST /endlocation HTTP/1.1" 200 114 "https://www.octopustransferscroatia.com/" "Mozilla/5.0 (iPhone; CPU iPhone OS 12_3_1 like Mac OS X) AppleWebKit/605.1.15 (KHTML, like Gecko) Version/12.1.1 Mobile/15E148 Safari/604.1"
85.255.234.10 - - [09/Jul/2019:12:31:28 +0000] "POST /endlocation HTTP/1.1" 200 2 "https://www.octopustransferscroatia.com/" "Mozilla/5.0 (iPhone; CPU iPhone OS 12_3_1 like Mac OS X) AppleWebKit/605.1.15 (KHTML, like Gecko) Version/12.1.1 Mobile/15E148 Safari/604.1"
223.137.251.66 - - [09/Jul/2019:12:31:29 +0000] "POST /endlocation HTTP/1.1" 200 2 "https://www.octopustransferscroatia.com/search?start_location=Zagreb+Airport&end_location=Split&date=22.07.2019.&people=3&type=oneway" "Mozilla/5.0 (iPhone; CPU iPhone OS 12_2 like Mac OS X) AppleWebKit/605.1.15 (KHTML, like Gecko) Version/12.1 Mobile/15E148 Safari/604.1"
223.137.251.66 - - [09/Jul/2019:12:31:30 +0000] "POST /endlocation HTTP/1.1" 200 2 "https://www.octopustransferscroatia.com/search?start_location=Zagreb+Airport&end_location=Split&date=22.07.2019.&people=3&type=oneway" "Mozilla/5.0 (iPhone; CPU iPhone OS 12_2 like Mac OS X) AppleWebKit/605.1.15 (KHTML, like Gecko) Version/12.1 Mobile/15E148 Safari/604.1"
85.255.234.10 - - [09/Jul/2019:12:31:30 +0000] "POST /endlocation HTTP/1.1" 200 202 "https://www.octopustransferscroatia.com/" "Mozilla/5.0 (iPhone; CPU iPhone OS 12_3_1 like Mac OS X) AppleWebKit/605.1.15 (KHTML, like Gecko) Version/12.1.1 Mobile/15E148 Safari/604.1"
85.255.234.10 - - [09/Jul/2019:12:31:31 +0000] "POST /endlocation HTTP/1.1" 200 31 "https://www.octopustransferscroatia.com/" "Mozilla/5.0 (iPhone; CPU iPhone OS 12_3_1 like Mac OS X) AppleWebKit/605.1.15 (KHTML, like Gecko) Version/12.1.1 Mobile/15E148 Safari/604.1"
85.255.234.10 - - [09/Jul/2019:12:31:31 +0000] "POST /endlocation HTTP/1.1" 200 2 "https://www.octopustransferscroatia.com/" "Mozilla/5.0 (iPhone; CPU iPhone OS 12_3_1 like Mac OS X) AppleWebKit/605.1.15 (KHTML, like Gecko) Version/12.1.1 Mobile/15E148 Safari/604.1"
85.255.234.10 - - [09/Jul/2019:12:31:31 +0000] "POST /endlocation HTTP/1.1" 200 2 "https://www.octopustransferscroatia.com/" "Mozilla/5.0 (iPhone; CPU iPhone OS 12_3_1 like Mac OS X) AppleWebKit/605.1.15 (KHTML, like Gecko) Version/12.1.1 Mobile/15E148 Safari/604.1"
223.137.251.66 - - [09/Jul/2019:12:31:32 +0000] "POST /endlocation HTTP/1.1" 200 2 "https://www.octopustransferscroatia.com/search?start_location=Zagreb+Airport&end_location=Split&date=22.07.2019.&people=3&type=oneway" "Mozilla/5.0 (iPhone; CPU iPhone OS 12_2 like Mac OS X) AppleWebKit/605.1.15 (KHTML, like Gecko) Version/12.1 Mobile/15E148 Safari/604.1"
85.255.234.10 - - [09/Jul/2019:12:31:32 +0000] "POST /endlocation HTTP/1.1" 200 31 "https://www.octopustransferscroatia.com/" "Mozilla/5.0 (iPhone; CPU iPhone OS 12_3_1 like Mac OS X) AppleWebKit/605.1.15 (KHTML, like Gecko) Version/12.1.1 Mobile/15E148 Safari/604.1"
85.255.234.10 - - [09/Jul/2019:12:31:33 +0000] "POST /endlocation HTTP/1.1" 200 2 "https://www.octopustransferscroatia.com/" "Mozilla/5.0 (iPhone; CPU iPhone OS 12_3_1 like Mac OS X) AppleWebKit/605.1.15 (KHTML, like Gecko) Version/12.1.1 Mobile/15E148 Safari/604.1"
85.255.234.10 - - [09/Jul/2019:12:31:34 +0000] "POST /endlocation HTTP/1.1" 200 2 "https://www.octopustransferscroatia.com/" "Mozilla/5.0 (iPhone; CPU iPhone OS 12_3_1 like Mac OS X) AppleWebKit/605.1.15 (KHTML, like Gecko) Version/12.1.1 Mobile/15E148 Safari/604.1"
85.255.234.10 - - [09/Jul/2019:12:31:35 +0000] "POST /endlocation HTTP/1.1" 200 2 "https://www.octopustransferscroatia.com/" "Mozilla/5.0 (iPhone; CPU iPhone OS 12_3_1 like Mac OS X) AppleWebKit/605.1.15 (KHTML, like Gecko) Version/12.1.1 Mobile/15E148 Safari/604.1"
85.255.234.10 - - [09/Jul/2019:12:31:37 +0000] "POST /endlocation HTTP/1.1" 200 2 "https://www.octopustransferscroatia.com/" "Mozilla/5.0 (iPhone; CPU iPhone OS 12_3_1 like Mac OS X) AppleWebKit/605.1.15 (KHTML, like Gecko) Version/12.1.1 Mobile/15E148 Safari/604.1"
85.255.234.10 - - [09/Jul/2019:12:31:38 +0000] "POST /endlocation HTTP/1.1" 200 2 "https://www.octopustransferscroatia.com/" "Mozilla/5.0 (iPhone; CPU iPhone OS 12_3_1 like Mac OS X) AppleWebKit/605.1.15 (KHTML, like Gecko) Version/12.1.1 Mobile/15E148 Safari/604.1"
85.255.234.10 - - [09/Jul/2019:12:31:39 +0000] "POST /endlocation HTTP/1.1" 200 2 "https://www.octopustransferscroatia.com/" "Mozilla/5.0 (iPhone; CPU iPhone OS 12_3_1 like Mac OS X) AppleWebKit/605.1.15 (KHTML, like Gecko) Version/12.1.1 Mobile/15E148 Safari/604.1"
85.255.234.10 - - [09/Jul/2019:12:31:40 +0000] "POST /endlocation HTTP/1.1" 200 2 "https://www.octopustransferscroatia.com/" "Mozilla/5.0 (iPhone; CPU iPhone OS 12_3_1 like Mac OS X) AppleWebKit/605.1.15 (KHTML, like Gecko) Version/12.1.1 Mobile/15E148 Safari/604.1"
93.140.126.226 - - [09/Jul/2019:12:31:43 +0000] "GET /destinations/1/zadar HTTP/1.1" 200 3573 "https://www.octopustransferscroatia.com/destinations" "Mozilla/5.0 (Linux; Android 9; Mi A2 Lite) AppleWebKit/537.36 (KHTML, like Gecko) Chrome/75.0.3770.101 Mobile Safari/537.36"
93.140.126.226 - - [09/Jul/2019:12:31:43 +0000] "GET /uploads/images/da241d10bb24972df36e092c61818944.jpg HTTP/1.1" 200 193399 "https://www.octopustransferscroatia.com/destinations/1/zadar" "Mozilla/5.0 (Linux; Android 9; Mi A2 Lite) AppleWebKit/537.36 (KHTML, like Gecko) Chrome/75.0.3770.101 Mobile Safari/537.36"
223.137.251.66 - - [09/Jul/2019:12:31:54 +0000] "POST /endlocation HTTP/1.1" 200 2 "https://www.octopustransferscroatia.com/search?start_location=Zagreb+Airport&end_location=Split&date=22.07.2019.&people=3&type=oneway" "Mozilla/5.0 (iPhone; CPU iPhone OS 12_2 like Mac OS X) AppleWebKit/605.1.15 (KHTML, like Gecko) Version/12.1 Mobile/15E148 Safari/604.1"
223.137.251.66 - - [09/Jul/2019:12:31:54 +0000] "POST /endlocation HTTP/1.1" 200 2 "https://www.octopustransferscroatia.com/search?start_location=Zagreb+Airport&end_location=Split&date=22.07.2019.&people=3&type=oneway" "Mozilla/5.0 (iPhone; CPU iPhone OS 12_2 like Mac OS X) AppleWebKit/605.1.15 (KHTML, like Gecko) Version/12.1 Mobile/15E148 Safari/604.1"
223.137.251.66 - - [09/Jul/2019:12:31:55 +0000] "POST /endlocation HTTP/1.1" 200 2 "https://www.octopustransferscroatia.com/search?start_location=Zagreb+Airport&end_location=Split&date=22.07.2019.&people=3&type=oneway" "Mozilla/5.0 (iPhone; CPU iPhone OS 12_2 like Mac OS X) AppleWebKit/605.1.15 (KHTML, like Gecko) Version/12.1 Mobile/15E148 Safari/604.1"
223.137.251.66 - - [09/Jul/2019:12:31:56 +0000] "POST /endlocation HTTP/1.1" 200 2 "https://www.octopustransferscroatia.com/search?start_location=Zagreb+Airport&end_location=Split&date=22.07.2019.&people=3&type=oneway" "Mozilla/5.0 (iPhone; CPU iPhone OS 12_2 like Mac OS X) AppleWebKit/605.1.15 (KHTML, like Gecko) Version/12.1 Mobile/15E148 Safari/604.1"
223.137.251.66 - - [09/Jul/2019:12:31:57 +0000] "GET /search?start_location=Zagreb+Airport&end_location=Dubrovnik&date=22.07.2019.&people=3&type=oneway HTTP/1.1" 302 432 "https://www.octopustransferscroatia.com/search?start_location=Zagreb+Airport&end_location=Split&date=22.07.2019.&people=3&type=oneway" "Mozilla/5.0 (iPhone; CPU iPhone OS 12_2 like Mac OS X) AppleWebKit/605.1.15 (KHTML, like Gecko) Version/12.1 Mobile/15E148 Safari/604.1"
223.137.251.66 - - [09/Jul/2019:12:31:57 +0000] "GET /contact HTTP/1.1" 200 3386 "https://www.octopustransferscroatia.com/search?start_location=Zagreb+Airport&end_location=Split&date=22.07.2019.&people=3&type=oneway" "Mozilla/5.0 (iPhone; CPU iPhone OS 12_2 like Mac OS X) AppleWebKit/605.1.15 (KHTML, like Gecko) Version/12.1 Mobile/15E148 Safari/604.1"
85.255.234.10 - - [09/Jul/2019:12:31:58 +0000] "POST /endlocation HTTP/1.1" 200 2 "https://www.octopustransferscroatia.com/" "Mozilla/5.0 (iPhone; CPU iPhone OS 12_3_1 like Mac OS X) AppleWebKit/605.1.15 (KHTML, like Gecko) Version/12.1.1 Mobile/15E148 Safari/604.1"
85.255.234.10 - - [09/Jul/2019:12:31:58 +0000] "POST /endlocation HTTP/1.1" 200 2 "https://www.octopustransferscroatia.com/" "Mozilla/5.0 (iPhone; CPU iPhone OS 12_3_1 like Mac OS X) AppleWebKit/605.1.15 (KHTML, like Gecko) Version/12.1.1 Mobile/15E148 Safari/604.1"
85.255.234.10 - - [09/Jul/2019:12:31:59 +0000] "POST /endlocation HTTP/1.1" 200 2 "https://www.octopustransferscroatia.com/" "Mozilla/5.0 (iPhone; CPU iPhone OS 12_3_1 like Mac OS X) AppleWebKit/605.1.15 (KHTML, like Gecko) Version/12.1.1 Mobile/15E148 Safari/604.1"
85.255.234.10 - - [09/Jul/2019:12:32:00 +0000] "POST /endlocation HTTP/1.1" 200 2 "https://www.octopustransferscroatia.com/" "Mozilla/5.0 (iPhone; CPU iPhone OS 12_3_1 like Mac OS X) AppleWebKit/605.1.15 (KHTML, like Gecko) Version/12.1.1 Mobile/15E148 Safari/604.1"
85.255.234.10 - - [09/Jul/2019:12:32:00 +0000] "POST /endlocation HTTP/1.1" 200 2 "https://www.octopustransferscroatia.com/" "Mozilla/5.0 (iPhone; CPU iPhone OS 12_3_1 like Mac OS X) AppleWebKit/605.1.15 (KHTML, like Gecko) Version/12.1.1 Mobile/15E148 Safari/604.1"
85.255.234.10 - - [09/Jul/2019:12:32:01 +0000] "POST /endlocation HTTP/1.1" 200 2 "https://www.octopustransferscroatia.com/" "Mozilla/5.0 (iPhone; CPU iPhone OS 12_3_1 like Mac OS X) AppleWebKit/605.1.15 (KHTML, like Gecko) Version/12.1.1 Mobile/15E148 Safari/604.1"
85.255.234.10 - - [09/Jul/2019:12:32:01 +0000] "POST /endlocation HTTP/1.1" 200 2 "https://www.octopustransferscroatia.com/" "Mozilla/5.0 (iPhone; CPU iPhone OS 12_3_1 like Mac OS X) AppleWebKit/605.1.15 (KHTML, like Gecko) Version/12.1.1 Mobile/15E148 Safari/604.1"
85.255.234.10 - - [09/Jul/2019:12:32:02 +0000] "POST /endlocation HTTP/1.1" 200 2 "https://www.octopustransferscroatia.com/" "Mozilla/5.0 (iPhone; CPU iPhone OS 12_3_1 like Mac OS X) AppleWebKit/605.1.15 (KHTML, like Gecko) Version/12.1.1 Mobile/15E148 Safari/604.1"
93.140.82.89 - - [09/Jul/2019:12:32:02 +0000] "GET /admin/reservation/3843/edit HTTP/1.1" 200 3777 "https://www.octopustransferscroatia.com/admin/reservation" "Mozilla/5.0 (Windows NT 6.1) AppleWebKit/537.36 (KHTML, like Gecko) Chrome/75.0.3770.100 Safari/537.36"
85.255.234.10 - - [09/Jul/2019:12:32:03 +0000] "GET /css/images/ui-icons_777777_256x240.png HTTP/1.1" 200 6999 "https://www.octopustransferscroatia.com/" "Mozilla/5.0 (iPhone; CPU iPhone OS 12_3_1 like Mac OS X) AppleWebKit/605.1.15 (KHTML, like Gecko) Version/12.1.1 Mobile/15E148 Safari/604.1"
85.255.234.10 - - [09/Jul/2019:12:32:04 +0000] "GET /css/images/ui-bg_flat_100_f5f5f5_40x100.png HTTP/1.1" 404 1104 "https://www.octopustransferscroatia.com/" "Mozilla/5.0 (iPhone; CPU iPhone OS 12_3_1 like Mac OS X) AppleWebKit/605.1.15 (KHTML, like Gecko) Version/12.1.1 Mobile/15E148 Safari/604.1"
93.140.82.89 - - [09/Jul/2019:12:32:10 +0000] "GET /admin/reservation HTTP/1.1" 200 2356 "https://www.octopustransferscroatia.com/admin/reservation/3843/edit" "Mozilla/5.0 (Windows NT 6.1) AppleWebKit/537.36 (KHTML, like Gecko) Chrome/75.0.3770.100 Safari/537.36"
85.255.234.10 - - [09/Jul/2019:12:32:10 +0000] "GET /search?start_location=Split+Ferry+Port&end_location=Neilson+Alana+Beechclub+&date=13.07.2019.&people=4&type=oneway HTTP/1.1" 302 432 "https://www.octopustransferscroatia.com/" "Mozilla/5.0 (iPhone; CPU iPhone OS 12_3_1 like Mac OS X) AppleWebKit/605.1.15 (KHTML, like Gecko) Version/12.1.1 Mobile/15E148 Safari/604.1"
85.255.234.10 - - [09/Jul/2019:12:32:10 +0000] "GET /contact HTTP/1.1" 200 3386 "https://www.octopustransferscroatia.com/" "Mozilla/5.0 (iPhone; CPU iPhone OS 12_3_1 like Mac OS X) AppleWebKit/605.1.15 (KHTML, like Gecko) Version/12.1.1 Mobile/15E148 Safari/604.1"
93.140.82.89 - - [09/Jul/2019:12:32:10 +0000] "GET /admin/reservation/data?draw=1&columns%5B0%5D%5Bdata%5D=date&columns%5B0%5D%5Bname%5D=date&columns%5B0%5D%5Bsearchable%5D=true&columns%5B0%5D%5Borderable%5D=true&columns%5B0%5D%5Bsearch%5D%5Bvalue%5D=&columns%5B0%5D%5Bsearch%5D%5Bregex%5D=false&columns%5B1%5D%5Bdata%5D=pickup_time&columns%5B1%5D%5Bname%5D=pickup_time&columns%5B1%5D%5Bsearchable%5D=true&columns%5B1%5D%5Borderable%5D=true&columns%5B1%5D%5Bsearch%5D%5Bvalue%5D=&columns%5B1%5D%5Bsearch%5D%5Bregex%5D=false&columns%5B2%5D%5Bdata%5D=start_location&columns%5B2%5D%5Bname%5D=start_location&columns%5B2%5D%5Bsearchable%5D=true&columns%5B2%5D%5Borderable%5D=true&columns%5B2%5D%5Bsearch%5D%5Bvalue%5D=&columns%5B2%5D%5Bsearch%5D%5Bregex%5D=false&columns%5B3%5D%5Bdata%5D=end_location&columns%5B3%5D%5Bname%5D=end_location&columns%5B3%5D%5Bsearchable%5D=true&columns%5B3%5D%5Borderable%5D=true&columns%5B3%5D%5Bsearch%5D%5Bvalue%5D=&columns%5B3%5D%5Bsearch%5D%5Bregex%5D=false&columns%5B4%5D%5Bdata%5D=vehicle&columns%5B4%5D%5Bname%5D=vehicle&columns%5B4%5D%5Bsearchable%5D=true&columns%5B4%5D%5Borderable%5D=true&columns%5B4%5D%5Bsearch%5D%5Bvalue%5D=&columns%5B4%5D%5Bsearch%5D%5Bregex%5D=false&columns%5B5%5D%5Bdata%5D=driver&columns%5B5%5D%5Bname%5D=driver&columns%5B5%5D%5Bsearchable%5D=true&columns%5B5%5D%5Borderable%5D=true&columns%5B5%5D%5Bsearch%5D%5Bvalue%5D=&columns%5B5%5D%5Bsearch%5D%5Bregex%5D=false&columns%5B6%5D%5Bdata%5D=email&columns%5B6%5D%5Bname%5D=email&columns%5B6%5D%5Bsearchable%5D=true&columns%5B6%5D%5Borderable%5D=true&columns%5B6%5D%5Bsearch%5D%5Bvalue%5D=&columns%5B6%5D%5Bsearch%5D%5Bregex%5D=false&columns%5B7%5D%5Bdata%5D=reminder&columns%5B7%5D%5Bname%5D=&columns%5B7%5D%5Bsearchable%5D=false&columns%5B7%5D%5Borderable%5D=true&columns%5B7%5D%5Bsearch%5D%5Bvalue%5D=&columns%5B7%5D%5Bsearch%5D%5Bregex%5D=false&columns%5B8%5D%5Bdata%5D=options&columns%5B8%5D%5Bname%5D=options&columns%5B8%5D%5Bsearchable%5D=false&columns%5B8%5D%5Borderable%5D=false&columns%5B8%5D%5Bsearch%5D%5Bvalue%5D=&columns%5B8%5D%5Bsearch%5D%5Bregex%5D=false&order%5B0%5D%5Bcolumn%5D=0&order%5B0%5D%5Bdir%5D=asc&order%5B1%5D%5Bcolumn%5D=1&order%5B1%5D%5Bdir%5D=asc&start=0&length=100&search%5Bvalue%5D=&search%5Bregex%5D=false&_=1562675528801 HTTP/1.1" 200 156368 "https://www.octopustransferscroatia.com/admin/reservation" "Mozilla/5.0 (Windows NT 6.1) AppleWebKit/537.36 (KHTML, like Gecko) Chrome/75.0.3770.100 Safari/537.36"
223.137.251.66 - - [09/Jul/2019:12:32:16 +0000] "POST /endlocation HTTP/1.1" 200 90 "https://www.octopustransferscroatia.com/search?start_location=Zagreb+Airport&end_location=Split&date=22.07.2019.&people=3&type=oneway" "Mozilla/5.0 (iPhone; CPU iPhone OS 12_2 like Mac OS X) AppleWebKit/605.1.15 (KHTML, like Gecko) Version/12.1 Mobile/15E148 Safari/604.1"
223.137.251.66 - - [09/Jul/2019:12:32:17 +0000] "POST /endlocation HTTP/1.1" 200 2 "https://www.octopustransferscroatia.com/search?start_location=Zagreb+Airport&end_location=Split&date=22.07.2019.&people=3&type=oneway" "Mozilla/5.0 (iPhone; CPU iPhone OS 12_2 like Mac OS X) AppleWebKit/605.1.15 (KHTML, like Gecko) Version/12.1 Mobile/15E148 Safari/604.1"
223.137.251.66 - - [09/Jul/2019:12:32:17 +0000] "POST /endlocation HTTP/1.1" 200 2 "https://www.octopustransferscroatia.com/search?start_location=Zagreb+Airport&end_location=Split&date=22.07.2019.&people=3&type=oneway" "Mozilla/5.0 (iPhone; CPU iPhone OS 12_2 like Mac OS X) AppleWebKit/605.1.15 (KHTML, like Gecko) Version/12.1 Mobile/15E148 Safari/604.1"
223.137.251.66 - - [09/Jul/2019:12:32:18 +0000] "POST /endlocation HTTP/1.1" 200 2 "https://www.octopustransferscroatia.com/search?start_location=Zagreb+Airport&end_location=Split&date=22.07.2019.&people=3&type=oneway" "Mozilla/5.0 (iPhone; CPU iPhone OS 12_2 like Mac OS X) AppleWebKit/605.1.15 (KHTML, like Gecko) Version/12.1 Mobile/15E148 Safari/604.1"
93.140.126.226 - - [09/Jul/2019:12:32:20 +0000] "GET / HTTP/1.1" 200 5408 "https://www.octopustransferscroatia.com/destinations/1/zadar" "Mozilla/5.0 (Linux; Android 9; Mi A2 Lite) AppleWebKit/537.36 (KHTML, like Gecko) Chrome/75.0.3770.101 Mobile Safari/537.36"
223.137.251.66 - - [09/Jul/2019:12:32:20 +0000] "GET /search?start_location=Zagreb+Airport&end_location=Dubrovnik&date=22.07.2019.&people=3&type=oneway HTTP/1.1" 302 432 "https://www.octopustransferscroatia.com/search?start_location=Zagreb+Airport&end_location=Split&date=22.07.2019.&people=3&type=oneway" "Mozilla/5.0 (iPhone; CPU iPhone OS 12_2 like Mac OS X) AppleWebKit/605.1.15 (KHTML, like Gecko) Version/12.1 Mobile/15E148 Safari/604.1"
93.140.126.226 - - [09/Jul/2019:12:32:20 +0000] "GET /css/flexslider.css HTTP/1.1" 200 1097 "https://www.octopustransferscroatia.com/" "Mozilla/5.0 (Linux; Android 9; Mi A2 Lite) AppleWebKit/537.36 (KHTML, like Gecko) Chrome/75.0.3770.101 Mobile Safari/537.36"
93.140.126.226 - - [09/Jul/2019:12:32:20 +0000] "GET /js/jquery.flexslider-min.js HTTP/1.1" 200 6427 "https://www.octopustransferscroatia.com/" "Mozilla/5.0 (Linux; Android 9; Mi A2 Lite) AppleWebKit/537.36 (KHTML, like Gecko) Chrome/75.0.3770.101 Mobile Safari/537.36"
223.137.251.66 - - [09/Jul/2019:12:32:21 +0000] "GET /contact HTTP/1.1" 200 3386 "https://www.octopustransferscroatia.com/search?start_location=Zagreb+Airport&end_location=Split&date=22.07.2019.&people=3&type=oneway" "Mozilla/5.0 (iPhone; CPU iPhone OS 12_2 like Mac OS X) AppleWebKit/605.1.15 (KHTML, like Gecko) Version/12.1 Mobile/15E148 Safari/604.1"
93.140.126.226 - - [09/Jul/2019:12:32:21 +0000] "GET /images/standard.png HTTP/1.1" 200 65207 "https://www.octopustransferscroatia.com/" "Mozilla/5.0 (Linux; Android 9; Mi A2 Lite) AppleWebKit/537.36 (KHTML, like Gecko) Chrome/75.0.3770.101 Mobile Safari/537.36"
93.140.126.226 - - [09/Jul/2019:12:32:21 +0000] "GET /images/minivan.png HTTP/1.1" 200 91295 "https://www.octopustransferscroatia.com/" "Mozilla/5.0 (Linux; Android 9; Mi A2 Lite) AppleWebKit/537.36 (KHTML, like Gecko) Chrome/75.0.3770.101 Mobile Safari/537.36"
93.140.126.226 - - [09/Jul/2019:12:32:21 +0000] "GET /images/minibus.png HTTP/1.1" 200 66935 "https://www.octopustransferscroatia.com/" "Mozilla/5.0 (Linux; Android 9; Mi A2 Lite) AppleWebKit/537.36 (KHTML, like Gecko) Chrome/75.0.3770.101 Mobile Safari/537.36"
93.140.126.226 - - [09/Jul/2019:12:32:21 +0000] "GET /images/backgrounds/split.jpg HTTP/1.1" 200 209419 "https://www.octopustransferscroatia.com/css/all.css?v=6" "Mozilla/5.0 (Linux; Android 9; Mi A2 Lite) AppleWebKit/537.36 (KHTML, like Gecko) Chrome/75.0.3770.101 Mobile Safari/537.36"
93.140.126.226 - - [09/Jul/2019:12:32:21 +0000] "GET /images/backgrounds/krka.jpg HTTP/1.1" 200 279601 "https://www.octopustransferscroatia.com/css/all.css?v=6" "Mozilla/5.0 (Linux; Android 9; Mi A2 Lite) AppleWebKit/537.36 (KHTML, like Gecko) Chrome/75.0.3770.101 Mobile Safari/537.36"
93.140.126.226 - - [09/Jul/2019:12:32:22 +0000] "GET /css/images/ui-bg_flat_75_ffffff_40x100.png HTTP/1.1" 200 178 "https://www.octopustransferscroatia.com/css/all.css?v=6" "Mozilla/5.0 (Linux; Android 9; Mi A2 Lite) AppleWebKit/537.36 (KHTML, like Gecko) Chrome/75.0.3770.101 Mobile Safari/537.36"
93.140.126.226 - - [09/Jul/2019:12:32:21 +0000] "GET /images/backgrounds/plitvice.jpg HTTP/1.1" 200 376840 "https://www.octopustransferscroatia.com/css/all.css?v=6" "Mozilla/5.0 (Linux; Android 9; Mi A2 Lite) AppleWebKit/537.36 (KHTML, like Gecko) Chrome/75.0.3770.101 Mobile Safari/537.36"
93.140.126.226 - - [09/Jul/2019:12:32:22 +0000] "GET /images/bus.png HTTP/1.1" 200 111224 "https://www.octopustransferscroatia.com/" "Mozilla/5.0 (Linux; Android 9; Mi A2 Lite) AppleWebKit/537.36 (KHTML, like Gecko) Chrome/75.0.3770.101 Mobile Safari/537.36"
93.140.126.226 - - [09/Jul/2019:12:32:27 +0000] "POST /startlocation HTTP/1.1" 200 65 "https://www.octopustransferscroatia.com/" "Mozilla/5.0 (Linux; Android 9; Mi A2 Lite) AppleWebKit/537.36 (KHTML, like Gecko) Chrome/75.0.3770.101 Mobile Safari/537.36"
93.140.126.226 - - [09/Jul/2019:12:32:31 +0000] "POST /endlocation HTTP/1.1" 200 65 "https://www.octopustransferscroatia.com/" "Mozilla/5.0 (Linux; Android 9; Mi A2 Lite) AppleWebKit/537.36 (KHTML, like Gecko) Chrome/75.0.3770.101 Mobile Safari/537.36"
93.140.126.226 - - [09/Jul/2019:12:32:33 +0000] "GET /css/images/ui-icons_777777_256x240.png HTTP/1.1" 200 6999 "https://www.octopustransferscroatia.com/css/all.css?v=6" "Mozilla/5.0 (Linux; Android 9; Mi A2 Lite) AppleWebKit/537.36 (KHTML, like Gecko) Chrome/75.0.3770.101 Mobile Safari/537.36"
93.140.126.226 - - [09/Jul/2019:12:32:33 +0000] "GET /css/images/ui-bg_flat_100_f5f5f5_40x100.png HTTP/1.1" 404 1104 "https://www.octopustransferscroatia.com/css/all.css?v=6" "Mozilla/5.0 (Linux; Android 9; Mi A2 Lite) AppleWebKit/537.36 (KHTML, like Gecko) Chrome/75.0.3770.101 Mobile Safari/537.36"
93.140.82.89 - - [09/Jul/2019:12:32:45 +0000] "GET /admin/reservation/4665/edit HTTP/1.1" 200 3709 "https://www.octopustransferscroatia.com/admin/reservation" "Mozilla/5.0 (Windows NT 6.1) AppleWebKit/537.36 (KHTML, like Gecko) Chrome/75.0.3770.100 Safari/537.36"
93.140.126.226 - - [09/Jul/2019:12:32:46 +0000] "GET /search?start_location=Pula&end_location=Zadar&date=11.07.2019.&people=2&type=oneway HTTP/1.1" 200 5366 "https://www.octopustransferscroatia.com/" "Mozilla/5.0 (Linux; Android 9; Mi A2 Lite) AppleWebKit/537.36 (KHTML, like Gecko) Chrome/75.0.3770.101 Mobile Safari/537.36"
93.140.126.226 - - [09/Jul/2019:12:32:47 +0000] "GET /uploads/thumbnails/b9fa83b452a64e29be3c294cc2e189e0.png HTTP/1.1" 200 253568 "https://www.octopustransferscroatia.com/search?start_location=Pula&end_location=Zadar&date=11.07.2019.&people=2&type=oneway" "Mozilla/5.0 (Linux; Android 9; Mi A2 Lite) AppleWebKit/537.36 (KHTML, like Gecko) Chrome/75.0.3770.101 Mobile Safari/537.36"
93.140.126.226 - - [09/Jul/2019:12:32:47 +0000] "GET /uploads/thumbnails/1cf0bbb292957a5a23d102741ffbef78.png HTTP/1.1" 200 294202 "https://www.octopustransferscroatia.com/search?start_location=Pula&end_location=Zadar&date=11.07.2019.&people=2&type=oneway" "Mozilla/5.0 (Linux; Android 9; Mi A2 Lite) AppleWebKit/537.36 (KHTML, like Gecko) Chrome/75.0.3770.101 Mobile Safari/537.36"
93.140.126.226 - - [09/Jul/2019:12:32:47 +0000] "GET /uploads/thumbnails/1e9de2c4f0bdf1208ef92bd5d8956580.png HTTP/1.1" 200 462885 "https://www.octopustransferscroatia.com/search?start_location=Pula&end_location=Zadar&date=11.07.2019.&people=2&type=oneway" "Mozilla/5.0 (Linux; Android 9; Mi A2 Lite) AppleWebKit/537.36 (KHTML, like Gecko) Chrome/75.0.3770.101 Mobile Safari/537.36"
93.140.126.226 - - [09/Jul/2019:12:32:47 +0000] "GET /uploads/thumbnails/20fbc54c89d0ca6241588eb78dcde987.png HTTP/1.1" 200 393295 "https://www.octopustransferscroatia.com/search?start_location=Pula&end_location=Zadar&date=11.07.2019.&people=2&type=oneway" "Mozilla/5.0 (Linux; Android 9; Mi A2 Lite) AppleWebKit/537.36 (KHTML, like Gecko) Chrome/75.0.3770.101 Mobile Safari/537.36"
93.140.82.89 - - [09/Jul/2019:12:32:56 +0000] "GET /admin/reservation HTTP/1.1" 200 2356 "https://www.octopustransferscroatia.com/admin/reservation/4665/edit" "Mozilla/5.0 (Windows NT 6.1) AppleWebKit/537.36 (KHTML, like Gecko) Chrome/75.0.3770.100 Safari/537.36"
