68.37.181.251 - - [18/Jul/2019:02:58:08 +0000] "GET /uploads/images/6587f7bd756c9545e4fe5f18d15b5e24.jpg HTTP/1.1" 200 314101 "https://www.octopustransferscroatia.com/blog/how-to-get-from-split-to-dubrovnik" "Mozilla/5.0 (Macintosh; Intel Mac OS X 10_14_5) AppleWebKit/537.36 (KHTML, like Gecko) Chrome/75.0.3770.142 Safari/537.36"
68.37.181.251 - - [18/Jul/2019:02:58:09 +0000] "GET /images/favicon.ico HTTP/1.1" 200 894 "https://www.octopustransferscroatia.com/blog/how-to-get-from-split-to-dubrovnik" "Mozilla/5.0 (Macintosh; Intel Mac OS X 10_14_5) AppleWebKit/537.36 (KHTML, like Gecko) Chrome/75.0.3770.142 Safari/537.36"
68.37.181.251 - - [18/Jul/2019:02:58:10 +0000] "GET /favicon-32x32.png HTTP/1.1" 200 1372 "https://www.octopustransferscroatia.com/blog/how-to-get-from-split-to-dubrovnik" "Mozilla/5.0 (Macintosh; Intel Mac OS X 10_14_5) AppleWebKit/537.36 (KHTML, like Gecko) Chrome/75.0.3770.142 Safari/537.36"
68.37.181.251 - - [18/Jul/2019:02:58:10 +0000] "GET /manifest.json HTTP/1.1" 200 264 "https://www.octopustransferscroatia.com/blog/how-to-get-from-split-to-dubrovnik" "Mozilla/5.0 (Macintosh; Intel Mac OS X 10_14_5) AppleWebKit/537.36 (KHTML, like Gecko) Chrome/75.0.3770.142 Safari/537.36"
74.14.121.193 - - [18/Jul/2019:02:59:08 +0000] "GET / HTTP/1.1" 301 248 "-" "Mozilla/5.0 (iPhone; CPU iPhone OS 12_3_1 like Mac OS X) AppleWebKit/605.1.15 (KHTML, like Gecko) Version/12.1.1 Mobile/15E148 Safari/604.1"
74.14.121.193 - - [18/Jul/2019:02:59:09 +0000] "GET / HTTP/1.1" 200 5418 "-" "Mozilla/5.0 (iPhone; CPU iPhone OS 12_3_1 like Mac OS X) AppleWebKit/605.1.15 (KHTML, like Gecko) Version/12.1.1 Mobile/15E148 Safari/604.1"
74.14.121.193 - - [18/Jul/2019:02:59:09 +0000] "GET /css/all.css?v=6 HTTP/1.1" 200 48625 "https://www.octopustransferscroatia.com/" "Mozilla/5.0 (iPhone; CPU iPhone OS 12_3_1 like Mac OS X) AppleWebKit/605.1.15 (KHTML, like Gecko) Version/12.1.1 Mobile/15E148 Safari/604.1"
74.14.121.193 - - [18/Jul/2019:02:59:09 +0000] "GET /css/flexslider.css HTTP/1.1" 200 1097 "https://www.octopustransferscroatia.com/" "Mozilla/5.0 (iPhone; CPU iPhone OS 12_3_1 like Mac OS X) AppleWebKit/605.1.15 (KHTML, like Gecko) Version/12.1.1 Mobile/15E148 Safari/604.1"
74.14.121.193 - - [18/Jul/2019:02:59:09 +0000] "GET /images/octopus-logo.png HTTP/1.1" 200 10874 "https://www.octopustransferscroatia.com/" "Mozilla/5.0 (iPhone; CPU iPhone OS 12_3_1 like Mac OS X) AppleWebKit/605.1.15 (KHTML, like Gecko) Version/12.1.1 Mobile/15E148 Safari/604.1"
74.14.121.193 - - [18/Jul/2019:02:59:09 +0000] "GET /js/jquery.flexslider-min.js HTTP/1.1" 200 6427 "https://www.octopustransferscroatia.com/" "Mozilla/5.0 (iPhone; CPU iPhone OS 12_3_1 like Mac OS X) AppleWebKit/605.1.15 (KHTML, like Gecko) Version/12.1.1 Mobile/15E148 Safari/604.1"
74.14.121.193 - - [18/Jul/2019:02:59:10 +0000] "GET /images/standard.png HTTP/1.1" 200 65207 "https://www.octopustransferscroatia.com/" "Mozilla/5.0 (iPhone; CPU iPhone OS 12_3_1 like Mac OS X) AppleWebKit/605.1.15 (KHTML, like Gecko) Version/12.1.1 Mobile/15E148 Safari/604.1"
74.14.121.193 - - [18/Jul/2019:02:59:10 +0000] "GET /images/minibus.png HTTP/1.1" 200 66935 "https://www.octopustransferscroatia.com/" "Mozilla/5.0 (iPhone; CPU iPhone OS 12_3_1 like Mac OS X) AppleWebKit/605.1.15 (KHTML, like Gecko) Version/12.1.1 Mobile/15E148 Safari/604.1"
74.14.121.193 - - [18/Jul/2019:02:59:10 +0000] "GET /images/minivan.png HTTP/1.1" 200 91295 "https://www.octopustransferscroatia.com/" "Mozilla/5.0 (iPhone; CPU iPhone OS 12_3_1 like Mac OS X) AppleWebKit/605.1.15 (KHTML, like Gecko) Version/12.1.1 Mobile/15E148 Safari/604.1"
74.14.121.193 - - [18/Jul/2019:02:59:09 +0000] "GET /js/all.js?v=20 HTTP/1.1" 200 220450 "https://www.octopustransferscroatia.com/" "Mozilla/5.0 (iPhone; CPU iPhone OS 12_3_1 like Mac OS X) AppleWebKit/605.1.15 (KHTML, like Gecko) Version/12.1.1 Mobile/15E148 Safari/604.1"
74.14.121.193 - - [18/Jul/2019:02:59:10 +0000] "GET /images/bus.png HTTP/1.1" 200 111224 "https://www.octopustransferscroatia.com/" "Mozilla/5.0 (iPhone; CPU iPhone OS 12_3_1 like Mac OS X) AppleWebKit/605.1.15 (KHTML, like Gecko) Version/12.1.1 Mobile/15E148 Safari/604.1"
74.14.121.193 - - [18/Jul/2019:02:59:10 +0000] "GET /fonts/fonts/themeenergy.woff2 HTTP/1.1" 200 357352 "https://www.octopustransferscroatia.com/" "Mozilla/5.0 (iPhone; CPU iPhone OS 12_3_1 like Mac OS X) AppleWebKit/605.1.15 (KHTML, like Gecko) Version/12.1.1 Mobile/15E148 Safari/604.1"
74.14.121.193 - - [18/Jul/2019:02:59:11 +0000] "GET /css/images/ui-bg_flat_75_ffffff_40x100.png HTTP/1.1" 200 178 "https://www.octopustransferscroatia.com/" "Mozilla/5.0 (iPhone; CPU iPhone OS 12_3_1 like Mac OS X) AppleWebKit/605.1.15 (KHTML, like Gecko) Version/12.1.1 Mobile/15E148 Safari/604.1"
74.14.121.193 - - [18/Jul/2019:02:59:11 +0000] "GET /images/backgrounds/krka.jpg HTTP/1.1" 200 279601 "https://www.octopustransferscroatia.com/" "Mozilla/5.0 (iPhone; CPU iPhone OS 12_3_1 like Mac OS X) AppleWebKit/605.1.15 (KHTML, like Gecko) Version/12.1.1 Mobile/15E148 Safari/604.1"
74.14.121.193 - - [18/Jul/2019:02:59:11 +0000] "GET /images/backgrounds/split.jpg HTTP/1.1" 200 209419 "https://www.octopustransferscroatia.com/" "Mozilla/5.0 (iPhone; CPU iPhone OS 12_3_1 like Mac OS X) AppleWebKit/605.1.15 (KHTML, like Gecko) Version/12.1.1 Mobile/15E148 Safari/604.1"
74.14.121.193 - - [18/Jul/2019:02:59:11 +0000] "GET /images/backgrounds/plitvice.jpg HTTP/1.1" 200 376840 "https://www.octopustransferscroatia.com/" "Mozilla/5.0 (iPhone; CPU iPhone OS 12_3_1 like Mac OS X) AppleWebKit/605.1.15 (KHTML, like Gecko) Version/12.1.1 Mobile/15E148 Safari/604.1"
74.14.121.193 - - [18/Jul/2019:02:59:20 +0000] "GET /manifest.json HTTP/1.1" 200 264 "https://www.octopustransferscroatia.com/" "Mozilla/5.0 (iPhone; CPU iPhone OS 12_3_1 like Mac OS X) AppleWebKit/605.1.15 (KHTML, like Gecko) Version/12.1.1 Mobile/15E148 Safari/604.1"
74.14.121.193 - - [18/Jul/2019:02:59:20 +0000] "GET /favicon-32x32.png HTTP/1.1" 200 1372 "https://www.octopustransferscroatia.com/" "Mozilla/5.0 (iPhone; CPU iPhone OS 12_3_1 like Mac OS X) AppleWebKit/605.1.15 (KHTML, like Gecko) Version/12.1.1 Mobile/15E148 Safari/604.1"
74.14.121.193 - - [18/Jul/2019:02:59:21 +0000] "GET /favicon-16x16.png HTTP/1.1" 200 885 "https://www.octopustransferscroatia.com/" "Mozilla/5.0 (iPhone; CPU iPhone OS 12_3_1 like Mac OS X) AppleWebKit/605.1.15 (KHTML, like Gecko) Version/12.1.1 Mobile/15E148 Safari/604.1"
74.14.121.193 - - [18/Jul/2019:02:59:21 +0000] "GET /images/favicon.ico HTTP/1.1" 200 894 "https://www.octopustransferscroatia.com/" "Mozilla/5.0 (iPhone; CPU iPhone OS 12_3_1 like Mac OS X) AppleWebKit/605.1.15 (KHTML, like Gecko) Version/12.1.1 Mobile/15E148 Safari/604.1"
96.245.24.56 - - [18/Jul/2019:03:01:00 +0000] "POST /checkout HTTP/1.1" 302 436 "https://www.octopustransferscroatia.com/reservation" "Mozilla/5.0 (Windows NT 10.0; WOW64; Trident/7.0; rv:11.0) like Gecko"
96.245.24.56 - - [18/Jul/2019:03:01:01 +0000] "GET /checkout HTTP/1.1" 302 692 "https://www.octopustransferscroatia.com/reservation" "Mozilla/5.0 (Windows NT 10.0; WOW64; Trident/7.0; rv:11.0) like Gecko"
77.219.162.113 - - [18/Jul/2019:03:08:08 +0000] "GET / HTTP/1.1" 200 5418 "https://www.octopustransferscroatia.com/tours" "Mozilla/5.0 (Windows NT 6.2; Win64; x64; rv:66.0) Gecko/20100101 Firefox/66.0"
77.219.162.113 - - [18/Jul/2019:03:08:08 +0000] "GET /css/all.css?v=6 HTTP/1.1" 200 48625 "https://www.octopustransferscroatia.com/" "Mozilla/5.0 (Windows NT 6.2; Win64; x64; rv:66.0) Gecko/20100101 Firefox/66.0"
77.219.162.113 - - [18/Jul/2019:03:08:30 +0000] "GET /contact HTTP/1.1" 200 3429 "https://www.octopustransferscroatia.com/" "Mozilla/5.0 (Windows NT 6.2; Win64; x64; rv:66.0) Gecko/20100101 Firefox/66.0"
77.219.162.113 - - [18/Jul/2019:03:08:30 +0000] "GET /css/all.css?v=6 HTTP/1.1" 200 48625 "https://www.octopustransferscroatia.com/contact" "Mozilla/5.0 (Windows NT 6.2; Win64; x64; rv:66.0) Gecko/20100101 Firefox/66.0"
77.219.162.113 - - [18/Jul/2019:03:08:33 +0000] "GET / HTTP/1.1" 200 5418 "https://www.octopustransferscroatia.com/contact" "Mozilla/5.0 (Windows NT 6.2; Win64; x64; rv:66.0) Gecko/20100101 Firefox/66.0"
77.219.162.113 - - [18/Jul/2019:03:08:33 +0000] "GET /css/all.css?v=6 HTTP/1.1" 200 48625 "https://www.octopustransferscroatia.com/" "Mozilla/5.0 (Windows NT 6.2; Win64; x64; rv:66.0) Gecko/20100101 Firefox/66.0"
77.219.162.113 - - [18/Jul/2019:03:08:39 +0000] "GET /faq HTTP/1.1" 200 3822 "https://www.octopustransferscroatia.com/" "Mozilla/5.0 (Windows NT 6.2; Win64; x64; rv:66.0) Gecko/20100101 Firefox/66.0"
77.219.162.113 - - [18/Jul/2019:03:08:53 +0000] "GET /terms-and-conditions HTTP/1.1" 200 6391 "https://www.octopustransferscroatia.com/faq" "Mozilla/5.0 (Windows NT 6.2; Win64; x64; rv:66.0) Gecko/20100101 Firefox/66.0"
77.219.162.113 - - [18/Jul/2019:03:08:53 +0000] "GET /images/payment/american.png HTTP/1.1" 200 2831 "https://www.octopustransferscroatia.com/terms-and-conditions" "Mozilla/5.0 (Windows NT 6.2; Win64; x64; rv:66.0) Gecko/20100101 Firefox/66.0"
77.219.162.113 - - [18/Jul/2019:03:08:53 +0000] "GET /images/payment/payway.png HTTP/1.1" 200 24996 "https://www.octopustransferscroatia.com/terms-and-conditions" "Mozilla/5.0 (Windows NT 6.2; Win64; x64; rv:66.0) Gecko/20100101 Firefox/66.0"
77.219.162.113 - - [18/Jul/2019:03:08:53 +0000] "GET /images/payment/jamstvo.jpg HTTP/1.1" 200 3010 "https://www.octopustransferscroatia.com/terms-and-conditions" "Mozilla/5.0 (Windows NT 6.2; Win64; x64; rv:66.0) Gecko/20100101 Firefox/66.0"
77.219.162.113 - - [18/Jul/2019:03:08:53 +0000] "GET /images/payment/mastercard.png HTTP/1.1" 200 2275 "https://www.octopustransferscroatia.com/terms-and-conditions" "Mozilla/5.0 (Windows NT 6.2; Win64; x64; rv:66.0) Gecko/20100101 Firefox/66.0"
77.219.162.113 - - [18/Jul/2019:03:08:53 +0000] "GET /images/payment/diners.png HTTP/1.1" 200 3093 "https://www.octopustransferscroatia.com/terms-and-conditions" "Mozilla/5.0 (Windows NT 6.2; Win64; x64; rv:66.0) Gecko/20100101 Firefox/66.0"
77.219.162.113 - - [18/Jul/2019:03:08:53 +0000] "GET /images/payment/visa.png HTTP/1.1" 200 1865 "https://www.octopustransferscroatia.com/terms-and-conditions" "Mozilla/5.0 (Windows NT 6.2; Win64; x64; rv:66.0) Gecko/20100101 Firefox/66.0"
77.219.162.113 - - [18/Jul/2019:03:08:53 +0000] "GET /images/payment/discover.png HTTP/1.1" 200 2439 "https://www.octopustransferscroatia.com/terms-and-conditions" "Mozilla/5.0 (Windows NT 6.2; Win64; x64; rv:66.0) Gecko/20100101 Firefox/66.0"
77.219.162.113 - - [18/Jul/2019:03:08:53 +0000] "GET /images/payment/maestro.png HTTP/1.1" 200 1996 "https://www.octopustransferscroatia.com/terms-and-conditions" "Mozilla/5.0 (Windows NT 6.2; Win64; x64; rv:66.0) Gecko/20100101 Firefox/66.0"
77.219.162.113 - - [18/Jul/2019:03:08:53 +0000] "GET /images/payment/secured.jpg HTTP/1.1" 200 2728 "https://www.octopustransferscroatia.com/terms-and-conditions" "Mozilla/5.0 (Windows NT 6.2; Win64; x64; rv:66.0) Gecko/20100101 Firefox/66.0"
77.219.162.113 - - [18/Jul/2019:03:08:53 +0000] "GET /images/payment/verified.jpg HTTP/1.1" 200 8429 "https://www.octopustransferscroatia.com/terms-and-conditions" "Mozilla/5.0 (Windows NT 6.2; Win64; x64; rv:66.0) Gecko/20100101 Firefox/66.0"
77.219.162.113 - - [18/Jul/2019:03:08:53 +0000] "GET /apple-touch-icon.png HTTP/1.1" 200 2510 "-" "Mozilla/5.0 (Windows NT 6.2; Win64; x64; rv:66.0) Gecko/20100101 Firefox/66.0"
72.80.57.187 - - [18/Jul/2019:03:09:35 +0000] "GET /?gclid=Cj0KCQjwjrvpBRC0ARIsAFrFuV9YWNHR-1FEcjypajHw3L3Dqq90WHjcLkGo-9p7sO63t52Vey_wa7saAj4kEALw_wcB HTTP/1.1" 200 5418 "https://www.google.com/" "Mozilla/5.0 (iPad; CPU OS 12_2 like Mac OS X) AppleWebKit/605.1.15 (KHTML, like Gecko) CriOS/75.0.3770.103 Mobile/15E148 Safari/605.1"
72.80.57.187 - - [18/Jul/2019:03:09:35 +0000] "GET /css/all.css?v=6 HTTP/1.1" 200 48625 "https://www.octopustransferscroatia.com/?gclid=Cj0KCQjwjrvpBRC0ARIsAFrFuV9YWNHR-1FEcjypajHw3L3Dqq90WHjcLkGo-9p7sO63t52Vey_wa7saAj4kEALw_wcB" "Mozilla/5.0 (iPad; CPU OS 12_2 like Mac OS X) AppleWebKit/605.1.15 (KHTML, like Gecko) CriOS/75.0.3770.103 Mobile/15E148 Safari/605.1"
72.80.57.187 - - [18/Jul/2019:03:09:36 +0000] "GET /css/flexslider.css HTTP/1.1" 200 1097 "https://www.octopustransferscroatia.com/?gclid=Cj0KCQjwjrvpBRC0ARIsAFrFuV9YWNHR-1FEcjypajHw3L3Dqq90WHjcLkGo-9p7sO63t52Vey_wa7saAj4kEALw_wcB" "Mozilla/5.0 (iPad; CPU OS 12_2 like Mac OS X) AppleWebKit/605.1.15 (KHTML, like Gecko) CriOS/75.0.3770.103 Mobile/15E148 Safari/605.1"
72.80.57.187 - - [18/Jul/2019:03:09:36 +0000] "GET /images/octopus-logo.png HTTP/1.1" 200 10874 "https://www.octopustransferscroatia.com/?gclid=Cj0KCQjwjrvpBRC0ARIsAFrFuV9YWNHR-1FEcjypajHw3L3Dqq90WHjcLkGo-9p7sO63t52Vey_wa7saAj4kEALw_wcB" "Mozilla/5.0 (iPad; CPU OS 12_2 like Mac OS X) AppleWebKit/605.1.15 (KHTML, like Gecko) CriOS/75.0.3770.103 Mobile/15E148 Safari/605.1"
72.80.57.187 - - [18/Jul/2019:03:09:36 +0000] "GET /js/jquery.flexslider-min.js HTTP/1.1" 200 6427 "https://www.octopustransferscroatia.com/?gclid=Cj0KCQjwjrvpBRC0ARIsAFrFuV9YWNHR-1FEcjypajHw3L3Dqq90WHjcLkGo-9p7sO63t52Vey_wa7saAj4kEALw_wcB" "Mozilla/5.0 (iPad; CPU OS 12_2 like Mac OS X) AppleWebKit/605.1.15 (KHTML, like Gecko) CriOS/75.0.3770.103 Mobile/15E148 Safari/605.1"
72.80.57.187 - - [18/Jul/2019:03:09:36 +0000] "GET /js/all.js?v=20 HTTP/1.1" 200 220450 "https://www.octopustransferscroatia.com/?gclid=Cj0KCQjwjrvpBRC0ARIsAFrFuV9YWNHR-1FEcjypajHw3L3Dqq90WHjcLkGo-9p7sO63t52Vey_wa7saAj4kEALw_wcB" "Mozilla/5.0 (iPad; CPU OS 12_2 like Mac OS X) AppleWebKit/605.1.15 (KHTML, like Gecko) CriOS/75.0.3770.103 Mobile/15E148 Safari/605.1"
72.80.57.187 - - [18/Jul/2019:03:09:36 +0000] "GET /images/standard.png HTTP/1.1" 200 65207 "https://www.octopustransferscroatia.com/?gclid=Cj0KCQjwjrvpBRC0ARIsAFrFuV9YWNHR-1FEcjypajHw3L3Dqq90WHjcLkGo-9p7sO63t52Vey_wa7saAj4kEALw_wcB" "Mozilla/5.0 (iPad; CPU OS 12_2 like Mac OS X) AppleWebKit/605.1.15 (KHTML, like Gecko) CriOS/75.0.3770.103 Mobile/15E148 Safari/605.1"
72.80.57.187 - - [18/Jul/2019:03:09:36 +0000] "GET /images/minivan.png HTTP/1.1" 200 91295 "https://www.octopustransferscroatia.com/?gclid=Cj0KCQjwjrvpBRC0ARIsAFrFuV9YWNHR-1FEcjypajHw3L3Dqq90WHjcLkGo-9p7sO63t52Vey_wa7saAj4kEALw_wcB" "Mozilla/5.0 (iPad; CPU OS 12_2 like Mac OS X) AppleWebKit/605.1.15 (KHTML, like Gecko) CriOS/75.0.3770.103 Mobile/15E148 Safari/605.1"
72.80.57.187 - - [18/Jul/2019:03:09:36 +0000] "GET /images/minibus.png HTTP/1.1" 200 66935 "https://www.octopustransferscroatia.com/?gclid=Cj0KCQjwjrvpBRC0ARIsAFrFuV9YWNHR-1FEcjypajHw3L3Dqq90WHjcLkGo-9p7sO63t52Vey_wa7saAj4kEALw_wcB" "Mozilla/5.0 (iPad; CPU OS 12_2 like Mac OS X) AppleWebKit/605.1.15 (KHTML, like Gecko) CriOS/75.0.3770.103 Mobile/15E148 Safari/605.1"
72.80.57.187 - - [18/Jul/2019:03:09:36 +0000] "GET /images/bus.png HTTP/1.1" 200 111224 "https://www.octopustransferscroatia.com/?gclid=Cj0KCQjwjrvpBRC0ARIsAFrFuV9YWNHR-1FEcjypajHw3L3Dqq90WHjcLkGo-9p7sO63t52Vey_wa7saAj4kEALw_wcB" "Mozilla/5.0 (iPad; CPU OS 12_2 like Mac OS X) AppleWebKit/605.1.15 (KHTML, like Gecko) CriOS/75.0.3770.103 Mobile/15E148 Safari/605.1"
72.80.57.187 - - [18/Jul/2019:03:09:36 +0000] "GET /fonts/fonts/themeenergy.woff2 HTTP/1.1" 200 357352 "https://www.octopustransferscroatia.com/?gclid=Cj0KCQjwjrvpBRC0ARIsAFrFuV9YWNHR-1FEcjypajHw3L3Dqq90WHjcLkGo-9p7sO63t52Vey_wa7saAj4kEALw_wcB" "Mozilla/5.0 (iPad; CPU OS 12_2 like Mac OS X) AppleWebKit/605.1.15 (KHTML, like Gecko) CriOS/75.0.3770.103 Mobile/15E148 Safari/605.1"
72.80.57.187 - - [18/Jul/2019:03:09:36 +0000] "GET /css/images/ui-bg_flat_75_ffffff_40x100.png HTTP/1.1" 200 178 "https://www.octopustransferscroatia.com/?gclid=Cj0KCQjwjrvpBRC0ARIsAFrFuV9YWNHR-1FEcjypajHw3L3Dqq90WHjcLkGo-9p7sO63t52Vey_wa7saAj4kEALw_wcB" "Mozilla/5.0 (iPad; CPU OS 12_2 like Mac OS X) AppleWebKit/605.1.15 (KHTML, like Gecko) CriOS/75.0.3770.103 Mobile/15E148 Safari/605.1"
72.80.57.187 - - [18/Jul/2019:03:09:36 +0000] "GET /images/backgrounds/krka.jpg HTTP/1.1" 200 279601 "https://www.octopustransferscroatia.com/?gclid=Cj0KCQjwjrvpBRC0ARIsAFrFuV9YWNHR-1FEcjypajHw3L3Dqq90WHjcLkGo-9p7sO63t52Vey_wa7saAj4kEALw_wcB" "Mozilla/5.0 (iPad; CPU OS 12_2 like Mac OS X) AppleWebKit/605.1.15 (KHTML, like Gecko) CriOS/75.0.3770.103 Mobile/15E148 Safari/605.1"
72.80.57.187 - - [18/Jul/2019:03:09:36 +0000] "GET /images/backgrounds/split.jpg HTTP/1.1" 200 209419 "https://www.octopustransferscroatia.com/?gclid=Cj0KCQjwjrvpBRC0ARIsAFrFuV9YWNHR-1FEcjypajHw3L3Dqq90WHjcLkGo-9p7sO63t52Vey_wa7saAj4kEALw_wcB" "Mozilla/5.0 (iPad; CPU OS 12_2 like Mac OS X) AppleWebKit/605.1.15 (KHTML, like Gecko) CriOS/75.0.3770.103 Mobile/15E148 Safari/605.1"
72.80.57.187 - - [18/Jul/2019:03:09:36 +0000] "GET /images/backgrounds/plitvice.jpg HTTP/1.1" 200 376840 "https://www.octopustransferscroatia.com/?gclid=Cj0KCQjwjrvpBRC0ARIsAFrFuV9YWNHR-1FEcjypajHw3L3Dqq90WHjcLkGo-9p7sO63t52Vey_wa7saAj4kEALw_wcB" "Mozilla/5.0 (iPad; CPU OS 12_2 like Mac OS X) AppleWebKit/605.1.15 (KHTML, like Gecko) CriOS/75.0.3770.103 Mobile/15E148 Safari/605.1"
96.245.24.56 - - [18/Jul/2019:03:09:37 +0000] "POST /startlocation HTTP/1.1" 200 583 "https://www.octopustransferscroatia.com/" "Mozilla/5.0 (Windows NT 10.0; WOW64; Trident/7.0; rv:11.0) like Gecko"
96.245.24.56 - - [18/Jul/2019:03:09:37 +0000] "POST /startlocation HTTP/1.1" 200 107 "https://www.octopustransferscroatia.com/" "Mozilla/5.0 (Windows NT 10.0; WOW64; Trident/7.0; rv:11.0) like Gecko"
96.245.24.56 - - [18/Jul/2019:03:09:37 +0000] "POST /startlocation HTTP/1.1" 200 74 "https://www.octopustransferscroatia.com/" "Mozilla/5.0 (Windows NT 10.0; WOW64; Trident/7.0; rv:11.0) like Gecko"
72.80.57.187 - - [18/Jul/2019:03:09:38 +0000] "GET /apple-touch-icon.png HTTP/1.1" 200 2510 "-" "Mozilla/5.0 (iPad; CPU OS 12_2 like Mac OS X) AppleWebKit/605.1.15 (KHTML, like Gecko) CriOS/75.0.3770.103 Mobile/15E148 Safari/605.1"
72.80.57.187 - - [18/Jul/2019:03:09:38 +0000] "GET /favicon-32x32.png HTTP/1.1" 200 1372 "-" "Mozilla/5.0 (iPad; CPU OS 12_2 like Mac OS X) AppleWebKit/605.1.15 (KHTML, like Gecko) CriOS/75.0.3770.103 Mobile/15E148 Safari/605.1"
96.245.24.56 - - [18/Jul/2019:03:09:38 +0000] "POST /startlocation HTTP/1.1" 200 74 "https://www.octopustransferscroatia.com/" "Mozilla/5.0 (Windows NT 10.0; WOW64; Trident/7.0; rv:11.0) like Gecko"
96.245.24.56 - - [18/Jul/2019:03:09:38 +0000] "POST /startlocation HTTP/1.1" 200 74 "https://www.octopustransferscroatia.com/" "Mozilla/5.0 (Windows NT 10.0; WOW64; Trident/7.0; rv:11.0) like Gecko"
96.245.24.56 - - [18/Jul/2019:03:09:38 +0000] "POST /startlocation HTTP/1.1" 200 74 "https://www.octopustransferscroatia.com/" "Mozilla/5.0 (Windows NT 10.0; WOW64; Trident/7.0; rv:11.0) like Gecko"
96.245.24.56 - - [18/Jul/2019:03:09:39 +0000] "POST /startlocation HTTP/1.1" 200 74 "https://www.octopustransferscroatia.com/" "Mozilla/5.0 (Windows NT 10.0; WOW64; Trident/7.0; rv:11.0) like Gecko"
96.245.24.56 - - [18/Jul/2019:03:09:40 +0000] "POST /startlocation HTTP/1.1" 200 42 "https://www.octopustransferscroatia.com/" "Mozilla/5.0 (Windows NT 10.0; WOW64; Trident/7.0; rv:11.0) like Gecko"
96.245.24.56 - - [18/Jul/2019:03:09:40 +0000] "POST /startlocation HTTP/1.1" 200 42 "https://www.octopustransferscroatia.com/" "Mozilla/5.0 (Windows NT 10.0; WOW64; Trident/7.0; rv:11.0) like Gecko"
72.80.57.187 - - [18/Jul/2019:03:09:42 +0000] "POST /startlocation HTTP/1.1" 200 162 "https://www.octopustransferscroatia.com/?gclid=Cj0KCQjwjrvpBRC0ARIsAFrFuV9YWNHR-1FEcjypajHw3L3Dqq90WHjcLkGo-9p7sO63t52Vey_wa7saAj4kEALw_wcB" "Mozilla/5.0 (iPad; CPU OS 12_2 like Mac OS X) AppleWebKit/605.1.15 (KHTML, like Gecko) CriOS/75.0.3770.103 Mobile/15E148 Safari/605.1"
72.80.57.187 - - [18/Jul/2019:03:09:43 +0000] "POST /startlocation HTTP/1.1" 200 69 "https://www.octopustransferscroatia.com/?gclid=Cj0KCQjwjrvpBRC0ARIsAFrFuV9YWNHR-1FEcjypajHw3L3Dqq90WHjcLkGo-9p7sO63t52Vey_wa7saAj4kEALw_wcB" "Mozilla/5.0 (iPad; CPU OS 12_2 like Mac OS X) AppleWebKit/605.1.15 (KHTML, like Gecko) CriOS/75.0.3770.103 Mobile/15E148 Safari/605.1"
72.80.57.187 - - [18/Jul/2019:03:09:44 +0000] "POST /startlocation HTTP/1.1" 200 69 "https://www.octopustransferscroatia.com/?gclid=Cj0KCQjwjrvpBRC0ARIsAFrFuV9YWNHR-1FEcjypajHw3L3Dqq90WHjcLkGo-9p7sO63t52Vey_wa7saAj4kEALw_wcB" "Mozilla/5.0 (iPad; CPU OS 12_2 like Mac OS X) AppleWebKit/605.1.15 (KHTML, like Gecko) CriOS/75.0.3770.103 Mobile/15E148 Safari/605.1"
72.80.57.187 - - [18/Jul/2019:03:09:45 +0000] "POST /startlocation HTTP/1.1" 200 39 "https://www.octopustransferscroatia.com/?gclid=Cj0KCQjwjrvpBRC0ARIsAFrFuV9YWNHR-1FEcjypajHw3L3Dqq90WHjcLkGo-9p7sO63t52Vey_wa7saAj4kEALw_wcB" "Mozilla/5.0 (iPad; CPU OS 12_2 like Mac OS X) AppleWebKit/605.1.15 (KHTML, like Gecko) CriOS/75.0.3770.103 Mobile/15E148 Safari/605.1"
96.245.24.56 - - [18/Jul/2019:03:09:45 +0000] "POST /endlocation HTTP/1.1" 200 92 "https://www.octopustransferscroatia.com/" "Mozilla/5.0 (Windows NT 10.0; WOW64; Trident/7.0; rv:11.0) like Gecko"
96.245.24.56 - - [18/Jul/2019:03:09:45 +0000] "POST /endlocation HTTP/1.1" 200 33 "https://www.octopustransferscroatia.com/" "Mozilla/5.0 (Windows NT 10.0; WOW64; Trident/7.0; rv:11.0) like Gecko"
96.245.24.56 - - [18/Jul/2019:03:09:46 +0000] "POST /endlocation HTTP/1.1" 200 33 "https://www.octopustransferscroatia.com/" "Mozilla/5.0 (Windows NT 10.0; WOW64; Trident/7.0; rv:11.0) like Gecko"
96.245.24.56 - - [18/Jul/2019:03:09:46 +0000] "POST /endlocation HTTP/1.1" 200 33 "https://www.octopustransferscroatia.com/" "Mozilla/5.0 (Windows NT 10.0; WOW64; Trident/7.0; rv:11.0) like Gecko"
96.245.24.56 - - [18/Jul/2019:03:09:47 +0000] "POST /endlocation HTTP/1.1" 200 33 "https://www.octopustransferscroatia.com/" "Mozilla/5.0 (Windows NT 10.0; WOW64; Trident/7.0; rv:11.0) like Gecko"
96.245.24.56 - - [18/Jul/2019:03:09:47 +0000] "POST /endlocation HTTP/1.1" 200 33 "https://www.octopustransferscroatia.com/" "Mozilla/5.0 (Windows NT 10.0; WOW64; Trident/7.0; rv:11.0) like Gecko"
72.80.57.187 - - [18/Jul/2019:03:09:49 +0000] "POST /endlocation HTTP/1.1" 200 321 "https://www.octopustransferscroatia.com/?gclid=Cj0KCQjwjrvpBRC0ARIsAFrFuV9YWNHR-1FEcjypajHw3L3Dqq90WHjcLkGo-9p7sO63t52Vey_wa7saAj4kEALw_wcB" "Mozilla/5.0 (iPad; CPU OS 12_2 like Mac OS X) AppleWebKit/605.1.15 (KHTML, like Gecko) CriOS/75.0.3770.103 Mobile/15E148 Safari/605.1"
96.245.24.56 - - [18/Jul/2019:03:09:49 +0000] "POST /endlocation HTTP/1.1" 200 2 "https://www.octopustransferscroatia.com/" "Mozilla/5.0 (Windows NT 10.0; WOW64; Trident/7.0; rv:11.0) like Gecko"
72.80.57.187 - - [18/Jul/2019:03:09:49 +0000] "POST /endlocation HTTP/1.1" 200 2 "https://www.octopustransferscroatia.com/?gclid=Cj0KCQjwjrvpBRC0ARIsAFrFuV9YWNHR-1FEcjypajHw3L3Dqq90WHjcLkGo-9p7sO63t52Vey_wa7saAj4kEALw_wcB" "Mozilla/5.0 (iPad; CPU OS 12_2 like Mac OS X) AppleWebKit/605.1.15 (KHTML, like Gecko) CriOS/75.0.3770.103 Mobile/15E148 Safari/605.1"
72.80.57.187 - - [18/Jul/2019:03:09:50 +0000] "POST /endlocation HTTP/1.1" 200 2 "https://www.octopustransferscroatia.com/?gclid=Cj0KCQjwjrvpBRC0ARIsAFrFuV9YWNHR-1FEcjypajHw3L3Dqq90WHjcLkGo-9p7sO63t52Vey_wa7saAj4kEALw_wcB" "Mozilla/5.0 (iPad; CPU OS 12_2 like Mac OS X) AppleWebKit/605.1.15 (KHTML, like Gecko) CriOS/75.0.3770.103 Mobile/15E148 Safari/605.1"
72.80.57.187 - - [18/Jul/2019:03:09:51 +0000] "GET /css/images/ui-icons_777777_256x240.png HTTP/1.1" 200 6999 "https://www.octopustransferscroatia.com/?gclid=Cj0KCQjwjrvpBRC0ARIsAFrFuV9YWNHR-1FEcjypajHw3L3Dqq90WHjcLkGo-9p7sO63t52Vey_wa7saAj4kEALw_wcB" "Mozilla/5.0 (iPad; CPU OS 12_2 like Mac OS X) AppleWebKit/605.1.15 (KHTML, like Gecko) CriOS/75.0.3770.103 Mobile/15E148 Safari/605.1"
72.80.57.187 - - [18/Jul/2019:03:09:51 +0000] "GET /css/images/ui-bg_flat_100_f5f5f5_40x100.png HTTP/1.1" 404 1104 "https://www.octopustransferscroatia.com/?gclid=Cj0KCQjwjrvpBRC0ARIsAFrFuV9YWNHR-1FEcjypajHw3L3Dqq90WHjcLkGo-9p7sO63t52Vey_wa7saAj4kEALw_wcB" "Mozilla/5.0 (iPad; CPU OS 12_2 like Mac OS X) AppleWebKit/605.1.15 (KHTML, like Gecko) CriOS/75.0.3770.103 Mobile/15E148 Safari/605.1"
72.80.57.187 - - [18/Jul/2019:03:09:54 +0000] "POST /endlocation HTTP/1.1" 200 2 "https://www.octopustransferscroatia.com/?gclid=Cj0KCQjwjrvpBRC0ARIsAFrFuV9YWNHR-1FEcjypajHw3L3Dqq90WHjcLkGo-9p7sO63t52Vey_wa7saAj4kEALw_wcB" "Mozilla/5.0 (iPad; CPU OS 12_2 like Mac OS X) AppleWebKit/605.1.15 (KHTML, like Gecko) CriOS/75.0.3770.103 Mobile/15E148 Safari/605.1"
72.80.57.187 - - [18/Jul/2019:03:09:55 +0000] "POST /endlocation HTTP/1.1" 200 321 "https://www.octopustransferscroatia.com/?gclid=Cj0KCQjwjrvpBRC0ARIsAFrFuV9YWNHR-1FEcjypajHw3L3Dqq90WHjcLkGo-9p7sO63t52Vey_wa7saAj4kEALw_wcB" "Mozilla/5.0 (iPad; CPU OS 12_2 like Mac OS X) AppleWebKit/605.1.15 (KHTML, like Gecko) CriOS/75.0.3770.103 Mobile/15E148 Safari/605.1"
96.245.24.56 - - [18/Jul/2019:03:09:55 +0000] "GET /css/images/ui-bg_flat_100_f5f5f5_40x100.png HTTP/1.1" 404 1104 "https://www.octopustransferscroatia.com/" "Mozilla/5.0 (Windows NT 10.0; WOW64; Trident/7.0; rv:11.0) like Gecko"
72.80.57.187 - - [18/Jul/2019:03:09:56 +0000] "POST /endlocation HTTP/1.1" 200 65 "https://www.octopustransferscroatia.com/?gclid=Cj0KCQjwjrvpBRC0ARIsAFrFuV9YWNHR-1FEcjypajHw3L3Dqq90WHjcLkGo-9p7sO63t52Vey_wa7saAj4kEALw_wcB" "Mozilla/5.0 (iPad; CPU OS 12_2 like Mac OS X) AppleWebKit/605.1.15 (KHTML, like Gecko) CriOS/75.0.3770.103 Mobile/15E148 Safari/605.1"
72.80.57.187 - - [18/Jul/2019:03:09:56 +0000] "POST /endlocation HTTP/1.1" 200 65 "https://www.octopustransferscroatia.com/?gclid=Cj0KCQjwjrvpBRC0ARIsAFrFuV9YWNHR-1FEcjypajHw3L3Dqq90WHjcLkGo-9p7sO63t52Vey_wa7saAj4kEALw_wcB" "Mozilla/5.0 (iPad; CPU OS 12_2 like Mac OS X) AppleWebKit/605.1.15 (KHTML, like Gecko) CriOS/75.0.3770.103 Mobile/15E148 Safari/605.1"
96.245.24.56 - - [18/Jul/2019:03:10:04 +0000] "GET /search?start_location=Dubrovnik+Airport&end_location=Dubrovnik+&date=19.08.2019.&people=2&type=oneway HTTP/1.1" 200 5358 "https://www.octopustransferscroatia.com/" "Mozilla/5.0 (Windows NT 10.0; WOW64; Trident/7.0; rv:11.0) like Gecko"
72.80.57.187 - - [18/Jul/2019:03:10:05 +0000] "GET /css/images/ui-icons_ffffff_256x240.png HTTP/1.1" 200 6299 "https://www.octopustransferscroatia.com/?gclid=Cj0KCQjwjrvpBRC0ARIsAFrFuV9YWNHR-1FEcjypajHw3L3Dqq90WHjcLkGo-9p7sO63t52Vey_wa7saAj4kEALw_wcB" "Mozilla/5.0 (iPad; CPU OS 12_2 like Mac OS X) AppleWebKit/605.1.15 (KHTML, like Gecko) CriOS/75.0.3770.103 Mobile/15E148 Safari/605.1"
77.219.162.113 - - [18/Jul/2019:03:10:17 +0000] "GET /privacy-policy HTTP/1.1" 200 15201 "https://www.octopustransferscroatia.com/terms-and-conditions" "Mozilla/5.0 (Windows NT 6.2; Win64; x64; rv:66.0) Gecko/20100101 Firefox/66.0"
96.245.24.56 - - [18/Jul/2019:03:10:18 +0000] "GET /search?start_location=Dubrovnik+Airport&end_location=Dubrovnik+&date=19.08.2019.&people=2&type=oneway&type=return HTTP/1.1" 200 5356 "https://www.octopustransferscroatia.com/" "Mozilla/5.0 (Windows NT 10.0; WOW64; Trident/7.0; rv:11.0) like Gecko"
72.80.57.187 - - [18/Jul/2019:03:10:19 +0000] "GET /search?start_location=Zagreb+&end_location=Split&date=30.09.2019.&people=2&type=oneway HTTP/1.1" 200 5375 "https://www.octopustransferscroatia.com/?gclid=Cj0KCQjwjrvpBRC0ARIsAFrFuV9YWNHR-1FEcjypajHw3L3Dqq90WHjcLkGo-9p7sO63t52Vey_wa7saAj4kEALw_wcB" "Mozilla/5.0 (iPad; CPU OS 12_2 like Mac OS X) AppleWebKit/605.1.15 (KHTML, like Gecko) CriOS/75.0.3770.103 Mobile/15E148 Safari/605.1"
72.80.57.187 - - [18/Jul/2019:03:10:20 +0000] "GET /uploads/thumbnails/b9fa83b452a64e29be3c294cc2e189e0.png HTTP/1.1" 200 253568 "https://www.octopustransferscroatia.com/search?start_location=Zagreb+&end_location=Split&date=30.09.2019.&people=2&type=oneway" "Mozilla/5.0 (iPad; CPU OS 12_2 like Mac OS X) AppleWebKit/605.1.15 (KHTML, like Gecko) CriOS/75.0.3770.103 Mobile/15E148 Safari/605.1"
72.80.57.187 - - [18/Jul/2019:03:10:20 +0000] "GET /uploads/thumbnails/1e9de2c4f0bdf1208ef92bd5d8956580.png HTTP/1.1" 200 462885 "https://www.octopustransferscroatia.com/search?start_location=Zagreb+&end_location=Split&date=30.09.2019.&people=2&type=oneway" "Mozilla/5.0 (iPad; CPU OS 12_2 like Mac OS X) AppleWebKit/605.1.15 (KHTML, like Gecko) CriOS/75.0.3770.103 Mobile/15E148 Safari/605.1"
72.80.57.187 - - [18/Jul/2019:03:10:20 +0000] "GET /uploads/thumbnails/1cf0bbb292957a5a23d102741ffbef78.png HTTP/1.1" 200 294202 "https://www.octopustransferscroatia.com/search?start_location=Zagreb+&end_location=Split&date=30.09.2019.&people=2&type=oneway" "Mozilla/5.0 (iPad; CPU OS 12_2 like Mac OS X) AppleWebKit/605.1.15 (KHTML, like Gecko) CriOS/75.0.3770.103 Mobile/15E148 Safari/605.1"
72.80.57.187 - - [18/Jul/2019:03:10:20 +0000] "GET /uploads/thumbnails/20fbc54c89d0ca6241588eb78dcde987.png HTTP/1.1" 200 393295 "https://www.octopustransferscroatia.com/search?start_location=Zagreb+&end_location=Split&date=30.09.2019.&people=2&type=oneway" "Mozilla/5.0 (iPad; CPU OS 12_2 like Mac OS X) AppleWebKit/605.1.15 (KHTML, like Gecko) CriOS/75.0.3770.103 Mobile/15E148 Safari/605.1"
96.245.24.56 - - [18/Jul/2019:03:10:29 +0000] "GET /search?start_location=Dubrovnik+Airport&end_location=Dubrovnik+&date=19.08.2019.&people=2&type=return HTTP/1.1" 200 5356 "https://www.octopustransferscroatia.com/search?start_location=Dubrovnik+Airport&end_location=Dubrovnik+&date=19.08.2019.&people=2&type=oneway&type=return" "Mozilla/5.0 (Windows NT 10.0; WOW64; Trident/7.0; rv:11.0) like Gecko"
72.80.57.187 - - [18/Jul/2019:03:10:33 +0000] "GET /?gclid=Cj0KCQjwjrvpBRC0ARIsAFrFuV9YWNHR-1FEcjypajHw3L3Dqq90WHjcLkGo-9p7sO63t52Vey_wa7saAj4kEALw_wcB HTTP/1.1" 200 5418 "https://www.google.com/" "Mozilla/5.0 (iPad; CPU OS 12_2 like Mac OS X) AppleWebKit/605.1.15 (KHTML, like Gecko) CriOS/75.0.3770.103 Mobile/15E148 Safari/605.1"
96.245.24.56 - - [18/Jul/2019:03:10:42 +0000] "POST /reservation HTTP/1.1" 200 5430 "https://www.octopustransferscroatia.com/search?start_location=Dubrovnik+Airport&end_location=Dubrovnik+&date=19.08.2019.&people=2&type=return" "Mozilla/5.0 (Windows NT 10.0; WOW64; Trident/7.0; rv:11.0) like Gecko"
58.171.17.101 - - [18/Jul/2019:03:11:32 +0000] "GET / HTTP/1.1" 200 5418 "-" "Mozilla/5.0 (Macintosh; Intel Mac OS X 10_14_5) AppleWebKit/605.1.15 (KHTML, like Gecko) Version/12.1.1 Safari/605.1.15"
58.171.17.101 - - [18/Jul/2019:03:11:36 +0000] "GET /tours HTTP/1.1" 200 3351 "https://www.octopustransferscroatia.com/" "Mozilla/5.0 (Macintosh; Intel Mac OS X 10_14_5) AppleWebKit/605.1.15 (KHTML, like Gecko) Version/12.1.1 Safari/605.1.15"
58.171.17.101 - - [18/Jul/2019:03:11:36 +0000] "GET /uploads/thumbnails/eb2bb12b91547aa360e32e6f48053f29.jpg HTTP/1.1" 200 99967 "https://www.octopustransferscroatia.com/tours" "Mozilla/5.0 (Macintosh; Intel Mac OS X 10_14_5) AppleWebKit/605.1.15 (KHTML, like Gecko) Version/12.1.1 Safari/605.1.15"
58.171.17.101 - - [18/Jul/2019:03:11:37 +0000] "GET /uploads/thumbnails/7b9c27f182dec4d0f525967de61b8c91.jpg HTTP/1.1" 200 118695 "https://www.octopustransferscroatia.com/tours" "Mozilla/5.0 (Macintosh; Intel Mac OS X 10_14_5) AppleWebKit/605.1.15 (KHTML, like Gecko) Version/12.1.1 Safari/605.1.15"
58.171.17.101 - - [18/Jul/2019:03:11:46 +0000] "GET /tours/split-to-plitvice-lakes-day-trip HTTP/1.1" 200 4953 "https://www.octopustransferscroatia.com/tours" "Mozilla/5.0 (Macintosh; Intel Mac OS X 10_14_5) AppleWebKit/605.1.15 (KHTML, like Gecko) Version/12.1.1 Safari/605.1.15"
58.171.17.101 - - [18/Jul/2019:03:11:46 +0000] "GET /unitegallery/js/unitegallery.min.js HTTP/1.1" 200 66910 "https://www.octopustransferscroatia.com/tours/split-to-plitvice-lakes-day-trip" "Mozilla/5.0 (Macintosh; Intel Mac OS X 10_14_5) AppleWebKit/605.1.15 (KHTML, like Gecko) Version/12.1.1 Safari/605.1.15"
58.171.17.101 - - [18/Jul/2019:03:11:46 +0000] "GET /unitegallery/css/unite-gallery.css HTTP/1.1" 200 4825 "https://www.octopustransferscroatia.com/tours/split-to-plitvice-lakes-day-trip" "Mozilla/5.0 (Macintosh; Intel Mac OS X 10_14_5) AppleWebKit/605.1.15 (KHTML, like Gecko) Version/12.1.1 Safari/605.1.15"
58.171.17.101 - - [18/Jul/2019:03:11:47 +0000] "GET /unitegallery/themes/compact/ug-theme-compact.js HTTP/1.1" 200 2477 "https://www.octopustransferscroatia.com/tours/split-to-plitvice-lakes-day-trip" "Mozilla/5.0 (Macintosh; Intel Mac OS X 10_14_5) AppleWebKit/605.1.15 (KHTML, like Gecko) Version/12.1.1 Safari/605.1.15"
58.171.17.101 - - [18/Jul/2019:03:11:48 +0000] "GET /unitegallery/images/loader-white1.gif HTTP/1.1" 200 2545 "https://www.octopustransferscroatia.com/tours/split-to-plitvice-lakes-day-trip" "Mozilla/5.0 (Macintosh; Intel Mac OS X 10_14_5) AppleWebKit/605.1.15 (KHTML, like Gecko) Version/12.1.1 Safari/605.1.15"
58.171.17.101 - - [18/Jul/2019:03:11:48 +0000] "GET /unitegallery/skins/default/grid_handle_black_top.png HTTP/1.1" 200 942 "https://www.octopustransferscroatia.com/tours/split-to-plitvice-lakes-day-trip" "Mozilla/5.0 (Macintosh; Intel Mac OS X 10_14_5) AppleWebKit/605.1.15 (KHTML, like Gecko) Version/12.1.1 Safari/605.1.15"
58.171.17.101 - - [18/Jul/2019:03:11:48 +0000] "GET /unitegallery/images/loader.gif HTTP/1.1" 200 673 "https://www.octopustransferscroatia.com/tours/split-to-plitvice-lakes-day-trip" "Mozilla/5.0 (Macintosh; Intel Mac OS X 10_14_5) AppleWebKit/605.1.15 (KHTML, like Gecko) Version/12.1.1 Safari/605.1.15"
58.171.17.101 - - [18/Jul/2019:03:11:48 +0000] "GET /unitegallery/images/play-button-square.png HTTP/1.1" 200 4591 "https://www.octopustransferscroatia.com/tours/split-to-plitvice-lakes-day-trip" "Mozilla/5.0 (Macintosh; Intel Mac OS X 10_14_5) AppleWebKit/605.1.15 (KHTML, like Gecko) Version/12.1.1 Safari/605.1.15"
58.171.17.101 - - [18/Jul/2019:03:11:48 +0000] "GET /unitegallery/images/button-close.png HTTP/1.1" 200 7155 "https://www.octopustransferscroatia.com/tours/split-to-plitvice-lakes-day-trip" "Mozilla/5.0 (Macintosh; Intel Mac OS X 10_14_5) AppleWebKit/605.1.15 (KHTML, like Gecko) Version/12.1.1 Safari/605.1.15"
58.171.17.101 - - [18/Jul/2019:03:11:48 +0000] "GET /unitegallery/images/loader-black1.gif HTTP/1.1" 200 5855 "https://www.octopustransferscroatia.com/tours/split-to-plitvice-lakes-day-trip" "Mozilla/5.0 (Macintosh; Intel Mac OS X 10_14_5) AppleWebKit/605.1.15 (KHTML, like Gecko) Version/12.1.1 Safari/605.1.15"
58.171.17.101 - - [18/Jul/2019:03:11:49 +0000] "GET /unitegallery/skins/default/slider_arrow_right.png HTTP/1.1" 200 493 "https://www.octopustransferscroatia.com/tours/split-to-plitvice-lakes-day-trip" "Mozilla/5.0 (Macintosh; Intel Mac OS X 10_14_5) AppleWebKit/605.1.15 (KHTML, like Gecko) Version/12.1.1 Safari/605.1.15"
58.171.17.101 - - [18/Jul/2019:03:11:49 +0000] "GET /unitegallery/skins/default/slider_arrow_left.png HTTP/1.1" 200 470 "https://www.octopustransferscroatia.com/tours/split-to-plitvice-lakes-day-trip" "Mozilla/5.0 (Macintosh; Intel Mac OS X 10_14_5) AppleWebKit/605.1.15 (KHTML, like Gecko) Version/12.1.1 Safari/605.1.15"
58.171.17.101 - - [18/Jul/2019:03:11:49 +0000] "GET /unitegallery/skins/default/button_fullscreen.png HTTP/1.1" 200 1050 "https://www.octopustransferscroatia.com/tours/split-to-plitvice-lakes-day-trip" "Mozilla/5.0 (Macintosh; Intel Mac OS X 10_14_5) AppleWebKit/605.1.15 (KHTML, like Gecko) Version/12.1.1 Safari/605.1.15"
58.171.17.101 - - [18/Jul/2019:03:11:48 +0000] "GET /uploads/images/7b9c27f182dec4d0f525967de61b8c91.jpg HTTP/1.1" 200 402541 "https://www.octopustransferscroatia.com/tours/split-to-plitvice-lakes-day-trip" "Mozilla/5.0 (Macintosh; Intel Mac OS X 10_14_5) AppleWebKit/605.1.15 (KHTML, like Gecko) Version/12.1.1 Safari/605.1.15"
96.245.24.56 - - [18/Jul/2019:03:11:55 +0000] "GET /css/images/ui-bg_flat_100_f5f5f5_40x100.png HTTP/1.1" 404 1104 "https://www.octopustransferscroatia.com/reservation" "Mozilla/5.0 (Windows NT 10.0; WOW64; Trident/7.0; rv:11.0) like Gecko"
96.245.24.56 - - [18/Jul/2019:03:11:55 +0000] "GET /css/images/ui-icons_888888_256x240.png HTTP/1.1" 404 1104 "https://www.octopustransferscroatia.com/reservation" "Mozilla/5.0 (Windows NT 10.0; WOW64; Trident/7.0; rv:11.0) like Gecko"
69.127.139.56 - - [18/Jul/2019:03:14:33 +0000] "GET /?gclid=EAIaIQobChMIpM-1j8C94wIVDSsMCh2TbA9PEAAYASAAEgLqpfD_BwE HTTP/1.1" 200 5418 "https://www.google.com/" "Mozilla/5.0 (Macintosh; Intel Mac OS X 10_11_6) AppleWebKit/605.1.15 (KHTML, like Gecko) Version/11.1.2 Safari/605.1.15"
69.127.139.56 - - [18/Jul/2019:03:14:33 +0000] "GET /css/all.css?v=6 HTTP/1.1" 200 48625 "https://www.octopustransferscroatia.com/?gclid=EAIaIQobChMIpM-1j8C94wIVDSsMCh2TbA9PEAAYASAAEgLqpfD_BwE" "Mozilla/5.0 (Macintosh; Intel Mac OS X 10_11_6) AppleWebKit/605.1.15 (KHTML, like Gecko) Version/11.1.2 Safari/605.1.15"
69.127.139.56 - - [18/Jul/2019:03:14:33 +0000] "GET /images/octopus-logo.png HTTP/1.1" 200 10874 "https://www.octopustransferscroatia.com/?gclid=EAIaIQobChMIpM-1j8C94wIVDSsMCh2TbA9PEAAYASAAEgLqpfD_BwE" "Mozilla/5.0 (Macintosh; Intel Mac OS X 10_11_6) AppleWebKit/605.1.15 (KHTML, like Gecko) Version/11.1.2 Safari/605.1.15"
69.127.139.56 - - [18/Jul/2019:03:14:33 +0000] "GET /css/flexslider.css HTTP/1.1" 200 1097 "https://www.octopustransferscroatia.com/?gclid=EAIaIQobChMIpM-1j8C94wIVDSsMCh2TbA9PEAAYASAAEgLqpfD_BwE" "Mozilla/5.0 (Macintosh; Intel Mac OS X 10_11_6) AppleWebKit/605.1.15 (KHTML, like Gecko) Version/11.1.2 Safari/605.1.15"
69.127.139.56 - - [18/Jul/2019:03:14:33 +0000] "GET /js/jquery.flexslider-min.js HTTP/1.1" 200 6427 "https://www.octopustransferscroatia.com/?gclid=EAIaIQobChMIpM-1j8C94wIVDSsMCh2TbA9PEAAYASAAEgLqpfD_BwE" "Mozilla/5.0 (Macintosh; Intel Mac OS X 10_11_6) AppleWebKit/605.1.15 (KHTML, like Gecko) Version/11.1.2 Safari/605.1.15"
69.127.139.56 - - [18/Jul/2019:03:14:33 +0000] "GET /js/all.js?v=20 HTTP/1.1" 200 220450 "https://www.octopustransferscroatia.com/?gclid=EAIaIQobChMIpM-1j8C94wIVDSsMCh2TbA9PEAAYASAAEgLqpfD_BwE" "Mozilla/5.0 (Macintosh; Intel Mac OS X 10_11_6) AppleWebKit/605.1.15 (KHTML, like Gecko) Version/11.1.2 Safari/605.1.15"
69.127.139.56 - - [18/Jul/2019:03:14:34 +0000] "GET /fonts/fonts/themeenergy.woff HTTP/1.1" 200 476336 "https://www.octopustransferscroatia.com/?gclid=EAIaIQobChMIpM-1j8C94wIVDSsMCh2TbA9PEAAYASAAEgLqpfD_BwE" "Mozilla/5.0 (Macintosh; Intel Mac OS X 10_11_6) AppleWebKit/605.1.15 (KHTML, like Gecko) Version/11.1.2 Safari/605.1.15"
69.127.139.56 - - [18/Jul/2019:03:14:34 +0000] "GET /images/minivan.png HTTP/1.1" 200 91295 "https://www.octopustransferscroatia.com/?gclid=EAIaIQobChMIpM-1j8C94wIVDSsMCh2TbA9PEAAYASAAEgLqpfD_BwE" "Mozilla/5.0 (Macintosh; Intel Mac OS X 10_11_6) AppleWebKit/605.1.15 (KHTML, like Gecko) Version/11.1.2 Safari/605.1.15"
69.127.139.56 - - [18/Jul/2019:03:14:34 +0000] "GET /images/standard.png HTTP/1.1" 200 65207 "https://www.octopustransferscroatia.com/?gclid=EAIaIQobChMIpM-1j8C94wIVDSsMCh2TbA9PEAAYASAAEgLqpfD_BwE" "Mozilla/5.0 (Macintosh; Intel Mac OS X 10_11_6) AppleWebKit/605.1.15 (KHTML, like Gecko) Version/11.1.2 Safari/605.1.15"
69.127.139.56 - - [18/Jul/2019:03:14:34 +0000] "GET /images/minibus.png HTTP/1.1" 200 66935 "https://www.octopustransferscroatia.com/?gclid=EAIaIQobChMIpM-1j8C94wIVDSsMCh2TbA9PEAAYASAAEgLqpfD_BwE" "Mozilla/5.0 (Macintosh; Intel Mac OS X 10_11_6) AppleWebKit/605.1.15 (KHTML, like Gecko) Version/11.1.2 Safari/605.1.15"
69.127.139.56 - - [18/Jul/2019:03:14:34 +0000] "GET /images/bus.png HTTP/1.1" 200 111224 "https://www.octopustransferscroatia.com/?gclid=EAIaIQobChMIpM-1j8C94wIVDSsMCh2TbA9PEAAYASAAEgLqpfD_BwE" "Mozilla/5.0 (Macintosh; Intel Mac OS X 10_11_6) AppleWebKit/605.1.15 (KHTML, like Gecko) Version/11.1.2 Safari/605.1.15"
69.127.139.56 - - [18/Jul/2019:03:14:34 +0000] "GET /css/images/ui-bg_flat_75_ffffff_40x100.png HTTP/1.1" 200 178 "https://www.octopustransferscroatia.com/?gclid=EAIaIQobChMIpM-1j8C94wIVDSsMCh2TbA9PEAAYASAAEgLqpfD_BwE" "Mozilla/5.0 (Macintosh; Intel Mac OS X 10_11_6) AppleWebKit/605.1.15 (KHTML, like Gecko) Version/11.1.2 Safari/605.1.15"
69.127.139.56 - - [18/Jul/2019:03:14:34 +0000] "GET /images/backgrounds/krka.jpg HTTP/1.1" 200 279601 "https://www.octopustransferscroatia.com/?gclid=EAIaIQobChMIpM-1j8C94wIVDSsMCh2TbA9PEAAYASAAEgLqpfD_BwE" "Mozilla/5.0 (Macintosh; Intel Mac OS X 10_11_6) AppleWebKit/605.1.15 (KHTML, like Gecko) Version/11.1.2 Safari/605.1.15"
69.127.139.56 - - [18/Jul/2019:03:14:34 +0000] "GET /images/backgrounds/split.jpg HTTP/1.1" 200 209419 "https://www.octopustransferscroatia.com/?gclid=EAIaIQobChMIpM-1j8C94wIVDSsMCh2TbA9PEAAYASAAEgLqpfD_BwE" "Mozilla/5.0 (Macintosh; Intel Mac OS X 10_11_6) AppleWebKit/605.1.15 (KHTML, like Gecko) Version/11.1.2 Safari/605.1.15"
69.127.139.56 - - [18/Jul/2019:03:14:34 +0000] "GET /images/backgrounds/plitvice.jpg HTTP/1.1" 200 376840 "https://www.octopustransferscroatia.com/?gclid=EAIaIQobChMIpM-1j8C94wIVDSsMCh2TbA9PEAAYASAAEgLqpfD_BwE" "Mozilla/5.0 (Macintosh; Intel Mac OS X 10_11_6) AppleWebKit/605.1.15 (KHTML, like Gecko) Version/11.1.2 Safari/605.1.15"
69.127.139.56 - - [18/Jul/2019:03:14:35 +0000] "GET /favicon-32x32.png HTTP/1.1" 200 1372 "https://www.octopustransferscroatia.com/?gclid=EAIaIQobChMIpM-1j8C94wIVDSsMCh2TbA9PEAAYASAAEgLqpfD_BwE" "Mozilla/5.0 (Macintosh; Intel Mac OS X 10_11_6) AppleWebKit/605.1.15 (KHTML, like Gecko) Version/11.1.2 Safari/605.1.15"
69.127.139.56 - - [18/Jul/2019:03:14:35 +0000] "GET /images/favicon.ico HTTP/1.1" 200 894 "https://www.octopustransferscroatia.com/?gclid=EAIaIQobChMIpM-1j8C94wIVDSsMCh2TbA9PEAAYASAAEgLqpfD_BwE" "Mozilla/5.0 (Macintosh; Intel Mac OS X 10_11_6) AppleWebKit/605.1.15 (KHTML, like Gecko) Version/11.1.2 Safari/605.1.15"
69.127.139.56 - - [18/Jul/2019:03:14:35 +0000] "GET /favicon-16x16.png HTTP/1.1" 200 885 "https://www.octopustransferscroatia.com/?gclid=EAIaIQobChMIpM-1j8C94wIVDSsMCh2TbA9PEAAYASAAEgLqpfD_BwE" "Mozilla/5.0 (Macintosh; Intel Mac OS X 10_11_6) AppleWebKit/605.1.15 (KHTML, like Gecko) Version/11.1.2 Safari/605.1.15"
72.80.57.187 - - [18/Jul/2019:03:18:02 +0000] "GET /blog/split-to-dubrovnik-transfer HTTP/1.1" 200 4174 "https://www.google.com/" "Mozilla/5.0 (iPad; CPU OS 12_2 like Mac OS X) AppleWebKit/605.1.15 (KHTML, like Gecko) CriOS/75.0.3770.103 Mobile/15E148 Safari/605.1"
72.80.57.187 - - [18/Jul/2019:03:18:03 +0000] "GET /unitegallery/css/unite-gallery.css HTTP/1.1" 200 4825 "https://www.octopustransferscroatia.com/blog/split-to-dubrovnik-transfer" "Mozilla/5.0 (iPad; CPU OS 12_2 like Mac OS X) AppleWebKit/605.1.15 (KHTML, like Gecko) CriOS/75.0.3770.103 Mobile/15E148 Safari/605.1"
72.80.57.187 - - [18/Jul/2019:03:18:03 +0000] "GET /unitegallery/themes/compact/ug-theme-compact.js HTTP/1.1" 200 2477 "https://www.octopustransferscroatia.com/blog/split-to-dubrovnik-transfer" "Mozilla/5.0 (iPad; CPU OS 12_2 like Mac OS X) AppleWebKit/605.1.15 (KHTML, like Gecko) CriOS/75.0.3770.103 Mobile/15E148 Safari/605.1"
72.80.57.187 - - [18/Jul/2019:03:18:03 +0000] "GET /unitegallery/js/jquery-11.0.min.js HTTP/1.1" 200 33369 "https://www.octopustransferscroatia.com/blog/split-to-dubrovnik-transfer" "Mozilla/5.0 (iPad; CPU OS 12_2 like Mac OS X) AppleWebKit/605.1.15 (KHTML, like Gecko) CriOS/75.0.3770.103 Mobile/15E148 Safari/605.1"
72.80.57.187 - - [18/Jul/2019:03:18:03 +0000] "GET /unitegallery/js/unitegallery.min.js HTTP/1.1" 200 66910 "https://www.octopustransferscroatia.com/blog/split-to-dubrovnik-transfer" "Mozilla/5.0 (iPad; CPU OS 12_2 like Mac OS X) AppleWebKit/605.1.15 (KHTML, like Gecko) CriOS/75.0.3770.103 Mobile/15E148 Safari/605.1"
72.80.57.187 - - [18/Jul/2019:03:18:03 +0000] "GET /uploads/thumbnails/a622ec31a2cfb72b897406a849541fdb.jpg HTTP/1.1" 200 74615 "https://www.octopustransferscroatia.com/blog/split-to-dubrovnik-transfer" "Mozilla/5.0 (iPad; CPU OS 12_2 like Mac OS X) AppleWebKit/605.1.15 (KHTML, like Gecko) CriOS/75.0.3770.103 Mobile/15E148 Safari/605.1"
72.80.57.187 - - [18/Jul/2019:03:18:04 +0000] "GET /unitegallery/skins/default/grid_handle_black_top.png HTTP/1.1" 200 942 "https://www.octopustransferscroatia.com/blog/split-to-dubrovnik-transfer" "Mozilla/5.0 (iPad; CPU OS 12_2 like Mac OS X) AppleWebKit/605.1.15 (KHTML, like Gecko) CriOS/75.0.3770.103 Mobile/15E148 Safari/605.1"
72.80.57.187 - - [18/Jul/2019:03:18:04 +0000] "GET /unitegallery/skins/default/slider_arrow_left.png HTTP/1.1" 200 470 "https://www.octopustransferscroatia.com/blog/split-to-dubrovnik-transfer" "Mozilla/5.0 (iPad; CPU OS 12_2 like Mac OS X) AppleWebKit/605.1.15 (KHTML, like Gecko) CriOS/75.0.3770.103 Mobile/15E148 Safari/605.1"
72.80.57.187 - - [18/Jul/2019:03:18:04 +0000] "GET /unitegallery/images/loader.gif HTTP/1.1" 200 673 "https://www.octopustransferscroatia.com/blog/split-to-dubrovnik-transfer" "Mozilla/5.0 (iPad; CPU OS 12_2 like Mac OS X) AppleWebKit/605.1.15 (KHTML, like Gecko) CriOS/75.0.3770.103 Mobile/15E148 Safari/605.1"
72.80.57.187 - - [18/Jul/2019:03:18:04 +0000] "GET /unitegallery/images/loader-white1.gif HTTP/1.1" 200 2545 "https://www.octopustransferscroatia.com/blog/split-to-dubrovnik-transfer" "Mozilla/5.0 (iPad; CPU OS 12_2 like Mac OS X) AppleWebKit/605.1.15 (KHTML, like Gecko) CriOS/75.0.3770.103 Mobile/15E148 Safari/605.1"
72.80.57.187 - - [18/Jul/2019:03:18:04 +0000] "GET /unitegallery/skins/default/slider_arrow_right.png HTTP/1.1" 200 493 "https://www.octopustransferscroatia.com/blog/split-to-dubrovnik-transfer" "Mozilla/5.0 (iPad; CPU OS 12_2 like Mac OS X) AppleWebKit/605.1.15 (KHTML, like Gecko) CriOS/75.0.3770.103 Mobile/15E148 Safari/605.1"
72.80.57.187 - - [18/Jul/2019:03:18:04 +0000] "GET /unitegallery/skins/default/button_fullscreen.png HTTP/1.1" 200 1050 "https://www.octopustransferscroatia.com/blog/split-to-dubrovnik-transfer" "Mozilla/5.0 (iPad; CPU OS 12_2 like Mac OS X) AppleWebKit/605.1.15 (KHTML, like Gecko) CriOS/75.0.3770.103 Mobile/15E148 Safari/605.1"
72.80.57.187 - - [18/Jul/2019:03:18:04 +0000] "GET /unitegallery/images/play-button-square.png HTTP/1.1" 200 4591 "https://www.octopustransferscroatia.com/blog/split-to-dubrovnik-transfer" "Mozilla/5.0 (iPad; CPU OS 12_2 like Mac OS X) AppleWebKit/605.1.15 (KHTML, like Gecko) CriOS/75.0.3770.103 Mobile/15E148 Safari/605.1"
72.80.57.187 - - [18/Jul/2019:03:18:04 +0000] "GET /unitegallery/images/loader-black1.gif HTTP/1.1" 200 5855 "https://www.octopustransferscroatia.com/blog/split-to-dubrovnik-transfer" "Mozilla/5.0 (iPad; CPU OS 12_2 like Mac OS X) AppleWebKit/605.1.15 (KHTML, like Gecko) CriOS/75.0.3770.103 Mobile/15E148 Safari/605.1"
72.80.57.187 - - [18/Jul/2019:03:18:04 +0000] "GET /unitegallery/images/button-close.png HTTP/1.1" 200 7155 "https://www.octopustransferscroatia.com/blog/split-to-dubrovnik-transfer" "Mozilla/5.0 (iPad; CPU OS 12_2 like Mac OS X) AppleWebKit/605.1.15 (KHTML, like Gecko) CriOS/75.0.3770.103 Mobile/15E148 Safari/605.1"
72.80.57.187 - - [18/Jul/2019:03:18:04 +0000] "GET /uploads/images/a622ec31a2cfb72b897406a849541fdb.jpg HTTP/1.1" 200 231327 "https://www.octopustransferscroatia.com/blog/split-to-dubrovnik-transfer" "Mozilla/5.0 (iPad; CPU OS 12_2 like Mac OS X) AppleWebKit/605.1.15 (KHTML, like Gecko) CriOS/75.0.3770.103 Mobile/15E148 Safari/605.1"
96.245.24.56 - - [18/Jul/2019:03:21:26 +0000] "POST /checkout HTTP/1.1" 302 436 "https://www.octopustransferscroatia.com/reservation" "Mozilla/5.0 (Windows NT 10.0; WOW64; Trident/7.0; rv:11.0) like Gecko"
96.245.24.56 - - [18/Jul/2019:03:21:26 +0000] "GET /checkout HTTP/1.1" 302 692 "https://www.octopustransferscroatia.com/reservation" "Mozilla/5.0 (Windows NT 10.0; WOW64; Trident/7.0; rv:11.0) like Gecko"
96.245.24.56 - - [18/Jul/2019:03:24:44 +0000] "GET /completed?token=EC-74E22546PC4733802&PayerID=FPDLGCHPFC4T4 HTTP/1.1" 302 452 "https://www.paypal.com/webapps/hermes?flow=1-P&ulReturn=true&country.x=US&hermesLoginRedirect=xoon&locale.x=en_US&token=EC-74E22546PC4733802&useraction=commit" "Mozilla/5.0 (Windows NT 10.0; WOW64; Trident/7.0; rv:11.0) like Gecko"
96.245.24.56 - - [18/Jul/2019:03:24:47 +0000] "GET /confirmation HTTP/1.1" 200 3466 "https://www.paypal.com/webapps/hermes?flow=1-P&ulReturn=true&country.x=US&hermesLoginRedirect=xoon&locale.x=en_US&token=EC-74E22546PC4733802&useraction=commit" "Mozilla/5.0 (Windows NT 10.0; WOW64; Trident/7.0; rv:11.0) like Gecko"
96.245.24.56 - - [18/Jul/2019:03:25:10 +0000] "GET /invoice.pdf HTTP/1.1" 200 1312242 "https://www.octopustransferscroatia.com/confirmation" "Mozilla/5.0 (Windows NT 10.0; WOW64; Trident/7.0; rv:11.0) like Gecko"
157.55.39.152 - - [18/Jul/2019:03:29:56 +0000] "GET / HTTP/1.1" 301 248 "-" "Mozilla/5.0 (compatible; bingbot/2.0; +http://www.bing.com/bingbot.htm)"
77.219.162.113 - - [18/Jul/2019:03:33:10 +0000] "GET / HTTP/1.1" 200 5418 "https://www.google.com/" "Mozilla/5.0 (Windows NT 6.2; Win64; x64; rv:66.0) Gecko/20100101 Firefox/66.0"
77.219.162.113 - - [18/Jul/2019:03:33:12 +0000] "GET /images/standard.png HTTP/1.1" 200 65207 "https://www.octopustransferscroatia.com/" "Mozilla/5.0 (Windows NT 6.2; Win64; x64; rv:66.0) Gecko/20100101 Firefox/66.0"
66.249.73.222 - - [18/Jul/2019:03:34:05 +0000] "GET /uploads/thumbnails/9a53b4ed77b2ecf28f9506960ef2b3d4.jpg HTTP/1.1" 200 93192 "-" "Googlebot-Image/1.0"
70.26.138.30 - - [18/Jul/2019:03:40:54 +0000] "GET / HTTP/1.1" 200 5418 "https://www.google.com/" "Mozilla/5.0 (Windows NT 10.0; Win64; x64) AppleWebKit/537.36 (KHTML, like Gecko) Chrome/75.0.3770.100 Safari/537.36"
70.26.138.30 - - [18/Jul/2019:03:40:54 +0000] "GET /css/flexslider.css HTTP/1.1" 200 1097 "https://www.octopustransferscroatia.com/" "Mozilla/5.0 (Windows NT 10.0; Win64; x64) AppleWebKit/537.36 (KHTML, like Gecko) Chrome/75.0.3770.100 Safari/537.36"
70.26.138.30 - - [18/Jul/2019:03:40:54 +0000] "GET /css/all.css?v=6 HTTP/1.1" 200 48625 "https://www.octopustransferscroatia.com/" "Mozilla/5.0 (Windows NT 10.0; Win64; x64) AppleWebKit/537.36 (KHTML, like Gecko) Chrome/75.0.3770.100 Safari/537.36"
70.26.138.30 - - [18/Jul/2019:03:40:55 +0000] "GET /images/octopus-logo.png HTTP/1.1" 200 10874 "https://www.octopustransferscroatia.com/" "Mozilla/5.0 (Windows NT 10.0; Win64; x64) AppleWebKit/537.36 (KHTML, like Gecko) Chrome/75.0.3770.100 Safari/537.36"
70.26.138.30 - - [18/Jul/2019:03:40:55 +0000] "GET /js/jquery.flexslider-min.js HTTP/1.1" 200 6427 "https://www.octopustransferscroatia.com/" "Mozilla/5.0 (Windows NT 10.0; Win64; x64) AppleWebKit/537.36 (KHTML, like Gecko) Chrome/75.0.3770.100 Safari/537.36"
