84.192.113.3 - - [02/Aug/2019:17:37:27 +0000] "GET /uploads/thumbnails/1e9de2c4f0bdf1208ef92bd5d8956580.png HTTP/1.1" 200 462885 "https://www.octopustransferscroatia.com/search?start_location=Zadar+Airport&end_location=Zaton&date=15.08.2019.&people=4&type=oneway&type=return" "Mozilla/5.0 (Linux; Android 8.1.0; SM-T585) AppleWebKit/537.36 (KHTML, like Gecko) Chrome/75.0.3770.143 Safari/537.36"
84.192.113.3 - - [02/Aug/2019:17:37:27 +0000] "GET /uploads/thumbnails/20fbc54c89d0ca6241588eb78dcde987.png HTTP/1.1" 200 393295 "https://www.octopustransferscroatia.com/search?start_location=Zadar+Airport&end_location=Zaton&date=15.08.2019.&people=4&type=oneway&type=return" "Mozilla/5.0 (Linux; Android 8.1.0; SM-T585) AppleWebKit/537.36 (KHTML, like Gecko) Chrome/75.0.3770.143 Safari/537.36"
84.192.113.3 - - [02/Aug/2019:17:37:54 +0000] "GET /search?start_location=Zadar+Airport&end_location=Zaton&date=15.08.2019.&people=4&type=return HTTP/1.1" 200 5282 "https://www.octopustransferscroatia.com/search?start_location=Zadar+Airport&end_location=Zaton&date=15.08.2019.&people=4&type=oneway&type=return" "Mozilla/5.0 (Linux; Android 8.1.0; SM-T585) AppleWebKit/537.36 (KHTML, like Gecko) Chrome/75.0.3770.143 Safari/537.36"
87.250.224.91 - - [02/Aug/2019:17:39:37 +0000] "GET /robots.txt HTTP/1.1" 200 24 "-" "Mozilla/5.0 (compatible; YandexBot/3.0; +http://yandex.com/bots)"
87.250.224.91 - - [02/Aug/2019:17:39:40 +0000] "GET /destinations/41/mandre HTTP/1.1" 200 3059 "-" "Mozilla/5.0 (iPhone; CPU iPhone OS 8_1 like Mac OS X) AppleWebKit/600.1.4 (KHTML, like Gecko) Version/8.0 Mobile/12B411 Safari/600.1.4 (compatible; YandexMobileBot/3.0; +http://yandex.com/bots)"
157.55.39.77 - - [02/Aug/2019:17:44:46 +0000] "GET /destinations/55/ljubljana HTTP/1.1" 200 3107 "-" "Mozilla/5.0 (compatible; bingbot/2.0; +http://www.bing.com/bingbot.htm)"
123.126.113.179 - - [02/Aug/2019:17:49:14 +0000] "GET / HTTP/1.1" 200 5408 "-" "Sogou web spider/4.0(+http://www.sogou.com/docs/help/webmasters.htm#07)"
66.220.149.17 - - [02/Aug/2019:17:55:51 +0000] "GET /images/logo-facebook.png HTTP/1.1" 200 117704 "-" "facebookexternalhit/1.1 (+http://www.facebook.com/externalhit_uatext.php)"
40.77.167.108 - - [02/Aug/2019:18:09:05 +0000] "GET /destinations/60/opatija HTTP/1.1" 200 3058 "-" "Mozilla/5.0 (compatible; bingbot/2.0; +http://www.bing.com/bingbot.htm)"
123.126.113.179 - - [02/Aug/2019:18:11:09 +0000] "GET / HTTP/1.1" 301 248 "-" "Sogou web spider/4.0(+http://www.sogou.com/docs/help/webmasters.htm#07)"
40.77.167.66 - - [02/Aug/2019:18:11:15 +0000] "GET /tours/krka-waterfalls-sibenik-and-wine-tasting-small-group-day-trip-from-zadar HTTP/1.1" 301 247 "-" "Mozilla/5.0 (compatible; bingbot/2.0; +http://www.bing.com/bingbot.htm)"
123.126.113.179 - - [02/Aug/2019:18:12:06 +0000] "GET / HTTP/1.1" 200 5408 "-" "Sogou web spider/4.0(+http://www.sogou.com/docs/help/webmasters.htm#07)"
159.69.74.243 - - [02/Aug/2019:18:15:17 +0000] "GET / HTTP/1.1" 301 248 "-" "Mozilla/5.0 (compatible; DomainSONOCrawler/0.1; +http://domainsono.com)"
159.69.74.243 - - [02/Aug/2019:18:15:18 +0000] "GET / HTTP/1.1" 200 5408 "-" "Mozilla/5.0 (compatible; DomainSONOCrawler/0.1; +http://domainsono.com)"
46.229.168.144 - - [02/Aug/2019:18:16:19 +0000] "GET /robots.txt HTTP/1.1" 200 24 "-" "Mozilla/5.0 (compatible; SemrushBot/3~bl; +http://www.semrush.com/bot.html)"
46.229.168.162 - - [02/Aug/2019:18:16:20 +0000] "GET /destinations/10/falkensteiner-punta-skala HTTP/1.1" 200 3113 "-" "Mozilla/5.0 (compatible; SemrushBot/3~bl; +http://www.semrush.com/bot.html)"
87.250.224.91 - - [02/Aug/2019:18:19:31 +0000] "GET /destinations/51/marina-tankomerc HTTP/1.1" 200 3069 "-" "Mozilla/5.0 (iPhone; CPU iPhone OS 8_1 like Mac OS X) AppleWebKit/600.1.4 (KHTML, like Gecko) Version/8.0 Mobile/12B411 Safari/600.1.4 (compatible; YandexMobileBot/3.0; +http://yandex.com/bots)"
77.97.225.247 - - [02/Aug/2019:18:21:00 +0000] "GET /blog/split-to-dubrovnik-transfer HTTP/1.1" 200 4165 "https://www.google.com/" "Mozilla/5.0 (Macintosh; Intel Mac OS X 10_14_5) AppleWebKit/537.36 (KHTML, like Gecko) Chrome/75.0.3770.142 Safari/537.36"
77.97.225.247 - - [02/Aug/2019:18:21:00 +0000] "GET /unitegallery/css/unite-gallery.css HTTP/1.1" 200 4825 "https://www.octopustransferscroatia.com/blog/split-to-dubrovnik-transfer" "Mozilla/5.0 (Macintosh; Intel Mac OS X 10_14_5) AppleWebKit/537.36 (KHTML, like Gecko) Chrome/75.0.3770.142 Safari/537.36"
77.97.225.247 - - [02/Aug/2019:18:21:00 +0000] "GET /css/all.css?v=6 HTTP/1.1" 200 48625 "https://www.octopustransferscroatia.com/blog/split-to-dubrovnik-transfer" "Mozilla/5.0 (Macintosh; Intel Mac OS X 10_14_5) AppleWebKit/537.36 (KHTML, like Gecko) Chrome/75.0.3770.142 Safari/537.36"
77.97.225.247 - - [02/Aug/2019:18:21:01 +0000] "GET /unitegallery/js/jquery-11.0.min.js HTTP/1.1" 200 33369 "https://www.octopustransferscroatia.com/blog/split-to-dubrovnik-transfer" "Mozilla/5.0 (Macintosh; Intel Mac OS X 10_14_5) AppleWebKit/537.36 (KHTML, like Gecko) Chrome/75.0.3770.142 Safari/537.36"
77.97.225.247 - - [02/Aug/2019:18:21:01 +0000] "GET /unitegallery/themes/compact/ug-theme-compact.js HTTP/1.1" 200 2477 "https://www.octopustransferscroatia.com/blog/split-to-dubrovnik-transfer" "Mozilla/5.0 (Macintosh; Intel Mac OS X 10_14_5) AppleWebKit/537.36 (KHTML, like Gecko) Chrome/75.0.3770.142 Safari/537.36"
77.97.225.247 - - [02/Aug/2019:18:21:01 +0000] "GET /images/octopus-logo.png HTTP/1.1" 200 10874 "https://www.octopustransferscroatia.com/blog/split-to-dubrovnik-transfer" "Mozilla/5.0 (Macintosh; Intel Mac OS X 10_14_5) AppleWebKit/537.36 (KHTML, like Gecko) Chrome/75.0.3770.142 Safari/537.36"
77.97.225.247 - - [02/Aug/2019:18:21:01 +0000] "GET /unitegallery/js/unitegallery.min.js HTTP/1.1" 200 66910 "https://www.octopustransferscroatia.com/blog/split-to-dubrovnik-transfer" "Mozilla/5.0 (Macintosh; Intel Mac OS X 10_14_5) AppleWebKit/537.36 (KHTML, like Gecko) Chrome/75.0.3770.142 Safari/537.36"
77.97.225.247 - - [02/Aug/2019:18:21:00 +0000] "GET /js/all.js?v=20 HTTP/1.1" 200 220450 "https://www.octopustransferscroatia.com/blog/split-to-dubrovnik-transfer" "Mozilla/5.0 (Macintosh; Intel Mac OS X 10_14_5) AppleWebKit/537.36 (KHTML, like Gecko) Chrome/75.0.3770.142 Safari/537.36"
77.97.225.247 - - [02/Aug/2019:18:21:01 +0000] "GET /uploads/thumbnails/a622ec31a2cfb72b897406a849541fdb.jpg HTTP/1.1" 200 74615 "https://www.octopustransferscroatia.com/blog/split-to-dubrovnik-transfer" "Mozilla/5.0 (Macintosh; Intel Mac OS X 10_14_5) AppleWebKit/537.36 (KHTML, like Gecko) Chrome/75.0.3770.142 Safari/537.36"
77.97.225.247 - - [02/Aug/2019:18:21:03 +0000] "GET /unitegallery/images/cover-grid.png HTTP/1.1" 200 933 "https://www.octopustransferscroatia.com/unitegallery/css/unite-gallery.css" "Mozilla/5.0 (Macintosh; Intel Mac OS X 10_14_5) AppleWebKit/537.36 (KHTML, like Gecko) Chrome/75.0.3770.142 Safari/537.36"
77.97.225.247 - - [02/Aug/2019:18:21:03 +0000] "GET /unitegallery/images/loader.gif HTTP/1.1" 200 673 "https://www.octopustransferscroatia.com/unitegallery/css/unite-gallery.css" "Mozilla/5.0 (Macintosh; Intel Mac OS X 10_14_5) AppleWebKit/537.36 (KHTML, like Gecko) Chrome/75.0.3770.142 Safari/537.36"
77.97.225.247 - - [02/Aug/2019:18:21:03 +0000] "GET /unitegallery/skins/default/grid_handle_black_top.png HTTP/1.1" 200 942 "https://www.octopustransferscroatia.com/unitegallery/css/unite-gallery.css" "Mozilla/5.0 (Macintosh; Intel Mac OS X 10_14_5) AppleWebKit/537.36 (KHTML, like Gecko) Chrome/75.0.3770.142 Safari/537.36"
77.97.225.247 - - [02/Aug/2019:18:21:03 +0000] "GET /unitegallery/images/loader-white1.gif HTTP/1.1" 200 2545 "https://www.octopustransferscroatia.com/unitegallery/css/unite-gallery.css" "Mozilla/5.0 (Macintosh; Intel Mac OS X 10_14_5) AppleWebKit/537.36 (KHTML, like Gecko) Chrome/75.0.3770.142 Safari/537.36"
77.97.225.247 - - [02/Aug/2019:18:21:03 +0000] "GET /unitegallery/images/not_loaded.png HTTP/1.1" 200 858 "https://www.octopustransferscroatia.com/unitegallery/css/unite-gallery.css" "Mozilla/5.0 (Macintosh; Intel Mac OS X 10_14_5) AppleWebKit/537.36 (KHTML, like Gecko) Chrome/75.0.3770.142 Safari/537.36"
77.97.225.247 - - [02/Aug/2019:18:21:03 +0000] "GET /fonts/fonts/themeenergy.woff2 HTTP/1.1" 200 357352 "https://www.octopustransferscroatia.com/css/all.css?v=6" "Mozilla/5.0 (Macintosh; Intel Mac OS X 10_14_5) AppleWebKit/537.36 (KHTML, like Gecko) Chrome/75.0.3770.142 Safari/537.36"
77.97.225.247 - - [02/Aug/2019:18:21:03 +0000] "GET /unitegallery/skins/default/button_fullscreen.png HTTP/1.1" 200 1050 "https://www.octopustransferscroatia.com/unitegallery/css/unite-gallery.css" "Mozilla/5.0 (Macintosh; Intel Mac OS X 10_14_5) AppleWebKit/537.36 (KHTML, like Gecko) Chrome/75.0.3770.142 Safari/537.36"
77.97.225.247 - - [02/Aug/2019:18:21:03 +0000] "GET /unitegallery/skins/default/slider_arrow_right.png HTTP/1.1" 200 493 "https://www.octopustransferscroatia.com/unitegallery/css/unite-gallery.css" "Mozilla/5.0 (Macintosh; Intel Mac OS X 10_14_5) AppleWebKit/537.36 (KHTML, like Gecko) Chrome/75.0.3770.142 Safari/537.36"
77.97.225.247 - - [02/Aug/2019:18:21:03 +0000] "GET /unitegallery/skins/default/slider_arrow_left.png HTTP/1.1" 200 470 "https://www.octopustransferscroatia.com/unitegallery/css/unite-gallery.css" "Mozilla/5.0 (Macintosh; Intel Mac OS X 10_14_5) AppleWebKit/537.36 (KHTML, like Gecko) Chrome/75.0.3770.142 Safari/537.36"
77.97.225.247 - - [02/Aug/2019:18:21:03 +0000] "GET /unitegallery/images/loader-black1.gif HTTP/1.1" 200 5855 "https://www.octopustransferscroatia.com/unitegallery/css/unite-gallery.css" "Mozilla/5.0 (Macintosh; Intel Mac OS X 10_14_5) AppleWebKit/537.36 (KHTML, like Gecko) Chrome/75.0.3770.142 Safari/537.36"
77.97.225.247 - - [02/Aug/2019:18:21:03 +0000] "GET /unitegallery/images/play-button-square.png HTTP/1.1" 200 4591 "https://www.octopustransferscroatia.com/unitegallery/css/unite-gallery.css" "Mozilla/5.0 (Macintosh; Intel Mac OS X 10_14_5) AppleWebKit/537.36 (KHTML, like Gecko) Chrome/75.0.3770.142 Safari/537.36"
77.97.225.247 - - [02/Aug/2019:18:21:03 +0000] "GET /unitegallery/images/button-close.png HTTP/1.1" 200 7155 "https://www.octopustransferscroatia.com/unitegallery/css/unite-gallery.css" "Mozilla/5.0 (Macintosh; Intel Mac OS X 10_14_5) AppleWebKit/537.36 (KHTML, like Gecko) Chrome/75.0.3770.142 Safari/537.36"
77.97.225.247 - - [02/Aug/2019:18:21:03 +0000] "GET /uploads/images/a622ec31a2cfb72b897406a849541fdb.jpg HTTP/1.1" 200 231327 "https://www.octopustransferscroatia.com/blog/split-to-dubrovnik-transfer" "Mozilla/5.0 (Macintosh; Intel Mac OS X 10_14_5) AppleWebKit/537.36 (KHTML, like Gecko) Chrome/75.0.3770.142 Safari/537.36"
77.97.225.247 - - [02/Aug/2019:18:21:04 +0000] "GET /images/favicon.ico HTTP/1.1" 200 894 "https://www.octopustransferscroatia.com/blog/split-to-dubrovnik-transfer" "Mozilla/5.0 (Macintosh; Intel Mac OS X 10_14_5) AppleWebKit/537.36 (KHTML, like Gecko) Chrome/75.0.3770.142 Safari/537.36"
77.97.225.247 - - [02/Aug/2019:18:21:04 +0000] "GET /favicon-32x32.png HTTP/1.1" 200 1372 "https://www.octopustransferscroatia.com/blog/split-to-dubrovnik-transfer" "Mozilla/5.0 (Macintosh; Intel Mac OS X 10_14_5) AppleWebKit/537.36 (KHTML, like Gecko) Chrome/75.0.3770.142 Safari/537.36"
77.97.225.247 - - [02/Aug/2019:18:21:04 +0000] "GET /manifest.json HTTP/1.1" 200 264 "https://www.octopustransferscroatia.com/blog/split-to-dubrovnik-transfer" "Mozilla/5.0 (Macintosh; Intel Mac OS X 10_14_5) AppleWebKit/537.36 (KHTML, like Gecko) Chrome/75.0.3770.142 Safari/537.36"
141.8.132.11 - - [02/Aug/2019:18:22:03 +0000] "GET /destinations/46/marina-kornati HTTP/1.1" 200 3067 "-" "Mozilla/5.0 (iPhone; CPU iPhone OS 8_1 like Mac OS X) AppleWebKit/600.1.4 (KHTML, like Gecko) Version/8.0 Mobile/12B411 Safari/600.1.4 (compatible; YandexMobileBot/3.0; +http://yandex.com/bots)"
185.253.99.179 - - [02/Aug/2019:18:28:47 +0000] "GET /contact HTTP/1.0" 200 10530 "https://www.octopustransferscroatia.com/contact" "Mozilla/5.0 (Windows NT 6.3; Win64; x64) AppleWebKit/537.36 (KHTML, like Gecko) Chrome/68.0.3440.106 Safari/537.36"
185.253.99.179 - - [02/Aug/2019:18:28:48 +0000] "POST /mail HTTP/1.0" 302 440 "https://www.octopustransferscroatia.com/contact" "Mozilla/5.0 (Windows NT 6.3; Win64; x64) AppleWebKit/537.36 (KHTML, like Gecko) Chrome/68.0.3440.106 Safari/537.36"
185.253.99.179 - - [02/Aug/2019:18:28:48 +0000] "GET /thank-you HTTP/1.0" 200 8850 "https://www.octopustransferscroatia.com/thank-you" "Mozilla/5.0 (Windows NT 6.3; Win64; x64) AppleWebKit/537.36 (KHTML, like Gecko) Chrome/68.0.3440.106 Safari/537.36"
76.90.135.82 - - [02/Aug/2019:18:28:57 +0000] "GET / HTTP/1.1" 200 5408 "https://r.search.yahoo.com/_ylt=Awr47KaqgERdtn8AgIZx.9w4;_ylu=X3oDMTByb2lvbXVuBGNvbG8DZ3ExBHBvcwMxBHZ0aWQDBHNlYwNzcg--/RV=2/RE=1564799275/RO=10/RU=https%3a%2f%2fwww.octopustransferscroatia.com%2f/RK=2/RS=jtrBr35NLEiYUQLBQ.YHOvQXyAc-" "Mozilla/5.0 (iPhone; CPU iPhone OS 12_3_1 like Mac OS X) AppleWebKit/605.1.15 (KHTML, like Gecko) Version/12.1.1 Mobile/15E148 Safari/604.1"
76.90.135.82 - - [02/Aug/2019:18:28:57 +0000] "GET /css/all.css?v=6 HTTP/1.1" 200 48625 "https://www.octopustransferscroatia.com/" "Mozilla/5.0 (iPhone; CPU iPhone OS 12_3_1 like Mac OS X) AppleWebKit/605.1.15 (KHTML, like Gecko) Version/12.1.1 Mobile/15E148 Safari/604.1"
76.90.135.82 - - [02/Aug/2019:18:28:58 +0000] "GET /js/jquery.flexslider-min.js HTTP/1.1" 200 6427 "https://www.octopustransferscroatia.com/" "Mozilla/5.0 (iPhone; CPU iPhone OS 12_3_1 like Mac OS X) AppleWebKit/605.1.15 (KHTML, like Gecko) Version/12.1.1 Mobile/15E148 Safari/604.1"
76.90.135.82 - - [02/Aug/2019:18:28:58 +0000] "GET /css/flexslider.css HTTP/1.1" 200 1097 "https://www.octopustransferscroatia.com/" "Mozilla/5.0 (iPhone; CPU iPhone OS 12_3_1 like Mac OS X) AppleWebKit/605.1.15 (KHTML, like Gecko) Version/12.1.1 Mobile/15E148 Safari/604.1"
76.90.135.82 - - [02/Aug/2019:18:28:58 +0000] "GET /images/octopus-logo.png HTTP/1.1" 200 10874 "https://www.octopustransferscroatia.com/" "Mozilla/5.0 (iPhone; CPU iPhone OS 12_3_1 like Mac OS X) AppleWebKit/605.1.15 (KHTML, like Gecko) Version/12.1.1 Mobile/15E148 Safari/604.1"
76.90.135.82 - - [02/Aug/2019:18:28:58 +0000] "GET /images/minibus.png HTTP/1.1" 200 66935 "https://www.octopustransferscroatia.com/" "Mozilla/5.0 (iPhone; CPU iPhone OS 12_3_1 like Mac OS X) AppleWebKit/605.1.15 (KHTML, like Gecko) Version/12.1.1 Mobile/15E148 Safari/604.1"
76.90.135.82 - - [02/Aug/2019:18:28:58 +0000] "GET /images/standard.png HTTP/1.1" 200 65207 "https://www.octopustransferscroatia.com/" "Mozilla/5.0 (iPhone; CPU iPhone OS 12_3_1 like Mac OS X) AppleWebKit/605.1.15 (KHTML, like Gecko) Version/12.1.1 Mobile/15E148 Safari/604.1"
76.90.135.82 - - [02/Aug/2019:18:28:58 +0000] "GET /images/minivan.png HTTP/1.1" 200 91295 "https://www.octopustransferscroatia.com/" "Mozilla/5.0 (iPhone; CPU iPhone OS 12_3_1 like Mac OS X) AppleWebKit/605.1.15 (KHTML, like Gecko) Version/12.1.1 Mobile/15E148 Safari/604.1"
76.90.135.82 - - [02/Aug/2019:18:28:58 +0000] "GET /js/all.js?v=20 HTTP/1.1" 200 220450 "https://www.octopustransferscroatia.com/" "Mozilla/5.0 (iPhone; CPU iPhone OS 12_3_1 like Mac OS X) AppleWebKit/605.1.15 (KHTML, like Gecko) Version/12.1.1 Mobile/15E148 Safari/604.1"
76.90.135.82 - - [02/Aug/2019:18:28:58 +0000] "GET /fonts/fonts/themeenergy.woff2 HTTP/1.1" 200 357352 "https://www.octopustransferscroatia.com/" "Mozilla/5.0 (iPhone; CPU iPhone OS 12_3_1 like Mac OS X) AppleWebKit/605.1.15 (KHTML, like Gecko) Version/12.1.1 Mobile/15E148 Safari/604.1"
76.90.135.82 - - [02/Aug/2019:18:28:59 +0000] "GET /images/bus.png HTTP/1.1" 200 111224 "https://www.octopustransferscroatia.com/" "Mozilla/5.0 (iPhone; CPU iPhone OS 12_3_1 like Mac OS X) AppleWebKit/605.1.15 (KHTML, like Gecko) Version/12.1.1 Mobile/15E148 Safari/604.1"
76.90.135.82 - - [02/Aug/2019:18:28:59 +0000] "GET /css/images/ui-bg_flat_75_ffffff_40x100.png HTTP/1.1" 200 178 "https://www.octopustransferscroatia.com/" "Mozilla/5.0 (iPhone; CPU iPhone OS 12_3_1 like Mac OS X) AppleWebKit/605.1.15 (KHTML, like Gecko) Version/12.1.1 Mobile/15E148 Safari/604.1"
76.90.135.82 - - [02/Aug/2019:18:28:59 +0000] "GET /images/backgrounds/krka.jpg HTTP/1.1" 200 279601 "https://www.octopustransferscroatia.com/" "Mozilla/5.0 (iPhone; CPU iPhone OS 12_3_1 like Mac OS X) AppleWebKit/605.1.15 (KHTML, like Gecko) Version/12.1.1 Mobile/15E148 Safari/604.1"
76.90.135.82 - - [02/Aug/2019:18:28:59 +0000] "GET /images/backgrounds/split.jpg HTTP/1.1" 200 209419 "https://www.octopustransferscroatia.com/" "Mozilla/5.0 (iPhone; CPU iPhone OS 12_3_1 like Mac OS X) AppleWebKit/605.1.15 (KHTML, like Gecko) Version/12.1.1 Mobile/15E148 Safari/604.1"
76.90.135.82 - - [02/Aug/2019:18:28:59 +0000] "GET /images/backgrounds/plitvice.jpg HTTP/1.1" 200 376840 "https://www.octopustransferscroatia.com/" "Mozilla/5.0 (iPhone; CPU iPhone OS 12_3_1 like Mac OS X) AppleWebKit/605.1.15 (KHTML, like Gecko) Version/12.1.1 Mobile/15E148 Safari/604.1"
76.90.135.82 - - [02/Aug/2019:18:29:00 +0000] "GET /favicon-32x32.png HTTP/1.1" 200 1372 "https://www.octopustransferscroatia.com/" "Mozilla/5.0 (iPhone; CPU iPhone OS 12_3_1 like Mac OS X) AppleWebKit/605.1.15 (KHTML, like Gecko) Version/12.1.1 Mobile/15E148 Safari/604.1"
76.90.135.82 - - [02/Aug/2019:18:29:01 +0000] "GET /images/favicon.ico HTTP/1.1" 200 894 "https://www.octopustransferscroatia.com/" "Mozilla/5.0 (iPhone; CPU iPhone OS 12_3_1 like Mac OS X) AppleWebKit/605.1.15 (KHTML, like Gecko) Version/12.1.1 Mobile/15E148 Safari/604.1"
76.90.135.82 - - [02/Aug/2019:18:29:01 +0000] "GET /favicon-16x16.png HTTP/1.1" 200 885 "https://www.octopustransferscroatia.com/" "Mozilla/5.0 (iPhone; CPU iPhone OS 12_3_1 like Mac OS X) AppleWebKit/605.1.15 (KHTML, like Gecko) Version/12.1.1 Mobile/15E148 Safari/604.1"
76.90.135.82 - - [02/Aug/2019:18:29:36 +0000] "POST /startlocation HTTP/1.1" 200 162 "https://www.octopustransferscroatia.com/" "Mozilla/5.0 (iPhone; CPU iPhone OS 12_3_1 like Mac OS X) AppleWebKit/605.1.15 (KHTML, like Gecko) Version/12.1.1 Mobile/15E148 Safari/604.1"
76.90.135.82 - - [02/Aug/2019:18:29:37 +0000] "POST /startlocation HTTP/1.1" 200 39 "https://www.octopustransferscroatia.com/" "Mozilla/5.0 (iPhone; CPU iPhone OS 12_3_1 like Mac OS X) AppleWebKit/605.1.15 (KHTML, like Gecko) Version/12.1.1 Mobile/15E148 Safari/604.1"
76.90.135.82 - - [02/Aug/2019:18:29:53 +0000] "POST /endlocation HTTP/1.1" 200 104 "https://www.octopustransferscroatia.com/" "Mozilla/5.0 (iPhone; CPU iPhone OS 12_3_1 like Mac OS X) AppleWebKit/605.1.15 (KHTML, like Gecko) Version/12.1.1 Mobile/15E148 Safari/604.1"
76.90.135.82 - - [02/Aug/2019:18:29:58 +0000] "POST /endlocation HTTP/1.1" 200 2 "https://www.octopustransferscroatia.com/" "Mozilla/5.0 (iPhone; CPU iPhone OS 12_3_1 like Mac OS X) AppleWebKit/605.1.15 (KHTML, like Gecko) Version/12.1.1 Mobile/15E148 Safari/604.1"
76.90.135.82 - - [02/Aug/2019:18:30:04 +0000] "POST /endlocation HTTP/1.1" 200 2 "https://www.octopustransferscroatia.com/" "Mozilla/5.0 (iPhone; CPU iPhone OS 12_3_1 like Mac OS X) AppleWebKit/605.1.15 (KHTML, like Gecko) Version/12.1.1 Mobile/15E148 Safari/604.1"
76.90.135.82 - - [02/Aug/2019:18:30:05 +0000] "POST /endlocation HTTP/1.1" 200 2 "https://www.octopustransferscroatia.com/" "Mozilla/5.0 (iPhone; CPU iPhone OS 12_3_1 like Mac OS X) AppleWebKit/605.1.15 (KHTML, like Gecko) Version/12.1.1 Mobile/15E148 Safari/604.1"
76.90.135.82 - - [02/Aug/2019:18:30:07 +0000] "POST /endlocation HTTP/1.1" 200 2 "https://www.octopustransferscroatia.com/" "Mozilla/5.0 (iPhone; CPU iPhone OS 12_3_1 like Mac OS X) AppleWebKit/605.1.15 (KHTML, like Gecko) Version/12.1.1 Mobile/15E148 Safari/604.1"
76.90.135.82 - - [02/Aug/2019:18:30:08 +0000] "POST /endlocation HTTP/1.1" 200 2 "https://www.octopustransferscroatia.com/" "Mozilla/5.0 (iPhone; CPU iPhone OS 12_3_1 like Mac OS X) AppleWebKit/605.1.15 (KHTML, like Gecko) Version/12.1.1 Mobile/15E148 Safari/604.1"
78.3.11.28 - - [02/Aug/2019:18:30:09 +0000] "GET /admin/reservation HTTP/1.1" 200 2357 "https://www.octopustransferscroatia.com/admin/reservation/5176/edit" "Mozilla/5.0 (Linux; Android 7.1.1; SM-J510FN) AppleWebKit/537.36 (KHTML, like Gecko) Chrome/76.0.3809.89 Mobile Safari/537.36"
76.90.135.82 - - [02/Aug/2019:18:30:11 +0000] "POST /endlocation HTTP/1.1" 200 2 "https://www.octopustransferscroatia.com/" "Mozilla/5.0 (iPhone; CPU iPhone OS 12_3_1 like Mac OS X) AppleWebKit/605.1.15 (KHTML, like Gecko) Version/12.1.1 Mobile/15E148 Safari/604.1"
78.3.11.28 - - [02/Aug/2019:18:30:11 +0000] "GET /favicon.ico HTTP/1.1" 200 15086 "https://www.octopustransferscroatia.com/admin/reservation" "Mozilla/5.0 (Linux; Android 7.1.1; SM-J510FN) AppleWebKit/537.36 (KHTML, like Gecko) Chrome/76.0.3809.89 Mobile Safari/537.36"
76.90.135.82 - - [02/Aug/2019:18:30:11 +0000] "POST /endlocation HTTP/1.1" 200 2 "https://www.octopustransferscroatia.com/" "Mozilla/5.0 (iPhone; CPU iPhone OS 12_3_1 like Mac OS X) AppleWebKit/605.1.15 (KHTML, like Gecko) Version/12.1.1 Mobile/15E148 Safari/604.1"
78.3.11.28 - - [02/Aug/2019:18:30:11 +0000] "GET /admin/reservation/data?draw=1&columns%5B0%5D%5Bdata%5D=date&columns%5B0%5D%5Bname%5D=date&columns%5B0%5D%5Bsearchable%5D=true&columns%5B0%5D%5Borderable%5D=true&columns%5B0%5D%5Bsearch%5D%5Bvalue%5D=&columns%5B0%5D%5Bsearch%5D%5Bregex%5D=false&columns%5B1%5D%5Bdata%5D=pickup_time&columns%5B1%5D%5Bname%5D=pickup_time&columns%5B1%5D%5Bsearchable%5D=true&columns%5B1%5D%5Borderable%5D=true&columns%5B1%5D%5Bsearch%5D%5Bvalue%5D=&columns%5B1%5D%5Bsearch%5D%5Bregex%5D=false&columns%5B2%5D%5Bdata%5D=start_location&columns%5B2%5D%5Bname%5D=start_location&columns%5B2%5D%5Bsearchable%5D=true&columns%5B2%5D%5Borderable%5D=true&columns%5B2%5D%5Bsearch%5D%5Bvalue%5D=&columns%5B2%5D%5Bsearch%5D%5Bregex%5D=false&columns%5B3%5D%5Bdata%5D=end_location&columns%5B3%5D%5Bname%5D=end_location&columns%5B3%5D%5Bsearchable%5D=true&columns%5B3%5D%5Borderable%5D=true&columns%5B3%5D%5Bsearch%5D%5Bvalue%5D=&columns%5B3%5D%5Bsearch%5D%5Bregex%5D=false&columns%5B4%5D%5Bdata%5D=vehicle&columns%5B4%5D%5Bname%5D=vehicle&columns%5B4%5D%5Bsearchable%5D=true&columns%5B4%5D%5Borderable%5D=true&columns%5B4%5D%5Bsearch%5D%5Bvalue%5D=&columns%5B4%5D%5Bsearch%5D%5Bregex%5D=false&columns%5B5%5D%5Bdata%5D=driver&columns%5B5%5D%5Bname%5D=driver&columns%5B5%5D%5Bsearchable%5D=true&columns%5B5%5D%5Borderable%5D=true&columns%5B5%5D%5Bsearch%5D%5Bvalue%5D=&columns%5B5%5D%5Bsearch%5D%5Bregex%5D=false&columns%5B6%5D%5Bdata%5D=email&columns%5B6%5D%5Bname%5D=email&columns%5B6%5D%5Bsearchable%5D=true&columns%5B6%5D%5Borderable%5D=true&columns%5B6%5D%5Bsearch%5D%5Bvalue%5D=&columns%5B6%5D%5Bsearch%5D%5Bregex%5D=false&columns%5B7%5D%5Bdata%5D=reminder&columns%5B7%5D%5Bname%5D=&columns%5B7%5D%5Bsearchable%5D=false&columns%5B7%5D%5Borderable%5D=true&columns%5B7%5D%5Bsearch%5D%5Bvalue%5D=&columns%5B7%5D%5Bsearch%5D%5Bregex%5D=false&columns%5B8%5D%5Bdata%5D=options&columns%5B8%5D%5Bname%5D=options&columns%5B8%5D%5Bsearchable%5D=false&columns%5B8%5D%5Borderable%5D=false&columns%5B8%5D%5Bsearch%5D%5Bvalue%5D=&columns%5B8%5D%5Bsearch%5D%5Bregex%5D=false&order%5B0%5D%5Bcolumn%5D=0&order%5B0%5D%5Bdir%5D=asc&order%5B1%5D%5Bcolumn%5D=1&order%5B1%5D%5Bdir%5D=asc&start=0&length=100&search%5Bvalue%5D=&search%5Bregex%5D=false&_=1564770611524 HTTP/1.1" 200 156979 "https://www.octopustransferscroatia.com/admin/reservation" "Mozilla/5.0 (Linux; Android 7.1.1; SM-J510FN) AppleWebKit/537.36 (KHTML, like Gecko) Chrome/76.0.3809.89 Mobile Safari/537.36"
76.90.135.82 - - [02/Aug/2019:18:30:13 +0000] "POST /endlocation HTTP/1.1" 200 104 "https://www.octopustransferscroatia.com/" "Mozilla/5.0 (iPhone; CPU iPhone OS 12_3_1 like Mac OS X) AppleWebKit/605.1.15 (KHTML, like Gecko) Version/12.1.1 Mobile/15E148 Safari/604.1"
76.90.135.82 - - [02/Aug/2019:18:30:15 +0000] "POST /endlocation HTTP/1.1" 200 2 "https://www.octopustransferscroatia.com/" "Mozilla/5.0 (iPhone; CPU iPhone OS 12_3_1 like Mac OS X) AppleWebKit/605.1.15 (KHTML, like Gecko) Version/12.1.1 Mobile/15E148 Safari/604.1"
76.90.135.82 - - [02/Aug/2019:18:30:16 +0000] "POST /endlocation HTTP/1.1" 200 2 "https://www.octopustransferscroatia.com/" "Mozilla/5.0 (iPhone; CPU iPhone OS 12_3_1 like Mac OS X) AppleWebKit/605.1.15 (KHTML, like Gecko) Version/12.1.1 Mobile/15E148 Safari/604.1"
76.90.135.82 - - [02/Aug/2019:18:30:18 +0000] "POST /endlocation HTTP/1.1" 200 2 "https://www.octopustransferscroatia.com/" "Mozilla/5.0 (iPhone; CPU iPhone OS 12_3_1 like Mac OS X) AppleWebKit/605.1.15 (KHTML, like Gecko) Version/12.1.1 Mobile/15E148 Safari/604.1"
76.90.135.82 - - [02/Aug/2019:18:30:19 +0000] "POST /endlocation HTTP/1.1" 200 2 "https://www.octopustransferscroatia.com/" "Mozilla/5.0 (iPhone; CPU iPhone OS 12_3_1 like Mac OS X) AppleWebKit/605.1.15 (KHTML, like Gecko) Version/12.1.1 Mobile/15E148 Safari/604.1"
76.90.135.82 - - [02/Aug/2019:18:30:20 +0000] "POST /endlocation HTTP/1.1" 200 2 "https://www.octopustransferscroatia.com/" "Mozilla/5.0 (iPhone; CPU iPhone OS 12_3_1 like Mac OS X) AppleWebKit/605.1.15 (KHTML, like Gecko) Version/12.1.1 Mobile/15E148 Safari/604.1"
76.90.135.82 - - [02/Aug/2019:18:30:24 +0000] "POST /endlocation HTTP/1.1" 200 2 "https://www.octopustransferscroatia.com/" "Mozilla/5.0 (iPhone; CPU iPhone OS 12_3_1 like Mac OS X) AppleWebKit/605.1.15 (KHTML, like Gecko) Version/12.1.1 Mobile/15E148 Safari/604.1"
76.90.135.82 - - [02/Aug/2019:18:30:24 +0000] "POST /endlocation HTTP/1.1" 200 2 "https://www.octopustransferscroatia.com/" "Mozilla/5.0 (iPhone; CPU iPhone OS 12_3_1 like Mac OS X) AppleWebKit/605.1.15 (KHTML, like Gecko) Version/12.1.1 Mobile/15E148 Safari/604.1"
76.90.135.82 - - [02/Aug/2019:18:30:26 +0000] "POST /endlocation HTTP/1.1" 200 2 "https://www.octopustransferscroatia.com/" "Mozilla/5.0 (iPhone; CPU iPhone OS 12_3_1 like Mac OS X) AppleWebKit/605.1.15 (KHTML, like Gecko) Version/12.1.1 Mobile/15E148 Safari/604.1"
76.90.135.82 - - [02/Aug/2019:18:30:27 +0000] "POST /endlocation HTTP/1.1" 200 2 "https://www.octopustransferscroatia.com/" "Mozilla/5.0 (iPhone; CPU iPhone OS 12_3_1 like Mac OS X) AppleWebKit/605.1.15 (KHTML, like Gecko) Version/12.1.1 Mobile/15E148 Safari/604.1"
76.90.135.82 - - [02/Aug/2019:18:30:44 +0000] "POST /endlocation HTTP/1.1" 200 104 "https://www.octopustransferscroatia.com/" "Mozilla/5.0 (iPhone; CPU iPhone OS 12_3_1 like Mac OS X) AppleWebKit/605.1.15 (KHTML, like Gecko) Version/12.1.1 Mobile/15E148 Safari/604.1"
76.90.135.82 - - [02/Aug/2019:18:30:45 +0000] "POST /endlocation HTTP/1.1" 200 412 "https://www.octopustransferscroatia.com/" "Mozilla/5.0 (iPhone; CPU iPhone OS 12_3_1 like Mac OS X) AppleWebKit/605.1.15 (KHTML, like Gecko) Version/12.1.1 Mobile/15E148 Safari/604.1"
76.90.135.82 - - [02/Aug/2019:18:30:46 +0000] "POST /endlocation HTTP/1.1" 200 117 "https://www.octopustransferscroatia.com/" "Mozilla/5.0 (iPhone; CPU iPhone OS 12_3_1 like Mac OS X) AppleWebKit/605.1.15 (KHTML, like Gecko) Version/12.1.1 Mobile/15E148 Safari/604.1"
76.90.135.82 - - [02/Aug/2019:18:30:47 +0000] "POST /endlocation HTTP/1.1" 200 117 "https://www.octopustransferscroatia.com/" "Mozilla/5.0 (iPhone; CPU iPhone OS 12_3_1 like Mac OS X) AppleWebKit/605.1.15 (KHTML, like Gecko) Version/12.1.1 Mobile/15E148 Safari/604.1"
76.90.135.82 - - [02/Aug/2019:18:30:49 +0000] "POST /endlocation HTTP/1.1" 200 117 "https://www.octopustransferscroatia.com/" "Mozilla/5.0 (iPhone; CPU iPhone OS 12_3_1 like Mac OS X) AppleWebKit/605.1.15 (KHTML, like Gecko) Version/12.1.1 Mobile/15E148 Safari/604.1"
76.90.135.82 - - [02/Aug/2019:18:30:51 +0000] "POST /endlocation HTTP/1.1" 200 53 "https://www.octopustransferscroatia.com/" "Mozilla/5.0 (iPhone; CPU iPhone OS 12_3_1 like Mac OS X) AppleWebKit/605.1.15 (KHTML, like Gecko) Version/12.1.1 Mobile/15E148 Safari/604.1"
76.90.135.82 - - [02/Aug/2019:18:30:52 +0000] "POST /endlocation HTTP/1.1" 200 53 "https://www.octopustransferscroatia.com/" "Mozilla/5.0 (iPhone; CPU iPhone OS 12_3_1 like Mac OS X) AppleWebKit/605.1.15 (KHTML, like Gecko) Version/12.1.1 Mobile/15E148 Safari/604.1"
178.137.165.186 - - [02/Aug/2019:18:30:55 +0000] "GET /destinations/16/zagreb-airport/ HTTP/1.1" 301 279 "https://www.vzlomsn.org/" "Mozilla/4.0 (compatible; MSIE 6.0; Windows NT 5.2; SV1; .NET CLR 1.1.4322; .NET CLR 2.0.50727)"
76.90.135.82 - - [02/Aug/2019:18:30:55 +0000] "GET /css/images/ui-icons_777777_256x240.png HTTP/1.1" 200 6999 "https://www.octopustransferscroatia.com/" "Mozilla/5.0 (iPhone; CPU iPhone OS 12_3_1 like Mac OS X) AppleWebKit/605.1.15 (KHTML, like Gecko) Version/12.1.1 Mobile/15E148 Safari/604.1"
76.90.135.82 - - [02/Aug/2019:18:30:55 +0000] "GET /css/images/ui-bg_flat_100_f5f5f5_40x100.png HTTP/1.1" 404 1104 "https://www.octopustransferscroatia.com/" "Mozilla/5.0 (iPhone; CPU iPhone OS 12_3_1 like Mac OS X) AppleWebKit/605.1.15 (KHTML, like Gecko) Version/12.1.1 Mobile/15E148 Safari/604.1"
178.137.165.186 - - [02/Aug/2019:18:30:56 +0000] "GET /destinations/16/zagreb-airport/ HTTP/1.1" 301 279 "https://www.vzlomsn.org/" "Mozilla/4.0 (compatible; MSIE 6.0; Windows NT 5.2; SV1; .NET CLR 1.1.4322; .NET CLR 2.0.50727)"
178.137.165.186 - - [02/Aug/2019:18:30:56 +0000] "GET /destinations/16/zagreb-airport/ HTTP/1.1" 301 279 "https://www.vzlomsn.org/" "Mozilla/4.0 (compatible; MSIE 6.0; Windows NT 5.2; SV1; .NET CLR 1.1.4322; .NET CLR 2.0.50727)"
76.90.135.82 - - [02/Aug/2019:18:31:01 +0000] "GET /css/images/ui-icons_ffffff_256x240.png HTTP/1.1" 200 6299 "https://www.octopustransferscroatia.com/" "Mozilla/5.0 (iPhone; CPU iPhone OS 12_3_1 like Mac OS X) AppleWebKit/605.1.15 (KHTML, like Gecko) Version/12.1.1 Mobile/15E148 Safari/604.1"
76.90.135.82 - - [02/Aug/2019:18:31:53 +0000] "GET /search?start_location=Zagreb+&end_location=Plitvice+Lakes+National+Park&date=18.09.2019.&people=2&type=oneway HTTP/1.1" 200 5205 "https://www.octopustransferscroatia.com/" "Mozilla/5.0 (iPhone; CPU iPhone OS 12_3_1 like Mac OS X) AppleWebKit/605.1.15 (KHTML, like Gecko) Version/12.1.1 Mobile/15E148 Safari/604.1"
76.90.135.82 - - [02/Aug/2019:18:31:53 +0000] "GET /uploads/thumbnails/b9fa83b452a64e29be3c294cc2e189e0.png HTTP/1.1" 200 253568 "https://www.octopustransferscroatia.com/search?start_location=Zagreb+&end_location=Plitvice+Lakes+National+Park&date=18.09.2019.&people=2&type=oneway" "Mozilla/5.0 (iPhone; CPU iPhone OS 12_3_1 like Mac OS X) AppleWebKit/605.1.15 (KHTML, like Gecko) Version/12.1.1 Mobile/15E148 Safari/604.1"
76.90.135.82 - - [02/Aug/2019:18:31:56 +0000] "GET /uploads/thumbnails/1e9de2c4f0bdf1208ef92bd5d8956580.png HTTP/1.1" 200 462885 "https://www.octopustransferscroatia.com/search?start_location=Zagreb+&end_location=Plitvice+Lakes+National+Park&date=18.09.2019.&people=2&type=oneway" "Mozilla/5.0 (iPhone; CPU iPhone OS 12_3_1 like Mac OS X) AppleWebKit/605.1.15 (KHTML, like Gecko) Version/12.1.1 Mobile/15E148 Safari/604.1"
76.90.135.82 - - [02/Aug/2019:18:32:04 +0000] "GET /search?start_location=Zagreb+&end_location=Plitvice+Lakes+National+Park&date=18.09.2019.&people=2&type=oneway HTTP/1.1" 200 5205 "https://www.octopustransferscroatia.com/search?start_location=Zagreb+&end_location=Plitvice+Lakes+National+Park&date=18.09.2019.&people=2&type=oneway" "Mozilla/5.0 (iPhone; CPU iPhone OS 12_3_1 like Mac OS X) AppleWebKit/605.1.15 (KHTML, like Gecko) Version/12.1.1 Mobile/15E148 Safari/604.1"
76.90.135.82 - - [02/Aug/2019:18:33:03 +0000] "GET / HTTP/1.1" 200 5408 "https://r.search.yahoo.com/_ylt=Awr47KaqgERdtn8AgIZx.9w4;_ylu=X3oDMTByb2lvbXVuBGNvbG8DZ3ExBHBvcwMxBHZ0aWQDBHNlYwNzcg--/RV=2/RE=1564799275/RO=10/RU=https%3a%2f%2fwww.octopustransferscroatia.com%2f/RK=2/RS=jtrBr35NLEiYUQLBQ.YHOvQXyAc-" "Mozilla/5.0 (iPhone; CPU iPhone OS 12_3_1 like Mac OS X) AppleWebKit/605.1.15 (KHTML, like Gecko) Version/12.1.1 Mobile/15E148 Safari/604.1"
76.90.135.82 - - [02/Aug/2019:18:33:08 +0000] "POST /startlocation HTTP/1.1" 200 847 "https://www.octopustransferscroatia.com/" "Mozilla/5.0 (iPhone; CPU iPhone OS 12_3_1 like Mac OS X) AppleWebKit/605.1.15 (KHTML, like Gecko) Version/12.1.1 Mobile/15E148 Safari/604.1"
76.90.135.82 - - [02/Aug/2019:18:33:09 +0000] "POST /startlocation HTTP/1.1" 200 157 "https://www.octopustransferscroatia.com/" "Mozilla/5.0 (iPhone; CPU iPhone OS 12_3_1 like Mac OS X) AppleWebKit/605.1.15 (KHTML, like Gecko) Version/12.1.1 Mobile/15E148 Safari/604.1"
85.206.130.231 - - [02/Aug/2019:18:33:14 +0000] "GET /uploads/images/eb2bb12b91547aa360e32e6f48053f29.jpg HTTP/1.1" 200 316738 "https://www.google.com/" "Mozilla/5.0 (Windows NT 10.0; Win64; x64) AppleWebKit/537.36 (KHTML, like Gecko) Chrome/75.0.3770.142 Safari/537.36"
76.90.135.82 - - [02/Aug/2019:18:33:20 +0000] "POST /startlocation HTTP/1.1" 200 157 "https://www.octopustransferscroatia.com/" "Mozilla/5.0 (iPhone; CPU iPhone OS 12_3_1 like Mac OS X) AppleWebKit/605.1.15 (KHTML, like Gecko) Version/12.1.1 Mobile/15E148 Safari/604.1"
76.90.135.82 - - [02/Aug/2019:18:33:22 +0000] "POST /startlocation HTTP/1.1" 200 53 "https://www.octopustransferscroatia.com/" "Mozilla/5.0 (iPhone; CPU iPhone OS 12_3_1 like Mac OS X) AppleWebKit/605.1.15 (KHTML, like Gecko) Version/12.1.1 Mobile/15E148 Safari/604.1"
87.250.224.91 - - [02/Aug/2019:18:33:24 +0000] "GET /robots.txt HTTP/1.1" 301 258 "-" "Mozilla/5.0 (compatible; YandexBot/3.0; +http://yandex.com/bots)"
87.250.224.91 - - [02/Aug/2019:18:33:25 +0000] "GET /robots.txt HTTP/1.1" 200 24 "-" "Mozilla/5.0 (compatible; YandexBot/3.0; +http://yandex.com/bots)"
87.250.224.91 - - [02/Aug/2019:18:33:28 +0000] "GET / HTTP/1.1" 301 248 "-" "Mozilla/5.0 (compatible; YandexBot/3.0; +http://yandex.com/bots)"
87.250.224.91 - - [02/Aug/2019:18:33:29 +0000] "GET / HTTP/1.1" 200 5408 "-" "Mozilla/5.0 (compatible; YandexBot/3.0; +http://yandex.com/bots)"
141.8.132.11 - - [02/Aug/2019:18:33:30 +0000] "GET /js/all.js?v=20 HTTP/1.1" 200 220450 "https://www.octopustransferscroatia.com/" "Mozilla/5.0 (compatible; YandexBot/3.0; +http://yandex.com/bots)"
87.250.224.91 - - [02/Aug/2019:18:33:31 +0000] "GET /css/all.css?v=6 HTTP/1.1" 200 48625 "https://www.octopustransferscroatia.com/" "Mozilla/5.0 (compatible; YandexBot/3.0; +http://yandex.com/bots)"
141.8.132.11 - - [02/Aug/2019:18:33:32 +0000] "GET /css/flexslider.css HTTP/1.1" 200 1097 "https://www.octopustransferscroatia.com/" "Mozilla/5.0 (compatible; YandexBot/3.0; +http://yandex.com/bots)"
87.250.224.91 - - [02/Aug/2019:18:33:33 +0000] "GET /js/jquery.flexslider-min.js HTTP/1.1" 200 6427 "https://www.octopustransferscroatia.com/" "Mozilla/5.0 (compatible; YandexBot/3.0; +http://yandex.com/bots)"
76.90.135.82 - - [02/Aug/2019:18:33:34 +0000] "POST /startlocation HTTP/1.1" 200 2 "https://www.octopustransferscroatia.com/" "Mozilla/5.0 (iPhone; CPU iPhone OS 12_3_1 like Mac OS X) AppleWebKit/605.1.15 (KHTML, like Gecko) Version/12.1.1 Mobile/15E148 Safari/604.1"
141.8.132.11 - - [02/Aug/2019:18:33:34 +0000] "GET /fonts/fonts/themeenergy.woff2 HTTP/1.1" 200 357352 "https://www.octopustransferscroatia.com/css/all.css?v=6" "Mozilla/5.0 (compatible; YandexBot/3.0; +http://yandex.com/bots)"
76.90.135.82 - - [02/Aug/2019:18:33:35 +0000] "POST /startlocation HTTP/1.1" 200 2 "https://www.octopustransferscroatia.com/" "Mozilla/5.0 (iPhone; CPU iPhone OS 12_3_1 like Mac OS X) AppleWebKit/605.1.15 (KHTML, like Gecko) Version/12.1.1 Mobile/15E148 Safari/604.1"
76.90.135.82 - - [02/Aug/2019:18:33:35 +0000] "POST /startlocation HTTP/1.1" 200 2 "https://www.octopustransferscroatia.com/" "Mozilla/5.0 (iPhone; CPU iPhone OS 12_3_1 like Mac OS X) AppleWebKit/605.1.15 (KHTML, like Gecko) Version/12.1.1 Mobile/15E148 Safari/604.1"
76.90.135.82 - - [02/Aug/2019:18:33:41 +0000] "POST /startlocation HTTP/1.1" 200 2 "https://www.octopustransferscroatia.com/" "Mozilla/5.0 (iPhone; CPU iPhone OS 12_3_1 like Mac OS X) AppleWebKit/605.1.15 (KHTML, like Gecko) Version/12.1.1 Mobile/15E148 Safari/604.1"
76.90.135.82 - - [02/Aug/2019:18:33:45 +0000] "POST /endlocation HTTP/1.1" 200 2 "https://www.octopustransferscroatia.com/" "Mozilla/5.0 (iPhone; CPU iPhone OS 12_3_1 like Mac OS X) AppleWebKit/605.1.15 (KHTML, like Gecko) Version/12.1.1 Mobile/15E148 Safari/604.1"
76.90.135.82 - - [02/Aug/2019:18:33:46 +0000] "POST /endlocation HTTP/1.1" 200 2 "https://www.octopustransferscroatia.com/" "Mozilla/5.0 (iPhone; CPU iPhone OS 12_3_1 like Mac OS X) AppleWebKit/605.1.15 (KHTML, like Gecko) Version/12.1.1 Mobile/15E148 Safari/604.1"
76.90.135.82 - - [02/Aug/2019:18:33:47 +0000] "POST /endlocation HTTP/1.1" 200 2 "https://www.octopustransferscroatia.com/" "Mozilla/5.0 (iPhone; CPU iPhone OS 12_3_1 like Mac OS X) AppleWebKit/605.1.15 (KHTML, like Gecko) Version/12.1.1 Mobile/15E148 Safari/604.1"
76.90.135.82 - - [02/Aug/2019:18:33:47 +0000] "POST /endlocation HTTP/1.1" 200 2 "https://www.octopustransferscroatia.com/" "Mozilla/5.0 (iPhone; CPU iPhone OS 12_3_1 like Mac OS X) AppleWebKit/605.1.15 (KHTML, like Gecko) Version/12.1.1 Mobile/15E148 Safari/604.1"
76.90.135.82 - - [02/Aug/2019:18:33:50 +0000] "POST /endlocation HTTP/1.1" 200 2 "https://www.octopustransferscroatia.com/" "Mozilla/5.0 (iPhone; CPU iPhone OS 12_3_1 like Mac OS X) AppleWebKit/605.1.15 (KHTML, like Gecko) Version/12.1.1 Mobile/15E148 Safari/604.1"
76.90.135.82 - - [02/Aug/2019:18:34:03 +0000] "POST /endlocation HTTP/1.1" 200 2 "https://www.octopustransferscroatia.com/" "Mozilla/5.0 (iPhone; CPU iPhone OS 12_3_1 like Mac OS X) AppleWebKit/605.1.15 (KHTML, like Gecko) Version/12.1.1 Mobile/15E148 Safari/604.1"
76.90.135.82 - - [02/Aug/2019:18:34:04 +0000] "POST /endlocation HTTP/1.1" 200 2 "https://www.octopustransferscroatia.com/" "Mozilla/5.0 (iPhone; CPU iPhone OS 12_3_1 like Mac OS X) AppleWebKit/605.1.15 (KHTML, like Gecko) Version/12.1.1 Mobile/15E148 Safari/604.1"
76.90.135.82 - - [02/Aug/2019:18:34:04 +0000] "POST /endlocation HTTP/1.1" 200 2 "https://www.octopustransferscroatia.com/" "Mozilla/5.0 (iPhone; CPU iPhone OS 12_3_1 like Mac OS X) AppleWebKit/605.1.15 (KHTML, like Gecko) Version/12.1.1 Mobile/15E148 Safari/604.1"
76.90.135.82 - - [02/Aug/2019:18:34:05 +0000] "POST /endlocation HTTP/1.1" 200 2 "https://www.octopustransferscroatia.com/" "Mozilla/5.0 (iPhone; CPU iPhone OS 12_3_1 like Mac OS X) AppleWebKit/605.1.15 (KHTML, like Gecko) Version/12.1.1 Mobile/15E148 Safari/604.1"
76.90.135.82 - - [02/Aug/2019:18:34:06 +0000] "GET /css/images/ui-bg_flat_100_f5f5f5_40x100.png HTTP/1.1" 404 1104 "https://www.octopustransferscroatia.com/" "Mozilla/5.0 (iPhone; CPU iPhone OS 12_3_1 like Mac OS X) AppleWebKit/605.1.15 (KHTML, like Gecko) Version/12.1.1 Mobile/15E148 Safari/604.1"
76.90.135.82 - - [02/Aug/2019:18:34:36 +0000] "GET /search?start_location=Plitvice+park&end_location=Split+&date=19.09.2019.&people=2&type=oneway HTTP/1.1" 302 432 "https://www.octopustransferscroatia.com/" "Mozilla/5.0 (iPhone; CPU iPhone OS 12_3_1 like Mac OS X) AppleWebKit/605.1.15 (KHTML, like Gecko) Version/12.1.1 Mobile/15E148 Safari/604.1"
76.90.135.82 - - [02/Aug/2019:18:34:36 +0000] "GET /contact HTTP/1.1" 200 3387 "https://www.octopustransferscroatia.com/" "Mozilla/5.0 (iPhone; CPU iPhone OS 12_3_1 like Mac OS X) AppleWebKit/605.1.15 (KHTML, like Gecko) Version/12.1.1 Mobile/15E148 Safari/604.1"
76.90.135.82 - - [02/Aug/2019:18:35:06 +0000] "POST /startlocation HTTP/1.1" 200 157 "https://www.octopustransferscroatia.com/" "Mozilla/5.0 (iPhone; CPU iPhone OS 12_3_1 like Mac OS X) AppleWebKit/605.1.15 (KHTML, like Gecko) Version/12.1.1 Mobile/15E148 Safari/604.1"
76.90.135.82 - - [02/Aug/2019:18:35:08 +0000] "POST /startlocation HTTP/1.1" 200 157 "https://www.octopustransferscroatia.com/" "Mozilla/5.0 (iPhone; CPU iPhone OS 12_3_1 like Mac OS X) AppleWebKit/605.1.15 (KHTML, like Gecko) Version/12.1.1 Mobile/15E148 Safari/604.1"
76.90.135.82 - - [02/Aug/2019:18:35:10 +0000] "POST /startlocation HTTP/1.1" 200 53 "https://www.octopustransferscroatia.com/" "Mozilla/5.0 (iPhone; CPU iPhone OS 12_3_1 like Mac OS X) AppleWebKit/605.1.15 (KHTML, like Gecko) Version/12.1.1 Mobile/15E148 Safari/604.1"
76.90.135.82 - - [02/Aug/2019:18:35:14 +0000] "POST /endlocation HTTP/1.1" 200 95 "https://www.octopustransferscroatia.com/" "Mozilla/5.0 (iPhone; CPU iPhone OS 12_3_1 like Mac OS X) AppleWebKit/605.1.15 (KHTML, like Gecko) Version/12.1.1 Mobile/15E148 Safari/604.1"
76.90.135.82 - - [02/Aug/2019:18:35:15 +0000] "POST /endlocation HTTP/1.1" 200 65 "https://www.octopustransferscroatia.com/" "Mozilla/5.0 (iPhone; CPU iPhone OS 12_3_1 like Mac OS X) AppleWebKit/605.1.15 (KHTML, like Gecko) Version/12.1.1 Mobile/15E148 Safari/604.1"
76.90.135.82 - - [02/Aug/2019:18:35:16 +0000] "POST /endlocation HTTP/1.1" 200 37 "https://www.octopustransferscroatia.com/" "Mozilla/5.0 (iPhone; CPU iPhone OS 12_3_1 like Mac OS X) AppleWebKit/605.1.15 (KHTML, like Gecko) Version/12.1.1 Mobile/15E148 Safari/604.1"
76.90.135.82 - - [02/Aug/2019:18:35:34 +0000] "GET /search?start_location=Plitvice+Lakes+National+Park&end_location=Split+&date=19.09.2019.&people=2&type=oneway HTTP/1.1" 200 5377 "https://www.octopustransferscroatia.com/" "Mozilla/5.0 (iPhone; CPU iPhone OS 12_3_1 like Mac OS X) AppleWebKit/605.1.15 (KHTML, like Gecko) Version/12.1.1 Mobile/15E148 Safari/604.1"
76.90.135.82 - - [02/Aug/2019:18:35:34 +0000] "GET /uploads/thumbnails/1cf0bbb292957a5a23d102741ffbef78.png HTTP/1.1" 200 294202 "https://www.octopustransferscroatia.com/search?start_location=Plitvice+Lakes+National+Park&end_location=Split+&date=19.09.2019.&people=2&type=oneway" "Mozilla/5.0 (iPhone; CPU iPhone OS 12_3_1 like Mac OS X) AppleWebKit/605.1.15 (KHTML, like Gecko) Version/12.1.1 Mobile/15E148 Safari/604.1"
76.90.135.82 - - [02/Aug/2019:18:35:35 +0000] "GET /uploads/thumbnails/20fbc54c89d0ca6241588eb78dcde987.png HTTP/1.1" 200 393295 "https://www.octopustransferscroatia.com/search?start_location=Plitvice+Lakes+National+Park&end_location=Split+&date=19.09.2019.&people=2&type=oneway" "Mozilla/5.0 (iPhone; CPU iPhone OS 12_3_1 like Mac OS X) AppleWebKit/605.1.15 (KHTML, like Gecko) Version/12.1.1 Mobile/15E148 Safari/604.1"
216.244.66.199 - - [02/Aug/2019:18:36:06 +0000] "GET /robots.txt HTTP/1.1" 301 258 "-" "Mozilla/5.0 (compatible; DotBot/1.1; http://www.opensiteexplorer.org/dotbot, help@moz.com)"
216.244.66.199 - - [02/Aug/2019:18:36:06 +0000] "GET /robots.txt HTTP/1.1" 200 24 "-" "Mozilla/5.0 (compatible; DotBot/1.1; http://www.opensiteexplorer.org/dotbot, help@moz.com)"
76.90.135.82 - - [02/Aug/2019:18:40:59 +0000] "GET / HTTP/1.1" 200 5408 "https://www.timeout.com/croatia/things-to-do/how-to-get-from-zagreb-to-split" "Mozilla/5.0 (iPhone; CPU iPhone OS 12_3_1 like Mac OS X) AppleWebKit/605.1.15 (KHTML, like Gecko) Version/12.1.1 Mobile/15E148 Safari/604.1"
76.90.135.82 - - [02/Aug/2019:18:41:13 +0000] "GET /contact HTTP/1.1" 200 3420 "https://www.octopustransferscroatia.com/" "Mozilla/5.0 (iPhone; CPU iPhone OS 12_3_1 like Mac OS X) AppleWebKit/605.1.15 (KHTML, like Gecko) Version/12.1.1 Mobile/15E148 Safari/604.1"
151.42.44.122 - - [02/Aug/2019:18:44:48 +0000] "GET /uploads/images/352bccd0590671b84a9036cbdad98025.jpg HTTP/1.1" 200 91869 "https://www.google.com/" "Mozilla/5.0 (Windows NT 10.0) AppleWebKit/537.36 (KHTML, like Gecko) Chrome/75.0.3770.142 Safari/537.36"
151.42.44.122 - - [02/Aug/2019:18:44:48 +0000] "GET /uploads/thumbnails/ebefa42346103163e2f166d5a824e90f.jpg HTTP/1.1" 200 80348 "https://www.google.com/" "Mozilla/5.0 (Windows NT 10.0) AppleWebKit/537.36 (KHTML, like Gecko) Chrome/75.0.3770.142 Safari/537.36"
216.244.66.199 - - [02/Aug/2019:18:44:57 +0000] "GET /terms-and-conditions/ HTTP/1.1" 301 267 "-" "Mozilla/5.0 (compatible; DotBot/1.1; http://www.opensiteexplorer.org/dotbot, help@moz.com)"
76.90.135.82 - - [02/Aug/2019:18:45:13 +0000] "POST /mail HTTP/1.1" 302 440 "https://www.octopustransferscroatia.com/contact" "Mozilla/5.0 (iPhone; CPU iPhone OS 12_3_1 like Mac OS X) AppleWebKit/605.1.15 (KHTML, like Gecko) Version/12.1.1 Mobile/15E148 Safari/604.1"
76.90.135.82 - - [02/Aug/2019:18:45:14 +0000] "GET /thank-you HTTP/1.1" 200 2957 "https://www.octopustransferscroatia.com/contact" "Mozilla/5.0 (iPhone; CPU iPhone OS 12_3_1 like Mac OS X) AppleWebKit/605.1.15 (KHTML, like Gecko) Version/12.1.1 Mobile/15E148 Safari/604.1"
85.56.60.13 - - [02/Aug/2019:18:45:46 +0000] "GET / HTTP/1.1" 200 5408 "https://www.google.com/" "Mozilla/5.0 (Macintosh; Intel Mac OS X 10.10; rv:67.0) Gecko/20100101 Firefox/67.0"
85.56.60.13 - - [02/Aug/2019:18:45:47 +0000] "GET /css/all.css?v=6 HTTP/1.1" 200 48625 "https://www.octopustransferscroatia.com/" "Mozilla/5.0 (Macintosh; Intel Mac OS X 10.10; rv:67.0) Gecko/20100101 Firefox/67.0"
85.56.60.13 - - [02/Aug/2019:18:45:47 +0000] "GET /js/jquery.flexslider-min.js HTTP/1.1" 200 6427 "https://www.octopustransferscroatia.com/" "Mozilla/5.0 (Macintosh; Intel Mac OS X 10.10; rv:67.0) Gecko/20100101 Firefox/67.0"
85.56.60.13 - - [02/Aug/2019:18:45:47 +0000] "GET /css/flexslider.css HTTP/1.1" 200 1097 "https://www.octopustransferscroatia.com/" "Mozilla/5.0 (Macintosh; Intel Mac OS X 10.10; rv:67.0) Gecko/20100101 Firefox/67.0"
85.56.60.13 - - [02/Aug/2019:18:45:47 +0000] "GET /images/octopus-logo.png HTTP/1.1" 200 10874 "https://www.octopustransferscroatia.com/" "Mozilla/5.0 (Macintosh; Intel Mac OS X 10.10; rv:67.0) Gecko/20100101 Firefox/67.0"
85.56.60.13 - - [02/Aug/2019:18:45:47 +0000] "GET /js/all.js?v=20 HTTP/1.1" 200 220450 "https://www.octopustransferscroatia.com/" "Mozilla/5.0 (Macintosh; Intel Mac OS X 10.10; rv:67.0) Gecko/20100101 Firefox/67.0"
85.56.60.13 - - [02/Aug/2019:18:45:47 +0000] "GET /fonts/fonts/themeenergy.woff2 HTTP/1.1" 200 357352 "https://www.octopustransferscroatia.com/css/all.css?v=6" "Mozilla/5.0 (Macintosh; Intel Mac OS X 10.10; rv:67.0) Gecko/20100101 Firefox/67.0"
85.56.60.13 - - [02/Aug/2019:18:45:48 +0000] "GET /images/standard.png HTTP/1.1" 200 65207 "https://www.octopustransferscroatia.com/" "Mozilla/5.0 (Macintosh; Intel Mac OS X 10.10; rv:67.0) Gecko/20100101 Firefox/67.0"
85.56.60.13 - - [02/Aug/2019:18:45:48 +0000] "GET /images/minibus.png HTTP/1.1" 200 66935 "https://www.octopustransferscroatia.com/" "Mozilla/5.0 (Macintosh; Intel Mac OS X 10.10; rv:67.0) Gecko/20100101 Firefox/67.0"
85.56.60.13 - - [02/Aug/2019:18:45:48 +0000] "GET /images/minivan.png HTTP/1.1" 200 91295 "https://www.octopustransferscroatia.com/" "Mozilla/5.0 (Macintosh; Intel Mac OS X 10.10; rv:67.0) Gecko/20100101 Firefox/67.0"
85.56.60.13 - - [02/Aug/2019:18:45:48 +0000] "GET /images/bus.png HTTP/1.1" 200 111224 "https://www.octopustransferscroatia.com/" "Mozilla/5.0 (Macintosh; Intel Mac OS X 10.10; rv:67.0) Gecko/20100101 Firefox/67.0"
85.56.60.13 - - [02/Aug/2019:18:45:49 +0000] "GET /css/images/ui-bg_flat_75_ffffff_40x100.png HTTP/1.1" 200 178 "https://www.octopustransferscroatia.com/css/all.css?v=6" "Mozilla/5.0 (Macintosh; Intel Mac OS X 10.10; rv:67.0) Gecko/20100101 Firefox/67.0"
85.56.60.13 - - [02/Aug/2019:18:45:49 +0000] "GET /images/backgrounds/krka.jpg HTTP/1.1" 200 279601 "https://www.octopustransferscroatia.com/css/all.css?v=6" "Mozilla/5.0 (Macintosh; Intel Mac OS X 10.10; rv:67.0) Gecko/20100101 Firefox/67.0"
85.56.60.13 - - [02/Aug/2019:18:45:49 +0000] "GET /images/backgrounds/split.jpg HTTP/1.1" 200 209419 "https://www.octopustransferscroatia.com/css/all.css?v=6" "Mozilla/5.0 (Macintosh; Intel Mac OS X 10.10; rv:67.0) Gecko/20100101 Firefox/67.0"
85.56.60.13 - - [02/Aug/2019:18:45:49 +0000] "GET /images/backgrounds/plitvice.jpg HTTP/1.1" 200 376840 "https://www.octopustransferscroatia.com/css/all.css?v=6" "Mozilla/5.0 (Macintosh; Intel Mac OS X 10.10; rv:67.0) Gecko/20100101 Firefox/67.0"
85.56.60.13 - - [02/Aug/2019:18:45:49 +0000] "GET /favicon-16x16.png HTTP/1.1" 200 885 "-" "Mozilla/5.0 (Macintosh; Intel Mac OS X 10.10; rv:67.0) Gecko/20100101 Firefox/67.0"
85.56.60.13 - - [02/Aug/2019:18:45:49 +0000] "GET /apple-touch-icon.png HTTP/1.1" 200 2510 "-" "Mozilla/5.0 (Macintosh; Intel Mac OS X 10.10; rv:67.0) Gecko/20100101 Firefox/67.0"
85.56.60.13 - - [02/Aug/2019:18:46:00 +0000] "POST /startlocation HTTP/1.1" 200 254 "https://www.octopustransferscroatia.com/" "Mozilla/5.0 (Macintosh; Intel Mac OS X 10.10; rv:67.0) Gecko/20100101 Firefox/67.0"
85.56.60.13 - - [02/Aug/2019:18:46:01 +0000] "POST /startlocation HTTP/1.1" 200 37 "https://www.octopustransferscroatia.com/" "Mozilla/5.0 (Macintosh; Intel Mac OS X 10.10; rv:67.0) Gecko/20100101 Firefox/67.0"
85.56.60.13 - - [02/Aug/2019:18:46:05 +0000] "POST /endlocation HTTP/1.1" 200 411 "https://www.octopustransferscroatia.com/" "Mozilla/5.0 (Macintosh; Intel Mac OS X 10.10; rv:67.0) Gecko/20100101 Firefox/67.0"
85.56.60.13 - - [02/Aug/2019:18:46:07 +0000] "POST /endlocation HTTP/1.1" 200 2 "https://www.octopustransferscroatia.com/" "Mozilla/5.0 (Macintosh; Intel Mac OS X 10.10; rv:67.0) Gecko/20100101 Firefox/67.0"
85.56.60.13 - - [02/Aug/2019:18:46:09 +0000] "POST /endlocation HTTP/1.1" 200 2 "https://www.octopustransferscroatia.com/" "Mozilla/5.0 (Macintosh; Intel Mac OS X 10.10; rv:67.0) Gecko/20100101 Firefox/67.0"
85.56.60.13 - - [02/Aug/2019:18:46:10 +0000] "POST /endlocation HTTP/1.1" 200 29 "https://www.octopustransferscroatia.com/" "Mozilla/5.0 (Macintosh; Intel Mac OS X 10.10; rv:67.0) Gecko/20100101 Firefox/67.0"
85.56.60.13 - - [02/Aug/2019:18:46:14 +0000] "GET /css/images/ui-icons_777777_256x240.png HTTP/1.1" 200 6999 "https://www.octopustransferscroatia.com/css/all.css?v=6" "Mozilla/5.0 (Macintosh; Intel Mac OS X 10.10; rv:67.0) Gecko/20100101 Firefox/67.0"
85.56.60.13 - - [02/Aug/2019:18:46:14 +0000] "GET /css/images/ui-bg_flat_100_f5f5f5_40x100.png HTTP/1.1" 404 1104 "https://www.octopustransferscroatia.com/css/all.css?v=6" "Mozilla/5.0 (Macintosh; Intel Mac OS X 10.10; rv:67.0) Gecko/20100101 Firefox/67.0"
93.140.123.17 - - [02/Aug/2019:18:46:15 +0000] "GET /blog/split-to-dubrovnik-transfer HTTP/1.1" 200 4165 "https://www.google.com/" "Mozilla/5.0 (iPhone; CPU iPhone OS 12_3_1 like Mac OS X) AppleWebKit/605.1.15 (KHTML, like Gecko) Version/12.1.1 Mobile/15E148 Safari/604.1"
