66.249.66.75 - - [12/Aug/2019:00:02:37 +0000] "GET /robots.txt HTTP/1.1" 301 258 "-" "Mozilla/5.0 (compatible; Googlebot/2.1; +http://www.google.com/bot.html)"
66.249.66.79 - - [12/Aug/2019:00:02:37 +0000] "GET /robots.txt HTTP/1.1" 200 24 "-" "Mozilla/5.0 (compatible; Googlebot/2.1; +http://www.google.com/bot.html)"
66.249.66.74 - - [12/Aug/2019:00:02:38 +0000] "GET /ads.txt HTTP/1.1" 301 255 "-" "Mozilla/5.0 (compatible; Googlebot/2.1; +http://www.google.com/bot.html)"
66.249.66.80 - - [12/Aug/2019:00:02:38 +0000] "GET /ads.txt HTTP/1.1" 404 1104 "-" "Mozilla/5.0 (compatible; Googlebot/2.1; +http://www.google.com/bot.html)"
35.187.132.12 - - [12/Aug/2019:00:05:02 +0000] "GET / HTTP/1.1" 301 248 "http://octopustransferscroatia.com" "Mozilla/5.0 (Windows; U; MSIE 9.0; Windows NT 9.0; en-US) AppEngine-Google; (+http://code.google.com/appengine; appid: s~virustotalcloud)"
107.178.238.37 - - [12/Aug/2019:00:05:02 +0000] "GET / HTTP/1.1" 301 248 "http://octopustransferscroatia.com" "Mozilla/5.0 (Windows; U; MSIE 9.0; Windows NT 9.0; en-US)"
204.13.201.138 - - [12/Aug/2019:00:05:02 +0000] "GET / HTTP/1.1" 301 248 "http://www.bing.com" "Mozilla/5.0 (compatible; MSIE 8.0; Windows NT 6.1; Trident/4.0; .NET CLR 2.0.50727; .NET CLR 3.5.30729; .NET CLR 3.0.30729; .NET CLR 1.0.3705; .NET CLR 1.1.4322)"
107.178.238.37 - - [12/Aug/2019:00:05:03 +0000] "GET /favicon.ico HTTP/1.1" 301 259 "http://octopustransferscroatia.com" "Mozilla/5.0 (Windows; U; MSIE 9.0; Windows NT 9.0; en-US)"
35.187.132.17 - - [12/Aug/2019:00:05:03 +0000] "GET / HTTP/1.1" 200 5418 "http://octopustransferscroatia.com" "Mozilla/5.0 (Windows; U; MSIE 9.0; Windows NT 9.0; en-US) AppEngine-Google; (+http://code.google.com/appengine; appid: s~virustotalcloud)"
66.102.6.237 - - [12/Aug/2019:00:05:03 +0000] "GET / HTTP/1.1" 301 248 "-" "Mozilla/5.0 (X11; Linux x86_64) AppleWebKit/537.36 (KHTML, like Gecko) Chrome/49.0.2623.75 Safari/537.36 Google Favicon"
66.102.6.237 - - [12/Aug/2019:00:05:04 +0000] "GET / HTTP/1.1" 200 5418 "-" "Mozilla/5.0 (X11; Linux x86_64) AppleWebKit/537.36 (KHTML, like Gecko) Chrome/49.0.2623.75 Safari/537.36 Google Favicon"
66.102.6.237 - - [12/Aug/2019:00:05:04 +0000] "GET /favicon-16x16.png HTTP/1.1" 200 885 "-" "Mozilla/5.0 (X11; Linux x86_64) AppleWebKit/537.36 (KHTML, like Gecko) Chrome/49.0.2623.75 Safari/537.36 Google Favicon"
216.232.203.66 - - [12/Aug/2019:00:05:47 +0000] "GET / HTTP/1.1" 301 248 "-" "Mozilla/5.0 (Macintosh; Intel Mac OS X 10_11_6) AppleWebKit/605.1.15 (KHTML, like Gecko) Version/11.1.2 Safari/605.1.15"
216.232.203.66 - - [12/Aug/2019:00:05:48 +0000] "GET / HTTP/1.1" 200 5418 "-" "Mozilla/5.0 (Macintosh; Intel Mac OS X 10_11_6) AppleWebKit/605.1.15 (KHTML, like Gecko) Version/11.1.2 Safari/605.1.15"
216.232.203.66 - - [12/Aug/2019:00:05:48 +0000] "GET /css/all.css?v=6 HTTP/1.1" 200 48625 "https://www.octopustransferscroatia.com/" "Mozilla/5.0 (Macintosh; Intel Mac OS X 10_11_6) AppleWebKit/605.1.15 (KHTML, like Gecko) Version/11.1.2 Safari/605.1.15"
216.232.203.66 - - [12/Aug/2019:00:05:48 +0000] "GET /images/octopus-logo.png HTTP/1.1" 200 10874 "https://www.octopustransferscroatia.com/" "Mozilla/5.0 (Macintosh; Intel Mac OS X 10_11_6) AppleWebKit/605.1.15 (KHTML, like Gecko) Version/11.1.2 Safari/605.1.15"
216.232.203.66 - - [12/Aug/2019:00:05:48 +0000] "GET /css/flexslider.css HTTP/1.1" 200 1097 "https://www.octopustransferscroatia.com/" "Mozilla/5.0 (Macintosh; Intel Mac OS X 10_11_6) AppleWebKit/605.1.15 (KHTML, like Gecko) Version/11.1.2 Safari/605.1.15"
216.232.203.66 - - [12/Aug/2019:00:05:48 +0000] "GET /js/jquery.flexslider-min.js HTTP/1.1" 200 6427 "https://www.octopustransferscroatia.com/" "Mozilla/5.0 (Macintosh; Intel Mac OS X 10_11_6) AppleWebKit/605.1.15 (KHTML, like Gecko) Version/11.1.2 Safari/605.1.15"
216.232.203.66 - - [12/Aug/2019:00:05:48 +0000] "GET /js/all.js?v=20 HTTP/1.1" 200 220450 "https://www.octopustransferscroatia.com/" "Mozilla/5.0 (Macintosh; Intel Mac OS X 10_11_6) AppleWebKit/605.1.15 (KHTML, like Gecko) Version/11.1.2 Safari/605.1.15"
216.232.203.66 - - [12/Aug/2019:00:05:48 +0000] "GET /images/minibus.png HTTP/1.1" 200 66935 "https://www.octopustransferscroatia.com/" "Mozilla/5.0 (Macintosh; Intel Mac OS X 10_11_6) AppleWebKit/605.1.15 (KHTML, like Gecko) Version/11.1.2 Safari/605.1.15"
216.232.203.66 - - [12/Aug/2019:00:05:48 +0000] "GET /images/standard.png HTTP/1.1" 200 65207 "https://www.octopustransferscroatia.com/" "Mozilla/5.0 (Macintosh; Intel Mac OS X 10_11_6) AppleWebKit/605.1.15 (KHTML, like Gecko) Version/11.1.2 Safari/605.1.15"
216.232.203.66 - - [12/Aug/2019:00:05:48 +0000] "GET /images/bus.png HTTP/1.1" 200 111224 "https://www.octopustransferscroatia.com/" "Mozilla/5.0 (Macintosh; Intel Mac OS X 10_11_6) AppleWebKit/605.1.15 (KHTML, like Gecko) Version/11.1.2 Safari/605.1.15"
216.232.203.66 - - [12/Aug/2019:00:05:48 +0000] "GET /images/minivan.png HTTP/1.1" 200 91295 "https://www.octopustransferscroatia.com/" "Mozilla/5.0 (Macintosh; Intel Mac OS X 10_11_6) AppleWebKit/605.1.15 (KHTML, like Gecko) Version/11.1.2 Safari/605.1.15"
216.232.203.66 - - [12/Aug/2019:00:05:49 +0000] "GET /css/images/ui-bg_flat_75_ffffff_40x100.png HTTP/1.1" 200 178 "https://www.octopustransferscroatia.com/" "Mozilla/5.0 (Macintosh; Intel Mac OS X 10_11_6) AppleWebKit/605.1.15 (KHTML, like Gecko) Version/11.1.2 Safari/605.1.15"
216.232.203.66 - - [12/Aug/2019:00:05:49 +0000] "GET /images/backgrounds/split.jpg HTTP/1.1" 200 209419 "https://www.octopustransferscroatia.com/" "Mozilla/5.0 (Macintosh; Intel Mac OS X 10_11_6) AppleWebKit/605.1.15 (KHTML, like Gecko) Version/11.1.2 Safari/605.1.15"
216.232.203.66 - - [12/Aug/2019:00:05:49 +0000] "GET /images/backgrounds/krka.jpg HTTP/1.1" 200 279601 "https://www.octopustransferscroatia.com/" "Mozilla/5.0 (Macintosh; Intel Mac OS X 10_11_6) AppleWebKit/605.1.15 (KHTML, like Gecko) Version/11.1.2 Safari/605.1.15"
216.232.203.66 - - [12/Aug/2019:00:05:49 +0000] "GET /images/backgrounds/plitvice.jpg HTTP/1.1" 200 376840 "https://www.octopustransferscroatia.com/" "Mozilla/5.0 (Macintosh; Intel Mac OS X 10_11_6) AppleWebKit/605.1.15 (KHTML, like Gecko) Version/11.1.2 Safari/605.1.15"
216.232.203.66 - - [12/Aug/2019:00:05:49 +0000] "GET /fonts/fonts/themeenergy.woff HTTP/1.1" 200 476336 "https://www.octopustransferscroatia.com/" "Mozilla/5.0 (Macintosh; Intel Mac OS X 10_11_6) AppleWebKit/605.1.15 (KHTML, like Gecko) Version/11.1.2 Safari/605.1.15"
216.232.203.66 - - [12/Aug/2019:00:05:50 +0000] "GET /favicon-32x32.png HTTP/1.1" 200 1372 "https://www.octopustransferscroatia.com/" "Mozilla/5.0 (Macintosh; Intel Mac OS X 10_11_6) AppleWebKit/605.1.15 (KHTML, like Gecko) Version/11.1.2 Safari/605.1.15"
216.232.203.66 - - [12/Aug/2019:00:05:50 +0000] "GET /images/favicon.ico HTTP/1.1" 200 894 "https://www.octopustransferscroatia.com/" "Mozilla/5.0 (Macintosh; Intel Mac OS X 10_11_6) AppleWebKit/605.1.15 (KHTML, like Gecko) Version/11.1.2 Safari/605.1.15"
216.232.203.66 - - [12/Aug/2019:00:05:50 +0000] "GET /favicon-16x16.png HTTP/1.1" 200 885 "https://www.octopustransferscroatia.com/" "Mozilla/5.0 (Macintosh; Intel Mac OS X 10_11_6) AppleWebKit/605.1.15 (KHTML, like Gecko) Version/11.1.2 Safari/605.1.15"
216.232.203.66 - - [12/Aug/2019:00:05:54 +0000] "POST /startlocation HTTP/1.1" 200 69 "https://www.octopustransferscroatia.com/" "Mozilla/5.0 (Macintosh; Intel Mac OS X 10_11_6) AppleWebKit/605.1.15 (KHTML, like Gecko) Version/11.1.2 Safari/605.1.15"
216.232.203.66 - - [12/Aug/2019:00:05:57 +0000] "POST /endlocation HTTP/1.1" 200 65 "https://www.octopustransferscroatia.com/" "Mozilla/5.0 (Macintosh; Intel Mac OS X 10_11_6) AppleWebKit/605.1.15 (KHTML, like Gecko) Version/11.1.2 Safari/605.1.15"
216.232.203.66 - - [12/Aug/2019:00:05:59 +0000] "GET /css/images/ui-icons_777777_256x240.png HTTP/1.1" 200 6999 "https://www.octopustransferscroatia.com/" "Mozilla/5.0 (Macintosh; Intel Mac OS X 10_11_6) AppleWebKit/605.1.15 (KHTML, like Gecko) Version/11.1.2 Safari/605.1.15"
216.232.203.66 - - [12/Aug/2019:00:05:59 +0000] "GET /css/images/ui-bg_flat_100_f5f5f5_40x100.png HTTP/1.1" 404 1104 "https://www.octopustransferscroatia.com/" "Mozilla/5.0 (Macintosh; Intel Mac OS X 10_11_6) AppleWebKit/605.1.15 (KHTML, like Gecko) Version/11.1.2 Safari/605.1.15"
216.232.203.66 - - [12/Aug/2019:00:06:02 +0000] "GET /css/images/ui-icons_ffffff_256x240.png HTTP/1.1" 200 6299 "https://www.octopustransferscroatia.com/" "Mozilla/5.0 (Macintosh; Intel Mac OS X 10_11_6) AppleWebKit/605.1.15 (KHTML, like Gecko) Version/11.1.2 Safari/605.1.15"
216.232.203.66 - - [12/Aug/2019:00:06:18 +0000] "GET /search?start_location=Zagreb&end_location=Split&date=17.09.2019.&people=1&type=oneway HTTP/1.1" 200 5373 "https://www.octopustransferscroatia.com/" "Mozilla/5.0 (Macintosh; Intel Mac OS X 10_11_6) AppleWebKit/605.1.15 (KHTML, like Gecko) Version/11.1.2 Safari/605.1.15"
216.232.203.66 - - [12/Aug/2019:00:06:19 +0000] "GET /uploads/thumbnails/b9fa83b452a64e29be3c294cc2e189e0.png HTTP/1.1" 200 253568 "https://www.octopustransferscroatia.com/search?start_location=Zagreb&end_location=Split&date=17.09.2019.&people=1&type=oneway" "Mozilla/5.0 (Macintosh; Intel Mac OS X 10_11_6) AppleWebKit/605.1.15 (KHTML, like Gecko) Version/11.1.2 Safari/605.1.15"
216.232.203.66 - - [12/Aug/2019:00:06:19 +0000] "GET /uploads/thumbnails/1cf0bbb292957a5a23d102741ffbef78.png HTTP/1.1" 200 294202 "https://www.octopustransferscroatia.com/search?start_location=Zagreb&end_location=Split&date=17.09.2019.&people=1&type=oneway" "Mozilla/5.0 (Macintosh; Intel Mac OS X 10_11_6) AppleWebKit/605.1.15 (KHTML, like Gecko) Version/11.1.2 Safari/605.1.15"
216.232.203.66 - - [12/Aug/2019:00:06:19 +0000] "GET /uploads/thumbnails/1e9de2c4f0bdf1208ef92bd5d8956580.png HTTP/1.1" 200 462885 "https://www.octopustransferscroatia.com/search?start_location=Zagreb&end_location=Split&date=17.09.2019.&people=1&type=oneway" "Mozilla/5.0 (Macintosh; Intel Mac OS X 10_11_6) AppleWebKit/605.1.15 (KHTML, like Gecko) Version/11.1.2 Safari/605.1.15"
216.232.203.66 - - [12/Aug/2019:00:06:19 +0000] "GET /uploads/thumbnails/20fbc54c89d0ca6241588eb78dcde987.png HTTP/1.1" 200 393295 "https://www.octopustransferscroatia.com/search?start_location=Zagreb&end_location=Split&date=17.09.2019.&people=1&type=oneway" "Mozilla/5.0 (Macintosh; Intel Mac OS X 10_11_6) AppleWebKit/605.1.15 (KHTML, like Gecko) Version/11.1.2 Safari/605.1.15"
216.232.203.66 - - [12/Aug/2019:00:06:30 +0000] "POST /reservation HTTP/1.1" 200 5347 "https://www.octopustransferscroatia.com/search?start_location=Zagreb&end_location=Split&date=17.09.2019.&people=1&type=oneway" "Mozilla/5.0 (Macintosh; Intel Mac OS X 10_11_6) AppleWebKit/605.1.15 (KHTML, like Gecko) Version/11.1.2 Safari/605.1.15"
216.232.203.66 - - [12/Aug/2019:00:06:31 +0000] "GET /vendor/tel-input/css/intlTelInput.css HTTP/1.1" 200 3645 "https://www.octopustransferscroatia.com/reservation" "Mozilla/5.0 (Macintosh; Intel Mac OS X 10_11_6) AppleWebKit/605.1.15 (KHTML, like Gecko) Version/11.1.2 Safari/605.1.15"
216.232.203.66 - - [12/Aug/2019:00:06:31 +0000] "GET /vendor/tel-input/js/intlTelInput.js?v=2 HTTP/1.1" 200 19119 "https://www.octopustransferscroatia.com/reservation" "Mozilla/5.0 (Macintosh; Intel Mac OS X 10_11_6) AppleWebKit/605.1.15 (KHTML, like Gecko) Version/11.1.2 Safari/605.1.15"
216.232.203.66 - - [12/Aug/2019:00:06:31 +0000] "GET /vendor/tel-input/img/flags@2x.png HTTP/1.1" 200 173609 "https://www.octopustransferscroatia.com/reservation" "Mozilla/5.0 (Macintosh; Intel Mac OS X 10_11_6) AppleWebKit/605.1.15 (KHTML, like Gecko) Version/11.1.2 Safari/605.1.15"
216.232.203.66 - - [12/Aug/2019:00:06:31 +0000] "GET /vendor/tel-input/js/utils.js HTTP/1.1" 200 51269 "https://www.octopustransferscroatia.com/reservation" "Mozilla/5.0 (Macintosh; Intel Mac OS X 10_11_6) AppleWebKit/605.1.15 (KHTML, like Gecko) Version/11.1.2 Safari/605.1.15"
66.249.66.79 - - [12/Aug/2019:00:09:13 +0000] "GET /blog/zagreb-to-split-transfer HTTP/1.1" 200 4265 "-" "Mozilla/5.0 (Linux; Android 6.0.1; Nexus 5X Build/MMB29P) AppleWebKit/537.36 (KHTML, like Gecko) Chrome/41.0.2272.96 Mobile Safari/537.36 (compatible; Googlebot/2.1; +http://www.google.com/bot.html)"
157.55.39.131 - - [12/Aug/2019:00:11:50 +0000] "GET /booking-now/ HTTP/1.1" 301 260 "-" "Mozilla/5.0 (iPhone; CPU iPhone OS 7_0 like Mac OS X) AppleWebKit/537.51.1 (KHTML, like Gecko) Version/7.0 Mobile/11A465 Safari/9537.53 (compatible; bingbot/2.0; +http://www.bing.com/bingbot.htm)"
157.55.39.131 - - [12/Aug/2019:00:11:55 +0000] "GET /booking-now/ HTTP/1.1" 301 258 "-" "Mozilla/5.0 (iPhone; CPU iPhone OS 7_0 like Mac OS X) AppleWebKit/537.51.1 (KHTML, like Gecko) Version/7.0 Mobile/11A465 Safari/9537.53 (compatible; bingbot/2.0; +http://www.bing.com/bingbot.htm)"
157.55.39.131 - - [12/Aug/2019:00:11:55 +0000] "GET /booking-now HTTP/1.1" 301 259 "-" "Mozilla/5.0 (iPhone; CPU iPhone OS 7_0 like Mac OS X) AppleWebKit/537.51.1 (KHTML, like Gecko) Version/7.0 Mobile/11A465 Safari/9537.53 (compatible; bingbot/2.0; +http://www.bing.com/bingbot.htm)"
157.55.39.131 - - [12/Aug/2019:00:11:57 +0000] "GET /booking-now HTTP/1.1" 404 1104 "-" "Mozilla/5.0 (iPhone; CPU iPhone OS 7_0 like Mac OS X) AppleWebKit/537.51.1 (KHTML, like Gecko) Version/7.0 Mobile/11A465 Safari/9537.53 (compatible; bingbot/2.0; +http://www.bing.com/bingbot.htm)"
113.35.251.98 - - [12/Aug/2019:00:22:32 +0000] "GET / HTTP/1.1" 301 248 "-" "Mozilla/4.0 (compatible; MSIE 9.0; Windows NT 6.1; Trident/5.0)"
46.229.168.139 - - [12/Aug/2019:00:30:17 +0000] "GET /robots.txt HTTP/1.1" 301 258 "-" "Mozilla/5.0 (compatible; SemrushBot/3~bl; +http://www.semrush.com/bot.html)"
46.229.168.143 - - [12/Aug/2019:00:30:18 +0000] "GET /robots.txt HTTP/1.1" 200 24 "-" "Mozilla/5.0 (compatible; SemrushBot/3~bl; +http://www.semrush.com/bot.html)"
46.229.168.152 - - [12/Aug/2019:00:30:18 +0000] "GET /faq/ HTTP/1.1" 301 252 "-" "Mozilla/5.0 (compatible; SemrushBot/3~bl; +http://www.semrush.com/bot.html)"
46.229.168.146 - - [12/Aug/2019:00:30:19 +0000] "GET /robots.txt HTTP/1.1" 200 24 "-" "Mozilla/5.0 (compatible; SemrushBot/3~bl; +http://www.semrush.com/bot.html)"
46.229.168.154 - - [12/Aug/2019:00:30:19 +0000] "GET /faq/ HTTP/1.1" 301 250 "-" "Mozilla/5.0 (compatible; SemrushBot/3~bl; +http://www.semrush.com/bot.html)"
46.229.168.149 - - [12/Aug/2019:00:30:21 +0000] "GET /faq HTTP/1.1" 301 251 "-" "Mozilla/5.0 (compatible; SemrushBot/3~bl; +http://www.semrush.com/bot.html)"
46.229.168.147 - - [12/Aug/2019:00:30:22 +0000] "GET /faq HTTP/1.1" 200 3823 "-" "Mozilla/5.0 (compatible; SemrushBot/3~bl; +http://www.semrush.com/bot.html)"
66.249.66.80 - - [12/Aug/2019:00:31:58 +0000] "GET /destinations/17/krka-waterfalls-national-park HTTP/1.1" 200 3133 "-" "Mozilla/5.0 (Linux; Android 6.0.1; Nexus 5X Build/MMB29P) AppleWebKit/537.36 (KHTML, like Gecko) Chrome/41.0.2272.96 Mobile Safari/537.36 (compatible; Googlebot/2.1; +http://www.google.com/bot.html)"
122.61.223.238 - - [12/Aug/2019:00:33:25 +0000] "GET /uploads/images/080b5558f890fa8684eee7b9313057c8.jpg HTTP/1.1" 200 193399 "https://www.google.com/" "Mozilla/5.0 (Linux; Android 9; SM-G950F) AppleWebKit/537.36 (KHTML, like Gecko) Chrome/76.0.3809.89 Mobile Safari/537.36"
66.249.66.79 - - [12/Aug/2019:00:34:10 +0000] "GET /destinations/49/marina-frapa HTTP/1.1" 200 3079 "-" "Mozilla/5.0 (compatible; Googlebot/2.1; +http://www.google.com/bot.html)"
157.55.39.131 - - [12/Aug/2019:00:41:10 +0000] "GET /destinations/krka-waterfalls HTTP/1.1" 404 1104 "-" "Mozilla/5.0 (compatible; bingbot/2.0; +http://www.bing.com/bingbot.htm)"
66.249.66.80 - - [12/Aug/2019:00:56:11 +0000] "GET /destinations/15/zagreb HTTP/1.1" 200 3457 "-" "Mozilla/5.0 (compatible; Googlebot/2.1; +http://www.google.com/bot.html)"
77.75.79.17 - - [12/Aug/2019:00:58:44 +0000] "GET /robots.txt HTTP/1.1" 200 24 "-" "Mozilla/5.0 (compatible; SeznamBot/3.2; +http://napoveda.seznam.cz/en/seznambot-intro/)"
77.75.79.17 - - [12/Aug/2019:00:58:45 +0000] "GET /uploads/thumbnails/f29b218cbb0803302c3b77fbcf7f8bc9.jpg HTTP/1.1" 304 - "-" "Mozilla/5.0 (compatible; SeznamBot/3.2; +http://napoveda.seznam.cz/en/seznambot-intro/)"
77.75.79.17 - - [12/Aug/2019:00:58:45 +0000] "GET /destinations/55/ljubljana HTTP/1.1" 200 3117 "-" "Mozilla/5.0 (compatible; SeznamBot/3.2; +http://napoveda.seznam.cz/en/seznambot-intro/)"
66.249.66.80 - - [12/Aug/2019:01:00:36 +0000] "GET /destinations/64/budva HTTP/1.1" 200 3108 "-" "Mozilla/5.0 (compatible; Googlebot/2.1; +http://www.google.com/bot.html)"
66.249.66.78 - - [12/Aug/2019:01:07:34 +0000] "GET /destinations/16/zagreb-airport HTTP/1.1" 200 4055 "-" "Mozilla/5.0 (compatible; Googlebot/2.1; +http://www.google.com/bot.html)"
83.31.189.166 - - [12/Aug/2019:01:08:27 +0000] "HEAD / HTTP/1.1" 301 - "-" "Mozilla/5.0 (Windows NT 6.3; Win64; x64; rv:63.0) Gecko/20100101 Firefox/63.0"
83.31.189.166 - - [12/Aug/2019:01:08:27 +0000] "HEAD / HTTP/1.1" 200 - "-" "Mozilla/5.0 (Windows NT 6.3; Win64; x64; rv:63.0) Gecko/20100101 Firefox/63.0"
83.31.189.166 - - [12/Aug/2019:01:08:28 +0000] "GET / HTTP/1.1" 301 248 "-" "Mozilla/5.0 (Windows NT 10.0; Win64; x64; rv:65.0) Gecko/20100101 Firefox/65.0"
83.31.189.166 - - [12/Aug/2019:01:08:28 +0000] "GET / HTTP/1.1" 200 18513 "-" "Mozilla/5.0 (Windows NT 10.0; Win64; x64; rv:65.0) Gecko/20100101 Firefox/65.0"
83.31.189.166 - - [12/Aug/2019:01:08:34 +0000] "GET / HTTP/1.1" 301 248 "-" "Mozilla/5.0 (Windows; U; Windows NT 6.1; en-US; rv:1.9.1.5) Gecko/20091102 Firefox/3.5.5 (.NET CLR 3.5.30729)"
83.31.189.166 - - [12/Aug/2019:01:08:34 +0000] "GET / HTTP/1.1" 301 248 "-" "Mozilla/5.0 (Windows; U; Windows NT 6.1; en-US; rv:1.9.1.5) Gecko/20091102 Firefox/3.5.5 (.NET CLR 3.5.30729)"
83.31.189.166 - - [12/Aug/2019:01:08:34 +0000] "GET / HTTP/1.1" 301 248 "-" "Mozilla/5.0 (Windows; U; Windows NT 6.1; en-US; rv:1.9.1.5) Gecko/20091102 Firefox/3.5.5 (.NET CLR 3.5.30729)"
83.31.189.166 - - [12/Aug/2019:01:08:35 +0000] "GET / HTTP/1.1" 301 248 "-" "Mozilla/5.0 (Windows; U; Windows NT 6.1; en-US; rv:1.9.1.5) Gecko/20091102 Firefox/3.5.5 (.NET CLR 3.5.30729)"
66.249.66.78 - - [12/Aug/2019:01:10:30 +0000] "GET /destinations/27/split-ferry-port HTTP/1.1" 200 3270 "-" "Mozilla/5.0 (compatible; Googlebot/2.1; +http://www.google.com/bot.html)"
46.229.168.129 - - [12/Aug/2019:01:11:12 +0000] "GET /robots.txt HTTP/1.1" 200 24 "-" "Mozilla/5.0 (compatible; SemrushBot/3~bl; +http://www.semrush.com/bot.html)"
46.229.168.139 - - [12/Aug/2019:01:11:13 +0000] "GET /tours HTTP/1.1" 200 3351 "-" "Mozilla/5.0 (compatible; SemrushBot/3~bl; +http://www.semrush.com/bot.html)"
52.44.119.95 - - [12/Aug/2019:01:12:14 +0000] "GET /ads.txt HTTP/1.1" 301 255 "-" "Mozilla/5.0 (Macintosh; Intel Mac OS X 10_12_6) AppleWebKit/537.36 (KHTML, like Gecko) Chrome/63.0.3239.84 Safari/537.36"
52.44.119.95 - - [12/Aug/2019:01:12:15 +0000] "GET /ads.txt HTTP/1.1" 404 1104 "-" "Mozilla/5.0 (Macintosh; Intel Mac OS X 10_12_6) AppleWebKit/537.36 (KHTML, like Gecko) Chrome/63.0.3239.84 Safari/537.36"
52.44.119.95 - - [12/Aug/2019:01:12:15 +0000] "GET /ads.txt HTTP/1.1" 301 255 "-" "Mozilla/5.0 (Macintosh; Intel Mac OS X 10_12_6) AppleWebKit/537.36 (KHTML, like Gecko) Chrome/63.0.3239.84 Safari/537.36"
52.44.119.95 - - [12/Aug/2019:01:12:16 +0000] "GET /ads.txt HTTP/1.1" 404 1104 "-" "Mozilla/5.0 (Macintosh; Intel Mac OS X 10_12_6) AppleWebKit/537.36 (KHTML, like Gecko) Chrome/63.0.3239.84 Safari/537.36"
46.229.168.153 - - [12/Aug/2019:01:20:50 +0000] "GET /blog/how-to-get-from-split-to-dubrovnik HTTP/1.1" 200 6144 "-" "Mozilla/5.0 (compatible; SemrushBot/3~bl; +http://www.semrush.com/bot.html)"
157.55.39.242 - - [12/Aug/2019:01:21:40 +0000] "GET / HTTP/1.1" 301 248 "-" "Mozilla/5.0 (compatible; bingbot/2.0; +http://www.bing.com/bingbot.htm)"
66.249.66.80 - - [12/Aug/2019:01:21:53 +0000] "GET /destinations/4/dubrovnik HTTP/1.1" 200 3237 "-" "Mozilla/5.0 (compatible; Googlebot/2.1; +http://www.google.com/bot.html)"
157.55.39.71 - - [12/Aug/2019:01:24:35 +0000] "GET /contact HTTP/1.1" 200 3429 "-" "Mozilla/5.0 (compatible; bingbot/2.0; +http://www.bing.com/bingbot.htm)"
37.144.226.13 - - [12/Aug/2019:01:25:28 +0000] "GET /search?start_location=Zagreb+Airport&end_location=Plitvice+Lakes+National+Park&date=26.06.2019.&people=2&type=oneway HTTP/1.1" 200 5389 "https://yandex.ru/clck/jsredir?from=yandex.ru%3Bsearch%3Bweb%3B%3B&text=&etext=3999.iK5k6JEPIeBK5lnPz41cKKTtSwF8HhsDSHWX3_CK2ArU5I4jguL8FNJxpJ9UH2FZ2kyO4vELGNjns9GclwYBVA.88a4a3b92f76a96d0f2003804ef41a8a9e1bfbd7&uuid=&state=_BLhILn4SxNIvvL0W45KSic66uCIg23qh8iRG98qeIXmeppkgUc0YMIVJNtoWDTa6Ctl47TPu5I&data=UlNrNmk5WktYejY4cHFySjRXSWhXQ09wcHB5bS03NUhkMFlpaEo1OFU2ekplenNlbHJGUVpZQTdrS0NHQlVLSmk1cVRDTWVvU2IxenY4dGpCSmtMbkJiVzE5WnF1QnVPYnFGdWJfTHpNeGdYMWFZRU92QkNhelZOQW9PZV9zckt0Zm9sYTFoX1BnQ2tneHNOWkJ3THJWeDhlNVlmRl81VVJLUGpFTzJBbm5odTZMOGdTV0VGUXhSNEthTlR5M19DdUtkMDlMaTV3YXlIY2dkWFV6RHFQOE1CNDhsOUhkYTZ6LXBVLUt5ZHEta2lUUFRaOGpXWHh4WVpPUlE4V3owajFhTXpzRTVkaWJ1cXRRWmpKbHZFcVk2MmJ5aWJrWGtoVUJmcjNOYkNwQ2drQzdzRHlqdC0wTVZMTndoWTdOYTE&b64e=2&sign=638244935b1e661cb81e1eb73f8f863f&keyno=0&cst=AiuY0DBWFJ7IXge4WdYJQa9gkHE_3kbi8Q_GRmyCzpxoUVkLmfzQNtS_o8ZwYQq0IKuPyN4Heulf6HR5ON18NuSNyvTc3ff9fsFt_O58kp38J4N2zBHG-yF-qo3eWzwzOzlWCqFKIGJXwHA5QqfIrw&ref=orjY4mGPRjk5boDnW0uvlrrd71vZw9kp5uQozpMtKCURGPWsXpFn9iPBnGsKSTfZgdnAaFAShN4HXk9oj0pUqpXrdYI5F9TpKBJM0JJT3ZARc-4_GvRVC_vW8JEQYrCVhsN-DDfM1rs&l10n=ru&cts=1565571268689&mc=5.06771788695" "Mozilla/5.0 (compatible; MSIE 10.0; Windows NT 6.2; Trident/6.0; MASMJS)"
37.144.226.13 - - [12/Aug/2019:01:25:28 +0000] "GET /css/all.css?v=6 HTTP/1.1" 200 48625 "https://www.octopustransferscroatia.com/search?start_location=Zagreb+Airport&end_location=Plitvice+Lakes+National+Park&date=26.06.2019.&people=2&type=oneway" "Mozilla/5.0 (compatible; MSIE 10.0; Windows NT 6.2; Trident/6.0; MASMJS)"
37.144.226.13 - - [12/Aug/2019:01:25:28 +0000] "GET /js/all.js?v=20 HTTP/1.1" 200 220450 "https://www.octopustransferscroatia.com/search?start_location=Zagreb+Airport&end_location=Plitvice+Lakes+National+Park&date=26.06.2019.&people=2&type=oneway" "Mozilla/5.0 (compatible; MSIE 10.0; Windows NT 6.2; Trident/6.0; MASMJS)"
37.144.226.13 - - [12/Aug/2019:01:25:29 +0000] "GET /css/all.css?v=6 HTTP/1.1" 200 48625 "https://www.octopustransferscroatia.com/search?start_location=Zagreb+Airport&end_location=Plitvice+Lakes+National+Park&date=26.06.2019.&people=2&type=oneway" "Mozilla/5.0 (compatible; MSIE 10.0; Windows NT 6.2; Trident/6.0; MASMJS)"
37.144.226.13 - - [12/Aug/2019:01:25:29 +0000] "GET /fonts/fonts/themeenergy.eot HTTP/1.1" 200 1030640 "https://www.octopustransferscroatia.com/search?start_location=Zagreb+Airport&end_location=Plitvice+Lakes+National+Park&date=26.06.2019.&people=2&type=oneway" "Mozilla/5.0 (compatible; MSIE 10.0; Windows NT 6.2; Trident/6.0; MASMJS)"
66.249.66.79 - - [12/Aug/2019:01:26:17 +0000] "GET /destinations HTTP/1.1" 200 6560 "-" "Mozilla/5.0 (compatible; Googlebot/2.1; +http://www.google.com/bot.html)"
46.229.168.149 - - [12/Aug/2019:01:27:48 +0000] "GET /faq HTTP/1.1" 200 3823 "-" "Mozilla/5.0 (compatible; SemrushBot/3~bl; +http://www.semrush.com/bot.html)"
66.249.66.79 - - [12/Aug/2019:01:34:21 +0000] "GET /destinations/21/venice-treviso-airport HTTP/1.1" 200 3031 "-" "Mozilla/5.0 (compatible; Googlebot/2.1; +http://www.google.com/bot.html)"
46.229.168.163 - - [12/Aug/2019:01:45:27 +0000] "GET /robots.txt HTTP/1.1" 200 24 "-" "Mozilla/5.0 (compatible; SemrushBot/3~bl; +http://www.semrush.com/bot.html)"
46.229.168.163 - - [12/Aug/2019:01:45:28 +0000] "GET /contact HTTP/1.1" 200 3429 "-" "Mozilla/5.0 (compatible; SemrushBot/3~bl; +http://www.semrush.com/bot.html)"
67.20.224.186 - - [12/Aug/2019:01:48:22 +0000] "GET / HTTP/1.1" 200 5418 "-" "Mozilla/5.0 (Windows NT 10.0; Win64; x64) AppleWebKit/537.36 (KHTML, like Gecko) Chrome/70.0.3538.102 Safari/537.36 Edge/18.18362"
67.20.224.186 - - [12/Aug/2019:01:48:23 +0000] "GET /css/flexslider.css HTTP/1.1" 200 1097 "https://www.octopustransferscroatia.com/" "Mozilla/5.0 (Windows NT 10.0; Win64; x64) AppleWebKit/537.36 (KHTML, like Gecko) Chrome/70.0.3538.102 Safari/537.36 Edge/18.18362"
67.20.224.186 - - [12/Aug/2019:01:48:23 +0000] "GET /css/all.css?v=6 HTTP/1.1" 200 48625 "https://www.octopustransferscroatia.com/" "Mozilla/5.0 (Windows NT 10.0; Win64; x64) AppleWebKit/537.36 (KHTML, like Gecko) Chrome/70.0.3538.102 Safari/537.36 Edge/18.18362"
67.20.224.186 - - [12/Aug/2019:01:48:23 +0000] "GET /js/jquery.flexslider-min.js HTTP/1.1" 200 6427 "https://www.octopustransferscroatia.com/" "Mozilla/5.0 (Windows NT 10.0; Win64; x64) AppleWebKit/537.36 (KHTML, like Gecko) Chrome/70.0.3538.102 Safari/537.36 Edge/18.18362"
67.20.224.186 - - [12/Aug/2019:01:48:23 +0000] "GET /images/octopus-logo.png HTTP/1.1" 200 10874 "https://www.octopustransferscroatia.com/" "Mozilla/5.0 (Windows NT 10.0; Win64; x64) AppleWebKit/537.36 (KHTML, like Gecko) Chrome/70.0.3538.102 Safari/537.36 Edge/18.18362"
67.20.224.186 - - [12/Aug/2019:01:48:23 +0000] "GET /js/all.js?v=20 HTTP/1.1" 200 220450 "https://www.octopustransferscroatia.com/" "Mozilla/5.0 (Windows NT 10.0; Win64; x64) AppleWebKit/537.36 (KHTML, like Gecko) Chrome/70.0.3538.102 Safari/537.36 Edge/18.18362"
67.20.224.186 - - [12/Aug/2019:01:48:23 +0000] "GET /fonts/fonts/themeenergy.woff2 HTTP/1.1" 200 357352 "https://www.octopustransferscroatia.com/" "Mozilla/5.0 (Windows NT 10.0; Win64; x64) AppleWebKit/537.36 (KHTML, like Gecko) Chrome/70.0.3538.102 Safari/537.36 Edge/18.18362"
67.20.224.186 - - [12/Aug/2019:01:48:24 +0000] "GET /images/minibus.png HTTP/1.1" 200 66935 "https://www.octopustransferscroatia.com/" "Mozilla/5.0 (Windows NT 10.0; Win64; x64) AppleWebKit/537.36 (KHTML, like Gecko) Chrome/70.0.3538.102 Safari/537.36 Edge/18.18362"
67.20.224.186 - - [12/Aug/2019:01:48:24 +0000] "GET /images/backgrounds/plitvice.jpg HTTP/1.1" 200 376840 "https://www.octopustransferscroatia.com/" "Mozilla/5.0 (Windows NT 10.0; Win64; x64) AppleWebKit/537.36 (KHTML, like Gecko) Chrome/70.0.3538.102 Safari/537.36 Edge/18.18362"
67.20.224.186 - - [12/Aug/2019:01:48:25 +0000] "GET /images/minivan.png HTTP/1.1" 200 91295 "https://www.octopustransferscroatia.com/" "Mozilla/5.0 (Windows NT 10.0; Win64; x64) AppleWebKit/537.36 (KHTML, like Gecko) Chrome/70.0.3538.102 Safari/537.36 Edge/18.18362"
67.20.224.186 - - [12/Aug/2019:01:48:24 +0000] "GET /images/backgrounds/krka.jpg HTTP/1.1" 200 279601 "https://www.octopustransferscroatia.com/" "Mozilla/5.0 (Windows NT 10.0; Win64; x64) AppleWebKit/537.36 (KHTML, like Gecko) Chrome/70.0.3538.102 Safari/537.36 Edge/18.18362"
67.20.224.186 - - [12/Aug/2019:01:48:25 +0000] "GET /images/standard.png HTTP/1.1" 200 65207 "https://www.octopustransferscroatia.com/" "Mozilla/5.0 (Windows NT 10.0; Win64; x64) AppleWebKit/537.36 (KHTML, like Gecko) Chrome/70.0.3538.102 Safari/537.36 Edge/18.18362"
67.20.224.186 - - [12/Aug/2019:01:48:25 +0000] "GET /images/bus.png HTTP/1.1" 200 111224 "https://www.octopustransferscroatia.com/" "Mozilla/5.0 (Windows NT 10.0; Win64; x64) AppleWebKit/537.36 (KHTML, like Gecko) Chrome/70.0.3538.102 Safari/537.36 Edge/18.18362"
67.20.224.186 - - [12/Aug/2019:01:48:26 +0000] "GET /images/backgrounds/split.jpg HTTP/1.1" 200 209419 "https://www.octopustransferscroatia.com/" "Mozilla/5.0 (Windows NT 10.0; Win64; x64) AppleWebKit/537.36 (KHTML, like Gecko) Chrome/70.0.3538.102 Safari/537.36 Edge/18.18362"
67.20.224.186 - - [12/Aug/2019:01:48:26 +0000] "GET /css/images/ui-bg_flat_75_ffffff_40x100.png HTTP/1.1" 200 178 "https://www.octopustransferscroatia.com/" "Mozilla/5.0 (Windows NT 10.0; Win64; x64) AppleWebKit/537.36 (KHTML, like Gecko) Chrome/70.0.3538.102 Safari/537.36 Edge/18.18362"
67.20.224.186 - - [12/Aug/2019:01:48:23 +0000] "GET /fonts/fonts/themeenergy.eot HTTP/1.1" 200 1030640 "https://www.octopustransferscroatia.com/" "Mozilla/5.0 (Windows NT 10.0; Win64; x64) AppleWebKit/537.36 (KHTML, like Gecko) Chrome/70.0.3538.102 Safari/537.36 Edge/18.18362"
67.20.224.186 - - [12/Aug/2019:01:48:29 +0000] "GET /favicon-32x32.png HTTP/1.1" 200 1372 "-" "Mozilla/5.0 (Windows NT 10.0; Win64; x64) AppleWebKit/537.36 (KHTML, like Gecko) Chrome/70.0.3538.102 Safari/537.36 Edge/18.18362"
99.238.11.74 - - [12/Aug/2019:01:50:27 +0000] "GET /tours/split-to-plitvice-lakes-day-trip HTTP/1.1" 200 4953 "-" "Mozilla/5.0 (Macintosh; Intel Mac OS X 10_14_6) AppleWebKit/605.1.15 (KHTML, like Gecko) Version/12.1.2 Safari/605.1.15"
99.238.11.74 - - [12/Aug/2019:01:50:28 +0000] "GET /css/all.css?v=6 HTTP/1.1" 200 48625 "https://www.octopustransferscroatia.com/tours/split-to-plitvice-lakes-day-trip" "Mozilla/5.0 (Macintosh; Intel Mac OS X 10_14_6) AppleWebKit/605.1.15 (KHTML, like Gecko) Version/12.1.2 Safari/605.1.15"
99.238.11.74 - - [12/Aug/2019:01:50:28 +0000] "GET /unitegallery/css/unite-gallery.css HTTP/1.1" 200 4825 "https://www.octopustransferscroatia.com/tours/split-to-plitvice-lakes-day-trip" "Mozilla/5.0 (Macintosh; Intel Mac OS X 10_14_6) AppleWebKit/605.1.15 (KHTML, like Gecko) Version/12.1.2 Safari/605.1.15"
99.238.11.74 - - [12/Aug/2019:01:50:28 +0000] "GET /images/octopus-logo.png HTTP/1.1" 200 10874 "https://www.octopustransferscroatia.com/tours/split-to-plitvice-lakes-day-trip" "Mozilla/5.0 (Macintosh; Intel Mac OS X 10_14_6) AppleWebKit/605.1.15 (KHTML, like Gecko) Version/12.1.2 Safari/605.1.15"
99.238.11.74 - - [12/Aug/2019:01:50:28 +0000] "GET /unitegallery/js/unitegallery.min.js HTTP/1.1" 200 66910 "https://www.octopustransferscroatia.com/tours/split-to-plitvice-lakes-day-trip" "Mozilla/5.0 (Macintosh; Intel Mac OS X 10_14_6) AppleWebKit/605.1.15 (KHTML, like Gecko) Version/12.1.2 Safari/605.1.15"
99.238.11.74 - - [12/Aug/2019:01:50:28 +0000] "GET /uploads/thumbnails/7b9c27f182dec4d0f525967de61b8c91.jpg HTTP/1.1" 200 118695 "https://www.octopustransferscroatia.com/tours/split-to-plitvice-lakes-day-trip" "Mozilla/5.0 (Macintosh; Intel Mac OS X 10_14_6) AppleWebKit/605.1.15 (KHTML, like Gecko) Version/12.1.2 Safari/605.1.15"
99.238.11.74 - - [12/Aug/2019:01:50:28 +0000] "GET /unitegallery/themes/compact/ug-theme-compact.js HTTP/1.1" 200 2477 "https://www.octopustransferscroatia.com/tours/split-to-plitvice-lakes-day-trip" "Mozilla/5.0 (Macintosh; Intel Mac OS X 10_14_6) AppleWebKit/605.1.15 (KHTML, like Gecko) Version/12.1.2 Safari/605.1.15"
99.238.11.74 - - [12/Aug/2019:01:50:28 +0000] "GET /js/all.js?v=20 HTTP/1.1" 200 220450 "https://www.octopustransferscroatia.com/tours/split-to-plitvice-lakes-day-trip" "Mozilla/5.0 (Macintosh; Intel Mac OS X 10_14_6) AppleWebKit/605.1.15 (KHTML, like Gecko) Version/12.1.2 Safari/605.1.15"
99.238.11.74 - - [12/Aug/2019:01:50:29 +0000] "GET /unitegallery/images/loader-white1.gif HTTP/1.1" 200 2545 "https://www.octopustransferscroatia.com/tours/split-to-plitvice-lakes-day-trip" "Mozilla/5.0 (Macintosh; Intel Mac OS X 10_14_6) AppleWebKit/605.1.15 (KHTML, like Gecko) Version/12.1.2 Safari/605.1.15"
99.238.11.74 - - [12/Aug/2019:01:50:29 +0000] "GET /unitegallery/skins/default/grid_handle_black_top.png HTTP/1.1" 200 942 "https://www.octopustransferscroatia.com/tours/split-to-plitvice-lakes-day-trip" "Mozilla/5.0 (Macintosh; Intel Mac OS X 10_14_6) AppleWebKit/605.1.15 (KHTML, like Gecko) Version/12.1.2 Safari/605.1.15"
99.238.11.74 - - [12/Aug/2019:01:50:29 +0000] "GET /unitegallery/images/loader.gif HTTP/1.1" 200 673 "https://www.octopustransferscroatia.com/tours/split-to-plitvice-lakes-day-trip" "Mozilla/5.0 (Macintosh; Intel Mac OS X 10_14_6) AppleWebKit/605.1.15 (KHTML, like Gecko) Version/12.1.2 Safari/605.1.15"
99.238.11.74 - - [12/Aug/2019:01:50:29 +0000] "GET /unitegallery/skins/default/slider_arrow_left.png HTTP/1.1" 200 470 "https://www.octopustransferscroatia.com/tours/split-to-plitvice-lakes-day-trip" "Mozilla/5.0 (Macintosh; Intel Mac OS X 10_14_6) AppleWebKit/605.1.15 (KHTML, like Gecko) Version/12.1.2 Safari/605.1.15"
99.238.11.74 - - [12/Aug/2019:01:50:29 +0000] "GET /unitegallery/skins/default/slider_arrow_right.png HTTP/1.1" 200 493 "https://www.octopustransferscroatia.com/tours/split-to-plitvice-lakes-day-trip" "Mozilla/5.0 (Macintosh; Intel Mac OS X 10_14_6) AppleWebKit/605.1.15 (KHTML, like Gecko) Version/12.1.2 Safari/605.1.15"
99.238.11.74 - - [12/Aug/2019:01:50:29 +0000] "GET /unitegallery/images/button-close.png HTTP/1.1" 200 7155 "https://www.octopustransferscroatia.com/tours/split-to-plitvice-lakes-day-trip" "Mozilla/5.0 (Macintosh; Intel Mac OS X 10_14_6) AppleWebKit/605.1.15 (KHTML, like Gecko) Version/12.1.2 Safari/605.1.15"
99.238.11.74 - - [12/Aug/2019:01:50:29 +0000] "GET /unitegallery/images/loader-black1.gif HTTP/1.1" 200 5855 "https://www.octopustransferscroatia.com/tours/split-to-plitvice-lakes-day-trip" "Mozilla/5.0 (Macintosh; Intel Mac OS X 10_14_6) AppleWebKit/605.1.15 (KHTML, like Gecko) Version/12.1.2 Safari/605.1.15"
99.238.11.74 - - [12/Aug/2019:01:50:29 +0000] "GET /unitegallery/skins/default/button_fullscreen.png HTTP/1.1" 200 1050 "https://www.octopustransferscroatia.com/tours/split-to-plitvice-lakes-day-trip" "Mozilla/5.0 (Macintosh; Intel Mac OS X 10_14_6) AppleWebKit/605.1.15 (KHTML, like Gecko) Version/12.1.2 Safari/605.1.15"
99.238.11.74 - - [12/Aug/2019:01:50:29 +0000] "GET /unitegallery/images/play-button-square.png HTTP/1.1" 200 4591 "https://www.octopustransferscroatia.com/tours/split-to-plitvice-lakes-day-trip" "Mozilla/5.0 (Macintosh; Intel Mac OS X 10_14_6) AppleWebKit/605.1.15 (KHTML, like Gecko) Version/12.1.2 Safari/605.1.15"
99.238.11.74 - - [12/Aug/2019:01:50:29 +0000] "GET /uploads/images/7b9c27f182dec4d0f525967de61b8c91.jpg HTTP/1.1" 200 402541 "https://www.octopustransferscroatia.com/tours/split-to-plitvice-lakes-day-trip" "Mozilla/5.0 (Macintosh; Intel Mac OS X 10_14_6) AppleWebKit/605.1.15 (KHTML, like Gecko) Version/12.1.2 Safari/605.1.15"
99.238.11.74 - - [12/Aug/2019:01:50:29 +0000] "GET /fonts/fonts/themeenergy.woff2 HTTP/1.1" 200 357352 "https://www.octopustransferscroatia.com/tours/split-to-plitvice-lakes-day-trip" "Mozilla/5.0 (Macintosh; Intel Mac OS X 10_14_6) AppleWebKit/605.1.15 (KHTML, like Gecko) Version/12.1.2 Safari/605.1.15"
99.238.11.74 - - [12/Aug/2019:01:50:32 +0000] "GET /favicon-32x32.png HTTP/1.1" 200 1372 "https://www.octopustransferscroatia.com/tours/split-to-plitvice-lakes-day-trip" "Mozilla/5.0 (Macintosh; Intel Mac OS X 10_14_6) AppleWebKit/605.1.15 (KHTML, like Gecko) Version/12.1.2 Safari/605.1.15"
99.238.11.74 - - [12/Aug/2019:01:50:32 +0000] "GET /images/favicon.ico HTTP/1.1" 200 894 "https://www.octopustransferscroatia.com/tours/split-to-plitvice-lakes-day-trip" "Mozilla/5.0 (Macintosh; Intel Mac OS X 10_14_6) AppleWebKit/605.1.15 (KHTML, like Gecko) Version/12.1.2 Safari/605.1.15"
99.238.11.74 - - [12/Aug/2019:01:50:32 +0000] "GET /favicon-16x16.png HTTP/1.1" 200 885 "https://www.octopustransferscroatia.com/tours/split-to-plitvice-lakes-day-trip" "Mozilla/5.0 (Macintosh; Intel Mac OS X 10_14_6) AppleWebKit/605.1.15 (KHTML, like Gecko) Version/12.1.2 Safari/605.1.15"
99.238.11.74 - - [12/Aug/2019:01:50:33 +0000] "GET /safari-pinned-tab.svg HTTP/1.1" 200 1295 "https://www.octopustransferscroatia.com/safari-pinned-tab.svg" "Mozilla/5.0 (Macintosh; Intel Mac OS X 10_14_6) AppleWebKit/605.1.15 (KHTML, like Gecko)"
66.249.66.78 - - [12/Aug/2019:01:58:57 +0000] "GET /blog/rovinj-to-split-transfer HTTP/1.1" 200 4265 "-" "Mozilla/5.0 (compatible; Googlebot/2.1; +http://www.google.com/bot.html)"
66.249.66.79 - - [12/Aug/2019:02:04:05 +0000] "GET /contact HTTP/1.1" 200 3428 "-" "Mozilla/5.0 (Linux; Android 6.0.1; Nexus 5X Build/MMB29P) AppleWebKit/537.36 (KHTML, like Gecko) Chrome/41.0.2272.96 Mobile Safari/537.36 (compatible; Googlebot/2.1; +http://www.google.com/bot.html)"
66.249.66.78 - - [12/Aug/2019:02:05:33 +0000] "GET /blog HTTP/1.1" 200 4398 "-" "Mozilla/5.0 (compatible; Googlebot/2.1; +http://www.google.com/bot.html)"
66.249.66.78 - - [12/Aug/2019:02:05:55 +0000] "GET /destinations/1/zadar HTTP/1.1" 200 3584 "-" "Mozilla/5.0 (compatible; Googlebot/2.1; +http://www.google.com/bot.html)"
157.55.39.131 - - [12/Aug/2019:02:10:13 +0000] "GET /destinations/42/pag HTTP/1.1" 200 3170 "-" "Mozilla/5.0 (compatible; bingbot/2.0; +http://www.bing.com/bingbot.htm)"
66.249.66.80 - - [12/Aug/2019:02:10:41 +0000] "GET /blog/zagreb-to-plitvice-lakes-transfer HTTP/1.1" 200 4435 "-" "Mozilla/5.0 (compatible; Googlebot/2.1; +http://www.google.com/bot.html)"
46.229.168.163 - - [12/Aug/2019:02:22:34 +0000] "GET /robots.txt HTTP/1.1" 301 258 "-" "Mozilla/5.0 (compatible; SemrushBot/3~bl; +http://www.semrush.com/bot.html)"
46.229.168.134 - - [12/Aug/2019:02:22:35 +0000] "GET /robots.txt HTTP/1.1" 200 24 "-" "Mozilla/5.0 (compatible; SemrushBot/3~bl; +http://www.semrush.com/bot.html)"
46.229.168.133 - - [12/Aug/2019:02:22:35 +0000] "GET / HTTP/1.1" 301 248 "-" "Mozilla/5.0 (compatible; SemrushBot/3~bl; +http://www.semrush.com/bot.html)"
46.229.168.142 - - [12/Aug/2019:02:22:36 +0000] "GET /robots.txt HTTP/1.1" 200 24 "-" "Mozilla/5.0 (compatible; SemrushBot/3~bl; +http://www.semrush.com/bot.html)"
46.229.168.148 - - [12/Aug/2019:02:22:37 +0000] "GET / HTTP/1.1" 200 5418 "-" "Mozilla/5.0 (compatible; SemrushBot/3~bl; +http://www.semrush.com/bot.html)"
77.75.76.162 - - [12/Aug/2019:02:24:01 +0000] "GET /robots.txt HTTP/1.1" 200 24 "-" "Mozilla/5.0 (compatible; SeznamBot/3.2; +http://napoveda.seznam.cz/en/seznambot-intro/)"
77.75.76.162 - - [12/Aug/2019:02:24:02 +0000] "GET /uploads/images/40afcdc7cf199432b63ab37de8149ee0.jpg HTTP/1.1" 304 - "-" "Mozilla/5.0 (compatible; SeznamBot/3.2; +http://napoveda.seznam.cz/en/seznambot-intro/)"
157.55.39.242 - - [12/Aug/2019:02:24:02 +0000] "GET /destinations/plitvice-lakes/ HTTP/1.1" 301 274 "-" "Mozilla/5.0 (compatible; bingbot/2.0; +http://www.bing.com/bingbot.htm)"
77.75.76.162 - - [12/Aug/2019:02:24:02 +0000] "GET /destinations/6/novalja HTTP/1.1" 200 3341 "-" "Mozilla/5.0 (compatible; SeznamBot/3.2; +http://napoveda.seznam.cz/en/seznambot-intro/)"
66.249.66.80 - - [12/Aug/2019:02:33:48 +0000] "GET /privacy-policy HTTP/1.1" 200 15200 "-" "Mozilla/5.0 (Linux; Android 6.0.1; Nexus 5X Build/MMB29P) AppleWebKit/537.36 (KHTML, like Gecko) Chrome/41.0.2272.96 Mobile Safari/537.36 (compatible; Googlebot/2.1; +http://www.google.com/bot.html)"
201.103.58.147 - - [12/Aug/2019:02:35:11 +0000] "GET /uploads/images/863ea2f25beada3767063270b100aafc.jpg HTTP/1.1" 200 200705 "https://www.google.com/" "Mozilla/5.0 (Macintosh; Intel Mac OS X 10_14_5) AppleWebKit/537.36 (KHTML, like Gecko) Chrome/75.0.3770.100 Safari/537.36"
46.229.168.152 - - [12/Aug/2019:02:37:44 +0000] "GET /blog?page=1 HTTP/1.1" 200 4398 "-" "Mozilla/5.0 (compatible; SemrushBot/3~bl; +http://www.semrush.com/bot.html)"
108.53.119.21 - - [12/Aug/2019:02:41:29 +0000] "GET / HTTP/1.1" 200 5418 "https://www.google.com/" "Mozilla/5.0 (Windows NT 10.0; Win64; x64) AppleWebKit/537.36 (KHTML, like Gecko) Chrome/76.0.3809.100 Safari/537.36"
108.53.119.21 - - [12/Aug/2019:02:41:31 +0000] "GET /css/images/ui-bg_flat_75_ffffff_40x100.png HTTP/1.1" 200 178 "https://www.octopustransferscroatia.com/css/all.css?v=6" "Mozilla/5.0 (Windows NT 10.0; Win64; x64) AppleWebKit/537.36 (KHTML, like Gecko) Chrome/76.0.3809.100 Safari/537.36"
108.53.119.21 - - [12/Aug/2019:02:41:31 +0000] "GET /fonts/fonts/themeenergy.woff2 HTTP/1.1" 200 357352 "https://www.octopustransferscroatia.com/css/all.css?v=6" "Mozilla/5.0 (Windows NT 10.0; Win64; x64) AppleWebKit/537.36 (KHTML, like Gecko) Chrome/76.0.3809.100 Safari/537.36"
108.53.119.21 - - [12/Aug/2019:02:41:31 +0000] "GET /images/backgrounds/krka.jpg HTTP/1.1" 200 279601 "https://www.octopustransferscroatia.com/css/all.css?v=6" "Mozilla/5.0 (Windows NT 10.0; Win64; x64) AppleWebKit/537.36 (KHTML, like Gecko) Chrome/76.0.3809.100 Safari/537.36"
108.53.119.21 - - [12/Aug/2019:02:41:31 +0000] "GET /images/bus.png HTTP/1.1" 200 111224 "https://www.octopustransferscroatia.com/" "Mozilla/5.0 (Windows NT 10.0; Win64; x64) AppleWebKit/537.36 (KHTML, like Gecko) Chrome/76.0.3809.100 Safari/537.36"
108.53.119.21 - - [12/Aug/2019:02:41:31 +0000] "GET /images/minibus.png HTTP/1.1" 200 66935 "https://www.octopustransferscroatia.com/" "Mozilla/5.0 (Windows NT 10.0; Win64; x64) AppleWebKit/537.36 (KHTML, like Gecko) Chrome/76.0.3809.100 Safari/537.36"
108.53.119.21 - - [12/Aug/2019:02:41:31 +0000] "GET /images/backgrounds/plitvice.jpg HTTP/1.1" 200 376840 "https://www.octopustransferscroatia.com/css/all.css?v=6" "Mozilla/5.0 (Windows NT 10.0; Win64; x64) AppleWebKit/537.36 (KHTML, like Gecko) Chrome/76.0.3809.100 Safari/537.36"
108.53.119.21 - - [12/Aug/2019:02:41:31 +0000] "GET /images/backgrounds/split.jpg HTTP/1.1" 200 209419 "https://www.octopustransferscroatia.com/css/all.css?v=6" "Mozilla/5.0 (Windows NT 10.0; Win64; x64) AppleWebKit/537.36 (KHTML, like Gecko) Chrome/76.0.3809.100 Safari/537.36"
108.53.119.21 - - [12/Aug/2019:02:41:32 +0000] "GET /images/minivan.png HTTP/1.1" 200 91295 "https://www.octopustransferscroatia.com/" "Mozilla/5.0 (Windows NT 10.0; Win64; x64) AppleWebKit/537.36 (KHTML, like Gecko) Chrome/76.0.3809.100 Safari/537.36"
108.53.119.21 - - [12/Aug/2019:02:41:32 +0000] "GET /images/standard.png HTTP/1.1" 200 65207 "https://www.octopustransferscroatia.com/" "Mozilla/5.0 (Windows NT 10.0; Win64; x64) AppleWebKit/537.36 (KHTML, like Gecko) Chrome/76.0.3809.100 Safari/537.36"
108.53.119.21 - - [12/Aug/2019:02:41:36 +0000] "POST /startlocation HTTP/1.1" 200 65 "https://www.octopustransferscroatia.com/" "Mozilla/5.0 (Windows NT 10.0; Win64; x64) AppleWebKit/537.36 (KHTML, like Gecko) Chrome/76.0.3809.100 Safari/537.36"
108.53.119.21 - - [12/Aug/2019:02:41:39 +0000] "HEAD / HTTP/1.1" 301 - "-" "Mozilla/5.0 (X11; Linux x86_64; rv:10.0) Gecko/20150101 Firefox/47.0 (Chrome)"
108.53.119.21 - - [12/Aug/2019:02:41:39 +0000] "GET / HTTP/1.1" 200 5418 "-" "Mozilla/5.0 (X11; Linux x86_64; rv:10.0) Gecko/20150101 Firefox/47.0 (Chrome)"
108.53.119.21 - - [12/Aug/2019:02:41:40 +0000] "HEAD / HTTP/1.1" 200 - "-" "Mozilla/5.0 (X11; Linux x86_64; rv:10.0) Gecko/20150101 Firefox/47.0 (Chrome)"
108.53.119.21 - - [12/Aug/2019:02:41:40 +0000] "POST /endlocation HTTP/1.1" 200 2 "https://www.octopustransferscroatia.com/" "Mozilla/5.0 (Windows NT 10.0; Win64; x64) AppleWebKit/537.36 (KHTML, like Gecko) Chrome/76.0.3809.100 Safari/537.36"
108.53.119.21 - - [12/Aug/2019:02:41:40 +0000] "GET / HTTP/1.1" 200 18513 "-" "Mozilla/5.0 (X11; Linux x86_64; rv:10.0) Gecko/20150101 Firefox/47.0 (Chrome)"
108.53.119.21 - - [12/Aug/2019:02:41:40 +0000] "POST /endlocation HTTP/1.1" 200 105 "https://www.octopustransferscroatia.com/" "Mozilla/5.0 (Windows NT 10.0; Win64; x64) AppleWebKit/537.36 (KHTML, like Gecko) Chrome/76.0.3809.100 Safari/537.36"
108.53.119.21 - - [12/Aug/2019:02:41:41 +0000] "GET /css/images/ui-icons_777777_256x240.png HTTP/1.1" 200 6999 "https://www.octopustransferscroatia.com/css/all.css?v=6" "Mozilla/5.0 (Windows NT 10.0; Win64; x64) AppleWebKit/537.36 (KHTML, like Gecko) Chrome/76.0.3809.100 Safari/537.36"
108.53.119.21 - - [12/Aug/2019:02:41:41 +0000] "GET /css/images/ui-bg_flat_100_f5f5f5_40x100.png HTTP/1.1" 404 1104 "https://www.octopustransferscroatia.com/css/all.css?v=6" "Mozilla/5.0 (Windows NT 10.0; Win64; x64) AppleWebKit/537.36 (KHTML, like Gecko) Chrome/76.0.3809.100 Safari/537.36"
108.53.119.21 - - [12/Aug/2019:02:41:54 +0000] "GET /search?start_location=Zadar&end_location=split&date=25.08.2019.&people=4&type=oneway HTTP/1.1" 200 5284 "https://www.octopustransferscroatia.com/" "Mozilla/5.0 (Windows NT 10.0; Win64; x64) AppleWebKit/537.36 (KHTML, like Gecko) Chrome/76.0.3809.100 Safari/537.36"
108.53.119.21 - - [12/Aug/2019:02:41:54 +0000] "GET /uploads/thumbnails/1cf0bbb292957a5a23d102741ffbef78.png HTTP/1.1" 200 294202 "https://www.octopustransferscroatia.com/search?start_location=Zadar&end_location=split&date=25.08.2019.&people=4&type=oneway" "Mozilla/5.0 (Windows NT 10.0; Win64; x64) AppleWebKit/537.36 (KHTML, like Gecko) Chrome/76.0.3809.100 Safari/537.36"
108.53.119.21 - - [12/Aug/2019:02:41:54 +0000] "GET /uploads/thumbnails/20fbc54c89d0ca6241588eb78dcde987.png HTTP/1.1" 200 393295 "https://www.octopustransferscroatia.com/search?start_location=Zadar&end_location=split&date=25.08.2019.&people=4&type=oneway" "Mozilla/5.0 (Windows NT 10.0; Win64; x64) AppleWebKit/537.36 (KHTML, like Gecko) Chrome/76.0.3809.100 Safari/537.36"
108.53.119.21 - - [12/Aug/2019:02:41:54 +0000] "GET /uploads/thumbnails/1e9de2c4f0bdf1208ef92bd5d8956580.png HTTP/1.1" 200 462885 "https://www.octopustransferscroatia.com/search?start_location=Zadar&end_location=split&date=25.08.2019.&people=4&type=oneway" "Mozilla/5.0 (Windows NT 10.0; Win64; x64) AppleWebKit/537.36 (KHTML, like Gecko) Chrome/76.0.3809.100 Safari/537.36"
108.53.119.21 - - [12/Aug/2019:02:41:57 +0000] "HEAD /search?start_location=Zadar&end_location=split&date=25.08.2019.&people=4&type=oneway HTTP/1.1" 301 - "-" "Mozilla/5.0 (X11; Linux x86_64; rv:10.0) Gecko/20150101 Firefox/47.0 (Chrome)"
108.53.119.21 - - [12/Aug/2019:02:41:57 +0000] "GET /search?start_location=Zadar&end_location=split&date=25.08.2019.&people=4&type=oneway HTTP/1.1" 200 5285 "-" "Mozilla/5.0 (X11; Linux x86_64; rv:10.0) Gecko/20150101 Firefox/47.0 (Chrome)"
108.53.119.21 - - [12/Aug/2019:02:41:58 +0000] "HEAD /search?start_location=Zadar&end_location=split&date=25.08.2019.&people=4&type=oneway HTTP/1.1" 200 - "-" "Mozilla/5.0 (X11; Linux x86_64; rv:10.0) Gecko/20150101 Firefox/47.0 (Chrome)"
108.53.119.21 - - [12/Aug/2019:02:41:58 +0000] "GET /search?start_location=Zadar&end_location=split&date=25.08.2019.&people=4&type=oneway HTTP/1.1" 200 19324 "-" "Mozilla/5.0 (X11; Linux x86_64; rv:10.0) Gecko/20150101 Firefox/47.0 (Chrome)"
108.53.119.21 - - [12/Aug/2019:02:42:05 +0000] "POST /reservation HTTP/1.1" 200 5344 "https://www.octopustransferscroatia.com/search?start_location=Zadar&end_location=split&date=25.08.2019.&people=4&type=oneway" "Mozilla/5.0 (Windows NT 10.0; Win64; x64) AppleWebKit/537.36 (KHTML, like Gecko) Chrome/76.0.3809.100 Safari/537.36"
108.53.119.21 - - [12/Aug/2019:02:42:06 +0000] "GET /vendor/tel-input/css/intlTelInput.css HTTP/1.1" 200 3645 "https://www.octopustransferscroatia.com/reservation" "Mozilla/5.0 (Windows NT 10.0; Win64; x64) AppleWebKit/537.36 (KHTML, like Gecko) Chrome/76.0.3809.100 Safari/537.36"
108.53.119.21 - - [12/Aug/2019:02:42:06 +0000] "GET /vendor/tel-input/js/intlTelInput.js?v=2 HTTP/1.1" 200 19119 "https://www.octopustransferscroatia.com/reservation" "Mozilla/5.0 (Windows NT 10.0; Win64; x64) AppleWebKit/537.36 (KHTML, like Gecko) Chrome/76.0.3809.100 Safari/537.36"
108.53.119.21 - - [12/Aug/2019:02:42:06 +0000] "GET /vendor/tel-input/img/flags.png HTTP/1.1" 200 65960 "https://www.octopustransferscroatia.com/reservation" "Mozilla/5.0 (Windows NT 10.0; Win64; x64) AppleWebKit/537.36 (KHTML, like Gecko) Chrome/76.0.3809.100 Safari/537.36"
108.53.119.21 - - [12/Aug/2019:02:42:06 +0000] "GET /vendor/tel-input/js/utils.js HTTP/1.1" 200 51269 "https://www.octopustransferscroatia.com/reservation" "Mozilla/5.0 (Windows NT 10.0; Win64; x64) AppleWebKit/537.36 (KHTML, like Gecko) Chrome/76.0.3809.100 Safari/537.36"
108.53.119.21 - - [12/Aug/2019:02:42:08 +0000] "HEAD /reservation HTTP/1.1" 301 - "-" "Mozilla/5.0 (X11; Linux x86_64; rv:10.0) Gecko/20150101 Firefox/47.0 (Chrome)"
108.53.119.21 - - [12/Aug/2019:02:42:09 +0000] "GET /reservation HTTP/1.1" 405 4485 "-" "Mozilla/5.0 (X11; Linux x86_64; rv:10.0) Gecko/20150101 Firefox/47.0 (Chrome)"
108.53.119.21 - - [12/Aug/2019:02:42:09 +0000] "GET /reservation HTTP/1.1" 301 259 "-" "Mozilla/5.0 (X11; Linux x86_64; rv:10.0) Gecko/20150101 Firefox/47.0 (Chrome)"
108.53.119.21 - - [12/Aug/2019:02:42:09 +0000] "GET /reservation HTTP/1.1" 405 4485 "-" "Mozilla/5.0 (X11; Linux x86_64; rv:10.0) Gecko/20150101 Firefox/47.0 (Chrome)"
108.53.119.21 - - [12/Aug/2019:02:43:49 +0000] "GET /css/images/ui-bg_flat_100_f5f5f5_40x100.png HTTP/1.1" 404 1104 "https://www.octopustransferscroatia.com/css/all.css?v=6" "Mozilla/5.0 (Windows NT 10.0; Win64; x64) AppleWebKit/537.36 (KHTML, like Gecko) Chrome/76.0.3809.100 Safari/537.36"
108.53.119.21 - - [12/Aug/2019:02:43:49 +0000] "GET /css/images/ui-icons_888888_256x240.png HTTP/1.1" 404 1104 "https://www.octopustransferscroatia.com/css/all.css?v=6" "Mozilla/5.0 (Windows NT 10.0; Win64; x64) AppleWebKit/537.36 (KHTML, like Gecko) Chrome/76.0.3809.100 Safari/537.36"
108.53.119.21 - - [12/Aug/2019:02:43:52 +0000] "GET /css/images/ui-icons_ffffff_256x240.png HTTP/1.1" 200 6299 "https://www.octopustransferscroatia.com/css/all.css?v=6" "Mozilla/5.0 (Windows NT 10.0; Win64; x64) AppleWebKit/537.36 (KHTML, like Gecko) Chrome/76.0.3809.100 Safari/537.36"
108.53.119.21 - - [12/Aug/2019:02:43:53 +0000] "GET /css/images/ui-icons_fff_256x240.png HTTP/1.1" 200 6299 "https://www.octopustransferscroatia.com/css/all.css?v=6" "Mozilla/5.0 (Windows NT 10.0; Win64; x64) AppleWebKit/537.36 (KHTML, like Gecko) Chrome/76.0.3809.100 Safari/537.36"
40.77.167.117 - - [12/Aug/2019:02:44:23 +0000] "GET /uploads/images/87adc80239fe48179798be97cc5bbde4.jpg HTTP/1.1" 200 326671 "-" "Mozilla/5.0 (compatible; bingbot/2.0; +http://www.bing.com/bingbot.htm)"
76.22.236.150 - - [12/Aug/2019:02:45:49 +0000] "GET / HTTP/1.1" 200 5418 "https://www.google.com/" "Mozilla/5.0 (Windows NT 6.1; Win64; x64) AppleWebKit/537.36 (KHTML, like Gecko) Chrome/76.0.3809.100 Safari/537.36"
76.22.236.150 - - [12/Aug/2019:02:45:49 +0000] "GET /css/flexslider.css HTTP/1.1" 200 1097 "https://www.octopustransferscroatia.com/" "Mozilla/5.0 (Windows NT 6.1; Win64; x64) AppleWebKit/537.36 (KHTML, like Gecko) Chrome/76.0.3809.100 Safari/537.36"
76.22.236.150 - - [12/Aug/2019:02:45:49 +0000] "GET /css/all.css?v=6 HTTP/1.1" 200 48625 "https://www.octopustransferscroatia.com/" "Mozilla/5.0 (Windows NT 6.1; Win64; x64) AppleWebKit/537.36 (KHTML, like Gecko) Chrome/76.0.3809.100 Safari/537.36"
76.22.236.150 - - [12/Aug/2019:02:45:49 +0000] "GET /images/octopus-logo.png HTTP/1.1" 200 10874 "https://www.octopustransferscroatia.com/" "Mozilla/5.0 (Windows NT 6.1; Win64; x64) AppleWebKit/537.36 (KHTML, like Gecko) Chrome/76.0.3809.100 Safari/537.36"
