46.229.168.129 - - [12/Aug/2019:12:34:07 +0000] "GET /robots.txt HTTP/1.1" 200 24 "-" "Mozilla/5.0 (compatible; SemrushBot/3~bl; +http://www.semrush.com/bot.html)"
46.229.168.138 - - [12/Aug/2019:12:34:08 +0000] "GET /blog/how-to-get-from-zagreb-airport-to-zagreb-zagreb-to-zagreb-airport HTTP/1.1" 200 4880 "-" "Mozilla/5.0 (compatible; SemrushBot/3~bl; +http://www.semrush.com/bot.html)"
118.210.87.140 - - [12/Aug/2019:12:36:10 +0000] "GET /blog/how-to-get-from-split-to-mostar HTTP/1.1" 200 5525 "https://www.google.com.au/" "Mozilla/5.0 (iPad; CPU OS 12_0_1 like Mac OS X) AppleWebKit/605.1.15 (KHTML, like Gecko) Version/12.0 Mobile/15E148 Safari/604.1"
118.210.87.140 - - [12/Aug/2019:12:36:10 +0000] "GET /css/all.css?v=6 HTTP/1.1" 200 48625 "https://www.octopustransferscroatia.com/blog/how-to-get-from-split-to-mostar" "Mozilla/5.0 (iPad; CPU OS 12_0_1 like Mac OS X) AppleWebKit/605.1.15 (KHTML, like Gecko) Version/12.0 Mobile/15E148 Safari/604.1"
118.210.87.140 - - [12/Aug/2019:12:36:11 +0000] "GET /unitegallery/css/unite-gallery.css HTTP/1.1" 200 4825 "https://www.octopustransferscroatia.com/blog/how-to-get-from-split-to-mostar" "Mozilla/5.0 (iPad; CPU OS 12_0_1 like Mac OS X) AppleWebKit/605.1.15 (KHTML, like Gecko) Version/12.0 Mobile/15E148 Safari/604.1"
118.210.87.140 - - [12/Aug/2019:12:36:11 +0000] "GET /images/octopus-logo.png HTTP/1.1" 200 10874 "https://www.octopustransferscroatia.com/blog/how-to-get-from-split-to-mostar" "Mozilla/5.0 (iPad; CPU OS 12_0_1 like Mac OS X) AppleWebKit/605.1.15 (KHTML, like Gecko) Version/12.0 Mobile/15E148 Safari/604.1"
118.210.87.140 - - [12/Aug/2019:12:36:11 +0000] "GET /js/all.js?v=20 HTTP/1.1" 200 220450 "https://www.octopustransferscroatia.com/blog/how-to-get-from-split-to-mostar" "Mozilla/5.0 (iPad; CPU OS 12_0_1 like Mac OS X) AppleWebKit/605.1.15 (KHTML, like Gecko) Version/12.0 Mobile/15E148 Safari/604.1"
118.210.87.140 - - [12/Aug/2019:12:36:11 +0000] "GET /uploads/thumbnails/6021c7d60b778ca517a7ff8171e415c5.jpg HTTP/1.1" 200 78280 "https://www.octopustransferscroatia.com/blog/how-to-get-from-split-to-mostar" "Mozilla/5.0 (iPad; CPU OS 12_0_1 like Mac OS X) AppleWebKit/605.1.15 (KHTML, like Gecko) Version/12.0 Mobile/15E148 Safari/604.1"
118.210.87.140 - - [12/Aug/2019:12:36:12 +0000] "GET /unitegallery/js/jquery-11.0.min.js HTTP/1.1" 200 33369 "https://www.octopustransferscroatia.com/blog/how-to-get-from-split-to-mostar" "Mozilla/5.0 (iPad; CPU OS 12_0_1 like Mac OS X) AppleWebKit/605.1.15 (KHTML, like Gecko) Version/12.0 Mobile/15E148 Safari/604.1"
118.210.87.140 - - [12/Aug/2019:12:36:12 +0000] "GET /unitegallery/js/unitegallery.min.js HTTP/1.1" 200 66910 "https://www.octopustransferscroatia.com/blog/how-to-get-from-split-to-mostar" "Mozilla/5.0 (iPad; CPU OS 12_0_1 like Mac OS X) AppleWebKit/605.1.15 (KHTML, like Gecko) Version/12.0 Mobile/15E148 Safari/604.1"
118.210.87.140 - - [12/Aug/2019:12:36:12 +0000] "GET /unitegallery/themes/compact/ug-theme-compact.js HTTP/1.1" 200 2477 "https://www.octopustransferscroatia.com/blog/how-to-get-from-split-to-mostar" "Mozilla/5.0 (iPad; CPU OS 12_0_1 like Mac OS X) AppleWebKit/605.1.15 (KHTML, like Gecko) Version/12.0 Mobile/15E148 Safari/604.1"
118.210.87.140 - - [12/Aug/2019:12:36:13 +0000] "GET /unitegallery/skins/default/grid_handle_black_top.png HTTP/1.1" 200 942 "https://www.octopustransferscroatia.com/blog/how-to-get-from-split-to-mostar" "Mozilla/5.0 (iPad; CPU OS 12_0_1 like Mac OS X) AppleWebKit/605.1.15 (KHTML, like Gecko) Version/12.0 Mobile/15E148 Safari/604.1"
118.210.87.140 - - [12/Aug/2019:12:36:13 +0000] "GET /unitegallery/images/loader.gif HTTP/1.1" 200 673 "https://www.octopustransferscroatia.com/blog/how-to-get-from-split-to-mostar" "Mozilla/5.0 (iPad; CPU OS 12_0_1 like Mac OS X) AppleWebKit/605.1.15 (KHTML, like Gecko) Version/12.0 Mobile/15E148 Safari/604.1"
118.210.87.140 - - [12/Aug/2019:12:36:13 +0000] "GET /unitegallery/images/loader-white1.gif HTTP/1.1" 200 2545 "https://www.octopustransferscroatia.com/blog/how-to-get-from-split-to-mostar" "Mozilla/5.0 (iPad; CPU OS 12_0_1 like Mac OS X) AppleWebKit/605.1.15 (KHTML, like Gecko) Version/12.0 Mobile/15E148 Safari/604.1"
118.210.87.140 - - [12/Aug/2019:12:36:12 +0000] "GET /fonts/fonts/themeenergy.woff2 HTTP/1.1" 200 357352 "https://www.octopustransferscroatia.com/blog/how-to-get-from-split-to-mostar" "Mozilla/5.0 (iPad; CPU OS 12_0_1 like Mac OS X) AppleWebKit/605.1.15 (KHTML, like Gecko) Version/12.0 Mobile/15E148 Safari/604.1"
118.210.87.140 - - [12/Aug/2019:12:36:13 +0000] "GET /unitegallery/skins/default/slider_arrow_left.png HTTP/1.1" 200 470 "https://www.octopustransferscroatia.com/blog/how-to-get-from-split-to-mostar" "Mozilla/5.0 (iPad; CPU OS 12_0_1 like Mac OS X) AppleWebKit/605.1.15 (KHTML, like Gecko) Version/12.0 Mobile/15E148 Safari/604.1"
118.210.87.140 - - [12/Aug/2019:12:36:13 +0000] "GET /unitegallery/skins/default/slider_arrow_right.png HTTP/1.1" 200 493 "https://www.octopustransferscroatia.com/blog/how-to-get-from-split-to-mostar" "Mozilla/5.0 (iPad; CPU OS 12_0_1 like Mac OS X) AppleWebKit/605.1.15 (KHTML, like Gecko) Version/12.0 Mobile/15E148 Safari/604.1"
118.210.87.140 - - [12/Aug/2019:12:36:13 +0000] "GET /unitegallery/skins/default/button_fullscreen.png HTTP/1.1" 200 1050 "https://www.octopustransferscroatia.com/blog/how-to-get-from-split-to-mostar" "Mozilla/5.0 (iPad; CPU OS 12_0_1 like Mac OS X) AppleWebKit/605.1.15 (KHTML, like Gecko) Version/12.0 Mobile/15E148 Safari/604.1"
118.210.87.140 - - [12/Aug/2019:12:36:13 +0000] "GET /unitegallery/images/loader-black1.gif HTTP/1.1" 200 5855 "https://www.octopustransferscroatia.com/blog/how-to-get-from-split-to-mostar" "Mozilla/5.0 (iPad; CPU OS 12_0_1 like Mac OS X) AppleWebKit/605.1.15 (KHTML, like Gecko) Version/12.0 Mobile/15E148 Safari/604.1"
118.210.87.140 - - [12/Aug/2019:12:36:13 +0000] "GET /unitegallery/images/play-button-square.png HTTP/1.1" 200 4591 "https://www.octopustransferscroatia.com/blog/how-to-get-from-split-to-mostar" "Mozilla/5.0 (iPad; CPU OS 12_0_1 like Mac OS X) AppleWebKit/605.1.15 (KHTML, like Gecko) Version/12.0 Mobile/15E148 Safari/604.1"
118.210.87.140 - - [12/Aug/2019:12:36:13 +0000] "GET /unitegallery/images/button-close.png HTTP/1.1" 200 7155 "https://www.octopustransferscroatia.com/blog/how-to-get-from-split-to-mostar" "Mozilla/5.0 (iPad; CPU OS 12_0_1 like Mac OS X) AppleWebKit/605.1.15 (KHTML, like Gecko) Version/12.0 Mobile/15E148 Safari/604.1"
118.210.87.140 - - [12/Aug/2019:12:36:14 +0000] "GET /uploads/images/6021c7d60b778ca517a7ff8171e415c5.jpg HTTP/1.1" 200 244087 "https://www.octopustransferscroatia.com/blog/how-to-get-from-split-to-mostar" "Mozilla/5.0 (iPad; CPU OS 12_0_1 like Mac OS X) AppleWebKit/605.1.15 (KHTML, like Gecko) Version/12.0 Mobile/15E148 Safari/604.1"
118.210.87.140 - - [12/Aug/2019:12:36:18 +0000] "GET /favicon-32x32.png HTTP/1.1" 200 1372 "https://www.octopustransferscroatia.com/blog/how-to-get-from-split-to-mostar" "Mozilla/5.0 (iPad; CPU OS 12_0_1 like Mac OS X) AppleWebKit/605.1.15 (KHTML, like Gecko) Version/12.0 Mobile/15E148 Safari/604.1"
118.210.87.140 - - [12/Aug/2019:12:36:19 +0000] "GET /favicon-16x16.png HTTP/1.1" 200 885 "https://www.octopustransferscroatia.com/blog/how-to-get-from-split-to-mostar" "Mozilla/5.0 (iPad; CPU OS 12_0_1 like Mac OS X) AppleWebKit/605.1.15 (KHTML, like Gecko) Version/12.0 Mobile/15E148 Safari/604.1"
118.210.87.140 - - [12/Aug/2019:12:36:19 +0000] "GET /images/favicon.ico HTTP/1.1" 200 894 "https://www.octopustransferscroatia.com/blog/how-to-get-from-split-to-mostar" "Mozilla/5.0 (iPad; CPU OS 12_0_1 like Mac OS X) AppleWebKit/605.1.15 (KHTML, like Gecko) Version/12.0 Mobile/15E148 Safari/604.1"
83.186.138.16 - - [12/Aug/2019:12:41:37 +0000] "GET /admin HTTP/1.1" 302 424 "-" "Mozilla/5.0 (Linux; Android 7.0; FRD-L09) AppleWebKit/537.36 (KHTML, like Gecko) Chrome/75.0.3770.101 Mobile Safari/537.36"
83.186.138.16 - - [12/Aug/2019:12:41:37 +0000] "GET /login HTTP/1.1" 200 1193 "-" "Mozilla/5.0 (Linux; Android 7.0; FRD-L09) AppleWebKit/537.36 (KHTML, like Gecko) Chrome/75.0.3770.101 Mobile Safari/537.36"
83.186.138.16 - - [12/Aug/2019:12:41:39 +0000] "POST /login HTTP/1.1" 302 424 "https://www.octopustransferscroatia.com/login" "Mozilla/5.0 (Linux; Android 7.0; FRD-L09) AppleWebKit/537.36 (KHTML, like Gecko) Chrome/75.0.3770.101 Mobile Safari/537.36"
83.186.138.16 - - [12/Aug/2019:12:41:39 +0000] "GET /admin HTTP/1.1" 200 1594 "https://www.octopustransferscroatia.com/login" "Mozilla/5.0 (Linux; Android 7.0; FRD-L09) AppleWebKit/537.36 (KHTML, like Gecko) Chrome/75.0.3770.101 Mobile Safari/537.36"
83.186.138.16 - - [12/Aug/2019:12:41:43 +0000] "GET /admin/reservation HTTP/1.1" 200 2077 "https://www.octopustransferscroatia.com/admin" "Mozilla/5.0 (Linux; Android 7.0; FRD-L09) AppleWebKit/537.36 (KHTML, like Gecko) Chrome/75.0.3770.101 Mobile Safari/537.36"
83.186.138.16 - - [12/Aug/2019:12:41:44 +0000] "GET /admin/reservation/data?draw=1&columns%5B0%5D%5Bdata%5D=date&columns%5B0%5D%5Bname%5D=date&columns%5B0%5D%5Bsearchable%5D=true&columns%5B0%5D%5Borderable%5D=true&columns%5B0%5D%5Bsearch%5D%5Bvalue%5D=&columns%5B0%5D%5Bsearch%5D%5Bregex%5D=false&columns%5B1%5D%5Bdata%5D=pickup_time&columns%5B1%5D%5Bname%5D=pickup_time&columns%5B1%5D%5Bsearchable%5D=true&columns%5B1%5D%5Borderable%5D=true&columns%5B1%5D%5Bsearch%5D%5Bvalue%5D=&columns%5B1%5D%5Bsearch%5D%5Bregex%5D=false&columns%5B2%5D%5Bdata%5D=start_location&columns%5B2%5D%5Bname%5D=start_location&columns%5B2%5D%5Bsearchable%5D=true&columns%5B2%5D%5Borderable%5D=true&columns%5B2%5D%5Bsearch%5D%5Bvalue%5D=&columns%5B2%5D%5Bsearch%5D%5Bregex%5D=false&columns%5B3%5D%5Bdata%5D=end_location&columns%5B3%5D%5Bname%5D=end_location&columns%5B3%5D%5Bsearchable%5D=true&columns%5B3%5D%5Borderable%5D=true&columns%5B3%5D%5Bsearch%5D%5Bvalue%5D=&columns%5B3%5D%5Bsearch%5D%5Bregex%5D=false&columns%5B4%5D%5Bdata%5D=vehicle&columns%5B4%5D%5Bname%5D=vehicle&columns%5B4%5D%5Bsearchable%5D=true&columns%5B4%5D%5Borderable%5D=true&columns%5B4%5D%5Bsearch%5D%5Bvalue%5D=&columns%5B4%5D%5Bsearch%5D%5Bregex%5D=false&columns%5B5%5D%5Bdata%5D=driver&columns%5B5%5D%5Bname%5D=driver&columns%5B5%5D%5Bsearchable%5D=true&columns%5B5%5D%5Borderable%5D=true&columns%5B5%5D%5Bsearch%5D%5Bvalue%5D=&columns%5B5%5D%5Bsearch%5D%5Bregex%5D=false&columns%5B6%5D%5Bdata%5D=email&columns%5B6%5D%5Bname%5D=email&columns%5B6%5D%5Bsearchable%5D=true&columns%5B6%5D%5Borderable%5D=true&columns%5B6%5D%5Bsearch%5D%5Bvalue%5D=&columns%5B6%5D%5Bsearch%5D%5Bregex%5D=false&columns%5B7%5D%5Bdata%5D=reminder&columns%5B7%5D%5Bname%5D=&columns%5B7%5D%5Bsearchable%5D=false&columns%5B7%5D%5Borderable%5D=true&columns%5B7%5D%5Bsearch%5D%5Bvalue%5D=&columns%5B7%5D%5Bsearch%5D%5Bregex%5D=false&columns%5B8%5D%5Bdata%5D=options&columns%5B8%5D%5Bname%5D=options&columns%5B8%5D%5Bsearchable%5D=false&columns%5B8%5D%5Borderable%5D=false&columns%5B8%5D%5Bsearch%5D%5Bvalue%5D=&columns%5B8%5D%5Bsearch%5D%5Bregex%5D=false&order%5B0%5D%5Bcolumn%5D=0&order%5B0%5D%5Bdir%5D=asc&order%5B1%5D%5Bcolumn%5D=1&order%5B1%5D%5Bdir%5D=asc&start=0&length=100&search%5Bvalue%5D=&search%5Bregex%5D=false&_=1565613703359 HTTP/1.1" 200 5654 "https://www.octopustransferscroatia.com/admin/reservation" "Mozilla/5.0 (Linux; Android 7.0; FRD-L09) AppleWebKit/537.36 (KHTML, like Gecko) Chrome/75.0.3770.101 Mobile Safari/537.36"
87.250.224.91 - - [12/Aug/2019:12:45:37 +0000] "GET /robots.txt HTTP/1.1" 200 24 "-" "Mozilla/5.0 (compatible; YandexBot/3.0; +http://yandex.com/bots)"
87.250.224.91 - - [12/Aug/2019:12:45:41 +0000] "GET /favicon-32x32.png HTTP/1.1" 200 1372 "-" "Mozilla/5.0 (compatible; YandexBot/3.0; +http://yandex.com/bots)"
121.67.37.80 - - [12/Aug/2019:12:48:01 +0000] "GET /uploads/images/eb2bb12b91547aa360e32e6f48053f29.jpg HTTP/1.1" 200 316738 "https://www.google.co.kr/" "Mozilla/5.0 (Windows NT 6.1; Win64; x64) AppleWebKit/537.36 (KHTML, like Gecko) Chrome/76.0.3809.100 Safari/537.36"
37.122.186.193 - - [12/Aug/2019:12:52:27 +0000] "GET / HTTP/1.1" 301 248 "-" "Mozilla/5.0 (iPhone; CPU iPhone OS 12_4 like Mac OS X) AppleWebKit/605.1.15 (KHTML, like Gecko) Version/12.1.2 Mobile/15E148 Safari/604.1"
37.122.186.193 - - [12/Aug/2019:12:52:28 +0000] "GET / HTTP/1.1" 200 5418 "-" "Mozilla/5.0 (iPhone; CPU iPhone OS 12_4 like Mac OS X) AppleWebKit/605.1.15 (KHTML, like Gecko) Version/12.1.2 Mobile/15E148 Safari/604.1"
37.122.186.193 - - [12/Aug/2019:12:52:28 +0000] "GET /css/all.css?v=6 HTTP/1.1" 200 48625 "https://www.octopustransferscroatia.com/" "Mozilla/5.0 (iPhone; CPU iPhone OS 12_4 like Mac OS X) AppleWebKit/605.1.15 (KHTML, like Gecko) Version/12.1.2 Mobile/15E148 Safari/604.1"
37.122.186.193 - - [12/Aug/2019:12:52:28 +0000] "GET /css/flexslider.css HTTP/1.1" 200 1097 "https://www.octopustransferscroatia.com/" "Mozilla/5.0 (iPhone; CPU iPhone OS 12_4 like Mac OS X) AppleWebKit/605.1.15 (KHTML, like Gecko) Version/12.1.2 Mobile/15E148 Safari/604.1"
37.122.186.193 - - [12/Aug/2019:12:52:28 +0000] "GET /js/jquery.flexslider-min.js HTTP/1.1" 200 6427 "https://www.octopustransferscroatia.com/" "Mozilla/5.0 (iPhone; CPU iPhone OS 12_4 like Mac OS X) AppleWebKit/605.1.15 (KHTML, like Gecko) Version/12.1.2 Mobile/15E148 Safari/604.1"
37.122.186.193 - - [12/Aug/2019:12:52:28 +0000] "GET /images/octopus-logo.png HTTP/1.1" 200 10874 "https://www.octopustransferscroatia.com/" "Mozilla/5.0 (iPhone; CPU iPhone OS 12_4 like Mac OS X) AppleWebKit/605.1.15 (KHTML, like Gecko) Version/12.1.2 Mobile/15E148 Safari/604.1"
37.122.186.193 - - [12/Aug/2019:12:52:28 +0000] "GET /js/all.js?v=20 HTTP/1.1" 200 220450 "https://www.octopustransferscroatia.com/" "Mozilla/5.0 (iPhone; CPU iPhone OS 12_4 like Mac OS X) AppleWebKit/605.1.15 (KHTML, like Gecko) Version/12.1.2 Mobile/15E148 Safari/604.1"
37.122.186.193 - - [12/Aug/2019:12:52:29 +0000] "GET /fonts/fonts/themeenergy.woff2 HTTP/1.1" 200 357352 "https://www.octopustransferscroatia.com/" "Mozilla/5.0 (iPhone; CPU iPhone OS 12_4 like Mac OS X) AppleWebKit/605.1.15 (KHTML, like Gecko) Version/12.1.2 Mobile/15E148 Safari/604.1"
37.122.186.193 - - [12/Aug/2019:12:52:29 +0000] "GET /images/standard.png HTTP/1.1" 200 65207 "https://www.octopustransferscroatia.com/" "Mozilla/5.0 (iPhone; CPU iPhone OS 12_4 like Mac OS X) AppleWebKit/605.1.15 (KHTML, like Gecko) Version/12.1.2 Mobile/15E148 Safari/604.1"
37.122.186.193 - - [12/Aug/2019:12:52:29 +0000] "GET /images/minivan.png HTTP/1.1" 200 91295 "https://www.octopustransferscroatia.com/" "Mozilla/5.0 (iPhone; CPU iPhone OS 12_4 like Mac OS X) AppleWebKit/605.1.15 (KHTML, like Gecko) Version/12.1.2 Mobile/15E148 Safari/604.1"
37.122.186.193 - - [12/Aug/2019:12:52:29 +0000] "GET /images/minibus.png HTTP/1.1" 200 66935 "https://www.octopustransferscroatia.com/" "Mozilla/5.0 (iPhone; CPU iPhone OS 12_4 like Mac OS X) AppleWebKit/605.1.15 (KHTML, like Gecko) Version/12.1.2 Mobile/15E148 Safari/604.1"
37.122.186.193 - - [12/Aug/2019:12:52:29 +0000] "GET /images/bus.png HTTP/1.1" 200 111224 "https://www.octopustransferscroatia.com/" "Mozilla/5.0 (iPhone; CPU iPhone OS 12_4 like Mac OS X) AppleWebKit/605.1.15 (KHTML, like Gecko) Version/12.1.2 Mobile/15E148 Safari/604.1"
37.122.186.193 - - [12/Aug/2019:12:52:30 +0000] "GET /css/images/ui-bg_flat_75_ffffff_40x100.png HTTP/1.1" 200 178 "https://www.octopustransferscroatia.com/" "Mozilla/5.0 (iPhone; CPU iPhone OS 12_4 like Mac OS X) AppleWebKit/605.1.15 (KHTML, like Gecko) Version/12.1.2 Mobile/15E148 Safari/604.1"
37.122.186.193 - - [12/Aug/2019:12:52:30 +0000] "GET /images/backgrounds/krka.jpg HTTP/1.1" 200 279601 "https://www.octopustransferscroatia.com/" "Mozilla/5.0 (iPhone; CPU iPhone OS 12_4 like Mac OS X) AppleWebKit/605.1.15 (KHTML, like Gecko) Version/12.1.2 Mobile/15E148 Safari/604.1"
37.122.186.193 - - [12/Aug/2019:12:52:30 +0000] "GET /images/backgrounds/split.jpg HTTP/1.1" 200 209419 "https://www.octopustransferscroatia.com/" "Mozilla/5.0 (iPhone; CPU iPhone OS 12_4 like Mac OS X) AppleWebKit/605.1.15 (KHTML, like Gecko) Version/12.1.2 Mobile/15E148 Safari/604.1"
37.122.186.193 - - [12/Aug/2019:12:52:30 +0000] "GET /images/backgrounds/plitvice.jpg HTTP/1.1" 200 376840 "https://www.octopustransferscroatia.com/" "Mozilla/5.0 (iPhone; CPU iPhone OS 12_4 like Mac OS X) AppleWebKit/605.1.15 (KHTML, like Gecko) Version/12.1.2 Mobile/15E148 Safari/604.1"
37.122.186.193 - - [12/Aug/2019:12:52:35 +0000] "GET /favicon-32x32.png HTTP/1.1" 200 1372 "https://www.octopustransferscroatia.com/" "Mozilla/5.0 (iPhone; CPU iPhone OS 12_4 like Mac OS X) AppleWebKit/605.1.15 (KHTML, like Gecko) Version/12.1.2 Mobile/15E148 Safari/604.1"
37.122.186.193 - - [12/Aug/2019:12:52:35 +0000] "GET /favicon-16x16.png HTTP/1.1" 200 885 "https://www.octopustransferscroatia.com/" "Mozilla/5.0 (iPhone; CPU iPhone OS 12_4 like Mac OS X) AppleWebKit/605.1.15 (KHTML, like Gecko) Version/12.1.2 Mobile/15E148 Safari/604.1"
37.122.186.193 - - [12/Aug/2019:12:52:35 +0000] "GET /images/favicon.ico HTTP/1.1" 200 894 "https://www.octopustransferscroatia.com/" "Mozilla/5.0 (iPhone; CPU iPhone OS 12_4 like Mac OS X) AppleWebKit/605.1.15 (KHTML, like Gecko) Version/12.1.2 Mobile/15E148 Safari/604.1"
37.122.186.193 - - [12/Aug/2019:12:52:43 +0000] "POST /startlocation HTTP/1.1" 200 2 "https://www.octopustransferscroatia.com/" "Mozilla/5.0 (iPhone; CPU iPhone OS 12_4 like Mac OS X) AppleWebKit/605.1.15 (KHTML, like Gecko) Version/12.1.2 Mobile/15E148 Safari/604.1"
37.122.186.193 - - [12/Aug/2019:12:52:48 +0000] "POST /endlocation HTTP/1.1" 200 2 "https://www.octopustransferscroatia.com/" "Mozilla/5.0 (iPhone; CPU iPhone OS 12_4 like Mac OS X) AppleWebKit/605.1.15 (KHTML, like Gecko) Version/12.1.2 Mobile/15E148 Safari/604.1"
37.122.186.193 - - [12/Aug/2019:12:52:49 +0000] "POST /endlocation HTTP/1.1" 200 2 "https://www.octopustransferscroatia.com/" "Mozilla/5.0 (iPhone; CPU iPhone OS 12_4 like Mac OS X) AppleWebKit/605.1.15 (KHTML, like Gecko) Version/12.1.2 Mobile/15E148 Safari/604.1"
37.122.186.193 - - [12/Aug/2019:12:52:50 +0000] "POST /endlocation HTTP/1.1" 200 2 "https://www.octopustransferscroatia.com/" "Mozilla/5.0 (iPhone; CPU iPhone OS 12_4 like Mac OS X) AppleWebKit/605.1.15 (KHTML, like Gecko) Version/12.1.2 Mobile/15E148 Safari/604.1"
37.122.186.193 - - [12/Aug/2019:12:52:53 +0000] "POST /endlocation HTTP/1.1" 200 2 "https://www.octopustransferscroatia.com/" "Mozilla/5.0 (iPhone; CPU iPhone OS 12_4 like Mac OS X) AppleWebKit/605.1.15 (KHTML, like Gecko) Version/12.1.2 Mobile/15E148 Safari/604.1"
37.122.186.193 - - [12/Aug/2019:12:52:54 +0000] "POST /endlocation HTTP/1.1" 200 2 "https://www.octopustransferscroatia.com/" "Mozilla/5.0 (iPhone; CPU iPhone OS 12_4 like Mac OS X) AppleWebKit/605.1.15 (KHTML, like Gecko) Version/12.1.2 Mobile/15E148 Safari/604.1"
37.122.186.193 - - [12/Aug/2019:12:52:56 +0000] "POST /endlocation HTTP/1.1" 200 2 "https://www.octopustransferscroatia.com/" "Mozilla/5.0 (iPhone; CPU iPhone OS 12_4 like Mac OS X) AppleWebKit/605.1.15 (KHTML, like Gecko) Version/12.1.2 Mobile/15E148 Safari/604.1"
37.122.186.193 - - [12/Aug/2019:12:52:56 +0000] "GET /css/images/ui-icons_777777_256x240.png HTTP/1.1" 200 6999 "https://www.octopustransferscroatia.com/" "Mozilla/5.0 (iPhone; CPU iPhone OS 12_4 like Mac OS X) AppleWebKit/605.1.15 (KHTML, like Gecko) Version/12.1.2 Mobile/15E148 Safari/604.1"
37.122.186.193 - - [12/Aug/2019:12:52:56 +0000] "GET /css/images/ui-bg_flat_100_f5f5f5_40x100.png HTTP/1.1" 404 1104 "https://www.octopustransferscroatia.com/" "Mozilla/5.0 (iPhone; CPU iPhone OS 12_4 like Mac OS X) AppleWebKit/605.1.15 (KHTML, like Gecko) Version/12.1.2 Mobile/15E148 Safari/604.1"
37.122.186.193 - - [12/Aug/2019:12:53:10 +0000] "GET /search?start_location=Kotor&end_location=Dubrovnik+&date=15.08.2019.&people=2&type=oneway&type=return HTTP/1.1" 302 432 "https://www.octopustransferscroatia.com/" "Mozilla/5.0 (iPhone; CPU iPhone OS 12_4 like Mac OS X) AppleWebKit/605.1.15 (KHTML, like Gecko) Version/12.1.2 Mobile/15E148 Safari/604.1"
37.122.186.193 - - [12/Aug/2019:12:53:10 +0000] "GET /contact HTTP/1.1" 200 3395 "https://www.octopustransferscroatia.com/" "Mozilla/5.0 (iPhone; CPU iPhone OS 12_4 like Mac OS X) AppleWebKit/605.1.15 (KHTML, like Gecko) Version/12.1.2 Mobile/15E148 Safari/604.1"
37.122.186.193 - - [12/Aug/2019:12:53:29 +0000] "GET / HTTP/1.1" 200 5418 "-" "Mozilla/5.0 (iPhone; CPU iPhone OS 12_4 like Mac OS X) AppleWebKit/605.1.15 (KHTML, like Gecko) Version/12.1.2 Mobile/15E148 Safari/604.1"
66.249.66.78 - - [12/Aug/2019:12:53:38 +0000] "GET /destinations/29/sukosan HTTP/1.1" 200 3080 "-" "Mozilla/5.0 (compatible; Googlebot/2.1; +http://www.google.com/bot.html)"
199.234.67.114 - - [12/Aug/2019:12:54:20 +0000] "GET /%3Chttps://urldefense.proofpoint.com/v2/url?u=https-3A__www.octopustransferscroatia.com_&d=DwMFAw&c=nl2fkt89W8VNvtozxCbjLg&r=u-H-0I6v3O28oio7NizGRAFQAnjhZYsalCjHIGqiFkU&m=fero1WEmnNGPYPOypGj80_6RkJKwPbZHQRVluSFgc5g&s=cUoxle9ised351kA2B-zntYZsDMk-lvyrdhVpl-jljY&e=> HTTP/1.1" 404 1104 "-" "Mozilla/5.0 (Windows NT 10.0; WOW64; Trident/7.0; rv:11.0) like Gecko"
199.234.67.114 - - [12/Aug/2019:12:54:38 +0000] "GET /%3chttps:/urldefense.proofpoint.com/v2/url?u=https-3A__www.octopustransferscroatia.com_&d=DwMFAw&c=nl2fkt89W8VNvtozxCbjLg&r=u-H-0I6v3O28oio7NizGRAFQAnjhZYsalCjHIGqiFkU&m=fero1WEmnNGPYPOypGj80_6RkJKwPbZHQRVluSFgc5g&s=cUoxle9ised351kA2B-zntYZsDMk-lvyrdhVpl-jljY&e=%3e HTTP/1.1" 404 1104 "-" "Mozilla/5.0 (Windows NT 10.0; Win64; x64) AppleWebKit/537.36 (KHTML, like Gecko) Chrome/64.0.3282.140 Safari/537.36 Edge/18.17763"
199.234.67.114 - - [12/Aug/2019:12:54:39 +0000] "GET /favicon.ico HTTP/1.1" 200 15086 "-" "Mozilla/5.0 (Windows NT 10.0; Win64; x64) AppleWebKit/537.36 (KHTML, like Gecko) Chrome/64.0.3282.140 Safari/537.36 Edge/18.17763"
141.138.47.38 - - [12/Aug/2019:12:55:35 +0000] "GET / HTTP/1.1" 200 5418 "https://www.google.com/" "Mozilla/5.0 (iPhone; CPU iPhone OS 12_3_1 like Mac OS X) AppleWebKit/605.1.15 (KHTML, like Gecko) Version/12.1.1 Mobile/15E148 Safari/604.1"
141.138.47.38 - - [12/Aug/2019:12:55:35 +0000] "GET /css/all.css?v=6 HTTP/1.1" 200 48625 "https://www.octopustransferscroatia.com/" "Mozilla/5.0 (iPhone; CPU iPhone OS 12_3_1 like Mac OS X) AppleWebKit/605.1.15 (KHTML, like Gecko) Version/12.1.1 Mobile/15E148 Safari/604.1"
141.138.47.38 - - [12/Aug/2019:12:55:35 +0000] "GET /images/octopus-logo.png HTTP/1.1" 200 10874 "https://www.octopustransferscroatia.com/" "Mozilla/5.0 (iPhone; CPU iPhone OS 12_3_1 like Mac OS X) AppleWebKit/605.1.15 (KHTML, like Gecko) Version/12.1.1 Mobile/15E148 Safari/604.1"
141.138.47.38 - - [12/Aug/2019:12:55:35 +0000] "GET /css/flexslider.css HTTP/1.1" 200 1097 "https://www.octopustransferscroatia.com/" "Mozilla/5.0 (iPhone; CPU iPhone OS 12_3_1 like Mac OS X) AppleWebKit/605.1.15 (KHTML, like Gecko) Version/12.1.1 Mobile/15E148 Safari/604.1"
141.138.47.38 - - [12/Aug/2019:12:55:35 +0000] "GET /js/jquery.flexslider-min.js HTTP/1.1" 200 6427 "https://www.octopustransferscroatia.com/" "Mozilla/5.0 (iPhone; CPU iPhone OS 12_3_1 like Mac OS X) AppleWebKit/605.1.15 (KHTML, like Gecko) Version/12.1.1 Mobile/15E148 Safari/604.1"
141.138.47.38 - - [12/Aug/2019:12:55:35 +0000] "GET /js/all.js?v=20 HTTP/1.1" 200 220450 "https://www.octopustransferscroatia.com/" "Mozilla/5.0 (iPhone; CPU iPhone OS 12_3_1 like Mac OS X) AppleWebKit/605.1.15 (KHTML, like Gecko) Version/12.1.1 Mobile/15E148 Safari/604.1"
141.138.47.38 - - [12/Aug/2019:12:55:35 +0000] "GET /fonts/fonts/themeenergy.woff2 HTTP/1.1" 200 357352 "https://www.octopustransferscroatia.com/" "Mozilla/5.0 (iPhone; CPU iPhone OS 12_3_1 like Mac OS X) AppleWebKit/605.1.15 (KHTML, like Gecko) Version/12.1.1 Mobile/15E148 Safari/604.1"
141.138.47.38 - - [12/Aug/2019:12:55:36 +0000] "GET /images/minibus.png HTTP/1.1" 200 66935 "https://www.octopustransferscroatia.com/" "Mozilla/5.0 (iPhone; CPU iPhone OS 12_3_1 like Mac OS X) AppleWebKit/605.1.15 (KHTML, like Gecko) Version/12.1.1 Mobile/15E148 Safari/604.1"
141.138.47.38 - - [12/Aug/2019:12:55:36 +0000] "GET /images/standard.png HTTP/1.1" 200 65207 "https://www.octopustransferscroatia.com/" "Mozilla/5.0 (iPhone; CPU iPhone OS 12_3_1 like Mac OS X) AppleWebKit/605.1.15 (KHTML, like Gecko) Version/12.1.1 Mobile/15E148 Safari/604.1"
141.138.47.38 - - [12/Aug/2019:12:55:36 +0000] "GET /images/minivan.png HTTP/1.1" 200 91295 "https://www.octopustransferscroatia.com/" "Mozilla/5.0 (iPhone; CPU iPhone OS 12_3_1 like Mac OS X) AppleWebKit/605.1.15 (KHTML, like Gecko) Version/12.1.1 Mobile/15E148 Safari/604.1"
141.138.47.38 - - [12/Aug/2019:12:55:36 +0000] "GET /images/bus.png HTTP/1.1" 200 111224 "https://www.octopustransferscroatia.com/" "Mozilla/5.0 (iPhone; CPU iPhone OS 12_3_1 like Mac OS X) AppleWebKit/605.1.15 (KHTML, like Gecko) Version/12.1.1 Mobile/15E148 Safari/604.1"
141.138.47.38 - - [12/Aug/2019:12:55:36 +0000] "GET /css/images/ui-bg_flat_75_ffffff_40x100.png HTTP/1.1" 200 178 "https://www.octopustransferscroatia.com/" "Mozilla/5.0 (iPhone; CPU iPhone OS 12_3_1 like Mac OS X) AppleWebKit/605.1.15 (KHTML, like Gecko) Version/12.1.1 Mobile/15E148 Safari/604.1"
141.138.47.38 - - [12/Aug/2019:12:55:36 +0000] "GET /images/backgrounds/plitvice.jpg HTTP/1.1" 200 376840 "https://www.octopustransferscroatia.com/" "Mozilla/5.0 (iPhone; CPU iPhone OS 12_3_1 like Mac OS X) AppleWebKit/605.1.15 (KHTML, like Gecko) Version/12.1.1 Mobile/15E148 Safari/604.1"
141.138.47.38 - - [12/Aug/2019:12:55:36 +0000] "GET /images/backgrounds/krka.jpg HTTP/1.1" 200 279601 "https://www.octopustransferscroatia.com/" "Mozilla/5.0 (iPhone; CPU iPhone OS 12_3_1 like Mac OS X) AppleWebKit/605.1.15 (KHTML, like Gecko) Version/12.1.1 Mobile/15E148 Safari/604.1"
141.138.47.38 - - [12/Aug/2019:12:55:37 +0000] "GET /images/backgrounds/split.jpg HTTP/1.1" 200 209419 "https://www.octopustransferscroatia.com/" "Mozilla/5.0 (iPhone; CPU iPhone OS 12_3_1 like Mac OS X) AppleWebKit/605.1.15 (KHTML, like Gecko) Version/12.1.1 Mobile/15E148 Safari/604.1"
141.138.47.38 - - [12/Aug/2019:12:55:37 +0000] "GET /favicon-32x32.png HTTP/1.1" 200 1372 "https://www.octopustransferscroatia.com/" "Mozilla/5.0 (iPhone; CPU iPhone OS 12_3_1 like Mac OS X) AppleWebKit/605.1.15 (KHTML, like Gecko) Version/12.1.1 Mobile/15E148 Safari/604.1"
141.138.47.38 - - [12/Aug/2019:12:55:37 +0000] "GET /images/favicon.ico HTTP/1.1" 200 894 "https://www.octopustransferscroatia.com/" "Mozilla/5.0 (iPhone; CPU iPhone OS 12_3_1 like Mac OS X) AppleWebKit/605.1.15 (KHTML, like Gecko) Version/12.1.1 Mobile/15E148 Safari/604.1"
141.138.47.38 - - [12/Aug/2019:12:55:37 +0000] "GET /favicon-16x16.png HTTP/1.1" 200 885 "https://www.octopustransferscroatia.com/" "Mozilla/5.0 (iPhone; CPU iPhone OS 12_3_1 like Mac OS X) AppleWebKit/605.1.15 (KHTML, like Gecko) Version/12.1.1 Mobile/15E148 Safari/604.1"
193.95.146.196 - - [12/Aug/2019:12:56:16 +0000] "GET / HTTP/1.1" 301 248 "-" "Mozilla/5.0 (Windows NT 6.1; WOW64) AppleWebKit/537.36 (KHTML, like Gecko) Chrome/75.0.3770.80 Safari/537.36"
193.95.146.196 - - [12/Aug/2019:12:56:16 +0000] "GET / HTTP/1.1" 200 5418 "-" "Mozilla/5.0 (Windows NT 6.1; WOW64) AppleWebKit/537.36 (KHTML, like Gecko) Chrome/75.0.3770.80 Safari/537.36"
193.95.146.196 - - [12/Aug/2019:12:56:16 +0000] "GET /css/all.css?v=6 HTTP/1.1" 200 48625 "https://www.octopustransferscroatia.com/" "Mozilla/5.0 (Windows NT 6.1; WOW64) AppleWebKit/537.36 (KHTML, like Gecko) Chrome/75.0.3770.80 Safari/537.36"
193.95.146.196 - - [12/Aug/2019:12:56:16 +0000] "GET /images/octopus-logo.png HTTP/1.1" 200 10874 "https://www.octopustransferscroatia.com/" "Mozilla/5.0 (Windows NT 6.1; WOW64) AppleWebKit/537.36 (KHTML, like Gecko) Chrome/75.0.3770.80 Safari/537.36"
193.95.146.196 - - [12/Aug/2019:12:56:16 +0000] "GET /css/flexslider.css HTTP/1.1" 200 1097 "https://www.octopustransferscroatia.com/" "Mozilla/5.0 (Windows NT 6.1; WOW64) AppleWebKit/537.36 (KHTML, like Gecko) Chrome/75.0.3770.80 Safari/537.36"
193.95.146.196 - - [12/Aug/2019:12:56:16 +0000] "GET /js/jquery.flexslider-min.js HTTP/1.1" 200 6427 "https://www.octopustransferscroatia.com/" "Mozilla/5.0 (Windows NT 6.1; WOW64) AppleWebKit/537.36 (KHTML, like Gecko) Chrome/75.0.3770.80 Safari/537.36"
193.95.146.196 - - [12/Aug/2019:12:56:16 +0000] "GET /js/all.js?v=20 HTTP/1.1" 200 220450 "https://www.octopustransferscroatia.com/" "Mozilla/5.0 (Windows NT 6.1; WOW64) AppleWebKit/537.36 (KHTML, like Gecko) Chrome/75.0.3770.80 Safari/537.36"
193.95.146.196 - - [12/Aug/2019:12:56:17 +0000] "GET /fonts/fonts/themeenergy.woff2 HTTP/1.1" 200 357352 "https://www.octopustransferscroatia.com/css/all.css?v=6" "Mozilla/5.0 (Windows NT 6.1; WOW64) AppleWebKit/537.36 (KHTML, like Gecko) Chrome/75.0.3770.80 Safari/537.36"
193.95.146.196 - - [12/Aug/2019:12:56:17 +0000] "GET /images/backgrounds/krka.jpg HTTP/1.1" 200 279601 "https://www.octopustransferscroatia.com/css/all.css?v=6" "Mozilla/5.0 (Windows NT 6.1; WOW64) AppleWebKit/537.36 (KHTML, like Gecko) Chrome/75.0.3770.80 Safari/537.36"
193.95.146.196 - - [12/Aug/2019:12:56:17 +0000] "GET /images/standard.png HTTP/1.1" 200 65207 "https://www.octopustransferscroatia.com/" "Mozilla/5.0 (Windows NT 6.1; WOW64) AppleWebKit/537.36 (KHTML, like Gecko) Chrome/75.0.3770.80 Safari/537.36"
193.95.146.196 - - [12/Aug/2019:12:56:17 +0000] "GET /images/minivan.png HTTP/1.1" 200 91295 "https://www.octopustransferscroatia.com/" "Mozilla/5.0 (Windows NT 6.1; WOW64) AppleWebKit/537.36 (KHTML, like Gecko) Chrome/75.0.3770.80 Safari/537.36"
193.95.146.196 - - [12/Aug/2019:12:56:17 +0000] "GET /images/backgrounds/split.jpg HTTP/1.1" 200 209419 "https://www.octopustransferscroatia.com/css/all.css?v=6" "Mozilla/5.0 (Windows NT 6.1; WOW64) AppleWebKit/537.36 (KHTML, like Gecko) Chrome/75.0.3770.80 Safari/537.36"
193.95.146.196 - - [12/Aug/2019:12:56:17 +0000] "GET /images/minibus.png HTTP/1.1" 200 66935 "https://www.octopustransferscroatia.com/" "Mozilla/5.0 (Windows NT 6.1; WOW64) AppleWebKit/537.36 (KHTML, like Gecko) Chrome/75.0.3770.80 Safari/537.36"
193.95.146.196 - - [12/Aug/2019:12:56:17 +0000] "GET /images/backgrounds/plitvice.jpg HTTP/1.1" 200 376840 "https://www.octopustransferscroatia.com/css/all.css?v=6" "Mozilla/5.0 (Windows NT 6.1; WOW64) AppleWebKit/537.36 (KHTML, like Gecko) Chrome/75.0.3770.80 Safari/537.36"
193.95.146.196 - - [12/Aug/2019:12:56:17 +0000] "GET /css/images/ui-bg_flat_75_ffffff_40x100.png HTTP/1.1" 200 178 "https://www.octopustransferscroatia.com/css/all.css?v=6" "Mozilla/5.0 (Windows NT 6.1; WOW64) AppleWebKit/537.36 (KHTML, like Gecko) Chrome/75.0.3770.80 Safari/537.36"
193.95.146.196 - - [12/Aug/2019:12:56:17 +0000] "GET /images/bus.png HTTP/1.1" 200 111224 "https://www.octopustransferscroatia.com/" "Mozilla/5.0 (Windows NT 6.1; WOW64) AppleWebKit/537.36 (KHTML, like Gecko) Chrome/75.0.3770.80 Safari/537.36"
193.95.146.196 - - [12/Aug/2019:12:56:19 +0000] "GET /images/favicon.ico HTTP/1.1" 200 894 "https://www.octopustransferscroatia.com/" "Mozilla/5.0 (Windows NT 6.1; WOW64) AppleWebKit/537.36 (KHTML, like Gecko) Chrome/75.0.3770.80 Safari/537.36"
193.95.146.196 - - [12/Aug/2019:12:56:19 +0000] "GET /manifest.json HTTP/1.1" 200 264 "https://www.octopustransferscroatia.com/" "Mozilla/5.0 (Windows NT 6.1; WOW64) AppleWebKit/537.36 (KHTML, like Gecko) Chrome/75.0.3770.80 Safari/537.36"
193.95.146.196 - - [12/Aug/2019:12:56:19 +0000] "GET /favicon-32x32.png HTTP/1.1" 200 1372 "https://www.octopustransferscroatia.com/" "Mozilla/5.0 (Windows NT 6.1; WOW64) AppleWebKit/537.36 (KHTML, like Gecko) Chrome/75.0.3770.80 Safari/537.36"
141.138.47.38 - - [12/Aug/2019:12:56:20 +0000] "POST /startlocation HTTP/1.1" 200 85 "https://www.octopustransferscroatia.com/" "Mozilla/5.0 (iPhone; CPU iPhone OS 12_3_1 like Mac OS X) AppleWebKit/605.1.15 (KHTML, like Gecko) Version/12.1.1 Mobile/15E148 Safari/604.1"
141.138.47.38 - - [12/Aug/2019:12:56:25 +0000] "POST /startlocation HTTP/1.1" 200 2 "https://www.octopustransferscroatia.com/" "Mozilla/5.0 (iPhone; CPU iPhone OS 12_3_1 like Mac OS X) AppleWebKit/605.1.15 (KHTML, like Gecko) Version/12.1.1 Mobile/15E148 Safari/604.1"
141.138.47.38 - - [12/Aug/2019:12:56:25 +0000] "POST /startlocation HTTP/1.1" 200 2 "https://www.octopustransferscroatia.com/" "Mozilla/5.0 (iPhone; CPU iPhone OS 12_3_1 like Mac OS X) AppleWebKit/605.1.15 (KHTML, like Gecko) Version/12.1.1 Mobile/15E148 Safari/604.1"
193.95.146.196 - - [12/Aug/2019:12:56:26 +0000] "POST /startlocation HTTP/1.1" 200 74 "https://www.octopustransferscroatia.com/" "Mozilla/5.0 (Windows NT 6.1; WOW64) AppleWebKit/537.36 (KHTML, like Gecko) Chrome/75.0.3770.80 Safari/537.36"
141.138.47.38 - - [12/Aug/2019:12:56:27 +0000] "POST /startlocation HTTP/1.1" 200 2 "https://www.octopustransferscroatia.com/" "Mozilla/5.0 (iPhone; CPU iPhone OS 12_3_1 like Mac OS X) AppleWebKit/605.1.15 (KHTML, like Gecko) Version/12.1.1 Mobile/15E148 Safari/604.1"
193.95.146.196 - - [12/Aug/2019:12:56:31 +0000] "POST /endlocation HTTP/1.1" 200 33 "https://www.octopustransferscroatia.com/" "Mozilla/5.0 (Windows NT 6.1; WOW64) AppleWebKit/537.36 (KHTML, like Gecko) Chrome/75.0.3770.80 Safari/537.36"
141.138.47.38 - - [12/Aug/2019:12:56:32 +0000] "POST /startlocation HTTP/1.1" 200 31 "https://www.octopustransferscroatia.com/" "Mozilla/5.0 (iPhone; CPU iPhone OS 12_3_1 like Mac OS X) AppleWebKit/605.1.15 (KHTML, like Gecko) Version/12.1.1 Mobile/15E148 Safari/604.1"
193.95.146.196 - - [12/Aug/2019:12:56:32 +0000] "POST /endlocation HTTP/1.1" 200 2 "https://www.octopustransferscroatia.com/" "Mozilla/5.0 (Windows NT 6.1; WOW64) AppleWebKit/537.36 (KHTML, like Gecko) Chrome/75.0.3770.80 Safari/537.36"
193.95.146.196 - - [12/Aug/2019:12:56:33 +0000] "POST /endlocation HTTP/1.1" 200 2 "https://www.octopustransferscroatia.com/" "Mozilla/5.0 (Windows NT 6.1; WOW64) AppleWebKit/537.36 (KHTML, like Gecko) Chrome/75.0.3770.80 Safari/537.36"
193.95.146.196 - - [12/Aug/2019:12:56:34 +0000] "POST /endlocation HTTP/1.1" 200 2 "https://www.octopustransferscroatia.com/" "Mozilla/5.0 (Windows NT 6.1; WOW64) AppleWebKit/537.36 (KHTML, like Gecko) Chrome/75.0.3770.80 Safari/537.36"
193.95.146.196 - - [12/Aug/2019:12:56:35 +0000] "POST /endlocation HTTP/1.1" 200 2 "https://www.octopustransferscroatia.com/" "Mozilla/5.0 (Windows NT 6.1; WOW64) AppleWebKit/537.36 (KHTML, like Gecko) Chrome/75.0.3770.80 Safari/537.36"
141.138.47.38 - - [12/Aug/2019:12:56:35 +0000] "POST /endlocation HTTP/1.1" 200 2 "https://www.octopustransferscroatia.com/" "Mozilla/5.0 (iPhone; CPU iPhone OS 12_3_1 like Mac OS X) AppleWebKit/605.1.15 (KHTML, like Gecko) Version/12.1.1 Mobile/15E148 Safari/604.1"
141.138.47.38 - - [12/Aug/2019:12:56:35 +0000] "POST /endlocation HTTP/1.1" 200 2 "https://www.octopustransferscroatia.com/" "Mozilla/5.0 (iPhone; CPU iPhone OS 12_3_1 like Mac OS X) AppleWebKit/605.1.15 (KHTML, like Gecko) Version/12.1.1 Mobile/15E148 Safari/604.1"
141.138.47.38 - - [12/Aug/2019:12:56:36 +0000] "POST /endlocation HTTP/1.1" 200 2 "https://www.octopustransferscroatia.com/" "Mozilla/5.0 (iPhone; CPU iPhone OS 12_3_1 like Mac OS X) AppleWebKit/605.1.15 (KHTML, like Gecko) Version/12.1.1 Mobile/15E148 Safari/604.1"
193.95.146.196 - - [12/Aug/2019:12:56:37 +0000] "POST /endlocation HTTP/1.1" 200 2 "https://www.octopustransferscroatia.com/" "Mozilla/5.0 (Windows NT 6.1; WOW64) AppleWebKit/537.36 (KHTML, like Gecko) Chrome/75.0.3770.80 Safari/537.36"
141.138.47.38 - - [12/Aug/2019:12:56:38 +0000] "POST /endlocation HTTP/1.1" 200 2 "https://www.octopustransferscroatia.com/" "Mozilla/5.0 (iPhone; CPU iPhone OS 12_3_1 like Mac OS X) AppleWebKit/605.1.15 (KHTML, like Gecko) Version/12.1.1 Mobile/15E148 Safari/604.1"
193.95.146.196 - - [12/Aug/2019:12:56:39 +0000] "POST /endlocation HTTP/1.1" 200 2 "https://www.octopustransferscroatia.com/" "Mozilla/5.0 (Windows NT 6.1; WOW64) AppleWebKit/537.36 (KHTML, like Gecko) Chrome/75.0.3770.80 Safari/537.36"
141.138.47.38 - - [12/Aug/2019:12:56:39 +0000] "POST /endlocation HTTP/1.1" 200 2 "https://www.octopustransferscroatia.com/" "Mozilla/5.0 (iPhone; CPU iPhone OS 12_3_1 like Mac OS X) AppleWebKit/605.1.15 (KHTML, like Gecko) Version/12.1.1 Mobile/15E148 Safari/604.1"
141.138.47.38 - - [12/Aug/2019:12:56:40 +0000] "POST /endlocation HTTP/1.1" 200 2 "https://www.octopustransferscroatia.com/" "Mozilla/5.0 (iPhone; CPU iPhone OS 12_3_1 like Mac OS X) AppleWebKit/605.1.15 (KHTML, like Gecko) Version/12.1.1 Mobile/15E148 Safari/604.1"
141.138.47.38 - - [12/Aug/2019:12:56:41 +0000] "GET /css/images/ui-icons_777777_256x240.png HTTP/1.1" 200 6999 "https://www.octopustransferscroatia.com/" "Mozilla/5.0 (iPhone; CPU iPhone OS 12_3_1 like Mac OS X) AppleWebKit/605.1.15 (KHTML, like Gecko) Version/12.1.1 Mobile/15E148 Safari/604.1"
141.138.47.38 - - [12/Aug/2019:12:56:41 +0000] "GET /css/images/ui-bg_flat_100_f5f5f5_40x100.png HTTP/1.1" 404 1104 "https://www.octopustransferscroatia.com/" "Mozilla/5.0 (iPhone; CPU iPhone OS 12_3_1 like Mac OS X) AppleWebKit/605.1.15 (KHTML, like Gecko) Version/12.1.1 Mobile/15E148 Safari/604.1"
193.95.146.196 - - [12/Aug/2019:12:56:41 +0000] "POST /endlocation HTTP/1.1" 200 2 "https://www.octopustransferscroatia.com/" "Mozilla/5.0 (Windows NT 6.1; WOW64) AppleWebKit/537.36 (KHTML, like Gecko) Chrome/75.0.3770.80 Safari/537.36"
193.95.146.196 - - [12/Aug/2019:12:56:44 +0000] "POST /endlocation HTTP/1.1" 200 2 "https://www.octopustransferscroatia.com/" "Mozilla/5.0 (Windows NT 6.1; WOW64) AppleWebKit/537.36 (KHTML, like Gecko) Chrome/75.0.3770.80 Safari/537.36"
193.95.146.196 - - [12/Aug/2019:12:56:45 +0000] "POST /endlocation HTTP/1.1" 200 2 "https://www.octopustransferscroatia.com/" "Mozilla/5.0 (Windows NT 6.1; WOW64) AppleWebKit/537.36 (KHTML, like Gecko) Chrome/75.0.3770.80 Safari/537.36"
193.95.146.196 - - [12/Aug/2019:12:56:46 +0000] "GET /css/images/ui-bg_flat_100_f5f5f5_40x100.png HTTP/1.1" 404 1104 "https://www.octopustransferscroatia.com/css/all.css?v=6" "Mozilla/5.0 (Windows NT 6.1; WOW64) AppleWebKit/537.36 (KHTML, like Gecko) Chrome/75.0.3770.80 Safari/537.36"
193.95.146.196 - - [12/Aug/2019:12:56:46 +0000] "GET /css/images/ui-icons_777777_256x240.png HTTP/1.1" 200 6999 "https://www.octopustransferscroatia.com/css/all.css?v=6" "Mozilla/5.0 (Windows NT 6.1; WOW64) AppleWebKit/537.36 (KHTML, like Gecko) Chrome/75.0.3770.80 Safari/537.36"
141.138.47.38 - - [12/Aug/2019:12:56:49 +0000] "GET /search?start_location=Rijeka&end_location=Tribunj+&date=14.08.2019.&people=2&type=oneway HTTP/1.1" 302 432 "https://www.octopustransferscroatia.com/" "Mozilla/5.0 (iPhone; CPU iPhone OS 12_3_1 like Mac OS X) AppleWebKit/605.1.15 (KHTML, like Gecko) Version/12.1.1 Mobile/15E148 Safari/604.1"
141.138.47.38 - - [12/Aug/2019:12:56:49 +0000] "GET /contact HTTP/1.1" 200 3395 "https://www.octopustransferscroatia.com/" "Mozilla/5.0 (iPhone; CPU iPhone OS 12_3_1 like Mac OS X) AppleWebKit/605.1.15 (KHTML, like Gecko) Version/12.1.1 Mobile/15E148 Safari/604.1"
193.95.146.196 - - [12/Aug/2019:12:56:55 +0000] "GET /search?start_location=Dubrovnik+Airport&end_location=Kotor&date=25.08.2019.&people=2&type=oneway&type=return HTTP/1.1" 302 432 "https://www.octopustransferscroatia.com/" "Mozilla/5.0 (Windows NT 6.1; WOW64) AppleWebKit/537.36 (KHTML, like Gecko) Chrome/75.0.3770.80 Safari/537.36"
193.95.146.196 - - [12/Aug/2019:12:56:55 +0000] "GET /contact HTTP/1.1" 200 3397 "https://www.octopustransferscroatia.com/" "Mozilla/5.0 (Windows NT 6.1; WOW64) AppleWebKit/537.36 (KHTML, like Gecko) Chrome/75.0.3770.80 Safari/537.36"
193.95.146.196 - - [12/Aug/2019:12:57:06 +0000] "GET /css/images/ui-bg_flat_100_f5f5f5_40x100.png HTTP/1.1" 404 1104 "https://www.octopustransferscroatia.com/css/all.css?v=6" "Mozilla/5.0 (Windows NT 6.1; WOW64) AppleWebKit/537.36 (KHTML, like Gecko) Chrome/75.0.3770.80 Safari/537.36"
193.95.146.196 - - [12/Aug/2019:12:57:08 +0000] "GET /search?start_location=Dubrovnik+Airport&end_location=Kotor&date=25.08.2019.&people=2&type=oneway HTTP/1.1" 302 432 "https://www.octopustransferscroatia.com/" "Mozilla/5.0 (Windows NT 6.1; WOW64) AppleWebKit/537.36 (KHTML, like Gecko) Chrome/75.0.3770.80 Safari/537.36"
193.95.146.196 - - [12/Aug/2019:12:57:09 +0000] "GET /contact HTTP/1.1" 200 3397 "https://www.octopustransferscroatia.com/" "Mozilla/5.0 (Windows NT 6.1; WOW64) AppleWebKit/537.36 (KHTML, like Gecko) Chrome/75.0.3770.80 Safari/537.36"
199.234.67.114 - - [12/Aug/2019:12:57:13 +0000] "GET / HTTP/1.1" 200 5418 "-" "Mozilla/5.0 (Windows NT 10.0; Win64; x64) AppleWebKit/537.36 (KHTML, like Gecko) Chrome/64.0.3282.140 Safari/537.36 Edge/18.17763"
199.234.67.114 - - [12/Aug/2019:12:57:13 +0000] "GET /css/flexslider.css HTTP/1.1" 200 1097 "https://www.octopustransferscroatia.com/" "Mozilla/5.0 (Windows NT 10.0; Win64; x64) AppleWebKit/537.36 (KHTML, like Gecko) Chrome/64.0.3282.140 Safari/537.36 Edge/18.17763"
199.234.67.114 - - [12/Aug/2019:12:57:13 +0000] "GET /css/all.css?v=6 HTTP/1.1" 200 48625 "https://www.octopustransferscroatia.com/" "Mozilla/5.0 (Windows NT 10.0; Win64; x64) AppleWebKit/537.36 (KHTML, like Gecko) Chrome/64.0.3282.140 Safari/537.36 Edge/18.17763"
199.234.67.114 - - [12/Aug/2019:12:57:13 +0000] "GET /images/octopus-logo.png HTTP/1.1" 200 10874 "https://www.octopustransferscroatia.com/" "Mozilla/5.0 (Windows NT 10.0; Win64; x64) AppleWebKit/537.36 (KHTML, like Gecko) Chrome/64.0.3282.140 Safari/537.36 Edge/18.17763"
199.234.67.114 - - [12/Aug/2019:12:57:14 +0000] "GET /js/jquery.flexslider-min.js HTTP/1.1" 200 6427 "https://www.octopustransferscroatia.com/" "Mozilla/5.0 (Windows NT 10.0; Win64; x64) AppleWebKit/537.36 (KHTML, like Gecko) Chrome/64.0.3282.140 Safari/537.36 Edge/18.17763"
199.234.67.114 - - [12/Aug/2019:12:57:14 +0000] "GET /images/minibus.png HTTP/1.1" 200 66935 "https://www.octopustransferscroatia.com/" "Mozilla/5.0 (Windows NT 10.0; Win64; x64) AppleWebKit/537.36 (KHTML, like Gecko) Chrome/64.0.3282.140 Safari/537.36 Edge/18.17763"
199.234.67.114 - - [12/Aug/2019:12:57:14 +0000] "GET /js/all.js?v=20 HTTP/1.1" 200 220450 "https://www.octopustransferscroatia.com/" "Mozilla/5.0 (Windows NT 10.0; Win64; x64) AppleWebKit/537.36 (KHTML, like Gecko) Chrome/64.0.3282.140 Safari/537.36 Edge/18.17763"
199.234.67.114 - - [12/Aug/2019:12:57:14 +0000] "GET /images/bus.png HTTP/1.1" 200 111224 "https://www.octopustransferscroatia.com/" "Mozilla/5.0 (Windows NT 10.0; Win64; x64) AppleWebKit/537.36 (KHTML, like Gecko) Chrome/64.0.3282.140 Safari/537.36 Edge/18.17763"
199.234.67.114 - - [12/Aug/2019:12:57:14 +0000] "GET /images/backgrounds/krka.jpg HTTP/1.1" 200 279601 "https://www.octopustransferscroatia.com/" "Mozilla/5.0 (Windows NT 10.0; Win64; x64) AppleWebKit/537.36 (KHTML, like Gecko) Chrome/64.0.3282.140 Safari/537.36 Edge/18.17763"
199.234.67.114 - - [12/Aug/2019:12:57:14 +0000] "GET /fonts/fonts/themeenergy.woff2 HTTP/1.1" 200 357352 "https://www.octopustransferscroatia.com/" "Mozilla/5.0 (Windows NT 10.0; Win64; x64) AppleWebKit/537.36 (KHTML, like Gecko) Chrome/64.0.3282.140 Safari/537.36 Edge/18.17763"
199.234.67.114 - - [12/Aug/2019:12:57:14 +0000] "GET /images/backgrounds/plitvice.jpg HTTP/1.1" 200 376840 "https://www.octopustransferscroatia.com/" "Mozilla/5.0 (Windows NT 10.0; Win64; x64) AppleWebKit/537.36 (KHTML, like Gecko) Chrome/64.0.3282.140 Safari/537.36 Edge/18.17763"
193.95.146.196 - - [12/Aug/2019:12:57:15 +0000] "GET /contact HTTP/1.1" 200 3430 "https://www.octopustransferscroatia.com/" "Mozilla/5.0 (Windows NT 6.1; WOW64) AppleWebKit/537.36 (KHTML, like Gecko) Chrome/75.0.3770.80 Safari/537.36"
199.234.67.114 - - [12/Aug/2019:12:57:15 +0000] "GET /images/standard.png HTTP/1.1" 200 65207 "https://www.octopustransferscroatia.com/" "Mozilla/5.0 (Windows NT 10.0; Win64; x64) AppleWebKit/537.36 (KHTML, like Gecko) Chrome/64.0.3282.140 Safari/537.36 Edge/18.17763"
199.234.67.114 - - [12/Aug/2019:12:57:16 +0000] "GET /images/minivan.png HTTP/1.1" 200 91295 "https://www.octopustransferscroatia.com/" "Mozilla/5.0 (Windows NT 10.0; Win64; x64) AppleWebKit/537.36 (KHTML, like Gecko) Chrome/64.0.3282.140 Safari/537.36 Edge/18.17763"
199.234.67.114 - - [12/Aug/2019:12:57:16 +0000] "GET /css/images/ui-bg_flat_75_ffffff_40x100.png HTTP/1.1" 200 178 "https://www.octopustransferscroatia.com/" "Mozilla/5.0 (Windows NT 10.0; Win64; x64) AppleWebKit/537.36 (KHTML, like Gecko) Chrome/64.0.3282.140 Safari/537.36 Edge/18.17763"
199.234.67.114 - - [12/Aug/2019:12:57:16 +0000] "GET /images/backgrounds/split.jpg HTTP/1.1" 200 209419 "https://www.octopustransferscroatia.com/" "Mozilla/5.0 (Windows NT 10.0; Win64; x64) AppleWebKit/537.36 (KHTML, like Gecko) Chrome/64.0.3282.140 Safari/537.36 Edge/18.17763"
199.234.67.114 - - [12/Aug/2019:12:57:14 +0000] "GET /fonts/fonts/themeenergy.eot HTTP/1.1" 200 1030640 "https://www.octopustransferscroatia.com/" "Mozilla/5.0 (Windows NT 10.0; Win64; x64) AppleWebKit/537.36 (KHTML, like Gecko) Chrome/64.0.3282.140 Safari/537.36 Edge/18.17763"
199.234.67.114 - - [12/Aug/2019:12:57:17 +0000] "GET /favicon-32x32.png HTTP/1.1" 200 1372 "-" "Mozilla/5.0 (Windows NT 10.0; Win64; x64) AppleWebKit/537.36 (KHTML, like Gecko) Chrome/64.0.3282.140 Safari/537.36 Edge/18.17763"
193.95.146.196 - - [12/Aug/2019:12:57:20 +0000] "GET /destinations HTTP/1.1" 200 6560 "https://www.octopustransferscroatia.com/contact" "Mozilla/5.0 (Windows NT 6.1; WOW64) AppleWebKit/537.36 (KHTML, like Gecko) Chrome/75.0.3770.80 Safari/537.36"
193.95.146.196 - - [12/Aug/2019:12:57:20 +0000] "GET /images/uploads/img2.jpg HTTP/1.1" 200 57469 "https://www.octopustransferscroatia.com/destinations" "Mozilla/5.0 (Windows NT 6.1; WOW64) AppleWebKit/537.36 (KHTML, like Gecko) Chrome/75.0.3770.80 Safari/537.36"
193.95.146.196 - - [12/Aug/2019:12:57:20 +0000] "GET /uploads/thumbnails/ebefa42346103163e2f166d5a824e90f.jpg HTTP/1.1" 200 80348 "https://www.octopustransferscroatia.com/destinations" "Mozilla/5.0 (Windows NT 6.1; WOW64) AppleWebKit/537.36 (KHTML, like Gecko) Chrome/75.0.3770.80 Safari/537.36"
193.95.146.196 - - [12/Aug/2019:12:57:20 +0000] "GET /uploads/thumbnails/be292a55128a46b6a8cc6437026a9245.jpg HTTP/1.1" 200 71829 "https://www.octopustransferscroatia.com/destinations" "Mozilla/5.0 (Windows NT 6.1; WOW64) AppleWebKit/537.36 (KHTML, like Gecko) Chrome/75.0.3770.80 Safari/537.36"
193.95.146.196 - - [12/Aug/2019:12:57:20 +0000] "GET /uploads/thumbnails/d9096a7dc4dd1a41be3dcbb421536ce9.jpg HTTP/1.1" 200 108605 "https://www.octopustransferscroatia.com/destinations" "Mozilla/5.0 (Windows NT 6.1; WOW64) AppleWebKit/537.36 (KHTML, like Gecko) Chrome/75.0.3770.80 Safari/537.36"
193.95.146.196 - - [12/Aug/2019:12:57:20 +0000] "GET /uploads/thumbnails/40afcdc7cf199432b63ab37de8149ee0.jpg HTTP/1.1" 200 93199 "https://www.octopustransferscroatia.com/destinations" "Mozilla/5.0 (Windows NT 6.1; WOW64) AppleWebKit/537.36 (KHTML, like Gecko) Chrome/75.0.3770.80 Safari/537.36"
193.95.146.196 - - [12/Aug/2019:12:57:20 +0000] "GET /uploads/thumbnails/85833107b07d0d7238660373d2da47ce.jpg HTTP/1.1" 200 90828 "https://www.octopustransferscroatia.com/destinations" "Mozilla/5.0 (Windows NT 6.1; WOW64) AppleWebKit/537.36 (KHTML, like Gecko) Chrome/75.0.3770.80 Safari/537.36"
193.95.146.196 - - [12/Aug/2019:12:57:20 +0000] "GET /uploads/thumbnails/f5bf98ea1485b8181e3c13ab3311188f.jpg HTTP/1.1" 200 78280 "https://www.octopustransferscroatia.com/destinations" "Mozilla/5.0 (Windows NT 6.1; WOW64) AppleWebKit/537.36 (KHTML, like Gecko) Chrome/75.0.3770.80 Safari/537.36"
193.95.146.196 - - [12/Aug/2019:12:57:20 +0000] "GET /uploads/thumbnails/cef1d075cf8fec218a10322b1b032bdf.jpg HTTP/1.1" 200 82400 "https://www.octopustransferscroatia.com/destinations" "Mozilla/5.0 (Windows NT 6.1; WOW64) AppleWebKit/537.36 (KHTML, like Gecko) Chrome/75.0.3770.80 Safari/537.36"
193.95.146.196 - - [12/Aug/2019:12:57:20 +0000] "GET /uploads/thumbnails/39e64e57bdae724e7096cdab4a1df87a.jpg HTTP/1.1" 200 95677 "https://www.octopustransferscroatia.com/destinations" "Mozilla/5.0 (Windows NT 6.1; WOW64) AppleWebKit/537.36 (KHTML, like Gecko) Chrome/75.0.3770.80 Safari/537.36"
193.95.146.196 - - [12/Aug/2019:12:57:20 +0000] "GET /uploads/thumbnails/17eca338251d8dd554d90963f714c873.png HTTP/1.1" 200 335419 "https://www.octopustransferscroatia.com/destinations" "Mozilla/5.0 (Windows NT 6.1; WOW64) AppleWebKit/537.36 (KHTML, like Gecko) Chrome/75.0.3770.80 Safari/537.36"
193.95.146.196 - - [12/Aug/2019:12:57:20 +0000] "GET /uploads/thumbnails/d1387274c76b56dee32d07c88330037e.png HTTP/1.1" 200 321316 "https://www.octopustransferscroatia.com/destinations" "Mozilla/5.0 (Windows NT 6.1; WOW64) AppleWebKit/537.36 (KHTML, like Gecko) Chrome/75.0.3770.80 Safari/537.36"
193.95.146.196 - - [12/Aug/2019:12:57:20 +0000] "GET /uploads/thumbnails/3898895c954cc378be1e560eb488cbb7.png HTTP/1.1" 200 334230 "https://www.octopustransferscroatia.com/destinations" "Mozilla/5.0 (Windows NT 6.1; WOW64) AppleWebKit/537.36 (KHTML, like Gecko) Chrome/75.0.3770.80 Safari/537.36"
193.95.146.196 - - [12/Aug/2019:12:57:21 +0000] "GET /uploads/thumbnails/cb56286816cf7146e6627563c215bcb8.jpg HTTP/1.1" 200 120113 "https://www.octopustransferscroatia.com/destinations" "Mozilla/5.0 (Windows NT 6.1; WOW64) AppleWebKit/537.36 (KHTML, like Gecko) Chrome/75.0.3770.80 Safari/537.36"
193.95.146.196 - - [12/Aug/2019:12:57:21 +0000] "GET /uploads/thumbnails/0feb691a69b5bc679e00074d591148e8.png HTTP/1.1" 200 285489 "https://www.octopustransferscroatia.com/destinations" "Mozilla/5.0 (Windows NT 6.1; WOW64) AppleWebKit/537.36 (KHTML, like Gecko) Chrome/75.0.3770.80 Safari/537.36"
193.95.146.196 - - [12/Aug/2019:12:57:21 +0000] "GET /uploads/thumbnails/1f8b189768e71c0592ee18da3e20b0c3.png HTTP/1.1" 200 303661 "https://www.octopustransferscroatia.com/destinations" "Mozilla/5.0 (Windows NT 6.1; WOW64) AppleWebKit/537.36 (KHTML, like Gecko) Chrome/75.0.3770.80 Safari/537.36"
193.95.146.196 - - [12/Aug/2019:12:57:21 +0000] "GET /uploads/thumbnails/d41df011737861fc32f0315f86e67822.jpeg HTTP/1.1" 200 51992 "https://www.octopustransferscroatia.com/destinations" "Mozilla/5.0 (Windows NT 6.1; WOW64) AppleWebKit/537.36 (KHTML, like Gecko) Chrome/75.0.3770.80 Safari/537.36"
