101.174.161.165 - - [24/Aug/2019:12:09:08 +0000] "POST /endlocation HTTP/1.1" 200 2 "https://www.octopustransferscroatia.com/" "Mozilla/5.0 (Linux; Android 6.0.1; SM-T800) AppleWebKit/537.36 (KHTML, like Gecko) Chrome/76.0.3809.111 Safari/537.36"
31.217.18.154 - - [24/Aug/2019:12:09:11 +0000] "GET /admin/reservation HTTP/1.1" 200 2081 "https://www.octopustransferscroatia.com/admin" "Mozilla/5.0 (Linux; Android 8.1.0; Fresh_4G) AppleWebKit/537.36 (KHTML, like Gecko) Chrome/76.0.3809.89 Mobile Safari/537.36"
101.174.161.165 - - [24/Aug/2019:12:09:11 +0000] "POST /endlocation HTTP/1.1" 200 2 "https://www.octopustransferscroatia.com/" "Mozilla/5.0 (Linux; Android 6.0.1; SM-T800) AppleWebKit/537.36 (KHTML, like Gecko) Chrome/76.0.3809.111 Safari/537.36"
31.217.18.154 - - [24/Aug/2019:12:09:12 +0000] "GET /admin/reservation/data?draw=1&columns%5B0%5D%5Bdata%5D=date&columns%5B0%5D%5Bname%5D=date&columns%5B0%5D%5Bsearchable%5D=true&columns%5B0%5D%5Borderable%5D=true&columns%5B0%5D%5Bsearch%5D%5Bvalue%5D=&columns%5B0%5D%5Bsearch%5D%5Bregex%5D=false&columns%5B1%5D%5Bdata%5D=pickup_time&columns%5B1%5D%5Bname%5D=pickup_time&columns%5B1%5D%5Bsearchable%5D=true&columns%5B1%5D%5Borderable%5D=true&columns%5B1%5D%5Bsearch%5D%5Bvalue%5D=&columns%5B1%5D%5Bsearch%5D%5Bregex%5D=false&columns%5B2%5D%5Bdata%5D=start_location&columns%5B2%5D%5Bname%5D=start_location&columns%5B2%5D%5Bsearchable%5D=true&columns%5B2%5D%5Borderable%5D=true&columns%5B2%5D%5Bsearch%5D%5Bvalue%5D=&columns%5B2%5D%5Bsearch%5D%5Bregex%5D=false&columns%5B3%5D%5Bdata%5D=end_location&columns%5B3%5D%5Bname%5D=end_location&columns%5B3%5D%5Bsearchable%5D=true&columns%5B3%5D%5Borderable%5D=true&columns%5B3%5D%5Bsearch%5D%5Bvalue%5D=&columns%5B3%5D%5Bsearch%5D%5Bregex%5D=false&columns%5B4%5D%5Bdata%5D=vehicle&columns%5B4%5D%5Bname%5D=vehicle&columns%5B4%5D%5Bsearchable%5D=true&columns%5B4%5D%5Borderable%5D=true&columns%5B4%5D%5Bsearch%5D%5Bvalue%5D=&columns%5B4%5D%5Bsearch%5D%5Bregex%5D=false&columns%5B5%5D%5Bdata%5D=driver&columns%5B5%5D%5Bname%5D=driver&columns%5B5%5D%5Bsearchable%5D=true&columns%5B5%5D%5Borderable%5D=true&columns%5B5%5D%5Bsearch%5D%5Bvalue%5D=&columns%5B5%5D%5Bsearch%5D%5Bregex%5D=false&columns%5B6%5D%5Bdata%5D=email&columns%5B6%5D%5Bname%5D=email&columns%5B6%5D%5Bsearchable%5D=true&columns%5B6%5D%5Borderable%5D=true&columns%5B6%5D%5Bsearch%5D%5Bvalue%5D=&columns%5B6%5D%5Bsearch%5D%5Bregex%5D=false&columns%5B7%5D%5Bdata%5D=reminder&columns%5B7%5D%5Bname%5D=&columns%5B7%5D%5Bsearchable%5D=false&columns%5B7%5D%5Borderable%5D=true&columns%5B7%5D%5Bsearch%5D%5Bvalue%5D=&columns%5B7%5D%5Bsearch%5D%5Bregex%5D=false&columns%5B8%5D%5Bdata%5D=options&columns%5B8%5D%5Bname%5D=options&columns%5B8%5D%5Bsearchable%5D=false&columns%5B8%5D%5Borderable%5D=false&columns%5B8%5D%5Bsearch%5D%5Bvalue%5D=&columns%5B8%5D%5Bsearch%5D%5Bregex%5D=false&order%5B0%5D%5Bcolumn%5D=0&order%5B0%5D%5Bdir%5D=asc&order%5B1%5D%5Bcolumn%5D=1&order%5B1%5D%5Bdir%5D=asc&start=0&length=100&search%5Bvalue%5D=&search%5Bregex%5D=false&_=1566648551839 HTTP/1.1" 200 3379 "https://www.octopustransferscroatia.com/admin/reservation" "Mozilla/5.0 (Linux; Android 8.1.0; Fresh_4G) AppleWebKit/537.36 (KHTML, like Gecko) Chrome/76.0.3809.89 Mobile Safari/537.36"
101.174.161.165 - - [24/Aug/2019:12:09:13 +0000] "POST /endlocation HTTP/1.1" 200 2 "https://www.octopustransferscroatia.com/" "Mozilla/5.0 (Linux; Android 6.0.1; SM-T800) AppleWebKit/537.36 (KHTML, like Gecko) Chrome/76.0.3809.111 Safari/537.36"
101.174.161.165 - - [24/Aug/2019:12:09:14 +0000] "POST /endlocation HTTP/1.1" 200 2 "https://www.octopustransferscroatia.com/" "Mozilla/5.0 (Linux; Android 6.0.1; SM-T800) AppleWebKit/537.36 (KHTML, like Gecko) Chrome/76.0.3809.111 Safari/537.36"
101.174.161.165 - - [24/Aug/2019:12:09:18 +0000] "POST /endlocation HTTP/1.1" 200 2 "https://www.octopustransferscroatia.com/" "Mozilla/5.0 (Linux; Android 6.0.1; SM-T800) AppleWebKit/537.36 (KHTML, like Gecko) Chrome/76.0.3809.111 Safari/537.36"
31.217.18.154 - - [24/Aug/2019:12:09:24 +0000] "GET /admin/reservation/2675 HTTP/1.1" 200 3587 "https://www.octopustransferscroatia.com/admin/reservation" "Mozilla/5.0 (Linux; Android 8.1.0; Fresh_4G) AppleWebKit/537.36 (KHTML, like Gecko) Chrome/76.0.3809.89 Mobile Safari/537.36"
101.174.161.165 - - [24/Aug/2019:12:09:28 +0000] "POST /endlocation HTTP/1.1" 200 2 "https://www.octopustransferscroatia.com/" "Mozilla/5.0 (Linux; Android 6.0.1; SM-T800) AppleWebKit/537.36 (KHTML, like Gecko) Chrome/76.0.3809.111 Safari/537.36"
101.174.161.165 - - [24/Aug/2019:12:09:32 +0000] "GET /css/images/ui-bg_flat_100_f5f5f5_40x100.png HTTP/1.1" 404 1104 "https://www.octopustransferscroatia.com/css/all.css?v=6" "Mozilla/5.0 (Linux; Android 6.0.1; SM-T800) AppleWebKit/537.36 (KHTML, like Gecko) Chrome/76.0.3809.111 Safari/537.36"
93.142.185.186 - - [24/Aug/2019:12:09:48 +0000] "GET / HTTP/1.1" 200 5418 "-" "Mozilla/5.0 (Windows NT 6.1) AppleWebKit/537.36 (KHTML, like Gecko) Chrome/76.0.3809.100 Safari/537.36"
93.142.185.186 - - [24/Aug/2019:12:09:59 +0000] "POST /startlocation HTTP/1.1" 200 105 "https://www.octopustransferscroatia.com/" "Mozilla/5.0 (Windows NT 6.1) AppleWebKit/537.36 (KHTML, like Gecko) Chrome/76.0.3809.100 Safari/537.36"
93.142.185.186 - - [24/Aug/2019:12:10:02 +0000] "POST /endlocation HTTP/1.1" 200 31 "https://www.octopustransferscroatia.com/" "Mozilla/5.0 (Windows NT 6.1) AppleWebKit/537.36 (KHTML, like Gecko) Chrome/76.0.3809.100 Safari/537.36"
93.142.185.186 - - [24/Aug/2019:12:10:03 +0000] "POST /endlocation HTTP/1.1" 200 31 "https://www.octopustransferscroatia.com/" "Mozilla/5.0 (Windows NT 6.1) AppleWebKit/537.36 (KHTML, like Gecko) Chrome/76.0.3809.100 Safari/537.36"
93.142.185.186 - - [24/Aug/2019:12:10:05 +0000] "GET /css/images/ui-bg_flat_100_f5f5f5_40x100.png HTTP/1.1" 404 1104 "https://www.octopustransferscroatia.com/css/all.css?v=6" "Mozilla/5.0 (Windows NT 6.1) AppleWebKit/537.36 (KHTML, like Gecko) Chrome/76.0.3809.100 Safari/537.36"
93.142.185.186 - - [24/Aug/2019:12:10:10 +0000] "GET /search?start_location=Split+Airport&end_location=Novalja&date=28.08.2019.&people=10&type=oneway&type=return HTTP/1.1" 200 5205 "https://www.octopustransferscroatia.com/" "Mozilla/5.0 (Windows NT 6.1) AppleWebKit/537.36 (KHTML, like Gecko) Chrome/76.0.3809.100 Safari/537.36"
54.69.26.44 - - [24/Aug/2019:12:10:19 +0000] "GET / HTTP/1.1" 301 248 "-" "Go-http-client/1.1"
34.220.187.88 - - [24/Aug/2019:12:10:19 +0000] "GET / HTTP/1.1" 301 248 "-" "Go-http-client/1.1"
54.69.26.44 - - [24/Aug/2019:12:10:20 +0000] "GET / HTTP/1.1" 200 5418 "-" "Go-http-client/1.1"
31.217.18.154 - - [24/Aug/2019:12:10:20 +0000] "GET /admin/reservation/data?draw=1&columns%5B0%5D%5Bdata%5D=date&columns%5B0%5D%5Bname%5D=date&columns%5B0%5D%5Bsearchable%5D=true&columns%5B0%5D%5Borderable%5D=true&columns%5B0%5D%5Bsearch%5D%5Bvalue%5D=&columns%5B0%5D%5Bsearch%5D%5Bregex%5D=false&columns%5B1%5D%5Bdata%5D=pickup_time&columns%5B1%5D%5Bname%5D=pickup_time&columns%5B1%5D%5Bsearchable%5D=true&columns%5B1%5D%5Borderable%5D=true&columns%5B1%5D%5Bsearch%5D%5Bvalue%5D=&columns%5B1%5D%5Bsearch%5D%5Bregex%5D=false&columns%5B2%5D%5Bdata%5D=start_location&columns%5B2%5D%5Bname%5D=start_location&columns%5B2%5D%5Bsearchable%5D=true&columns%5B2%5D%5Borderable%5D=true&columns%5B2%5D%5Bsearch%5D%5Bvalue%5D=&columns%5B2%5D%5Bsearch%5D%5Bregex%5D=false&columns%5B3%5D%5Bdata%5D=end_location&columns%5B3%5D%5Bname%5D=end_location&columns%5B3%5D%5Bsearchable%5D=true&columns%5B3%5D%5Borderable%5D=true&columns%5B3%5D%5Bsearch%5D%5Bvalue%5D=&columns%5B3%5D%5Bsearch%5D%5Bregex%5D=false&columns%5B4%5D%5Bdata%5D=vehicle&columns%5B4%5D%5Bname%5D=vehicle&columns%5B4%5D%5Bsearchable%5D=true&columns%5B4%5D%5Borderable%5D=true&columns%5B4%5D%5Bsearch%5D%5Bvalue%5D=&columns%5B4%5D%5Bsearch%5D%5Bregex%5D=false&columns%5B5%5D%5Bdata%5D=driver&columns%5B5%5D%5Bname%5D=driver&columns%5B5%5D%5Bsearchable%5D=true&columns%5B5%5D%5Borderable%5D=true&columns%5B5%5D%5Bsearch%5D%5Bvalue%5D=&columns%5B5%5D%5Bsearch%5D%5Bregex%5D=false&columns%5B6%5D%5Bdata%5D=email&columns%5B6%5D%5Bname%5D=email&columns%5B6%5D%5Bsearchable%5D=true&columns%5B6%5D%5Borderable%5D=true&columns%5B6%5D%5Bsearch%5D%5Bvalue%5D=&columns%5B6%5D%5Bsearch%5D%5Bregex%5D=false&columns%5B7%5D%5Bdata%5D=reminder&columns%5B7%5D%5Bname%5D=&columns%5B7%5D%5Bsearchable%5D=false&columns%5B7%5D%5Borderable%5D=true&columns%5B7%5D%5Bsearch%5D%5Bvalue%5D=&columns%5B7%5D%5Bsearch%5D%5Bregex%5D=false&columns%5B8%5D%5Bdata%5D=options&columns%5B8%5D%5Bname%5D=options&columns%5B8%5D%5Bsearchable%5D=false&columns%5B8%5D%5Borderable%5D=false&columns%5B8%5D%5Bsearch%5D%5Bvalue%5D=&columns%5B8%5D%5Bsearch%5D%5Bregex%5D=false&order%5B0%5D%5Bcolumn%5D=0&order%5B0%5D%5Bdir%5D=asc&order%5B1%5D%5Bcolumn%5D=1&order%5B1%5D%5Bdir%5D=asc&start=0&length=100&search%5Bvalue%5D=&search%5Bregex%5D=false&_=1566648619899 HTTP/1.1" 200 3379 "https://www.octopustransferscroatia.com/admin/reservation" "Mozilla/5.0 (Linux; Android 8.1.0; Fresh_4G) AppleWebKit/537.36 (KHTML, like Gecko) Chrome/76.0.3809.89 Mobile Safari/537.36"
93.142.185.186 - - [24/Aug/2019:12:10:47 +0000] "GET /search?start_location=Split+Airport&end_location=Novalja&date=28.08.2019.&people=8&type=return HTTP/1.1" 200 5291 "https://www.octopustransferscroatia.com/search?start_location=Split+Airport&end_location=Novalja&date=28.08.2019.&people=10&type=oneway&type=return" "Mozilla/5.0 (Windows NT 6.1) AppleWebKit/537.36 (KHTML, like Gecko) Chrome/76.0.3809.100 Safari/537.36"
101.174.161.165 - - [24/Aug/2019:12:11:02 +0000] "GET /search?start_location=Split&end_location=Sarajevo+&date=01.10.2019.&people=4&type=oneway HTTP/1.1" 302 432 "https://www.octopustransferscroatia.com/" "Mozilla/5.0 (Linux; Android 6.0.1; SM-T800) AppleWebKit/537.36 (KHTML, like Gecko) Chrome/76.0.3809.111 Safari/537.36"
101.174.161.165 - - [24/Aug/2019:12:11:02 +0000] "GET /contact HTTP/1.1" 200 3396 "https://www.octopustransferscroatia.com/" "Mozilla/5.0 (Linux; Android 6.0.1; SM-T800) AppleWebKit/537.36 (KHTML, like Gecko) Chrome/76.0.3809.111 Safari/537.36"
213.162.80.134 - - [24/Aug/2019:12:11:04 +0000] "GET / HTTP/1.1" 200 5418 "https://www.google.com/" "Mozilla/5.0 (Linux; Android 8.0.0; WAS-LX1) AppleWebKit/537.36 (KHTML, like Gecko) Chrome/76.0.3809.111 Mobile Safari/537.36"
213.162.80.134 - - [24/Aug/2019:12:11:05 +0000] "GET /css/all.css?v=6 HTTP/1.1" 200 48625 "https://www.octopustransferscroatia.com/" "Mozilla/5.0 (Linux; Android 8.0.0; WAS-LX1) AppleWebKit/537.36 (KHTML, like Gecko) Chrome/76.0.3809.111 Mobile Safari/537.36"
213.162.80.134 - - [24/Aug/2019:12:11:05 +0000] "GET /css/flexslider.css HTTP/1.1" 200 1097 "https://www.octopustransferscroatia.com/" "Mozilla/5.0 (Linux; Android 8.0.0; WAS-LX1) AppleWebKit/537.36 (KHTML, like Gecko) Chrome/76.0.3809.111 Mobile Safari/537.36"
213.162.80.134 - - [24/Aug/2019:12:11:05 +0000] "GET /js/jquery.flexslider-min.js HTTP/1.1" 200 6427 "https://www.octopustransferscroatia.com/" "Mozilla/5.0 (Linux; Android 8.0.0; WAS-LX1) AppleWebKit/537.36 (KHTML, like Gecko) Chrome/76.0.3809.111 Mobile Safari/537.36"
213.162.80.134 - - [24/Aug/2019:12:11:05 +0000] "GET /images/octopus-logo.png HTTP/1.1" 200 10874 "https://www.octopustransferscroatia.com/" "Mozilla/5.0 (Linux; Android 8.0.0; WAS-LX1) AppleWebKit/537.36 (KHTML, like Gecko) Chrome/76.0.3809.111 Mobile Safari/537.36"
213.162.80.134 - - [24/Aug/2019:12:11:05 +0000] "GET /js/all.js?v=20 HTTP/1.1" 200 220450 "https://www.octopustransferscroatia.com/" "Mozilla/5.0 (Linux; Android 8.0.0; WAS-LX1) AppleWebKit/537.36 (KHTML, like Gecko) Chrome/76.0.3809.111 Mobile Safari/537.36"
213.162.80.134 - - [24/Aug/2019:12:11:05 +0000] "GET /fonts/fonts/themeenergy.woff2 HTTP/1.1" 200 357352 "https://www.octopustransferscroatia.com/css/all.css?v=6" "Mozilla/5.0 (Linux; Android 8.0.0; WAS-LX1) AppleWebKit/537.36 (KHTML, like Gecko) Chrome/76.0.3809.111 Mobile Safari/537.36"
213.162.80.134 - - [24/Aug/2019:12:11:05 +0000] "GET /images/backgrounds/split.jpg HTTP/1.1" 200 209419 "https://www.octopustransferscroatia.com/css/all.css?v=6" "Mozilla/5.0 (Linux; Android 8.0.0; WAS-LX1) AppleWebKit/537.36 (KHTML, like Gecko) Chrome/76.0.3809.111 Mobile Safari/537.36"
213.162.80.134 - - [24/Aug/2019:12:11:05 +0000] "GET /images/backgrounds/krka.jpg HTTP/1.1" 200 279601 "https://www.octopustransferscroatia.com/css/all.css?v=6" "Mozilla/5.0 (Linux; Android 8.0.0; WAS-LX1) AppleWebKit/537.36 (KHTML, like Gecko) Chrome/76.0.3809.111 Mobile Safari/537.36"
213.162.80.134 - - [24/Aug/2019:12:11:05 +0000] "GET /images/standard.png HTTP/1.1" 200 65207 "https://www.octopustransferscroatia.com/" "Mozilla/5.0 (Linux; Android 8.0.0; WAS-LX1) AppleWebKit/537.36 (KHTML, like Gecko) Chrome/76.0.3809.111 Mobile Safari/537.36"
213.162.80.134 - - [24/Aug/2019:12:11:05 +0000] "GET /images/backgrounds/plitvice.jpg HTTP/1.1" 200 376840 "https://www.octopustransferscroatia.com/css/all.css?v=6" "Mozilla/5.0 (Linux; Android 8.0.0; WAS-LX1) AppleWebKit/537.36 (KHTML, like Gecko) Chrome/76.0.3809.111 Mobile Safari/537.36"
213.162.80.134 - - [24/Aug/2019:12:11:05 +0000] "GET /images/minivan.png HTTP/1.1" 200 91295 "https://www.octopustransferscroatia.com/" "Mozilla/5.0 (Linux; Android 8.0.0; WAS-LX1) AppleWebKit/537.36 (KHTML, like Gecko) Chrome/76.0.3809.111 Mobile Safari/537.36"
213.162.80.134 - - [24/Aug/2019:12:11:06 +0000] "GET /images/minibus.png HTTP/1.1" 200 66935 "https://www.octopustransferscroatia.com/" "Mozilla/5.0 (Linux; Android 8.0.0; WAS-LX1) AppleWebKit/537.36 (KHTML, like Gecko) Chrome/76.0.3809.111 Mobile Safari/537.36"
213.162.80.134 - - [24/Aug/2019:12:11:06 +0000] "GET /images/bus.png HTTP/1.1" 200 111224 "https://www.octopustransferscroatia.com/" "Mozilla/5.0 (Linux; Android 8.0.0; WAS-LX1) AppleWebKit/537.36 (KHTML, like Gecko) Chrome/76.0.3809.111 Mobile Safari/537.36"
213.162.80.134 - - [24/Aug/2019:12:11:06 +0000] "GET /css/images/ui-bg_flat_75_ffffff_40x100.png HTTP/1.1" 200 178 "https://www.octopustransferscroatia.com/css/all.css?v=6" "Mozilla/5.0 (Linux; Android 8.0.0; WAS-LX1) AppleWebKit/537.36 (KHTML, like Gecko) Chrome/76.0.3809.111 Mobile Safari/537.36"
213.162.80.134 - - [24/Aug/2019:12:11:09 +0000] "GET /apple-touch-icon.png HTTP/1.1" 200 2510 "https://www.octopustransferscroatia.com/" "Mozilla/5.0 (Linux; Android 8.0.0; WAS-LX1) AppleWebKit/537.36 (KHTML, like Gecko) Chrome/76.0.3809.111 Mobile Safari/537.36"
213.162.80.134 - - [24/Aug/2019:12:11:09 +0000] "GET /favicon-32x32.png HTTP/1.1" 200 1372 "https://www.octopustransferscroatia.com/" "Mozilla/5.0 (Linux; Android 8.0.0; WAS-LX1) AppleWebKit/537.36 (KHTML, like Gecko) Chrome/76.0.3809.111 Mobile Safari/537.36"
213.162.80.134 - - [24/Aug/2019:12:11:09 +0000] "GET /manifest.json HTTP/1.1" 200 264 "https://www.octopustransferscroatia.com/" "Mozilla/5.0 (Linux; Android 8.0.0; WAS-LX1) AppleWebKit/537.36 (KHTML, like Gecko) Chrome/76.0.3809.111 Mobile Safari/537.36"
213.162.80.134 - - [24/Aug/2019:12:11:18 +0000] "GET / HTTP/1.1" 200 5418 "https://www.google.com/" "Mozilla/5.0 (Linux; Android 8.0.0; WAS-LX1) AppleWebKit/537.36 (KHTML, like Gecko) Chrome/76.0.3809.111 Mobile Safari/537.36"
213.162.80.134 - - [24/Aug/2019:12:11:24 +0000] "POST /startlocation HTTP/1.1" 200 847 "https://www.octopustransferscroatia.com/" "Mozilla/5.0 (Linux; Android 8.0.0; WAS-LX1) AppleWebKit/537.36 (KHTML, like Gecko) Chrome/76.0.3809.111 Mobile Safari/537.36"
213.162.80.134 - - [24/Aug/2019:12:11:30 +0000] "POST /startlocation HTTP/1.1" 200 70 "https://www.octopustransferscroatia.com/" "Mozilla/5.0 (Linux; Android 8.0.0; WAS-LX1) AppleWebKit/537.36 (KHTML, like Gecko) Chrome/76.0.3809.111 Mobile Safari/537.36"
213.162.80.134 - - [24/Aug/2019:12:11:32 +0000] "POST /startlocation HTTP/1.1" 200 2 "https://www.octopustransferscroatia.com/" "Mozilla/5.0 (Linux; Android 8.0.0; WAS-LX1) AppleWebKit/537.36 (KHTML, like Gecko) Chrome/76.0.3809.111 Mobile Safari/537.36"
213.162.80.134 - - [24/Aug/2019:12:11:49 +0000] "POST /endlocation HTTP/1.1" 200 103 "https://www.octopustransferscroatia.com/" "Mozilla/5.0 (Linux; Android 8.0.0; WAS-LX1) AppleWebKit/537.36 (KHTML, like Gecko) Chrome/76.0.3809.111 Mobile Safari/537.36"
213.162.80.134 - - [24/Aug/2019:12:11:54 +0000] "GET /css/images/ui-icons_777777_256x240.png HTTP/1.1" 200 6999 "https://www.octopustransferscroatia.com/css/all.css?v=6" "Mozilla/5.0 (Linux; Android 8.0.0; WAS-LX1) AppleWebKit/537.36 (KHTML, like Gecko) Chrome/76.0.3809.111 Mobile Safari/537.36"
213.162.80.134 - - [24/Aug/2019:12:11:54 +0000] "GET /css/images/ui-bg_flat_100_f5f5f5_40x100.png HTTP/1.1" 404 1104 "https://www.octopustransferscroatia.com/css/all.css?v=6" "Mozilla/5.0 (Linux; Android 8.0.0; WAS-LX1) AppleWebKit/537.36 (KHTML, like Gecko) Chrome/76.0.3809.111 Mobile Safari/537.36"
213.162.80.134 - - [24/Aug/2019:12:12:00 +0000] "GET /search?start_location=Petrcane+&end_location=Zadar&date=NaN.NaN.NaN.&people=2&type=oneway&type=return HTTP/1.1" 200 5359 "https://www.octopustransferscroatia.com/" "Mozilla/5.0 (Linux; Android 8.0.0; WAS-LX1) AppleWebKit/537.36 (KHTML, like Gecko) Chrome/76.0.3809.111 Mobile Safari/537.36"
213.162.80.134 - - [24/Aug/2019:12:12:00 +0000] "GET /uploads/thumbnails/b9fa83b452a64e29be3c294cc2e189e0.png HTTP/1.1" 200 253568 "https://www.octopustransferscroatia.com/search?start_location=Petrcane+&end_location=Zadar&date=NaN.NaN.NaN.&people=2&type=oneway&type=return" "Mozilla/5.0 (Linux; Android 8.0.0; WAS-LX1) AppleWebKit/537.36 (KHTML, like Gecko) Chrome/76.0.3809.111 Mobile Safari/537.36"
213.162.80.134 - - [24/Aug/2019:12:12:00 +0000] "GET /uploads/thumbnails/1cf0bbb292957a5a23d102741ffbef78.png HTTP/1.1" 200 294202 "https://www.octopustransferscroatia.com/search?start_location=Petrcane+&end_location=Zadar&date=NaN.NaN.NaN.&people=2&type=oneway&type=return" "Mozilla/5.0 (Linux; Android 8.0.0; WAS-LX1) AppleWebKit/537.36 (KHTML, like Gecko) Chrome/76.0.3809.111 Mobile Safari/537.36"
213.162.80.134 - - [24/Aug/2019:12:12:00 +0000] "GET /uploads/thumbnails/20fbc54c89d0ca6241588eb78dcde987.png HTTP/1.1" 200 393295 "https://www.octopustransferscroatia.com/search?start_location=Petrcane+&end_location=Zadar&date=NaN.NaN.NaN.&people=2&type=oneway&type=return" "Mozilla/5.0 (Linux; Android 8.0.0; WAS-LX1) AppleWebKit/537.36 (KHTML, like Gecko) Chrome/76.0.3809.111 Mobile Safari/537.36"
213.162.80.134 - - [24/Aug/2019:12:12:00 +0000] "GET /uploads/thumbnails/1e9de2c4f0bdf1208ef92bd5d8956580.png HTTP/1.1" 200 462885 "https://www.octopustransferscroatia.com/search?start_location=Petrcane+&end_location=Zadar&date=NaN.NaN.NaN.&people=2&type=oneway&type=return" "Mozilla/5.0 (Linux; Android 8.0.0; WAS-LX1) AppleWebKit/537.36 (KHTML, like Gecko) Chrome/76.0.3809.111 Mobile Safari/537.36"
213.162.80.134 - - [24/Aug/2019:12:12:04 +0000] "GET /css/images/ui-bg_flat_100_f5f5f5_40x100.png HTTP/1.1" 404 1104 "https://www.octopustransferscroatia.com/css/all.css?v=6" "Mozilla/5.0 (Linux; Android 8.0.0; WAS-LX1) AppleWebKit/537.36 (KHTML, like Gecko) Chrome/76.0.3809.111 Mobile Safari/537.36"
213.162.80.134 - - [24/Aug/2019:12:12:15 +0000] "GET /search?start_location=Petrcane+&end_location=Zadar&date=NaN.NaN.NaN.&people=2&type=return HTTP/1.1" 200 5359 "https://www.octopustransferscroatia.com/search?start_location=Petrcane+&end_location=Zadar&date=NaN.NaN.NaN.&people=2&type=oneway&type=return" "Mozilla/5.0 (Linux; Android 8.0.0; WAS-LX1) AppleWebKit/537.36 (KHTML, like Gecko) Chrome/76.0.3809.111 Mobile Safari/537.36"
101.174.161.165 - - [24/Aug/2019:12:16:08 +0000] "POST /mail HTTP/1.1" 302 440 "https://www.octopustransferscroatia.com/contact" "Mozilla/5.0 (Linux; Android 6.0.1; SM-T800) AppleWebKit/537.36 (KHTML, like Gecko) Chrome/76.0.3809.111 Safari/537.36"
101.174.161.165 - - [24/Aug/2019:12:16:09 +0000] "GET /thank-you HTTP/1.1" 200 2968 "https://www.octopustransferscroatia.com/contact" "Mozilla/5.0 (Linux; Android 6.0.1; SM-T800) AppleWebKit/537.36 (KHTML, like Gecko) Chrome/76.0.3809.111 Safari/537.36"
66.249.73.220 - - [24/Aug/2019:12:22:58 +0000] "GET /uploads/images/66924b4d37766ac72e897095cc2c98e1.jpg HTTP/1.1" 200 193368 "-" "Googlebot-Image/1.0"
213.147.114.242 - - [24/Aug/2019:12:23:46 +0000] "GET / HTTP/1.1" 200 5418 "https://www.google.de/" "Mozilla/5.0 (iPhone; CPU iPhone OS 12_4 like Mac OS X) AppleWebKit/605.1.15 (KHTML, like Gecko) Version/12.1.2 Mobile/15E148 Safari/604.1"
213.147.114.242 - - [24/Aug/2019:12:23:46 +0000] "GET /css/all.css?v=6 HTTP/1.1" 200 48625 "https://www.octopustransferscroatia.com/" "Mozilla/5.0 (iPhone; CPU iPhone OS 12_4 like Mac OS X) AppleWebKit/605.1.15 (KHTML, like Gecko) Version/12.1.2 Mobile/15E148 Safari/604.1"
213.147.114.242 - - [24/Aug/2019:12:23:46 +0000] "GET /css/flexslider.css HTTP/1.1" 200 1097 "https://www.octopustransferscroatia.com/" "Mozilla/5.0 (iPhone; CPU iPhone OS 12_4 like Mac OS X) AppleWebKit/605.1.15 (KHTML, like Gecko) Version/12.1.2 Mobile/15E148 Safari/604.1"
213.147.114.242 - - [24/Aug/2019:12:23:46 +0000] "GET /images/octopus-logo.png HTTP/1.1" 200 10874 "https://www.octopustransferscroatia.com/" "Mozilla/5.0 (iPhone; CPU iPhone OS 12_4 like Mac OS X) AppleWebKit/605.1.15 (KHTML, like Gecko) Version/12.1.2 Mobile/15E148 Safari/604.1"
213.147.114.242 - - [24/Aug/2019:12:23:46 +0000] "GET /js/all.js?v=20 HTTP/1.1" 200 220450 "https://www.octopustransferscroatia.com/" "Mozilla/5.0 (iPhone; CPU iPhone OS 12_4 like Mac OS X) AppleWebKit/605.1.15 (KHTML, like Gecko) Version/12.1.2 Mobile/15E148 Safari/604.1"
213.147.114.242 - - [24/Aug/2019:12:23:46 +0000] "GET /js/jquery.flexslider-min.js HTTP/1.1" 200 6427 "https://www.octopustransferscroatia.com/" "Mozilla/5.0 (iPhone; CPU iPhone OS 12_4 like Mac OS X) AppleWebKit/605.1.15 (KHTML, like Gecko) Version/12.1.2 Mobile/15E148 Safari/604.1"
213.147.114.242 - - [24/Aug/2019:12:23:46 +0000] "GET /fonts/fonts/themeenergy.woff2 HTTP/1.1" 200 357352 "https://www.octopustransferscroatia.com/" "Mozilla/5.0 (iPhone; CPU iPhone OS 12_4 like Mac OS X) AppleWebKit/605.1.15 (KHTML, like Gecko) Version/12.1.2 Mobile/15E148 Safari/604.1"
213.147.114.242 - - [24/Aug/2019:12:23:47 +0000] "GET /images/standard.png HTTP/1.1" 200 65207 "https://www.octopustransferscroatia.com/" "Mozilla/5.0 (iPhone; CPU iPhone OS 12_4 like Mac OS X) AppleWebKit/605.1.15 (KHTML, like Gecko) Version/12.1.2 Mobile/15E148 Safari/604.1"
213.147.114.242 - - [24/Aug/2019:12:23:47 +0000] "GET /images/minivan.png HTTP/1.1" 200 91295 "https://www.octopustransferscroatia.com/" "Mozilla/5.0 (iPhone; CPU iPhone OS 12_4 like Mac OS X) AppleWebKit/605.1.15 (KHTML, like Gecko) Version/12.1.2 Mobile/15E148 Safari/604.1"
213.147.114.242 - - [24/Aug/2019:12:23:47 +0000] "GET /images/minibus.png HTTP/1.1" 200 66935 "https://www.octopustransferscroatia.com/" "Mozilla/5.0 (iPhone; CPU iPhone OS 12_4 like Mac OS X) AppleWebKit/605.1.15 (KHTML, like Gecko) Version/12.1.2 Mobile/15E148 Safari/604.1"
213.147.114.242 - - [24/Aug/2019:12:23:47 +0000] "GET /images/bus.png HTTP/1.1" 200 111224 "https://www.octopustransferscroatia.com/" "Mozilla/5.0 (iPhone; CPU iPhone OS 12_4 like Mac OS X) AppleWebKit/605.1.15 (KHTML, like Gecko) Version/12.1.2 Mobile/15E148 Safari/604.1"
213.147.114.242 - - [24/Aug/2019:12:23:47 +0000] "GET /css/images/ui-bg_flat_75_ffffff_40x100.png HTTP/1.1" 200 178 "https://www.octopustransferscroatia.com/" "Mozilla/5.0 (iPhone; CPU iPhone OS 12_4 like Mac OS X) AppleWebKit/605.1.15 (KHTML, like Gecko) Version/12.1.2 Mobile/15E148 Safari/604.1"
213.147.114.242 - - [24/Aug/2019:12:23:47 +0000] "GET /images/backgrounds/krka.jpg HTTP/1.1" 200 279601 "https://www.octopustransferscroatia.com/" "Mozilla/5.0 (iPhone; CPU iPhone OS 12_4 like Mac OS X) AppleWebKit/605.1.15 (KHTML, like Gecko) Version/12.1.2 Mobile/15E148 Safari/604.1"
213.147.114.242 - - [24/Aug/2019:12:23:47 +0000] "GET /images/backgrounds/plitvice.jpg HTTP/1.1" 200 376840 "https://www.octopustransferscroatia.com/" "Mozilla/5.0 (iPhone; CPU iPhone OS 12_4 like Mac OS X) AppleWebKit/605.1.15 (KHTML, like Gecko) Version/12.1.2 Mobile/15E148 Safari/604.1"
213.147.114.242 - - [24/Aug/2019:12:23:47 +0000] "GET /images/backgrounds/split.jpg HTTP/1.1" 200 209419 "https://www.octopustransferscroatia.com/" "Mozilla/5.0 (iPhone; CPU iPhone OS 12_4 like Mac OS X) AppleWebKit/605.1.15 (KHTML, like Gecko) Version/12.1.2 Mobile/15E148 Safari/604.1"
73.24.186.18 - - [24/Aug/2019:12:25:28 +0000] "GET / HTTP/1.1" 200 5418 "-" "Mozilla/5.0 (Macintosh; Intel Mac OS X 10_14_5) AppleWebKit/605.1.15 (KHTML, like Gecko) Version/12.1.1 Safari/605.1.15"
73.24.186.18 - - [24/Aug/2019:12:25:28 +0000] "GET /css/all.css?v=6 HTTP/1.1" 200 48625 "https://www.octopustransferscroatia.com/" "Mozilla/5.0 (Macintosh; Intel Mac OS X 10_14_5) AppleWebKit/605.1.15 (KHTML, like Gecko) Version/12.1.1 Safari/605.1.15"
73.24.186.18 - - [24/Aug/2019:12:25:29 +0000] "GET /js/jquery.flexslider-min.js HTTP/1.1" 200 6427 "https://www.octopustransferscroatia.com/" "Mozilla/5.0 (Macintosh; Intel Mac OS X 10_14_5) AppleWebKit/605.1.15 (KHTML, like Gecko) Version/12.1.1 Safari/605.1.15"
73.24.186.18 - - [24/Aug/2019:12:25:29 +0000] "GET /images/standard.png HTTP/1.1" 200 65207 "https://www.octopustransferscroatia.com/" "Mozilla/5.0 (Macintosh; Intel Mac OS X 10_14_5) AppleWebKit/605.1.15 (KHTML, like Gecko) Version/12.1.1 Safari/605.1.15"
73.24.186.18 - - [24/Aug/2019:12:25:29 +0000] "GET /images/minivan.png HTTP/1.1" 200 91295 "https://www.octopustransferscroatia.com/" "Mozilla/5.0 (Macintosh; Intel Mac OS X 10_14_5) AppleWebKit/605.1.15 (KHTML, like Gecko) Version/12.1.1 Safari/605.1.15"
73.24.186.18 - - [24/Aug/2019:12:25:29 +0000] "GET /fonts/fonts/themeenergy.woff2 HTTP/1.1" 200 357352 "https://www.octopustransferscroatia.com/" "Mozilla/5.0 (Macintosh; Intel Mac OS X 10_14_5) AppleWebKit/605.1.15 (KHTML, like Gecko) Version/12.1.1 Safari/605.1.15"
73.24.186.18 - - [24/Aug/2019:12:25:38 +0000] "POST /startlocation HTTP/1.1" 200 846 "https://www.octopustransferscroatia.com/" "Mozilla/5.0 (Macintosh; Intel Mac OS X 10_14_5) AppleWebKit/605.1.15 (KHTML, like Gecko) Version/12.1.1 Safari/605.1.15"
14.200.28.8 - - [24/Aug/2019:12:25:42 +0000] "GET / HTTP/1.1" 200 5418 "https://www.google.com.au/" "Mozilla/5.0 (iPhone; CPU iPhone OS 12_4 like Mac OS X) AppleWebKit/605.1.15 (KHTML, like Gecko) Version/12.1.2 Mobile/15E148 Safari/604.1"
14.200.28.8 - - [24/Aug/2019:12:25:43 +0000] "GET /css/all.css?v=6 HTTP/1.1" 200 48625 "https://www.octopustransferscroatia.com/" "Mozilla/5.0 (iPhone; CPU iPhone OS 12_4 like Mac OS X) AppleWebKit/605.1.15 (KHTML, like Gecko) Version/12.1.2 Mobile/15E148 Safari/604.1"
14.200.28.8 - - [24/Aug/2019:12:25:44 +0000] "GET /css/flexslider.css HTTP/1.1" 200 1097 "https://www.octopustransferscroatia.com/" "Mozilla/5.0 (iPhone; CPU iPhone OS 12_4 like Mac OS X) AppleWebKit/605.1.15 (KHTML, like Gecko) Version/12.1.2 Mobile/15E148 Safari/604.1"
14.200.28.8 - - [24/Aug/2019:12:25:44 +0000] "GET /js/jquery.flexslider-min.js HTTP/1.1" 200 6427 "https://www.octopustransferscroatia.com/" "Mozilla/5.0 (iPhone; CPU iPhone OS 12_4 like Mac OS X) AppleWebKit/605.1.15 (KHTML, like Gecko) Version/12.1.2 Mobile/15E148 Safari/604.1"
14.200.28.8 - - [24/Aug/2019:12:25:44 +0000] "GET /images/octopus-logo.png HTTP/1.1" 200 10874 "https://www.octopustransferscroatia.com/" "Mozilla/5.0 (iPhone; CPU iPhone OS 12_4 like Mac OS X) AppleWebKit/605.1.15 (KHTML, like Gecko) Version/12.1.2 Mobile/15E148 Safari/604.1"
14.200.28.8 - - [24/Aug/2019:12:25:44 +0000] "GET /images/standard.png HTTP/1.1" 200 65207 "https://www.octopustransferscroatia.com/" "Mozilla/5.0 (iPhone; CPU iPhone OS 12_4 like Mac OS X) AppleWebKit/605.1.15 (KHTML, like Gecko) Version/12.1.2 Mobile/15E148 Safari/604.1"
14.200.28.8 - - [24/Aug/2019:12:25:44 +0000] "GET /images/minivan.png HTTP/1.1" 200 91295 "https://www.octopustransferscroatia.com/" "Mozilla/5.0 (iPhone; CPU iPhone OS 12_4 like Mac OS X) AppleWebKit/605.1.15 (KHTML, like Gecko) Version/12.1.2 Mobile/15E148 Safari/604.1"
14.200.28.8 - - [24/Aug/2019:12:25:44 +0000] "GET /images/minibus.png HTTP/1.1" 200 66935 "https://www.octopustransferscroatia.com/" "Mozilla/5.0 (iPhone; CPU iPhone OS 12_4 like Mac OS X) AppleWebKit/605.1.15 (KHTML, like Gecko) Version/12.1.2 Mobile/15E148 Safari/604.1"
14.200.28.8 - - [24/Aug/2019:12:25:44 +0000] "GET /js/all.js?v=20 HTTP/1.1" 200 220450 "https://www.octopustransferscroatia.com/" "Mozilla/5.0 (iPhone; CPU iPhone OS 12_4 like Mac OS X) AppleWebKit/605.1.15 (KHTML, like Gecko) Version/12.1.2 Mobile/15E148 Safari/604.1"
93.142.185.186 - - [24/Aug/2019:12:25:35 +0000] "GET /admin/reservation/export HTTP/1.1" 200 1965568 "https://www.octopustransferscroatia.com/admin/reservation" "Mozilla/5.0 (Windows NT 6.1) AppleWebKit/537.36 (KHTML, like Gecko) Chrome/76.0.3809.100 Safari/537.36"
14.200.28.8 - - [24/Aug/2019:12:25:47 +0000] "GET /images/bus.png HTTP/1.1" 200 111224 "https://www.octopustransferscroatia.com/" "Mozilla/5.0 (iPhone; CPU iPhone OS 12_4 like Mac OS X) AppleWebKit/605.1.15 (KHTML, like Gecko) Version/12.1.2 Mobile/15E148 Safari/604.1"
73.24.186.18 - - [24/Aug/2019:12:25:47 +0000] "POST /startlocation HTTP/1.1" 200 79 "https://www.octopustransferscroatia.com/" "Mozilla/5.0 (Macintosh; Intel Mac OS X 10_14_5) AppleWebKit/605.1.15 (KHTML, like Gecko) Version/12.1.1 Safari/605.1.15"
14.200.28.8 - - [24/Aug/2019:12:25:47 +0000] "GET /css/images/ui-bg_flat_75_ffffff_40x100.png HTTP/1.1" 200 178 "https://www.octopustransferscroatia.com/" "Mozilla/5.0 (iPhone; CPU iPhone OS 12_4 like Mac OS X) AppleWebKit/605.1.15 (KHTML, like Gecko) Version/12.1.2 Mobile/15E148 Safari/604.1"
14.200.28.8 - - [24/Aug/2019:12:25:47 +0000] "GET /images/backgrounds/krka.jpg HTTP/1.1" 200 279601 "https://www.octopustransferscroatia.com/" "Mozilla/5.0 (iPhone; CPU iPhone OS 12_4 like Mac OS X) AppleWebKit/605.1.15 (KHTML, like Gecko) Version/12.1.2 Mobile/15E148 Safari/604.1"
73.24.186.18 - - [24/Aug/2019:12:25:49 +0000] "POST /startlocation HTTP/1.1" 200 846 "https://www.octopustransferscroatia.com/" "Mozilla/5.0 (Macintosh; Intel Mac OS X 10_14_5) AppleWebKit/605.1.15 (KHTML, like Gecko) Version/12.1.1 Safari/605.1.15"
14.200.28.8 - - [24/Aug/2019:12:25:46 +0000] "GET /fonts/fonts/themeenergy.woff2 HTTP/1.1" 200 357352 "https://www.octopustransferscroatia.com/" "Mozilla/5.0 (iPhone; CPU iPhone OS 12_4 like Mac OS X) AppleWebKit/605.1.15 (KHTML, like Gecko) Version/12.1.2 Mobile/15E148 Safari/604.1"
14.200.28.8 - - [24/Aug/2019:12:25:50 +0000] "POST /startlocation HTTP/1.1" 200 583 "https://www.octopustransferscroatia.com/" "Mozilla/5.0 (iPhone; CPU iPhone OS 12_4 like Mac OS X) AppleWebKit/605.1.15 (KHTML, like Gecko) Version/12.1.2 Mobile/15E148 Safari/604.1"
14.200.28.8 - - [24/Aug/2019:12:25:50 +0000] "POST /startlocation HTTP/1.1" 200 107 "https://www.octopustransferscroatia.com/" "Mozilla/5.0 (iPhone; CPU iPhone OS 12_4 like Mac OS X) AppleWebKit/605.1.15 (KHTML, like Gecko) Version/12.1.2 Mobile/15E148 Safari/604.1"
73.24.186.18 - - [24/Aug/2019:12:25:51 +0000] "POST /startlocation HTTP/1.1" 200 105 "https://www.octopustransferscroatia.com/" "Mozilla/5.0 (Macintosh; Intel Mac OS X 10_14_5) AppleWebKit/605.1.15 (KHTML, like Gecko) Version/12.1.1 Safari/605.1.15"
14.200.28.8 - - [24/Aug/2019:12:25:51 +0000] "GET /images/backgrounds/split.jpg HTTP/1.1" 200 209419 "https://www.octopustransferscroatia.com/" "Mozilla/5.0 (iPhone; CPU iPhone OS 12_4 like Mac OS X) AppleWebKit/605.1.15 (KHTML, like Gecko) Version/12.1.2 Mobile/15E148 Safari/604.1"
14.200.28.8 - - [24/Aug/2019:12:25:51 +0000] "POST /startlocation HTTP/1.1" 200 74 "https://www.octopustransferscroatia.com/" "Mozilla/5.0 (iPhone; CPU iPhone OS 12_4 like Mac OS X) AppleWebKit/605.1.15 (KHTML, like Gecko) Version/12.1.2 Mobile/15E148 Safari/604.1"
14.200.28.8 - - [24/Aug/2019:12:25:51 +0000] "POST /startlocation HTTP/1.1" 200 74 "https://www.octopustransferscroatia.com/" "Mozilla/5.0 (iPhone; CPU iPhone OS 12_4 like Mac OS X) AppleWebKit/605.1.15 (KHTML, like Gecko) Version/12.1.2 Mobile/15E148 Safari/604.1"
73.24.186.18 - - [24/Aug/2019:12:25:51 +0000] "POST /startlocation HTTP/1.1" 200 105 "https://www.octopustransferscroatia.com/" "Mozilla/5.0 (Macintosh; Intel Mac OS X 10_14_5) AppleWebKit/605.1.15 (KHTML, like Gecko) Version/12.1.1 Safari/605.1.15"
14.200.28.8 - - [24/Aug/2019:12:25:52 +0000] "POST /startlocation HTTP/1.1" 200 74 "https://www.octopustransferscroatia.com/" "Mozilla/5.0 (iPhone; CPU iPhone OS 12_4 like Mac OS X) AppleWebKit/605.1.15 (KHTML, like Gecko) Version/12.1.2 Mobile/15E148 Safari/604.1"
14.200.28.8 - - [24/Aug/2019:12:25:53 +0000] "POST /startlocation HTTP/1.1" 200 74 "https://www.octopustransferscroatia.com/" "Mozilla/5.0 (iPhone; CPU iPhone OS 12_4 like Mac OS X) AppleWebKit/605.1.15 (KHTML, like Gecko) Version/12.1.2 Mobile/15E148 Safari/604.1"
14.200.28.8 - - [24/Aug/2019:12:25:48 +0000] "GET /images/backgrounds/plitvice.jpg HTTP/1.1" 200 376840 "https://www.octopustransferscroatia.com/" "Mozilla/5.0 (iPhone; CPU iPhone OS 12_4 like Mac OS X) AppleWebKit/605.1.15 (KHTML, like Gecko) Version/12.1.2 Mobile/15E148 Safari/604.1"
73.24.186.18 - - [24/Aug/2019:12:25:57 +0000] "POST /endlocation HTTP/1.1" 200 69 "https://www.octopustransferscroatia.com/" "Mozilla/5.0 (Macintosh; Intel Mac OS X 10_14_5) AppleWebKit/605.1.15 (KHTML, like Gecko) Version/12.1.1 Safari/605.1.15"
73.24.186.18 - - [24/Aug/2019:12:25:58 +0000] "POST /endlocation HTTP/1.1" 200 69 "https://www.octopustransferscroatia.com/" "Mozilla/5.0 (Macintosh; Intel Mac OS X 10_14_5) AppleWebKit/605.1.15 (KHTML, like Gecko) Version/12.1.1 Safari/605.1.15"
14.200.28.8 - - [24/Aug/2019:12:26:00 +0000] "POST /startlocation HTTP/1.1" 200 74 "https://www.octopustransferscroatia.com/" "Mozilla/5.0 (iPhone; CPU iPhone OS 12_4 like Mac OS X) AppleWebKit/605.1.15 (KHTML, like Gecko) Version/12.1.2 Mobile/15E148 Safari/604.1"
73.24.186.18 - - [24/Aug/2019:12:26:01 +0000] "GET /css/images/ui-bg_flat_100_f5f5f5_40x100.png HTTP/1.1" 404 1104 "https://www.octopustransferscroatia.com/" "Mozilla/5.0 (Macintosh; Intel Mac OS X 10_14_5) AppleWebKit/605.1.15 (KHTML, like Gecko) Version/12.1.1 Safari/605.1.15"
73.24.186.18 - - [24/Aug/2019:12:26:02 +0000] "GET /css/images/ui-icons_ffffff_256x240.png HTTP/1.1" 200 6299 "https://www.octopustransferscroatia.com/" "Mozilla/5.0 (Macintosh; Intel Mac OS X 10_14_5) AppleWebKit/605.1.15 (KHTML, like Gecko) Version/12.1.1 Safari/605.1.15"
14.200.28.8 - - [24/Aug/2019:12:26:02 +0000] "POST /startlocation HTTP/1.1" 200 162 "https://www.octopustransferscroatia.com/" "Mozilla/5.0 (iPhone; CPU iPhone OS 12_4 like Mac OS X) AppleWebKit/605.1.15 (KHTML, like Gecko) Version/12.1.2 Mobile/15E148 Safari/604.1"
14.200.28.8 - - [24/Aug/2019:12:26:03 +0000] "GET /favicon-32x32.png HTTP/1.1" 200 1372 "https://www.octopustransferscroatia.com/" "Mozilla/5.0 (iPhone; CPU iPhone OS 12_4 like Mac OS X) AppleWebKit/605.1.15 (KHTML, like Gecko) Version/12.1.2 Mobile/15E148 Safari/604.1"
14.200.28.8 - - [24/Aug/2019:12:26:03 +0000] "POST /startlocation HTTP/1.1" 200 69 "https://www.octopustransferscroatia.com/" "Mozilla/5.0 (iPhone; CPU iPhone OS 12_4 like Mac OS X) AppleWebKit/605.1.15 (KHTML, like Gecko) Version/12.1.2 Mobile/15E148 Safari/604.1"
14.200.28.8 - - [24/Aug/2019:12:26:04 +0000] "POST /startlocation HTTP/1.1" 200 69 "https://www.octopustransferscroatia.com/" "Mozilla/5.0 (iPhone; CPU iPhone OS 12_4 like Mac OS X) AppleWebKit/605.1.15 (KHTML, like Gecko) Version/12.1.2 Mobile/15E148 Safari/604.1"
14.200.28.8 - - [24/Aug/2019:12:26:04 +0000] "GET /favicon-16x16.png HTTP/1.1" 200 885 "https://www.octopustransferscroatia.com/" "Mozilla/5.0 (iPhone; CPU iPhone OS 12_4 like Mac OS X) AppleWebKit/605.1.15 (KHTML, like Gecko) Version/12.1.2 Mobile/15E148 Safari/604.1"
14.200.28.8 - - [24/Aug/2019:12:26:04 +0000] "GET /images/favicon.ico HTTP/1.1" 200 894 "https://www.octopustransferscroatia.com/" "Mozilla/5.0 (iPhone; CPU iPhone OS 12_4 like Mac OS X) AppleWebKit/605.1.15 (KHTML, like Gecko) Version/12.1.2 Mobile/15E148 Safari/604.1"
14.200.28.8 - - [24/Aug/2019:12:26:07 +0000] "POST /endlocation HTTP/1.1" 200 165 "https://www.octopustransferscroatia.com/" "Mozilla/5.0 (iPhone; CPU iPhone OS 12_4 like Mac OS X) AppleWebKit/605.1.15 (KHTML, like Gecko) Version/12.1.2 Mobile/15E148 Safari/604.1"
14.200.28.8 - - [24/Aug/2019:12:26:08 +0000] "POST /endlocation HTTP/1.1" 200 2 "https://www.octopustransferscroatia.com/" "Mozilla/5.0 (iPhone; CPU iPhone OS 12_4 like Mac OS X) AppleWebKit/605.1.15 (KHTML, like Gecko) Version/12.1.2 Mobile/15E148 Safari/604.1"
14.200.28.8 - - [24/Aug/2019:12:26:08 +0000] "POST /endlocation HTTP/1.1" 200 2 "https://www.octopustransferscroatia.com/" "Mozilla/5.0 (iPhone; CPU iPhone OS 12_4 like Mac OS X) AppleWebKit/605.1.15 (KHTML, like Gecko) Version/12.1.2 Mobile/15E148 Safari/604.1"
14.200.28.8 - - [24/Aug/2019:12:26:10 +0000] "POST /endlocation HTTP/1.1" 200 2 "https://www.octopustransferscroatia.com/" "Mozilla/5.0 (iPhone; CPU iPhone OS 12_4 like Mac OS X) AppleWebKit/605.1.15 (KHTML, like Gecko) Version/12.1.2 Mobile/15E148 Safari/604.1"
14.200.28.8 - - [24/Aug/2019:12:26:12 +0000] "POST /endlocation HTTP/1.1" 200 2 "https://www.octopustransferscroatia.com/" "Mozilla/5.0 (iPhone; CPU iPhone OS 12_4 like Mac OS X) AppleWebKit/605.1.15 (KHTML, like Gecko) Version/12.1.2 Mobile/15E148 Safari/604.1"
14.200.28.8 - - [24/Aug/2019:12:26:13 +0000] "POST /endlocation HTTP/1.1" 200 2 "https://www.octopustransferscroatia.com/" "Mozilla/5.0 (iPhone; CPU iPhone OS 12_4 like Mac OS X) AppleWebKit/605.1.15 (KHTML, like Gecko) Version/12.1.2 Mobile/15E148 Safari/604.1"
14.200.28.8 - - [24/Aug/2019:12:26:14 +0000] "POST /endlocation HTTP/1.1" 200 2 "https://www.octopustransferscroatia.com/" "Mozilla/5.0 (iPhone; CPU iPhone OS 12_4 like Mac OS X) AppleWebKit/605.1.15 (KHTML, like Gecko) Version/12.1.2 Mobile/15E148 Safari/604.1"
14.200.28.8 - - [24/Aug/2019:12:26:15 +0000] "POST /endlocation HTTP/1.1" 200 165 "https://www.octopustransferscroatia.com/" "Mozilla/5.0 (iPhone; CPU iPhone OS 12_4 like Mac OS X) AppleWebKit/605.1.15 (KHTML, like Gecko) Version/12.1.2 Mobile/15E148 Safari/604.1"
14.200.28.8 - - [24/Aug/2019:12:26:18 +0000] "POST /endlocation HTTP/1.1" 200 2 "https://www.octopustransferscroatia.com/" "Mozilla/5.0 (iPhone; CPU iPhone OS 12_4 like Mac OS X) AppleWebKit/605.1.15 (KHTML, like Gecko) Version/12.1.2 Mobile/15E148 Safari/604.1"
14.200.28.8 - - [24/Aug/2019:12:26:20 +0000] "POST /endlocation HTTP/1.1" 200 2 "https://www.octopustransferscroatia.com/" "Mozilla/5.0 (iPhone; CPU iPhone OS 12_4 like Mac OS X) AppleWebKit/605.1.15 (KHTML, like Gecko) Version/12.1.2 Mobile/15E148 Safari/604.1"
14.200.28.8 - - [24/Aug/2019:12:26:21 +0000] "POST /endlocation HTTP/1.1" 200 2 "https://www.octopustransferscroatia.com/" "Mozilla/5.0 (iPhone; CPU iPhone OS 12_4 like Mac OS X) AppleWebKit/605.1.15 (KHTML, like Gecko) Version/12.1.2 Mobile/15E148 Safari/604.1"
14.200.28.8 - - [24/Aug/2019:12:26:21 +0000] "POST /endlocation HTTP/1.1" 200 2 "https://www.octopustransferscroatia.com/" "Mozilla/5.0 (iPhone; CPU iPhone OS 12_4 like Mac OS X) AppleWebKit/605.1.15 (KHTML, like Gecko) Version/12.1.2 Mobile/15E148 Safari/604.1"
14.200.28.8 - - [24/Aug/2019:12:26:22 +0000] "POST /endlocation HTTP/1.1" 200 2 "https://www.octopustransferscroatia.com/" "Mozilla/5.0 (iPhone; CPU iPhone OS 12_4 like Mac OS X) AppleWebKit/605.1.15 (KHTML, like Gecko) Version/12.1.2 Mobile/15E148 Safari/604.1"
14.200.28.8 - - [24/Aug/2019:12:26:22 +0000] "POST /endlocation HTTP/1.1" 200 2 "https://www.octopustransferscroatia.com/" "Mozilla/5.0 (iPhone; CPU iPhone OS 12_4 like Mac OS X) AppleWebKit/605.1.15 (KHTML, like Gecko) Version/12.1.2 Mobile/15E148 Safari/604.1"
14.200.28.8 - - [24/Aug/2019:12:26:23 +0000] "POST /endlocation HTTP/1.1" 200 2 "https://www.octopustransferscroatia.com/" "Mozilla/5.0 (iPhone; CPU iPhone OS 12_4 like Mac OS X) AppleWebKit/605.1.15 (KHTML, like Gecko) Version/12.1.2 Mobile/15E148 Safari/604.1"
14.200.28.8 - - [24/Aug/2019:12:26:23 +0000] "GET /css/images/ui-icons_777777_256x240.png HTTP/1.1" 200 6999 "https://www.octopustransferscroatia.com/" "Mozilla/5.0 (iPhone; CPU iPhone OS 12_4 like Mac OS X) AppleWebKit/605.1.15 (KHTML, like Gecko) Version/12.1.2 Mobile/15E148 Safari/604.1"
14.200.28.8 - - [24/Aug/2019:12:26:23 +0000] "GET /css/images/ui-bg_flat_100_f5f5f5_40x100.png HTTP/1.1" 404 1104 "https://www.octopustransferscroatia.com/" "Mozilla/5.0 (iPhone; CPU iPhone OS 12_4 like Mac OS X) AppleWebKit/605.1.15 (KHTML, like Gecko) Version/12.1.2 Mobile/15E148 Safari/604.1"
14.200.28.8 - - [24/Aug/2019:12:26:25 +0000] "GET /css/images/ui-icons_ffffff_256x240.png HTTP/1.1" 200 6299 "https://www.octopustransferscroatia.com/" "Mozilla/5.0 (iPhone; CPU iPhone OS 12_4 like Mac OS X) AppleWebKit/605.1.15 (KHTML, like Gecko) Version/12.1.2 Mobile/15E148 Safari/604.1"
73.24.186.18 - - [24/Aug/2019:12:26:27 +0000] "GET /search?start_location=Split+Airport&end_location=Split&date=29.08.2019.&people=2&type=oneway HTTP/1.1" 200 5175 "https://www.octopustransferscroatia.com/" "Mozilla/5.0 (Macintosh; Intel Mac OS X 10_14_5) AppleWebKit/605.1.15 (KHTML, like Gecko) Version/12.1.1 Safari/605.1.15"
73.24.186.18 - - [24/Aug/2019:12:26:27 +0000] "GET /uploads/thumbnails/1e9de2c4f0bdf1208ef92bd5d8956580.png HTTP/1.1" 200 462885 "https://www.octopustransferscroatia.com/search?start_location=Split+Airport&end_location=Split&date=29.08.2019.&people=2&type=oneway" "Mozilla/5.0 (Macintosh; Intel Mac OS X 10_14_5) AppleWebKit/605.1.15 (KHTML, like Gecko) Version/12.1.1 Safari/605.1.15"
73.24.186.18 - - [24/Aug/2019:12:26:29 +0000] "GET /favicon-16x16.png HTTP/1.1" 200 885 "https://www.octopustransferscroatia.com/search?start_location=Split+Airport&end_location=Split&date=29.08.2019.&people=2&type=oneway" "Mozilla/5.0 (Macintosh; Intel Mac OS X 10_14_5) AppleWebKit/605.1.15 (KHTML, like Gecko) Version/12.1.1 Safari/605.1.15"
14.200.28.8 - - [24/Aug/2019:12:26:30 +0000] "GET /search?start_location=Zagreb&end_location=Dubrovnik&date=01.10.2019.&people=3&type=oneway HTTP/1.1" 302 432 "https://www.octopustransferscroatia.com/" "Mozilla/5.0 (iPhone; CPU iPhone OS 12_4 like Mac OS X) AppleWebKit/605.1.15 (KHTML, like Gecko) Version/12.1.2 Mobile/15E148 Safari/604.1"
14.200.28.8 - - [24/Aug/2019:12:26:30 +0000] "GET /contact HTTP/1.1" 200 3397 "https://www.octopustransferscroatia.com/" "Mozilla/5.0 (iPhone; CPU iPhone OS 12_4 like Mac OS X) AppleWebKit/605.1.15 (KHTML, like Gecko) Version/12.1.2 Mobile/15E148 Safari/604.1"
93.143.39.191 - - [24/Aug/2019:12:32:49 +0000] "GET /admin/reservation/export HTTP/1.1" 200 1965568 "https://www.octopustransferscroatia.com/admin/reservation" "Mozilla/5.0 (Macintosh; Intel Mac OS X 10_11_6) AppleWebKit/537.36 (KHTML, like Gecko) Chrome/76.0.3809.100 Safari/537.36"
157.55.39.68 - - [24/Aug/2019:12:35:19 +0000] "GET /blog/split-airport-to-dubrovnik-transfer HTTP/1.1" 200 4145 "-" "Mozilla/5.0 (compatible; bingbot/2.0; +http://www.bing.com/bingbot.htm)"
66.249.73.222 - - [24/Aug/2019:12:36:17 +0000] "GET /uploads/thumbnails/a622ec31a2cfb72b897406a849541fdb.jpg HTTP/1.1" 304 - "-" "Googlebot-Image/1.0"
86.156.102.110 - - [24/Aug/2019:12:37:40 +0000] "GET / HTTP/1.1" 200 5418 "https://www.google.com/" "Mozilla/5.0 (Windows NT 6.1) AppleWebKit/537.36 (KHTML, like Gecko) Chrome/76.0.3809.100 Safari/537.36"
86.156.102.110 - - [24/Aug/2019:12:37:41 +0000] "GET /css/flexslider.css HTTP/1.1" 200 1097 "https://www.octopustransferscroatia.com/" "Mozilla/5.0 (Windows NT 6.1) AppleWebKit/537.36 (KHTML, like Gecko) Chrome/76.0.3809.100 Safari/537.36"
86.156.102.110 - - [24/Aug/2019:12:37:41 +0000] "GET /css/all.css?v=6 HTTP/1.1" 200 48625 "https://www.octopustransferscroatia.com/" "Mozilla/5.0 (Windows NT 6.1) AppleWebKit/537.36 (KHTML, like Gecko) Chrome/76.0.3809.100 Safari/537.36"
86.156.102.110 - - [24/Aug/2019:12:37:41 +0000] "GET /js/all.js?v=20 HTTP/1.1" 200 220450 "https://www.octopustransferscroatia.com/" "Mozilla/5.0 (Windows NT 6.1) AppleWebKit/537.36 (KHTML, like Gecko) Chrome/76.0.3809.100 Safari/537.36"
86.156.102.110 - - [24/Aug/2019:12:37:41 +0000] "GET /js/jquery.flexslider-min.js HTTP/1.1" 200 6427 "https://www.octopustransferscroatia.com/" "Mozilla/5.0 (Windows NT 6.1) AppleWebKit/537.36 (KHTML, like Gecko) Chrome/76.0.3809.100 Safari/537.36"
86.156.102.110 - - [24/Aug/2019:12:37:41 +0000] "GET /images/octopus-logo.png HTTP/1.1" 200 10874 "https://www.octopustransferscroatia.com/" "Mozilla/5.0 (Windows NT 6.1) AppleWebKit/537.36 (KHTML, like Gecko) Chrome/76.0.3809.100 Safari/537.36"
86.156.102.110 - - [24/Aug/2019:12:37:42 +0000] "GET /fonts/fonts/themeenergy.woff2 HTTP/1.1" 200 357352 "https://www.octopustransferscroatia.com/css/all.css?v=6" "Mozilla/5.0 (Windows NT 6.1) AppleWebKit/537.36 (KHTML, like Gecko) Chrome/76.0.3809.100 Safari/537.36"
86.156.102.110 - - [24/Aug/2019:12:37:42 +0000] "GET /images/backgrounds/krka.jpg HTTP/1.1" 200 279601 "https://www.octopustransferscroatia.com/css/all.css?v=6" "Mozilla/5.0 (Windows NT 6.1) AppleWebKit/537.36 (KHTML, like Gecko) Chrome/76.0.3809.100 Safari/537.36"
86.156.102.110 - - [24/Aug/2019:12:37:42 +0000] "GET /images/minibus.png HTTP/1.1" 200 66935 "https://www.octopustransferscroatia.com/" "Mozilla/5.0 (Windows NT 6.1) AppleWebKit/537.36 (KHTML, like Gecko) Chrome/76.0.3809.100 Safari/537.36"
86.156.102.110 - - [24/Aug/2019:12:37:42 +0000] "GET /images/standard.png HTTP/1.1" 200 65207 "https://www.octopustransferscroatia.com/" "Mozilla/5.0 (Windows NT 6.1) AppleWebKit/537.36 (KHTML, like Gecko) Chrome/76.0.3809.100 Safari/537.36"
86.156.102.110 - - [24/Aug/2019:12:37:42 +0000] "GET /images/minivan.png HTTP/1.1" 200 91295 "https://www.octopustransferscroatia.com/" "Mozilla/5.0 (Windows NT 6.1) AppleWebKit/537.36 (KHTML, like Gecko) Chrome/76.0.3809.100 Safari/537.36"
86.156.102.110 - - [24/Aug/2019:12:37:42 +0000] "GET /images/backgrounds/split.jpg HTTP/1.1" 200 209419 "https://www.octopustransferscroatia.com/css/all.css?v=6" "Mozilla/5.0 (Windows NT 6.1) AppleWebKit/537.36 (KHTML, like Gecko) Chrome/76.0.3809.100 Safari/537.36"
86.156.102.110 - - [24/Aug/2019:12:37:42 +0000] "GET /images/backgrounds/plitvice.jpg HTTP/1.1" 200 376840 "https://www.octopustransferscroatia.com/css/all.css?v=6" "Mozilla/5.0 (Windows NT 6.1) AppleWebKit/537.36 (KHTML, like Gecko) Chrome/76.0.3809.100 Safari/537.36"
86.156.102.110 - - [24/Aug/2019:12:37:42 +0000] "GET /css/images/ui-bg_flat_75_ffffff_40x100.png HTTP/1.1" 200 178 "https://www.octopustransferscroatia.com/css/all.css?v=6" "Mozilla/5.0 (Windows NT 6.1) AppleWebKit/537.36 (KHTML, like Gecko) Chrome/76.0.3809.100 Safari/537.36"
86.156.102.110 - - [24/Aug/2019:12:37:42 +0000] "GET /images/bus.png HTTP/1.1" 200 111224 "https://www.octopustransferscroatia.com/" "Mozilla/5.0 (Windows NT 6.1) AppleWebKit/537.36 (KHTML, like Gecko) Chrome/76.0.3809.100 Safari/537.36"
86.156.102.110 - - [24/Aug/2019:12:37:44 +0000] "GET /images/favicon.ico HTTP/1.1" 200 894 "https://www.octopustransferscroatia.com/" "Mozilla/5.0 (Windows NT 6.1) AppleWebKit/537.36 (KHTML, like Gecko) Chrome/76.0.3809.100 Safari/537.36"
86.156.102.110 - - [24/Aug/2019:12:37:44 +0000] "GET /favicon-32x32.png HTTP/1.1" 200 1372 "https://www.octopustransferscroatia.com/" "Mozilla/5.0 (Windows NT 6.1) AppleWebKit/537.36 (KHTML, like Gecko) Chrome/76.0.3809.100 Safari/537.36"
86.156.102.110 - - [24/Aug/2019:12:37:44 +0000] "GET /manifest.json HTTP/1.1" 200 264 "https://www.octopustransferscroatia.com/" "Mozilla/5.0 (Windows NT 6.1) AppleWebKit/537.36 (KHTML, like Gecko) Chrome/76.0.3809.100 Safari/537.36"
66.249.73.66 - - [24/Aug/2019:12:37:57 +0000] "GET /ads.txt HTTP/1.1" 301 255 "-" "Mozilla/5.0 (compatible; Googlebot/2.1; +http://www.google.com/bot.html)"
86.156.102.110 - - [24/Aug/2019:12:37:58 +0000] "POST /startlocation HTTP/1.1" 200 846 "https://www.octopustransferscroatia.com/" "Mozilla/5.0 (Windows NT 6.1) AppleWebKit/537.36 (KHTML, like Gecko) Chrome/76.0.3809.100 Safari/537.36"
86.156.102.110 - - [24/Aug/2019:12:37:58 +0000] "POST /startlocation HTTP/1.1" 200 105 "https://www.octopustransferscroatia.com/" "Mozilla/5.0 (Windows NT 6.1) AppleWebKit/537.36 (KHTML, like Gecko) Chrome/76.0.3809.100 Safari/537.36"
86.156.102.110 - - [24/Aug/2019:12:38:04 +0000] "POST /endlocation HTTP/1.1" 200 33 "https://www.octopustransferscroatia.com/" "Mozilla/5.0 (Windows NT 6.1) AppleWebKit/537.36 (KHTML, like Gecko) Chrome/76.0.3809.100 Safari/537.36"
86.156.102.110 - - [24/Aug/2019:12:38:05 +0000] "POST /endlocation HTTP/1.1" 200 33 "https://www.octopustransferscroatia.com/" "Mozilla/5.0 (Windows NT 6.1) AppleWebKit/537.36 (KHTML, like Gecko) Chrome/76.0.3809.100 Safari/537.36"
86.156.102.110 - - [24/Aug/2019:12:38:05 +0000] "POST /endlocation HTTP/1.1" 200 33 "https://www.octopustransferscroatia.com/" "Mozilla/5.0 (Windows NT 6.1) AppleWebKit/537.36 (KHTML, like Gecko) Chrome/76.0.3809.100 Safari/537.36"
86.156.102.110 - - [24/Aug/2019:12:38:07 +0000] "GET /css/images/ui-icons_777777_256x240.png HTTP/1.1" 200 6999 "https://www.octopustransferscroatia.com/css/all.css?v=6" "Mozilla/5.0 (Windows NT 6.1) AppleWebKit/537.36 (KHTML, like Gecko) Chrome/76.0.3809.100 Safari/537.36"
86.156.102.110 - - [24/Aug/2019:12:38:07 +0000] "GET /css/images/ui-bg_flat_100_f5f5f5_40x100.png HTTP/1.1" 404 1104 "https://www.octopustransferscroatia.com/css/all.css?v=6" "Mozilla/5.0 (Windows NT 6.1) AppleWebKit/537.36 (KHTML, like Gecko) Chrome/76.0.3809.100 Safari/537.36"
86.156.102.110 - - [24/Aug/2019:12:38:10 +0000] "GET /css/images/ui-icons_ffffff_256x240.png HTTP/1.1" 200 6299 "https://www.octopustransferscroatia.com/css/all.css?v=6" "Mozilla/5.0 (Windows NT 6.1) AppleWebKit/537.36 (KHTML, like Gecko) Chrome/76.0.3809.100 Safari/537.36"
