47.209.5.215 - - [28/Aug/2019:02:09:24 +0000] "GET /css/images/ui-bg_flat_75_ffffff_40x100.png HTTP/1.1" 200 178 "https://www.octopustransferscroatia.com/css/all.css?v=6" "Mozilla/5.0 (Macintosh; Intel Mac OS X 10_13_6) AppleWebKit/537.36 (KHTML, like Gecko) Chrome/76.0.3809.132 Safari/537.36"
47.209.5.215 - - [28/Aug/2019:02:09:24 +0000] "GET /images/standard.png HTTP/1.1" 200 65207 "https://www.octopustransferscroatia.com/" "Mozilla/5.0 (Macintosh; Intel Mac OS X 10_13_6) AppleWebKit/537.36 (KHTML, like Gecko) Chrome/76.0.3809.132 Safari/537.36"
47.209.5.215 - - [28/Aug/2019:02:09:27 +0000] "GET /images/favicon.ico HTTP/1.1" 200 894 "https://www.octopustransferscroatia.com/" "Mozilla/5.0 (Macintosh; Intel Mac OS X 10_13_6) AppleWebKit/537.36 (KHTML, like Gecko) Chrome/76.0.3809.132 Safari/537.36"
47.209.5.215 - - [28/Aug/2019:02:09:27 +0000] "GET /favicon-32x32.png HTTP/1.1" 200 1372 "https://www.octopustransferscroatia.com/" "Mozilla/5.0 (Macintosh; Intel Mac OS X 10_13_6) AppleWebKit/537.36 (KHTML, like Gecko) Chrome/76.0.3809.132 Safari/537.36"
47.209.5.215 - - [28/Aug/2019:02:09:28 +0000] "GET /manifest.json HTTP/1.1" 200 264 "https://www.octopustransferscroatia.com/" "Mozilla/5.0 (Macintosh; Intel Mac OS X 10_13_6) AppleWebKit/537.36 (KHTML, like Gecko) Chrome/76.0.3809.132 Safari/537.36"
47.209.5.215 - - [28/Aug/2019:02:10:06 +0000] "POST /startlocation HTTP/1.1" 200 254 "https://www.octopustransferscroatia.com/" "Mozilla/5.0 (Macintosh; Intel Mac OS X 10_13_6) AppleWebKit/537.36 (KHTML, like Gecko) Chrome/76.0.3809.132 Safari/537.36"
47.209.5.215 - - [28/Aug/2019:02:10:07 +0000] "POST /startlocation HTTP/1.1" 200 162 "https://www.octopustransferscroatia.com/" "Mozilla/5.0 (Macintosh; Intel Mac OS X 10_13_6) AppleWebKit/537.36 (KHTML, like Gecko) Chrome/76.0.3809.132 Safari/537.36"
95.216.1.46 - - [28/Aug/2019:02:12:28 +0000] "GET /robots.txt HTTP/1.1" 301 258 "-" "Mozilla/5.0 (compatible; MJ12bot/v1.4.8; http://mj12bot.com/)"
95.216.1.46 - - [28/Aug/2019:02:12:30 +0000] "GET /robots.txt HTTP/1.1" 200 24 "-" "Mozilla/5.0 (compatible; MJ12bot/v1.4.8; http://mj12bot.com/)"
95.216.1.46 - - [28/Aug/2019:02:12:40 +0000] "GET /reviews/ HTTP/1.1" 301 256 "-" "Mozilla/5.0 (compatible; MJ12bot/v1.4.8; http://mj12bot.com/)"
95.216.1.46 - - [28/Aug/2019:02:12:47 +0000] "GET /reviews/ HTTP/1.1" 301 254 "-" "Mozilla/5.0 (compatible; MJ12bot/v1.4.8; http://mj12bot.com/)"
47.209.5.215 - - [28/Aug/2019:02:12:54 +0000] "POST /endlocation HTTP/1.1" 200 59 "https://www.octopustransferscroatia.com/" "Mozilla/5.0 (Macintosh; Intel Mac OS X 10_13_6) AppleWebKit/537.36 (KHTML, like Gecko) Chrome/76.0.3809.132 Safari/537.36"
47.209.5.215 - - [28/Aug/2019:02:12:55 +0000] "POST /endlocation HTTP/1.1" 200 59 "https://www.octopustransferscroatia.com/" "Mozilla/5.0 (Macintosh; Intel Mac OS X 10_13_6) AppleWebKit/537.36 (KHTML, like Gecko) Chrome/76.0.3809.132 Safari/537.36"
47.209.5.215 - - [28/Aug/2019:02:12:55 +0000] "POST /endlocation HTTP/1.1" 200 29 "https://www.octopustransferscroatia.com/" "Mozilla/5.0 (Macintosh; Intel Mac OS X 10_13_6) AppleWebKit/537.36 (KHTML, like Gecko) Chrome/76.0.3809.132 Safari/537.36"
95.216.1.46 - - [28/Aug/2019:02:12:56 +0000] "GET /robots.txt HTTP/1.1" 301 258 "-" "Mozilla/5.0 (compatible; MJ12bot/v1.4.8; http://mj12bot.com/)"
95.216.1.46 - - [28/Aug/2019:02:12:56 +0000] "GET /robots.txt HTTP/1.1" 200 24 "-" "Mozilla/5.0 (compatible; MJ12bot/v1.4.8; http://mj12bot.com/)"
47.209.5.215 - - [28/Aug/2019:02:12:57 +0000] "GET /css/images/ui-icons_777777_256x240.png HTTP/1.1" 200 6999 "https://www.octopustransferscroatia.com/css/all.css?v=6" "Mozilla/5.0 (Macintosh; Intel Mac OS X 10_13_6) AppleWebKit/537.36 (KHTML, like Gecko) Chrome/76.0.3809.132 Safari/537.36"
47.209.5.215 - - [28/Aug/2019:02:12:57 +0000] "GET /css/images/ui-bg_flat_100_f5f5f5_40x100.png HTTP/1.1" 404 1104 "https://www.octopustransferscroatia.com/css/all.css?v=6" "Mozilla/5.0 (Macintosh; Intel Mac OS X 10_13_6) AppleWebKit/537.36 (KHTML, like Gecko) Chrome/76.0.3809.132 Safari/537.36"
47.209.5.215 - - [28/Aug/2019:02:12:59 +0000] "GET /css/images/ui-icons_ffffff_256x240.png HTTP/1.1" 200 6299 "https://www.octopustransferscroatia.com/css/all.css?v=6" "Mozilla/5.0 (Macintosh; Intel Mac OS X 10_13_6) AppleWebKit/537.36 (KHTML, like Gecko) Chrome/76.0.3809.132 Safari/537.36"
95.216.1.46 - - [28/Aug/2019:02:13:00 +0000] "GET /reviews HTTP/1.1" 301 255 "-" "Mozilla/5.0 (compatible; MJ12bot/v1.4.8; http://mj12bot.com/)"
95.216.1.46 - - [28/Aug/2019:02:13:02 +0000] "GET /reviews HTTP/1.1" 404 1104 "-" "Mozilla/5.0 (compatible; MJ12bot/v1.4.8; http://mj12bot.com/)"
95.216.1.46 - - [28/Aug/2019:02:13:05 +0000] "GET /search-results/ HTTP/1.1" 301 263 "-" "Mozilla/5.0 (compatible; MJ12bot/v1.4.8; http://mj12bot.com/)"
95.216.1.46 - - [28/Aug/2019:02:13:09 +0000] "GET /search-results/ HTTP/1.1" 301 261 "-" "Mozilla/5.0 (compatible; MJ12bot/v1.4.8; http://mj12bot.com/)"
95.216.1.46 - - [28/Aug/2019:02:13:12 +0000] "GET /search-results HTTP/1.1" 301 262 "-" "Mozilla/5.0 (compatible; MJ12bot/v1.4.8; http://mj12bot.com/)"
95.216.1.46 - - [28/Aug/2019:02:13:16 +0000] "GET /search-results HTTP/1.1" 404 1104 "-" "Mozilla/5.0 (compatible; MJ12bot/v1.4.8; http://mj12bot.com/)"
95.216.1.46 - - [28/Aug/2019:02:13:20 +0000] "GET /search-results/feed/ HTTP/1.1" 301 268 "-" "Mozilla/5.0 (compatible; MJ12bot/v1.4.8; http://mj12bot.com/)"
95.216.1.46 - - [28/Aug/2019:02:13:22 +0000] "GET /search-results/feed/ HTTP/1.1" 301 266 "-" "Mozilla/5.0 (compatible; MJ12bot/v1.4.8; http://mj12bot.com/)"
47.209.5.215 - - [28/Aug/2019:02:13:22 +0000] "GET /search?start_location=Zagreb+Airport&end_location=Zadar&date=06.05.2020.&people=2&type=oneway HTTP/1.1" 200 5377 "https://www.octopustransferscroatia.com/" "Mozilla/5.0 (Macintosh; Intel Mac OS X 10_13_6) AppleWebKit/537.36 (KHTML, like Gecko) Chrome/76.0.3809.132 Safari/537.36"
47.209.5.215 - - [28/Aug/2019:02:13:23 +0000] "GET /uploads/thumbnails/b9fa83b452a64e29be3c294cc2e189e0.png HTTP/1.1" 200 253568 "https://www.octopustransferscroatia.com/search?start_location=Zagreb+Airport&end_location=Zadar&date=06.05.2020.&people=2&type=oneway" "Mozilla/5.0 (Macintosh; Intel Mac OS X 10_13_6) AppleWebKit/537.36 (KHTML, like Gecko) Chrome/76.0.3809.132 Safari/537.36"
47.209.5.215 - - [28/Aug/2019:02:13:23 +0000] "GET /uploads/thumbnails/1e9de2c4f0bdf1208ef92bd5d8956580.png HTTP/1.1" 200 462885 "https://www.octopustransferscroatia.com/search?start_location=Zagreb+Airport&end_location=Zadar&date=06.05.2020.&people=2&type=oneway" "Mozilla/5.0 (Macintosh; Intel Mac OS X 10_13_6) AppleWebKit/537.36 (KHTML, like Gecko) Chrome/76.0.3809.132 Safari/537.36"
47.209.5.215 - - [28/Aug/2019:02:13:23 +0000] "GET /uploads/thumbnails/1cf0bbb292957a5a23d102741ffbef78.png HTTP/1.1" 200 294202 "https://www.octopustransferscroatia.com/search?start_location=Zagreb+Airport&end_location=Zadar&date=06.05.2020.&people=2&type=oneway" "Mozilla/5.0 (Macintosh; Intel Mac OS X 10_13_6) AppleWebKit/537.36 (KHTML, like Gecko) Chrome/76.0.3809.132 Safari/537.36"
47.209.5.215 - - [28/Aug/2019:02:13:23 +0000] "GET /uploads/thumbnails/20fbc54c89d0ca6241588eb78dcde987.png HTTP/1.1" 200 393295 "https://www.octopustransferscroatia.com/search?start_location=Zagreb+Airport&end_location=Zadar&date=06.05.2020.&people=2&type=oneway" "Mozilla/5.0 (Macintosh; Intel Mac OS X 10_13_6) AppleWebKit/537.36 (KHTML, like Gecko) Chrome/76.0.3809.132 Safari/537.36"
95.216.1.46 - - [28/Aug/2019:02:13:28 +0000] "GET /search-results/feed HTTP/1.1" 301 267 "-" "Mozilla/5.0 (compatible; MJ12bot/v1.4.8; http://mj12bot.com/)"
95.216.1.46 - - [28/Aug/2019:02:13:48 +0000] "GET /search-results/feed HTTP/1.1" 404 1104 "-" "Mozilla/5.0 (compatible; MJ12bot/v1.4.8; http://mj12bot.com/)"
95.216.1.46 - - [28/Aug/2019:02:13:53 +0000] "GET /search-results HTTP/1.1" 301 262 "-" "Mozilla/5.0 (compatible; MJ12bot/v1.4.8; http://mj12bot.com/)"
95.216.1.46 - - [28/Aug/2019:02:13:58 +0000] "GET /search-results HTTP/1.1" 404 1104 "-" "Mozilla/5.0 (compatible; MJ12bot/v1.4.8; http://mj12bot.com/)"
95.216.1.46 - - [28/Aug/2019:02:14:06 +0000] "GET /search-results/ HTTP/1.1" 301 261 "-" "Mozilla/5.0 (compatible; MJ12bot/v1.4.8; http://mj12bot.com/)"
47.209.5.215 - - [28/Aug/2019:02:14:13 +0000] "POST /startlocation HTTP/1.1" 200 39 "https://www.octopustransferscroatia.com/search?start_location=Zagreb+Airport&end_location=Zadar&date=06.05.2020.&people=2&type=oneway" "Mozilla/5.0 (Macintosh; Intel Mac OS X 10_13_6) AppleWebKit/537.36 (KHTML, like Gecko) Chrome/76.0.3809.132 Safari/537.36"
47.209.5.215 - - [28/Aug/2019:02:14:15 +0000] "POST /startlocation HTTP/1.1" 200 254 "https://www.octopustransferscroatia.com/search?start_location=Zagreb+Airport&end_location=Zadar&date=06.05.2020.&people=2&type=oneway" "Mozilla/5.0 (Macintosh; Intel Mac OS X 10_13_6) AppleWebKit/537.36 (KHTML, like Gecko) Chrome/76.0.3809.132 Safari/537.36"
47.209.5.215 - - [28/Aug/2019:02:14:16 +0000] "POST /startlocation HTTP/1.1" 200 162 "https://www.octopustransferscroatia.com/search?start_location=Zagreb+Airport&end_location=Zadar&date=06.05.2020.&people=2&type=oneway" "Mozilla/5.0 (Macintosh; Intel Mac OS X 10_13_6) AppleWebKit/537.36 (KHTML, like Gecko) Chrome/76.0.3809.132 Safari/537.36"
95.216.1.46 - - [28/Aug/2019:02:14:16 +0000] "GET /search-results HTTP/1.1" 301 262 "-" "Mozilla/5.0 (compatible; MJ12bot/v1.4.8; http://mj12bot.com/)"
47.209.5.215 - - [28/Aug/2019:02:14:16 +0000] "POST /startlocation HTTP/1.1" 200 65 "https://www.octopustransferscroatia.com/search?start_location=Zagreb+Airport&end_location=Zadar&date=06.05.2020.&people=2&type=oneway" "Mozilla/5.0 (Macintosh; Intel Mac OS X 10_13_6) AppleWebKit/537.36 (KHTML, like Gecko) Chrome/76.0.3809.132 Safari/537.36"
95.216.1.46 - - [28/Aug/2019:02:14:20 +0000] "GET /search-results HTTP/1.1" 404 1104 "-" "Mozilla/5.0 (compatible; MJ12bot/v1.4.8; http://mj12bot.com/)"
47.209.5.215 - - [28/Aug/2019:02:14:22 +0000] "POST /endlocation HTTP/1.1" 200 418 "https://www.octopustransferscroatia.com/search?start_location=Zagreb+Airport&end_location=Zadar&date=06.05.2020.&people=2&type=oneway" "Mozilla/5.0 (Macintosh; Intel Mac OS X 10_13_6) AppleWebKit/537.36 (KHTML, like Gecko) Chrome/76.0.3809.132 Safari/537.36"
47.209.5.215 - - [28/Aug/2019:02:14:22 +0000] "POST /endlocation HTTP/1.1" 200 105 "https://www.octopustransferscroatia.com/search?start_location=Zagreb+Airport&end_location=Zadar&date=06.05.2020.&people=2&type=oneway" "Mozilla/5.0 (Macintosh; Intel Mac OS X 10_13_6) AppleWebKit/537.36 (KHTML, like Gecko) Chrome/76.0.3809.132 Safari/537.36"
47.209.5.215 - - [28/Aug/2019:02:14:23 +0000] "POST /endlocation HTTP/1.1" 200 105 "https://www.octopustransferscroatia.com/search?start_location=Zagreb+Airport&end_location=Zadar&date=06.05.2020.&people=2&type=oneway" "Mozilla/5.0 (Macintosh; Intel Mac OS X 10_13_6) AppleWebKit/537.36 (KHTML, like Gecko) Chrome/76.0.3809.132 Safari/537.36"
95.216.1.46 - - [28/Aug/2019:02:14:25 +0000] "GET /search-results/feed HTTP/1.1" 301 267 "-" "Mozilla/5.0 (compatible; MJ12bot/v1.4.8; http://mj12bot.com/)"
95.216.1.46 - - [28/Aug/2019:02:14:27 +0000] "GET /search-results/feed HTTP/1.1" 404 1104 "-" "Mozilla/5.0 (compatible; MJ12bot/v1.4.8; http://mj12bot.com/)"
95.216.1.46 - - [28/Aug/2019:02:14:31 +0000] "GET /search-results/feed/ HTTP/1.1" 301 266 "-" "Mozilla/5.0 (compatible; MJ12bot/v1.4.8; http://mj12bot.com/)"
47.209.5.215 - - [28/Aug/2019:02:14:31 +0000] "GET /search?start_location=zadar&end_location=Split+Ferry+Port&date=06.05.2020.&people=2&type=oneway HTTP/1.1" 200 5381 "https://www.octopustransferscroatia.com/search?start_location=Zagreb+Airport&end_location=Zadar&date=06.05.2020.&people=2&type=oneway" "Mozilla/5.0 (Macintosh; Intel Mac OS X 10_13_6) AppleWebKit/537.36 (KHTML, like Gecko) Chrome/76.0.3809.132 Safari/537.36"
95.216.1.46 - - [28/Aug/2019:02:14:36 +0000] "GET /search-results/feed HTTP/1.1" 301 267 "-" "Mozilla/5.0 (compatible; MJ12bot/v1.4.8; http://mj12bot.com/)"
75.188.55.15 - - [28/Aug/2019:02:14:37 +0000] "GET / HTTP/1.1" 200 5419 "https://www.google.com/" "Mozilla/5.0 (Windows NT 6.1; Win64; x64; rv:68.0) Gecko/20100101 Firefox/68.0"
75.188.55.15 - - [28/Aug/2019:02:14:37 +0000] "GET /css/all.css?v=6 HTTP/1.1" 200 48625 "https://www.octopustransferscroatia.com/" "Mozilla/5.0 (Windows NT 6.1; Win64; x64; rv:68.0) Gecko/20100101 Firefox/68.0"
75.188.55.15 - - [28/Aug/2019:02:14:37 +0000] "GET /css/flexslider.css HTTP/1.1" 200 1097 "https://www.octopustransferscroatia.com/" "Mozilla/5.0 (Windows NT 6.1; Win64; x64; rv:68.0) Gecko/20100101 Firefox/68.0"
75.188.55.15 - - [28/Aug/2019:02:14:37 +0000] "GET /js/jquery.flexslider-min.js HTTP/1.1" 200 6427 "https://www.octopustransferscroatia.com/" "Mozilla/5.0 (Windows NT 6.1; Win64; x64; rv:68.0) Gecko/20100101 Firefox/68.0"
75.188.55.15 - - [28/Aug/2019:02:14:37 +0000] "GET /images/octopus-logo.png HTTP/1.1" 200 10874 "https://www.octopustransferscroatia.com/" "Mozilla/5.0 (Windows NT 6.1; Win64; x64; rv:68.0) Gecko/20100101 Firefox/68.0"
75.188.55.15 - - [28/Aug/2019:02:14:37 +0000] "GET /images/standard.png HTTP/1.1" 200 65207 "https://www.octopustransferscroatia.com/" "Mozilla/5.0 (Windows NT 6.1; Win64; x64; rv:68.0) Gecko/20100101 Firefox/68.0"
75.188.55.15 - - [28/Aug/2019:02:14:37 +0000] "GET /images/minivan.png HTTP/1.1" 200 91295 "https://www.octopustransferscroatia.com/" "Mozilla/5.0 (Windows NT 6.1; Win64; x64; rv:68.0) Gecko/20100101 Firefox/68.0"
75.188.55.15 - - [28/Aug/2019:02:14:37 +0000] "GET /js/all.js?v=20 HTTP/1.1" 200 220450 "https://www.octopustransferscroatia.com/" "Mozilla/5.0 (Windows NT 6.1; Win64; x64; rv:68.0) Gecko/20100101 Firefox/68.0"
75.188.55.15 - - [28/Aug/2019:02:14:38 +0000] "GET /images/bus.png HTTP/1.1" 200 111224 "https://www.octopustransferscroatia.com/" "Mozilla/5.0 (Windows NT 6.1; Win64; x64; rv:68.0) Gecko/20100101 Firefox/68.0"
75.188.55.15 - - [28/Aug/2019:02:14:38 +0000] "GET /images/minibus.png HTTP/1.1" 200 66935 "https://www.octopustransferscroatia.com/" "Mozilla/5.0 (Windows NT 6.1; Win64; x64; rv:68.0) Gecko/20100101 Firefox/68.0"
75.188.55.15 - - [28/Aug/2019:02:14:38 +0000] "GET /css/images/ui-bg_flat_75_ffffff_40x100.png HTTP/1.1" 200 178 "https://www.octopustransferscroatia.com/css/all.css?v=6" "Mozilla/5.0 (Windows NT 6.1; Win64; x64; rv:68.0) Gecko/20100101 Firefox/68.0"
75.188.55.15 - - [28/Aug/2019:02:14:38 +0000] "GET /images/backgrounds/krka.jpg HTTP/1.1" 200 279601 "https://www.octopustransferscroatia.com/css/all.css?v=6" "Mozilla/5.0 (Windows NT 6.1; Win64; x64; rv:68.0) Gecko/20100101 Firefox/68.0"
75.188.55.15 - - [28/Aug/2019:02:14:38 +0000] "GET /images/backgrounds/plitvice.jpg HTTP/1.1" 200 376840 "https://www.octopustransferscroatia.com/css/all.css?v=6" "Mozilla/5.0 (Windows NT 6.1; Win64; x64; rv:68.0) Gecko/20100101 Firefox/68.0"
75.188.55.15 - - [28/Aug/2019:02:14:37 +0000] "GET /fonts/fonts/themeenergy.woff2 HTTP/1.1" 200 357352 "https://www.octopustransferscroatia.com/css/all.css?v=6" "Mozilla/5.0 (Windows NT 6.1; Win64; x64; rv:68.0) Gecko/20100101 Firefox/68.0"
95.216.1.46 - - [28/Aug/2019:02:14:39 +0000] "GET /search-results/feed HTTP/1.1" 404 1104 "-" "Mozilla/5.0 (compatible; MJ12bot/v1.4.8; http://mj12bot.com/)"
75.188.55.15 - - [28/Aug/2019:02:14:39 +0000] "GET /images/backgrounds/split.jpg HTTP/1.1" 200 209419 "https://www.octopustransferscroatia.com/css/all.css?v=6" "Mozilla/5.0 (Windows NT 6.1; Win64; x64; rv:68.0) Gecko/20100101 Firefox/68.0"
75.188.55.15 - - [28/Aug/2019:02:14:40 +0000] "GET /favicon-16x16.png HTTP/1.1" 200 885 "-" "Mozilla/5.0 (Windows NT 6.1; Win64; x64; rv:68.0) Gecko/20100101 Firefox/68.0"
75.188.55.15 - - [28/Aug/2019:02:14:40 +0000] "GET /apple-touch-icon.png HTTP/1.1" 200 2510 "-" "Mozilla/5.0 (Windows NT 6.1; Win64; x64; rv:68.0) Gecko/20100101 Firefox/68.0"
75.188.55.15 - - [28/Aug/2019:02:14:45 +0000] "POST /startlocation HTTP/1.1" 200 65 "https://www.octopustransferscroatia.com/" "Mozilla/5.0 (Windows NT 6.1; Win64; x64; rv:68.0) Gecko/20100101 Firefox/68.0"
75.188.55.15 - - [28/Aug/2019:02:14:49 +0000] "POST /endlocation HTTP/1.1" 200 418 "https://www.octopustransferscroatia.com/" "Mozilla/5.0 (Windows NT 6.1; Win64; x64; rv:68.0) Gecko/20100101 Firefox/68.0"
75.188.55.15 - - [28/Aug/2019:02:14:49 +0000] "POST /endlocation HTTP/1.1" 200 105 "https://www.octopustransferscroatia.com/" "Mozilla/5.0 (Windows NT 6.1; Win64; x64; rv:68.0) Gecko/20100101 Firefox/68.0"
75.188.55.15 - - [28/Aug/2019:02:14:50 +0000] "POST /endlocation HTTP/1.1" 200 105 "https://www.octopustransferscroatia.com/" "Mozilla/5.0 (Windows NT 6.1; Win64; x64; rv:68.0) Gecko/20100101 Firefox/68.0"
75.188.55.15 - - [28/Aug/2019:02:14:50 +0000] "POST /endlocation HTTP/1.1" 200 105 "https://www.octopustransferscroatia.com/" "Mozilla/5.0 (Windows NT 6.1; Win64; x64; rv:68.0) Gecko/20100101 Firefox/68.0"
75.188.55.15 - - [28/Aug/2019:02:14:52 +0000] "GET /css/images/ui-icons_777777_256x240.png HTTP/1.1" 200 6999 "https://www.octopustransferscroatia.com/css/all.css?v=6" "Mozilla/5.0 (Windows NT 6.1; Win64; x64; rv:68.0) Gecko/20100101 Firefox/68.0"
75.188.55.15 - - [28/Aug/2019:02:14:52 +0000] "GET /css/images/ui-bg_flat_100_f5f5f5_40x100.png HTTP/1.1" 404 1104 "https://www.octopustransferscroatia.com/css/all.css?v=6" "Mozilla/5.0 (Windows NT 6.1; Win64; x64; rv:68.0) Gecko/20100101 Firefox/68.0"
75.188.55.15 - - [28/Aug/2019:02:14:53 +0000] "GET /css/images/ui-icons_ffffff_256x240.png HTTP/1.1" 200 6299 "https://www.octopustransferscroatia.com/css/all.css?v=6" "Mozilla/5.0 (Windows NT 6.1; Win64; x64; rv:68.0) Gecko/20100101 Firefox/68.0"
75.188.55.15 - - [28/Aug/2019:02:15:01 +0000] "GET /search?start_location=Zadar&end_location=Split&date=05.09.2019.&people=2&type=oneway HTTP/1.1" 200 5366 "https://www.octopustransferscroatia.com/" "Mozilla/5.0 (Windows NT 6.1; Win64; x64; rv:68.0) Gecko/20100101 Firefox/68.0"
75.188.55.15 - - [28/Aug/2019:02:15:02 +0000] "GET /uploads/thumbnails/b9fa83b452a64e29be3c294cc2e189e0.png HTTP/1.1" 200 253568 "https://www.octopustransferscroatia.com/search?start_location=Zadar&end_location=Split&date=05.09.2019.&people=2&type=oneway" "Mozilla/5.0 (Windows NT 6.1; Win64; x64; rv:68.0) Gecko/20100101 Firefox/68.0"
75.188.55.15 - - [28/Aug/2019:02:15:02 +0000] "GET /uploads/thumbnails/1cf0bbb292957a5a23d102741ffbef78.png HTTP/1.1" 200 294202 "https://www.octopustransferscroatia.com/search?start_location=Zadar&end_location=Split&date=05.09.2019.&people=2&type=oneway" "Mozilla/5.0 (Windows NT 6.1; Win64; x64; rv:68.0) Gecko/20100101 Firefox/68.0"
75.188.55.15 - - [28/Aug/2019:02:15:02 +0000] "GET /uploads/thumbnails/1e9de2c4f0bdf1208ef92bd5d8956580.png HTTP/1.1" 200 462885 "https://www.octopustransferscroatia.com/search?start_location=Zadar&end_location=Split&date=05.09.2019.&people=2&type=oneway" "Mozilla/5.0 (Windows NT 6.1; Win64; x64; rv:68.0) Gecko/20100101 Firefox/68.0"
75.188.55.15 - - [28/Aug/2019:02:15:02 +0000] "GET /uploads/thumbnails/20fbc54c89d0ca6241588eb78dcde987.png HTTP/1.1" 200 393295 "https://www.octopustransferscroatia.com/search?start_location=Zadar&end_location=Split&date=05.09.2019.&people=2&type=oneway" "Mozilla/5.0 (Windows NT 6.1; Win64; x64; rv:68.0) Gecko/20100101 Firefox/68.0"
75.188.55.15 - - [28/Aug/2019:02:15:53 +0000] "GET /images/logo-facebook.png HTTP/1.1" 200 117704 "-" "Mozilla/5.0 (Windows NT 6.1; Win64; x64; rv:68.0) Gecko/20100101 Firefox/68.0"
75.188.55.15 - - [28/Aug/2019:02:15:54 +0000] "GET /favicon.ico HTTP/1.1" 200 15086 "-" "Mozilla/5.0 (Windows NT 6.1; Win64; x64; rv:68.0) Gecko/20100101 Firefox/68.0"
75.188.55.15 - - [28/Aug/2019:02:16:35 +0000] "GET /images/standard.png HTTP/1.1" 200 65207 "https://www.octopustransferscroatia.com/" "Mozilla/5.0 (Windows NT 6.1; Win64; x64; rv:68.0) Gecko/20100101 Firefox/68.0"
75.188.55.15 - - [28/Aug/2019:02:16:35 +0000] "GET /images/minibus.png HTTP/1.1" 200 66935 "https://www.octopustransferscroatia.com/" "Mozilla/5.0 (Windows NT 6.1; Win64; x64; rv:68.0) Gecko/20100101 Firefox/68.0"
75.188.55.15 - - [28/Aug/2019:02:16:35 +0000] "GET /images/minivan.png HTTP/1.1" 200 91295 "https://www.octopustransferscroatia.com/" "Mozilla/5.0 (Windows NT 6.1; Win64; x64; rv:68.0) Gecko/20100101 Firefox/68.0"
75.188.55.15 - - [28/Aug/2019:02:16:35 +0000] "GET /images/bus.png HTTP/1.1" 200 111224 "https://www.octopustransferscroatia.com/" "Mozilla/5.0 (Windows NT 6.1; Win64; x64; rv:68.0) Gecko/20100101 Firefox/68.0"
75.188.55.15 - - [28/Aug/2019:02:30:31 +0000] "GET / HTTP/1.1" 200 5419 "https://www.google.com/" "Mozilla/5.0 (Windows NT 6.1; Win64; x64; rv:68.0) Gecko/20100101 Firefox/68.0"
75.188.55.15 - - [28/Aug/2019:02:30:31 +0000] "GET /css/flexslider.css HTTP/1.1" 200 1097 "https://www.octopustransferscroatia.com/" "Mozilla/5.0 (Windows NT 6.1; Win64; x64; rv:68.0) Gecko/20100101 Firefox/68.0"
75.188.55.15 - - [28/Aug/2019:02:30:31 +0000] "GET /css/all.css?v=6 HTTP/1.1" 200 48625 "https://www.octopustransferscroatia.com/" "Mozilla/5.0 (Windows NT 6.1; Win64; x64; rv:68.0) Gecko/20100101 Firefox/68.0"
75.188.55.15 - - [28/Aug/2019:02:30:31 +0000] "GET /js/jquery.flexslider-min.js HTTP/1.1" 200 6427 "https://www.octopustransferscroatia.com/" "Mozilla/5.0 (Windows NT 6.1; Win64; x64; rv:68.0) Gecko/20100101 Firefox/68.0"
75.188.55.15 - - [28/Aug/2019:02:30:31 +0000] "GET /js/all.js?v=20 HTTP/1.1" 200 220450 "https://www.octopustransferscroatia.com/" "Mozilla/5.0 (Windows NT 6.1; Win64; x64; rv:68.0) Gecko/20100101 Firefox/68.0"
75.188.55.15 - - [28/Aug/2019:02:30:32 +0000] "GET /images/standard.png HTTP/1.1" 200 65207 "https://www.octopustransferscroatia.com/" "Mozilla/5.0 (Windows NT 6.1; Win64; x64; rv:68.0) Gecko/20100101 Firefox/68.0"
75.188.55.15 - - [28/Aug/2019:02:30:32 +0000] "GET /images/minivan.png HTTP/1.1" 200 91295 "https://www.octopustransferscroatia.com/" "Mozilla/5.0 (Windows NT 6.1; Win64; x64; rv:68.0) Gecko/20100101 Firefox/68.0"
75.188.55.15 - - [28/Aug/2019:02:30:42 +0000] "GET /tours HTTP/1.1" 200 3351 "https://www.octopustransferscroatia.com/" "Mozilla/5.0 (Windows NT 6.1; Win64; x64; rv:68.0) Gecko/20100101 Firefox/68.0"
75.188.55.15 - - [28/Aug/2019:02:30:42 +0000] "GET /uploads/thumbnails/eb2bb12b91547aa360e32e6f48053f29.jpg HTTP/1.1" 200 99967 "https://www.octopustransferscroatia.com/tours" "Mozilla/5.0 (Windows NT 6.1; Win64; x64; rv:68.0) Gecko/20100101 Firefox/68.0"
75.188.55.15 - - [28/Aug/2019:02:30:42 +0000] "GET /uploads/thumbnails/7b9c27f182dec4d0f525967de61b8c91.jpg HTTP/1.1" 200 118695 "https://www.octopustransferscroatia.com/tours" "Mozilla/5.0 (Windows NT 6.1; Win64; x64; rv:68.0) Gecko/20100101 Firefox/68.0"
75.188.55.15 - - [28/Aug/2019:02:30:50 +0000] "GET /tours/krka-waterfalls-sibenik-private-day-trip-from-zadar HTTP/1.1" 200 5047 "https://www.octopustransferscroatia.com/tours" "Mozilla/5.0 (Windows NT 6.1; Win64; x64; rv:68.0) Gecko/20100101 Firefox/68.0"
75.188.55.15 - - [28/Aug/2019:02:30:50 +0000] "GET /css/all.css?v=6 HTTP/1.1" 200 48625 "https://www.octopustransferscroatia.com/tours/krka-waterfalls-sibenik-private-day-trip-from-zadar" "Mozilla/5.0 (Windows NT 6.1; Win64; x64; rv:68.0) Gecko/20100101 Firefox/68.0"
75.188.55.15 - - [28/Aug/2019:02:30:50 +0000] "GET /unitegallery/css/unite-gallery.css HTTP/1.1" 200 4825 "https://www.octopustransferscroatia.com/tours/krka-waterfalls-sibenik-private-day-trip-from-zadar" "Mozilla/5.0 (Windows NT 6.1; Win64; x64; rv:68.0) Gecko/20100101 Firefox/68.0"
75.188.55.15 - - [28/Aug/2019:02:30:50 +0000] "GET /unitegallery/js/unitegallery.min.js HTTP/1.1" 200 66910 "https://www.octopustransferscroatia.com/tours/krka-waterfalls-sibenik-private-day-trip-from-zadar" "Mozilla/5.0 (Windows NT 6.1; Win64; x64; rv:68.0) Gecko/20100101 Firefox/68.0"
75.188.55.15 - - [28/Aug/2019:02:30:51 +0000] "GET /unitegallery/themes/compact/ug-theme-compact.js HTTP/1.1" 200 2477 "https://www.octopustransferscroatia.com/tours/krka-waterfalls-sibenik-private-day-trip-from-zadar" "Mozilla/5.0 (Windows NT 6.1; Win64; x64; rv:68.0) Gecko/20100101 Firefox/68.0"
75.188.55.15 - - [28/Aug/2019:02:30:51 +0000] "GET /unitegallery/images/loader.gif HTTP/1.1" 200 673 "https://www.octopustransferscroatia.com/unitegallery/css/unite-gallery.css" "Mozilla/5.0 (Windows NT 6.1; Win64; x64; rv:68.0) Gecko/20100101 Firefox/68.0"
75.188.55.15 - - [28/Aug/2019:02:30:51 +0000] "GET /unitegallery/skins/default/grid_handle_black_top.png HTTP/1.1" 200 942 "https://www.octopustransferscroatia.com/unitegallery/css/unite-gallery.css" "Mozilla/5.0 (Windows NT 6.1; Win64; x64; rv:68.0) Gecko/20100101 Firefox/68.0"
75.188.55.15 - - [28/Aug/2019:02:30:51 +0000] "GET /unitegallery/images/loader-white1.gif HTTP/1.1" 200 2545 "https://www.octopustransferscroatia.com/unitegallery/css/unite-gallery.css" "Mozilla/5.0 (Windows NT 6.1; Win64; x64; rv:68.0) Gecko/20100101 Firefox/68.0"
75.188.55.15 - - [28/Aug/2019:02:30:51 +0000] "GET /unitegallery/images/play-button-square.png HTTP/1.1" 200 4591 "https://www.octopustransferscroatia.com/unitegallery/css/unite-gallery.css" "Mozilla/5.0 (Windows NT 6.1; Win64; x64; rv:68.0) Gecko/20100101 Firefox/68.0"
75.188.55.15 - - [28/Aug/2019:02:30:51 +0000] "GET /unitegallery/images/loader-black1.gif HTTP/1.1" 200 5855 "https://www.octopustransferscroatia.com/unitegallery/css/unite-gallery.css" "Mozilla/5.0 (Windows NT 6.1; Win64; x64; rv:68.0) Gecko/20100101 Firefox/68.0"
75.188.55.15 - - [28/Aug/2019:02:30:51 +0000] "GET /unitegallery/skins/default/button_fullscreen.png HTTP/1.1" 200 1050 "https://www.octopustransferscroatia.com/unitegallery/css/unite-gallery.css" "Mozilla/5.0 (Windows NT 6.1; Win64; x64; rv:68.0) Gecko/20100101 Firefox/68.0"
75.188.55.15 - - [28/Aug/2019:02:30:51 +0000] "GET /unitegallery/skins/default/slider_arrow_right.png HTTP/1.1" 200 493 "https://www.octopustransferscroatia.com/unitegallery/css/unite-gallery.css" "Mozilla/5.0 (Windows NT 6.1; Win64; x64; rv:68.0) Gecko/20100101 Firefox/68.0"
75.188.55.15 - - [28/Aug/2019:02:30:51 +0000] "GET /unitegallery/skins/default/slider_arrow_left.png HTTP/1.1" 200 470 "https://www.octopustransferscroatia.com/unitegallery/css/unite-gallery.css" "Mozilla/5.0 (Windows NT 6.1; Win64; x64; rv:68.0) Gecko/20100101 Firefox/68.0"
75.188.55.15 - - [28/Aug/2019:02:30:51 +0000] "GET /unitegallery/images/button-close.png HTTP/1.1" 200 7155 "https://www.octopustransferscroatia.com/unitegallery/css/unite-gallery.css" "Mozilla/5.0 (Windows NT 6.1; Win64; x64; rv:68.0) Gecko/20100101 Firefox/68.0"
75.188.55.15 - - [28/Aug/2019:02:30:51 +0000] "GET /uploads/images/eb2bb12b91547aa360e32e6f48053f29.jpg HTTP/1.1" 200 316738 "https://www.octopustransferscroatia.com/tours/krka-waterfalls-sibenik-private-day-trip-from-zadar" "Mozilla/5.0 (Windows NT 6.1; Win64; x64; rv:68.0) Gecko/20100101 Firefox/68.0"
75.188.55.15 - - [28/Aug/2019:02:30:58 +0000] "GET /tours HTTP/1.1" 200 3351 "https://www.octopustransferscroatia.com/tours/krka-waterfalls-sibenik-private-day-trip-from-zadar" "Mozilla/5.0 (Windows NT 6.1; Win64; x64; rv:68.0) Gecko/20100101 Firefox/68.0"
75.188.55.15 - - [28/Aug/2019:02:30:59 +0000] "GET /css/all.css?v=6 HTTP/1.1" 200 48625 "https://www.octopustransferscroatia.com/tours" "Mozilla/5.0 (Windows NT 6.1; Win64; x64; rv:68.0) Gecko/20100101 Firefox/68.0"
75.188.55.15 - - [28/Aug/2019:02:30:59 +0000] "GET /favicon-16x16.png HTTP/1.1" 200 885 "-" "Mozilla/5.0 (Windows NT 6.1; Win64; x64; rv:68.0) Gecko/20100101 Firefox/68.0"
75.188.55.15 - - [28/Aug/2019:02:30:59 +0000] "GET /apple-touch-icon.png HTTP/1.1" 200 2510 "-" "Mozilla/5.0 (Windows NT 6.1; Win64; x64; rv:68.0) Gecko/20100101 Firefox/68.0"
75.188.55.15 - - [28/Aug/2019:02:31:20 +0000] "GET /tours HTTP/1.1" 200 3351 "https://www.octopustransferscroatia.com/tours" "Mozilla/5.0 (Windows NT 6.1; Win64; x64; rv:68.0) Gecko/20100101 Firefox/68.0"
46.229.161.131 - - [28/Aug/2019:02:31:46 +0000] "HEAD / HTTP/1.1" 301 - "-" "SEMrushBot"
46.229.161.131 - - [28/Aug/2019:02:31:46 +0000] "HEAD / HTTP/1.1" 200 - "https://octopustransferscroatia.com/" "SEMrushBot"
23.91.184.34 - - [28/Aug/2019:02:36:59 +0000] "GET / HTTP/1.1" 200 5419 "https://www.google.com/" "Mozilla/5.0 (Linux; Android 9; SAMSUNG SM-G950W Build/PPR1.180610.011) AppleWebKit/537.36 (KHTML, like Gecko) SamsungBrowser/9.4 Chrome/67.0.3396.87 Mobile Safari/537.36"
23.91.184.34 - - [28/Aug/2019:02:37:00 +0000] "GET /css/all.css?v=6 HTTP/1.1" 200 48625 "https://www.octopustransferscroatia.com/" "Mozilla/5.0 (Linux; Android 9; SAMSUNG SM-G950W Build/PPR1.180610.011) AppleWebKit/537.36 (KHTML, like Gecko) SamsungBrowser/9.4 Chrome/67.0.3396.87 Mobile Safari/537.36"
23.91.184.34 - - [28/Aug/2019:02:37:00 +0000] "GET /css/flexslider.css HTTP/1.1" 200 1097 "https://www.octopustransferscroatia.com/" "Mozilla/5.0 (Linux; Android 9; SAMSUNG SM-G950W Build/PPR1.180610.011) AppleWebKit/537.36 (KHTML, like Gecko) SamsungBrowser/9.4 Chrome/67.0.3396.87 Mobile Safari/537.36"
23.91.184.34 - - [28/Aug/2019:02:37:00 +0000] "GET /js/jquery.flexslider-min.js HTTP/1.1" 200 6427 "https://www.octopustransferscroatia.com/" "Mozilla/5.0 (Linux; Android 9; SAMSUNG SM-G950W Build/PPR1.180610.011) AppleWebKit/537.36 (KHTML, like Gecko) SamsungBrowser/9.4 Chrome/67.0.3396.87 Mobile Safari/537.36"
23.91.184.34 - - [28/Aug/2019:02:37:03 +0000] "GET /images/standard.png HTTP/1.1" 200 65207 "https://www.octopustransferscroatia.com/" "Mozilla/5.0 (Linux; Android 9; SAMSUNG SM-G950W Build/PPR1.180610.011) AppleWebKit/537.36 (KHTML, like Gecko) SamsungBrowser/9.4 Chrome/67.0.3396.87 Mobile Safari/537.36"
23.91.184.34 - - [28/Aug/2019:02:37:04 +0000] "GET /images/octopus-logo.png HTTP/1.1" 200 10874 "https://www.octopustransferscroatia.com/" "Mozilla/5.0 (Linux; Android 9; SAMSUNG SM-G950W Build/PPR1.180610.011) AppleWebKit/537.36 (KHTML, like Gecko) SamsungBrowser/9.4 Chrome/67.0.3396.87 Mobile Safari/537.36"
23.91.184.34 - - [28/Aug/2019:02:37:02 +0000] "GET /fonts/fonts/themeenergy.woff2 HTTP/1.1" 200 357352 "https://www.octopustransferscroatia.com/css/all.css?v=6" "Mozilla/5.0 (Linux; Android 9; SAMSUNG SM-G950W Build/PPR1.180610.011) AppleWebKit/537.36 (KHTML, like Gecko) SamsungBrowser/9.4 Chrome/67.0.3396.87 Mobile Safari/537.36"
23.91.184.34 - - [28/Aug/2019:02:37:04 +0000] "GET /images/bus.png HTTP/1.1" 200 111224 "https://www.octopustransferscroatia.com/" "Mozilla/5.0 (Linux; Android 9; SAMSUNG SM-G950W Build/PPR1.180610.011) AppleWebKit/537.36 (KHTML, like Gecko) SamsungBrowser/9.4 Chrome/67.0.3396.87 Mobile Safari/537.36"
23.91.184.34 - - [28/Aug/2019:02:37:04 +0000] "GET /images/minibus.png HTTP/1.1" 200 66935 "https://www.octopustransferscroatia.com/" "Mozilla/5.0 (Linux; Android 9; SAMSUNG SM-G950W Build/PPR1.180610.011) AppleWebKit/537.36 (KHTML, like Gecko) SamsungBrowser/9.4 Chrome/67.0.3396.87 Mobile Safari/537.36"
23.91.184.34 - - [28/Aug/2019:02:37:05 +0000] "GET /images/minivan.png HTTP/1.1" 200 91295 "https://www.octopustransferscroatia.com/" "Mozilla/5.0 (Linux; Android 9; SAMSUNG SM-G950W Build/PPR1.180610.011) AppleWebKit/537.36 (KHTML, like Gecko) SamsungBrowser/9.4 Chrome/67.0.3396.87 Mobile Safari/537.36"
23.91.184.34 - - [28/Aug/2019:02:37:00 +0000] "GET /js/all.js?v=20 HTTP/1.1" 200 220450 "https://www.octopustransferscroatia.com/" "Mozilla/5.0 (Linux; Android 9; SAMSUNG SM-G950W Build/PPR1.180610.011) AppleWebKit/537.36 (KHTML, like Gecko) SamsungBrowser/9.4 Chrome/67.0.3396.87 Mobile Safari/537.36"
23.91.184.34 - - [28/Aug/2019:02:37:05 +0000] "GET /images/backgrounds/split.jpg HTTP/1.1" 200 209419 "https://www.octopustransferscroatia.com/css/all.css?v=6" "Mozilla/5.0 (Linux; Android 9; SAMSUNG SM-G950W Build/PPR1.180610.011) AppleWebKit/537.36 (KHTML, like Gecko) SamsungBrowser/9.4 Chrome/67.0.3396.87 Mobile Safari/537.36"
23.91.184.34 - - [28/Aug/2019:02:37:07 +0000] "GET /images/backgrounds/krka.jpg HTTP/1.1" 200 279601 "https://www.octopustransferscroatia.com/css/all.css?v=6" "Mozilla/5.0 (Linux; Android 9; SAMSUNG SM-G950W Build/PPR1.180610.011) AppleWebKit/537.36 (KHTML, like Gecko) SamsungBrowser/9.4 Chrome/67.0.3396.87 Mobile Safari/537.36"
23.91.184.34 - - [28/Aug/2019:02:37:07 +0000] "GET /images/backgrounds/plitvice.jpg HTTP/1.1" 200 376840 "https://www.octopustransferscroatia.com/css/all.css?v=6" "Mozilla/5.0 (Linux; Android 9; SAMSUNG SM-G950W Build/PPR1.180610.011) AppleWebKit/537.36 (KHTML, like Gecko) SamsungBrowser/9.4 Chrome/67.0.3396.87 Mobile Safari/537.36"
23.91.184.34 - - [28/Aug/2019:02:37:09 +0000] "GET /css/images/ui-bg_flat_75_ffffff_40x100.png HTTP/1.1" 200 178 "https://www.octopustransferscroatia.com/css/all.css?v=6" "Mozilla/5.0 (Linux; Android 9; SAMSUNG SM-G950W Build/PPR1.180610.011) AppleWebKit/537.36 (KHTML, like Gecko) SamsungBrowser/9.4 Chrome/67.0.3396.87 Mobile Safari/537.36"
23.91.184.34 - - [28/Aug/2019:02:37:10 +0000] "GET /manifest.json HTTP/1.1" 200 264 "https://www.octopustransferscroatia.com/" "Mozilla/5.0 (Linux; Android 9; SAMSUNG SM-G950W Build/PPR1.180610.011) AppleWebKit/537.36 (KHTML, like Gecko) SamsungBrowser/9.4 Chrome/67.0.3396.87 Mobile Safari/537.36"
23.91.184.34 - - [28/Aug/2019:02:37:14 +0000] "POST /endlocation HTTP/1.1" 200 321 "https://www.octopustransferscroatia.com/" "Mozilla/5.0 (Linux; Android 9; SAMSUNG SM-G950W Build/PPR1.180610.011) AppleWebKit/537.36 (KHTML, like Gecko) SamsungBrowser/9.4 Chrome/67.0.3396.87 Mobile Safari/537.36"
23.91.184.34 - - [28/Aug/2019:02:37:16 +0000] "POST /endlocation HTTP/1.1" 200 65 "https://www.octopustransferscroatia.com/" "Mozilla/5.0 (Linux; Android 9; SAMSUNG SM-G950W Build/PPR1.180610.011) AppleWebKit/537.36 (KHTML, like Gecko) SamsungBrowser/9.4 Chrome/67.0.3396.87 Mobile Safari/537.36"
23.91.184.34 - - [28/Aug/2019:02:37:20 +0000] "GET /css/images/ui-icons_777777_256x240.png HTTP/1.1" 200 6999 "https://www.octopustransferscroatia.com/css/all.css?v=6" "Mozilla/5.0 (Linux; Android 9; SAMSUNG SM-G950W Build/PPR1.180610.011) AppleWebKit/537.36 (KHTML, like Gecko) SamsungBrowser/9.4 Chrome/67.0.3396.87 Mobile Safari/537.36"
23.91.184.34 - - [28/Aug/2019:02:37:20 +0000] "GET /css/images/ui-bg_flat_100_f5f5f5_40x100.png HTTP/1.1" 404 1104 "https://www.octopustransferscroatia.com/css/all.css?v=6" "Mozilla/5.0 (Linux; Android 9; SAMSUNG SM-G950W Build/PPR1.180610.011) AppleWebKit/537.36 (KHTML, like Gecko) SamsungBrowser/9.4 Chrome/67.0.3396.87 Mobile Safari/537.36"
23.91.184.34 - - [28/Aug/2019:02:37:21 +0000] "GET /favicon-32x32.png HTTP/1.1" 200 1372 "https://www.octopustransferscroatia.com/" "Mozilla/5.0 (Linux; Android 9; SAMSUNG SM-G950W Build/PPR1.180610.011) AppleWebKit/537.36 (KHTML, like Gecko) SamsungBrowser/9.4 Chrome/67.0.3396.87 Mobile Safari/537.36"
23.91.184.34 - - [28/Aug/2019:02:37:21 +0000] "GET /apple-touch-icon.png HTTP/1.1" 200 2510 "https://www.octopustransferscroatia.com/" "Mozilla/5.0 (Linux; Android 9; SAMSUNG SM-G950W Build/PPR1.180610.011) AppleWebKit/537.36 (KHTML, like Gecko) SamsungBrowser/9.4 Chrome/67.0.3396.87 Mobile Safari/537.36"
23.91.184.34 - - [28/Aug/2019:02:37:23 +0000] "GET /css/images/ui-icons_ffffff_256x240.png HTTP/1.1" 200 6299 "https://www.octopustransferscroatia.com/css/all.css?v=6" "Mozilla/5.0 (Linux; Android 9; SAMSUNG SM-G950W Build/PPR1.180610.011) AppleWebKit/537.36 (KHTML, like Gecko) SamsungBrowser/9.4 Chrome/67.0.3396.87 Mobile Safari/537.36"
49.193.119.218 - - [28/Aug/2019:02:37:26 +0000] "GET / HTTP/1.1" 200 5419 "https://www.google.com/" "Mozilla/5.0 (iPhone; CPU iPhone OS 12_3_1 like Mac OS X) AppleWebKit/605.1.15 (KHTML, like Gecko) Version/12.1.1 Mobile/15E148 Safari/604.1"
49.193.119.218 - - [28/Aug/2019:02:37:26 +0000] "GET /css/all.css?v=6 HTTP/1.1" 200 48625 "https://www.octopustransferscroatia.com/" "Mozilla/5.0 (iPhone; CPU iPhone OS 12_3_1 like Mac OS X) AppleWebKit/605.1.15 (KHTML, like Gecko) Version/12.1.1 Mobile/15E148 Safari/604.1"
49.193.119.218 - - [28/Aug/2019:02:37:27 +0000] "GET /css/flexslider.css HTTP/1.1" 200 1097 "https://www.octopustransferscroatia.com/" "Mozilla/5.0 (iPhone; CPU iPhone OS 12_3_1 like Mac OS X) AppleWebKit/605.1.15 (KHTML, like Gecko) Version/12.1.1 Mobile/15E148 Safari/604.1"
49.193.119.218 - - [28/Aug/2019:02:37:27 +0000] "GET /images/octopus-logo.png HTTP/1.1" 200 10874 "https://www.octopustransferscroatia.com/" "Mozilla/5.0 (iPhone; CPU iPhone OS 12_3_1 like Mac OS X) AppleWebKit/605.1.15 (KHTML, like Gecko) Version/12.1.1 Mobile/15E148 Safari/604.1"
49.193.119.218 - - [28/Aug/2019:02:37:27 +0000] "GET /js/jquery.flexslider-min.js HTTP/1.1" 200 6427 "https://www.octopustransferscroatia.com/" "Mozilla/5.0 (iPhone; CPU iPhone OS 12_3_1 like Mac OS X) AppleWebKit/605.1.15 (KHTML, like Gecko) Version/12.1.1 Mobile/15E148 Safari/604.1"
49.193.119.218 - - [28/Aug/2019:02:37:27 +0000] "GET /images/minivan.png HTTP/1.1" 200 91295 "https://www.octopustransferscroatia.com/" "Mozilla/5.0 (iPhone; CPU iPhone OS 12_3_1 like Mac OS X) AppleWebKit/605.1.15 (KHTML, like Gecko) Version/12.1.1 Mobile/15E148 Safari/604.1"
49.193.119.218 - - [28/Aug/2019:02:37:27 +0000] "GET /images/standard.png HTTP/1.1" 200 65207 "https://www.octopustransferscroatia.com/" "Mozilla/5.0 (iPhone; CPU iPhone OS 12_3_1 like Mac OS X) AppleWebKit/605.1.15 (KHTML, like Gecko) Version/12.1.1 Mobile/15E148 Safari/604.1"
49.193.119.218 - - [28/Aug/2019:02:37:27 +0000] "GET /images/minibus.png HTTP/1.1" 200 66935 "https://www.octopustransferscroatia.com/" "Mozilla/5.0 (iPhone; CPU iPhone OS 12_3_1 like Mac OS X) AppleWebKit/605.1.15 (KHTML, like Gecko) Version/12.1.1 Mobile/15E148 Safari/604.1"
49.193.119.218 - - [28/Aug/2019:02:37:27 +0000] "GET /js/all.js?v=20 HTTP/1.1" 200 220450 "https://www.octopustransferscroatia.com/" "Mozilla/5.0 (iPhone; CPU iPhone OS 12_3_1 like Mac OS X) AppleWebKit/605.1.15 (KHTML, like Gecko) Version/12.1.1 Mobile/15E148 Safari/604.1"
49.193.119.218 - - [28/Aug/2019:02:37:28 +0000] "GET /images/bus.png HTTP/1.1" 200 111224 "https://www.octopustransferscroatia.com/" "Mozilla/5.0 (iPhone; CPU iPhone OS 12_3_1 like Mac OS X) AppleWebKit/605.1.15 (KHTML, like Gecko) Version/12.1.1 Mobile/15E148 Safari/604.1"
49.193.119.218 - - [28/Aug/2019:02:37:28 +0000] "GET /fonts/fonts/themeenergy.woff2 HTTP/1.1" 200 357352 "https://www.octopustransferscroatia.com/" "Mozilla/5.0 (iPhone; CPU iPhone OS 12_3_1 like Mac OS X) AppleWebKit/605.1.15 (KHTML, like Gecko) Version/12.1.1 Mobile/15E148 Safari/604.1"
49.193.119.218 - - [28/Aug/2019:02:37:29 +0000] "GET /css/images/ui-bg_flat_75_ffffff_40x100.png HTTP/1.1" 200 178 "https://www.octopustransferscroatia.com/" "Mozilla/5.0 (iPhone; CPU iPhone OS 12_3_1 like Mac OS X) AppleWebKit/605.1.15 (KHTML, like Gecko) Version/12.1.1 Mobile/15E148 Safari/604.1"
49.193.119.218 - - [28/Aug/2019:02:37:29 +0000] "GET /images/backgrounds/krka.jpg HTTP/1.1" 200 279601 "https://www.octopustransferscroatia.com/" "Mozilla/5.0 (iPhone; CPU iPhone OS 12_3_1 like Mac OS X) AppleWebKit/605.1.15 (KHTML, like Gecko) Version/12.1.1 Mobile/15E148 Safari/604.1"
49.193.119.218 - - [28/Aug/2019:02:37:29 +0000] "GET /images/backgrounds/split.jpg HTTP/1.1" 200 209419 "https://www.octopustransferscroatia.com/" "Mozilla/5.0 (iPhone; CPU iPhone OS 12_3_1 like Mac OS X) AppleWebKit/605.1.15 (KHTML, like Gecko) Version/12.1.1 Mobile/15E148 Safari/604.1"
49.193.119.218 - - [28/Aug/2019:02:37:29 +0000] "GET /images/backgrounds/plitvice.jpg HTTP/1.1" 200 376840 "https://www.octopustransferscroatia.com/" "Mozilla/5.0 (iPhone; CPU iPhone OS 12_3_1 like Mac OS X) AppleWebKit/605.1.15 (KHTML, like Gecko) Version/12.1.1 Mobile/15E148 Safari/604.1"
49.193.119.218 - - [28/Aug/2019:02:37:32 +0000] "POST /startlocation HTTP/1.1" 200 74 "https://www.octopustransferscroatia.com/" "Mozilla/5.0 (iPhone; CPU iPhone OS 12_3_1 like Mac OS X) AppleWebKit/605.1.15 (KHTML, like Gecko) Version/12.1.1 Mobile/15E148 Safari/604.1"
23.91.184.34 - - [28/Aug/2019:02:37:35 +0000] "GET /search?start_location=Zagreb&end_location=Split&date=13.09.2019.&people=1&type=oneway HTTP/1.1" 200 5371 "https://www.octopustransferscroatia.com/" "Mozilla/5.0 (Linux; Android 9; SAMSUNG SM-G950W Build/PPR1.180610.011) AppleWebKit/537.36 (KHTML, like Gecko) SamsungBrowser/9.4 Chrome/67.0.3396.87 Mobile Safari/537.36"
49.193.119.218 - - [28/Aug/2019:02:37:36 +0000] "POST /endlocation HTTP/1.1" 200 33 "https://www.octopustransferscroatia.com/" "Mozilla/5.0 (iPhone; CPU iPhone OS 12_3_1 like Mac OS X) AppleWebKit/605.1.15 (KHTML, like Gecko) Version/12.1.1 Mobile/15E148 Safari/604.1"
23.91.184.34 - - [28/Aug/2019:02:37:36 +0000] "GET /uploads/thumbnails/b9fa83b452a64e29be3c294cc2e189e0.png HTTP/1.1" 200 253568 "https://www.octopustransferscroatia.com/search?start_location=Zagreb&end_location=Split&date=13.09.2019.&people=1&type=oneway" "Mozilla/5.0 (Linux; Android 9; SAMSUNG SM-G950W Build/PPR1.180610.011) AppleWebKit/537.36 (KHTML, like Gecko) SamsungBrowser/9.4 Chrome/67.0.3396.87 Mobile Safari/537.36"
49.193.119.218 - - [28/Aug/2019:02:37:37 +0000] "POST /endlocation HTTP/1.1" 200 33 "https://www.octopustransferscroatia.com/" "Mozilla/5.0 (iPhone; CPU iPhone OS 12_3_1 like Mac OS X) AppleWebKit/605.1.15 (KHTML, like Gecko) Version/12.1.1 Mobile/15E148 Safari/604.1"
23.91.184.34 - - [28/Aug/2019:02:37:36 +0000] "GET /uploads/thumbnails/1cf0bbb292957a5a23d102741ffbef78.png HTTP/1.1" 200 294202 "https://www.octopustransferscroatia.com/search?start_location=Zagreb&end_location=Split&date=13.09.2019.&people=1&type=oneway" "Mozilla/5.0 (Linux; Android 9; SAMSUNG SM-G950W Build/PPR1.180610.011) AppleWebKit/537.36 (KHTML, like Gecko) SamsungBrowser/9.4 Chrome/67.0.3396.87 Mobile Safari/537.36"
49.193.119.218 - - [28/Aug/2019:02:37:39 +0000] "GET /css/images/ui-icons_777777_256x240.png HTTP/1.1" 200 6999 "https://www.octopustransferscroatia.com/" "Mozilla/5.0 (iPhone; CPU iPhone OS 12_3_1 like Mac OS X) AppleWebKit/605.1.15 (KHTML, like Gecko) Version/12.1.1 Mobile/15E148 Safari/604.1"
49.193.119.218 - - [28/Aug/2019:02:37:39 +0000] "GET /css/images/ui-bg_flat_100_f5f5f5_40x100.png HTTP/1.1" 404 1104 "https://www.octopustransferscroatia.com/" "Mozilla/5.0 (iPhone; CPU iPhone OS 12_3_1 like Mac OS X) AppleWebKit/605.1.15 (KHTML, like Gecko) Version/12.1.1 Mobile/15E148 Safari/604.1"
23.91.184.34 - - [28/Aug/2019:02:37:36 +0000] "GET /uploads/thumbnails/1e9de2c4f0bdf1208ef92bd5d8956580.png HTTP/1.1" 200 462885 "https://www.octopustransferscroatia.com/search?start_location=Zagreb&end_location=Split&date=13.09.2019.&people=1&type=oneway" "Mozilla/5.0 (Linux; Android 9; SAMSUNG SM-G950W Build/PPR1.180610.011) AppleWebKit/537.36 (KHTML, like Gecko) SamsungBrowser/9.4 Chrome/67.0.3396.87 Mobile Safari/537.36"
49.193.119.218 - - [28/Aug/2019:02:37:42 +0000] "GET /favicon-32x32.png HTTP/1.1" 200 1372 "https://www.octopustransferscroatia.com/" "Mozilla/5.0 (iPhone; CPU iPhone OS 12_3_1 like Mac OS X) AppleWebKit/605.1.15 (KHTML, like Gecko) Version/12.1.1 Mobile/15E148 Safari/604.1"
49.193.119.218 - - [28/Aug/2019:02:37:42 +0000] "GET /css/images/ui-icons_ffffff_256x240.png HTTP/1.1" 200 6299 "https://www.octopustransferscroatia.com/" "Mozilla/5.0 (iPhone; CPU iPhone OS 12_3_1 like Mac OS X) AppleWebKit/605.1.15 (KHTML, like Gecko) Version/12.1.1 Mobile/15E148 Safari/604.1"
49.193.119.218 - - [28/Aug/2019:02:37:43 +0000] "GET /images/favicon.ico HTTP/1.1" 200 894 "https://www.octopustransferscroatia.com/" "Mozilla/5.0 (iPhone; CPU iPhone OS 12_3_1 like Mac OS X) AppleWebKit/605.1.15 (KHTML, like Gecko) Version/12.1.1 Mobile/15E148 Safari/604.1"
49.193.119.218 - - [28/Aug/2019:02:37:43 +0000] "GET /favicon-16x16.png HTTP/1.1" 200 885 "https://www.octopustransferscroatia.com/" "Mozilla/5.0 (iPhone; CPU iPhone OS 12_3_1 like Mac OS X) AppleWebKit/605.1.15 (KHTML, like Gecko) Version/12.1.1 Mobile/15E148 Safari/604.1"
23.91.184.34 - - [28/Aug/2019:02:37:36 +0000] "GET /uploads/thumbnails/20fbc54c89d0ca6241588eb78dcde987.png HTTP/1.1" 200 393295 "https://www.octopustransferscroatia.com/search?start_location=Zagreb&end_location=Split&date=13.09.2019.&people=1&type=oneway" "Mozilla/5.0 (Linux; Android 9; SAMSUNG SM-G950W Build/PPR1.180610.011) AppleWebKit/537.36 (KHTML, like Gecko) SamsungBrowser/9.4 Chrome/67.0.3396.87 Mobile Safari/537.36"
23.91.184.34 - - [28/Aug/2019:02:37:43 +0000] "POST /startlocation HTTP/1.1" 200 39 "https://www.octopustransferscroatia.com/search?start_location=Zagreb&end_location=Split&date=13.09.2019.&people=1&type=oneway" "Mozilla/5.0 (Linux; Android 9; SAMSUNG SM-G950W Build/PPR1.180610.011) AppleWebKit/537.36 (KHTML, like Gecko) SamsungBrowser/9.4 Chrome/67.0.3396.87 Mobile Safari/537.36"
23.91.184.34 - - [28/Aug/2019:02:37:51 +0000] "GET /search?start_location=Zagreb+Airport&end_location=Split&date=13.09.2019.&people=1&type=oneway HTTP/1.1" 200 5371 "https://www.octopustransferscroatia.com/search?start_location=Zagreb&end_location=Split&date=13.09.2019.&people=1&type=oneway" "Mozilla/5.0 (Linux; Android 9; SAMSUNG SM-G950W Build/PPR1.180610.011) AppleWebKit/537.36 (KHTML, like Gecko) SamsungBrowser/9.4 Chrome/67.0.3396.87 Mobile Safari/537.36"
49.193.119.218 - - [28/Aug/2019:02:37:56 +0000] "GET /search?start_location=Dubrovnik+Airport&end_location=Dubrovnik&date=25.05.2020.&people=2&type=oneway&type=return HTTP/1.1" 200 5360 "https://www.octopustransferscroatia.com/" "Mozilla/5.0 (iPhone; CPU iPhone OS 12_3_1 like Mac OS X) AppleWebKit/605.1.15 (KHTML, like Gecko) Version/12.1.1 Mobile/15E148 Safari/604.1"
49.193.119.218 - - [28/Aug/2019:02:37:56 +0000] "GET /uploads/thumbnails/b9fa83b452a64e29be3c294cc2e189e0.png HTTP/1.1" 200 253568 "https://www.octopustransferscroatia.com/search?start_location=Dubrovnik+Airport&end_location=Dubrovnik&date=25.05.2020.&people=2&type=oneway&type=return" "Mozilla/5.0 (iPhone; CPU iPhone OS 12_3_1 like Mac OS X) AppleWebKit/605.1.15 (KHTML, like Gecko) Version/12.1.1 Mobile/15E148 Safari/604.1"
49.193.119.218 - - [28/Aug/2019:02:37:56 +0000] "GET /uploads/thumbnails/1cf0bbb292957a5a23d102741ffbef78.png HTTP/1.1" 200 294202 "https://www.octopustransferscroatia.com/search?start_location=Dubrovnik+Airport&end_location=Dubrovnik&date=25.05.2020.&people=2&type=oneway&type=return" "Mozilla/5.0 (iPhone; CPU iPhone OS 12_3_1 like Mac OS X) AppleWebKit/605.1.15 (KHTML, like Gecko) Version/12.1.1 Mobile/15E148 Safari/604.1"
49.193.119.218 - - [28/Aug/2019:02:37:56 +0000] "GET /uploads/thumbnails/20fbc54c89d0ca6241588eb78dcde987.png HTTP/1.1" 200 393295 "https://www.octopustransferscroatia.com/search?start_location=Dubrovnik+Airport&end_location=Dubrovnik&date=25.05.2020.&people=2&type=oneway&type=return" "Mozilla/5.0 (iPhone; CPU iPhone OS 12_3_1 like Mac OS X) AppleWebKit/605.1.15 (KHTML, like Gecko) Version/12.1.1 Mobile/15E148 Safari/604.1"
49.193.119.218 - - [28/Aug/2019:02:37:56 +0000] "GET /uploads/thumbnails/1e9de2c4f0bdf1208ef92bd5d8956580.png HTTP/1.1" 200 462885 "https://www.octopustransferscroatia.com/search?start_location=Dubrovnik+Airport&end_location=Dubrovnik&date=25.05.2020.&people=2&type=oneway&type=return" "Mozilla/5.0 (iPhone; CPU iPhone OS 12_3_1 like Mac OS X) AppleWebKit/605.1.15 (KHTML, like Gecko) Version/12.1.1 Mobile/15E148 Safari/604.1"
49.193.119.218 - - [28/Aug/2019:02:38:01 +0000] "GET /search?start_location=Dubrovnik+Airport&end_location=Dubrovnik&date=25.05.2020.&people=2&type=return HTTP/1.1" 200 5360 "https://www.octopustransferscroatia.com/search?start_location=Dubrovnik+Airport&end_location=Dubrovnik&date=25.05.2020.&people=2&type=oneway&type=return" "Mozilla/5.0 (iPhone; CPU iPhone OS 12_3_1 like Mac OS X) AppleWebKit/605.1.15 (KHTML, like Gecko) Version/12.1.1 Mobile/15E148 Safari/604.1"
49.193.119.218 - - [28/Aug/2019:02:38:02 +0000] "GET /uploads/thumbnails/1cf0bbb292957a5a23d102741ffbef78.png HTTP/1.1" 200 294202 "https://www.octopustransferscroatia.com/search?start_location=Dubrovnik+Airport&end_location=Dubrovnik&date=25.05.2020.&people=2&type=return" "Mozilla/5.0 (iPhone; CPU iPhone OS 12_3_1 like Mac OS X) AppleWebKit/605.1.15 (KHTML, like Gecko) Version/12.1.1 Mobile/15E148 Safari/604.1"
49.193.119.218 - - [28/Aug/2019:02:38:02 +0000] "GET /uploads/thumbnails/1e9de2c4f0bdf1208ef92bd5d8956580.png HTTP/1.1" 200 462885 "https://www.octopustransferscroatia.com/search?start_location=Dubrovnik+Airport&end_location=Dubrovnik&date=25.05.2020.&people=2&type=return" "Mozilla/5.0 (iPhone; CPU iPhone OS 12_3_1 like Mac OS X) AppleWebKit/605.1.15 (KHTML, like Gecko) Version/12.1.1 Mobile/15E148 Safari/604.1"
49.193.119.218 - - [28/Aug/2019:02:38:11 +0000] "GET /search?start_location=Dubrovnik+Airport&end_location=Dubrovnik&date=25.05.2020.&people=2&type=return HTTP/1.1" 200 5360 "https://www.octopustransferscroatia.com/search?start_location=Dubrovnik+Airport&end_location=Dubrovnik&date=25.05.2020.&people=2&type=return" "Mozilla/5.0 (iPhone; CPU iPhone OS 12_3_1 like Mac OS X) AppleWebKit/605.1.15 (KHTML, like Gecko) Version/12.1.1 Mobile/15E148 Safari/604.1"
49.193.119.218 - - [28/Aug/2019:02:38:34 +0000] "POST /reservation HTTP/1.1" 200 5435 "https://www.octopustransferscroatia.com/search?start_location=Dubrovnik+Airport&end_location=Dubrovnik&date=25.05.2020.&people=2&type=return" "Mozilla/5.0 (iPhone; CPU iPhone OS 12_3_1 like Mac OS X) AppleWebKit/605.1.15 (KHTML, like Gecko) Version/12.1.1 Mobile/15E148 Safari/604.1"
49.193.119.218 - - [28/Aug/2019:02:38:34 +0000] "GET /vendor/tel-input/css/intlTelInput.css HTTP/1.1" 200 3645 "https://www.octopustransferscroatia.com/reservation" "Mozilla/5.0 (iPhone; CPU iPhone OS 12_3_1 like Mac OS X) AppleWebKit/605.1.15 (KHTML, like Gecko) Version/12.1.1 Mobile/15E148 Safari/604.1"
49.193.119.218 - - [28/Aug/2019:02:38:35 +0000] "GET /vendor/tel-input/js/intlTelInput.js?v=2 HTTP/1.1" 200 19119 "https://www.octopustransferscroatia.com/reservation" "Mozilla/5.0 (iPhone; CPU iPhone OS 12_3_1 like Mac OS X) AppleWebKit/605.1.15 (KHTML, like Gecko) Version/12.1.1 Mobile/15E148 Safari/604.1"
