83.82.198.203 - - [01/Sep/2019:18:17:48 +0000] "GET /uploads/thumbnails/1b7b9beb8ad5f5d8d7cb6bf7df26f022.jpg HTTP/1.1" 200 121190 "https://www.octopustransferscroatia.com/destinations" "Mozilla/5.0 (Windows NT 10.0; WOW64) AppleWebKit/537.36 (KHTML, like Gecko) Chrome/76.0.3809.132 Safari/537.36"
83.82.198.203 - - [01/Sep/2019:18:17:48 +0000] "GET /uploads/thumbnails/3fd666047bfe06c44d90f6c154620f6d.JPG HTTP/1.1" 200 55138 "https://www.octopustransferscroatia.com/destinations" "Mozilla/5.0 (Windows NT 10.0; WOW64) AppleWebKit/537.36 (KHTML, like Gecko) Chrome/76.0.3809.132 Safari/537.36"
83.82.198.203 - - [01/Sep/2019:18:17:48 +0000] "GET /uploads/thumbnails/055002825f4d87d13c8d74ae8d1d5083.jpeg HTTP/1.1" 200 89550 "https://www.octopustransferscroatia.com/destinations" "Mozilla/5.0 (Windows NT 10.0; WOW64) AppleWebKit/537.36 (KHTML, like Gecko) Chrome/76.0.3809.132 Safari/537.36"
83.82.198.203 - - [01/Sep/2019:18:17:48 +0000] "GET /uploads/thumbnails/6d28e8eda10ff129a8b0b2374143d686.jpg HTTP/1.1" 200 79642 "https://www.octopustransferscroatia.com/destinations" "Mozilla/5.0 (Windows NT 10.0; WOW64) AppleWebKit/537.36 (KHTML, like Gecko) Chrome/76.0.3809.132 Safari/537.36"
83.82.198.203 - - [01/Sep/2019:18:17:48 +0000] "GET /uploads/thumbnails/6779cb7f2cab1b6eee8d7f725633fc9a.jpg HTTP/1.1" 200 82400 "https://www.octopustransferscroatia.com/destinations" "Mozilla/5.0 (Windows NT 10.0; WOW64) AppleWebKit/537.36 (KHTML, like Gecko) Chrome/76.0.3809.132 Safari/537.36"
83.82.198.203 - - [01/Sep/2019:18:17:49 +0000] "GET /uploads/thumbnails/1ea6e1c758ea6c2f5e0713d7c916f759.jpg HTTP/1.1" 200 46706 "https://www.octopustransferscroatia.com/destinations" "Mozilla/5.0 (Windows NT 10.0; WOW64) AppleWebKit/537.36 (KHTML, like Gecko) Chrome/76.0.3809.132 Safari/537.36"
83.82.198.203 - - [01/Sep/2019:18:17:48 +0000] "GET /uploads/thumbnails/2972e19a6ef39adb75030d696e86e33a.jpg HTTP/1.1" 200 113795 "https://www.octopustransferscroatia.com/destinations" "Mozilla/5.0 (Windows NT 10.0; WOW64) AppleWebKit/537.36 (KHTML, like Gecko) Chrome/76.0.3809.132 Safari/537.36"
83.82.198.203 - - [01/Sep/2019:18:17:49 +0000] "GET /uploads/thumbnails/36ff593f6a1bce2121cb29e10ae5e82f.jpg HTTP/1.1" 200 75912 "https://www.octopustransferscroatia.com/destinations" "Mozilla/5.0 (Windows NT 10.0; WOW64) AppleWebKit/537.36 (KHTML, like Gecko) Chrome/76.0.3809.132 Safari/537.36"
83.82.198.203 - - [01/Sep/2019:18:17:49 +0000] "GET /uploads/thumbnails/93a11c9fd3082077ceea83411edfe967.jpg HTTP/1.1" 200 92840 "https://www.octopustransferscroatia.com/destinations" "Mozilla/5.0 (Windows NT 10.0; WOW64) AppleWebKit/537.36 (KHTML, like Gecko) Chrome/76.0.3809.132 Safari/537.36"
83.82.198.203 - - [01/Sep/2019:18:17:49 +0000] "GET /uploads/thumbnails/3e108a86ca8e94f8403ce56e3d6c89aa.jpg HTTP/1.1" 200 89777 "https://www.octopustransferscroatia.com/destinations" "Mozilla/5.0 (Windows NT 10.0; WOW64) AppleWebKit/537.36 (KHTML, like Gecko) Chrome/76.0.3809.132 Safari/537.36"
83.82.198.203 - - [01/Sep/2019:18:18:03 +0000] "GET /destinations/7/zadar-airport HTTP/1.1" 200 4331 "https://www.octopustransferscroatia.com/destinations" "Mozilla/5.0 (Windows NT 10.0; WOW64) AppleWebKit/537.36 (KHTML, like Gecko) Chrome/76.0.3809.132 Safari/537.36"
83.82.198.203 - - [01/Sep/2019:18:18:03 +0000] "GET /uploads/images/7ad4afa4b0b7cc75db823e59e3e32382.jpg HTTP/1.1" 200 193399 "https://www.octopustransferscroatia.com/destinations/7/zadar-airport" "Mozilla/5.0 (Windows NT 10.0; WOW64) AppleWebKit/537.36 (KHTML, like Gecko) Chrome/76.0.3809.132 Safari/537.36"
83.82.198.203 - - [01/Sep/2019:18:20:20 +0000] "GET / HTTP/1.1" 200 5408 "https://www.octopustransferscroatia.com/destinations/7/zadar-airport" "Mozilla/5.0 (Windows NT 10.0; WOW64) AppleWebKit/537.36 (KHTML, like Gecko) Chrome/76.0.3809.132 Safari/537.36"
83.82.198.203 - - [01/Sep/2019:18:20:27 +0000] "POST /startlocation HTTP/1.1" 200 65 "https://www.octopustransferscroatia.com/" "Mozilla/5.0 (Windows NT 10.0; WOW64) AppleWebKit/537.36 (KHTML, like Gecko) Chrome/76.0.3809.132 Safari/537.36"
83.82.198.203 - - [01/Sep/2019:18:20:27 +0000] "POST /startlocation HTTP/1.1" 200 65 "https://www.octopustransferscroatia.com/" "Mozilla/5.0 (Windows NT 10.0; WOW64) AppleWebKit/537.36 (KHTML, like Gecko) Chrome/76.0.3809.132 Safari/537.36"
83.82.198.203 - - [01/Sep/2019:18:22:23 +0000] "POST /endlocation HTTP/1.1" 200 30 "https://www.octopustransferscroatia.com/" "Mozilla/5.0 (Windows NT 10.0; WOW64) AppleWebKit/537.36 (KHTML, like Gecko) Chrome/76.0.3809.132 Safari/537.36"
83.82.198.203 - - [01/Sep/2019:18:22:24 +0000] "POST /endlocation HTTP/1.1" 200 2 "https://www.octopustransferscroatia.com/" "Mozilla/5.0 (Windows NT 10.0; WOW64) AppleWebKit/537.36 (KHTML, like Gecko) Chrome/76.0.3809.132 Safari/537.36"
83.82.198.203 - - [01/Sep/2019:18:22:25 +0000] "POST /endlocation HTTP/1.1" 200 30 "https://www.octopustransferscroatia.com/" "Mozilla/5.0 (Windows NT 10.0; WOW64) AppleWebKit/537.36 (KHTML, like Gecko) Chrome/76.0.3809.132 Safari/537.36"
83.82.198.203 - - [01/Sep/2019:18:22:27 +0000] "POST /endlocation HTTP/1.1" 200 2 "https://www.octopustransferscroatia.com/" "Mozilla/5.0 (Windows NT 10.0; WOW64) AppleWebKit/537.36 (KHTML, like Gecko) Chrome/76.0.3809.132 Safari/537.36"
83.82.198.203 - - [01/Sep/2019:18:22:28 +0000] "POST /endlocation HTTP/1.1" 200 2 "https://www.octopustransferscroatia.com/" "Mozilla/5.0 (Windows NT 10.0; WOW64) AppleWebKit/537.36 (KHTML, like Gecko) Chrome/76.0.3809.132 Safari/537.36"
83.82.198.203 - - [01/Sep/2019:18:22:29 +0000] "POST /endlocation HTTP/1.1" 200 2 "https://www.octopustransferscroatia.com/" "Mozilla/5.0 (Windows NT 10.0; WOW64) AppleWebKit/537.36 (KHTML, like Gecko) Chrome/76.0.3809.132 Safari/537.36"
83.82.198.203 - - [01/Sep/2019:18:22:30 +0000] "POST /endlocation HTTP/1.1" 200 2 "https://www.octopustransferscroatia.com/" "Mozilla/5.0 (Windows NT 10.0; WOW64) AppleWebKit/537.36 (KHTML, like Gecko) Chrome/76.0.3809.132 Safari/537.36"
83.82.198.203 - - [01/Sep/2019:18:22:32 +0000] "POST /endlocation HTTP/1.1" 200 2 "https://www.octopustransferscroatia.com/" "Mozilla/5.0 (Windows NT 10.0; WOW64) AppleWebKit/537.36 (KHTML, like Gecko) Chrome/76.0.3809.132 Safari/537.36"
86.81.117.249 - - [01/Sep/2019:18:22:35 +0000] "GET / HTTP/1.1" 200 5408 "https://www.google.com/" "Mozilla/5.0 (iPhone; CPU iPhone OS 12_4 like Mac OS X) AppleWebKit/605.1.15 (KHTML, like Gecko) CriOS/76.0.3809.123 Mobile/15E148 Safari/605.1"
86.81.117.249 - - [01/Sep/2019:18:22:36 +0000] "GET /css/all.css?v=6 HTTP/1.1" 200 48625 "https://www.octopustransferscroatia.com/" "Mozilla/5.0 (iPhone; CPU iPhone OS 12_4 like Mac OS X) AppleWebKit/605.1.15 (KHTML, like Gecko) CriOS/76.0.3809.123 Mobile/15E148 Safari/605.1"
86.81.117.249 - - [01/Sep/2019:18:22:36 +0000] "GET /css/flexslider.css HTTP/1.1" 200 1097 "https://www.octopustransferscroatia.com/" "Mozilla/5.0 (iPhone; CPU iPhone OS 12_4 like Mac OS X) AppleWebKit/605.1.15 (KHTML, like Gecko) CriOS/76.0.3809.123 Mobile/15E148 Safari/605.1"
83.82.198.203 - - [01/Sep/2019:18:22:36 +0000] "POST /endlocation HTTP/1.1" 200 2 "https://www.octopustransferscroatia.com/" "Mozilla/5.0 (Windows NT 10.0; WOW64) AppleWebKit/537.36 (KHTML, like Gecko) Chrome/76.0.3809.132 Safari/537.36"
86.81.117.249 - - [01/Sep/2019:18:22:36 +0000] "GET /images/octopus-logo.png HTTP/1.1" 200 10874 "https://www.octopustransferscroatia.com/" "Mozilla/5.0 (iPhone; CPU iPhone OS 12_4 like Mac OS X) AppleWebKit/605.1.15 (KHTML, like Gecko) CriOS/76.0.3809.123 Mobile/15E148 Safari/605.1"
86.81.117.249 - - [01/Sep/2019:18:22:37 +0000] "GET /js/jquery.flexslider-min.js HTTP/1.1" 200 6427 "https://www.octopustransferscroatia.com/" "Mozilla/5.0 (iPhone; CPU iPhone OS 12_4 like Mac OS X) AppleWebKit/605.1.15 (KHTML, like Gecko) CriOS/76.0.3809.123 Mobile/15E148 Safari/605.1"
83.82.198.203 - - [01/Sep/2019:18:22:37 +0000] "GET /css/images/ui-bg_flat_100_f5f5f5_40x100.png HTTP/1.1" 404 1104 "https://www.octopustransferscroatia.com/css/all.css?v=6" "Mozilla/5.0 (Windows NT 10.0; WOW64) AppleWebKit/537.36 (KHTML, like Gecko) Chrome/76.0.3809.132 Safari/537.36"
86.81.117.249 - - [01/Sep/2019:18:22:36 +0000] "GET /js/all.js?v=20 HTTP/1.1" 200 220450 "https://www.octopustransferscroatia.com/" "Mozilla/5.0 (iPhone; CPU iPhone OS 12_4 like Mac OS X) AppleWebKit/605.1.15 (KHTML, like Gecko) CriOS/76.0.3809.123 Mobile/15E148 Safari/605.1"
46.229.168.134 - - [01/Sep/2019:18:22:40 +0000] "GET /robots.txt HTTP/1.1" 301 258 "-" "Mozilla/5.0 (compatible; SemrushBot/6~bl; +http://www.semrush.com/bot.html)"
86.81.117.249 - - [01/Sep/2019:18:22:41 +0000] "GET /images/minivan.png HTTP/1.1" 200 91295 "https://www.octopustransferscroatia.com/" "Mozilla/5.0 (iPhone; CPU iPhone OS 12_4 like Mac OS X) AppleWebKit/605.1.15 (KHTML, like Gecko) CriOS/76.0.3809.123 Mobile/15E148 Safari/605.1"
86.81.117.249 - - [01/Sep/2019:18:22:41 +0000] "GET /images/standard.png HTTP/1.1" 200 65207 "https://www.octopustransferscroatia.com/" "Mozilla/5.0 (iPhone; CPU iPhone OS 12_4 like Mac OS X) AppleWebKit/605.1.15 (KHTML, like Gecko) CriOS/76.0.3809.123 Mobile/15E148 Safari/605.1"
86.81.117.249 - - [01/Sep/2019:18:22:42 +0000] "GET /images/minibus.png HTTP/1.1" 200 66935 "https://www.octopustransferscroatia.com/" "Mozilla/5.0 (iPhone; CPU iPhone OS 12_4 like Mac OS X) AppleWebKit/605.1.15 (KHTML, like Gecko) CriOS/76.0.3809.123 Mobile/15E148 Safari/605.1"
86.81.117.249 - - [01/Sep/2019:18:22:43 +0000] "GET /images/bus.png HTTP/1.1" 200 111224 "https://www.octopustransferscroatia.com/" "Mozilla/5.0 (iPhone; CPU iPhone OS 12_4 like Mac OS X) AppleWebKit/605.1.15 (KHTML, like Gecko) CriOS/76.0.3809.123 Mobile/15E148 Safari/605.1"
83.82.198.203 - - [01/Sep/2019:18:22:45 +0000] "GET /search?start_location=Zadar+Airport&end_location=zaton+holiday+resort&date=09.09.2019.&people=4&type=oneway&type=return HTTP/1.1" 302 432 "https://www.octopustransferscroatia.com/" "Mozilla/5.0 (Windows NT 10.0; WOW64) AppleWebKit/537.36 (KHTML, like Gecko) Chrome/76.0.3809.132 Safari/537.36"
83.82.198.203 - - [01/Sep/2019:18:22:45 +0000] "GET /contact HTTP/1.1" 200 3385 "https://www.octopustransferscroatia.com/" "Mozilla/5.0 (Windows NT 10.0; WOW64) AppleWebKit/537.36 (KHTML, like Gecko) Chrome/76.0.3809.132 Safari/537.36"
173.75.15.164 - - [01/Sep/2019:18:22:45 +0000] "GET / HTTP/1.1" 200 5408 "https://www.timeout.com/croatia/things-to-do/how-to-get-from-zagreb-to-split" "Mozilla/5.0 (Linux; Android 6.0.1; SM-G900V) AppleWebKit/537.36 (KHTML, like Gecko) Chrome/76.0.3809.132 Mobile Safari/537.36"
173.75.15.164 - - [01/Sep/2019:18:22:46 +0000] "GET /css/flexslider.css HTTP/1.1" 200 1097 "https://www.octopustransferscroatia.com/" "Mozilla/5.0 (Linux; Android 6.0.1; SM-G900V) AppleWebKit/537.36 (KHTML, like Gecko) Chrome/76.0.3809.132 Mobile Safari/537.36"
173.75.15.164 - - [01/Sep/2019:18:22:46 +0000] "GET /css/all.css?v=6 HTTP/1.1" 200 48625 "https://www.octopustransferscroatia.com/" "Mozilla/5.0 (Linux; Android 6.0.1; SM-G900V) AppleWebKit/537.36 (KHTML, like Gecko) Chrome/76.0.3809.132 Mobile Safari/537.36"
173.75.15.164 - - [01/Sep/2019:18:22:46 +0000] "GET /js/jquery.flexslider-min.js HTTP/1.1" 200 6427 "https://www.octopustransferscroatia.com/" "Mozilla/5.0 (Linux; Android 6.0.1; SM-G900V) AppleWebKit/537.36 (KHTML, like Gecko) Chrome/76.0.3809.132 Mobile Safari/537.36"
173.75.15.164 - - [01/Sep/2019:18:22:46 +0000] "GET /images/octopus-logo.png HTTP/1.1" 200 10874 "https://www.octopustransferscroatia.com/" "Mozilla/5.0 (Linux; Android 6.0.1; SM-G900V) AppleWebKit/537.36 (KHTML, like Gecko) Chrome/76.0.3809.132 Mobile Safari/537.36"
173.75.15.164 - - [01/Sep/2019:18:22:46 +0000] "GET /js/all.js?v=20 HTTP/1.1" 200 220450 "https://www.octopustransferscroatia.com/" "Mozilla/5.0 (Linux; Android 6.0.1; SM-G900V) AppleWebKit/537.36 (KHTML, like Gecko) Chrome/76.0.3809.132 Mobile Safari/537.36"
86.81.117.249 - - [01/Sep/2019:18:22:47 +0000] "GET /css/images/ui-bg_flat_75_ffffff_40x100.png HTTP/1.1" 200 178 "https://www.octopustransferscroatia.com/" "Mozilla/5.0 (iPhone; CPU iPhone OS 12_4 like Mac OS X) AppleWebKit/605.1.15 (KHTML, like Gecko) CriOS/76.0.3809.123 Mobile/15E148 Safari/605.1"
173.75.15.164 - - [01/Sep/2019:18:22:47 +0000] "GET /images/backgrounds/krka.jpg HTTP/1.1" 200 279601 "https://www.octopustransferscroatia.com/css/all.css?v=6" "Mozilla/5.0 (Linux; Android 6.0.1; SM-G900V) AppleWebKit/537.36 (KHTML, like Gecko) Chrome/76.0.3809.132 Mobile Safari/537.36"
173.75.15.164 - - [01/Sep/2019:18:22:47 +0000] "GET /images/backgrounds/plitvice.jpg HTTP/1.1" 200 376840 "https://www.octopustransferscroatia.com/css/all.css?v=6" "Mozilla/5.0 (Linux; Android 6.0.1; SM-G900V) AppleWebKit/537.36 (KHTML, like Gecko) Chrome/76.0.3809.132 Mobile Safari/537.36"
173.75.15.164 - - [01/Sep/2019:18:22:47 +0000] "GET /images/backgrounds/split.jpg HTTP/1.1" 200 209419 "https://www.octopustransferscroatia.com/css/all.css?v=6" "Mozilla/5.0 (Linux; Android 6.0.1; SM-G900V) AppleWebKit/537.36 (KHTML, like Gecko) Chrome/76.0.3809.132 Mobile Safari/537.36"
173.75.15.164 - - [01/Sep/2019:18:22:46 +0000] "GET /fonts/fonts/themeenergy.woff2 HTTP/1.1" 200 357352 "https://www.octopustransferscroatia.com/css/all.css?v=6" "Mozilla/5.0 (Linux; Android 6.0.1; SM-G900V) AppleWebKit/537.36 (KHTML, like Gecko) Chrome/76.0.3809.132 Mobile Safari/537.36"
173.75.15.164 - - [01/Sep/2019:18:22:47 +0000] "GET /images/standard.png HTTP/1.1" 200 65207 "https://www.octopustransferscroatia.com/" "Mozilla/5.0 (Linux; Android 6.0.1; SM-G900V) AppleWebKit/537.36 (KHTML, like Gecko) Chrome/76.0.3809.132 Mobile Safari/537.36"
173.75.15.164 - - [01/Sep/2019:18:22:47 +0000] "GET /images/minivan.png HTTP/1.1" 200 91295 "https://www.octopustransferscroatia.com/" "Mozilla/5.0 (Linux; Android 6.0.1; SM-G900V) AppleWebKit/537.36 (KHTML, like Gecko) Chrome/76.0.3809.132 Mobile Safari/537.36"
86.81.117.249 - - [01/Sep/2019:18:22:47 +0000] "GET /images/backgrounds/split.jpg HTTP/1.1" 200 209419 "https://www.octopustransferscroatia.com/" "Mozilla/5.0 (iPhone; CPU iPhone OS 12_4 like Mac OS X) AppleWebKit/605.1.15 (KHTML, like Gecko) CriOS/76.0.3809.123 Mobile/15E148 Safari/605.1"
173.75.15.164 - - [01/Sep/2019:18:22:47 +0000] "GET /images/minibus.png HTTP/1.1" 200 66935 "https://www.octopustransferscroatia.com/" "Mozilla/5.0 (Linux; Android 6.0.1; SM-G900V) AppleWebKit/537.36 (KHTML, like Gecko) Chrome/76.0.3809.132 Mobile Safari/537.36"
173.75.15.164 - - [01/Sep/2019:18:22:47 +0000] "GET /images/bus.png HTTP/1.1" 200 111224 "https://www.octopustransferscroatia.com/" "Mozilla/5.0 (Linux; Android 6.0.1; SM-G900V) AppleWebKit/537.36 (KHTML, like Gecko) Chrome/76.0.3809.132 Mobile Safari/537.36"
46.229.168.131 - - [01/Sep/2019:18:22:47 +0000] "GET /robots.txt HTTP/1.1" 200 24 "-" "Mozilla/5.0 (compatible; SemrushBot/6~bl; +http://www.semrush.com/bot.html)"
173.75.15.164 - - [01/Sep/2019:18:22:47 +0000] "GET /css/images/ui-bg_flat_75_ffffff_40x100.png HTTP/1.1" 200 178 "https://www.octopustransferscroatia.com/css/all.css?v=6" "Mozilla/5.0 (Linux; Android 6.0.1; SM-G900V) AppleWebKit/537.36 (KHTML, like Gecko) Chrome/76.0.3809.132 Mobile Safari/537.36"
46.229.168.135 - - [01/Sep/2019:18:22:48 +0000] "GET /terms-and-conditions/ HTTP/1.1" 301 269 "-" "Mozilla/5.0 (compatible; SemrushBot/6~bl; +http://www.semrush.com/bot.html)"
46.229.168.161 - - [01/Sep/2019:18:22:48 +0000] "GET /terms-and-conditions/ HTTP/1.1" 301 267 "-" "Mozilla/5.0 (compatible; SemrushBot/6~bl; +http://www.semrush.com/bot.html)"
86.81.117.249 - - [01/Sep/2019:18:22:47 +0000] "GET /images/backgrounds/plitvice.jpg HTTP/1.1" 200 376840 "https://www.octopustransferscroatia.com/" "Mozilla/5.0 (iPhone; CPU iPhone OS 12_4 like Mac OS X) AppleWebKit/605.1.15 (KHTML, like Gecko) CriOS/76.0.3809.123 Mobile/15E148 Safari/605.1"
46.229.168.137 - - [01/Sep/2019:18:22:50 +0000] "GET /terms-and-conditions HTTP/1.1" 301 268 "-" "Mozilla/5.0 (compatible; SemrushBot/6~bl; +http://www.semrush.com/bot.html)"
173.75.15.164 - - [01/Sep/2019:18:22:50 +0000] "GET /apple-touch-icon.png HTTP/1.1" 200 2510 "https://www.octopustransferscroatia.com/" "Mozilla/5.0 (Linux; Android 6.0.1; SM-G900V) AppleWebKit/537.36 (KHTML, like Gecko) Chrome/76.0.3809.132 Mobile Safari/537.36"
173.75.15.164 - - [01/Sep/2019:18:22:50 +0000] "GET /favicon-32x32.png HTTP/1.1" 200 1372 "https://www.octopustransferscroatia.com/" "Mozilla/5.0 (Linux; Android 6.0.1; SM-G900V) AppleWebKit/537.36 (KHTML, like Gecko) Chrome/76.0.3809.132 Mobile Safari/537.36"
173.75.15.164 - - [01/Sep/2019:18:22:50 +0000] "GET /manifest.json HTTP/1.1" 200 264 "https://www.octopustransferscroatia.com/" "Mozilla/5.0 (Linux; Android 6.0.1; SM-G900V) AppleWebKit/537.36 (KHTML, like Gecko) Chrome/76.0.3809.132 Mobile Safari/537.36"
86.81.117.249 - - [01/Sep/2019:18:22:37 +0000] "GET /fonts/fonts/themeenergy.woff2 HTTP/1.1" 200 357352 "https://www.octopustransferscroatia.com/" "Mozilla/5.0 (iPhone; CPU iPhone OS 12_4 like Mac OS X) AppleWebKit/605.1.15 (KHTML, like Gecko) CriOS/76.0.3809.123 Mobile/15E148 Safari/605.1"
86.81.117.249 - - [01/Sep/2019:18:22:47 +0000] "GET /images/backgrounds/krka.jpg HTTP/1.1" 200 279601 "https://www.octopustransferscroatia.com/" "Mozilla/5.0 (iPhone; CPU iPhone OS 12_4 like Mac OS X) AppleWebKit/605.1.15 (KHTML, like Gecko) CriOS/76.0.3809.123 Mobile/15E148 Safari/605.1"
46.229.168.133 - - [01/Sep/2019:18:22:52 +0000] "GET /terms-and-conditions HTTP/1.1" 200 6381 "-" "Mozilla/5.0 (compatible; SemrushBot/6~bl; +http://www.semrush.com/bot.html)"
86.81.117.249 - - [01/Sep/2019:18:22:56 +0000] "GET /apple-touch-icon.png HTTP/1.1" 200 2510 "-" "Mozilla/5.0 (iPhone; CPU iPhone OS 12_4 like Mac OS X) AppleWebKit/605.1.15 (KHTML, like Gecko) CriOS/76.0.3809.123 Mobile/15E148 Safari/605.1"
86.81.117.249 - - [01/Sep/2019:18:22:56 +0000] "GET /favicon-32x32.png HTTP/1.1" 200 1372 "-" "Mozilla/5.0 (iPhone; CPU iPhone OS 12_4 like Mac OS X) AppleWebKit/605.1.15 (KHTML, like Gecko) CriOS/76.0.3809.123 Mobile/15E148 Safari/605.1"
86.81.117.249 - - [01/Sep/2019:18:22:56 +0000] "POST /startlocation HTTP/1.1" 200 162 "https://www.octopustransferscroatia.com/" "Mozilla/5.0 (iPhone; CPU iPhone OS 12_4 like Mac OS X) AppleWebKit/605.1.15 (KHTML, like Gecko) CriOS/76.0.3809.123 Mobile/15E148 Safari/605.1"
86.81.117.249 - - [01/Sep/2019:18:23:02 +0000] "POST /endlocation HTTP/1.1" 200 2 "https://www.octopustransferscroatia.com/" "Mozilla/5.0 (iPhone; CPU iPhone OS 12_4 like Mac OS X) AppleWebKit/605.1.15 (KHTML, like Gecko) CriOS/76.0.3809.123 Mobile/15E148 Safari/605.1"
86.81.117.249 - - [01/Sep/2019:18:23:02 +0000] "POST /endlocation HTTP/1.1" 200 2 "https://www.octopustransferscroatia.com/" "Mozilla/5.0 (iPhone; CPU iPhone OS 12_4 like Mac OS X) AppleWebKit/605.1.15 (KHTML, like Gecko) CriOS/76.0.3809.123 Mobile/15E148 Safari/605.1"
86.81.117.249 - - [01/Sep/2019:18:23:04 +0000] "POST /endlocation HTTP/1.1" 200 2 "https://www.octopustransferscroatia.com/" "Mozilla/5.0 (iPhone; CPU iPhone OS 12_4 like Mac OS X) AppleWebKit/605.1.15 (KHTML, like Gecko) CriOS/76.0.3809.123 Mobile/15E148 Safari/605.1"
86.81.117.249 - - [01/Sep/2019:18:23:04 +0000] "POST /endlocation HTTP/1.1" 200 2 "https://www.octopustransferscroatia.com/" "Mozilla/5.0 (iPhone; CPU iPhone OS 12_4 like Mac OS X) AppleWebKit/605.1.15 (KHTML, like Gecko) CriOS/76.0.3809.123 Mobile/15E148 Safari/605.1"
86.81.117.249 - - [01/Sep/2019:18:23:05 +0000] "POST /endlocation HTTP/1.1" 200 2 "https://www.octopustransferscroatia.com/" "Mozilla/5.0 (iPhone; CPU iPhone OS 12_4 like Mac OS X) AppleWebKit/605.1.15 (KHTML, like Gecko) CriOS/76.0.3809.123 Mobile/15E148 Safari/605.1"
86.81.117.249 - - [01/Sep/2019:18:23:06 +0000] "POST /endlocation HTTP/1.1" 200 2 "https://www.octopustransferscroatia.com/" "Mozilla/5.0 (iPhone; CPU iPhone OS 12_4 like Mac OS X) AppleWebKit/605.1.15 (KHTML, like Gecko) CriOS/76.0.3809.123 Mobile/15E148 Safari/605.1"
86.81.117.249 - - [01/Sep/2019:18:23:07 +0000] "POST /endlocation HTTP/1.1" 200 2 "https://www.octopustransferscroatia.com/" "Mozilla/5.0 (iPhone; CPU iPhone OS 12_4 like Mac OS X) AppleWebKit/605.1.15 (KHTML, like Gecko) CriOS/76.0.3809.123 Mobile/15E148 Safari/605.1"
86.81.117.249 - - [01/Sep/2019:18:23:07 +0000] "POST /endlocation HTTP/1.1" 200 2 "https://www.octopustransferscroatia.com/" "Mozilla/5.0 (iPhone; CPU iPhone OS 12_4 like Mac OS X) AppleWebKit/605.1.15 (KHTML, like Gecko) CriOS/76.0.3809.123 Mobile/15E148 Safari/605.1"
86.81.117.249 - - [01/Sep/2019:18:23:08 +0000] "POST /endlocation HTTP/1.1" 200 2 "https://www.octopustransferscroatia.com/" "Mozilla/5.0 (iPhone; CPU iPhone OS 12_4 like Mac OS X) AppleWebKit/605.1.15 (KHTML, like Gecko) CriOS/76.0.3809.123 Mobile/15E148 Safari/605.1"
86.81.117.249 - - [01/Sep/2019:18:23:09 +0000] "POST /endlocation HTTP/1.1" 200 2 "https://www.octopustransferscroatia.com/" "Mozilla/5.0 (iPhone; CPU iPhone OS 12_4 like Mac OS X) AppleWebKit/605.1.15 (KHTML, like Gecko) CriOS/76.0.3809.123 Mobile/15E148 Safari/605.1"
86.81.117.249 - - [01/Sep/2019:18:23:10 +0000] "POST /endlocation HTTP/1.1" 200 2 "https://www.octopustransferscroatia.com/" "Mozilla/5.0 (iPhone; CPU iPhone OS 12_4 like Mac OS X) AppleWebKit/605.1.15 (KHTML, like Gecko) CriOS/76.0.3809.123 Mobile/15E148 Safari/605.1"
86.81.117.249 - - [01/Sep/2019:18:23:10 +0000] "POST /endlocation HTTP/1.1" 200 2 "https://www.octopustransferscroatia.com/" "Mozilla/5.0 (iPhone; CPU iPhone OS 12_4 like Mac OS X) AppleWebKit/605.1.15 (KHTML, like Gecko) CriOS/76.0.3809.123 Mobile/15E148 Safari/605.1"
86.81.117.249 - - [01/Sep/2019:18:23:11 +0000] "POST /endlocation HTTP/1.1" 200 2 "https://www.octopustransferscroatia.com/" "Mozilla/5.0 (iPhone; CPU iPhone OS 12_4 like Mac OS X) AppleWebKit/605.1.15 (KHTML, like Gecko) CriOS/76.0.3809.123 Mobile/15E148 Safari/605.1"
86.81.117.249 - - [01/Sep/2019:18:23:12 +0000] "GET /css/images/ui-icons_777777_256x240.png HTTP/1.1" 200 6999 "https://www.octopustransferscroatia.com/" "Mozilla/5.0 (iPhone; CPU iPhone OS 12_4 like Mac OS X) AppleWebKit/605.1.15 (KHTML, like Gecko) CriOS/76.0.3809.123 Mobile/15E148 Safari/605.1"
86.81.117.249 - - [01/Sep/2019:18:23:12 +0000] "GET /css/images/ui-bg_flat_100_f5f5f5_40x100.png HTTP/1.1" 404 1104 "https://www.octopustransferscroatia.com/" "Mozilla/5.0 (iPhone; CPU iPhone OS 12_4 like Mac OS X) AppleWebKit/605.1.15 (KHTML, like Gecko) CriOS/76.0.3809.123 Mobile/15E148 Safari/605.1"
78.0.178.9 - - [01/Sep/2019:18:24:03 +0000] "GET /admin/reservation HTTP/1.1" 200 2354 "https://www.octopustransferscroatia.com/admin/reservation" "Mozilla/5.0 (Macintosh; Intel Mac OS X 10_11_6) AppleWebKit/537.36 (KHTML, like Gecko) Chrome/76.0.3809.100 Safari/537.36"
78.0.178.9 - - [01/Sep/2019:18:24:04 +0000] "GET /admin/reservation/data?draw=1&columns%5B0%5D%5Bdata%5D=date&columns%5B0%5D%5Bname%5D=date&columns%5B0%5D%5Bsearchable%5D=true&columns%5B0%5D%5Borderable%5D=true&columns%5B0%5D%5Bsearch%5D%5Bvalue%5D=&columns%5B0%5D%5Bsearch%5D%5Bregex%5D=false&columns%5B1%5D%5Bdata%5D=pickup_time&columns%5B1%5D%5Bname%5D=pickup_time&columns%5B1%5D%5Bsearchable%5D=true&columns%5B1%5D%5Borderable%5D=true&columns%5B1%5D%5Bsearch%5D%5Bvalue%5D=&columns%5B1%5D%5Bsearch%5D%5Bregex%5D=false&columns%5B2%5D%5Bdata%5D=start_location&columns%5B2%5D%5Bname%5D=start_location&columns%5B2%5D%5Bsearchable%5D=true&columns%5B2%5D%5Borderable%5D=true&columns%5B2%5D%5Bsearch%5D%5Bvalue%5D=&columns%5B2%5D%5Bsearch%5D%5Bregex%5D=false&columns%5B3%5D%5Bdata%5D=end_location&columns%5B3%5D%5Bname%5D=end_location&columns%5B3%5D%5Bsearchable%5D=true&columns%5B3%5D%5Borderable%5D=true&columns%5B3%5D%5Bsearch%5D%5Bvalue%5D=&columns%5B3%5D%5Bsearch%5D%5Bregex%5D=false&columns%5B4%5D%5Bdata%5D=vehicle&columns%5B4%5D%5Bname%5D=vehicle&columns%5B4%5D%5Bsearchable%5D=true&columns%5B4%5D%5Borderable%5D=true&columns%5B4%5D%5Bsearch%5D%5Bvalue%5D=&columns%5B4%5D%5Bsearch%5D%5Bregex%5D=false&columns%5B5%5D%5Bdata%5D=driver&columns%5B5%5D%5Bname%5D=driver&columns%5B5%5D%5Bsearchable%5D=true&columns%5B5%5D%5Borderable%5D=true&columns%5B5%5D%5Bsearch%5D%5Bvalue%5D=&columns%5B5%5D%5Bsearch%5D%5Bregex%5D=false&columns%5B6%5D%5Bdata%5D=email&columns%5B6%5D%5Bname%5D=email&columns%5B6%5D%5Bsearchable%5D=true&columns%5B6%5D%5Borderable%5D=true&columns%5B6%5D%5Bsearch%5D%5Bvalue%5D=&columns%5B6%5D%5Bsearch%5D%5Bregex%5D=false&columns%5B7%5D%5Bdata%5D=reminder&columns%5B7%5D%5Bname%5D=&columns%5B7%5D%5Bsearchable%5D=false&columns%5B7%5D%5Borderable%5D=true&columns%5B7%5D%5Bsearch%5D%5Bvalue%5D=&columns%5B7%5D%5Bsearch%5D%5Bregex%5D=false&columns%5B8%5D%5Bdata%5D=options&columns%5B8%5D%5Bname%5D=options&columns%5B8%5D%5Bsearchable%5D=false&columns%5B8%5D%5Borderable%5D=false&columns%5B8%5D%5Bsearch%5D%5Bvalue%5D=&columns%5B8%5D%5Bsearch%5D%5Bregex%5D=false&order%5B0%5D%5Bcolumn%5D=0&order%5B0%5D%5Bdir%5D=asc&order%5B1%5D%5Bcolumn%5D=1&order%5B1%5D%5Bdir%5D=asc&start=0&length=100&search%5Bvalue%5D=&search%5Bregex%5D=false&_=1567362244090 HTTP/1.1" 200 147948 "https://www.octopustransferscroatia.com/admin/reservation" "Mozilla/5.0 (Macintosh; Intel Mac OS X 10_11_6) AppleWebKit/537.36 (KHTML, like Gecko) Chrome/76.0.3809.100 Safari/537.36"
83.82.198.203 - - [01/Sep/2019:18:26:51 +0000] "POST /mail HTTP/1.1" 302 440 "https://www.octopustransferscroatia.com/contact" "Mozilla/5.0 (Windows NT 10.0; WOW64) AppleWebKit/537.36 (KHTML, like Gecko) Chrome/76.0.3809.132 Safari/537.36"
83.82.198.203 - - [01/Sep/2019:18:26:51 +0000] "GET /thank-you HTTP/1.1" 200 2957 "https://www.octopustransferscroatia.com/contact" "Mozilla/5.0 (Windows NT 10.0; WOW64) AppleWebKit/537.36 (KHTML, like Gecko) Chrome/76.0.3809.132 Safari/537.36"
78.0.178.9 - - [01/Sep/2019:18:34:21 +0000] "GET /admin/reservation/5555/edit HTTP/1.1" 200 3742 "https://www.octopustransferscroatia.com/admin/reservation" "Mozilla/5.0 (Macintosh; Intel Mac OS X 10_11_6) AppleWebKit/537.36 (KHTML, like Gecko) Chrome/76.0.3809.100 Safari/537.36"
78.0.178.9 - - [01/Sep/2019:18:34:43 +0000] "GET /admin/reservation HTTP/1.1" 200 2354 "https://www.octopustransferscroatia.com/admin/reservation/5555/edit" "Mozilla/5.0 (Macintosh; Intel Mac OS X 10_11_6) AppleWebKit/537.36 (KHTML, like Gecko) Chrome/76.0.3809.100 Safari/537.36"
78.0.178.9 - - [01/Sep/2019:18:34:44 +0000] "GET /admin/reservation/data?draw=1&columns%5B0%5D%5Bdata%5D=date&columns%5B0%5D%5Bname%5D=date&columns%5B0%5D%5Bsearchable%5D=true&columns%5B0%5D%5Borderable%5D=true&columns%5B0%5D%5Bsearch%5D%5Bvalue%5D=&columns%5B0%5D%5Bsearch%5D%5Bregex%5D=false&columns%5B1%5D%5Bdata%5D=pickup_time&columns%5B1%5D%5Bname%5D=pickup_time&columns%5B1%5D%5Bsearchable%5D=true&columns%5B1%5D%5Borderable%5D=true&columns%5B1%5D%5Bsearch%5D%5Bvalue%5D=&columns%5B1%5D%5Bsearch%5D%5Bregex%5D=false&columns%5B2%5D%5Bdata%5D=start_location&columns%5B2%5D%5Bname%5D=start_location&columns%5B2%5D%5Bsearchable%5D=true&columns%5B2%5D%5Borderable%5D=true&columns%5B2%5D%5Bsearch%5D%5Bvalue%5D=&columns%5B2%5D%5Bsearch%5D%5Bregex%5D=false&columns%5B3%5D%5Bdata%5D=end_location&columns%5B3%5D%5Bname%5D=end_location&columns%5B3%5D%5Bsearchable%5D=true&columns%5B3%5D%5Borderable%5D=true&columns%5B3%5D%5Bsearch%5D%5Bvalue%5D=&columns%5B3%5D%5Bsearch%5D%5Bregex%5D=false&columns%5B4%5D%5Bdata%5D=vehicle&columns%5B4%5D%5Bname%5D=vehicle&columns%5B4%5D%5Bsearchable%5D=true&columns%5B4%5D%5Borderable%5D=true&columns%5B4%5D%5Bsearch%5D%5Bvalue%5D=&columns%5B4%5D%5Bsearch%5D%5Bregex%5D=false&columns%5B5%5D%5Bdata%5D=driver&columns%5B5%5D%5Bname%5D=driver&columns%5B5%5D%5Bsearchable%5D=true&columns%5B5%5D%5Borderable%5D=true&columns%5B5%5D%5Bsearch%5D%5Bvalue%5D=&columns%5B5%5D%5Bsearch%5D%5Bregex%5D=false&columns%5B6%5D%5Bdata%5D=email&columns%5B6%5D%5Bname%5D=email&columns%5B6%5D%5Bsearchable%5D=true&columns%5B6%5D%5Borderable%5D=true&columns%5B6%5D%5Bsearch%5D%5Bvalue%5D=&columns%5B6%5D%5Bsearch%5D%5Bregex%5D=false&columns%5B7%5D%5Bdata%5D=reminder&columns%5B7%5D%5Bname%5D=&columns%5B7%5D%5Bsearchable%5D=false&columns%5B7%5D%5Borderable%5D=true&columns%5B7%5D%5Bsearch%5D%5Bvalue%5D=&columns%5B7%5D%5Bsearch%5D%5Bregex%5D=false&columns%5B8%5D%5Bdata%5D=options&columns%5B8%5D%5Bname%5D=options&columns%5B8%5D%5Bsearchable%5D=false&columns%5B8%5D%5Borderable%5D=false&columns%5B8%5D%5Bsearch%5D%5Bvalue%5D=&columns%5B8%5D%5Bsearch%5D%5Bregex%5D=false&order%5B0%5D%5Bcolumn%5D=0&order%5B0%5D%5Bdir%5D=asc&order%5B1%5D%5Bcolumn%5D=1&order%5B1%5D%5Bdir%5D=asc&start=0&length=100&search%5Bvalue%5D=&search%5Bregex%5D=false&_=1567362883854 HTTP/1.1" 200 147948 "https://www.octopustransferscroatia.com/admin/reservation" "Mozilla/5.0 (Macintosh; Intel Mac OS X 10_11_6) AppleWebKit/537.36 (KHTML, like Gecko) Chrome/76.0.3809.100 Safari/537.36"
78.0.178.9 - - [01/Sep/2019:18:35:17 +0000] "GET /admin/reservation/3598/edit HTTP/1.1" 200 3787 "https://www.octopustransferscroatia.com/admin/reservation" "Mozilla/5.0 (Macintosh; Intel Mac OS X 10_11_6) AppleWebKit/537.36 (KHTML, like Gecko) Chrome/76.0.3809.100 Safari/537.36"
78.0.178.9 - - [01/Sep/2019:18:35:36 +0000] "GET /admin/reservation HTTP/1.1" 200 2354 "https://www.octopustransferscroatia.com/admin/reservation/3598/edit" "Mozilla/5.0 (Macintosh; Intel Mac OS X 10_11_6) AppleWebKit/537.36 (KHTML, like Gecko) Chrome/76.0.3809.100 Safari/537.36"
78.0.178.9 - - [01/Sep/2019:18:35:37 +0000] "GET /admin/reservation/data?draw=1&columns%5B0%5D%5Bdata%5D=date&columns%5B0%5D%5Bname%5D=date&columns%5B0%5D%5Bsearchable%5D=true&columns%5B0%5D%5Borderable%5D=true&columns%5B0%5D%5Bsearch%5D%5Bvalue%5D=&columns%5B0%5D%5Bsearch%5D%5Bregex%5D=false&columns%5B1%5D%5Bdata%5D=pickup_time&columns%5B1%5D%5Bname%5D=pickup_time&columns%5B1%5D%5Bsearchable%5D=true&columns%5B1%5D%5Borderable%5D=true&columns%5B1%5D%5Bsearch%5D%5Bvalue%5D=&columns%5B1%5D%5Bsearch%5D%5Bregex%5D=false&columns%5B2%5D%5Bdata%5D=start_location&columns%5B2%5D%5Bname%5D=start_location&columns%5B2%5D%5Bsearchable%5D=true&columns%5B2%5D%5Borderable%5D=true&columns%5B2%5D%5Bsearch%5D%5Bvalue%5D=&columns%5B2%5D%5Bsearch%5D%5Bregex%5D=false&columns%5B3%5D%5Bdata%5D=end_location&columns%5B3%5D%5Bname%5D=end_location&columns%5B3%5D%5Bsearchable%5D=true&columns%5B3%5D%5Borderable%5D=true&columns%5B3%5D%5Bsearch%5D%5Bvalue%5D=&columns%5B3%5D%5Bsearch%5D%5Bregex%5D=false&columns%5B4%5D%5Bdata%5D=vehicle&columns%5B4%5D%5Bname%5D=vehicle&columns%5B4%5D%5Bsearchable%5D=true&columns%5B4%5D%5Borderable%5D=true&columns%5B4%5D%5Bsearch%5D%5Bvalue%5D=&columns%5B4%5D%5Bsearch%5D%5Bregex%5D=false&columns%5B5%5D%5Bdata%5D=driver&columns%5B5%5D%5Bname%5D=driver&columns%5B5%5D%5Bsearchable%5D=true&columns%5B5%5D%5Borderable%5D=true&columns%5B5%5D%5Bsearch%5D%5Bvalue%5D=&columns%5B5%5D%5Bsearch%5D%5Bregex%5D=false&columns%5B6%5D%5Bdata%5D=email&columns%5B6%5D%5Bname%5D=email&columns%5B6%5D%5Bsearchable%5D=true&columns%5B6%5D%5Borderable%5D=true&columns%5B6%5D%5Bsearch%5D%5Bvalue%5D=&columns%5B6%5D%5Bsearch%5D%5Bregex%5D=false&columns%5B7%5D%5Bdata%5D=reminder&columns%5B7%5D%5Bname%5D=&columns%5B7%5D%5Bsearchable%5D=false&columns%5B7%5D%5Borderable%5D=true&columns%5B7%5D%5Bsearch%5D%5Bvalue%5D=&columns%5B7%5D%5Bsearch%5D%5Bregex%5D=false&columns%5B8%5D%5Bdata%5D=options&columns%5B8%5D%5Bname%5D=options&columns%5B8%5D%5Bsearchable%5D=false&columns%5B8%5D%5Borderable%5D=false&columns%5B8%5D%5Bsearch%5D%5Bvalue%5D=&columns%5B8%5D%5Bsearch%5D%5Bregex%5D=false&order%5B0%5D%5Bcolumn%5D=0&order%5B0%5D%5Bdir%5D=asc&order%5B1%5D%5Bcolumn%5D=1&order%5B1%5D%5Bdir%5D=asc&start=0&length=100&search%5Bvalue%5D=&search%5Bregex%5D=false&_=1567362937562 HTTP/1.1" 200 147948 "https://www.octopustransferscroatia.com/admin/reservation" "Mozilla/5.0 (Macintosh; Intel Mac OS X 10_11_6) AppleWebKit/537.36 (KHTML, like Gecko) Chrome/76.0.3809.100 Safari/537.36"
54.167.36.42 - - [01/Sep/2019:18:38:11 +0000] "GET /ads.txt HTTP/1.1" 301 255 "-" "Mozilla/5.0 (Macintosh; Intel Mac OS X 10_12_6) AppleWebKit/537.36 (KHTML, like Gecko) Chrome/63.0.3239.84 Safari/537.36"
54.167.36.42 - - [01/Sep/2019:18:38:12 +0000] "GET /ads.txt HTTP/1.1" 404 1104 "-" "Mozilla/5.0 (Macintosh; Intel Mac OS X 10_12_6) AppleWebKit/537.36 (KHTML, like Gecko) Chrome/63.0.3239.84 Safari/537.36"
54.167.36.42 - - [01/Sep/2019:18:38:12 +0000] "GET /ads.txt HTTP/1.1" 301 255 "-" "Mozilla/5.0 (Macintosh; Intel Mac OS X 10_12_6) AppleWebKit/537.36 (KHTML, like Gecko) Chrome/63.0.3239.84 Safari/537.36"
54.167.36.42 - - [01/Sep/2019:18:38:13 +0000] "GET /ads.txt HTTP/1.1" 404 1104 "-" "Mozilla/5.0 (Macintosh; Intel Mac OS X 10_12_6) AppleWebKit/537.36 (KHTML, like Gecko) Chrome/63.0.3239.84 Safari/537.36"
112.79.83.43 - - [01/Sep/2019:18:39:02 +0000] "GET / HTTP/1.1" 200 5408 "https://www.google.co.in/" "Mozilla/5.0 (Linux; Android 9; GM1911) AppleWebKit/537.36 (KHTML, like Gecko) Chrome/76.0.3809.132 Mobile Safari/537.36"
112.79.83.43 - - [01/Sep/2019:18:39:08 +0000] "GET /contact HTTP/1.1" 200 3418 "https://www.octopustransferscroatia.com/" "Mozilla/5.0 (Linux; Android 9; GM1911) AppleWebKit/537.36 (KHTML, like Gecko) Chrome/76.0.3809.132 Mobile Safari/537.36"
112.79.83.43 - - [01/Sep/2019:18:40:46 +0000] "POST /mail HTTP/1.1" 302 440 "https://www.octopustransferscroatia.com/contact" "Mozilla/5.0 (Linux; Android 9; GM1911) AppleWebKit/537.36 (KHTML, like Gecko) Chrome/76.0.3809.132 Mobile Safari/537.36"
112.79.83.43 - - [01/Sep/2019:18:40:47 +0000] "GET /thank-you HTTP/1.1" 200 2957 "https://www.octopustransferscroatia.com/contact" "Mozilla/5.0 (Linux; Android 9; GM1911) AppleWebKit/537.36 (KHTML, like Gecko) Chrome/76.0.3809.132 Mobile Safari/537.36"
112.79.83.43 - - [01/Sep/2019:18:40:52 +0000] "GET / HTTP/1.1" 200 5408 "https://www.octopustransferscroatia.com/thank-you" "Mozilla/5.0 (Linux; Android 9; GM1911) AppleWebKit/537.36 (KHTML, like Gecko) Chrome/76.0.3809.132 Mobile Safari/537.36"
112.79.83.43 - - [01/Sep/2019:18:40:56 +0000] "GET /contact HTTP/1.1" 200 3418 "https://www.octopustransferscroatia.com/" "Mozilla/5.0 (Linux; Android 9; GM1911) AppleWebKit/537.36 (KHTML, like Gecko) Chrome/76.0.3809.132 Mobile Safari/537.36"
94.11.109.123 - - [01/Sep/2019:18:44:25 +0000] "GET /uploads/images/6021c7d60b778ca517a7ff8171e415c5.jpg HTTP/1.1" 200 244087 "https://www.google.com/" "Mozilla/5.0 (Macintosh; Intel Mac OS X 10_13_6) AppleWebKit/605.1.15 (KHTML, like Gecko) Version/12.1 Safari/605.1.15"
148.251.121.91 - - [01/Sep/2019:18:49:25 +0000] "GET /robots.txt HTTP/1.1" 301 258 "-" "DomainStatsBot/1.0 (https://domainstats.com/pages/our-bot)"
148.251.121.91 - - [01/Sep/2019:18:49:25 +0000] "GET /robots.txt HTTP/1.1" 301 258 "-" "DomainStatsBot/1.0 (https://domainstats.com/pages/our-bot)"
148.251.121.91 - - [01/Sep/2019:18:49:25 +0000] "HEAD / HTTP/1.1" 301 - "-" "DomainStatsBot/1.0 (https://domainstats.com/pages/our-bot)"
148.251.121.91 - - [01/Sep/2019:18:49:25 +0000] "HEAD / HTTP/1.1" 301 - "-" "DomainStatsBot/1.0 (https://domainstats.com/pages/our-bot)"
148.251.121.91 - - [01/Sep/2019:18:49:25 +0000] "GET /robots.txt HTTP/1.1" 200 24 "-" "DomainStatsBot/1.0 (https://domainstats.com/pages/our-bot)"
148.251.121.91 - - [01/Sep/2019:18:49:25 +0000] "GET /robots.txt HTTP/1.1" 200 24 "-" "DomainStatsBot/1.0 (https://domainstats.com/pages/our-bot)"
148.251.121.91 - - [01/Sep/2019:18:49:25 +0000] "HEAD / HTTP/1.1" 200 - "-" "DomainStatsBot/1.0 (https://domainstats.com/pages/our-bot)"
148.251.121.91 - - [01/Sep/2019:18:49:25 +0000] "HEAD / HTTP/1.1" 200 - "-" "DomainStatsBot/1.0 (https://domainstats.com/pages/our-bot)"
148.251.121.91 - - [01/Sep/2019:18:49:25 +0000] "GET / HTTP/1.1" 200 18500 "-" "DomainStatsBot/1.0 (https://domainstats.com/pages/our-bot)"
148.251.121.91 - - [01/Sep/2019:18:49:25 +0000] "GET / HTTP/1.1" 200 18500 "-" "DomainStatsBot/1.0 (https://domainstats.com/pages/our-bot)"
54.36.148.170 - - [01/Sep/2019:18:50:07 +0000] "GET /robots.txt HTTP/1.1" 301 258 "-" "Mozilla/5.0 (compatible; AhrefsBot/6.1; +http://ahrefs.com/robot/)"
54.36.148.170 - - [01/Sep/2019:18:50:07 +0000] "GET /robots.txt HTTP/1.1" 200 24 "-" "Mozilla/5.0 (compatible; AhrefsBot/6.1; +http://ahrefs.com/robot/)"
83.177.59.57 - - [01/Sep/2019:18:51:35 +0000] "GET /admin HTTP/1.1" 200 1593 "-" "Mozilla/5.0 (Linux; Android 7.0; FRD-L09) AppleWebKit/537.36 (KHTML, like Gecko) Chrome/76.0.3809.111 Mobile Safari/537.36"
83.177.59.57 - - [01/Sep/2019:18:51:38 +0000] "GET /admin/reservation HTTP/1.1" 200 2077 "https://www.octopustransferscroatia.com/admin" "Mozilla/5.0 (Linux; Android 7.0; FRD-L09) AppleWebKit/537.36 (KHTML, like Gecko) Chrome/76.0.3809.111 Mobile Safari/537.36"
83.177.59.57 - - [01/Sep/2019:18:51:38 +0000] "GET /admin/reservation/data?draw=1&columns%5B0%5D%5Bdata%5D=date&columns%5B0%5D%5Bname%5D=date&columns%5B0%5D%5Bsearchable%5D=true&columns%5B0%5D%5Borderable%5D=true&columns%5B0%5D%5Bsearch%5D%5Bvalue%5D=&columns%5B0%5D%5Bsearch%5D%5Bregex%5D=false&columns%5B1%5D%5Bdata%5D=pickup_time&columns%5B1%5D%5Bname%5D=pickup_time&columns%5B1%5D%5Bsearchable%5D=true&columns%5B1%5D%5Borderable%5D=true&columns%5B1%5D%5Bsearch%5D%5Bvalue%5D=&columns%5B1%5D%5Bsearch%5D%5Bregex%5D=false&columns%5B2%5D%5Bdata%5D=start_location&columns%5B2%5D%5Bname%5D=start_location&columns%5B2%5D%5Bsearchable%5D=true&columns%5B2%5D%5Borderable%5D=true&columns%5B2%5D%5Bsearch%5D%5Bvalue%5D=&columns%5B2%5D%5Bsearch%5D%5Bregex%5D=false&columns%5B3%5D%5Bdata%5D=end_location&columns%5B3%5D%5Bname%5D=end_location&columns%5B3%5D%5Bsearchable%5D=true&columns%5B3%5D%5Borderable%5D=true&columns%5B3%5D%5Bsearch%5D%5Bvalue%5D=&columns%5B3%5D%5Bsearch%5D%5Bregex%5D=false&columns%5B4%5D%5Bdata%5D=vehicle&columns%5B4%5D%5Bname%5D=vehicle&columns%5B4%5D%5Bsearchable%5D=true&columns%5B4%5D%5Borderable%5D=true&columns%5B4%5D%5Bsearch%5D%5Bvalue%5D=&columns%5B4%5D%5Bsearch%5D%5Bregex%5D=false&columns%5B5%5D%5Bdata%5D=driver&columns%5B5%5D%5Bname%5D=driver&columns%5B5%5D%5Bsearchable%5D=true&columns%5B5%5D%5Borderable%5D=true&columns%5B5%5D%5Bsearch%5D%5Bvalue%5D=&columns%5B5%5D%5Bsearch%5D%5Bregex%5D=false&columns%5B6%5D%5Bdata%5D=email&columns%5B6%5D%5Bname%5D=email&columns%5B6%5D%5Bsearchable%5D=true&columns%5B6%5D%5Borderable%5D=true&columns%5B6%5D%5Bsearch%5D%5Bvalue%5D=&columns%5B6%5D%5Bsearch%5D%5Bregex%5D=false&columns%5B7%5D%5Bdata%5D=reminder&columns%5B7%5D%5Bname%5D=&columns%5B7%5D%5Bsearchable%5D=false&columns%5B7%5D%5Borderable%5D=true&columns%5B7%5D%5Bsearch%5D%5Bvalue%5D=&columns%5B7%5D%5Bsearch%5D%5Bregex%5D=false&columns%5B8%5D%5Bdata%5D=options&columns%5B8%5D%5Bname%5D=options&columns%5B8%5D%5Bsearchable%5D=false&columns%5B8%5D%5Borderable%5D=false&columns%5B8%5D%5Bsearch%5D%5Bvalue%5D=&columns%5B8%5D%5Bsearch%5D%5Bregex%5D=false&order%5B0%5D%5Bcolumn%5D=0&order%5B0%5D%5Bdir%5D=asc&order%5B1%5D%5Bcolumn%5D=1&order%5B1%5D%5Bdir%5D=asc&start=0&length=100&search%5Bvalue%5D=&search%5Bregex%5D=false&_=1567363897201 HTTP/1.1" 200 2144 "https://www.octopustransferscroatia.com/admin/reservation" "Mozilla/5.0 (Linux; Android 7.0; FRD-L09) AppleWebKit/537.36 (KHTML, like Gecko) Chrome/76.0.3809.111 Mobile Safari/537.36"
31.217.24.221 - - [01/Sep/2019:18:55:56 +0000] "GET / HTTP/1.1" 200 5408 "-" "Mozilla/5.0 (Linux; Android 8.0.0; SM-A520F) AppleWebKit/537.36 (KHTML, like Gecko) Chrome/76.0.3809.132 Mobile Safari/537.36"
31.217.24.221 - - [01/Sep/2019:18:55:56 +0000] "GET /css/all.css?v=6 HTTP/1.1" 200 48625 "https://www.octopustransferscroatia.com/" "Mozilla/5.0 (Linux; Android 8.0.0; SM-A520F) AppleWebKit/537.36 (KHTML, like Gecko) Chrome/76.0.3809.132 Mobile Safari/537.36"
31.217.24.221 - - [01/Sep/2019:18:55:56 +0000] "GET /css/flexslider.css HTTP/1.1" 200 1097 "https://www.octopustransferscroatia.com/" "Mozilla/5.0 (Linux; Android 8.0.0; SM-A520F) AppleWebKit/537.36 (KHTML, like Gecko) Chrome/76.0.3809.132 Mobile Safari/537.36"
31.217.24.221 - - [01/Sep/2019:18:55:56 +0000] "GET /js/jquery.flexslider-min.js HTTP/1.1" 200 6427 "https://www.octopustransferscroatia.com/" "Mozilla/5.0 (Linux; Android 8.0.0; SM-A520F) AppleWebKit/537.36 (KHTML, like Gecko) Chrome/76.0.3809.132 Mobile Safari/537.36"
31.217.24.221 - - [01/Sep/2019:18:55:56 +0000] "GET /js/all.js?v=20 HTTP/1.1" 200 220450 "https://www.octopustransferscroatia.com/" "Mozilla/5.0 (Linux; Android 8.0.0; SM-A520F) AppleWebKit/537.36 (KHTML, like Gecko) Chrome/76.0.3809.132 Mobile Safari/537.36"
31.217.24.221 - - [01/Sep/2019:18:55:56 +0000] "GET /images/octopus-logo.png HTTP/1.1" 200 10874 "https://www.octopustransferscroatia.com/" "Mozilla/5.0 (Linux; Android 8.0.0; SM-A520F) AppleWebKit/537.36 (KHTML, like Gecko) Chrome/76.0.3809.132 Mobile Safari/537.36"
31.217.24.221 - - [01/Sep/2019:18:55:56 +0000] "GET /fonts/fonts/themeenergy.woff2 HTTP/1.1" 200 357352 "https://www.octopustransferscroatia.com/css/all.css?v=6" "Mozilla/5.0 (Linux; Android 8.0.0; SM-A520F) AppleWebKit/537.36 (KHTML, like Gecko) Chrome/76.0.3809.132 Mobile Safari/537.36"
31.217.24.221 - - [01/Sep/2019:18:55:57 +0000] "GET /images/backgrounds/krka.jpg HTTP/1.1" 200 279601 "https://www.octopustransferscroatia.com/css/all.css?v=6" "Mozilla/5.0 (Linux; Android 8.0.0; SM-A520F) AppleWebKit/537.36 (KHTML, like Gecko) Chrome/76.0.3809.132 Mobile Safari/537.36"
31.217.24.221 - - [01/Sep/2019:18:55:57 +0000] "GET /images/backgrounds/plitvice.jpg HTTP/1.1" 200 376840 "https://www.octopustransferscroatia.com/css/all.css?v=6" "Mozilla/5.0 (Linux; Android 8.0.0; SM-A520F) AppleWebKit/537.36 (KHTML, like Gecko) Chrome/76.0.3809.132 Mobile Safari/537.36"
31.217.24.221 - - [01/Sep/2019:18:55:57 +0000] "GET /images/standard.png HTTP/1.1" 200 65207 "https://www.octopustransferscroatia.com/" "Mozilla/5.0 (Linux; Android 8.0.0; SM-A520F) AppleWebKit/537.36 (KHTML, like Gecko) Chrome/76.0.3809.132 Mobile Safari/537.36"
31.217.24.221 - - [01/Sep/2019:18:55:57 +0000] "GET /images/backgrounds/split.jpg HTTP/1.1" 200 209419 "https://www.octopustransferscroatia.com/css/all.css?v=6" "Mozilla/5.0 (Linux; Android 8.0.0; SM-A520F) AppleWebKit/537.36 (KHTML, like Gecko) Chrome/76.0.3809.132 Mobile Safari/537.36"
31.217.24.221 - - [01/Sep/2019:18:55:57 +0000] "GET /images/minivan.png HTTP/1.1" 200 91295 "https://www.octopustransferscroatia.com/" "Mozilla/5.0 (Linux; Android 8.0.0; SM-A520F) AppleWebKit/537.36 (KHTML, like Gecko) Chrome/76.0.3809.132 Mobile Safari/537.36"
31.217.24.221 - - [01/Sep/2019:18:55:57 +0000] "GET /images/minibus.png HTTP/1.1" 200 66935 "https://www.octopustransferscroatia.com/" "Mozilla/5.0 (Linux; Android 8.0.0; SM-A520F) AppleWebKit/537.36 (KHTML, like Gecko) Chrome/76.0.3809.132 Mobile Safari/537.36"
31.217.24.221 - - [01/Sep/2019:18:55:57 +0000] "GET /images/bus.png HTTP/1.1" 200 111224 "https://www.octopustransferscroatia.com/" "Mozilla/5.0 (Linux; Android 8.0.0; SM-A520F) AppleWebKit/537.36 (KHTML, like Gecko) Chrome/76.0.3809.132 Mobile Safari/537.36"
31.217.24.221 - - [01/Sep/2019:18:55:58 +0000] "GET /css/images/ui-bg_flat_75_ffffff_40x100.png HTTP/1.1" 200 178 "https://www.octopustransferscroatia.com/css/all.css?v=6" "Mozilla/5.0 (Linux; Android 8.0.0; SM-A520F) AppleWebKit/537.36 (KHTML, like Gecko) Chrome/76.0.3809.132 Mobile Safari/537.36"
31.217.24.221 - - [01/Sep/2019:18:56:00 +0000] "GET /favicon-32x32.png HTTP/1.1" 200 1372 "https://www.octopustransferscroatia.com/" "Mozilla/5.0 (Linux; Android 8.0.0; SM-A520F) AppleWebKit/537.36 (KHTML, like Gecko) Chrome/76.0.3809.132 Mobile Safari/537.36"
31.217.24.221 - - [01/Sep/2019:18:56:00 +0000] "GET /apple-touch-icon.png HTTP/1.1" 200 2510 "https://www.octopustransferscroatia.com/" "Mozilla/5.0 (Linux; Android 8.0.0; SM-A520F) AppleWebKit/537.36 (KHTML, like Gecko) Chrome/76.0.3809.132 Mobile Safari/537.36"
31.217.24.221 - - [01/Sep/2019:18:56:01 +0000] "GET /manifest.json HTTP/1.1" 200 264 "https://www.octopustransferscroatia.com/" "Mozilla/5.0 (Linux; Android 8.0.0; SM-A520F) AppleWebKit/537.36 (KHTML, like Gecko) Chrome/76.0.3809.132 Mobile Safari/537.36"
31.217.24.221 - - [01/Sep/2019:18:56:02 +0000] "POST /startlocation HTTP/1.1" 200 254 "https://www.octopustransferscroatia.com/" "Mozilla/5.0 (Linux; Android 8.0.0; SM-A520F) AppleWebKit/537.36 (KHTML, like Gecko) Chrome/76.0.3809.132 Mobile Safari/537.36"
31.217.24.221 - - [01/Sep/2019:18:56:03 +0000] "POST /startlocation HTTP/1.1" 200 162 "https://www.octopustransferscroatia.com/" "Mozilla/5.0 (Linux; Android 8.0.0; SM-A520F) AppleWebKit/537.36 (KHTML, like Gecko) Chrome/76.0.3809.132 Mobile Safari/537.36"
31.217.24.221 - - [01/Sep/2019:18:56:04 +0000] "POST /startlocation HTTP/1.1" 200 69 "https://www.octopustransferscroatia.com/" "Mozilla/5.0 (Linux; Android 8.0.0; SM-A520F) AppleWebKit/537.36 (KHTML, like Gecko) Chrome/76.0.3809.132 Mobile Safari/537.36"
31.217.24.221 - - [01/Sep/2019:18:56:08 +0000] "POST /endlocation HTTP/1.1" 200 117 "https://www.octopustransferscroatia.com/" "Mozilla/5.0 (Linux; Android 8.0.0; SM-A520F) AppleWebKit/537.36 (KHTML, like Gecko) Chrome/76.0.3809.132 Mobile Safari/537.36"
31.217.24.221 - - [01/Sep/2019:18:56:08 +0000] "POST /endlocation HTTP/1.1" 200 117 "https://www.octopustransferscroatia.com/" "Mozilla/5.0 (Linux; Android 8.0.0; SM-A520F) AppleWebKit/537.36 (KHTML, like Gecko) Chrome/76.0.3809.132 Mobile Safari/537.36"
31.217.24.221 - - [01/Sep/2019:18:56:11 +0000] "GET /css/images/ui-icons_777777_256x240.png HTTP/1.1" 200 6999 "https://www.octopustransferscroatia.com/css/all.css?v=6" "Mozilla/5.0 (Linux; Android 8.0.0; SM-A520F) AppleWebKit/537.36 (KHTML, like Gecko) Chrome/76.0.3809.132 Mobile Safari/537.36"
31.217.24.221 - - [01/Sep/2019:18:56:11 +0000] "GET /css/images/ui-bg_flat_100_f5f5f5_40x100.png HTTP/1.1" 404 1104 "https://www.octopustransferscroatia.com/css/all.css?v=6" "Mozilla/5.0 (Linux; Android 8.0.0; SM-A520F) AppleWebKit/537.36 (KHTML, like Gecko) Chrome/76.0.3809.132 Mobile Safari/537.36"
31.217.24.221 - - [01/Sep/2019:18:56:22 +0000] "GET /search?start_location=Zagreb&end_location=Plitvice+Lakes+National+Park&date=28.09.2019.&people=18&type=oneway HTTP/1.1" 302 432 "https://www.octopustransferscroatia.com/" "Mozilla/5.0 (Linux; Android 8.0.0; SM-A520F) AppleWebKit/537.36 (KHTML, like Gecko) Chrome/76.0.3809.132 Mobile Safari/537.36"
31.217.24.221 - - [01/Sep/2019:18:56:23 +0000] "GET /contact HTTP/1.1" 200 3385 "https://www.octopustransferscroatia.com/" "Mozilla/5.0 (Linux; Android 8.0.0; SM-A520F) AppleWebKit/537.36 (KHTML, like Gecko) Chrome/76.0.3809.132 Mobile Safari/537.36"
31.217.24.221 - - [01/Sep/2019:18:56:36 +0000] "GET /css/images/ui-bg_flat_100_f5f5f5_40x100.png HTTP/1.1" 404 1104 "https://www.octopustransferscroatia.com/css/all.css?v=6" "Mozilla/5.0 (Linux; Android 8.0.0; SM-A520F) AppleWebKit/537.36 (KHTML, like Gecko) Chrome/76.0.3809.132 Mobile Safari/537.36"
31.217.24.221 - - [01/Sep/2019:18:56:40 +0000] "GET /search?start_location=Zagreb&end_location=Plitvice+Lakes+National+Park&date=27.09.2019.&people=15&type=oneway HTTP/1.1" 302 432 "https://www.octopustransferscroatia.com/" "Mozilla/5.0 (Linux; Android 8.0.0; SM-A520F) AppleWebKit/537.36 (KHTML, like Gecko) Chrome/76.0.3809.132 Mobile Safari/537.36"
31.217.24.221 - - [01/Sep/2019:18:56:40 +0000] "GET /contact HTTP/1.1" 200 3385 "https://www.octopustransferscroatia.com/" "Mozilla/5.0 (Linux; Android 8.0.0; SM-A520F) AppleWebKit/537.36 (KHTML, like Gecko) Chrome/76.0.3809.132 Mobile Safari/537.36"
31.217.24.221 - - [01/Sep/2019:18:57:07 +0000] "POST /startlocation HTTP/1.1" 200 69 "https://www.octopustransferscroatia.com/" "Mozilla/5.0 (Linux; Android 8.0.0; SM-A520F) AppleWebKit/537.36 (KHTML, like Gecko) Chrome/76.0.3809.132 Mobile Safari/537.36"
31.217.24.221 - - [01/Sep/2019:18:57:08 +0000] "POST /startlocation HTTP/1.1" 200 157 "https://www.octopustransferscroatia.com/" "Mozilla/5.0 (Linux; Android 8.0.0; SM-A520F) AppleWebKit/537.36 (KHTML, like Gecko) Chrome/76.0.3809.132 Mobile Safari/537.36"
31.217.24.221 - - [01/Sep/2019:18:57:13 +0000] "POST /endlocation HTTP/1.1" 200 2 "https://www.octopustransferscroatia.com/" "Mozilla/5.0 (Linux; Android 8.0.0; SM-A520F) AppleWebKit/537.36 (KHTML, like Gecko) Chrome/76.0.3809.132 Mobile Safari/537.36"
31.217.24.221 - - [01/Sep/2019:18:57:14 +0000] "POST /endlocation HTTP/1.1" 200 63 "https://www.octopustransferscroatia.com/" "Mozilla/5.0 (Linux; Android 8.0.0; SM-A520F) AppleWebKit/537.36 (KHTML, like Gecko) Chrome/76.0.3809.132 Mobile Safari/537.36"
86.81.117.249 - - [01/Sep/2019:18:57:14 +0000] "GET / HTTP/1.1" 200 5408 "https://www.google.com/" "Mozilla/5.0 (iPhone; CPU iPhone OS 12_4 like Mac OS X) AppleWebKit/605.1.15 (KHTML, like Gecko) CriOS/76.0.3809.123 Mobile/15E148 Safari/605.1"
31.217.24.221 - - [01/Sep/2019:18:57:16 +0000] "POST /endlocation HTTP/1.1" 200 133 "https://www.octopustransferscroatia.com/" "Mozilla/5.0 (Linux; Android 8.0.0; SM-A520F) AppleWebKit/537.36 (KHTML, like Gecko) Chrome/76.0.3809.132 Mobile Safari/537.36"
31.217.24.221 - - [01/Sep/2019:18:57:17 +0000] "POST /endlocation HTTP/1.1" 200 65 "https://www.octopustransferscroatia.com/" "Mozilla/5.0 (Linux; Android 8.0.0; SM-A520F) AppleWebKit/537.36 (KHTML, like Gecko) Chrome/76.0.3809.132 Mobile Safari/537.36"
31.217.24.221 - - [01/Sep/2019:18:57:21 +0000] "GET /css/images/ui-bg_flat_100_f5f5f5_40x100.png HTTP/1.1" 404 1104 "https://www.octopustransferscroatia.com/css/all.css?v=6" "Mozilla/5.0 (Linux; Android 8.0.0; SM-A520F) AppleWebKit/537.36 (KHTML, like Gecko) Chrome/76.0.3809.132 Mobile Safari/537.36"
31.217.24.221 - - [01/Sep/2019:18:57:24 +0000] "GET /search?start_location=Plitvice+Lakes+National+Park&end_location=Zadar&date=27.09.2019.&people=15&type=oneway HTTP/1.1" 200 5108 "https://www.octopustransferscroatia.com/" "Mozilla/5.0 (Linux; Android 8.0.0; SM-A520F) AppleWebKit/537.36 (KHTML, like Gecko) Chrome/76.0.3809.132 Mobile Safari/537.36"
31.217.24.221 - - [01/Sep/2019:18:57:25 +0000] "GET /uploads/thumbnails/20fbc54c89d0ca6241588eb78dcde987.png HTTP/1.1" 200 393295 "https://www.octopustransferscroatia.com/search?start_location=Plitvice+Lakes+National+Park&end_location=Zadar&date=27.09.2019.&people=15&type=oneway" "Mozilla/5.0 (Linux; Android 8.0.0; SM-A520F) AppleWebKit/537.36 (KHTML, like Gecko) Chrome/76.0.3809.132 Mobile Safari/537.36"
